2024-04-25T14:30:15.900 INFO:teuthology.orchestra.run.smithi053.stdout:/usr/bin/ceph: stderr
2024-04-25T14:30:08.809+0000 7f64da000700 1 -- 172.21.15.53:0/3767040449 <== mon.0 v2:172.21.15.53:3300/0 3 ==== mon_map magic: 0 ==== 205+0+0 (secure 0 0 0) 0x7f64cc023870 con 0x7f64dc109070
2024-04-25T14:30:15.900 INFO:teuthology.orchestra.run.smithi053.stdout:/usr/bin/ceph: stderr
2024-04-25T14:30:08.809+0000 7f64e3400700 1 -- 172.21.15.53:0/3767040449 --> [v2:172.21.15.53:3300/0,v1:172.21.15.53:6789/0] -- mon_subscribe({mgrmap=0+}) -- 0x7f64dc107020 con 0x7f64dc109070
2024-04-25T14:30:15.900 INFO:teuthology.orchestra.run.smithi053.stdout:/usr/bin/ceph: stderr
2024-04-25T14:30:08.810+0000 7f64e3400700 1 -- 172.21.15.53:0/3767040449 --> [v2:172.21.15.53:3300/0,v1:172.21.15.53:6789/0] -- mon_subscribe({osdmap=0}) -- 0x7f64dc107560 con 0x7f64dc109070
2024-04-25T14:30:15.900 INFO:teuthology.orchestra.run.smithi053.stdout:/usr/bin/ceph: stderr
2024-04-25T14:30:08.811+0000 7f64da000700 1 -- 172.21.15.53:0/3767040449 <== mon.0 v2:172.21.15.53:3300/0 4 ==== mgrmap(e 9) ==== 46571+0+0 (secure 0 0 0) 0x7f64cc01b440 con 0x7f64dc109070
2024-04-25T14:30:15.900 INFO:teuthology.orchestra.run.smithi053.stdout:/usr/bin/ceph: stderr
2024-04-25T14:30:08.811+0000 7f64da000700 1 --2- 172.21.15.53:0/3767040449 >> [v2:172.21.15.53:6800/3887954889,v1:172.21.15.53:6801/3887954889] conn(0x7f64c0039660 0x7f64c003bb20 unknown :-1 s=NONE pgs=0 cs=0 l=1 rev1=0 crypto rx=0 tx=0 comp rx=0 tx=0).connect
2024-04-25T14:30:15.900 INFO:teuthology.orchestra.run.smithi053.stdout:/usr/bin/ceph: stderr
2024-04-25T14:30:08.811+0000 7f64da000700 1 -- 172.21.15.53:0/3767040449 --> [v2:172.21.15.53:6800/3887954889,v1:172.21.15.53:6801/3887954889] -- command(tid 0: {"prefix": "get_command_descriptions"}) -- 0x7f64c003c230 con 0x7f64c0039660
2024-04-25T14:30:15.900 INFO:teuthology.orchestra.run.smithi053.stdout:/usr/bin/ceph: stderr
2024-04-25T14:30:08.811+0000 7f64da000700 1 -- 172.21.15.53:0/3767040449 <== mon.0 v2:172.21.15.53:3300/0 5 ==== osd_map(2..2 src has 1..2) ==== 940+0+0 (secure 0 0 0) 0x7f64cc04df20 con 0x7f64dc109070
2024-04-25T14:30:15.900 INFO:teuthology.orchestra.run.smithi053.stdout:/usr/bin/ceph: stderr
2024-04-25T14:30:08.812+0000 7f64d3e00700 1 -- 172.21.15.53:0/3767040449 >> [v2:172.21.15.53:6800/3887954889,v1:172.21.15.53:6801/3887954889] conn(0x7f64c0039660 msgr2=0x7f64c003bb20 unknown :-1 s=STATE_CONNECTING_RE l=1).process reconnect failed to v2:172.21.15.53:6800/3887954889
2024-04-25T14:30:15.900 INFO:teuthology.orchestra.run.smithi053.stdout:/usr/bin/ceph: stderr
2024-04-25T14:30:08.812+0000 7f64d3e00700 1 --2- 172.21.15.53:0/3767040449 >> [v2:172.21.15.53:6800/3887954889,v1:172.21.15.53:6801/3887954889] conn(0x7f64c0039660 0x7f64c003bb20 unknown :-1 s=START_CONNECT pgs=0 cs=0 l=1 rev1=0 crypto rx=0 tx=0 comp rx=0 tx=0)._fault waiting 0.200000
2024-04-25T14:30:15.900 INFO:teuthology.orchestra.run.smithi053.stdout:/usr/bin/ceph: stderr
2024-04-25T14:30:09.013+0000 7f64d3e00700 1 -- 172.21.15.53:0/3767040449 >> [v2:172.21.15.53:6800/3887954889,v1:172.21.15.53:6801/3887954889] conn(0x7f64c0039660 msgr2=0x7f64c003bb20 unknown :-1 s=STATE_CONNECTING_RE l=1).process reconnect failed to v2:172.21.15.53:6800/3887954889
2024-04-25T14:30:15.900 INFO:teuthology.orchestra.run.smithi053.stdout:/usr/bin/ceph: stderr
2024-04-25T14:30:09.013+0000 7f64d3e00700 1 --2- 172.21.15.53:0/3767040449 >> [v2:172.21.15.53:6800/3887954889,v1:172.21.15.53:6801/3887954889] conn(0x7f64c0039660 0x7f64c003bb20 unknown :-1 s=START_CONNECT pgs=0 cs=0 l=1 rev1=0 crypto rx=0 tx=0 comp rx=0 tx=0)._fault waiting 0.400000
2024-04-25T14:30:15.900 INFO:teuthology.orchestra.run.smithi053.stdout:/usr/bin/ceph: stderr
2024-04-25T14:30:09.414+0000 7f64d3e00700 1 -- 172.21.15.53:0/3767040449 >> [v2:172.21.15.53:6800/3887954889,v1:172.21.15.53:6801/3887954889] conn(0x7f64c0039660 msgr2=0x7f64c003bb20 unknown :-1 s=STATE_CONNECTING_RE l=1).process reconnect failed to v2:172.21.15.53:6800/3887954889
2024-04-25T14:30:15.901 INFO:teuthology.orchestra.run.smithi053.stdout:/usr/bin/ceph: stderr
2024-04-25T14:30:09.414+0000 7f64d3e00700 1 --2- 172.21.15.53:0/3767040449 >> [v2:172.21.15.53:6800/3887954889,v1:172.21.15.53:6801/3887954889] conn(0x7f64c0039660 0x7f64c003bb20 unknown :-1 s=START_CONNECT pgs=0 cs=0 l=1 rev1=0 crypto rx=0 tx=0 comp rx=0 tx=0)._fault waiting 0.800000
2024-04-25T14:30:15.901 INFO:teuthology.orchestra.run.smithi053.stdout:/usr/bin/ceph: stderr
2024-04-25T14:30:10.215+0000 7f64d3e00700 1 -- 172.21.15.53:0/3767040449 >> [v2:172.21.15.53:6800/3887954889,v1:172.21.15.53:6801/3887954889] conn(0x7f64c0039660 msgr2=0x7f64c003bb20 unknown :-1 s=STATE_CONNECTING_RE l=1).process reconnect failed to v2:172.21.15.53:6800/3887954889
2024-04-25T14:30:15.901 INFO:teuthology.orchestra.run.smithi053.stdout:/usr/bin/ceph: stderr
2024-04-25T14:30:10.215+0000 7f64d3e00700 1 --2- 172.21.15.53:0/3767040449 >> [v2:172.21.15.53:6800/3887954889,v1:172.21.15.53:6801/3887954889] conn(0x7f64c0039660 0x7f64c003bb20 unknown :-1 s=START_CONNECT pgs=0 cs=0 l=1 rev1=0 crypto rx=0 tx=0 comp rx=0 tx=0)._fault waiting 1.600000
2024-04-25T14:30:15.901 INFO:teuthology.orchestra.run.smithi053.stdout:/usr/bin/ceph: stderr
2024-04-25T14:30:11.817+0000 7f64d3e00700 1 -- 172.21.15.53:0/3767040449 >> [v2:172.21.15.53:6800/3887954889,v1:172.21.15.53:6801/3887954889] conn(0x7f64c0039660 msgr2=0x7f64c003bb20 unknown :-1 s=STATE_CONNECTING_RE l=1).process reconnect failed to v2:172.21.15.53:6800/3887954889
2024-04-25T14:30:15.901 INFO:teuthology.orchestra.run.smithi053.stdout:/usr/bin/ceph: stderr
2024-04-25T14:30:11.817+0000 7f64d3e00700 1 --2- 172.21.15.53:0/3767040449 >> [v2:172.21.15.53:6800/3887954889,v1:172.21.15.53:6801/3887954889] conn(0x7f64c0039660 0x7f64c003bb20 unknown :-1 s=START_CONNECT pgs=0 cs=0 l=1 rev1=0 crypto rx=0 tx=0 comp rx=0 tx=0)._fault waiting 3.200000
2024-04-25T14:30:15.901 INFO:teuthology.orchestra.run.smithi053.stdout:/usr/bin/ceph: stderr
2024-04-25T14:30:14.166+0000 7f64da000700 1 -- 172.21.15.53:0/3767040449 <== mon.0 v2:172.21.15.53:3300/0 6 ==== mgrmap(e 10) ==== 46338+0+0 (secure 0 0 0) 0x7f64cc00b3e0 con 0x7f64dc109070
2024-04-25T14:30:15.901 INFO:teuthology.orchestra.run.smithi053.stdout:/usr/bin/ceph: stderr
2024-04-25T14:30:14.167+0000 7f64da000700 1 -- 172.21.15.53:0/3767040449 >> [v2:172.21.15.53:6800/3887954889,v1:172.21.15.53:6801/3887954889] conn(0x7f64c0039660 msgr2=0x7f64c003bb20 unknown :-1 s=STATE_CONNECTING l=1).mark_down
2024-04-25T14:30:15.901 INFO:teuthology.orchestra.run.smithi053.stdout:/usr/bin/ceph: stderr
2024-04-25T14:30:14.167+0000 7f64da000700 1 --2- 172.21.15.53:0/3767040449 >> [v2:172.21.15.53:6800/3887954889,v1:172.21.15.53:6801/3887954889] conn(0x7f64c0039660 0x7f64c003bb20 unknown :-1 s=START_CONNECT pgs=0 cs=0 l=1 rev1=0 crypto rx=0 tx=0 comp rx=0 tx=0).stop
2024-04-25T14:30:15.901 INFO:teuthology.orchestra.run.smithi053.stdout:/usr/bin/ceph: stderr
2024-04-25T14:30:15.169+0000 7f64da000700 1 -- 172.21.15.53:0/3767040449 <== mon.0 v2:172.21.15.53:3300/0 7 ==== mgrmap(e 11) ==== 46465+0+0 (secure 0 0 0) 0x7f64cc04feb0 con 0x7f64dc109070
2024-04-25T14:30:15.901 INFO:teuthology.orchestra.run.smithi053.stdout:/usr/bin/ceph: stderr
2024-04-25T14:30:15.170+0000 7f64da000700 1 --2- 172.21.15.53:0/3767040449 >> [v2:172.21.15.53:6800/4154933108,v1:172.21.15.53:6801/4154933108] conn(0x7f64c003cff0 0x7f64c003f3e0 unknown :-1 s=NONE pgs=0 cs=0 l=1 rev1=0 crypto rx=0 tx=0 comp rx=0 tx=0).connect
2024-04-25T14:30:15.901 INFO:teuthology.orchestra.run.smithi053.stdout:/usr/bin/ceph: stderr
2024-04-25T14:30:15.170+0000 7f64da000700 1 -- 172.21.15.53:0/3767040449 --> [v2:172.21.15.53:6800/4154933108,v1:172.21.15.53:6801/4154933108] -- command(tid 0: {"prefix": "get_command_descriptions"}) -- 0x7f64c003c230 con 0x7f64c003cff0
2024-04-25T14:30:15.901 INFO:teuthology.orchestra.run.smithi053.stdout:/usr/bin/ceph: stderr
2024-04-25T14:30:15.171+0000 7f64d3e00700 1 --2- 172.21.15.53:0/3767040449 >> [v2:172.21.15.53:6800/4154933108,v1:172.21.15.53:6801/4154933108] conn(0x7f64c003cff0 0x7f64c003f3e0 unknown :-1 s=BANNER_CONNECTING pgs=0 cs=0 l=1 rev1=0 crypto rx=0 tx=0 comp rx=0 tx=0)._handle_peer_banner_payload supported=3 required=0
2024-04-25T14:30:15.901 INFO:teuthology.orchestra.run.smithi053.stdout:/usr/bin/ceph: stderr
2024-04-25T14:30:15.174+0000 7f64d3e00700 1 --2- 172.21.15.53:0/3767040449 >> [v2:172.21.15.53:6800/4154933108,v1:172.21.15.53:6801/4154933108] conn(0x7f64c003cff0 0x7f64c003f3e0 secure :-1 s=READY pgs=1 cs=0 l=1 rev1=1 crypto rx=0x7f64c4003a10 tx=0x7f64c4009270 comp rx=0 tx=0).ready entity=mgr.14152 client_cookie=0 server_cookie=0 in_seq=0 out_seq=0
2024-04-25T14:30:15.901 INFO:teuthology.orchestra.run.smithi053.stdout:/usr/bin/ceph: stderr
2024-04-25T14:30:15.175+0000 7f64da000700 1 -- 172.21.15.53:0/3767040449 <== mgr.14152 v2:172.21.15.53:6800/4154933108 1 ==== command_reply(tid 0: 0 ) ==== 8+0+7774 (secure 0 0 0) 0x7f64c003c230 con 0x7f64c003cff0
2024-04-25T14:30:15.902 INFO:teuthology.orchestra.run.smithi053.stdout:/usr/bin/ceph: stderr
2024-04-25T14:30:15.182+0000 7f64e3400700 1 -- 172.21.15.53:0/3767040449 --> [v2:172.21.15.53:6800/4154933108,v1:172.21.15.53:6801/4154933108] -- command(tid 1: {"prefix": "mgr_status"}) -- 0x7f64dc069ba0 con 0x7f64c003cff0
2024-04-25T14:30:15.902 INFO:teuthology.orchestra.run.smithi053.stdout:/usr/bin/ceph: stderr
2024-04-25T14:30:15.183+0000 7f64da000700 1 -- 172.21.15.53:0/3767040449 <== mgr.14152 v2:172.21.15.53:6800/4154933108 2 ==== command_reply(tid 1: 0 ) ==== 8+0+52 (secure 0 0 0) 0x7f64dc069ba0 con 0x7f64c003cff0
2024-04-25T14:30:15.902 INFO:teuthology.orchestra.run.smithi053.stdout:/usr/bin/ceph: stderr
2024-04-25T14:30:15.184+0000 7f64e3400700 1 -- 172.21.15.53:0/3767040449 >> [v2:172.21.15.53:6800/4154933108,v1:172.21.15.53:6801/4154933108] conn(0x7f64c003cff0 msgr2=0x7f64c003f3e0 secure :-1 s=STATE_CONNECTION_ESTABLISHED l=1).mark_down
2024-04-25T14:30:15.902 INFO:teuthology.orchestra.run.smithi053.stdout:/usr/bin/ceph: stderr
2024-04-25T14:30:15.184+0000 7f64e3400700 1 --2- 172.21.15.53:0/3767040449 >> [v2:172.21.15.53:6800/4154933108,v1:172.21.15.53:6801/4154933108] conn(0x7f64c003cff0 0x7f64c003f3e0 secure :-1 s=READY pgs=1 cs=0 l=1 rev1=1 crypto rx=0x7f64c4003a10 tx=0x7f64c4009270 comp rx=0 tx=0).stop
2024-04-25T14:30:15.902 INFO:teuthology.orchestra.run.smithi053.stdout:/usr/bin/ceph: stderr
2024-04-25T14:30:15.184+0000 7f64e3400700 1 -- 172.21.15.53:0/3767040449 >> [v2:172.21.15.53:3300/0,v1:172.21.15.53:6789/0] conn(0x7f64dc109070 msgr2=0x7f64dc1088f0 secure :-1 s=STATE_CONNECTION_ESTABLISHED l=1).mark_down
2024-04-25T14:30:15.902 INFO:teuthology.orchestra.run.smithi053.stdout:/usr/bin/ceph: stderr
2024-04-25T14:30:15.184+0000 7f64e3400700 1 --2- 172.21.15.53:0/3767040449 >> [v2:172.21.15.53:3300/0,v1:172.21.15.53:6789/0] conn(0x7f64dc109070 0x7f64dc1088f0 secure :-1 s=READY pgs=62 cs=0 l=1 rev1=1 crypto rx=0x7f64cc000c00 tx=0x7f64cc011aa0 comp rx=0 tx=0).stop
2024-04-25T14:30:15.902 INFO:teuthology.orchestra.run.smithi053.stdout:/usr/bin/ceph: stderr
2024-04-25T14:30:15.184+0000 7f64e3400700 1 -- 172.21.15.53:0/3767040449 shutdown_connections
2024-04-25T14:30:15.902 INFO:teuthology.orchestra.run.smithi053.stdout:/usr/bin/ceph: stderr
2024-04-25T14:30:15.184+0000 7f64e3400700 1 --2- 172.21.15.53:0/3767040449 >> [v2:172.21.15.53:6800/4154933108,v1:172.21.15.53:6801/4154933108] conn(0x7f64c003cff0 0x7f64c003f3e0 unknown :-1 s=CLOSED pgs=1 cs=0 l=1 rev1=1 crypto rx=0 tx=0 comp rx=0 tx=0).stop
2024-04-25T14:30:15.902 INFO:teuthology.orchestra.run.smithi053.stdout:/usr/bin/ceph: stderr
2024-04-25T14:30:15.184+0000 7f64e3400700 1 --2- 172.21.15.53:0/3767040449 >> [v2:172.21.15.53:3300/0,v1:172.21.15.53:6789/0] conn(0x7f64dc109070 0x7f64dc1088f0 unknown :-1 s=CLOSED pgs=62 cs=0 l=1 rev1=1 crypto rx=0 tx=0 comp rx=0 tx=0).stop
2024-04-25T14:30:15.902 INFO:teuthology.orchestra.run.smithi053.stdout:/usr/bin/ceph: stderr
2024-04-25T14:30:15.184+0000 7f64e3400700 1 --2- 172.21.15.53:0/3767040449 >> [v2:172.21.15.53:6800/3887954889,v1:172.21.15.53:6801/3887954889] conn(0x7f64c0039660 0x7f64c003bb20 unknown :-1 s=CLOSED pgs=0 cs=0 l=1 rev1=0 crypto rx=0 tx=0 comp rx=0 tx=0).stop
2024-04-25T14:30:15.902 INFO:teuthology.orchestra.run.smithi053.stdout:/usr/bin/ceph: stderr
2024-04-25T14:30:15.184+0000 7f64e3400700 1 -- 172.21.15.53:0/3767040449 >> 172.21.15.53:0/3767040449 conn(0x7f64dc102a40 msgr2=0x7f64dc103510 unknown :-1 s=STATE_NONE l=0).mark_down
2024-04-25T14:30:15.902 INFO:teuthology.orchestra.run.smithi053.stdout:/usr/bin/ceph: stderr
2024-04-25T14:30:15.184+0000 7f64e3400700 1 -- 172.21.15.53:0/3767040449 shutdown_connections
2024-04-25T14:30:15.902 INFO:teuthology.orchestra.run.smithi053.stdout:/usr/bin/ceph: stderr
2024-04-25T14:30:15.184+0000 7f64e3400700 1 -- 172.21.15.53:0/3767040449 wait complete.
2024-04-25T14:30:15.902 INFO:teuthology.orchestra.run.smithi053.stdout:mgr epoch 9 is available
2024-04-25T14:30:15.903 INFO:teuthology.orchestra.run.smithi053.stdout:Generating a dashboard self-signed certificate...
2024-04-25T14:30:16.532 INFO:journalctl@ceph.mon.a.smithi053.stdout:Apr 25 14:30:16 smithi053 ceph-mon[27773]: [25/Apr/2024:14:30:15] ENGINE Serving on https://172.21.15.53:7150
2024-04-25T14:30:16.533 INFO:journalctl@ceph.mon.a.smithi053.stdout:Apr 25 14:30:16 smithi053 ceph-mon[27773]: [25/Apr/2024:14:30:15] ENGINE Serving on http://172.21.15.53:8765
2024-04-25T14:30:16.533 INFO:journalctl@ceph.mon.a.smithi053.stdout:Apr 25 14:30:16 smithi053 ceph-mon[27773]: [25/Apr/2024:14:30:15] ENGINE Bus STARTED
2024-04-25T14:30:16.533 INFO:journalctl@ceph.mon.a.smithi053.stdout:Apr 25 14:30:16 smithi053 ceph-mon[27773]: from='client.14156 -' entity='client.admin' cmd=[{"prefix": "get_command_descriptions"}]: dispatch
2024-04-25T14:30:16.533 INFO:journalctl@ceph.mon.a.smithi053.stdout:Apr 25 14:30:16 smithi053 ceph-mon[27773]: from='client.14156 -' entity='client.admin' cmd=[{"prefix": "mgr_status"}]: dispatch
2024-04-25T14:30:17.532 INFO:journalctl@ceph.mon.a.smithi053.stdout:Apr 25 14:30:17 smithi053 ceph-mon[27773]: mgrmap e12: x(active, since 2s)
2024-04-25T14:30:18.047 INFO:teuthology.orchestra.run.smithi053.stdout:/usr/bin/ceph: stdout Self-signed certificate created
2024-04-25T14:30:18.048 INFO:teuthology.orchestra.run.smithi053.stdout:/usr/bin/ceph: stderr
2024-04-25T14:30:16.934+0000 7fe94f200700 1 Processor -- start
2024-04-25T14:30:18.048 INFO:teuthology.orchestra.run.smithi053.stdout:/usr/bin/ceph: stderr
2024-04-25T14:30:16.934+0000 7fe94f200700 1 -- start start
2024-04-25T14:30:18.048 INFO:teuthology.orchestra.run.smithi053.stdout:/usr/bin/ceph: stderr
2024-04-25T14:30:16.935+0000 7fe94f200700 1 --2- >> [v2:172.21.15.53:3300/0,v1:172.21.15.53:6789/0] conn(0x7fe94807de20 0x7fe94807c2d0 unknown :-1 s=NONE pgs=0 cs=0 l=0 rev1=0 crypto rx=0 tx=0 comp rx=0 tx=0).connect
2024-04-25T14:30:18.048 INFO:teuthology.orchestra.run.smithi053.stdout:/usr/bin/ceph: stderr
2024-04-25T14:30:16.935+0000 7fe94f200700 1 -- --> [v2:172.21.15.53:3300/0,v1:172.21.15.53:6789/0] -- mon_getmap magic: 0 -- 0x7fe94807c810 con 0x7fe94807de20
2024-04-25T14:30:18.048 INFO:teuthology.orchestra.run.smithi053.stdout:/usr/bin/ceph: stderr
2024-04-25T14:30:16.935+0000 7fe947e00700 1 --2- >> [v2:172.21.15.53:3300/0,v1:172.21.15.53:6789/0] conn(0x7fe94807de20 0x7fe94807c2d0 unknown :-1 s=BANNER_CONNECTING pgs=0 cs=0 l=0 rev1=0 crypto rx=0 tx=0 comp rx=0 tx=0)._handle_peer_banner_payload supported=3 required=0
2024-04-25T14:30:18.048 INFO:teuthology.orchestra.run.smithi053.stdout:/usr/bin/ceph: stderr
2024-04-25T14:30:16.935+0000 7fe947e00700 1 --2- >> [v2:172.21.15.53:3300/0,v1:172.21.15.53:6789/0] conn(0x7fe94807de20 0x7fe94807c2d0 unknown :-1 s=HELLO_CONNECTING pgs=0 cs=0 l=0 rev1=1 crypto rx=0 tx=0 comp rx=0 tx=0).handle_hello peer v2:172.21.15.53:3300/0 says I am v2:172.21.15.53:54758/0 (socket says 172.21.15.53:54758)
2024-04-25T14:30:18.048 INFO:teuthology.orchestra.run.smithi053.stdout:/usr/bin/ceph: stderr
2024-04-25T14:30:16.935+0000 7fe947e00700 1 -- 172.21.15.53:0/3669019181 learned_addr learned my addr 172.21.15.53:0/3669019181 (peer_addr_for_me v2:172.21.15.53:0/0)
2024-04-25T14:30:18.048 INFO:teuthology.orchestra.run.smithi053.stdout:/usr/bin/ceph: stderr
2024-04-25T14:30:16.935+0000 7fe947e00700 1 -- 172.21.15.53:0/3669019181 --> [v2:172.21.15.53:3300/0,v1:172.21.15.53:6789/0] -- mon_subscribe({config=0+,monmap=0+}) -- 0x7fe94807c990 con 0x7fe94807de20
2024-04-25T14:30:18.048 INFO:teuthology.orchestra.run.smithi053.stdout:/usr/bin/ceph: stderr
2024-04-25T14:30:16.936+0000 7fe947e00700 1 --2- 172.21.15.53:0/3669019181 >> [v2:172.21.15.53:3300/0,v1:172.21.15.53:6789/0] conn(0x7fe94807de20 0x7fe94807c2d0 secure :-1 s=READY pgs=70 cs=0 l=1 rev1=1 crypto rx=0x7fe9380098a0 tx=0x7fe938009bb0 comp rx=0 tx=0).ready entity=mon.0 client_cookie=e924d37abce09231 server_cookie=0 in_seq=0 out_seq=0
2024-04-25T14:30:18.049 INFO:teuthology.orchestra.run.smithi053.stdout:/usr/bin/ceph: stderr
2024-04-25T14:30:16.936+0000 7fe947400700 1 -- 172.21.15.53:0/3669019181 <== mon.0 v2:172.21.15.53:3300/0 1 ==== mon_map magic: 0 ==== 205+0+0 (secure 0 0 0) 0x7fe938004160 con 0x7fe94807de20
2024-04-25T14:30:18.049 INFO:teuthology.orchestra.run.smithi053.stdout:/usr/bin/ceph: stderr
2024-04-25T14:30:16.936+0000 7fe947400700 1 -- 172.21.15.53:0/3669019181 <== mon.0 v2:172.21.15.53:3300/0 2 ==== config(26 keys) ==== 1101+0+0 (secure 0 0 0) 0x7fe938004300 con 0x7fe94807de20
2024-04-25T14:30:18.049 INFO:teuthology.orchestra.run.smithi053.stdout:/usr/bin/ceph: stderr
2024-04-25T14:30:16.936+0000 7fe947400700 1 -- 172.21.15.53:0/3669019181 <== mon.0 v2:172.21.15.53:3300/0 3 ==== mon_map magic: 0 ==== 205+0+0 (secure 0 0 0) 0x7fe938011a20 con 0x7fe94807de20
2024-04-25T14:30:18.049 INFO:teuthology.orchestra.run.smithi053.stdout:/usr/bin/ceph: stderr
2024-04-25T14:30:16.937+0000 7fe94f200700 1 -- 172.21.15.53:0/3669019181 >> [v2:172.21.15.53:3300/0,v1:172.21.15.53:6789/0] conn(0x7fe94807de20 msgr2=0x7fe94807c2d0 secure :-1 s=STATE_CONNECTION_ESTABLISHED l=1).mark_down
2024-04-25T14:30:18.049 INFO:teuthology.orchestra.run.smithi053.stdout:/usr/bin/ceph: stderr
2024-04-25T14:30:16.937+0000 7fe94f200700 1 --2- 172.21.15.53:0/3669019181 >> [v2:172.21.15.53:3300/0,v1:172.21.15.53:6789/0] conn(0x7fe94807de20 0x7fe94807c2d0 secure :-1 s=READY pgs=70 cs=0 l=1 rev1=1 crypto rx=0x7fe9380098a0 tx=0x7fe938009bb0 comp rx=0 tx=0).stop
2024-04-25T14:30:18.049 INFO:teuthology.orchestra.run.smithi053.stdout:/usr/bin/ceph: stderr
2024-04-25T14:30:16.937+0000 7fe94f200700 1 -- 172.21.15.53:0/3669019181 shutdown_connections
2024-04-25T14:30:18.049 INFO:teuthology.orchestra.run.smithi053.stdout:/usr/bin/ceph: stderr
2024-04-25T14:30:16.937+0000 7fe94f200700 1 --2- 172.21.15.53:0/3669019181 >> [v2:172.21.15.53:3300/0,v1:172.21.15.53:6789/0] conn(0x7fe94807de20 0x7fe94807c2d0 unknown :-1 s=CLOSED pgs=70 cs=0 l=1 rev1=1 crypto rx=0 tx=0 comp rx=0 tx=0).stop
2024-04-25T14:30:18.049 INFO:teuthology.orchestra.run.smithi053.stdout:/usr/bin/ceph: stderr
2024-04-25T14:30:16.937+0000 7fe94f200700 1 -- 172.21.15.53:0/3669019181 >> 172.21.15.53:0/3669019181 conn(0x7fe948103b10 msgr2=0x7fe948105f30 unknown :-1 s=STATE_NONE l=0).mark_down
2024-04-25T14:30:18.049 INFO:teuthology.orchestra.run.smithi053.stdout:/usr/bin/ceph: stderr
2024-04-25T14:30:16.937+0000 7fe94f200700 1 -- 172.21.15.53:0/3669019181 shutdown_connections
2024-04-25T14:30:18.049 INFO:teuthology.orchestra.run.smithi053.stdout:/usr/bin/ceph: stderr
2024-04-25T14:30:16.937+0000 7fe94f200700 1 -- 172.21.15.53:0/3669019181 wait complete.
2024-04-25T14:30:18.050 INFO:teuthology.orchestra.run.smithi053.stdout:/usr/bin/ceph: stderr
2024-04-25T14:30:16.938+0000 7fe94f200700 1 Processor -- start
2024-04-25T14:30:18.050 INFO:teuthology.orchestra.run.smithi053.stdout:/usr/bin/ceph: stderr
2024-04-25T14:30:16.938+0000 7fe94f200700 1 -- start start
2024-04-25T14:30:18.050 INFO:teuthology.orchestra.run.smithi053.stdout:/usr/bin/ceph: stderr
2024-04-25T14:30:16.939+0000 7fe94f200700 1 --2- >> [v2:172.21.15.53:3300/0,v1:172.21.15.53:6789/0] conn(0x7fe94807de20 0x7fe94819e630 unknown :-1 s=NONE pgs=0 cs=0 l=1 rev1=0 crypto rx=0 tx=0 comp rx=0 tx=0).connect
2024-04-25T14:30:18.050 INFO:teuthology.orchestra.run.smithi053.stdout:/usr/bin/ceph: stderr
2024-04-25T14:30:16.939+0000 7fe94f200700 1 -- --> [v2:172.21.15.53:3300/0,v1:172.21.15.53:6789/0] -- mon_getmap magic: 0 -- 0x7fe94810ead0 con 0x7fe94807de20
2024-04-25T14:30:18.050 INFO:teuthology.orchestra.run.smithi053.stdout:/usr/bin/ceph: stderr
2024-04-25T14:30:16.939+0000 7fe947e00700 1 --2- >> [v2:172.21.15.53:3300/0,v1:172.21.15.53:6789/0] conn(0x7fe94807de20 0x7fe94819e630 unknown :-1 s=BANNER_CONNECTING pgs=0 cs=0 l=1 rev1=0 crypto rx=0 tx=0 comp rx=0 tx=0)._handle_peer_banner_payload supported=3 required=0
2024-04-25T14:30:18.050 INFO:teuthology.orchestra.run.smithi053.stdout:/usr/bin/ceph: stderr
2024-04-25T14:30:16.939+0000 7fe947e00700 1 --2- >> [v2:172.21.15.53:3300/0,v1:172.21.15.53:6789/0] conn(0x7fe94807de20 0x7fe94819e630 unknown :-1 s=HELLO_CONNECTING pgs=0 cs=0 l=1 rev1=1 crypto rx=0 tx=0 comp rx=0 tx=0).handle_hello peer v2:172.21.15.53:3300/0 says I am v2:172.21.15.53:54772/0 (socket says 172.21.15.53:54772)
2024-04-25T14:30:18.050 INFO:teuthology.orchestra.run.smithi053.stdout:/usr/bin/ceph: stderr
2024-04-25T14:30:16.939+0000 7fe947e00700 1 -- 172.21.15.53:0/4030883188 learned_addr learned my addr 172.21.15.53:0/4030883188 (peer_addr_for_me v2:172.21.15.53:0/0)
2024-04-25T14:30:18.050 INFO:teuthology.orchestra.run.smithi053.stdout:/usr/bin/ceph: stderr
2024-04-25T14:30:16.939+0000 7fe947e00700 1 -- 172.21.15.53:0/4030883188 --> [v2:172.21.15.53:3300/0,v1:172.21.15.53:6789/0] -- mon_subscribe({config=0+,monmap=0+}) -- 0x7fe94819eb70 con 0x7fe94807de20
2024-04-25T14:30:18.051 INFO:teuthology.orchestra.run.smithi053.stdout:/usr/bin/ceph: stderr
2024-04-25T14:30:16.940+0000 7fe947e00700 1 --2- 172.21.15.53:0/4030883188 >> [v2:172.21.15.53:3300/0,v1:172.21.15.53:6789/0] conn(0x7fe94807de20 0x7fe94819e630 secure :-1 s=READY pgs=71 cs=0 l=1 rev1=1 crypto rx=0x7fe938004660 tx=0x7fe938011aa0 comp rx=0 tx=0).ready entity=mon.0 client_cookie=0 server_cookie=0 in_seq=0 out_seq=0
2024-04-25T14:30:18.051 INFO:teuthology.orchestra.run.smithi053.stdout:/usr/bin/ceph: stderr
2024-04-25T14:30:16.940+0000 7fe945600700 1 -- 172.21.15.53:0/4030883188 <== mon.0 v2:172.21.15.53:3300/0 1 ==== mon_map magic: 0 ==== 205+0+0 (secure 0 0 0) 0x7fe938003aa0 con 0x7fe94807de20
2024-04-25T14:30:18.051 INFO:teuthology.orchestra.run.smithi053.stdout:/usr/bin/ceph: stderr
2024-04-25T14:30:16.940+0000 7fe945600700 1 -- 172.21.15.53:0/4030883188 <== mon.0 v2:172.21.15.53:3300/0 2 ==== config(26 keys) ==== 1101+0+0 (secure 0 0 0) 0x7fe93801b8f0 con 0x7fe94807de20
2024-04-25T14:30:18.051 INFO:teuthology.orchestra.run.smithi053.stdout:/usr/bin/ceph: stderr
2024-04-25T14:30:16.940+0000 7fe945600700 1 -- 172.21.15.53:0/4030883188 <== mon.0 v2:172.21.15.53:3300/0 3 ==== mon_map magic: 0 ==== 205+0+0 (secure 0 0 0) 0x7fe938023900 con 0x7fe94807de20
2024-04-25T14:30:18.051 INFO:teuthology.orchestra.run.smithi053.stdout:/usr/bin/ceph: stderr
2024-04-25T14:30:16.940+0000 7fe94f200700 1 -- 172.21.15.53:0/4030883188 --> [v2:172.21.15.53:3300/0,v1:172.21.15.53:6789/0] -- mon_subscribe({mgrmap=0+}) -- 0x7fe94819ee00 con 0x7fe94807de20
2024-04-25T14:30:18.051 INFO:teuthology.orchestra.run.smithi053.stdout:/usr/bin/ceph: stderr
2024-04-25T14:30:16.940+0000 7fe94f200700 1 -- 172.21.15.53:0/4030883188 --> [v2:172.21.15.53:3300/0,v1:172.21.15.53:6789/0] -- mon_subscribe({osdmap=0}) -- 0x7fe9481a1af0 con 0x7fe94807de20
2024-04-25T14:30:18.051 INFO:teuthology.orchestra.run.smithi053.stdout:/usr/bin/ceph: stderr
2024-04-25T14:30:16.941+0000 7fe945600700 1 -- 172.21.15.53:0/4030883188 <== mon.0 v2:172.21.15.53:3300/0 4 ==== mgrmap(e 12) ==== 46571+0+0 (secure 0 0 0) 0x7fe938023b70 con 0x7fe94807de20
2024-04-25T14:30:18.051 INFO:teuthology.orchestra.run.smithi053.stdout:/usr/bin/ceph: stderr
2024-04-25T14:30:16.941+0000 7fe94f200700 1 -- 172.21.15.53:0/4030883188 --> [v2:172.21.15.53:3300/0,v1:172.21.15.53:6789/0] -- mon_command({"prefix": "get_command_descriptions"} v 0) -- 0x7fe9480640a0 con 0x7fe94807de20
2024-04-25T14:30:18.051 INFO:teuthology.orchestra.run.smithi053.stdout:/usr/bin/ceph: stderr
2024-04-25T14:30:16.942+0000 7fe945600700 1 --2- 172.21.15.53:0/4030883188 >> [v2:172.21.15.53:6800/4154933108,v1:172.21.15.53:6801/4154933108] conn(0x7fe92c039660 0x7fe92c03bb20 unknown :-1 s=NONE pgs=0 cs=0 l=1 rev1=0 crypto rx=0 tx=0 comp rx=0 tx=0).connect
2024-04-25T14:30:18.051 INFO:teuthology.orchestra.run.smithi053.stdout:/usr/bin/ceph: stderr
2024-04-25T14:30:16.942+0000 7fe945600700 1 -- 172.21.15.53:0/4030883188 <== mon.0 v2:172.21.15.53:3300/0 5 ==== osd_map(3..3 src has 1..3) ==== 1155+0+0 (secure 0 0 0) 0x7fe93804df90 con 0x7fe94807de20
2024-04-25T14:30:18.052 INFO:teuthology.orchestra.run.smithi053.stdout:/usr/bin/ceph: stderr
2024-04-25T14:30:16.942+0000 7fe93fe00700 1 --2- 172.21.15.53:0/4030883188 >> [v2:172.21.15.53:6800/4154933108,v1:172.21.15.53:6801/4154933108] conn(0x7fe92c039660 0x7fe92c03bb20 unknown :-1 s=BANNER_CONNECTING pgs=0 cs=0 l=1 rev1=0 crypto rx=0 tx=0 comp rx=0 tx=0)._handle_peer_banner_payload supported=3 required=0
2024-04-25T14:30:18.052 INFO:teuthology.orchestra.run.smithi053.stdout:/usr/bin/ceph: stderr
2024-04-25T14:30:16.943+0000 7fe93fe00700 1 --2- 172.21.15.53:0/4030883188 >> [v2:172.21.15.53:6800/4154933108,v1:172.21.15.53:6801/4154933108] conn(0x7fe92c039660 0x7fe92c03bb20 secure :-1 s=READY pgs=7 cs=0 l=1 rev1=1 crypto rx=0x7fe930006fd0 tx=0x7fe930006e40 comp rx=0 tx=0).ready entity=mgr.14152 client_cookie=0 server_cookie=0 in_seq=0 out_seq=0
2024-04-25T14:30:18.052 INFO:teuthology.orchestra.run.smithi053.stdout:/usr/bin/ceph: stderr
2024-04-25T14:30:16.948+0000 7fe945600700 1 -- 172.21.15.53:0/4030883188 <== mon.0 v2:172.21.15.53:3300/0 6 ==== mon_command_ack([{"prefix": "get_command_descriptions"}]=0 v0) ==== 72+0+188370 (secure 0 0 0) 0x7fe93801f030 con 0x7fe94807de20
2024-04-25T14:30:18.052 INFO:teuthology.orchestra.run.smithi053.stdout:/usr/bin/ceph: stderr
2024-04-25T14:30:17.224+0000 7fe94f200700 1 -- 172.21.15.53:0/4030883188 --> [v2:172.21.15.53:6800/4154933108,v1:172.21.15.53:6801/4154933108] -- mgr_command(tid 0: {"prefix": "dashboard create-self-signed-cert", "target": ["mon-mgr", ""]}) -- 0x7fe948104d80 con 0x7fe92c039660
2024-04-25T14:30:18.052 INFO:teuthology.orchestra.run.smithi053.stdout:/usr/bin/ceph: stderr
2024-04-25T14:30:17.383+0000 7fe945600700 1 -- 172.21.15.53:0/4030883188 <== mgr.14152 v2:172.21.15.53:6800/4154933108 1 ==== mgr_command_reply(tid 0: 0 ) ==== 8+0+32 (secure 0 0 0) 0x7fe948104d80 con 0x7fe92c039660
2024-04-25T14:30:18.052 INFO:teuthology.orchestra.run.smithi053.stdout:/usr/bin/ceph: stderr
2024-04-25T14:30:17.386+0000 7fe94f200700 1 -- 172.21.15.53:0/4030883188 >> [v2:172.21.15.53:6800/4154933108,v1:172.21.15.53:6801/4154933108] conn(0x7fe92c039660 msgr2=0x7fe92c03bb20 secure :-1 s=STATE_CONNECTION_ESTABLISHED l=1).mark_down
2024-04-25T14:30:18.052 INFO:teuthology.orchestra.run.smithi053.stdout:/usr/bin/ceph: stderr
2024-04-25T14:30:17.386+0000 7fe94f200700 1 --2- 172.21.15.53:0/4030883188 >> [v2:172.21.15.53:6800/4154933108,v1:172.21.15.53:6801/4154933108] conn(0x7fe92c039660 0x7fe92c03bb20 secure :-1 s=READY pgs=7 cs=0 l=1 rev1=1 crypto rx=0x7fe930006fd0 tx=0x7fe930006e40 comp rx=0 tx=0).stop
2024-04-25T14:30:18.052 INFO:teuthology.orchestra.run.smithi053.stdout:/usr/bin/ceph: stderr
2024-04-25T14:30:17.386+0000 7fe94f200700 1 -- 172.21.15.53:0/4030883188 >> [v2:172.21.15.53:3300/0,v1:172.21.15.53:6789/0] conn(0x7fe94807de20 msgr2=0x7fe94819e630 secure :-1 s=STATE_CONNECTION_ESTABLISHED l=1).mark_down
2024-04-25T14:30:18.052 INFO:teuthology.orchestra.run.smithi053.stdout:/usr/bin/ceph: stderr
2024-04-25T14:30:17.386+0000 7fe94f200700 1 --2- 172.21.15.53:0/4030883188 >> [v2:172.21.15.53:3300/0,v1:172.21.15.53:6789/0] conn(0x7fe94807de20 0x7fe94819e630 secure :-1 s=READY pgs=71 cs=0 l=1 rev1=1 crypto rx=0x7fe938004660 tx=0x7fe938011aa0 comp rx=0 tx=0).stop
2024-04-25T14:30:18.053 INFO:teuthology.orchestra.run.smithi053.stdout:/usr/bin/ceph: stderr
2024-04-25T14:30:17.386+0000 7fe94f200700 1 -- 172.21.15.53:0/4030883188 shutdown_connections
2024-04-25T14:30:18.053 INFO:teuthology.orchestra.run.smithi053.stdout:/usr/bin/ceph: stderr
2024-04-25T14:30:17.386+0000 7fe94f200700 1 --2- 172.21.15.53:0/4030883188 >> [v2:172.21.15.53:6800/4154933108,v1:172.21.15.53:6801/4154933108] conn(0x7fe92c039660 0x7fe92c03bb20 unknown :-1 s=CLOSED pgs=7 cs=0 l=1 rev1=1 crypto rx=0 tx=0 comp rx=0 tx=0).stop
2024-04-25T14:30:18.053 INFO:teuthology.orchestra.run.smithi053.stdout:/usr/bin/ceph: stderr
2024-04-25T14:30:17.386+0000 7fe94f200700 1 --2- 172.21.15.53:0/4030883188 >> [v2:172.21.15.53:3300/0,v1:172.21.15.53:6789/0] conn(0x7fe94807de20 0x7fe94819e630 unknown :-1 s=CLOSED pgs=71 cs=0 l=1 rev1=1 crypto rx=0 tx=0 comp rx=0 tx=0).stop
2024-04-25T14:30:18.053 INFO:teuthology.orchestra.run.smithi053.stdout:/usr/bin/ceph: stderr
2024-04-25T14:30:17.386+0000 7fe94f200700 1 -- 172.21.15.53:0/4030883188 >> 172.21.15.53:0/4030883188 conn(0x7fe948103b10 msgr2=0x7fe948104670 unknown :-1 s=STATE_NONE l=0).mark_down
2024-04-25T14:30:18.053 INFO:teuthology.orchestra.run.smithi053.stdout:/usr/bin/ceph: stderr
2024-04-25T14:30:17.386+0000 7fe94f200700 1 -- 172.21.15.53:0/4030883188 shutdown_connections
2024-04-25T14:30:18.053 INFO:teuthology.orchestra.run.smithi053.stdout:/usr/bin/ceph: stderr
2024-04-25T14:30:17.387+0000 7fe94f200700 1 -- 172.21.15.53:0/4030883188 wait complete.
2024-04-25T14:30:18.053 INFO:teuthology.orchestra.run.smithi053.stdout:Creating initial admin user...
2024-04-25T14:30:18.617 INFO:journalctl@ceph.mon.a.smithi053.stdout:Apr 25 14:30:18 smithi053 ceph-mon[27773]: from='client.14164 -' entity='client.admin' cmd=[{"prefix": "dashboard create-self-signed-cert", "target": ["mon-mgr", ""]}]: dispatch
2024-04-25T14:30:18.617 INFO:journalctl@ceph.mon.a.smithi053.stdout:Apr 25 14:30:18 smithi053 ceph-mon[27773]: from='mgr.14152 172.21.15.53:0/4077751069' entity='mgr.x'
2024-04-25T14:30:18.617 INFO:journalctl@ceph.mon.a.smithi053.stdout:Apr 25 14:30:18 smithi053 ceph-mon[27773]: from='mgr.14152 172.21.15.53:0/4077751069' entity='mgr.x'
2024-04-25T14:30:18.617 INFO:journalctl@ceph.mon.a.smithi053.stdout:Apr 25 14:30:18 smithi053 ceph-mon[27773]: from='mgr.14152 172.21.15.53:0/4077751069' entity='mgr.x'
2024-04-25T14:30:19.532 INFO:journalctl@ceph.mon.a.smithi053.stdout:Apr 25 14:30:19 smithi053 ceph-mon[27773]: from='client.14166 -' entity='client.admin' cmd=[{"prefix": "dashboard ac-user-create", "username": "admin", "rolename": "administrator", "force_password": true, "pwd_update_required": true, "target": ["mon-mgr", ""]}]: dispatch
2024-04-25T14:30:19.532 INFO:journalctl@ceph.mon.a.smithi053.stdout:Apr 25 14:30:19 smithi053 ceph-mon[27773]: from='mgr.14152 172.21.15.53:0/4077751069' entity='mgr.x'
2024-04-25T14:30:19.886 INFO:teuthology.orchestra.run.smithi053.stdout:/usr/bin/ceph: stdout {"username": "admin", "password": "$2b$12$W9SU0d29OLXMvfsKs1v8peA6xGV3t/rLyiTaqzTIW8rRS65wJPEiW", "roles": ["administrator"], "name": null, "email": null, "lastUpdate": 1714055419, "enabled": true, "pwdExpirationDate": null, "pwdUpdateRequired": true}
2024-04-25T14:30:19.886 INFO:teuthology.orchestra.run.smithi053.stdout:/usr/bin/ceph: stderr
2024-04-25T14:30:18.652+0000 7fa0ca800700 1 Processor -- start
2024-04-25T14:30:19.887 INFO:teuthology.orchestra.run.smithi053.stdout:/usr/bin/ceph: stderr
2024-04-25T14:30:18.652+0000 7fa0ca800700 1 -- start start
2024-04-25T14:30:19.887 INFO:teuthology.orchestra.run.smithi053.stdout:/usr/bin/ceph: stderr
2024-04-25T14:30:18.653+0000 7fa0ca800700 1 --2- >> [v2:172.21.15.53:3300/0,v1:172.21.15.53:6789/0] conn(0x7fa0c4108fb0 0x7fa0c410b3a0 unknown :-1 s=NONE pgs=0 cs=0 l=0 rev1=0 crypto rx=0 tx=0 comp rx=0 tx=0).connect
2024-04-25T14:30:19.887 INFO:teuthology.orchestra.run.smithi053.stdout:/usr/bin/ceph: stderr
2024-04-25T14:30:18.653+0000 7fa0ca800700 1 -- --> [v2:172.21.15.53:3300/0,v1:172.21.15.53:6789/0] -- mon_getmap magic: 0 -- 0x7fa0c4063d60 con 0x7fa0c4108fb0
2024-04-25T14:30:19.887 INFO:teuthology.orchestra.run.smithi053.stdout:/usr/bin/ceph: stderr
2024-04-25T14:30:18.653+0000 7fa0c3400700 1 --2- >> [v2:172.21.15.53:3300/0,v1:172.21.15.53:6789/0] conn(0x7fa0c4108fb0 0x7fa0c410b3a0 unknown :-1 s=BANNER_CONNECTING pgs=0 cs=0 l=0 rev1=0 crypto rx=0 tx=0 comp rx=0 tx=0)._handle_peer_banner_payload supported=3 required=0
2024-04-25T14:30:19.887 INFO:teuthology.orchestra.run.smithi053.stdout:/usr/bin/ceph: stderr
2024-04-25T14:30:18.653+0000 7fa0c3400700 1 --2- >> [v2:172.21.15.53:3300/0,v1:172.21.15.53:6789/0] conn(0x7fa0c4108fb0 0x7fa0c410b3a0 unknown :-1 s=HELLO_CONNECTING pgs=0 cs=0 l=0 rev1=1 crypto rx=0 tx=0 comp rx=0 tx=0).handle_hello peer v2:172.21.15.53:3300/0 says I am v2:172.21.15.53:54786/0 (socket says 172.21.15.53:54786)
2024-04-25T14:30:19.887 INFO:teuthology.orchestra.run.smithi053.stdout:/usr/bin/ceph: stderr
2024-04-25T14:30:18.653+0000 7fa0c3400700 1 -- 172.21.15.53:0/815712414 learned_addr learned my addr 172.21.15.53:0/815712414 (peer_addr_for_me v2:172.21.15.53:0/0)
2024-04-25T14:30:19.887 INFO:teuthology.orchestra.run.smithi053.stdout:/usr/bin/ceph: stderr
2024-04-25T14:30:18.654+0000 7fa0c3400700 1 -- 172.21.15.53:0/815712414 --> [v2:172.21.15.53:3300/0,v1:172.21.15.53:6789/0] -- mon_subscribe({config=0+,monmap=0+}) -- 0x7fa0c410b8e0 con 0x7fa0c4108fb0
2024-04-25T14:30:19.887 INFO:teuthology.orchestra.run.smithi053.stdout:/usr/bin/ceph: stderr
2024-04-25T14:30:18.654+0000 7fa0c3400700 1 --2- 172.21.15.53:0/815712414 >> [v2:172.21.15.53:3300/0,v1:172.21.15.53:6789/0] conn(0x7fa0c4108fb0 0x7fa0c410b3a0 secure :-1 s=READY pgs=72 cs=0 l=1 rev1=1 crypto rx=0x7fa0b40098a0 tx=0x7fa0b4009bb0 comp rx=0 tx=0).ready entity=mon.0 client_cookie=9018f63e6d3b88eb server_cookie=0 in_seq=0 out_seq=0
2024-04-25T14:30:19.887 INFO:teuthology.orchestra.run.smithi053.stdout:/usr/bin/ceph: stderr
2024-04-25T14:30:18.654+0000 7fa0c2000700 1 -- 172.21.15.53:0/815712414 <== mon.0 v2:172.21.15.53:3300/0 1 ==== mon_map magic: 0 ==== 205+0+0 (secure 0 0 0) 0x7fa0b4004160 con 0x7fa0c4108fb0
2024-04-25T14:30:19.887 INFO:teuthology.orchestra.run.smithi053.stdout:/usr/bin/ceph: stderr
2024-04-25T14:30:18.654+0000 7fa0c2000700 1 -- 172.21.15.53:0/815712414 <== mon.0 v2:172.21.15.53:3300/0 2 ==== config(26 keys) ==== 1101+0+0 (secure 0 0 0) 0x7fa0b4004300 con 0x7fa0c4108fb0
2024-04-25T14:30:19.887 INFO:teuthology.orchestra.run.smithi053.stdout:/usr/bin/ceph: stderr
2024-04-25T14:30:18.654+0000 7fa0c2000700 1 -- 172.21.15.53:0/815712414 <== mon.0 v2:172.21.15.53:3300/0 3 ==== mon_map magic: 0 ==== 205+0+0 (secure 0 0 0) 0x7fa0b4011a20 con 0x7fa0c4108fb0
2024-04-25T14:30:19.887 INFO:teuthology.orchestra.run.smithi053.stdout:/usr/bin/ceph: stderr
2024-04-25T14:30:18.655+0000 7fa0ca800700 1 -- 172.21.15.53:0/815712414 >> [v2:172.21.15.53:3300/0,v1:172.21.15.53:6789/0] conn(0x7fa0c4108fb0 msgr2=0x7fa0c410b3a0 secure :-1 s=STATE_CONNECTION_ESTABLISHED l=1).mark_down
2024-04-25T14:30:19.887 INFO:teuthology.orchestra.run.smithi053.stdout:/usr/bin/ceph: stderr
2024-04-25T14:30:18.655+0000 7fa0ca800700 1 --2- 172.21.15.53:0/815712414 >> [v2:172.21.15.53:3300/0,v1:172.21.15.53:6789/0] conn(0x7fa0c4108fb0 0x7fa0c410b3a0 secure :-1 s=READY pgs=72 cs=0 l=1 rev1=1 crypto rx=0x7fa0b40098a0 tx=0x7fa0b4009bb0 comp rx=0 tx=0).stop
2024-04-25T14:30:19.889 INFO:teuthology.orchestra.run.smithi053.stdout:/usr/bin/ceph: stderr
2024-04-25T14:30:18.655+0000 7fa0ca800700 1 -- 172.21.15.53:0/815712414 shutdown_connections
2024-04-25T14:30:19.889 INFO:teuthology.orchestra.run.smithi053.stdout:/usr/bin/ceph: stderr
2024-04-25T14:30:18.655+0000 7fa0ca800700 1 --2- 172.21.15.53:0/815712414 >> [v2:172.21.15.53:3300/0,v1:172.21.15.53:6789/0] conn(0x7fa0c4108fb0 0x7fa0c410b3a0 unknown :-1 s=CLOSED pgs=72 cs=0 l=1 rev1=1 crypto rx=0 tx=0 comp rx=0 tx=0).stop
2024-04-25T14:30:19.889 INFO:teuthology.orchestra.run.smithi053.stdout:/usr/bin/ceph: stderr
2024-04-25T14:30:18.655+0000 7fa0ca800700 1 -- 172.21.15.53:0/815712414 >> 172.21.15.53:0/815712414 conn(0x7fa0c4102a40 msgr2=0x7fa0c4104e60 unknown :-1 s=STATE_NONE l=0).mark_down
2024-04-25T14:30:19.889 INFO:teuthology.orchestra.run.smithi053.stdout:/usr/bin/ceph: stderr
2024-04-25T14:30:18.655+0000 7fa0ca800700 1 -- 172.21.15.53:0/815712414 shutdown_connections
2024-04-25T14:30:19.889 INFO:teuthology.orchestra.run.smithi053.stdout:/usr/bin/ceph: stderr
2024-04-25T14:30:18.656+0000 7fa0ca800700 1 -- 172.21.15.53:0/815712414 wait complete.
2024-04-25T14:30:19.889 INFO:teuthology.orchestra.run.smithi053.stdout:/usr/bin/ceph: stderr
2024-04-25T14:30:18.657+0000 7fa0ca800700 1 Processor -- start
2024-04-25T14:30:19.889 INFO:teuthology.orchestra.run.smithi053.stdout:/usr/bin/ceph: stderr
2024-04-25T14:30:18.657+0000 7fa0ca800700 1 -- start start
2024-04-25T14:30:19.889 INFO:teuthology.orchestra.run.smithi053.stdout:/usr/bin/ceph: stderr
2024-04-25T14:30:18.657+0000 7fa0ca800700 1 --2- >> [v2:172.21.15.53:3300/0,v1:172.21.15.53:6789/0] conn(0x7fa0c4108fb0 0x7fa0c4108830 unknown :-1 s=NONE pgs=0 cs=0 l=1 rev1=0 crypto rx=0 tx=0 comp rx=0 tx=0).connect
2024-04-25T14:30:19.889 INFO:teuthology.orchestra.run.smithi053.stdout:/usr/bin/ceph: stderr
2024-04-25T14:30:18.657+0000 7fa0ca800700 1 -- --> [v2:172.21.15.53:3300/0,v1:172.21.15.53:6789/0] -- mon_getmap magic: 0 -- 0x7fa0c410c8f0 con 0x7fa0c4108fb0
2024-04-25T14:30:19.889 INFO:teuthology.orchestra.run.smithi053.stdout:/usr/bin/ceph: stderr
2024-04-25T14:30:18.658+0000 7fa0c3400700 1 --2- >> [v2:172.21.15.53:3300/0,v1:172.21.15.53:6789/0] conn(0x7fa0c4108fb0 0x7fa0c4108830 unknown :-1 s=BANNER_CONNECTING pgs=0 cs=0 l=1 rev1=0 crypto rx=0 tx=0 comp rx=0 tx=0)._handle_peer_banner_payload supported=3 required=0
2024-04-25T14:30:19.890 INFO:teuthology.orchestra.run.smithi053.stdout:/usr/bin/ceph: stderr
2024-04-25T14:30:18.658+0000 7fa0c3400700 1 --2- >> [v2:172.21.15.53:3300/0,v1:172.21.15.53:6789/0] conn(0x7fa0c4108fb0 0x7fa0c4108830 unknown :-1 s=HELLO_CONNECTING pgs=0 cs=0 l=1 rev1=1 crypto rx=0 tx=0 comp rx=0 tx=0).handle_hello peer v2:172.21.15.53:3300/0 says I am v2:172.21.15.53:54802/0 (socket says 172.21.15.53:54802)
2024-04-25T14:30:19.890 INFO:teuthology.orchestra.run.smithi053.stdout:/usr/bin/ceph: stderr
2024-04-25T14:30:18.658+0000 7fa0c3400700 1 -- 172.21.15.53:0/567058511 learned_addr learned my addr 172.21.15.53:0/567058511 (peer_addr_for_me v2:172.21.15.53:0/0)
2024-04-25T14:30:19.890 INFO:teuthology.orchestra.run.smithi053.stdout:/usr/bin/ceph: stderr
2024-04-25T14:30:18.658+0000 7fa0c3400700 1 -- 172.21.15.53:0/567058511 --> [v2:172.21.15.53:3300/0,v1:172.21.15.53:6789/0] -- mon_subscribe({config=0+,monmap=0+}) -- 0x7fa0c4108d70 con 0x7fa0c4108fb0
2024-04-25T14:30:19.890 INFO:teuthology.orchestra.run.smithi053.stdout:/usr/bin/ceph: stderr
2024-04-25T14:30:18.658+0000 7fa0c3400700 1 --2- 172.21.15.53:0/567058511 >> [v2:172.21.15.53:3300/0,v1:172.21.15.53:6789/0] conn(0x7fa0c4108fb0 0x7fa0c4108830 secure :-1 s=READY pgs=73 cs=0 l=1 rev1=1 crypto rx=0x7fa0b4000c00 tx=0x7fa0b4011aa0 comp rx=0 tx=0).ready entity=mon.0 client_cookie=0 server_cookie=0 in_seq=0 out_seq=0
2024-04-25T14:30:19.890 INFO:teuthology.orchestra.run.smithi053.stdout:/usr/bin/ceph: stderr
2024-04-25T14:30:18.659+0000 7fa0bbe00700 1 -- 172.21.15.53:0/567058511 <== mon.0 v2:172.21.15.53:3300/0 1 ==== mon_map magic: 0 ==== 205+0+0 (secure 0 0 0) 0x7fa0b4003aa0 con 0x7fa0c4108fb0
2024-04-25T14:30:19.890 INFO:teuthology.orchestra.run.smithi053.stdout:/usr/bin/ceph: stderr
2024-04-25T14:30:18.659+0000 7fa0bbe00700 1 -- 172.21.15.53:0/567058511 <== mon.0 v2:172.21.15.53:3300/0 2 ==== config(26 keys) ==== 1101+0+0 (secure 0 0 0) 0x7fa0b401b8f0 con 0x7fa0c4108fb0
2024-04-25T14:30:19.890 INFO:teuthology.orchestra.run.smithi053.stdout:/usr/bin/ceph: stderr
2024-04-25T14:30:18.659+0000 7fa0ca800700 1 -- 172.21.15.53:0/567058511 --> [v2:172.21.15.53:3300/0,v1:172.21.15.53:6789/0] -- mon_subscribe({mgrmap=0+}) -- 0x7fa0c4106f60 con 0x7fa0c4108fb0
2024-04-25T14:30:19.890 INFO:teuthology.orchestra.run.smithi053.stdout:/usr/bin/ceph: stderr
2024-04-25T14:30:18.659+0000 7fa0bbe00700 1 -- 172.21.15.53:0/567058511 <== mon.0 v2:172.21.15.53:3300/0 3 ==== mon_map magic: 0 ==== 205+0+0 (secure 0 0 0) 0x7fa0b4023870 con 0x7fa0c4108fb0
2024-04-25T14:30:19.890 INFO:teuthology.orchestra.run.smithi053.stdout:/usr/bin/ceph: stderr
2024-04-25T14:30:18.659+0000 7fa0ca800700 1 -- 172.21.15.53:0/567058511 --> [v2:172.21.15.53:3300/0,v1:172.21.15.53:6789/0] -- mon_subscribe({osdmap=0}) -- 0x7fa0c41074a0 con 0x7fa0c4108fb0
2024-04-25T14:30:19.890 INFO:teuthology.orchestra.run.smithi053.stdout:/usr/bin/ceph: stderr
2024-04-25T14:30:18.660+0000 7fa0bbe00700 1 -- 172.21.15.53:0/567058511 <== mon.0 v2:172.21.15.53:3300/0 4 ==== mgrmap(e 12) ==== 46571+0+0 (secure 0 0 0) 0x7fa0b4023b70 con 0x7fa0c4108fb0
2024-04-25T14:30:19.890 INFO:teuthology.orchestra.run.smithi053.stdout:/usr/bin/ceph: stderr
2024-04-25T14:30:18.660+0000 7fa0ca800700 1 -- 172.21.15.53:0/567058511 --> [v2:172.21.15.53:3300/0,v1:172.21.15.53:6789/0] -- mon_command({"prefix": "get_command_descriptions"} v 0) -- 0x7fa0c40640a0 con 0x7fa0c4108fb0
2024-04-25T14:30:19.890 INFO:teuthology.orchestra.run.smithi053.stdout:/usr/bin/ceph: stderr
2024-04-25T14:30:18.661+0000 7fa0bbe00700 1 --2- 172.21.15.53:0/567058511 >> [v2:172.21.15.53:6800/4154933108,v1:172.21.15.53:6801/4154933108] conn(0x7fa0a8039600 0x7fa0a803bac0 unknown :-1 s=NONE pgs=0 cs=0 l=1 rev1=0 crypto rx=0 tx=0 comp rx=0 tx=0).connect
2024-04-25T14:30:19.890 INFO:teuthology.orchestra.run.smithi053.stdout:/usr/bin/ceph: stderr
2024-04-25T14:30:18.661+0000 7fa0bbe00700 1 -- 172.21.15.53:0/567058511 <== mon.0 v2:172.21.15.53:3300/0 5 ==== osd_map(3..3 src has 1..3) ==== 1155+0+0 (secure 0 0 0) 0x7fa0b404e060 con 0x7fa0c4108fb0
2024-04-25T14:30:19.890 INFO:teuthology.orchestra.run.smithi053.stdout:/usr/bin/ceph: stderr
2024-04-25T14:30:18.661+0000 7fa0c2a00700 1 --2- 172.21.15.53:0/567058511 >> [v2:172.21.15.53:6800/4154933108,v1:172.21.15.53:6801/4154933108] conn(0x7fa0a8039600 0x7fa0a803bac0 unknown :-1 s=BANNER_CONNECTING pgs=0 cs=0 l=1 rev1=0 crypto rx=0 tx=0 comp rx=0 tx=0)._handle_peer_banner_payload supported=3 required=0
2024-04-25T14:30:19.891 INFO:teuthology.orchestra.run.smithi053.stdout:/usr/bin/ceph: stderr
2024-04-25T14:30:18.662+0000 7fa0c2a00700 1 --2- 172.21.15.53:0/567058511 >> [v2:172.21.15.53:6800/4154933108,v1:172.21.15.53:6801/4154933108] conn(0x7fa0a8039600 0x7fa0a803bac0 secure :-1 s=READY pgs=8 cs=0 l=1 rev1=1 crypto rx=0x7fa0b0006fd0 tx=0x7fa0b0006e40 comp rx=0 tx=0).ready entity=mgr.14152 client_cookie=0 server_cookie=0 in_seq=0 out_seq=0
2024-04-25T14:30:19.891 INFO:teuthology.orchestra.run.smithi053.stdout:/usr/bin/ceph: stderr
2024-04-25T14:30:18.667+0000 7fa0bbe00700 1 -- 172.21.15.53:0/567058511 <== mon.0 v2:172.21.15.53:3300/0 6 ==== mon_command_ack([{"prefix": "get_command_descriptions"}]=0 v0) ==== 72+0+188370 (secure 0 0 0) 0x7fa0b401f030 con 0x7fa0c4108fb0
2024-04-25T14:30:19.891 INFO:teuthology.orchestra.run.smithi053.stdout:/usr/bin/ceph: stderr
2024-04-25T14:30:18.923+0000 7fa0ca800700 1 -- 172.21.15.53:0/567058511 --> [v2:172.21.15.53:6800/4154933108,v1:172.21.15.53:6801/4154933108] -- mgr_command(tid 0: {"prefix": "dashboard ac-user-create", "username": "admin", "rolename": "administrator", "force_password": true, "pwd_update_required": true, "target": ["mon-mgr", ""]}) -- 0x7fa0c4107720 con 0x7fa0a8039600
2024-04-25T14:30:19.891 INFO:teuthology.orchestra.run.smithi053.stdout:/usr/bin/ceph: stderr
2024-04-25T14:30:19.203+0000 7fa0bbe00700 1 -- 172.21.15.53:0/567058511 <== mgr.14152 v2:172.21.15.53:6800/4154933108 1 ==== mgr_command_reply(tid 0: 0 ) ==== 8+0+252 (secure 0 0 0) 0x7fa0c4107720 con 0x7fa0a8039600
2024-04-25T14:30:19.891 INFO:teuthology.orchestra.run.smithi053.stdout:/usr/bin/ceph: stderr
2024-04-25T14:30:19.206+0000 7fa0ca800700 1 -- 172.21.15.53:0/567058511 >> [v2:172.21.15.53:6800/4154933108,v1:172.21.15.53:6801/4154933108] conn(0x7fa0a8039600 msgr2=0x7fa0a803bac0 secure :-1 s=STATE_CONNECTION_ESTABLISHED l=1).mark_down
2024-04-25T14:30:19.891 INFO:teuthology.orchestra.run.smithi053.stdout:/usr/bin/ceph: stderr
2024-04-25T14:30:19.206+0000 7fa0ca800700 1 --2- 172.21.15.53:0/567058511 >> [v2:172.21.15.53:6800/4154933108,v1:172.21.15.53:6801/4154933108] conn(0x7fa0a8039600 0x7fa0a803bac0 secure :-1 s=READY pgs=8 cs=0 l=1 rev1=1 crypto rx=0x7fa0b0006fd0 tx=0x7fa0b0006e40 comp rx=0 tx=0).stop
2024-04-25T14:30:19.891 INFO:teuthology.orchestra.run.smithi053.stdout:/usr/bin/ceph: stderr
2024-04-25T14:30:19.206+0000 7fa0ca800700 1 -- 172.21.15.53:0/567058511 >> [v2:172.21.15.53:3300/0,v1:172.21.15.53:6789/0] conn(0x7fa0c4108fb0 msgr2=0x7fa0c4108830 secure :-1 s=STATE_CONNECTION_ESTABLISHED l=1).mark_down
2024-04-25T14:30:19.891 INFO:teuthology.orchestra.run.smithi053.stdout:/usr/bin/ceph: stderr
2024-04-25T14:30:19.206+0000 7fa0ca800700 1 --2- 172.21.15.53:0/567058511 >> [v2:172.21.15.53:3300/0,v1:172.21.15.53:6789/0] conn(0x7fa0c4108fb0 0x7fa0c4108830 secure :-1 s=READY pgs=73 cs=0 l=1 rev1=1 crypto rx=0x7fa0b4000c00 tx=0x7fa0b4011aa0 comp rx=0 tx=0).stop
2024-04-25T14:30:19.891 INFO:teuthology.orchestra.run.smithi053.stdout:/usr/bin/ceph: stderr
2024-04-25T14:30:19.206+0000 7fa0ca800700 1 -- 172.21.15.53:0/567058511 shutdown_connections
2024-04-25T14:30:19.891 INFO:teuthology.orchestra.run.smithi053.stdout:/usr/bin/ceph: stderr
2024-04-25T14:30:19.206+0000 7fa0ca800700 1 --2- 172.21.15.53:0/567058511 >> [v2:172.21.15.53:6800/4154933108,v1:172.21.15.53:6801/4154933108] conn(0x7fa0a8039600 0x7fa0a803bac0 unknown :-1 s=CLOSED pgs=8 cs=0 l=1 rev1=1 crypto rx=0 tx=0 comp rx=0 tx=0).stop
2024-04-25T14:30:19.891 INFO:teuthology.orchestra.run.smithi053.stdout:/usr/bin/ceph: stderr
2024-04-25T14:30:19.206+0000 7fa0ca800700 1 --2- 172.21.15.53:0/567058511 >> [v2:172.21.15.53:3300/0,v1:172.21.15.53:6789/0] conn(0x7fa0c4108fb0 0x7fa0c4108830 unknown :-1 s=CLOSED pgs=73 cs=0 l=1 rev1=1 crypto rx=0 tx=0 comp rx=0 tx=0).stop
2024-04-25T14:30:19.891 INFO:teuthology.orchestra.run.smithi053.stdout:/usr/bin/ceph: stderr
2024-04-25T14:30:19.206+0000 7fa0ca800700 1 -- 172.21.15.53:0/567058511 >> 172.21.15.53:0/567058511 conn(0x7fa0c4102a40 msgr2=0x7fa0c4103490 unknown :-1 s=STATE_NONE l=0).mark_down
2024-04-25T14:30:19.891 INFO:teuthology.orchestra.run.smithi053.stdout:/usr/bin/ceph: stderr
2024-04-25T14:30:19.206+0000 7fa0ca800700 1 -- 172.21.15.53:0/567058511 shutdown_connections
2024-04-25T14:30:19.891 INFO:teuthology.orchestra.run.smithi053.stdout:/usr/bin/ceph: stderr
2024-04-25T14:30:19.206+0000 7fa0ca800700 1 -- 172.21.15.53:0/567058511 wait complete.
2024-04-25T14:30:19.891 INFO:teuthology.orchestra.run.smithi053.stdout:Fetching dashboard port number...
2024-04-25T14:30:20.814 INFO:journalctl@ceph.mon.a.smithi053.stdout:Apr 25 14:30:20 smithi053 ceph-mon[27773]: from='mgr.14152 172.21.15.53:0/4077751069' entity='mgr.x'
2024-04-25T14:30:21.997 INFO:journalctl@ceph.mon.a.smithi053.stdout:Apr 25 14:30:21 smithi053 ceph-mon[27773]: mgrmap e13: x(active, since 6s)
2024-04-25T14:30:21.997 INFO:journalctl@ceph.mon.a.smithi053.stdout:Apr 25 14:30:21 smithi053 ceph-mon[27773]: from='client.? 172.21.15.53:0/2202123070' entity='client.admin' cmd=[{"prefix": "config get", "who": "mgr", "key": "mgr/dashboard/ssl_server_port"}]: dispatch
2024-04-25T14:30:22.518 INFO:teuthology.orchestra.run.smithi053.stdout:/usr/bin/ceph: stdout 8443
2024-04-25T14:30:22.518 INFO:teuthology.orchestra.run.smithi053.stdout:/usr/bin/ceph: stderr
2024-04-25T14:30:20.536+0000 7f2e7ae00700 1 Processor -- start
2024-04-25T14:30:22.519 INFO:teuthology.orchestra.run.smithi053.stdout:/usr/bin/ceph: stderr
2024-04-25T14:30:20.537+0000 7f2e7ae00700 1 -- start start
2024-04-25T14:30:22.519 INFO:teuthology.orchestra.run.smithi053.stdout:/usr/bin/ceph: stderr
2024-04-25T14:30:20.537+0000 7f2e7ae00700 1 --2- >> [v2:172.21.15.53:3300/0,v1:172.21.15.53:6789/0] conn(0x7f2e7407de40 0x7f2e7407c2f0 unknown :-1 s=NONE pgs=0 cs=0 l=0 rev1=0 crypto rx=0 tx=0 comp rx=0 tx=0).connect
2024-04-25T14:30:22.520 INFO:teuthology.orchestra.run.smithi053.stdout:/usr/bin/ceph: stderr
2024-04-25T14:30:20.537+0000 7f2e7ae00700 1 -- --> [v2:172.21.15.53:3300/0,v1:172.21.15.53:6789/0] -- mon_getmap magic: 0 -- 0x7f2e7407c830 con 0x7f2e7407de40
2024-04-25T14:30:22.520 INFO:teuthology.orchestra.run.smithi053.stdout:/usr/bin/ceph: stderr
2024-04-25T14:30:20.538+0000 7f2e73e00700 1 --2- >> [v2:172.21.15.53:3300/0,v1:172.21.15.53:6789/0] conn(0x7f2e7407de40 0x7f2e7407c2f0 unknown :-1 s=BANNER_CONNECTING pgs=0 cs=0 l=0 rev1=0 crypto rx=0 tx=0 comp rx=0 tx=0)._handle_peer_banner_payload supported=3 required=0
2024-04-25T14:30:22.520 INFO:teuthology.orchestra.run.smithi053.stdout:/usr/bin/ceph: stderr
2024-04-25T14:30:20.538+0000 7f2e73e00700 1 --2- >> [v2:172.21.15.53:3300/0,v1:172.21.15.53:6789/0] conn(0x7f2e7407de40 0x7f2e7407c2f0 unknown :-1 s=HELLO_CONNECTING pgs=0 cs=0 l=0 rev1=1 crypto rx=0 tx=0 comp rx=0 tx=0).handle_hello peer v2:172.21.15.53:3300/0 says I am v2:172.21.15.53:54804/0 (socket says 172.21.15.53:54804)
2024-04-25T14:30:22.520 INFO:teuthology.orchestra.run.smithi053.stdout:/usr/bin/ceph: stderr
2024-04-25T14:30:20.538+0000 7f2e73e00700 1 -- 172.21.15.53:0/191064283 learned_addr learned my addr 172.21.15.53:0/191064283 (peer_addr_for_me v2:172.21.15.53:0/0)
2024-04-25T14:30:22.520 INFO:teuthology.orchestra.run.smithi053.stdout:/usr/bin/ceph: stderr
2024-04-25T14:30:20.538+0000 7f2e73e00700 1 -- 172.21.15.53:0/191064283 --> [v2:172.21.15.53:3300/0,v1:172.21.15.53:6789/0] -- mon_subscribe({config=0+,monmap=0+}) -- 0x7f2e7407c9b0 con 0x7f2e7407de40
2024-04-25T14:30:22.520 INFO:teuthology.orchestra.run.smithi053.stdout:/usr/bin/ceph: stderr
