2024-04-25T14:29:40.558+0000 7fc701800700 1 --2- >> [v2:172.21.15.53:3300/0,v1:172.21.15.53:6789/0] conn(0x7fc6fc109070 0x7fc6fc10b460 unknown :-1 s=HELLO_CONNECTING pgs=0 cs=0 l=0 rev1=1 crypto rx=0 tx=0 comp rx=0 tx=0).handle_hello peer v2:172.21.15.53:3300/0 says I am v2:172.21.15.53:48074/0 (socket says 172.21.15.53:48074)
2024-04-25T14:29:41.517 INFO:teuthology.orchestra.run.smithi053.stdout:/usr/bin/ceph: stderr
2024-04-25T14:29:40.558+0000 7fc701800700 1 -- 172.21.15.53:0/1697647272 learned_addr learned my addr 172.21.15.53:0/1697647272 (peer_addr_for_me v2:172.21.15.53:0/0)
2024-04-25T14:29:41.517 INFO:teuthology.orchestra.run.smithi053.stdout:/usr/bin/ceph: stderr
2024-04-25T14:29:40.559+0000 7fc701800700 1 -- 172.21.15.53:0/1697647272 --> [v2:172.21.15.53:3300/0,v1:172.21.15.53:6789/0] -- mon_subscribe({config=0+,monmap=0+}) -- 0x7fc6fc10b9a0 con 0x7fc6fc109070
2024-04-25T14:29:41.517 INFO:teuthology.orchestra.run.smithi053.stdout:/usr/bin/ceph: stderr
2024-04-25T14:29:40.559+0000 7fc701800700 1 --2- 172.21.15.53:0/1697647272 >> [v2:172.21.15.53:3300/0,v1:172.21.15.53:6789/0] conn(0x7fc6fc109070 0x7fc6fc10b460 secure :-1 s=READY pgs=37 cs=0 l=1 rev1=1 crypto rx=0x7fc6f00098a0 tx=0x7fc6f0009bb0 comp rx=0 tx=0).ready entity=mon.0 client_cookie=f8cbb04ca61c2e99 server_cookie=0 in_seq=0 out_seq=0
2024-04-25T14:29:41.517 INFO:teuthology.orchestra.run.smithi053.stdout:/usr/bin/ceph: stderr
2024-04-25T14:29:40.559+0000 7fc6fbe00700 1 -- 172.21.15.53:0/1697647272 <== mon.0 v2:172.21.15.53:3300/0 1 ==== mon_map magic: 0 ==== 205+0+0 (secure 0 0 0) 0x7fc6f0004160 con 0x7fc6fc109070
2024-04-25T14:29:41.518 INFO:teuthology.orchestra.run.smithi053.stdout:/usr/bin/ceph: stderr
2024-04-25T14:29:40.560+0000 7fc6fbe00700 1 -- 172.21.15.53:0/1697647272 <== mon.0 v2:172.21.15.53:3300/0 2 ==== config(26 keys) ==== 1070+0+0 (secure 0 0 0) 0x7fc6f0004300 con 0x7fc6fc109070
2024-04-25T14:29:41.518 INFO:teuthology.orchestra.run.smithi053.stdout:/usr/bin/ceph: stderr
2024-04-25T14:29:40.560+0000 7fc6fbe00700 1 -- 172.21.15.53:0/1697647272 <== mon.0 v2:172.21.15.53:3300/0 3 ==== mon_map magic: 0 ==== 205+0+0 (secure 0 0 0) 0x7fc6f0011af0 con 0x7fc6fc109070
2024-04-25T14:29:41.518 INFO:teuthology.orchestra.run.smithi053.stdout:/usr/bin/ceph: stderr
2024-04-25T14:29:40.560+0000 7fc704200700 1 -- 172.21.15.53:0/1697647272 >> [v2:172.21.15.53:3300/0,v1:172.21.15.53:6789/0] conn(0x7fc6fc109070 msgr2=0x7fc6fc10b460 secure :-1 s=STATE_CONNECTION_ESTABLISHED l=1).mark_down
2024-04-25T14:29:41.518 INFO:teuthology.orchestra.run.smithi053.stdout:/usr/bin/ceph: stderr
2024-04-25T14:29:40.560+0000 7fc704200700 1 --2- 172.21.15.53:0/1697647272 >> [v2:172.21.15.53:3300/0,v1:172.21.15.53:6789/0] conn(0x7fc6fc109070 0x7fc6fc10b460 secure :-1 s=READY pgs=37 cs=0 l=1 rev1=1 crypto rx=0x7fc6f00098a0 tx=0x7fc6f0009bb0 comp rx=0 tx=0).stop
2024-04-25T14:29:41.518 INFO:teuthology.orchestra.run.smithi053.stdout:/usr/bin/ceph: stderr
2024-04-25T14:29:40.560+0000 7fc704200700 1 -- 172.21.15.53:0/1697647272 shutdown_connections
2024-04-25T14:29:41.518 INFO:teuthology.orchestra.run.smithi053.stdout:/usr/bin/ceph: stderr
2024-04-25T14:29:40.560+0000 7fc704200700 1 --2- 172.21.15.53:0/1697647272 >> [v2:172.21.15.53:3300/0,v1:172.21.15.53:6789/0] conn(0x7fc6fc109070 0x7fc6fc10b460 unknown :-1 s=CLOSED pgs=37 cs=0 l=1 rev1=1 crypto rx=0 tx=0 comp rx=0 tx=0).stop
2024-04-25T14:29:41.518 INFO:teuthology.orchestra.run.smithi053.stdout:/usr/bin/ceph: stderr
2024-04-25T14:29:40.560+0000 7fc704200700 1 -- 172.21.15.53:0/1697647272 >> 172.21.15.53:0/1697647272 conn(0x7fc6fc102a40 msgr2=0x7fc6fc104e60 unknown :-1 s=STATE_NONE l=0).mark_down
2024-04-25T14:29:41.518 INFO:teuthology.orchestra.run.smithi053.stdout:/usr/bin/ceph: stderr
2024-04-25T14:29:40.560+0000 7fc704200700 1 -- 172.21.15.53:0/1697647272 shutdown_connections
2024-04-25T14:29:41.518 INFO:teuthology.orchestra.run.smithi053.stdout:/usr/bin/ceph: stderr
2024-04-25T14:29:40.560+0000 7fc704200700 1 -- 172.21.15.53:0/1697647272 wait complete.
2024-04-25T14:29:41.518 INFO:teuthology.orchestra.run.smithi053.stdout:/usr/bin/ceph: stderr
2024-04-25T14:29:40.562+0000 7fc704200700 1 Processor -- start
2024-04-25T14:29:41.518 INFO:teuthology.orchestra.run.smithi053.stdout:/usr/bin/ceph: stderr
2024-04-25T14:29:40.562+0000 7fc704200700 1 -- start start
2024-04-25T14:29:41.519 INFO:teuthology.orchestra.run.smithi053.stdout:/usr/bin/ceph: stderr
2024-04-25T14:29:40.562+0000 7fc704200700 1 --2- >> [v2:172.21.15.53:3300/0,v1:172.21.15.53:6789/0] conn(0x7fc6fc109070 0x7fc6fc19c450 unknown :-1 s=NONE pgs=0 cs=0 l=1 rev1=0 crypto rx=0 tx=0 comp rx=0 tx=0).connect
2024-04-25T14:29:41.519 INFO:teuthology.orchestra.run.smithi053.stdout:/usr/bin/ceph: stderr
2024-04-25T14:29:40.562+0000 7fc704200700 1 -- --> [v2:172.21.15.53:3300/0,v1:172.21.15.53:6789/0] -- mon_getmap magic: 0 -- 0x7fc6fc10c8b0 con 0x7fc6fc109070
2024-04-25T14:29:41.519 INFO:teuthology.orchestra.run.smithi053.stdout:/usr/bin/ceph: stderr
2024-04-25T14:29:40.562+0000 7fc701800700 1 --2- >> [v2:172.21.15.53:3300/0,v1:172.21.15.53:6789/0] conn(0x7fc6fc109070 0x7fc6fc19c450 unknown :-1 s=BANNER_CONNECTING pgs=0 cs=0 l=1 rev1=0 crypto rx=0 tx=0 comp rx=0 tx=0)._handle_peer_banner_payload supported=3 required=0
2024-04-25T14:29:41.519 INFO:teuthology.orchestra.run.smithi053.stdout:/usr/bin/ceph: stderr
2024-04-25T14:29:40.562+0000 7fc701800700 1 --2- >> [v2:172.21.15.53:3300/0,v1:172.21.15.53:6789/0] conn(0x7fc6fc109070 0x7fc6fc19c450 unknown :-1 s=HELLO_CONNECTING pgs=0 cs=0 l=1 rev1=1 crypto rx=0 tx=0 comp rx=0 tx=0).handle_hello peer v2:172.21.15.53:3300/0 says I am v2:172.21.15.53:48088/0 (socket says 172.21.15.53:48088)
2024-04-25T14:29:41.519 INFO:teuthology.orchestra.run.smithi053.stdout:/usr/bin/ceph: stderr
2024-04-25T14:29:40.562+0000 7fc701800700 1 -- 172.21.15.53:0/761507807 learned_addr learned my addr 172.21.15.53:0/761507807 (peer_addr_for_me v2:172.21.15.53:0/0)
2024-04-25T14:29:41.519 INFO:teuthology.orchestra.run.smithi053.stdout:/usr/bin/ceph: stderr
2024-04-25T14:29:40.563+0000 7fc701800700 1 -- 172.21.15.53:0/761507807 --> [v2:172.21.15.53:3300/0,v1:172.21.15.53:6789/0] -- mon_subscribe({config=0+,monmap=0+}) -- 0x7fc6fc19c990 con 0x7fc6fc109070
2024-04-25T14:29:41.519 INFO:teuthology.orchestra.run.smithi053.stdout:/usr/bin/ceph: stderr
2024-04-25T14:29:40.563+0000 7fc701800700 1 --2- 172.21.15.53:0/761507807 >> [v2:172.21.15.53:3300/0,v1:172.21.15.53:6789/0] conn(0x7fc6fc109070 0x7fc6fc19c450 secure :-1 s=READY pgs=38 cs=0 l=1 rev1=1 crypto rx=0x7fc6f0011ac0 tx=0x7fc6f0011ba0 comp rx=0 tx=0).ready entity=mon.0 client_cookie=0 server_cookie=0 in_seq=0 out_seq=0
2024-04-25T14:29:41.519 INFO:teuthology.orchestra.run.smithi053.stdout:/usr/bin/ceph: stderr
2024-04-25T14:29:40.563+0000 7fc6fa000700 1 -- 172.21.15.53:0/761507807 <== mon.0 v2:172.21.15.53:3300/0 1 ==== mon_map magic: 0 ==== 205+0+0 (secure 0 0 0) 0x7fc6f0003b20 con 0x7fc6fc109070
2024-04-25T14:29:41.519 INFO:teuthology.orchestra.run.smithi053.stdout:/usr/bin/ceph: stderr
2024-04-25T14:29:40.563+0000 7fc6fa000700 1 -- 172.21.15.53:0/761507807 <== mon.0 v2:172.21.15.53:3300/0 2 ==== config(26 keys) ==== 1070+0+0 (secure 0 0 0) 0x7fc6f001a8c0 con 0x7fc6fc109070
2024-04-25T14:29:41.519 INFO:teuthology.orchestra.run.smithi053.stdout:/usr/bin/ceph: stderr
2024-04-25T14:29:40.563+0000 7fc704200700 1 -- 172.21.15.53:0/761507807 --> [v2:172.21.15.53:3300/0,v1:172.21.15.53:6789/0] -- mon_subscribe({mgrmap=0+}) -- 0x7fc6fc19cc20 con 0x7fc6fc109070
2024-04-25T14:29:41.519 INFO:teuthology.orchestra.run.smithi053.stdout:/usr/bin/ceph: stderr
2024-04-25T14:29:40.563+0000 7fc6fa000700 1 -- 172.21.15.53:0/761507807 <== mon.0 v2:172.21.15.53:3300/0 3 ==== mon_map magic: 0 ==== 205+0+0 (secure 0 0 0) 0x7fc6f00248d0 con 0x7fc6fc109070
2024-04-25T14:29:41.520 INFO:teuthology.orchestra.run.smithi053.stdout:/usr/bin/ceph: stderr
2024-04-25T14:29:40.564+0000 7fc704200700 1 -- 172.21.15.53:0/761507807 --> [v2:172.21.15.53:3300/0,v1:172.21.15.53:6789/0] -- mon_subscribe({osdmap=0}) -- 0x7fc6fc19f910 con 0x7fc6fc109070
2024-04-25T14:29:41.520 INFO:teuthology.orchestra.run.smithi053.stdout:/usr/bin/ceph: stderr
2024-04-25T14:29:40.565+0000 7fc704200700 1 -- 172.21.15.53:0/761507807 --> [v2:172.21.15.53:3300/0,v1:172.21.15.53:6789/0] -- mon_command({"prefix": "get_command_descriptions"} v 0) -- 0x7fc6fc0640a0 con 0x7fc6fc109070
2024-04-25T14:29:41.520 INFO:teuthology.orchestra.run.smithi053.stdout:/usr/bin/ceph: stderr
2024-04-25T14:29:40.565+0000 7fc6fa000700 1 -- 172.21.15.53:0/761507807 <== mon.0 v2:172.21.15.53:3300/0 4 ==== mgrmap(e 8) ==== 46558+0+0 (secure 0 0 0) 0x7fc6f0022020 con 0x7fc6fc109070
2024-04-25T14:29:41.520 INFO:teuthology.orchestra.run.smithi053.stdout:/usr/bin/ceph: stderr
2024-04-25T14:29:40.565+0000 7fc6fa000700 1 --2- 172.21.15.53:0/761507807 >> [v2:172.21.15.53:6800/3887954889,v1:172.21.15.53:6801/3887954889] conn(0x7fc6e4039600 0x7fc6e403bac0 unknown :-1 s=NONE pgs=0 cs=0 l=1 rev1=0 crypto rx=0 tx=0 comp rx=0 tx=0).connect
2024-04-25T14:29:41.520 INFO:teuthology.orchestra.run.smithi053.stdout:/usr/bin/ceph: stderr
2024-04-25T14:29:40.565+0000 7fc6fa000700 1 -- 172.21.15.53:0/761507807 <== mon.0 v2:172.21.15.53:3300/0 5 ==== osd_map(2..2 src has 1..2) ==== 940+0+0 (secure 0 0 0) 0x7fc6f004d900 con 0x7fc6fc109070
2024-04-25T14:29:41.520 INFO:teuthology.orchestra.run.smithi053.stdout:/usr/bin/ceph: stderr
2024-04-25T14:29:40.566+0000 7fc700e00700 1 --2- 172.21.15.53:0/761507807 >> [v2:172.21.15.53:6800/3887954889,v1:172.21.15.53:6801/3887954889] conn(0x7fc6e4039600 0x7fc6e403bac0 unknown :-1 s=BANNER_CONNECTING pgs=0 cs=0 l=1 rev1=0 crypto rx=0 tx=0 comp rx=0 tx=0)._handle_peer_banner_payload supported=3 required=0
2024-04-25T14:29:41.520 INFO:teuthology.orchestra.run.smithi053.stdout:/usr/bin/ceph: stderr
2024-04-25T14:29:40.567+0000 7fc700e00700 1 --2- 172.21.15.53:0/761507807 >> [v2:172.21.15.53:6800/3887954889,v1:172.21.15.53:6801/3887954889] conn(0x7fc6e4039600 0x7fc6e403bac0 secure :-1 s=READY pgs=7 cs=0 l=1 rev1=1 crypto rx=0x7fc6e8006fd0 tx=0x7fc6e8006e40 comp rx=0 tx=0).ready entity=mgr.14120 client_cookie=0 server_cookie=0 in_seq=0 out_seq=0
2024-04-25T14:29:41.520 INFO:teuthology.orchestra.run.smithi053.stdout:/usr/bin/ceph: stderr
2024-04-25T14:29:40.572+0000 7fc6fa000700 1 -- 172.21.15.53:0/761507807 <== mon.0 v2:172.21.15.53:3300/0 6 ==== mon_command_ack([{"prefix": "get_command_descriptions"}]=0 v0) ==== 72+0+188370 (secure 0 0 0) 0x7fc6f000f2e0 con 0x7fc6fc109070
2024-04-25T14:29:41.520 INFO:teuthology.orchestra.run.smithi053.stdout:/usr/bin/ceph: stderr
2024-04-25T14:29:40.817+0000 7fc704200700 1 -- 172.21.15.53:0/761507807 --> [v2:172.21.15.53:6800/3887954889,v1:172.21.15.53:6801/3887954889] -- mgr_command(tid 0: {"prefix": "orch set backend", "module_name": "cephadm", "target": ["mon-mgr", ""]}) -- 0x7fc6fc103c20 con 0x7fc6e4039600
2024-04-25T14:29:41.520 INFO:teuthology.orchestra.run.smithi053.stdout:/usr/bin/ceph: stderr
2024-04-25T14:29:40.828+0000 7fc6fa000700 1 -- 172.21.15.53:0/761507807 <== mgr.14120 v2:172.21.15.53:6800/3887954889 1 ==== mgr_command_reply(tid 0: 0 ) ==== 8+0+0 (secure 0 0 0) 0x7fc6fc103c20 con 0x7fc6e4039600
2024-04-25T14:29:41.521 INFO:teuthology.orchestra.run.smithi053.stdout:/usr/bin/ceph: stderr
2024-04-25T14:29:40.831+0000 7fc704200700 1 -- 172.21.15.53:0/761507807 >> [v2:172.21.15.53:6800/3887954889,v1:172.21.15.53:6801/3887954889] conn(0x7fc6e4039600 msgr2=0x7fc6e403bac0 secure :-1 s=STATE_CONNECTION_ESTABLISHED l=1).mark_down
2024-04-25T14:29:41.521 INFO:teuthology.orchestra.run.smithi053.stdout:/usr/bin/ceph: stderr
2024-04-25T14:29:40.831+0000 7fc704200700 1 --2- 172.21.15.53:0/761507807 >> [v2:172.21.15.53:6800/3887954889,v1:172.21.15.53:6801/3887954889] conn(0x7fc6e4039600 0x7fc6e403bac0 secure :-1 s=READY pgs=7 cs=0 l=1 rev1=1 crypto rx=0x7fc6e8006fd0 tx=0x7fc6e8006e40 comp rx=0 tx=0).stop
2024-04-25T14:29:41.521 INFO:teuthology.orchestra.run.smithi053.stdout:/usr/bin/ceph: stderr
2024-04-25T14:29:40.831+0000 7fc704200700 1 -- 172.21.15.53:0/761507807 >> [v2:172.21.15.53:3300/0,v1:172.21.15.53:6789/0] conn(0x7fc6fc109070 msgr2=0x7fc6fc19c450 secure :-1 s=STATE_CONNECTION_ESTABLISHED l=1).mark_down
2024-04-25T14:29:41.521 INFO:teuthology.orchestra.run.smithi053.stdout:/usr/bin/ceph: stderr
2024-04-25T14:29:40.831+0000 7fc704200700 1 --2- 172.21.15.53:0/761507807 >> [v2:172.21.15.53:3300/0,v1:172.21.15.53:6789/0] conn(0x7fc6fc109070 0x7fc6fc19c450 secure :-1 s=READY pgs=38 cs=0 l=1 rev1=1 crypto rx=0x7fc6f0011ac0 tx=0x7fc6f0011ba0 comp rx=0 tx=0).stop
2024-04-25T14:29:41.521 INFO:teuthology.orchestra.run.smithi053.stdout:/usr/bin/ceph: stderr
2024-04-25T14:29:40.831+0000 7fc704200700 1 -- 172.21.15.53:0/761507807 shutdown_connections
2024-04-25T14:29:41.521 INFO:teuthology.orchestra.run.smithi053.stdout:/usr/bin/ceph: stderr
2024-04-25T14:29:40.831+0000 7fc704200700 1 --2- 172.21.15.53:0/761507807 >> [v2:172.21.15.53:6800/3887954889,v1:172.21.15.53:6801/3887954889] conn(0x7fc6e4039600 0x7fc6e403bac0 unknown :-1 s=CLOSED pgs=7 cs=0 l=1 rev1=1 crypto rx=0 tx=0 comp rx=0 tx=0).stop
2024-04-25T14:29:41.521 INFO:teuthology.orchestra.run.smithi053.stdout:/usr/bin/ceph: stderr
2024-04-25T14:29:40.831+0000 7fc704200700 1 --2- 172.21.15.53:0/761507807 >> [v2:172.21.15.53:3300/0,v1:172.21.15.53:6789/0] conn(0x7fc6fc109070 0x7fc6fc19c450 unknown :-1 s=CLOSED pgs=38 cs=0 l=1 rev1=1 crypto rx=0 tx=0 comp rx=0 tx=0).stop
2024-04-25T14:29:41.521 INFO:teuthology.orchestra.run.smithi053.stdout:/usr/bin/ceph: stderr
2024-04-25T14:29:40.831+0000 7fc704200700 1 -- 172.21.15.53:0/761507807 >> 172.21.15.53:0/761507807 conn(0x7fc6fc102a40 msgr2=0x7fc6fc103510 unknown :-1 s=STATE_NONE l=0).mark_down
2024-04-25T14:29:41.521 INFO:teuthology.orchestra.run.smithi053.stdout:/usr/bin/ceph: stderr
2024-04-25T14:29:40.832+0000 7fc704200700 1 -- 172.21.15.53:0/761507807 shutdown_connections
2024-04-25T14:29:41.521 INFO:teuthology.orchestra.run.smithi053.stdout:/usr/bin/ceph: stderr
2024-04-25T14:29:40.832+0000 7fc704200700 1 -- 172.21.15.53:0/761507807 wait complete.
2024-04-25T14:29:43.161 INFO:teuthology.orchestra.run.smithi053.stdout:/usr/bin/ceph: stdout value unchanged
2024-04-25T14:29:43.161 INFO:teuthology.orchestra.run.smithi053.stdout:/usr/bin/ceph: stderr
2024-04-25T14:29:42.130+0000 7f41a9a00700 1 Processor -- start
2024-04-25T14:29:43.161 INFO:teuthology.orchestra.run.smithi053.stdout:/usr/bin/ceph: stderr
2024-04-25T14:29:42.131+0000 7f41a9a00700 1 -- start start
2024-04-25T14:29:43.161 INFO:teuthology.orchestra.run.smithi053.stdout:/usr/bin/ceph: stderr
2024-04-25T14:29:42.131+0000 7f41a9a00700 1 --2- >> [v2:172.21.15.53:3300/0,v1:172.21.15.53:6789/0] conn(0x7f41a4106dc0 0x7f41a41071e0 unknown :-1 s=NONE pgs=0 cs=0 l=0 rev1=0 crypto rx=0 tx=0 comp rx=0 tx=0).connect
2024-04-25T14:29:43.161 INFO:teuthology.orchestra.run.smithi053.stdout:/usr/bin/ceph: stderr
2024-04-25T14:29:42.131+0000 7f41a9a00700 1 -- --> [v2:172.21.15.53:3300/0,v1:172.21.15.53:6789/0] -- mon_getmap magic: 0 -- 0x7f41a4063d40 con 0x7f41a4106dc0
2024-04-25T14:29:43.161 INFO:teuthology.orchestra.run.smithi053.stdout:/usr/bin/ceph: stderr
2024-04-25T14:29:42.132+0000 7f41a2a00700 1 --2- >> [v2:172.21.15.53:3300/0,v1:172.21.15.53:6789/0] conn(0x7f41a4106dc0 0x7f41a41071e0 unknown :-1 s=BANNER_CONNECTING pgs=0 cs=0 l=0 rev1=0 crypto rx=0 tx=0 comp rx=0 tx=0)._handle_peer_banner_payload supported=3 required=0
2024-04-25T14:29:43.161 INFO:teuthology.orchestra.run.smithi053.stdout:/usr/bin/ceph: stderr
2024-04-25T14:29:42.132+0000 7f41a2a00700 1 --2- >> [v2:172.21.15.53:3300/0,v1:172.21.15.53:6789/0] conn(0x7f41a4106dc0 0x7f41a41071e0 unknown :-1 s=HELLO_CONNECTING pgs=0 cs=0 l=0 rev1=1 crypto rx=0 tx=0 comp rx=0 tx=0).handle_hello peer v2:172.21.15.53:3300/0 says I am v2:172.21.15.53:48100/0 (socket says 172.21.15.53:48100)
2024-04-25T14:29:43.161 INFO:teuthology.orchestra.run.smithi053.stdout:/usr/bin/ceph: stderr
2024-04-25T14:29:42.132+0000 7f41a2a00700 1 -- 172.21.15.53:0/300683546 learned_addr learned my addr 172.21.15.53:0/300683546 (peer_addr_for_me v2:172.21.15.53:0/0)
2024-04-25T14:29:43.161 INFO:teuthology.orchestra.run.smithi053.stdout:/usr/bin/ceph: stderr
2024-04-25T14:29:42.132+0000 7f41a2a00700 1 -- 172.21.15.53:0/300683546 --> [v2:172.21.15.53:3300/0,v1:172.21.15.53:6789/0] -- mon_subscribe({config=0+,monmap=0+}) -- 0x7f41a4107720 con 0x7f41a4106dc0
2024-04-25T14:29:43.167 INFO:teuthology.orchestra.run.smithi053.stdout:/usr/bin/ceph: stderr
2024-04-25T14:29:42.133+0000 7f41a2a00700 1 --2- 172.21.15.53:0/300683546 >> [v2:172.21.15.53:3300/0,v1:172.21.15.53:6789/0] conn(0x7f41a4106dc0 0x7f41a41071e0 secure :-1 s=READY pgs=39 cs=0 l=1 rev1=1 crypto rx=0x7f41940098a0 tx=0x7f4194009bb0 comp rx=0 tx=0).ready entity=mon.0 client_cookie=bc404e8bd2cb26c2 server_cookie=0 in_seq=0 out_seq=0
2024-04-25T14:29:43.167 INFO:teuthology.orchestra.run.smithi053.stdout:/usr/bin/ceph: stderr
2024-04-25T14:29:42.133+0000 7f41a1600700 1 -- 172.21.15.53:0/300683546 <== mon.0 v2:172.21.15.53:3300/0 1 ==== mon_map magic: 0 ==== 205+0+0 (secure 0 0 0) 0x7f4194004160 con 0x7f41a4106dc0
2024-04-25T14:29:43.167 INFO:teuthology.orchestra.run.smithi053.stdout:/usr/bin/ceph: stderr
2024-04-25T14:29:42.133+0000 7f41a1600700 1 -- 172.21.15.53:0/300683546 <== mon.0 v2:172.21.15.53:3300/0 2 ==== config(26 keys) ==== 1070+0+0 (secure 0 0 0) 0x7f4194004300 con 0x7f41a4106dc0
2024-04-25T14:29:43.167 INFO:teuthology.orchestra.run.smithi053.stdout:/usr/bin/ceph: stderr
2024-04-25T14:29:42.133+0000 7f41a1600700 1 -- 172.21.15.53:0/300683546 <== mon.0 v2:172.21.15.53:3300/0 3 ==== mon_map magic: 0 ==== 205+0+0 (secure 0 0 0) 0x7f4194011af0 con 0x7f41a4106dc0
2024-04-25T14:29:43.167 INFO:teuthology.orchestra.run.smithi053.stdout:/usr/bin/ceph: stderr
2024-04-25T14:29:42.133+0000 7f41a9a00700 1 -- 172.21.15.53:0/300683546 >> [v2:172.21.15.53:3300/0,v1:172.21.15.53:6789/0] conn(0x7f41a4106dc0 msgr2=0x7f41a41071e0 secure :-1 s=STATE_CONNECTION_ESTABLISHED l=1).mark_down
2024-04-25T14:29:43.167 INFO:teuthology.orchestra.run.smithi053.stdout:/usr/bin/ceph: stderr
2024-04-25T14:29:42.133+0000 7f41a9a00700 1 --2- 172.21.15.53:0/300683546 >> [v2:172.21.15.53:3300/0,v1:172.21.15.53:6789/0] conn(0x7f41a4106dc0 0x7f41a41071e0 secure :-1 s=READY pgs=39 cs=0 l=1 rev1=1 crypto rx=0x7f41940098a0 tx=0x7f4194009bb0 comp rx=0 tx=0).stop
2024-04-25T14:29:43.167 INFO:teuthology.orchestra.run.smithi053.stdout:/usr/bin/ceph: stderr
2024-04-25T14:29:42.134+0000 7f41a9a00700 1 -- 172.21.15.53:0/300683546 shutdown_connections
2024-04-25T14:29:43.167 INFO:teuthology.orchestra.run.smithi053.stdout:/usr/bin/ceph: stderr
2024-04-25T14:29:42.134+0000 7f41a9a00700 1 --2- 172.21.15.53:0/300683546 >> [v2:172.21.15.53:3300/0,v1:172.21.15.53:6789/0] conn(0x7f41a4106dc0 0x7f41a41071e0 unknown :-1 s=CLOSED pgs=39 cs=0 l=1 rev1=1 crypto rx=0 tx=0 comp rx=0 tx=0).stop
2024-04-25T14:29:43.167 INFO:teuthology.orchestra.run.smithi053.stdout:/usr/bin/ceph: stderr
2024-04-25T14:29:42.134+0000 7f41a9a00700 1 -- 172.21.15.53:0/300683546 >> 172.21.15.53:0/300683546 conn(0x7f41a4102a40 msgr2=0x7f41a4104e60 unknown :-1 s=STATE_NONE l=0).mark_down
2024-04-25T14:29:43.167 INFO:teuthology.orchestra.run.smithi053.stdout:/usr/bin/ceph: stderr
2024-04-25T14:29:42.134+0000 7f41a9a00700 1 -- 172.21.15.53:0/300683546 shutdown_connections
2024-04-25T14:29:43.167 INFO:teuthology.orchestra.run.smithi053.stdout:/usr/bin/ceph: stderr
2024-04-25T14:29:42.134+0000 7f41a9a00700 1 -- 172.21.15.53:0/300683546 wait complete.
2024-04-25T14:29:43.167 INFO:teuthology.orchestra.run.smithi053.stdout:/usr/bin/ceph: stderr
2024-04-25T14:29:42.135+0000 7f41a9a00700 1 Processor -- start
2024-04-25T14:29:43.167 INFO:teuthology.orchestra.run.smithi053.stdout:/usr/bin/ceph: stderr
2024-04-25T14:29:42.136+0000 7f41a9a00700 1 -- start start
2024-04-25T14:29:43.168 INFO:teuthology.orchestra.run.smithi053.stdout:/usr/bin/ceph: stderr
2024-04-25T14:29:42.136+0000 7f41a9a00700 1 --2- >> [v2:172.21.15.53:3300/0,v1:172.21.15.53:6789/0] conn(0x7f41a4106dc0 0x7f41a419e640 unknown :-1 s=NONE pgs=0 cs=0 l=1 rev1=0 crypto rx=0 tx=0 comp rx=0 tx=0).connect
2024-04-25T14:29:43.168 INFO:teuthology.orchestra.run.smithi053.stdout:/usr/bin/ceph: stderr
2024-04-25T14:29:42.136+0000 7f41a9a00700 1 -- --> [v2:172.21.15.53:3300/0,v1:172.21.15.53:6789/0] -- mon_getmap magic: 0 -- 0x7f41a4108750 con 0x7f41a4106dc0
2024-04-25T14:29:43.168 INFO:teuthology.orchestra.run.smithi053.stdout:/usr/bin/ceph: stderr
2024-04-25T14:29:42.136+0000 7f41a2a00700 1 --2- >> [v2:172.21.15.53:3300/0,v1:172.21.15.53:6789/0] conn(0x7f41a4106dc0 0x7f41a419e640 unknown :-1 s=BANNER_CONNECTING pgs=0 cs=0 l=1 rev1=0 crypto rx=0 tx=0 comp rx=0 tx=0)._handle_peer_banner_payload supported=3 required=0
2024-04-25T14:29:43.168 INFO:teuthology.orchestra.run.smithi053.stdout:/usr/bin/ceph: stderr
2024-04-25T14:29:42.136+0000 7f41a2a00700 1 --2- >> [v2:172.21.15.53:3300/0,v1:172.21.15.53:6789/0] conn(0x7f41a4106dc0 0x7f41a419e640 unknown :-1 s=HELLO_CONNECTING pgs=0 cs=0 l=1 rev1=1 crypto rx=0 tx=0 comp rx=0 tx=0).handle_hello peer v2:172.21.15.53:3300/0 says I am v2:172.21.15.53:48110/0 (socket says 172.21.15.53:48110)
2024-04-25T14:29:43.168 INFO:teuthology.orchestra.run.smithi053.stdout:/usr/bin/ceph: stderr
2024-04-25T14:29:42.136+0000 7f41a2a00700 1 -- 172.21.15.53:0/1833150456 learned_addr learned my addr 172.21.15.53:0/1833150456 (peer_addr_for_me v2:172.21.15.53:0/0)
2024-04-25T14:29:43.168 INFO:teuthology.orchestra.run.smithi053.stdout:/usr/bin/ceph: stderr
2024-04-25T14:29:42.137+0000 7f41a2a00700 1 -- 172.21.15.53:0/1833150456 --> [v2:172.21.15.53:3300/0,v1:172.21.15.53:6789/0] -- mon_subscribe({config=0+,monmap=0+}) -- 0x7f41a419eb80 con 0x7f41a4106dc0
2024-04-25T14:29:43.168 INFO:teuthology.orchestra.run.smithi053.stdout:/usr/bin/ceph: stderr
2024-04-25T14:29:42.137+0000 7f41a2a00700 1 --2- 172.21.15.53:0/1833150456 >> [v2:172.21.15.53:3300/0,v1:172.21.15.53:6789/0] conn(0x7f41a4106dc0 0x7f41a419e640 secure :-1 s=READY pgs=40 cs=0 l=1 rev1=1 crypto rx=0x7f4194011ac0 tx=0x7f4194011ba0 comp rx=0 tx=0).ready entity=mon.0 client_cookie=0 server_cookie=0 in_seq=0 out_seq=0
2024-04-25T14:29:43.168 INFO:teuthology.orchestra.run.smithi053.stdout:/usr/bin/ceph: stderr
2024-04-25T14:29:42.137+0000 7f419b400700 1 -- 172.21.15.53:0/1833150456 <== mon.0 v2:172.21.15.53:3300/0 1 ==== mon_map magic: 0 ==== 205+0+0 (secure 0 0 0) 0x7f4194003b20 con 0x7f41a4106dc0
2024-04-25T14:29:43.168 INFO:teuthology.orchestra.run.smithi053.stdout:/usr/bin/ceph: stderr
2024-04-25T14:29:42.138+0000 7f419b400700 1 -- 172.21.15.53:0/1833150456 <== mon.0 v2:172.21.15.53:3300/0 2 ==== config(26 keys) ==== 1070+0+0 (secure 0 0 0) 0x7f419401a8c0 con 0x7f41a4106dc0
2024-04-25T14:29:43.168 INFO:teuthology.orchestra.run.smithi053.stdout:/usr/bin/ceph: stderr
2024-04-25T14:29:42.138+0000 7f419b400700 1 -- 172.21.15.53:0/1833150456 <== mon.0 v2:172.21.15.53:3300/0 3 ==== mon_map magic: 0 ==== 205+0+0 (secure 0 0 0) 0x7f41940248d0 con 0x7f41a4106dc0
2024-04-25T14:29:43.168 INFO:teuthology.orchestra.run.smithi053.stdout:/usr/bin/ceph: stderr
2024-04-25T14:29:42.138+0000 7f41a9a00700 1 -- 172.21.15.53:0/1833150456 --> [v2:172.21.15.53:3300/0,v1:172.21.15.53:6789/0] -- mon_subscribe({mgrmap=0+}) -- 0x7f41a419ee10 con 0x7f41a4106dc0
2024-04-25T14:29:43.168 INFO:teuthology.orchestra.run.smithi053.stdout:/usr/bin/ceph: stderr
2024-04-25T14:29:42.138+0000 7f41a9a00700 1 -- 172.21.15.53:0/1833150456 --> [v2:172.21.15.53:3300/0,v1:172.21.15.53:6789/0] -- mon_subscribe({osdmap=0}) -- 0x7f41a41a1b00 con 0x7f41a4106dc0
2024-04-25T14:29:43.168 INFO:teuthology.orchestra.run.smithi053.stdout:/usr/bin/ceph: stderr
2024-04-25T14:29:42.139+0000 7f419b400700 1 -- 172.21.15.53:0/1833150456 <== mon.0 v2:172.21.15.53:3300/0 4 ==== mgrmap(e 8) ==== 46558+0+0 (secure 0 0 0) 0x7f4194022020 con 0x7f41a4106dc0
2024-04-25T14:29:43.168 INFO:teuthology.orchestra.run.smithi053.stdout:/usr/bin/ceph: stderr
2024-04-25T14:29:42.139+0000 7f4198c00700 1 -- 172.21.15.53:0/1833150456 --> [v2:172.21.15.53:3300/0,v1:172.21.15.53:6789/0] -- mon_command({"prefix": "get_command_descriptions"} v 0) -- 0x7f41a4069ba0 con 0x7f41a4106dc0
2024-04-25T14:29:43.169 INFO:teuthology.orchestra.run.smithi053.stdout:/usr/bin/ceph: stderr
2024-04-25T14:29:42.140+0000 7f419b400700 1 --2- 172.21.15.53:0/1833150456 >> [v2:172.21.15.53:6800/3887954889,v1:172.21.15.53:6801/3887954889] conn(0x7f4188039600 0x7f418803bac0 unknown :-1 s=NONE pgs=0 cs=0 l=1 rev1=0 crypto rx=0 tx=0 comp rx=0 tx=0).connect
2024-04-25T14:29:43.169 INFO:teuthology.orchestra.run.smithi053.stdout:/usr/bin/ceph: stderr
2024-04-25T14:29:42.140+0000 7f419b400700 1 -- 172.21.15.53:0/1833150456 <== mon.0 v2:172.21.15.53:3300/0 5 ==== osd_map(2..2 src has 1..2) ==== 940+0+0 (secure 0 0 0) 0x7f419404dd20 con 0x7f41a4106dc0
2024-04-25T14:29:43.169 INFO:teuthology.orchestra.run.smithi053.stdout:/usr/bin/ceph: stderr
2024-04-25T14:29:42.140+0000 7f41a2000700 1 --2- 172.21.15.53:0/1833150456 >> [v2:172.21.15.53:6800/3887954889,v1:172.21.15.53:6801/3887954889] conn(0x7f4188039600 0x7f418803bac0 unknown :-1 s=BANNER_CONNECTING pgs=0 cs=0 l=1 rev1=0 crypto rx=0 tx=0 comp rx=0 tx=0)._handle_peer_banner_payload supported=3 required=0
2024-04-25T14:29:43.169 INFO:teuthology.orchestra.run.smithi053.stdout:/usr/bin/ceph: stderr
2024-04-25T14:29:42.141+0000 7f41a2000700 1 --2- 172.21.15.53:0/1833150456 >> [v2:172.21.15.53:6800/3887954889,v1:172.21.15.53:6801/3887954889] conn(0x7f4188039600 0x7f418803bac0 secure :-1 s=READY pgs=8 cs=0 l=1 rev1=1 crypto rx=0x7f4190006fd0 tx=0x7f4190006e40 comp rx=0 tx=0).ready entity=mgr.14120 client_cookie=0 server_cookie=0 in_seq=0 out_seq=0
2024-04-25T14:29:43.169 INFO:teuthology.orchestra.run.smithi053.stdout:/usr/bin/ceph: stderr
2024-04-25T14:29:42.146+0000 7f419b400700 1 -- 172.21.15.53:0/1833150456 <== mon.0 v2:172.21.15.53:3300/0 6 ==== mon_command_ack([{"prefix": "get_command_descriptions"}]=0 v0) ==== 72+0+188370 (secure 0 0 0) 0x7f419400f2e0 con 0x7f41a4106dc0
2024-04-25T14:29:43.169 INFO:teuthology.orchestra.run.smithi053.stdout:/usr/bin/ceph: stderr
2024-04-25T14:29:42.405+0000 7f4198c00700 1 -- 172.21.15.53:0/1833150456 --> [v2:172.21.15.53:6800/3887954889,v1:172.21.15.53:6801/3887954889] -- mgr_command(tid 0: {"prefix": "cephadm set-user", "user": "root", "target": ["mon-mgr", ""]}) -- 0x7f41a419f2f0 con 0x7f4188039600
2024-04-25T14:29:43.169 INFO:teuthology.orchestra.run.smithi053.stdout:/usr/bin/ceph: stderr
2024-04-25T14:29:42.406+0000 7f419b400700 1 -- 172.21.15.53:0/1833150456 <== mgr.14120 v2:172.21.15.53:6800/3887954889 1 ==== mgr_command_reply(tid 0: 0 ) ==== 8+0+16 (secure 0 0 0) 0x7f41a419f2f0 con 0x7f4188039600
2024-04-25T14:29:43.169 INFO:teuthology.orchestra.run.smithi053.stdout:/usr/bin/ceph: stderr
2024-04-25T14:29:42.409+0000 7f4198c00700 1 -- 172.21.15.53:0/1833150456 >> [v2:172.21.15.53:6800/3887954889,v1:172.21.15.53:6801/3887954889] conn(0x7f4188039600 msgr2=0x7f418803bac0 secure :-1 s=STATE_CONNECTION_ESTABLISHED l=1).mark_down
2024-04-25T14:29:43.169 INFO:teuthology.orchestra.run.smithi053.stdout:/usr/bin/ceph: stderr
2024-04-25T14:29:42.409+0000 7f4198c00700 1 --2- 172.21.15.53:0/1833150456 >> [v2:172.21.15.53:6800/3887954889,v1:172.21.15.53:6801/3887954889] conn(0x7f4188039600 0x7f418803bac0 secure :-1 s=READY pgs=8 cs=0 l=1 rev1=1 crypto rx=0x7f4190006fd0 tx=0x7f4190006e40 comp rx=0 tx=0).stop
2024-04-25T14:29:43.169 INFO:teuthology.orchestra.run.smithi053.stdout:/usr/bin/ceph: stderr
2024-04-25T14:29:42.409+0000 7f4198c00700 1 -- 172.21.15.53:0/1833150456 >> [v2:172.21.15.53:3300/0,v1:172.21.15.53:6789/0] conn(0x7f41a4106dc0 msgr2=0x7f41a419e640 secure :-1 s=STATE_CONNECTION_ESTABLISHED l=1).mark_down
2024-04-25T14:29:43.169 INFO:teuthology.orchestra.run.smithi053.stdout:/usr/bin/ceph: stderr
2024-04-25T14:29:42.409+0000 7f4198c00700 1 --2- 172.21.15.53:0/1833150456 >> [v2:172.21.15.53:3300/0,v1:172.21.15.53:6789/0] conn(0x7f41a4106dc0 0x7f41a419e640 secure :-1 s=READY pgs=40 cs=0 l=1 rev1=1 crypto rx=0x7f4194011ac0 tx=0x7f4194011ba0 comp rx=0 tx=0).stop
2024-04-25T14:29:43.169 INFO:teuthology.orchestra.run.smithi053.stdout:/usr/bin/ceph: stderr
2024-04-25T14:29:42.409+0000 7f4198c00700 1 -- 172.21.15.53:0/1833150456 shutdown_connections
2024-04-25T14:29:43.169 INFO:teuthology.orchestra.run.smithi053.stdout:/usr/bin/ceph: stderr
2024-04-25T14:29:42.409+0000 7f4198c00700 1 --2- 172.21.15.53:0/1833150456 >> [v2:172.21.15.53:6800/3887954889,v1:172.21.15.53:6801/3887954889] conn(0x7f4188039600 0x7f418803bac0 unknown :-1 s=CLOSED pgs=8 cs=0 l=1 rev1=1 crypto rx=0 tx=0 comp rx=0 tx=0).stop
2024-04-25T14:29:43.169 INFO:teuthology.orchestra.run.smithi053.stdout:/usr/bin/ceph: stderr
2024-04-25T14:29:42.409+0000 7f4198c00700 1 --2- 172.21.15.53:0/1833150456 >> [v2:172.21.15.53:3300/0,v1:172.21.15.53:6789/0] conn(0x7f41a4106dc0 0x7f41a419e640 unknown :-1 s=CLOSED pgs=40 cs=0 l=1 rev1=1 crypto rx=0 tx=0 comp rx=0 tx=0).stop
2024-04-25T14:29:43.170 INFO:teuthology.orchestra.run.smithi053.stdout:/usr/bin/ceph: stderr
2024-04-25T14:29:42.409+0000 7f4198c00700 1 -- 172.21.15.53:0/1833150456 >> 172.21.15.53:0/1833150456 conn(0x7f41a4102a40 msgr2=0x7f41a4195220 unknown :-1 s=STATE_NONE l=0).mark_down
2024-04-25T14:29:43.170 INFO:teuthology.orchestra.run.smithi053.stdout:/usr/bin/ceph: stderr
2024-04-25T14:29:42.409+0000 7f4198c00700 1 -- 172.21.15.53:0/1833150456 shutdown_connections
2024-04-25T14:29:43.170 INFO:teuthology.orchestra.run.smithi053.stdout:/usr/bin/ceph: stderr
2024-04-25T14:29:42.410+0000 7f4198c00700 1 -- 172.21.15.53:0/1833150456 wait complete.
2024-04-25T14:29:43.170 INFO:teuthology.orchestra.run.smithi053.stdout:Generating ssh key...
2024-04-25T14:29:43.447 INFO:journalctl@ceph.mon.a.smithi053.stdout:Apr 25 14:29:43 smithi053 ceph-mon[27773]: from='client.14134 -' entity='client.admin' cmd=[{"prefix": "cephadm set-user", "user": "root", "target": ["mon-mgr", ""]}]: dispatch
2024-04-25T14:29:44.533 INFO:journalctl@ceph.mon.a.smithi053.stdout:Apr 25 14:29:44 smithi053 ceph-mon[27773]: from='client.14136 -' entity='client.admin' cmd=[{"prefix": "cephadm generate-key", "target": ["mon-mgr", ""]}]: dispatch
2024-04-25T14:29:44.533 INFO:journalctl@ceph.mon.a.smithi053.stdout:Apr 25 14:29:44 smithi053 ceph-mon[27773]: Generating ssh key...
2024-04-25T14:29:44.533 INFO:journalctl@ceph.mgr.x.smithi053.stdout:Apr 25 14:29:44 smithi053 ceph-fd30e6ce-030f-11ef-bc93-c7b262605968-mgr-x[28005]: Generating public/private rsa key pair.
2024-04-25T14:29:44.533 INFO:journalctl@ceph.mgr.x.smithi053.stdout:Apr 25 14:29:44 smithi053 ceph-fd30e6ce-030f-11ef-bc93-c7b262605968-mgr-x[28005]: Your identification has been saved in /tmp/tmp_an2hy2p/key.
2024-04-25T14:29:44.533 INFO:journalctl@ceph.mgr.x.smithi053.stdout:Apr 25 14:29:44 smithi053 ceph-fd30e6ce-030f-11ef-bc93-c7b262605968-mgr-x[28005]: Your public key has been saved in /tmp/tmp_an2hy2p/key.pub.
2024-04-25T14:29:44.533 INFO:journalctl@ceph.mgr.x.smithi053.stdout:Apr 25 14:29:44 smithi053 ceph-fd30e6ce-030f-11ef-bc93-c7b262605968-mgr-x[28005]: The key fingerprint is:
2024-04-25T14:29:44.534 INFO:journalctl@ceph.mgr.x.smithi053.stdout:Apr 25 14:29:44 smithi053 ceph-fd30e6ce-030f-11ef-bc93-c7b262605968-mgr-x[28005]: SHA256:IiEJrgikGH21nfcJr3rcfhc5KgRr/p0/kDvWLxwY9Do ceph-fd30e6ce-030f-11ef-bc93-c7b262605968
2024-04-25T14:29:44.534 INFO:journalctl@ceph.mgr.x.smithi053.stdout:Apr 25 14:29:44 smithi053 ceph-fd30e6ce-030f-11ef-bc93-c7b262605968-mgr-x[28005]: The key's randomart image is:
2024-04-25T14:29:44.534 INFO:journalctl@ceph.mgr.x.smithi053.stdout:Apr 25 14:29:44 smithi053 ceph-fd30e6ce-030f-11ef-bc93-c7b262605968-mgr-x[28005]: +---[RSA 3072]----+
2024-04-25T14:29:44.534 INFO:journalctl@ceph.mgr.x.smithi053.stdout:Apr 25 14:29:44 smithi053 ceph-fd30e6ce-030f-11ef-bc93-c7b262605968-mgr-x[28005]: |oo .. |
2024-04-25T14:29:44.534 INFO:journalctl@ceph.mgr.x.smithi053.stdout:Apr 25 14:29:44 smithi053 ceph-fd30e6ce-030f-11ef-bc93-c7b262605968-mgr-x[28005]: |=o... o . . |
2024-04-25T14:29:44.534 INFO:journalctl@ceph.mgr.x.smithi053.stdout:Apr 25 14:29:44 smithi053 ceph-fd30e6ce-030f-11ef-bc93-c7b262605968-mgr-x[28005]: |+.o.. . o o. . |
2024-04-25T14:29:44.534 INFO:journalctl@ceph.mgr.x.smithi053.stdout:Apr 25 14:29:44 smithi053 ceph-fd30e6ce-030f-11ef-bc93-c7b262605968-mgr-x[28005]: |+ . . o +... |
2024-04-25T14:29:44.534 INFO:journalctl@ceph.mgr.x.smithi053.stdout:Apr 25 14:29:44 smithi053 ceph-fd30e6ce-030f-11ef-bc93-c7b262605968-mgr-x[28005]: |o . . S o ++. .|
2024-04-25T14:29:44.534 INFO:journalctl@ceph.mgr.x.smithi053.stdout:Apr 25 14:29:44 smithi053 ceph-fd30e6ce-030f-11ef-bc93-c7b262605968-mgr-x[28005]: | . . o oEo.+ |
2024-04-25T14:29:44.534 INFO:journalctl@ceph.mgr.x.smithi053.stdout:Apr 25 14:29:44 smithi053 ceph-fd30e6ce-030f-11ef-bc93-c7b262605968-mgr-x[28005]: | o.o. o=.o|
2024-04-25T14:29:44.534 INFO:journalctl@ceph.mgr.x.smithi053.stdout:Apr 25 14:29:44 smithi053 ceph-fd30e6ce-030f-11ef-bc93-c7b262605968-mgr-x[28005]: | oo.o==o.|
2024-04-25T14:29:44.534 INFO:journalctl@ceph.mgr.x.smithi053.stdout:Apr 25 14:29:44 smithi053 ceph-fd30e6ce-030f-11ef-bc93-c7b262605968-mgr-x[28005]: | ...o++o++|
2024-04-25T14:29:44.534 INFO:journalctl@ceph.mgr.x.smithi053.stdout:Apr 25 14:29:44 smithi053 ceph-fd30e6ce-030f-11ef-bc93-c7b262605968-mgr-x[28005]: +----[SHA256]-----+
2024-04-25T14:29:44.976 INFO:teuthology.orchestra.run.smithi053.stdout:/usr/bin/ceph: stderr
2024-04-25T14:29:43.785+0000 7fe449600700 1 Processor -- start
2024-04-25T14:29:44.976 INFO:teuthology.orchestra.run.smithi053.stdout:/usr/bin/ceph: stderr
2024-04-25T14:29:43.785+0000 7fe449600700 1 -- start start
2024-04-25T14:29:44.976 INFO:teuthology.orchestra.run.smithi053.stdout:/usr/bin/ceph: stderr
2024-04-25T14:29:43.786+0000 7fe449600700 1 --2- >> [v2:172.21.15.53:3300/0,v1:172.21.15.53:6789/0] conn(0x7fe44410a780 0x7fe44410aba0 unknown :-1 s=NONE pgs=0 cs=0 l=0 rev1=0 crypto rx=0 tx=0 comp rx=0 tx=0).connect
2024-04-25T14:29:44.976 INFO:teuthology.orchestra.run.smithi053.stdout:/usr/bin/ceph: stderr
2024-04-25T14:29:43.786+0000 7fe449600700 1 -- --> [v2:172.21.15.53:3300/0,v1:172.21.15.53:6789/0] -- mon_getmap magic: 0 -- 0x7fe44410b170 con 0x7fe44410a780
2024-04-25T14:29:44.977 INFO:teuthology.orchestra.run.smithi053.stdout:/usr/bin/ceph: stderr
2024-04-25T14:29:43.786+0000 7fe442a00700 1 --2- >> [v2:172.21.15.53:3300/0,v1:172.21.15.53:6789/0] conn(0x7fe44410a780 0x7fe44410aba0 unknown :-1 s=BANNER_CONNECTING pgs=0 cs=0 l=0 rev1=0 crypto rx=0 tx=0 comp rx=0 tx=0)._handle_peer_banner_payload supported=3 required=0
2024-04-25T14:29:44.977 INFO:teuthology.orchestra.run.smithi053.stdout:/usr/bin/ceph: stderr
2024-04-25T14:29:43.787+0000 7fe442a00700 1 --2- >> [v2:172.21.15.53:3300/0,v1:172.21.15.53:6789/0] conn(0x7fe44410a780 0x7fe44410aba0 unknown :-1 s=HELLO_CONNECTING pgs=0 cs=0 l=0 rev1=1 crypto rx=0 tx=0 comp rx=0 tx=0).handle_hello peer v2:172.21.15.53:3300/0 says I am v2:172.21.15.53:47618/0 (socket says 172.21.15.53:47618)
2024-04-25T14:29:44.977 INFO:teuthology.orchestra.run.smithi053.stdout:/usr/bin/ceph: stderr
2024-04-25T14:29:43.787+0000 7fe442a00700 1 -- 172.21.15.53:0/1715691673 learned_addr learned my addr 172.21.15.53:0/1715691673 (peer_addr_for_me v2:172.21.15.53:0/0)
2024-04-25T14:29:44.977 INFO:teuthology.orchestra.run.smithi053.stdout:/usr/bin/ceph: stderr
2024-04-25T14:29:43.787+0000 7fe442a00700 1 -- 172.21.15.53:0/1715691673 --> [v2:172.21.15.53:3300/0,v1:172.21.15.53:6789/0] -- mon_subscribe({config=0+,monmap=0+}) -- 0x7fe44410b930 con 0x7fe44410a780
2024-04-25T14:29:44.977 INFO:teuthology.orchestra.run.smithi053.stdout:/usr/bin/ceph: stderr
2024-04-25T14:29:43.787+0000 7fe442a00700 1 --2- 172.21.15.53:0/1715691673 >> [v2:172.21.15.53:3300/0,v1:172.21.15.53:6789/0] conn(0x7fe44410a780 0x7fe44410aba0 secure :-1 s=READY pgs=41 cs=0 l=1 rev1=1 crypto rx=0x7fe4340098a0 tx=0x7fe434009bb0 comp rx=0 tx=0).ready entity=mon.0 client_cookie=de39ad9440829edd server_cookie=0 in_seq=0 out_seq=0
2024-04-25T14:29:44.979 INFO:teuthology.orchestra.run.smithi053.stdout:/usr/bin/ceph: stderr
2024-04-25T14:29:43.788+0000 7fe441600700 1 -- 172.21.15.53:0/1715691673 <== mon.0 v2:172.21.15.53:3300/0 1 ==== mon_map magic: 0 ==== 205+0+0 (secure 0 0 0) 0x7fe434004160 con 0x7fe44410a780
2024-04-25T14:29:44.979 INFO:teuthology.orchestra.run.smithi053.stdout:/usr/bin/ceph: stderr
2024-04-25T14:29:43.788+0000 7fe441600700 1 -- 172.21.15.53:0/1715691673 <== mon.0 v2:172.21.15.53:3300/0 2 ==== config(26 keys) ==== 1070+0+0 (secure 0 0 0) 0x7fe434004300 con 0x7fe44410a780
2024-04-25T14:29:44.979 INFO:teuthology.orchestra.run.smithi053.stdout:/usr/bin/ceph: stderr
2024-04-25T14:29:43.788+0000 7fe441600700 1 -- 172.21.15.53:0/1715691673 <== mon.0 v2:172.21.15.53:3300/0 3 ==== mon_map magic: 0 ==== 205+0+0 (secure 0 0 0) 0x7fe434011af0 con 0x7fe44410a780
2024-04-25T14:29:44.979 INFO:teuthology.orchestra.run.smithi053.stdout:/usr/bin/ceph: stderr
2024-04-25T14:29:43.788+0000 7fe449600700 1 -- 172.21.15.53:0/1715691673 >> [v2:172.21.15.53:3300/0,v1:172.21.15.53:6789/0] conn(0x7fe44410a780 msgr2=0x7fe44410aba0 secure :-1 s=STATE_CONNECTION_ESTABLISHED l=1).mark_down
2024-04-25T14:29:44.980 INFO:teuthology.orchestra.run.smithi053.stdout:/usr/bin/ceph: stderr
2024-04-25T14:29:43.788+0000 7fe449600700 1 --2- 172.21.15.53:0/1715691673 >> [v2:172.21.15.53:3300/0,v1:172.21.15.53:6789/0] conn(0x7fe44410a780 0x7fe44410aba0 secure :-1 s=READY pgs=41 cs=0 l=1 rev1=1 crypto rx=0x7fe4340098a0 tx=0x7fe434009bb0 comp rx=0 tx=0).stop
2024-04-25T14:29:44.980 INFO:teuthology.orchestra.run.smithi053.stdout:/usr/bin/ceph: stderr
2024-04-25T14:29:43.788+0000 7fe449600700 1 -- 172.21.15.53:0/1715691673 shutdown_connections
2024-04-25T14:29:44.980 INFO:teuthology.orchestra.run.smithi053.stdout:/usr/bin/ceph: stderr
2024-04-25T14:29:43.788+0000 7fe449600700 1 --2- 172.21.15.53:0/1715691673 >> [v2:172.21.15.53:3300/0,v1:172.21.15.53:6789/0] conn(0x7fe44410a780 0x7fe44410aba0 unknown :-1 s=CLOSED pgs=41 cs=0 l=1 rev1=1 crypto rx=0 tx=0 comp rx=0 tx=0).stop
2024-04-25T14:29:44.980 INFO:teuthology.orchestra.run.smithi053.stdout:/usr/bin/ceph: stderr
2024-04-25T14:29:43.788+0000 7fe449600700 1 -- 172.21.15.53:0/1715691673 >> 172.21.15.53:0/1715691673 conn(0x7fe444105d40 msgr2=0x7fe444108160 unknown :-1 s=STATE_NONE l=0).mark_down
2024-04-25T14:29:44.980 INFO:teuthology.orchestra.run.smithi053.stdout:/usr/bin/ceph: stderr
2024-04-25T14:29:43.789+0000 7fe449600700 1 -- 172.21.15.53:0/1715691673 shutdown_connections
2024-04-25T14:29:44.980 INFO:teuthology.orchestra.run.smithi053.stdout:/usr/bin/ceph: stderr
2024-04-25T14:29:43.789+0000 7fe449600700 1 -- 172.21.15.53:0/1715691673 wait complete.
2024-04-25T14:29:44.980 INFO:teuthology.orchestra.run.smithi053.stdout:/usr/bin/ceph: stderr
2024-04-25T14:29:43.790+0000 7fe449600700 1 Processor -- start
2024-04-25T14:29:44.980 INFO:teuthology.orchestra.run.smithi053.stdout:/usr/bin/ceph: stderr
2024-04-25T14:29:43.790+0000 7fe449600700 1 -- start start
2024-04-25T14:29:44.980 INFO:teuthology.orchestra.run.smithi053.stdout:/usr/bin/ceph: stderr
2024-04-25T14:29:43.790+0000 7fe449600700 1 --2- >> [v2:172.21.15.53:3300/0,v1:172.21.15.53:6789/0] conn(0x7fe44410a780 0x7fe44419e680 unknown :-1 s=NONE pgs=0 cs=0 l=1 rev1=0 crypto rx=0 tx=0 comp rx=0 tx=0).connect
2024-04-25T14:29:44.980 INFO:teuthology.orchestra.run.smithi053.stdout:/usr/bin/ceph: stderr
2024-04-25T14:29:43.790+0000 7fe449600700 1 -- --> [v2:172.21.15.53:3300/0,v1:172.21.15.53:6789/0] -- mon_getmap magic: 0 -- 0x7fe44410ece0 con 0x7fe44410a780
2024-04-25T14:29:44.980 INFO:teuthology.orchestra.run.smithi053.stdout:/usr/bin/ceph: stderr
2024-04-25T14:29:43.791+0000 7fe442a00700 1 --2- >> [v2:172.21.15.53:3300/0,v1:172.21.15.53:6789/0] conn(0x7fe44410a780 0x7fe44419e680 unknown :-1 s=BANNER_CONNECTING pgs=0 cs=0 l=1 rev1=0 crypto rx=0 tx=0 comp rx=0 tx=0)._handle_peer_banner_payload supported=3 required=0
2024-04-25T14:29:44.980 INFO:teuthology.orchestra.run.smithi053.stdout:/usr/bin/ceph: stderr
2024-04-25T14:29:43.791+0000 7fe442a00700 1 --2- >> [v2:172.21.15.53:3300/0,v1:172.21.15.53:6789/0] conn(0x7fe44410a780 0x7fe44419e680 unknown :-1 s=HELLO_CONNECTING pgs=0 cs=0 l=1 rev1=1 crypto rx=0 tx=0 comp rx=0 tx=0).handle_hello peer v2:172.21.15.53:3300/0 says I am v2:172.21.15.53:47628/0 (socket says 172.21.15.53:47628)
2024-04-25T14:29:44.980 INFO:teuthology.orchestra.run.smithi053.stdout:/usr/bin/ceph: stderr
2024-04-25T14:29:43.791+0000 7fe442a00700 1 -- 172.21.15.53:0/1307592640 learned_addr learned my addr 172.21.15.53:0/1307592640 (peer_addr_for_me v2:172.21.15.53:0/0)
2024-04-25T14:29:44.980 INFO:teuthology.orchestra.run.smithi053.stdout:/usr/bin/ceph: stderr
2024-04-25T14:29:43.791+0000 7fe442a00700 1 -- 172.21.15.53:0/1307592640 --> [v2:172.21.15.53:3300/0,v1:172.21.15.53:6789/0] -- mon_subscribe({config=0+,monmap=0+}) -- 0x7fe44419ebc0 con 0x7fe44410a780
2024-04-25T14:29:44.981 INFO:teuthology.orchestra.run.smithi053.stdout:/usr/bin/ceph: stderr
2024-04-25T14:29:43.791+0000 7fe442a00700 1 --2- 172.21.15.53:0/1307592640 >> [v2:172.21.15.53:3300/0,v1:172.21.15.53:6789/0] conn(0x7fe44410a780 0x7fe44419e680 secure :-1 s=READY pgs=42 cs=0 l=1 rev1=1 crypto rx=0x7fe434000c00 tx=0x7fe434011b70 comp rx=0 tx=0).ready entity=mon.0 client_cookie=0 server_cookie=0 in_seq=0 out_seq=0
2024-04-25T14:29:44.981 INFO:teuthology.orchestra.run.smithi053.stdout:/usr/bin/ceph: stderr
2024-04-25T14:29:43.792+0000 7fe43b400700 1 -- 172.21.15.53:0/1307592640 <== mon.0 v2:172.21.15.53:3300/0 1 ==== mon_map magic: 0 ==== 205+0+0 (secure 0 0 0) 0x7fe434003b20 con 0x7fe44410a780
2024-04-25T14:29:44.981 INFO:teuthology.orchestra.run.smithi053.stdout:/usr/bin/ceph: stderr
2024-04-25T14:29:43.792+0000 7fe43b400700 1 -- 172.21.15.53:0/1307592640 <== mon.0 v2:172.21.15.53:3300/0 2 ==== config(26 keys) ==== 1070+0+0 (secure 0 0 0) 0x7fe43401a8c0 con 0x7fe44410a780
2024-04-25T14:29:44.983 INFO:teuthology.orchestra.run.smithi053.stdout:/usr/bin/ceph: stderr
2024-04-25T14:29:43.792+0000 7fe449600700 1 -- 172.21.15.53:0/1307592640 --> [v2:172.21.15.53:3300/0,v1:172.21.15.53:6789/0] -- mon_subscribe({mgrmap=0+}) -- 0x7fe44419ee50 con 0x7fe44410a780
2024-04-25T14:29:44.983 INFO:teuthology.orchestra.run.smithi053.stdout:/usr/bin/ceph: stderr
2024-04-25T14:29:43.792+0000 7fe43b400700 1 -- 172.21.15.53:0/1307592640 <== mon.0 v2:172.21.15.53:3300/0 3 ==== mon_map magic: 0 ==== 205+0+0 (secure 0 0 0) 0x7fe434024940 con 0x7fe44410a780
2024-04-25T14:29:44.983 INFO:teuthology.orchestra.run.smithi053.stdout:/usr/bin/ceph: stderr
2024-04-25T14:29:43.792+0000 7fe449600700 1 -- 172.21.15.53:0/1307592640 --> [v2:172.21.15.53:3300/0,v1:172.21.15.53:6789/0] -- mon_subscribe({osdmap=0}) -- 0x7fe4441a1b40 con 0x7fe44410a780
2024-04-25T14:29:44.983 INFO:teuthology.orchestra.run.smithi053.stdout:/usr/bin/ceph: stderr
2024-04-25T14:29:43.793+0000 7fe449600700 1 -- 172.21.15.53:0/1307592640 --> [v2:172.21.15.53:3300/0,v1:172.21.15.53:6789/0] -- mon_command({"prefix": "get_command_descriptions"} v 0) -- 0x7fe4440640a0 con 0x7fe44410a780
2024-04-25T14:29:44.983 INFO:teuthology.orchestra.run.smithi053.stdout:/usr/bin/ceph: stderr
2024-04-25T14:29:43.793+0000 7fe43b400700 1 -- 172.21.15.53:0/1307592640 <== mon.0 v2:172.21.15.53:3300/0 4 ==== mgrmap(e 8) ==== 46558+0+0 (secure 0 0 0) 0x7fe434022020 con 0x7fe44410a780
2024-04-25T14:29:44.983 INFO:teuthology.orchestra.run.smithi053.stdout:/usr/bin/ceph: stderr
2024-04-25T14:29:43.794+0000 7fe43b400700 1 --2- 172.21.15.53:0/1307592640 >> [v2:172.21.15.53:6800/3887954889,v1:172.21.15.53:6801/3887954889] conn(0x7fe4280395b0 0x7fe42803ba70 unknown :-1 s=NONE pgs=0 cs=0 l=1 rev1=0 crypto rx=0 tx=0 comp rx=0 tx=0).connect
2024-04-25T14:29:44.984 INFO:teuthology.orchestra.run.smithi053.stdout:/usr/bin/ceph: stderr
2024-04-25T14:29:43.794+0000 7fe43b400700 1 -- 172.21.15.53:0/1307592640 <== mon.0 v2:172.21.15.53:3300/0 5 ==== osd_map(2..2 src has 1..2) ==== 940+0+0 (secure 0 0 0) 0x7fe43404d8a0 con 0x7fe44410a780
2024-04-25T14:29:44.984 INFO:teuthology.orchestra.run.smithi053.stdout:/usr/bin/ceph: stderr
2024-04-25T14:29:43.794+0000 7fe442000700 1 --2- 172.21.15.53:0/1307592640 >> [v2:172.21.15.53:6800/3887954889,v1:172.21.15.53:6801/3887954889] conn(0x7fe4280395b0 0x7fe42803ba70 unknown :-1 s=BANNER_CONNECTING pgs=0 cs=0 l=1 rev1=0 crypto rx=0 tx=0 comp rx=0 tx=0)._handle_peer_banner_payload supported=3 required=0
2024-04-25T14:29:44.984 INFO:teuthology.orchestra.run.smithi053.stdout:/usr/bin/ceph: stderr
2024-04-25T14:29:43.795+0000 7fe442000700 1 --2- 172.21.15.53:0/1307592640 >> [v2:172.21.15.53:6800/3887954889,v1:172.21.15.53:6801/3887954889] conn(0x7fe4280395b0 0x7fe42803ba70 secure :-1 s=READY pgs=9 cs=0 l=1 rev1=1 crypto rx=0x7fe430006fd0 tx=0x7fe430006e40 comp rx=0 tx=0).ready entity=mgr.14120 client_cookie=0 server_cookie=0 in_seq=0 out_seq=0
2024-04-25T14:29:44.984 INFO:teuthology.orchestra.run.smithi053.stdout:/usr/bin/ceph: stderr
2024-04-25T14:29:43.799+0000 7fe43b400700 1 -- 172.21.15.53:0/1307592640 <== mon.0 v2:172.21.15.53:3300/0 6 ==== mon_command_ack([{"prefix": "get_command_descriptions"}]=0 v0) ==== 72+0+188370 (secure 0 0 0) 0x7fe43400f2e0 con 0x7fe44410a780
2024-04-25T14:29:44.984 INFO:teuthology.orchestra.run.smithi053.stdout:/usr/bin/ceph: stderr
2024-04-25T14:29:44.037+0000 7fe449600700 1 -- 172.21.15.53:0/1307592640 --> [v2:172.21.15.53:6800/3887954889,v1:172.21.15.53:6801/3887954889] -- mgr_command(tid 0: {"prefix": "cephadm generate-key", "target": ["mon-mgr", ""]}) -- 0x7fe444106ef0 con 0x7fe4280395b0
2024-04-25T14:29:44.984 INFO:teuthology.orchestra.run.smithi053.stdout:/usr/bin/ceph: stderr
2024-04-25T14:29:44.202+0000 7fe43b400700 1 -- 172.21.15.53:0/1307592640 <== mgr.14120 v2:172.21.15.53:6800/3887954889 1 ==== mgr_command_reply(tid 0: 0 ) ==== 8+0+0 (secure 0 0 0) 0x7fe444106ef0 con 0x7fe4280395b0
2024-04-25T14:29:44.984 INFO:teuthology.orchestra.run.smithi053.stdout:/usr/bin/ceph: stderr
2024-04-25T14:29:44.206+0000 7fe449600700 1 -- 172.21.15.53:0/1307592640 >> [v2:172.21.15.53:6800/3887954889,v1:172.21.15.53:6801/3887954889] conn(0x7fe4280395b0 msgr2=0x7fe42803ba70 secure :-1 s=STATE_CONNECTION_ESTABLISHED l=1).mark_down
2024-04-25T14:29:44.984 INFO:teuthology.orchestra.run.smithi053.stdout:/usr/bin/ceph: stderr
2024-04-25T14:29:44.206+0000 7fe449600700 1 --2- 172.21.15.53:0/1307592640 >> [v2:172.21.15.53:6800/3887954889,v1:172.21.15.53:6801/3887954889] conn(0x7fe4280395b0 0x7fe42803ba70 secure :-1 s=READY pgs=9 cs=0 l=1 rev1=1 crypto rx=0x7fe430006fd0 tx=0x7fe430006e40 comp rx=0 tx=0).stop
2024-04-25T14:29:44.984 INFO:teuthology.orchestra.run.smithi053.stdout:/usr/bin/ceph: stderr
2024-04-25T14:29:44.206+0000 7fe449600700 1 -- 172.21.15.53:0/1307592640 >> [v2:172.21.15.53:3300/0,v1:172.21.15.53:6789/0] conn(0x7fe44410a780 msgr2=0x7fe44419e680 secure :-1 s=STATE_CONNECTION_ESTABLISHED l=1).mark_down
2024-04-25T14:29:44.984 INFO:teuthology.orchestra.run.smithi053.stdout:/usr/bin/ceph: stderr
2024-04-25T14:29:44.206+0000 7fe449600700 1 --2- 172.21.15.53:0/1307592640 >> [v2:172.21.15.53:3300/0,v1:172.21.15.53:6789/0] conn(0x7fe44410a780 0x7fe44419e680 secure :-1 s=READY pgs=42 cs=0 l=1 rev1=1 crypto rx=0x7fe434000c00 tx=0x7fe434011b70 comp rx=0 tx=0).stop
2024-04-25T14:29:44.985 INFO:teuthology.orchestra.run.smithi053.stdout:/usr/bin/ceph: stderr
2024-04-25T14:29:44.207+0000 7fe449600700 1 -- 172.21.15.53:0/1307592640 shutdown_connections
2024-04-25T14:29:44.985 INFO:teuthology.orchestra.run.smithi053.stdout:/usr/bin/ceph: stderr
2024-04-25T14:29:44.207+0000 7fe449600700 1 --2- 172.21.15.53:0/1307592640 >> [v2:172.21.15.53:6800/3887954889,v1:172.21.15.53:6801/3887954889] conn(0x7fe4280395b0 0x7fe42803ba70 unknown :-1 s=CLOSED pgs=9 cs=0 l=1 rev1=1 crypto rx=0 tx=0 comp rx=0 tx=0).stop
2024-04-25T14:29:44.985 INFO:teuthology.orchestra.run.smithi053.stdout:/usr/bin/ceph: stderr
2024-04-25T14:29:44.207+0000 7fe449600700 1 --2- 172.21.15.53:0/1307592640 >> [v2:172.21.15.53:3300/0,v1:172.21.15.53:6789/0] conn(0x7fe44410a780 0x7fe44419e680 unknown :-1 s=CLOSED pgs=42 cs=0 l=1 rev1=1 crypto rx=0 tx=0 comp rx=0 tx=0).stop
2024-04-25T14:29:44.985 INFO:teuthology.orchestra.run.smithi053.stdout:/usr/bin/ceph: stderr
2024-04-25T14:29:44.207+0000 7fe449600700 1 -- 172.21.15.53:0/1307592640 >> 172.21.15.53:0/1307592640 conn(0x7fe444105d40 msgr2=0x7fe4441067e0 unknown :-1 s=STATE_NONE l=0).mark_down
2024-04-25T14:29:44.985 INFO:teuthology.orchestra.run.smithi053.stdout:/usr/bin/ceph: stderr
2024-04-25T14:29:44.207+0000 7fe449600700 1 -- 172.21.15.53:0/1307592640 shutdown_connections
2024-04-25T14:29:44.985 INFO:teuthology.orchestra.run.smithi053.stdout:/usr/bin/ceph: stderr
2024-04-25T14:29:44.207+0000 7fe449600700 1 -- 172.21.15.53:0/1307592640 wait complete.
2024-04-25T14:29:45.266 INFO:journalctl@ceph.mon.a.smithi053.stdout:Apr 25 14:29:45 smithi053 ceph-mon[27773]: from='mgr.14120 172.21.15.53:0/2278703669' entity='mgr.x'
2024-04-25T14:29:45.267 INFO:journalctl@ceph.mon.a.smithi053.stdout:Apr 25 14:29:45 smithi053 ceph-mon[27773]: from='mgr.14120 172.21.15.53:0/2278703669' entity='mgr.x'
2024-04-25T14:29:46.532 INFO:journalctl@ceph.mon.a.smithi053.stdout:Apr 25 14:29:46 smithi053 ceph-mon[27773]: from='client.14138 -' entity='client.admin' cmd=[{"prefix": "cephadm get-pub-key", "target": ["mon-mgr", ""]}]: dispatch
