2024-04-25T14:37:54.782+0000 7f4eaca00700 1 --2- >> [v2:172.21.15.37:3300/0,v1:172.21.15.37:6789/0] conn(0x7f4ea810a7f0 0x7f4ea810ac10 unknown :-1 s=HELLO_CONNECTING pgs=0 cs=0 l=0 rev1=1 crypto rx=0 tx=0 comp rx=0 tx=0).handle_hello peer v2:172.21.15.37:3300/0 says I am v2:172.21.15.37:48158/0 (socket says 172.21.15.37:48158)
2024-04-25T14:37:55.632 INFO:teuthology.orchestra.run.smithi037.stdout:/usr/bin/ceph: stderr
2024-04-25T14:37:54.782+0000 7f4eaca00700 1 -- 172.21.15.37:0/2163826425 learned_addr learned my addr 172.21.15.37:0/2163826425 (peer_addr_for_me v2:172.21.15.37:0/0)
2024-04-25T14:37:55.632 INFO:teuthology.orchestra.run.smithi037.stdout:/usr/bin/ceph: stderr
2024-04-25T14:37:54.782+0000 7f4eaca00700 1 -- 172.21.15.37:0/2163826425 --> [v2:172.21.15.37:3300/0,v1:172.21.15.37:6789/0] -- mon_subscribe({config=0+,monmap=0+}) -- 0x7f4ea810b9a0 con 0x7f4ea810a7f0
2024-04-25T14:37:55.632 INFO:teuthology.orchestra.run.smithi037.stdout:/usr/bin/ceph: stderr
2024-04-25T14:37:54.783+0000 7f4eaca00700 1 --2- 172.21.15.37:0/2163826425 >> [v2:172.21.15.37:3300/0,v1:172.21.15.37:6789/0] conn(0x7f4ea810a7f0 0x7f4ea810ac10 secure :-1 s=READY pgs=37 cs=0 l=1 rev1=1 crypto rx=0x7f4e9c0098a0 tx=0x7f4e9c009bb0 comp rx=0 tx=0).ready entity=mon.0 client_cookie=b2f9d65614e8bba2 server_cookie=0 in_seq=0 out_seq=0
2024-04-25T14:37:55.632 INFO:teuthology.orchestra.run.smithi037.stdout:/usr/bin/ceph: stderr
2024-04-25T14:37:54.783+0000 7f4ea7400700 1 -- 172.21.15.37:0/2163826425 <== mon.0 v2:172.21.15.37:3300/0 1 ==== mon_map magic: 0 ==== 205+0+0 (secure 0 0 0) 0x7f4e9c004160 con 0x7f4ea810a7f0
2024-04-25T14:37:55.632 INFO:teuthology.orchestra.run.smithi037.stdout:/usr/bin/ceph: stderr
2024-04-25T14:37:54.783+0000 7f4ea7400700 1 -- 172.21.15.37:0/2163826425 <== mon.0 v2:172.21.15.37:3300/0 2 ==== config(27 keys) ==== 1104+0+0 (secure 0 0 0) 0x7f4e9c004300 con 0x7f4ea810a7f0
2024-04-25T14:37:55.632 INFO:teuthology.orchestra.run.smithi037.stdout:/usr/bin/ceph: stderr
2024-04-25T14:37:54.783+0000 7f4ea7400700 1 -- 172.21.15.37:0/2163826425 <== mon.0 v2:172.21.15.37:3300/0 3 ==== mon_map magic: 0 ==== 205+0+0 (secure 0 0 0) 0x7f4e9c011b20 con 0x7f4ea810a7f0
2024-04-25T14:37:55.632 INFO:teuthology.orchestra.run.smithi037.stdout:/usr/bin/ceph: stderr
2024-04-25T14:37:54.784+0000 7f4eaf400700 1 -- 172.21.15.37:0/2163826425 >> [v2:172.21.15.37:3300/0,v1:172.21.15.37:6789/0] conn(0x7f4ea810a7f0 msgr2=0x7f4ea810ac10 secure :-1 s=STATE_CONNECTION_ESTABLISHED l=1).mark_down
2024-04-25T14:37:55.632 INFO:teuthology.orchestra.run.smithi037.stdout:/usr/bin/ceph: stderr
2024-04-25T14:37:54.784+0000 7f4eaf400700 1 --2- 172.21.15.37:0/2163826425 >> [v2:172.21.15.37:3300/0,v1:172.21.15.37:6789/0] conn(0x7f4ea810a7f0 0x7f4ea810ac10 secure :-1 s=READY pgs=37 cs=0 l=1 rev1=1 crypto rx=0x7f4e9c0098a0 tx=0x7f4e9c009bb0 comp rx=0 tx=0).stop
2024-04-25T14:37:55.632 INFO:teuthology.orchestra.run.smithi037.stdout:/usr/bin/ceph: stderr
2024-04-25T14:37:54.784+0000 7f4eaf400700 1 -- 172.21.15.37:0/2163826425 shutdown_connections
2024-04-25T14:37:55.632 INFO:teuthology.orchestra.run.smithi037.stdout:/usr/bin/ceph: stderr
2024-04-25T14:37:54.784+0000 7f4eaf400700 1 --2- 172.21.15.37:0/2163826425 >> [v2:172.21.15.37:3300/0,v1:172.21.15.37:6789/0] conn(0x7f4ea810a7f0 0x7f4ea810ac10 unknown :-1 s=CLOSED pgs=37 cs=0 l=1 rev1=1 crypto rx=0 tx=0 comp rx=0 tx=0).stop
2024-04-25T14:37:55.632 INFO:teuthology.orchestra.run.smithi037.stdout:/usr/bin/ceph: stderr
2024-04-25T14:37:54.784+0000 7f4eaf400700 1 -- 172.21.15.37:0/2163826425 >> 172.21.15.37:0/2163826425 conn(0x7f4ea807de00 msgr2=0x7f4ea81084c0 unknown :-1 s=STATE_NONE l=0).mark_down
2024-04-25T14:37:55.633 INFO:teuthology.orchestra.run.smithi037.stdout:/usr/bin/ceph: stderr
2024-04-25T14:37:54.784+0000 7f4eaf400700 1 -- 172.21.15.37:0/2163826425 shutdown_connections
2024-04-25T14:37:55.633 INFO:teuthology.orchestra.run.smithi037.stdout:/usr/bin/ceph: stderr
2024-04-25T14:37:54.784+0000 7f4eaf400700 1 -- 172.21.15.37:0/2163826425 wait complete.
2024-04-25T14:37:55.633 INFO:teuthology.orchestra.run.smithi037.stdout:/usr/bin/ceph: stderr
2024-04-25T14:37:54.786+0000 7f4eaf400700 1 Processor -- start
2024-04-25T14:37:55.633 INFO:teuthology.orchestra.run.smithi037.stdout:/usr/bin/ceph: stderr
2024-04-25T14:37:54.786+0000 7f4eaf400700 1 -- start start
2024-04-25T14:37:55.633 INFO:teuthology.orchestra.run.smithi037.stdout:/usr/bin/ceph: stderr
2024-04-25T14:37:54.786+0000 7f4eaf400700 1 --2- >> [v2:172.21.15.37:3300/0,v1:172.21.15.37:6789/0] conn(0x7f4ea810a7f0 0x7f4ea819e5b0 unknown :-1 s=NONE pgs=0 cs=0 l=1 rev1=0 crypto rx=0 tx=0 comp rx=0 tx=0).connect
2024-04-25T14:37:55.633 INFO:teuthology.orchestra.run.smithi037.stdout:/usr/bin/ceph: stderr
2024-04-25T14:37:54.786+0000 7f4eaf400700 1 -- --> [v2:172.21.15.37:3300/0,v1:172.21.15.37:6789/0] -- mon_getmap magic: 0 -- 0x7f4ea810ed50 con 0x7f4ea810a7f0
2024-04-25T14:37:55.633 INFO:teuthology.orchestra.run.smithi037.stdout:/usr/bin/ceph: stderr
2024-04-25T14:37:54.787+0000 7f4eaca00700 1 --2- >> [v2:172.21.15.37:3300/0,v1:172.21.15.37:6789/0] conn(0x7f4ea810a7f0 0x7f4ea819e5b0 unknown :-1 s=BANNER_CONNECTING pgs=0 cs=0 l=1 rev1=0 crypto rx=0 tx=0 comp rx=0 tx=0)._handle_peer_banner_payload supported=3 required=0
2024-04-25T14:37:55.633 INFO:teuthology.orchestra.run.smithi037.stdout:/usr/bin/ceph: stderr
2024-04-25T14:37:54.787+0000 7f4eaca00700 1 --2- >> [v2:172.21.15.37:3300/0,v1:172.21.15.37:6789/0] conn(0x7f4ea810a7f0 0x7f4ea819e5b0 unknown :-1 s=HELLO_CONNECTING pgs=0 cs=0 l=1 rev1=1 crypto rx=0 tx=0 comp rx=0 tx=0).handle_hello peer v2:172.21.15.37:3300/0 says I am v2:172.21.15.37:48164/0 (socket says 172.21.15.37:48164)
2024-04-25T14:37:55.633 INFO:teuthology.orchestra.run.smithi037.stdout:/usr/bin/ceph: stderr
2024-04-25T14:37:54.787+0000 7f4eaca00700 1 -- 172.21.15.37:0/2918490414 learned_addr learned my addr 172.21.15.37:0/2918490414 (peer_addr_for_me v2:172.21.15.37:0/0)
2024-04-25T14:37:55.633 INFO:teuthology.orchestra.run.smithi037.stdout:/usr/bin/ceph: stderr
2024-04-25T14:37:54.787+0000 7f4eaca00700 1 -- 172.21.15.37:0/2918490414 --> [v2:172.21.15.37:3300/0,v1:172.21.15.37:6789/0] -- mon_subscribe({config=0+,monmap=0+}) -- 0x7f4ea819eaf0 con 0x7f4ea810a7f0
2024-04-25T14:37:55.633 INFO:teuthology.orchestra.run.smithi037.stdout:/usr/bin/ceph: stderr
2024-04-25T14:37:54.787+0000 7f4eaca00700 1 --2- 172.21.15.37:0/2918490414 >> [v2:172.21.15.37:3300/0,v1:172.21.15.37:6789/0] conn(0x7f4ea810a7f0 0x7f4ea819e5b0 secure :-1 s=READY pgs=38 cs=0 l=1 rev1=1 crypto rx=0x7f4e9c0117e0 tx=0x7f4e9c011ce0 comp rx=0 tx=0).ready entity=mon.0 client_cookie=0 server_cookie=0 in_seq=0 out_seq=0
2024-04-25T14:37:55.633 INFO:teuthology.orchestra.run.smithi037.stdout:/usr/bin/ceph: stderr
2024-04-25T14:37:54.788+0000 7f4ea5600700 1 -- 172.21.15.37:0/2918490414 <== mon.0 v2:172.21.15.37:3300/0 1 ==== mon_map magic: 0 ==== 205+0+0 (secure 0 0 0) 0x7f4e9c003b30 con 0x7f4ea810a7f0
2024-04-25T14:37:55.633 INFO:teuthology.orchestra.run.smithi037.stdout:/usr/bin/ceph: stderr
2024-04-25T14:37:54.788+0000 7f4ea5600700 1 -- 172.21.15.37:0/2918490414 <== mon.0 v2:172.21.15.37:3300/0 2 ==== config(27 keys) ==== 1104+0+0 (secure 0 0 0) 0x7f4e9c003cd0 con 0x7f4ea810a7f0
2024-04-25T14:37:55.633 INFO:teuthology.orchestra.run.smithi037.stdout:/usr/bin/ceph: stderr
2024-04-25T14:37:54.788+0000 7f4eaf400700 1 -- 172.21.15.37:0/2918490414 --> [v2:172.21.15.37:3300/0,v1:172.21.15.37:6789/0] -- mon_subscribe({mgrmap=0+}) -- 0x7f4ea819ed80 con 0x7f4ea810a7f0
2024-04-25T14:37:55.634 INFO:teuthology.orchestra.run.smithi037.stdout:/usr/bin/ceph: stderr
2024-04-25T14:37:54.788+0000 7f4ea5600700 1 -- 172.21.15.37:0/2918490414 <== mon.0 v2:172.21.15.37:3300/0 3 ==== mon_map magic: 0 ==== 205+0+0 (secure 0 0 0) 0x7f4e9c01a830 con 0x7f4ea810a7f0
2024-04-25T14:37:55.634 INFO:teuthology.orchestra.run.smithi037.stdout:/usr/bin/ceph: stderr
2024-04-25T14:37:54.788+0000 7f4eaf400700 1 -- 172.21.15.37:0/2918490414 --> [v2:172.21.15.37:3300/0,v1:172.21.15.37:6789/0] -- mon_subscribe({osdmap=0}) -- 0x7f4ea819f1e0 con 0x7f4ea810a7f0
2024-04-25T14:37:55.634 INFO:teuthology.orchestra.run.smithi037.stdout:/usr/bin/ceph: stderr
2024-04-25T14:37:54.789+0000 7f4ea5600700 1 -- 172.21.15.37:0/2918490414 <== mon.0 v2:172.21.15.37:3300/0 4 ==== mgrmap(e 8) ==== 46558+0+0 (secure 0 0 0) 0x7f4e9c01a9d0 con 0x7f4ea810a7f0
2024-04-25T14:37:55.634 INFO:teuthology.orchestra.run.smithi037.stdout:/usr/bin/ceph: stderr
2024-04-25T14:37:54.789+0000 7f4eaf400700 1 -- 172.21.15.37:0/2918490414 --> [v2:172.21.15.37:3300/0,v1:172.21.15.37:6789/0] -- mon_command({"prefix": "get_command_descriptions"} v 0) -- 0x7f4ea80640a0 con 0x7f4ea810a7f0
2024-04-25T14:37:55.634 INFO:teuthology.orchestra.run.smithi037.stdout:/usr/bin/ceph: stderr
2024-04-25T14:37:54.790+0000 7f4ea5600700 1 --2- 172.21.15.37:0/2918490414 >> [v2:172.21.15.37:6800/4280350199,v1:172.21.15.37:6801/4280350199] conn(0x7f4e90039720 0x7f4e9003bbe0 unknown :-1 s=NONE pgs=0 cs=0 l=1 rev1=0 crypto rx=0 tx=0 comp rx=0 tx=0).connect
2024-04-25T14:37:55.634 INFO:teuthology.orchestra.run.smithi037.stdout:/usr/bin/ceph: stderr
2024-04-25T14:37:54.790+0000 7f4ea5600700 1 -- 172.21.15.37:0/2918490414 <== mon.0 v2:172.21.15.37:3300/0 5 ==== osd_map(2..2 src has 1..2) ==== 940+0+0 (secure 0 0 0) 0x7f4e9c04dbb0 con 0x7f4ea810a7f0
2024-04-25T14:37:55.634 INFO:teuthology.orchestra.run.smithi037.stdout:/usr/bin/ceph: stderr
2024-04-25T14:37:54.790+0000 7f4ea7e00700 1 --2- 172.21.15.37:0/2918490414 >> [v2:172.21.15.37:6800/4280350199,v1:172.21.15.37:6801/4280350199] conn(0x7f4e90039720 0x7f4e9003bbe0 unknown :-1 s=BANNER_CONNECTING pgs=0 cs=0 l=1 rev1=0 crypto rx=0 tx=0 comp rx=0 tx=0)._handle_peer_banner_payload supported=3 required=0
2024-04-25T14:37:55.634 INFO:teuthology.orchestra.run.smithi037.stdout:/usr/bin/ceph: stderr
2024-04-25T14:37:54.791+0000 7f4ea7e00700 1 --2- 172.21.15.37:0/2918490414 >> [v2:172.21.15.37:6800/4280350199,v1:172.21.15.37:6801/4280350199] conn(0x7f4e90039720 0x7f4e9003bbe0 secure :-1 s=READY pgs=7 cs=0 l=1 rev1=1 crypto rx=0x7f4e98006fd0 tx=0x7f4e98006e40 comp rx=0 tx=0).ready entity=mgr.14120 client_cookie=0 server_cookie=0 in_seq=0 out_seq=0
2024-04-25T14:37:55.634 INFO:teuthology.orchestra.run.smithi037.stdout:/usr/bin/ceph: stderr
2024-04-25T14:37:54.797+0000 7f4ea5600700 1 -- 172.21.15.37:0/2918490414 <== mon.0 v2:172.21.15.37:3300/0 6 ==== mon_command_ack([{"prefix": "get_command_descriptions"}]=0 v0) ==== 72+0+188370 (secure 0 0 0) 0x7f4e9c019c70 con 0x7f4ea810a7f0
2024-04-25T14:37:55.634 INFO:teuthology.orchestra.run.smithi037.stdout:/usr/bin/ceph: stderr
2024-04-25T14:37:55.046+0000 7f4eaf400700 1 -- 172.21.15.37:0/2918490414 --> [v2:172.21.15.37:6800/4280350199,v1:172.21.15.37:6801/4280350199] -- mgr_command(tid 0: {"prefix": "orch set backend", "module_name": "cephadm", "target": ["mon-mgr", ""]}) -- 0x7f4ea81080d0 con 0x7f4e90039720
2024-04-25T14:37:55.634 INFO:teuthology.orchestra.run.smithi037.stdout:/usr/bin/ceph: stderr
2024-04-25T14:37:55.057+0000 7f4ea5600700 1 -- 172.21.15.37:0/2918490414 <== mgr.14120 v2:172.21.15.37:6800/4280350199 1 ==== mgr_command_reply(tid 0: 0 ) ==== 8+0+0 (secure 0 0 0) 0x7f4ea81080d0 con 0x7f4e90039720
2024-04-25T14:37:55.634 INFO:teuthology.orchestra.run.smithi037.stdout:/usr/bin/ceph: stderr
2024-04-25T14:37:55.060+0000 7f4eaf400700 1 -- 172.21.15.37:0/2918490414 >> [v2:172.21.15.37:6800/4280350199,v1:172.21.15.37:6801/4280350199] conn(0x7f4e90039720 msgr2=0x7f4e9003bbe0 secure :-1 s=STATE_CONNECTION_ESTABLISHED l=1).mark_down
2024-04-25T14:37:55.634 INFO:teuthology.orchestra.run.smithi037.stdout:/usr/bin/ceph: stderr
2024-04-25T14:37:55.060+0000 7f4eaf400700 1 --2- 172.21.15.37:0/2918490414 >> [v2:172.21.15.37:6800/4280350199,v1:172.21.15.37:6801/4280350199] conn(0x7f4e90039720 0x7f4e9003bbe0 secure :-1 s=READY pgs=7 cs=0 l=1 rev1=1 crypto rx=0x7f4e98006fd0 tx=0x7f4e98006e40 comp rx=0 tx=0).stop
2024-04-25T14:37:55.634 INFO:teuthology.orchestra.run.smithi037.stdout:/usr/bin/ceph: stderr
2024-04-25T14:37:55.060+0000 7f4eaf400700 1 -- 172.21.15.37:0/2918490414 >> [v2:172.21.15.37:3300/0,v1:172.21.15.37:6789/0] conn(0x7f4ea810a7f0 msgr2=0x7f4ea819e5b0 secure :-1 s=STATE_CONNECTION_ESTABLISHED l=1).mark_down
2024-04-25T14:37:55.634 INFO:teuthology.orchestra.run.smithi037.stdout:/usr/bin/ceph: stderr
2024-04-25T14:37:55.060+0000 7f4eaf400700 1 --2- 172.21.15.37:0/2918490414 >> [v2:172.21.15.37:3300/0,v1:172.21.15.37:6789/0] conn(0x7f4ea810a7f0 0x7f4ea819e5b0 secure :-1 s=READY pgs=38 cs=0 l=1 rev1=1 crypto rx=0x7f4e9c0117e0 tx=0x7f4e9c011ce0 comp rx=0 tx=0).stop
2024-04-25T14:37:55.635 INFO:teuthology.orchestra.run.smithi037.stdout:/usr/bin/ceph: stderr
2024-04-25T14:37:55.061+0000 7f4eaf400700 1 -- 172.21.15.37:0/2918490414 shutdown_connections
2024-04-25T14:37:55.635 INFO:teuthology.orchestra.run.smithi037.stdout:/usr/bin/ceph: stderr
2024-04-25T14:37:55.061+0000 7f4eaf400700 1 --2- 172.21.15.37:0/2918490414 >> [v2:172.21.15.37:6800/4280350199,v1:172.21.15.37:6801/4280350199] conn(0x7f4e90039720 0x7f4e9003bbe0 unknown :-1 s=CLOSED pgs=7 cs=0 l=1 rev1=1 crypto rx=0 tx=0 comp rx=0 tx=0).stop
2024-04-25T14:37:55.635 INFO:teuthology.orchestra.run.smithi037.stdout:/usr/bin/ceph: stderr
2024-04-25T14:37:55.061+0000 7f4eaf400700 1 --2- 172.21.15.37:0/2918490414 >> [v2:172.21.15.37:3300/0,v1:172.21.15.37:6789/0] conn(0x7f4ea810a7f0 0x7f4ea819e5b0 unknown :-1 s=CLOSED pgs=38 cs=0 l=1 rev1=1 crypto rx=0 tx=0 comp rx=0 tx=0).stop
2024-04-25T14:37:55.635 INFO:teuthology.orchestra.run.smithi037.stdout:/usr/bin/ceph: stderr
2024-04-25T14:37:55.061+0000 7f4eaf400700 1 -- 172.21.15.37:0/2918490414 >> 172.21.15.37:0/2918490414 conn(0x7f4ea807de00 msgr2=0x7f4ea81079c0 unknown :-1 s=STATE_NONE l=0).mark_down
2024-04-25T14:37:55.635 INFO:teuthology.orchestra.run.smithi037.stdout:/usr/bin/ceph: stderr
2024-04-25T14:37:55.061+0000 7f4eaf400700 1 -- 172.21.15.37:0/2918490414 shutdown_connections
2024-04-25T14:37:55.635 INFO:teuthology.orchestra.run.smithi037.stdout:/usr/bin/ceph: stderr
2024-04-25T14:37:55.061+0000 7f4eaf400700 1 -- 172.21.15.37:0/2918490414 wait complete.
2024-04-25T14:37:57.125 INFO:teuthology.orchestra.run.smithi037.stdout:/usr/bin/ceph: stdout value unchanged
2024-04-25T14:37:57.127 INFO:teuthology.orchestra.run.smithi037.stdout:/usr/bin/ceph: stderr
2024-04-25T14:37:56.230+0000 7f1cae600700 1 Processor -- start
2024-04-25T14:37:57.127 INFO:teuthology.orchestra.run.smithi037.stdout:/usr/bin/ceph: stderr
2024-04-25T14:37:56.230+0000 7f1cae600700 1 -- start start
2024-04-25T14:37:57.127 INFO:teuthology.orchestra.run.smithi037.stdout:/usr/bin/ceph: stderr
2024-04-25T14:37:56.231+0000 7f1cae600700 1 --2- >> [v2:172.21.15.37:3300/0,v1:172.21.15.37:6789/0] conn(0x7f1ca8109080 0x7f1ca810b470 unknown :-1 s=NONE pgs=0 cs=0 l=0 rev1=0 crypto rx=0 tx=0 comp rx=0 tx=0).connect
2024-04-25T14:37:57.127 INFO:teuthology.orchestra.run.smithi037.stdout:/usr/bin/ceph: stderr
2024-04-25T14:37:56.231+0000 7f1cae600700 1 -- --> [v2:172.21.15.37:3300/0,v1:172.21.15.37:6789/0] -- mon_getmap magic: 0 -- 0x7f1ca807bea0 con 0x7f1ca8109080
2024-04-25T14:37:57.127 INFO:teuthology.orchestra.run.smithi037.stdout:/usr/bin/ceph: stderr
2024-04-25T14:37:56.232+0000 7f1ca7400700 1 --2- >> [v2:172.21.15.37:3300/0,v1:172.21.15.37:6789/0] conn(0x7f1ca8109080 0x7f1ca810b470 unknown :-1 s=BANNER_CONNECTING pgs=0 cs=0 l=0 rev1=0 crypto rx=0 tx=0 comp rx=0 tx=0)._handle_peer_banner_payload supported=3 required=0
2024-04-25T14:37:57.127 INFO:teuthology.orchestra.run.smithi037.stdout:/usr/bin/ceph: stderr
2024-04-25T14:37:56.232+0000 7f1ca7400700 1 --2- >> [v2:172.21.15.37:3300/0,v1:172.21.15.37:6789/0] conn(0x7f1ca8109080 0x7f1ca810b470 unknown :-1 s=HELLO_CONNECTING pgs=0 cs=0 l=0 rev1=1 crypto rx=0 tx=0 comp rx=0 tx=0).handle_hello peer v2:172.21.15.37:3300/0 says I am v2:172.21.15.37:48166/0 (socket says 172.21.15.37:48166)
2024-04-25T14:37:57.130 INFO:teuthology.orchestra.run.smithi037.stdout:/usr/bin/ceph: stderr
2024-04-25T14:37:56.232+0000 7f1ca7400700 1 -- 172.21.15.37:0/1174399519 learned_addr learned my addr 172.21.15.37:0/1174399519 (peer_addr_for_me v2:172.21.15.37:0/0)
2024-04-25T14:37:57.131 INFO:teuthology.orchestra.run.smithi037.stdout:/usr/bin/ceph: stderr
2024-04-25T14:37:56.232+0000 7f1ca7400700 1 -- 172.21.15.37:0/1174399519 --> [v2:172.21.15.37:3300/0,v1:172.21.15.37:6789/0] -- mon_subscribe({config=0+,monmap=0+}) -- 0x7f1ca810b9b0 con 0x7f1ca8109080
2024-04-25T14:37:57.131 INFO:teuthology.orchestra.run.smithi037.stdout:/usr/bin/ceph: stderr
2024-04-25T14:37:56.232+0000 7f1ca7400700 1 --2- 172.21.15.37:0/1174399519 >> [v2:172.21.15.37:3300/0,v1:172.21.15.37:6789/0] conn(0x7f1ca8109080 0x7f1ca810b470 secure :-1 s=READY pgs=39 cs=0 l=1 rev1=1 crypto rx=0x7f1c980098a0 tx=0x7f1c98009bb0 comp rx=0 tx=0).ready entity=mon.0 client_cookie=8bcdfcefd1fc4853 server_cookie=0 in_seq=0 out_seq=0
2024-04-25T14:37:57.131 INFO:teuthology.orchestra.run.smithi037.stdout:/usr/bin/ceph: stderr
2024-04-25T14:37:56.233+0000 7f1ca6000700 1 -- 172.21.15.37:0/1174399519 <== mon.0 v2:172.21.15.37:3300/0 1 ==== mon_map magic: 0 ==== 205+0+0 (secure 0 0 0) 0x7f1c98004160 con 0x7f1ca8109080
2024-04-25T14:37:57.131 INFO:teuthology.orchestra.run.smithi037.stdout:/usr/bin/ceph: stderr
2024-04-25T14:37:56.233+0000 7f1ca6000700 1 -- 172.21.15.37:0/1174399519 <== mon.0 v2:172.21.15.37:3300/0 2 ==== config(27 keys) ==== 1104+0+0 (secure 0 0 0) 0x7f1c98004300 con 0x7f1ca8109080
2024-04-25T14:37:57.131 INFO:teuthology.orchestra.run.smithi037.stdout:/usr/bin/ceph: stderr
2024-04-25T14:37:56.233+0000 7f1ca6000700 1 -- 172.21.15.37:0/1174399519 <== mon.0 v2:172.21.15.37:3300/0 3 ==== mon_map magic: 0 ==== 205+0+0 (secure 0 0 0) 0x7f1c98011b20 con 0x7f1ca8109080
2024-04-25T14:37:57.131 INFO:teuthology.orchestra.run.smithi037.stdout:/usr/bin/ceph: stderr
2024-04-25T14:37:56.233+0000 7f1cae600700 1 -- 172.21.15.37:0/1174399519 >> [v2:172.21.15.37:3300/0,v1:172.21.15.37:6789/0] conn(0x7f1ca8109080 msgr2=0x7f1ca810b470 secure :-1 s=STATE_CONNECTION_ESTABLISHED l=1).mark_down
2024-04-25T14:37:57.131 INFO:teuthology.orchestra.run.smithi037.stdout:/usr/bin/ceph: stderr
2024-04-25T14:37:56.233+0000 7f1cae600700 1 --2- 172.21.15.37:0/1174399519 >> [v2:172.21.15.37:3300/0,v1:172.21.15.37:6789/0] conn(0x7f1ca8109080 0x7f1ca810b470 secure :-1 s=READY pgs=39 cs=0 l=1 rev1=1 crypto rx=0x7f1c980098a0 tx=0x7f1c98009bb0 comp rx=0 tx=0).stop
2024-04-25T14:37:57.131 INFO:teuthology.orchestra.run.smithi037.stdout:/usr/bin/ceph: stderr
2024-04-25T14:37:56.233+0000 7f1cae600700 1 -- 172.21.15.37:0/1174399519 shutdown_connections
2024-04-25T14:37:57.131 INFO:teuthology.orchestra.run.smithi037.stdout:/usr/bin/ceph: stderr
2024-04-25T14:37:56.233+0000 7f1cae600700 1 --2- 172.21.15.37:0/1174399519 >> [v2:172.21.15.37:3300/0,v1:172.21.15.37:6789/0] conn(0x7f1ca8109080 0x7f1ca810b470 unknown :-1 s=CLOSED pgs=39 cs=0 l=1 rev1=1 crypto rx=0 tx=0 comp rx=0 tx=0).stop
2024-04-25T14:37:57.131 INFO:teuthology.orchestra.run.smithi037.stdout:/usr/bin/ceph: stderr
2024-04-25T14:37:56.233+0000 7f1cae600700 1 -- 172.21.15.37:0/1174399519 >> 172.21.15.37:0/1174399519 conn(0x7f1ca8102ad0 msgr2=0x7f1ca8104ef0 unknown :-1 s=STATE_NONE l=0).mark_down
2024-04-25T14:37:57.131 INFO:teuthology.orchestra.run.smithi037.stdout:/usr/bin/ceph: stderr
2024-04-25T14:37:56.234+0000 7f1cae600700 1 -- 172.21.15.37:0/1174399519 shutdown_connections
2024-04-25T14:37:57.131 INFO:teuthology.orchestra.run.smithi037.stdout:/usr/bin/ceph: stderr
2024-04-25T14:37:56.234+0000 7f1cae600700 1 -- 172.21.15.37:0/1174399519 wait complete.
2024-04-25T14:37:57.131 INFO:teuthology.orchestra.run.smithi037.stdout:/usr/bin/ceph: stderr
2024-04-25T14:37:56.235+0000 7f1cae600700 1 Processor -- start
2024-04-25T14:37:57.132 INFO:teuthology.orchestra.run.smithi037.stdout:/usr/bin/ceph: stderr
2024-04-25T14:37:56.235+0000 7f1cae600700 1 -- start start
2024-04-25T14:37:57.132 INFO:teuthology.orchestra.run.smithi037.stdout:/usr/bin/ceph: stderr
2024-04-25T14:37:56.235+0000 7f1cae600700 1 --2- >> [v2:172.21.15.37:3300/0,v1:172.21.15.37:6789/0] conn(0x7f1ca8109080 0x7f1ca819c400 unknown :-1 s=NONE pgs=0 cs=0 l=1 rev1=0 crypto rx=0 tx=0 comp rx=0 tx=0).connect
2024-04-25T14:37:57.132 INFO:teuthology.orchestra.run.smithi037.stdout:/usr/bin/ceph: stderr
2024-04-25T14:37:56.235+0000 7f1cae600700 1 -- --> [v2:172.21.15.37:3300/0,v1:172.21.15.37:6789/0] -- mon_getmap magic: 0 -- 0x7f1ca810c970 con 0x7f1ca8109080
2024-04-25T14:37:57.132 INFO:teuthology.orchestra.run.smithi037.stdout:/usr/bin/ceph: stderr
2024-04-25T14:37:56.235+0000 7f1ca7400700 1 --2- >> [v2:172.21.15.37:3300/0,v1:172.21.15.37:6789/0] conn(0x7f1ca8109080 0x7f1ca819c400 unknown :-1 s=BANNER_CONNECTING pgs=0 cs=0 l=1 rev1=0 crypto rx=0 tx=0 comp rx=0 tx=0)._handle_peer_banner_payload supported=3 required=0
2024-04-25T14:37:57.132 INFO:teuthology.orchestra.run.smithi037.stdout:/usr/bin/ceph: stderr
2024-04-25T14:37:56.236+0000 7f1ca7400700 1 --2- >> [v2:172.21.15.37:3300/0,v1:172.21.15.37:6789/0] conn(0x7f1ca8109080 0x7f1ca819c400 unknown :-1 s=HELLO_CONNECTING pgs=0 cs=0 l=1 rev1=1 crypto rx=0 tx=0 comp rx=0 tx=0).handle_hello peer v2:172.21.15.37:3300/0 says I am v2:172.21.15.37:48178/0 (socket says 172.21.15.37:48178)
2024-04-25T14:37:57.132 INFO:teuthology.orchestra.run.smithi037.stdout:/usr/bin/ceph: stderr
2024-04-25T14:37:56.236+0000 7f1ca7400700 1 -- 172.21.15.37:0/775698022 learned_addr learned my addr 172.21.15.37:0/775698022 (peer_addr_for_me v2:172.21.15.37:0/0)
2024-04-25T14:37:57.132 INFO:teuthology.orchestra.run.smithi037.stdout:/usr/bin/ceph: stderr
2024-04-25T14:37:56.236+0000 7f1ca7400700 1 -- 172.21.15.37:0/775698022 --> [v2:172.21.15.37:3300/0,v1:172.21.15.37:6789/0] -- mon_subscribe({config=0+,monmap=0+}) -- 0x7f1ca819c940 con 0x7f1ca8109080
2024-04-25T14:37:57.132 INFO:teuthology.orchestra.run.smithi037.stdout:/usr/bin/ceph: stderr
2024-04-25T14:37:56.236+0000 7f1ca7400700 1 --2- 172.21.15.37:0/775698022 >> [v2:172.21.15.37:3300/0,v1:172.21.15.37:6789/0] conn(0x7f1ca8109080 0x7f1ca819c400 secure :-1 s=READY pgs=40 cs=0 l=1 rev1=1 crypto rx=0x7f1c980117e0 tx=0x7f1c98011ce0 comp rx=0 tx=0).ready entity=mon.0 client_cookie=0 server_cookie=0 in_seq=0 out_seq=0
2024-04-25T14:37:57.135 INFO:teuthology.orchestra.run.smithi037.stdout:/usr/bin/ceph: stderr
2024-04-25T14:37:56.236+0000 7f1c9fe00700 1 -- 172.21.15.37:0/775698022 <== mon.0 v2:172.21.15.37:3300/0 1 ==== mon_map magic: 0 ==== 205+0+0 (secure 0 0 0) 0x7f1c98003b30 con 0x7f1ca8109080
2024-04-25T14:37:57.135 INFO:teuthology.orchestra.run.smithi037.stdout:/usr/bin/ceph: stderr
2024-04-25T14:37:56.237+0000 7f1c9fe00700 1 -- 172.21.15.37:0/775698022 <== mon.0 v2:172.21.15.37:3300/0 2 ==== config(27 keys) ==== 1104+0+0 (secure 0 0 0) 0x7f1c98003cd0 con 0x7f1ca8109080
2024-04-25T14:37:57.135 INFO:teuthology.orchestra.run.smithi037.stdout:/usr/bin/ceph: stderr
2024-04-25T14:37:56.237+0000 7f1cae600700 1 -- 172.21.15.37:0/775698022 --> [v2:172.21.15.37:3300/0,v1:172.21.15.37:6789/0] -- mon_subscribe({mgrmap=0+}) -- 0x7f1ca819cbd0 con 0x7f1ca8109080
2024-04-25T14:37:57.136 INFO:teuthology.orchestra.run.smithi037.stdout:/usr/bin/ceph: stderr
2024-04-25T14:37:56.237+0000 7f1c9fe00700 1 -- 172.21.15.37:0/775698022 <== mon.0 v2:172.21.15.37:3300/0 3 ==== mon_map magic: 0 ==== 205+0+0 (secure 0 0 0) 0x7f1c9801a7c0 con 0x7f1ca8109080
2024-04-25T14:37:57.136 INFO:teuthology.orchestra.run.smithi037.stdout:/usr/bin/ceph: stderr
2024-04-25T14:37:56.237+0000 7f1cae600700 1 -- 172.21.15.37:0/775698022 --> [v2:172.21.15.37:3300/0,v1:172.21.15.37:6789/0] -- mon_subscribe({osdmap=0}) -- 0x7f1ca819d030 con 0x7f1ca8109080
2024-04-25T14:37:57.136 INFO:teuthology.orchestra.run.smithi037.stdout:/usr/bin/ceph: stderr
2024-04-25T14:37:56.238+0000 7f1c9fe00700 1 -- 172.21.15.37:0/775698022 <== mon.0 v2:172.21.15.37:3300/0 4 ==== mgrmap(e 8) ==== 46558+0+0 (secure 0 0 0) 0x7f1c98024440 con 0x7f1ca8109080
2024-04-25T14:37:57.136 INFO:teuthology.orchestra.run.smithi037.stdout:/usr/bin/ceph: stderr
2024-04-25T14:37:56.238+0000 7f1cae600700 1 -- 172.21.15.37:0/775698022 --> [v2:172.21.15.37:3300/0,v1:172.21.15.37:6789/0] -- mon_command({"prefix": "get_command_descriptions"} v 0) -- 0x7f1ca80640a0 con 0x7f1ca8109080
2024-04-25T14:37:57.136 INFO:teuthology.orchestra.run.smithi037.stdout:/usr/bin/ceph: stderr
2024-04-25T14:37:56.238+0000 7f1c9fe00700 1 --2- 172.21.15.37:0/775698022 >> [v2:172.21.15.37:6800/4280350199,v1:172.21.15.37:6801/4280350199] conn(0x7f1c8c039720 0x7f1c8c03bbe0 unknown :-1 s=NONE pgs=0 cs=0 l=1 rev1=0 crypto rx=0 tx=0 comp rx=0 tx=0).connect
2024-04-25T14:37:57.136 INFO:teuthology.orchestra.run.smithi037.stdout:/usr/bin/ceph: stderr
2024-04-25T14:37:56.238+0000 7f1c9fe00700 1 -- 172.21.15.37:0/775698022 <== mon.0 v2:172.21.15.37:3300/0 5 ==== osd_map(2..2 src has 1..2) ==== 940+0+0 (secure 0 0 0) 0x7f1c9804daa0 con 0x7f1ca8109080
2024-04-25T14:37:57.136 INFO:teuthology.orchestra.run.smithi037.stdout:/usr/bin/ceph: stderr
2024-04-25T14:37:56.239+0000 7f1ca6a00700 1 --2- 172.21.15.37:0/775698022 >> [v2:172.21.15.37:6800/4280350199,v1:172.21.15.37:6801/4280350199] conn(0x7f1c8c039720 0x7f1c8c03bbe0 unknown :-1 s=BANNER_CONNECTING pgs=0 cs=0 l=1 rev1=0 crypto rx=0 tx=0 comp rx=0 tx=0)._handle_peer_banner_payload supported=3 required=0
2024-04-25T14:37:57.136 INFO:teuthology.orchestra.run.smithi037.stdout:/usr/bin/ceph: stderr
2024-04-25T14:37:56.239+0000 7f1ca6a00700 1 --2- 172.21.15.37:0/775698022 >> [v2:172.21.15.37:6800/4280350199,v1:172.21.15.37:6801/4280350199] conn(0x7f1c8c039720 0x7f1c8c03bbe0 secure :-1 s=READY pgs=8 cs=0 l=1 rev1=1 crypto rx=0x7f1c94006fd0 tx=0x7f1c94006e40 comp rx=0 tx=0).ready entity=mgr.14120 client_cookie=0 server_cookie=0 in_seq=0 out_seq=0
2024-04-25T14:37:57.136 INFO:teuthology.orchestra.run.smithi037.stdout:/usr/bin/ceph: stderr
2024-04-25T14:37:56.245+0000 7f1c9fe00700 1 -- 172.21.15.37:0/775698022 <== mon.0 v2:172.21.15.37:3300/0 6 ==== mon_command_ack([{"prefix": "get_command_descriptions"}]=0 v0) ==== 72+0+188370 (secure 0 0 0) 0x7f1c9800e260 con 0x7f1ca8109080
2024-04-25T14:37:57.137 INFO:teuthology.orchestra.run.smithi037.stdout:/usr/bin/ceph: stderr
2024-04-25T14:37:56.478+0000 7f1cae600700 1 -- 172.21.15.37:0/775698022 --> [v2:172.21.15.37:6800/4280350199,v1:172.21.15.37:6801/4280350199] -- mgr_command(tid 0: {"prefix": "cephadm set-user", "user": "root", "target": ["mon-mgr", ""]}) -- 0x7f1ca8103bb0 con 0x7f1c8c039720
2024-04-25T14:37:57.137 INFO:teuthology.orchestra.run.smithi037.stdout:/usr/bin/ceph: stderr
2024-04-25T14:37:56.479+0000 7f1c9fe00700 1 -- 172.21.15.37:0/775698022 <== mgr.14120 v2:172.21.15.37:6800/4280350199 1 ==== mgr_command_reply(tid 0: 0 ) ==== 8+0+16 (secure 0 0 0) 0x7f1ca8103bb0 con 0x7f1c8c039720
2024-04-25T14:37:57.137 INFO:teuthology.orchestra.run.smithi037.stdout:/usr/bin/ceph: stderr
2024-04-25T14:37:56.482+0000 7f1cae600700 1 -- 172.21.15.37:0/775698022 >> [v2:172.21.15.37:6800/4280350199,v1:172.21.15.37:6801/4280350199] conn(0x7f1c8c039720 msgr2=0x7f1c8c03bbe0 secure :-1 s=STATE_CONNECTION_ESTABLISHED l=1).mark_down
2024-04-25T14:37:57.137 INFO:teuthology.orchestra.run.smithi037.stdout:/usr/bin/ceph: stderr
2024-04-25T14:37:56.482+0000 7f1cae600700 1 --2- 172.21.15.37:0/775698022 >> [v2:172.21.15.37:6800/4280350199,v1:172.21.15.37:6801/4280350199] conn(0x7f1c8c039720 0x7f1c8c03bbe0 secure :-1 s=READY pgs=8 cs=0 l=1 rev1=1 crypto rx=0x7f1c94006fd0 tx=0x7f1c94006e40 comp rx=0 tx=0).stop
2024-04-25T14:37:57.137 INFO:teuthology.orchestra.run.smithi037.stdout:/usr/bin/ceph: stderr
2024-04-25T14:37:56.482+0000 7f1cae600700 1 -- 172.21.15.37:0/775698022 >> [v2:172.21.15.37:3300/0,v1:172.21.15.37:6789/0] conn(0x7f1ca8109080 msgr2=0x7f1ca819c400 secure :-1 s=STATE_CONNECTION_ESTABLISHED l=1).mark_down
2024-04-25T14:37:57.137 INFO:teuthology.orchestra.run.smithi037.stdout:/usr/bin/ceph: stderr
2024-04-25T14:37:56.482+0000 7f1cae600700 1 --2- 172.21.15.37:0/775698022 >> [v2:172.21.15.37:3300/0,v1:172.21.15.37:6789/0] conn(0x7f1ca8109080 0x7f1ca819c400 secure :-1 s=READY pgs=40 cs=0 l=1 rev1=1 crypto rx=0x7f1c980117e0 tx=0x7f1c98011ce0 comp rx=0 tx=0).stop
2024-04-25T14:37:57.137 INFO:teuthology.orchestra.run.smithi037.stdout:/usr/bin/ceph: stderr
2024-04-25T14:37:56.482+0000 7f1cae600700 1 -- 172.21.15.37:0/775698022 shutdown_connections
2024-04-25T14:37:57.137 INFO:teuthology.orchestra.run.smithi037.stdout:/usr/bin/ceph: stderr
2024-04-25T14:37:56.482+0000 7f1cae600700 1 --2- 172.21.15.37:0/775698022 >> [v2:172.21.15.37:6800/4280350199,v1:172.21.15.37:6801/4280350199] conn(0x7f1c8c039720 0x7f1c8c03bbe0 unknown :-1 s=CLOSED pgs=8 cs=0 l=1 rev1=1 crypto rx=0 tx=0 comp rx=0 tx=0).stop
2024-04-25T14:37:57.137 INFO:teuthology.orchestra.run.smithi037.stdout:/usr/bin/ceph: stderr
2024-04-25T14:37:56.482+0000 7f1cae600700 1 --2- 172.21.15.37:0/775698022 >> [v2:172.21.15.37:3300/0,v1:172.21.15.37:6789/0] conn(0x7f1ca8109080 0x7f1ca819c400 unknown :-1 s=CLOSED pgs=40 cs=0 l=1 rev1=1 crypto rx=0 tx=0 comp rx=0 tx=0).stop
2024-04-25T14:37:57.137 INFO:teuthology.orchestra.run.smithi037.stdout:/usr/bin/ceph: stderr
2024-04-25T14:37:56.482+0000 7f1cae600700 1 -- 172.21.15.37:0/775698022 >> 172.21.15.37:0/775698022 conn(0x7f1ca8102ad0 msgr2=0x7f1ca81034a0 unknown :-1 s=STATE_NONE l=0).mark_down
2024-04-25T14:37:57.137 INFO:teuthology.orchestra.run.smithi037.stdout:/usr/bin/ceph: stderr
2024-04-25T14:37:56.483+0000 7f1cae600700 1 -- 172.21.15.37:0/775698022 shutdown_connections
2024-04-25T14:37:57.137 INFO:teuthology.orchestra.run.smithi037.stdout:/usr/bin/ceph: stderr
2024-04-25T14:37:56.483+0000 7f1cae600700 1 -- 172.21.15.37:0/775698022 wait complete.
2024-04-25T14:37:57.137 INFO:teuthology.orchestra.run.smithi037.stdout:Generating ssh key...
2024-04-25T14:37:57.656 INFO:journalctl@ceph.mon.a.smithi037.stdout:Apr 25 14:37:57 smithi037 ceph-mon[27822]: from='client.14134 -' entity='client.admin' cmd=[{"prefix": "cephadm set-user", "user": "root", "target": ["mon-mgr", ""]}]: dispatch
2024-04-25T14:37:58.700 INFO:journalctl@ceph.mon.a.smithi037.stdout:Apr 25 14:37:58 smithi037 ceph-mon[27822]: from='client.14136 -' entity='client.admin' cmd=[{"prefix": "cephadm generate-key", "target": ["mon-mgr", ""]}]: dispatch
2024-04-25T14:37:58.700 INFO:journalctl@ceph.mon.a.smithi037.stdout:Apr 25 14:37:58 smithi037 ceph-mon[27822]: Generating ssh key...
2024-04-25T14:37:58.700 INFO:journalctl@ceph.mon.a.smithi037.stdout:Apr 25 14:37:58 smithi037 ceph-mon[27822]: from='mgr.14120 172.21.15.37:0/1320723796' entity='mgr.x'
2024-04-25T14:37:58.701 INFO:journalctl@ceph.mon.a.smithi037.stdout:Apr 25 14:37:58 smithi037 ceph-mon[27822]: from='mgr.14120 172.21.15.37:0/1320723796' entity='mgr.x'
2024-04-25T14:37:58.701 INFO:journalctl@ceph.mgr.x.smithi037.stdout:Apr 25 14:37:58 smithi037 ceph-1cc363a8-0311-11ef-bc93-c7b262605968-mgr-x[28048]: Generating public/private rsa key pair.
2024-04-25T14:37:58.701 INFO:journalctl@ceph.mgr.x.smithi037.stdout:Apr 25 14:37:58 smithi037 ceph-1cc363a8-0311-11ef-bc93-c7b262605968-mgr-x[28048]: Your identification has been saved in /tmp/tmp0zuk86fl/key.
2024-04-25T14:37:58.701 INFO:journalctl@ceph.mgr.x.smithi037.stdout:Apr 25 14:37:58 smithi037 ceph-1cc363a8-0311-11ef-bc93-c7b262605968-mgr-x[28048]: Your public key has been saved in /tmp/tmp0zuk86fl/key.pub.
2024-04-25T14:37:58.701 INFO:journalctl@ceph.mgr.x.smithi037.stdout:Apr 25 14:37:58 smithi037 ceph-1cc363a8-0311-11ef-bc93-c7b262605968-mgr-x[28048]: The key fingerprint is:
2024-04-25T14:37:58.701 INFO:journalctl@ceph.mgr.x.smithi037.stdout:Apr 25 14:37:58 smithi037 ceph-1cc363a8-0311-11ef-bc93-c7b262605968-mgr-x[28048]: SHA256:MBWobNd6a7hpru4G6gXFuaJYKr+KczD/lveiZa4bbLU ceph-1cc363a8-0311-11ef-bc93-c7b262605968
2024-04-25T14:37:58.701 INFO:journalctl@ceph.mgr.x.smithi037.stdout:Apr 25 14:37:58 smithi037 ceph-1cc363a8-0311-11ef-bc93-c7b262605968-mgr-x[28048]: The key's randomart image is:
2024-04-25T14:37:58.701 INFO:journalctl@ceph.mgr.x.smithi037.stdout:Apr 25 14:37:58 smithi037 ceph-1cc363a8-0311-11ef-bc93-c7b262605968-mgr-x[28048]: +---[RSA 3072]----+
2024-04-25T14:37:58.701 INFO:journalctl@ceph.mgr.x.smithi037.stdout:Apr 25 14:37:58 smithi037 ceph-1cc363a8-0311-11ef-bc93-c7b262605968-mgr-x[28048]: | .o. |
2024-04-25T14:37:58.701 INFO:journalctl@ceph.mgr.x.smithi037.stdout:Apr 25 14:37:58 smithi037 ceph-1cc363a8-0311-11ef-bc93-c7b262605968-mgr-x[28048]: | . . .. |
2024-04-25T14:37:58.701 INFO:journalctl@ceph.mgr.x.smithi037.stdout:Apr 25 14:37:58 smithi037 ceph-1cc363a8-0311-11ef-bc93-c7b262605968-mgr-x[28048]: | = .o. |
2024-04-25T14:37:58.701 INFO:journalctl@ceph.mgr.x.smithi037.stdout:Apr 25 14:37:58 smithi037 ceph-1cc363a8-0311-11ef-bc93-c7b262605968-mgr-x[28048]: | . = .o. |
2024-04-25T14:37:58.702 INFO:journalctl@ceph.mgr.x.smithi037.stdout:Apr 25 14:37:58 smithi037 ceph-1cc363a8-0311-11ef-bc93-c7b262605968-mgr-x[28048]: | o.o ...S |
2024-04-25T14:37:58.702 INFO:journalctl@ceph.mgr.x.smithi037.stdout:Apr 25 14:37:58 smithi037 ceph-1cc363a8-0311-11ef-bc93-c7b262605968-mgr-x[28048]: |=o+. .... |
2024-04-25T14:37:58.702 INFO:journalctl@ceph.mgr.x.smithi037.stdout:Apr 25 14:37:58 smithi037 ceph-1cc363a8-0311-11ef-bc93-c7b262605968-mgr-x[28048]: |== o+.Eo . |
2024-04-25T14:37:58.702 INFO:journalctl@ceph.mgr.x.smithi037.stdout:Apr 25 14:37:58 smithi037 ceph-1cc363a8-0311-11ef-bc93-c7b262605968-mgr-x[28048]: |=.+.+==.o |
2024-04-25T14:37:58.702 INFO:journalctl@ceph.mgr.x.smithi037.stdout:Apr 25 14:37:58 smithi037 ceph-1cc363a8-0311-11ef-bc93-c7b262605968-mgr-x[28048]: |+=oBOO==. |
2024-04-25T14:37:58.702 INFO:journalctl@ceph.mgr.x.smithi037.stdout:Apr 25 14:37:58 smithi037 ceph-1cc363a8-0311-11ef-bc93-c7b262605968-mgr-x[28048]: +----[SHA256]-----+
2024-04-25T14:37:59.079 INFO:teuthology.orchestra.run.smithi037.stdout:/usr/bin/ceph: stderr
2024-04-25T14:37:57.726+0000 7fe3a6800700 1 Processor -- start
2024-04-25T14:37:59.079 INFO:teuthology.orchestra.run.smithi037.stdout:/usr/bin/ceph: stderr
2024-04-25T14:37:57.726+0000 7fe3a6800700 1 -- start start
2024-04-25T14:37:59.080 INFO:teuthology.orchestra.run.smithi037.stdout:/usr/bin/ceph: stderr
2024-04-25T14:37:57.726+0000 7fe3a6800700 1 --2- >> [v2:172.21.15.37:3300/0,v1:172.21.15.37:6789/0] conn(0x7fe3a010a7f0 0x7fe3a010ac10 unknown :-1 s=NONE pgs=0 cs=0 l=0 rev1=0 crypto rx=0 tx=0 comp rx=0 tx=0).connect
2024-04-25T14:37:59.080 INFO:teuthology.orchestra.run.smithi037.stdout:/usr/bin/ceph: stderr
2024-04-25T14:37:57.726+0000 7fe3a6800700 1 -- --> [v2:172.21.15.37:3300/0,v1:172.21.15.37:6789/0] -- mon_getmap magic: 0 -- 0x7fe3a010b1e0 con 0x7fe3a010a7f0
2024-04-25T14:37:59.080 INFO:teuthology.orchestra.run.smithi037.stdout:/usr/bin/ceph: stderr
2024-04-25T14:37:57.727+0000 7fe39f400700 1 --2- >> [v2:172.21.15.37:3300/0,v1:172.21.15.37:6789/0] conn(0x7fe3a010a7f0 0x7fe3a010ac10 unknown :-1 s=BANNER_CONNECTING pgs=0 cs=0 l=0 rev1=0 crypto rx=0 tx=0 comp rx=0 tx=0)._handle_peer_banner_payload supported=3 required=0
2024-04-25T14:37:59.080 INFO:teuthology.orchestra.run.smithi037.stdout:/usr/bin/ceph: stderr
2024-04-25T14:37:57.727+0000 7fe39f400700 1 --2- >> [v2:172.21.15.37:3300/0,v1:172.21.15.37:6789/0] conn(0x7fe3a010a7f0 0x7fe3a010ac10 unknown :-1 s=HELLO_CONNECTING pgs=0 cs=0 l=0 rev1=1 crypto rx=0 tx=0 comp rx=0 tx=0).handle_hello peer v2:172.21.15.37:3300/0 says I am v2:172.21.15.37:48190/0 (socket says 172.21.15.37:48190)
2024-04-25T14:37:59.085 INFO:teuthology.orchestra.run.smithi037.stdout:/usr/bin/ceph: stderr
2024-04-25T14:37:57.727+0000 7fe39f400700 1 -- 172.21.15.37:0/2953655067 learned_addr learned my addr 172.21.15.37:0/2953655067 (peer_addr_for_me v2:172.21.15.37:0/0)
2024-04-25T14:37:59.085 INFO:teuthology.orchestra.run.smithi037.stdout:/usr/bin/ceph: stderr
2024-04-25T14:37:57.727+0000 7fe39f400700 1 -- 172.21.15.37:0/2953655067 --> [v2:172.21.15.37:3300/0,v1:172.21.15.37:6789/0] -- mon_subscribe({config=0+,monmap=0+}) -- 0x7fe3a010b9a0 con 0x7fe3a010a7f0
2024-04-25T14:37:59.085 INFO:teuthology.orchestra.run.smithi037.stdout:/usr/bin/ceph: stderr
2024-04-25T14:37:57.728+0000 7fe39f400700 1 --2- 172.21.15.37:0/2953655067 >> [v2:172.21.15.37:3300/0,v1:172.21.15.37:6789/0] conn(0x7fe3a010a7f0 0x7fe3a010ac10 secure :-1 s=READY pgs=41 cs=0 l=1 rev1=1 crypto rx=0x7fe3900098a0 tx=0x7fe390009bb0 comp rx=0 tx=0).ready entity=mon.0 client_cookie=8445ad2163be41c2 server_cookie=0 in_seq=0 out_seq=0
2024-04-25T14:37:59.086 INFO:teuthology.orchestra.run.smithi037.stdout:/usr/bin/ceph: stderr
2024-04-25T14:37:57.728+0000 7fe39ea00700 1 -- 172.21.15.37:0/2953655067 <== mon.0 v2:172.21.15.37:3300/0 1 ==== mon_map magic: 0 ==== 205+0+0 (secure 0 0 0) 0x7fe390004160 con 0x7fe3a010a7f0
2024-04-25T14:37:59.086 INFO:teuthology.orchestra.run.smithi037.stdout:/usr/bin/ceph: stderr
2024-04-25T14:37:57.728+0000 7fe39ea00700 1 -- 172.21.15.37:0/2953655067 <== mon.0 v2:172.21.15.37:3300/0 2 ==== config(27 keys) ==== 1104+0+0 (secure 0 0 0) 0x7fe390004300 con 0x7fe3a010a7f0
2024-04-25T14:37:59.086 INFO:teuthology.orchestra.run.smithi037.stdout:/usr/bin/ceph: stderr
2024-04-25T14:37:57.728+0000 7fe39ea00700 1 -- 172.21.15.37:0/2953655067 <== mon.0 v2:172.21.15.37:3300/0 3 ==== mon_map magic: 0 ==== 205+0+0 (secure 0 0 0) 0x7fe390011b20 con 0x7fe3a010a7f0
2024-04-25T14:37:59.086 INFO:teuthology.orchestra.run.smithi037.stdout:/usr/bin/ceph: stderr
2024-04-25T14:37:57.729+0000 7fe3a6800700 1 -- 172.21.15.37:0/2953655067 >> [v2:172.21.15.37:3300/0,v1:172.21.15.37:6789/0] conn(0x7fe3a010a7f0 msgr2=0x7fe3a010ac10 secure :-1 s=STATE_CONNECTION_ESTABLISHED l=1).mark_down
2024-04-25T14:37:59.086 INFO:teuthology.orchestra.run.smithi037.stdout:/usr/bin/ceph: stderr
2024-04-25T14:37:57.729+0000 7fe3a6800700 1 --2- 172.21.15.37:0/2953655067 >> [v2:172.21.15.37:3300/0,v1:172.21.15.37:6789/0] conn(0x7fe3a010a7f0 0x7fe3a010ac10 secure :-1 s=READY pgs=41 cs=0 l=1 rev1=1 crypto rx=0x7fe3900098a0 tx=0x7fe390009bb0 comp rx=0 tx=0).stop
2024-04-25T14:37:59.086 INFO:teuthology.orchestra.run.smithi037.stdout:/usr/bin/ceph: stderr
2024-04-25T14:37:57.729+0000 7fe3a6800700 1 -- 172.21.15.37:0/2953655067 shutdown_connections
2024-04-25T14:37:59.086 INFO:teuthology.orchestra.run.smithi037.stdout:/usr/bin/ceph: stderr
2024-04-25T14:37:57.729+0000 7fe3a6800700 1 --2- 172.21.15.37:0/2953655067 >> [v2:172.21.15.37:3300/0,v1:172.21.15.37:6789/0] conn(0x7fe3a010a7f0 0x7fe3a010ac10 unknown :-1 s=CLOSED pgs=41 cs=0 l=1 rev1=1 crypto rx=0 tx=0 comp rx=0 tx=0).stop
2024-04-25T14:37:59.086 INFO:teuthology.orchestra.run.smithi037.stdout:/usr/bin/ceph: stderr
2024-04-25T14:37:57.729+0000 7fe3a6800700 1 -- 172.21.15.37:0/2953655067 >> 172.21.15.37:0/2953655067 conn(0x7fe3a007de00 msgr2=0x7fe3a01084c0 unknown :-1 s=STATE_NONE l=0).mark_down
2024-04-25T14:37:59.086 INFO:teuthology.orchestra.run.smithi037.stdout:/usr/bin/ceph: stderr
2024-04-25T14:37:57.729+0000 7fe3a6800700 1 -- 172.21.15.37:0/2953655067 shutdown_connections
2024-04-25T14:37:59.086 INFO:teuthology.orchestra.run.smithi037.stdout:/usr/bin/ceph: stderr
2024-04-25T14:37:57.729+0000 7fe3a6800700 1 -- 172.21.15.37:0/2953655067 wait complete.
2024-04-25T14:37:59.087 INFO:teuthology.orchestra.run.smithi037.stdout:/usr/bin/ceph: stderr
2024-04-25T14:37:57.730+0000 7fe3a6800700 1 Processor -- start
2024-04-25T14:37:59.087 INFO:teuthology.orchestra.run.smithi037.stdout:/usr/bin/ceph: stderr
2024-04-25T14:37:57.731+0000 7fe3a6800700 1 -- start start
2024-04-25T14:37:59.087 INFO:teuthology.orchestra.run.smithi037.stdout:/usr/bin/ceph: stderr
2024-04-25T14:37:57.731+0000 7fe3a6800700 1 --2- >> [v2:172.21.15.37:3300/0,v1:172.21.15.37:6789/0] conn(0x7fe3a010a7f0 0x7fe3a019e5b0 unknown :-1 s=NONE pgs=0 cs=0 l=1 rev1=0 crypto rx=0 tx=0 comp rx=0 tx=0).connect
2024-04-25T14:37:59.087 INFO:teuthology.orchestra.run.smithi037.stdout:/usr/bin/ceph: stderr
2024-04-25T14:37:57.731+0000 7fe3a6800700 1 -- --> [v2:172.21.15.37:3300/0,v1:172.21.15.37:6789/0] -- mon_getmap magic: 0 -- 0x7fe3a010ed50 con 0x7fe3a010a7f0
2024-04-25T14:37:59.087 INFO:teuthology.orchestra.run.smithi037.stdout:/usr/bin/ceph: stderr
2024-04-25T14:37:57.731+0000 7fe39f400700 1 --2- >> [v2:172.21.15.37:3300/0,v1:172.21.15.37:6789/0] conn(0x7fe3a010a7f0 0x7fe3a019e5b0 unknown :-1 s=BANNER_CONNECTING pgs=0 cs=0 l=1 rev1=0 crypto rx=0 tx=0 comp rx=0 tx=0)._handle_peer_banner_payload supported=3 required=0
2024-04-25T14:37:59.087 INFO:teuthology.orchestra.run.smithi037.stdout:/usr/bin/ceph: stderr
2024-04-25T14:37:57.731+0000 7fe39f400700 1 --2- >> [v2:172.21.15.37:3300/0,v1:172.21.15.37:6789/0] conn(0x7fe3a010a7f0 0x7fe3a019e5b0 unknown :-1 s=HELLO_CONNECTING pgs=0 cs=0 l=1 rev1=1 crypto rx=0 tx=0 comp rx=0 tx=0).handle_hello peer v2:172.21.15.37:3300/0 says I am v2:172.21.15.37:48206/0 (socket says 172.21.15.37:48206)
2024-04-25T14:37:59.087 INFO:teuthology.orchestra.run.smithi037.stdout:/usr/bin/ceph: stderr
2024-04-25T14:37:57.731+0000 7fe39f400700 1 -- 172.21.15.37:0/2715042532 learned_addr learned my addr 172.21.15.37:0/2715042532 (peer_addr_for_me v2:172.21.15.37:0/0)
2024-04-25T14:37:59.087 INFO:teuthology.orchestra.run.smithi037.stdout:/usr/bin/ceph: stderr
2024-04-25T14:37:57.732+0000 7fe39f400700 1 -- 172.21.15.37:0/2715042532 --> [v2:172.21.15.37:3300/0,v1:172.21.15.37:6789/0] -- mon_subscribe({config=0+,monmap=0+}) -- 0x7fe3a019eaf0 con 0x7fe3a010a7f0
2024-04-25T14:37:59.087 INFO:teuthology.orchestra.run.smithi037.stdout:/usr/bin/ceph: stderr
2024-04-25T14:37:57.732+0000 7fe39f400700 1 --2- 172.21.15.37:0/2715042532 >> [v2:172.21.15.37:3300/0,v1:172.21.15.37:6789/0] conn(0x7fe3a010a7f0 0x7fe3a019e5b0 secure :-1 s=READY pgs=42 cs=0 l=1 rev1=1 crypto rx=0x7fe3900117e0 tx=0x7fe390011ce0 comp rx=0 tx=0).ready entity=mon.0 client_cookie=0 server_cookie=0 in_seq=0 out_seq=0
2024-04-25T14:37:59.087 INFO:teuthology.orchestra.run.smithi037.stdout:/usr/bin/ceph: stderr
2024-04-25T14:37:57.732+0000 7fe39cc00700 1 -- 172.21.15.37:0/2715042532 <== mon.0 v2:172.21.15.37:3300/0 1 ==== mon_map magic: 0 ==== 205+0+0 (secure 0 0 0) 0x7fe390003b20 con 0x7fe3a010a7f0
2024-04-25T14:37:59.087 INFO:teuthology.orchestra.run.smithi037.stdout:/usr/bin/ceph: stderr
2024-04-25T14:37:57.732+0000 7fe39cc00700 1 -- 172.21.15.37:0/2715042532 <== mon.0 v2:172.21.15.37:3300/0 2 ==== config(27 keys) ==== 1104+0+0 (secure 0 0 0) 0x7fe390003cc0 con 0x7fe3a010a7f0
2024-04-25T14:37:59.087 INFO:teuthology.orchestra.run.smithi037.stdout:/usr/bin/ceph: stderr
2024-04-25T14:37:57.732+0000 7fe3a6800700 1 -- 172.21.15.37:0/2715042532 --> [v2:172.21.15.37:3300/0,v1:172.21.15.37:6789/0] -- mon_subscribe({mgrmap=0+}) -- 0x7fe3a019ed80 con 0x7fe3a010a7f0
2024-04-25T14:37:59.087 INFO:teuthology.orchestra.run.smithi037.stdout:/usr/bin/ceph: stderr
2024-04-25T14:37:57.732+0000 7fe39cc00700 1 -- 172.21.15.37:0/2715042532 <== mon.0 v2:172.21.15.37:3300/0 3 ==== mon_map magic: 0 ==== 205+0+0 (secure 0 0 0) 0x7fe390019870 con 0x7fe3a010a7f0
2024-04-25T14:37:59.088 INFO:teuthology.orchestra.run.smithi037.stdout:/usr/bin/ceph: stderr
2024-04-25T14:37:57.732+0000 7fe3a6800700 1 -- 172.21.15.37:0/2715042532 --> [v2:172.21.15.37:3300/0,v1:172.21.15.37:6789/0] -- mon_subscribe({osdmap=0}) -- 0x7fe3a019f1e0 con 0x7fe3a010a7f0
2024-04-25T14:37:59.088 INFO:teuthology.orchestra.run.smithi037.stdout:/usr/bin/ceph: stderr
2024-04-25T14:37:57.733+0000 7fe39cc00700 1 -- 172.21.15.37:0/2715042532 <== mon.0 v2:172.21.15.37:3300/0 4 ==== mgrmap(e 8) ==== 46558+0+0 (secure 0 0 0) 0x7fe39001ac70 con 0x7fe3a010a7f0
2024-04-25T14:37:59.088 INFO:teuthology.orchestra.run.smithi037.stdout:/usr/bin/ceph: stderr
2024-04-25T14:37:57.734+0000 7fe3a6800700 1 -- 172.21.15.37:0/2715042532 --> [v2:172.21.15.37:3300/0,v1:172.21.15.37:6789/0] -- mon_command({"prefix": "get_command_descriptions"} v 0) -- 0x7fe3a00640a0 con 0x7fe3a010a7f0
2024-04-25T14:37:59.088 INFO:teuthology.orchestra.run.smithi037.stdout:/usr/bin/ceph: stderr
2024-04-25T14:37:57.734+0000 7fe39cc00700 1 --2- 172.21.15.37:0/2715042532 >> [v2:172.21.15.37:6800/4280350199,v1:172.21.15.37:6801/4280350199] conn(0x7fe380039620 0x7fe38003bae0 unknown :-1 s=NONE pgs=0 cs=0 l=1 rev1=0 crypto rx=0 tx=0 comp rx=0 tx=0).connect
2024-04-25T14:37:59.088 INFO:teuthology.orchestra.run.smithi037.stdout:/usr/bin/ceph: stderr
2024-04-25T14:37:57.734+0000 7fe39cc00700 1 -- 172.21.15.37:0/2715042532 <== mon.0 v2:172.21.15.37:3300/0 5 ==== osd_map(2..2 src has 1..2) ==== 940+0+0 (secure 0 0 0) 0x7fe39004dbc0 con 0x7fe3a010a7f0
2024-04-25T14:37:59.088 INFO:teuthology.orchestra.run.smithi037.stdout:/usr/bin/ceph: stderr
2024-04-25T14:37:57.734+0000 7fe396a00700 1 --2- 172.21.15.37:0/2715042532 >> [v2:172.21.15.37:6800/4280350199,v1:172.21.15.37:6801/4280350199] conn(0x7fe380039620 0x7fe38003bae0 unknown :-1 s=BANNER_CONNECTING pgs=0 cs=0 l=1 rev1=0 crypto rx=0 tx=0 comp rx=0 tx=0)._handle_peer_banner_payload supported=3 required=0
2024-04-25T14:37:59.088 INFO:teuthology.orchestra.run.smithi037.stdout:/usr/bin/ceph: stderr
2024-04-25T14:37:57.735+0000 7fe396a00700 1 --2- 172.21.15.37:0/2715042532 >> [v2:172.21.15.37:6800/4280350199,v1:172.21.15.37:6801/4280350199] conn(0x7fe380039620 0x7fe38003bae0 secure :-1 s=READY pgs=9 cs=0 l=1 rev1=1 crypto rx=0x7fe38800ad30 tx=0x7fe3880093f0 comp rx=0 tx=0).ready entity=mgr.14120 client_cookie=0 server_cookie=0 in_seq=0 out_seq=0
2024-04-25T14:37:59.088 INFO:teuthology.orchestra.run.smithi037.stdout:/usr/bin/ceph: stderr
2024-04-25T14:37:57.739+0000 7fe39cc00700 1 -- 172.21.15.37:0/2715042532 <== mon.0 v2:172.21.15.37:3300/0 6 ==== mon_command_ack([{"prefix": "get_command_descriptions"}]=0 v0) ==== 72+0+188370 (secure 0 0 0) 0x7fe390011e20 con 0x7fe3a010a7f0
2024-04-25T14:37:59.088 INFO:teuthology.orchestra.run.smithi037.stdout:/usr/bin/ceph: stderr
2024-04-25T14:37:57.992+0000 7fe3a6800700 1 -- 172.21.15.37:0/2715042532 --> [v2:172.21.15.37:6800/4280350199,v1:172.21.15.37:6801/4280350199] -- mgr_command(tid 0: {"prefix": "cephadm generate-key", "target": ["mon-mgr", ""]}) -- 0x7fe3a01080d0 con 0x7fe380039620
2024-04-25T14:37:59.088 INFO:teuthology.orchestra.run.smithi037.stdout:/usr/bin/ceph: stderr
2024-04-25T14:37:58.436+0000 7fe39cc00700 1 -- 172.21.15.37:0/2715042532 <== mgr.14120 v2:172.21.15.37:6800/4280350199 1 ==== mgr_command_reply(tid 0: 0 ) ==== 8+0+0 (secure 0 0 0) 0x7fe3a01080d0 con 0x7fe380039620
2024-04-25T14:37:59.088 INFO:teuthology.orchestra.run.smithi037.stdout:/usr/bin/ceph: stderr
2024-04-25T14:37:58.439+0000 7fe3a6800700 1 -- 172.21.15.37:0/2715042532 >> [v2:172.21.15.37:6800/4280350199,v1:172.21.15.37:6801/4280350199] conn(0x7fe380039620 msgr2=0x7fe38003bae0 secure :-1 s=STATE_CONNECTION_ESTABLISHED l=1).mark_down
2024-04-25T14:37:59.088 INFO:teuthology.orchestra.run.smithi037.stdout:/usr/bin/ceph: stderr
2024-04-25T14:37:58.439+0000 7fe3a6800700 1 --2- 172.21.15.37:0/2715042532 >> [v2:172.21.15.37:6800/4280350199,v1:172.21.15.37:6801/4280350199] conn(0x7fe380039620 0x7fe38003bae0 secure :-1 s=READY pgs=9 cs=0 l=1 rev1=1 crypto rx=0x7fe38800ad30 tx=0x7fe3880093f0 comp rx=0 tx=0).stop
2024-04-25T14:37:59.089 INFO:teuthology.orchestra.run.smithi037.stdout:/usr/bin/ceph: stderr
2024-04-25T14:37:58.439+0000 7fe3a6800700 1 -- 172.21.15.37:0/2715042532 >> [v2:172.21.15.37:3300/0,v1:172.21.15.37:6789/0] conn(0x7fe3a010a7f0 msgr2=0x7fe3a019e5b0 secure :-1 s=STATE_CONNECTION_ESTABLISHED l=1).mark_down
2024-04-25T14:37:59.089 INFO:teuthology.orchestra.run.smithi037.stdout:/usr/bin/ceph: stderr
2024-04-25T14:37:58.439+0000 7fe3a6800700 1 --2- 172.21.15.37:0/2715042532 >> [v2:172.21.15.37:3300/0,v1:172.21.15.37:6789/0] conn(0x7fe3a010a7f0 0x7fe3a019e5b0 secure :-1 s=READY pgs=42 cs=0 l=1 rev1=1 crypto rx=0x7fe3900117e0 tx=0x7fe390011ce0 comp rx=0 tx=0).stop
2024-04-25T14:37:59.089 INFO:teuthology.orchestra.run.smithi037.stdout:/usr/bin/ceph: stderr
2024-04-25T14:37:58.439+0000 7fe3a6800700 1 -- 172.21.15.37:0/2715042532 shutdown_connections
2024-04-25T14:37:59.089 INFO:teuthology.orchestra.run.smithi037.stdout:/usr/bin/ceph: stderr
2024-04-25T14:37:58.439+0000 7fe3a6800700 1 --2- 172.21.15.37:0/2715042532 >> [v2:172.21.15.37:6800/4280350199,v1:172.21.15.37:6801/4280350199] conn(0x7fe380039620 0x7fe38003bae0 unknown :-1 s=CLOSED pgs=9 cs=0 l=1 rev1=1 crypto rx=0 tx=0 comp rx=0 tx=0).stop
2024-04-25T14:37:59.089 INFO:teuthology.orchestra.run.smithi037.stdout:/usr/bin/ceph: stderr
2024-04-25T14:37:58.439+0000 7fe3a6800700 1 --2- 172.21.15.37:0/2715042532 >> [v2:172.21.15.37:3300/0,v1:172.21.15.37:6789/0] conn(0x7fe3a010a7f0 0x7fe3a019e5b0 unknown :-1 s=CLOSED pgs=42 cs=0 l=1 rev1=1 crypto rx=0 tx=0 comp rx=0 tx=0).stop
2024-04-25T14:37:59.089 INFO:teuthology.orchestra.run.smithi037.stdout:/usr/bin/ceph: stderr
2024-04-25T14:37:58.439+0000 7fe3a6800700 1 -- 172.21.15.37:0/2715042532 >> 172.21.15.37:0/2715042532 conn(0x7fe3a007de00 msgr2=0x7fe3a01079c0 unknown :-1 s=STATE_NONE l=0).mark_down
2024-04-25T14:37:59.089 INFO:teuthology.orchestra.run.smithi037.stdout:/usr/bin/ceph: stderr
2024-04-25T14:37:58.439+0000 7fe3a6800700 1 -- 172.21.15.37:0/2715042532 shutdown_connections
2024-04-25T14:37:59.089 INFO:teuthology.orchestra.run.smithi037.stdout:/usr/bin/ceph: stderr
2024-04-25T14:37:58.440+0000 7fe3a6800700 1 -- 172.21.15.37:0/2715042532 wait complete.
2024-04-25T14:38:00.619 INFO:journalctl@ceph.mon.a.smithi037.stdout:Apr 25 14:38:00 smithi037 ceph-mon[27822]: from='client.14138 -' entity='client.admin' cmd=[{"prefix": "cephadm get-pub-key", "target": ["mon-mgr", ""]}]: dispatch
