2024-04-25T14:38:00.660 INFO:teuthology.orchestra.run.smithi037.stdout:/usr/bin/ceph: stdout ssh-rsa AAAAB3NzaC1yc2EAAAADAQABAAABgQDGAh3z5FSJVucaoc6Ur7vvUnAWAeFbv+tJQcwP2Ff0JDMtNYAswtFe/khQG3hcwcNqCBmOGx5o+ZA/C+ZBJYTBEUXpCO2s1WiVkwK7HIclHRlMq/ejZuHdX5m7M/P4g+QmrN60+y5nv0MO2xECNfm/pde4RYUBj2bwpFVn0l7yI9lDXREk38gNQix8DGiLp8NeSBfCQ44dwg/RO5SuOLvH8CnKucyQg6doF8X+qNVgHSHfJSBKbyu/bH4DTaxWkVMhULmX9vhE6qZCCa72CvXrizyF+kAxWZhriDtDv8PvzllTXUwSlsx6jIuuTKWAvJWXFrcpnhPHqhJglxz6KnMz71YSFi7ZrMXIjEXmb+/IwUe8rv6Gd0lQtoli1lfaQnNOkpRSjqUps/nGZGe+FtUZ2SU2lYWonYoM6l/U8v80W+w2GszAoXIkagFgsafQQnZRzdnpp81X3RIKbIrdcFO2cYEDoh7XrMRwYwDQASa2XUAc0s/9BHRlg5qt7x+F6yM= ceph-1cc363a8-0311-11ef-bc93-c7b262605968
2024-04-25T14:38:00.660 INFO:teuthology.orchestra.run.smithi037.stdout:/usr/bin/ceph: stderr
2024-04-25T14:37:59.684+0000 7f9309a00700 1 Processor -- start
2024-04-25T14:38:00.660 INFO:teuthology.orchestra.run.smithi037.stdout:/usr/bin/ceph: stderr
2024-04-25T14:37:59.684+0000 7f9309a00700 1 -- start start
2024-04-25T14:38:00.660 INFO:teuthology.orchestra.run.smithi037.stdout:/usr/bin/ceph: stderr
2024-04-25T14:37:59.685+0000 7f9309a00700 1 --2- >> [v2:172.21.15.37:3300/0,v1:172.21.15.37:6789/0] conn(0x7f93041074a0 0x7f93041078c0 unknown :-1 s=NONE pgs=0 cs=0 l=0 rev1=0 crypto rx=0 tx=0 comp rx=0 tx=0).connect
2024-04-25T14:38:00.660 INFO:teuthology.orchestra.run.smithi037.stdout:/usr/bin/ceph: stderr
2024-04-25T14:37:59.685+0000 7f9309a00700 1 -- --> [v2:172.21.15.37:3300/0,v1:172.21.15.37:6789/0] -- mon_getmap magic: 0 -- 0x7f9304107e90 con 0x7f93041074a0
2024-04-25T14:38:00.661 INFO:teuthology.orchestra.run.smithi037.stdout:/usr/bin/ceph: stderr
2024-04-25T14:37:59.685+0000 7f9302a00700 1 --2- >> [v2:172.21.15.37:3300/0,v1:172.21.15.37:6789/0] conn(0x7f93041074a0 0x7f93041078c0 unknown :-1 s=BANNER_CONNECTING pgs=0 cs=0 l=0 rev1=0 crypto rx=0 tx=0 comp rx=0 tx=0)._handle_peer_banner_payload supported=3 required=0
2024-04-25T14:38:00.661 INFO:teuthology.orchestra.run.smithi037.stdout:/usr/bin/ceph: stderr
2024-04-25T14:37:59.685+0000 7f9302a00700 1 --2- >> [v2:172.21.15.37:3300/0,v1:172.21.15.37:6789/0] conn(0x7f93041074a0 0x7f93041078c0 unknown :-1 s=HELLO_CONNECTING pgs=0 cs=0 l=0 rev1=1 crypto rx=0 tx=0 comp rx=0 tx=0).handle_hello peer v2:172.21.15.37:3300/0 says I am v2:172.21.15.37:48208/0 (socket says 172.21.15.37:48208)
2024-04-25T14:38:00.661 INFO:teuthology.orchestra.run.smithi037.stdout:/usr/bin/ceph: stderr
2024-04-25T14:37:59.685+0000 7f9302a00700 1 -- 172.21.15.37:0/2158725505 learned_addr learned my addr 172.21.15.37:0/2158725505 (peer_addr_for_me v2:172.21.15.37:0/0)
2024-04-25T14:38:00.661 INFO:teuthology.orchestra.run.smithi037.stdout:/usr/bin/ceph: stderr
2024-04-25T14:37:59.686+0000 7f9302a00700 1 -- 172.21.15.37:0/2158725505 --> [v2:172.21.15.37:3300/0,v1:172.21.15.37:6789/0] -- mon_subscribe({config=0+,monmap=0+}) -- 0x7f93041086a0 con 0x7f93041074a0
2024-04-25T14:38:00.661 INFO:teuthology.orchestra.run.smithi037.stdout:/usr/bin/ceph: stderr
2024-04-25T14:37:59.686+0000 7f9302a00700 1 --2- 172.21.15.37:0/2158725505 >> [v2:172.21.15.37:3300/0,v1:172.21.15.37:6789/0] conn(0x7f93041074a0 0x7f93041078c0 secure :-1 s=READY pgs=43 cs=0 l=1 rev1=1 crypto rx=0x7f92f40098a0 tx=0x7f92f4009bb0 comp rx=0 tx=0).ready entity=mon.0 client_cookie=51f7a89f6ce1b748 server_cookie=0 in_seq=0 out_seq=0
2024-04-25T14:38:00.661 INFO:teuthology.orchestra.run.smithi037.stdout:/usr/bin/ceph: stderr
2024-04-25T14:37:59.686+0000 7f9301600700 1 -- 172.21.15.37:0/2158725505 <== mon.0 v2:172.21.15.37:3300/0 1 ==== mon_map magic: 0 ==== 205+0+0 (secure 0 0 0) 0x7f92f4004160 con 0x7f93041074a0
2024-04-25T14:38:00.661 INFO:teuthology.orchestra.run.smithi037.stdout:/usr/bin/ceph: stderr
2024-04-25T14:37:59.686+0000 7f9301600700 1 -- 172.21.15.37:0/2158725505 <== mon.0 v2:172.21.15.37:3300/0 2 ==== config(27 keys) ==== 1104+0+0 (secure 0 0 0) 0x7f92f4004300 con 0x7f93041074a0
2024-04-25T14:38:00.661 INFO:teuthology.orchestra.run.smithi037.stdout:/usr/bin/ceph: stderr
2024-04-25T14:37:59.686+0000 7f9301600700 1 -- 172.21.15.37:0/2158725505 <== mon.0 v2:172.21.15.37:3300/0 3 ==== mon_map magic: 0 ==== 205+0+0 (secure 0 0 0) 0x7f92f4011b20 con 0x7f93041074a0
2024-04-25T14:38:00.661 INFO:teuthology.orchestra.run.smithi037.stdout:/usr/bin/ceph: stderr
2024-04-25T14:37:59.687+0000 7f9309a00700 1 -- 172.21.15.37:0/2158725505 >> [v2:172.21.15.37:3300/0,v1:172.21.15.37:6789/0] conn(0x7f93041074a0 msgr2=0x7f93041078c0 secure :-1 s=STATE_CONNECTION_ESTABLISHED l=1).mark_down
2024-04-25T14:38:00.661 INFO:teuthology.orchestra.run.smithi037.stdout:/usr/bin/ceph: stderr
2024-04-25T14:37:59.687+0000 7f9309a00700 1 --2- 172.21.15.37:0/2158725505 >> [v2:172.21.15.37:3300/0,v1:172.21.15.37:6789/0] conn(0x7f93041074a0 0x7f93041078c0 secure :-1 s=READY pgs=43 cs=0 l=1 rev1=1 crypto rx=0x7f92f40098a0 tx=0x7f92f4009bb0 comp rx=0 tx=0).stop
2024-04-25T14:38:00.661 INFO:teuthology.orchestra.run.smithi037.stdout:/usr/bin/ceph: stderr
2024-04-25T14:37:59.687+0000 7f9309a00700 1 -- 172.21.15.37:0/2158725505 shutdown_connections
2024-04-25T14:38:00.661 INFO:teuthology.orchestra.run.smithi037.stdout:/usr/bin/ceph: stderr
2024-04-25T14:37:59.687+0000 7f9309a00700 1 --2- 172.21.15.37:0/2158725505 >> [v2:172.21.15.37:3300/0,v1:172.21.15.37:6789/0] conn(0x7f93041074a0 0x7f93041078c0 unknown :-1 s=CLOSED pgs=43 cs=0 l=1 rev1=1 crypto rx=0 tx=0 comp rx=0 tx=0).stop
2024-04-25T14:38:00.661 INFO:teuthology.orchestra.run.smithi037.stdout:/usr/bin/ceph: stderr
2024-04-25T14:37:59.687+0000 7f9309a00700 1 -- 172.21.15.37:0/2158725505 >> 172.21.15.37:0/2158725505 conn(0x7f9304102a40 msgr2=0x7f9304104e80 unknown :-1 s=STATE_NONE l=0).mark_down
2024-04-25T14:38:00.662 INFO:teuthology.orchestra.run.smithi037.stdout:/usr/bin/ceph: stderr
2024-04-25T14:37:59.687+0000 7f9309a00700 1 -- 172.21.15.37:0/2158725505 shutdown_connections
2024-04-25T14:38:00.662 INFO:teuthology.orchestra.run.smithi037.stdout:/usr/bin/ceph: stderr
2024-04-25T14:37:59.687+0000 7f9309a00700 1 -- 172.21.15.37:0/2158725505 wait complete.
2024-04-25T14:38:00.662 INFO:teuthology.orchestra.run.smithi037.stdout:/usr/bin/ceph: stderr
2024-04-25T14:37:59.688+0000 7f9309a00700 1 Processor -- start
2024-04-25T14:38:00.662 INFO:teuthology.orchestra.run.smithi037.stdout:/usr/bin/ceph: stderr
2024-04-25T14:37:59.689+0000 7f9309a00700 1 -- start start
2024-04-25T14:38:00.662 INFO:teuthology.orchestra.run.smithi037.stdout:/usr/bin/ceph: stderr
2024-04-25T14:37:59.689+0000 7f9309a00700 1 --2- >> [v2:172.21.15.37:3300/0,v1:172.21.15.37:6789/0] conn(0x7f93041074a0 0x7f9304192650 unknown :-1 s=NONE pgs=0 cs=0 l=1 rev1=0 crypto rx=0 tx=0 comp rx=0 tx=0).connect
2024-04-25T14:38:00.662 INFO:teuthology.orchestra.run.smithi037.stdout:/usr/bin/ceph: stderr
2024-04-25T14:37:59.689+0000 7f9309a00700 1 -- --> [v2:172.21.15.37:3300/0,v1:172.21.15.37:6789/0] -- mon_getmap magic: 0 -- 0x7f930410ba50 con 0x7f93041074a0
2024-04-25T14:38:00.662 INFO:teuthology.orchestra.run.smithi037.stdout:/usr/bin/ceph: stderr
2024-04-25T14:37:59.689+0000 7f9302a00700 1 --2- >> [v2:172.21.15.37:3300/0,v1:172.21.15.37:6789/0] conn(0x7f93041074a0 0x7f9304192650 unknown :-1 s=BANNER_CONNECTING pgs=0 cs=0 l=1 rev1=0 crypto rx=0 tx=0 comp rx=0 tx=0)._handle_peer_banner_payload supported=3 required=0
2024-04-25T14:38:00.662 INFO:teuthology.orchestra.run.smithi037.stdout:/usr/bin/ceph: stderr
2024-04-25T14:37:59.689+0000 7f9302a00700 1 --2- >> [v2:172.21.15.37:3300/0,v1:172.21.15.37:6789/0] conn(0x7f93041074a0 0x7f9304192650 unknown :-1 s=HELLO_CONNECTING pgs=0 cs=0 l=1 rev1=1 crypto rx=0 tx=0 comp rx=0 tx=0).handle_hello peer v2:172.21.15.37:3300/0 says I am v2:172.21.15.37:48212/0 (socket says 172.21.15.37:48212)
2024-04-25T14:38:00.662 INFO:teuthology.orchestra.run.smithi037.stdout:/usr/bin/ceph: stderr
2024-04-25T14:37:59.689+0000 7f9302a00700 1 -- 172.21.15.37:0/959761043 learned_addr learned my addr 172.21.15.37:0/959761043 (peer_addr_for_me v2:172.21.15.37:0/0)
2024-04-25T14:38:00.662 INFO:teuthology.orchestra.run.smithi037.stdout:/usr/bin/ceph: stderr
2024-04-25T14:37:59.690+0000 7f9302a00700 1 -- 172.21.15.37:0/959761043 --> [v2:172.21.15.37:3300/0,v1:172.21.15.37:6789/0] -- mon_subscribe({config=0+,monmap=0+}) -- 0x7f9304192b90 con 0x7f93041074a0
2024-04-25T14:38:00.662 INFO:teuthology.orchestra.run.smithi037.stdout:/usr/bin/ceph: stderr
2024-04-25T14:37:59.690+0000 7f9302a00700 1 --2- 172.21.15.37:0/959761043 >> [v2:172.21.15.37:3300/0,v1:172.21.15.37:6789/0] conn(0x7f93041074a0 0x7f9304192650 secure :-1 s=READY pgs=44 cs=0 l=1 rev1=1 crypto rx=0x7f92f40117e0 tx=0x7f92f4011ce0 comp rx=0 tx=0).ready entity=mon.0 client_cookie=0 server_cookie=0 in_seq=0 out_seq=0
2024-04-25T14:38:00.662 INFO:teuthology.orchestra.run.smithi037.stdout:/usr/bin/ceph: stderr
2024-04-25T14:37:59.690+0000 7f92fb400700 1 -- 172.21.15.37:0/959761043 <== mon.0 v2:172.21.15.37:3300/0 1 ==== mon_map magic: 0 ==== 205+0+0 (secure 0 0 0) 0x7f92f4003b30 con 0x7f93041074a0
2024-04-25T14:38:00.662 INFO:teuthology.orchestra.run.smithi037.stdout:/usr/bin/ceph: stderr
2024-04-25T14:37:59.690+0000 7f92fb400700 1 -- 172.21.15.37:0/959761043 <== mon.0 v2:172.21.15.37:3300/0 2 ==== config(27 keys) ==== 1104+0+0 (secure 0 0 0) 0x7f92f4003cd0 con 0x7f93041074a0
2024-04-25T14:38:00.662 INFO:teuthology.orchestra.run.smithi037.stdout:/usr/bin/ceph: stderr
2024-04-25T14:37:59.690+0000 7f9309a00700 1 -- 172.21.15.37:0/959761043 --> [v2:172.21.15.37:3300/0,v1:172.21.15.37:6789/0] -- mon_subscribe({mgrmap=0+}) -- 0x7f9304190d80 con 0x7f93041074a0
2024-04-25T14:38:00.663 INFO:teuthology.orchestra.run.smithi037.stdout:/usr/bin/ceph: stderr
2024-04-25T14:37:59.690+0000 7f92fb400700 1 -- 172.21.15.37:0/959761043 <== mon.0 v2:172.21.15.37:3300/0 3 ==== mon_map magic: 0 ==== 205+0+0 (secure 0 0 0) 0x7f92f401a830 con 0x7f93041074a0
2024-04-25T14:38:00.663 INFO:teuthology.orchestra.run.smithi037.stdout:/usr/bin/ceph: stderr
2024-04-25T14:37:59.691+0000 7f9309a00700 1 -- 172.21.15.37:0/959761043 --> [v2:172.21.15.37:3300/0,v1:172.21.15.37:6789/0] -- mon_subscribe({osdmap=0}) -- 0x7f9304191240 con 0x7f93041074a0
2024-04-25T14:38:00.663 INFO:teuthology.orchestra.run.smithi037.stdout:/usr/bin/ceph: stderr
2024-04-25T14:37:59.692+0000 7f92fb400700 1 -- 172.21.15.37:0/959761043 <== mon.0 v2:172.21.15.37:3300/0 4 ==== mgrmap(e 8) ==== 46558+0+0 (secure 0 0 0) 0x7f92f4024ba0 con 0x7f93041074a0
2024-04-25T14:38:00.663 INFO:teuthology.orchestra.run.smithi037.stdout:/usr/bin/ceph: stderr
2024-04-25T14:37:59.692+0000 7f9309a00700 1 -- 172.21.15.37:0/959761043 --> [v2:172.21.15.37:3300/0,v1:172.21.15.37:6789/0] -- mon_command({"prefix": "get_command_descriptions"} v 0) -- 0x7f93040640a0 con 0x7f93041074a0
2024-04-25T14:38:00.663 INFO:teuthology.orchestra.run.smithi037.stdout:/usr/bin/ceph: stderr
2024-04-25T14:37:59.692+0000 7f92fb400700 1 --2- 172.21.15.37:0/959761043 >> [v2:172.21.15.37:6800/4280350199,v1:172.21.15.37:6801/4280350199] conn(0x7f92e80396c0 0x7f92e803bb80 unknown :-1 s=NONE pgs=0 cs=0 l=1 rev1=0 crypto rx=0 tx=0 comp rx=0 tx=0).connect
2024-04-25T14:38:00.663 INFO:teuthology.orchestra.run.smithi037.stdout:/usr/bin/ceph: stderr
2024-04-25T14:37:59.692+0000 7f92fb400700 1 -- 172.21.15.37:0/959761043 <== mon.0 v2:172.21.15.37:3300/0 5 ==== osd_map(2..2 src has 1..2) ==== 940+0+0 (secure 0 0 0) 0x7f92f404daa0 con 0x7f93041074a0
2024-04-25T14:38:00.663 INFO:teuthology.orchestra.run.smithi037.stdout:/usr/bin/ceph: stderr
2024-04-25T14:37:59.692+0000 7f9302000700 1 --2- 172.21.15.37:0/959761043 >> [v2:172.21.15.37:6800/4280350199,v1:172.21.15.37:6801/4280350199] conn(0x7f92e80396c0 0x7f92e803bb80 unknown :-1 s=BANNER_CONNECTING pgs=0 cs=0 l=1 rev1=0 crypto rx=0 tx=0 comp rx=0 tx=0)._handle_peer_banner_payload supported=3 required=0
2024-04-25T14:38:00.663 INFO:teuthology.orchestra.run.smithi037.stdout:/usr/bin/ceph: stderr
2024-04-25T14:37:59.693+0000 7f9302000700 1 --2- 172.21.15.37:0/959761043 >> [v2:172.21.15.37:6800/4280350199,v1:172.21.15.37:6801/4280350199] conn(0x7f92e80396c0 0x7f92e803bb80 secure :-1 s=READY pgs=10 cs=0 l=1 rev1=1 crypto rx=0x7f92f0006fd0 tx=0x7f92f0006e40 comp rx=0 tx=0).ready entity=mgr.14120 client_cookie=0 server_cookie=0 in_seq=0 out_seq=0
2024-04-25T14:38:00.663 INFO:teuthology.orchestra.run.smithi037.stdout:/usr/bin/ceph: stderr
2024-04-25T14:37:59.698+0000 7f92fb400700 1 -- 172.21.15.37:0/959761043 <== mon.0 v2:172.21.15.37:3300/0 6 ==== mon_command_ack([{"prefix": "get_command_descriptions"}]=0 v0) ==== 72+0+188370 (secure 0 0 0) 0x7f92f404d3f0 con 0x7f93041074a0
2024-04-25T14:38:00.663 INFO:teuthology.orchestra.run.smithi037.stdout:/usr/bin/ceph: stderr
2024-04-25T14:37:59.930+0000 7f9309a00700 1 -- 172.21.15.37:0/959761043 --> [v2:172.21.15.37:6800/4280350199,v1:172.21.15.37:6801/4280350199] -- mgr_command(tid 0: {"prefix": "cephadm get-pub-key", "target": ["mon-mgr", ""]}) -- 0x7f93041963f0 con 0x7f92e80396c0
2024-04-25T14:38:00.663 INFO:teuthology.orchestra.run.smithi037.stdout:/usr/bin/ceph: stderr
2024-04-25T14:37:59.932+0000 7f92fb400700 1 -- 172.21.15.37:0/959761043 <== mgr.14120 v2:172.21.15.37:6800/4280350199 1 ==== mgr_command_reply(tid 0: 0 ) ==== 8+0+595 (secure 0 0 0) 0x7f93041963f0 con 0x7f92e80396c0
2024-04-25T14:38:00.663 INFO:teuthology.orchestra.run.smithi037.stdout:/usr/bin/ceph: stderr
2024-04-25T14:37:59.934+0000 7f9309a00700 1 -- 172.21.15.37:0/959761043 >> [v2:172.21.15.37:6800/4280350199,v1:172.21.15.37:6801/4280350199] conn(0x7f92e80396c0 msgr2=0x7f92e803bb80 secure :-1 s=STATE_CONNECTION_ESTABLISHED l=1).mark_down
2024-04-25T14:38:00.663 INFO:teuthology.orchestra.run.smithi037.stdout:/usr/bin/ceph: stderr
2024-04-25T14:37:59.934+0000 7f9309a00700 1 --2- 172.21.15.37:0/959761043 >> [v2:172.21.15.37:6800/4280350199,v1:172.21.15.37:6801/4280350199] conn(0x7f92e80396c0 0x7f92e803bb80 secure :-1 s=READY pgs=10 cs=0 l=1 rev1=1 crypto rx=0x7f92f0006fd0 tx=0x7f92f0006e40 comp rx=0 tx=0).stop
2024-04-25T14:38:00.663 INFO:teuthology.orchestra.run.smithi037.stdout:/usr/bin/ceph: stderr
2024-04-25T14:37:59.934+0000 7f9309a00700 1 -- 172.21.15.37:0/959761043 >> [v2:172.21.15.37:3300/0,v1:172.21.15.37:6789/0] conn(0x7f93041074a0 msgr2=0x7f9304192650 secure :-1 s=STATE_CONNECTION_ESTABLISHED l=1).mark_down
2024-04-25T14:38:00.664 INFO:teuthology.orchestra.run.smithi037.stdout:/usr/bin/ceph: stderr
2024-04-25T14:37:59.934+0000 7f9309a00700 1 --2- 172.21.15.37:0/959761043 >> [v2:172.21.15.37:3300/0,v1:172.21.15.37:6789/0] conn(0x7f93041074a0 0x7f9304192650 secure :-1 s=READY pgs=44 cs=0 l=1 rev1=1 crypto rx=0x7f92f40117e0 tx=0x7f92f4011ce0 comp rx=0 tx=0).stop
2024-04-25T14:38:00.664 INFO:teuthology.orchestra.run.smithi037.stdout:/usr/bin/ceph: stderr
2024-04-25T14:37:59.935+0000 7f9309a00700 1 -- 172.21.15.37:0/959761043 shutdown_connections
2024-04-25T14:38:00.664 INFO:teuthology.orchestra.run.smithi037.stdout:/usr/bin/ceph: stderr
2024-04-25T14:37:59.935+0000 7f9309a00700 1 --2- 172.21.15.37:0/959761043 >> [v2:172.21.15.37:6800/4280350199,v1:172.21.15.37:6801/4280350199] conn(0x7f92e80396c0 0x7f92e803bb80 unknown :-1 s=CLOSED pgs=10 cs=0 l=1 rev1=1 crypto rx=0 tx=0 comp rx=0 tx=0).stop
2024-04-25T14:38:00.664 INFO:teuthology.orchestra.run.smithi037.stdout:/usr/bin/ceph: stderr
2024-04-25T14:37:59.935+0000 7f9309a00700 1 --2- 172.21.15.37:0/959761043 >> [v2:172.21.15.37:3300/0,v1:172.21.15.37:6789/0] conn(0x7f93041074a0 0x7f9304192650 unknown :-1 s=CLOSED pgs=44 cs=0 l=1 rev1=1 crypto rx=0 tx=0 comp rx=0 tx=0).stop
2024-04-25T14:38:00.664 INFO:teuthology.orchestra.run.smithi037.stdout:/usr/bin/ceph: stderr
2024-04-25T14:37:59.935+0000 7f9309a00700 1 -- 172.21.15.37:0/959761043 >> 172.21.15.37:0/959761043 conn(0x7f9304102a40 msgr2=0x7f9304103820 unknown :-1 s=STATE_NONE l=0).mark_down
2024-04-25T14:38:00.664 INFO:teuthology.orchestra.run.smithi037.stdout:/usr/bin/ceph: stderr
2024-04-25T14:37:59.935+0000 7f9309a00700 1 -- 172.21.15.37:0/959761043 shutdown_connections
2024-04-25T14:38:00.664 INFO:teuthology.orchestra.run.smithi037.stdout:/usr/bin/ceph: stderr
2024-04-25T14:37:59.935+0000 7f9309a00700 1 -- 172.21.15.37:0/959761043 wait complete.
2024-04-25T14:38:00.664 INFO:teuthology.orchestra.run.smithi037.stdout:Wrote public SSH key to /home/ubuntu/cephtest/ceph.pub
2024-04-25T14:38:00.664 INFO:teuthology.orchestra.run.smithi037.stdout:Adding key to root@localhost authorized_keys...
2024-04-25T14:38:00.669 INFO:teuthology.orchestra.run.smithi037.stdout:Adding host smithi037...
2024-04-25T14:38:02.619 INFO:journalctl@ceph.mon.a.smithi037.stdout:Apr 25 14:38:02 smithi037 ceph-mon[27822]: from='client.14140 -' entity='client.admin' cmd=[{"prefix": "orch host add", "hostname": "smithi037", "addr": "172.21.15.37", "target": ["mon-mgr", ""]}]: dispatch
2024-04-25T14:38:03.615 INFO:journalctl@ceph.mon.a.smithi037.stdout:Apr 25 14:38:03 smithi037 ceph-mon[27822]: Deploying cephadm binary to smithi037
2024-04-25T14:38:08.774 INFO:teuthology.orchestra.run.smithi037.stdout:/usr/bin/ceph: stdout Added host 'smithi037' with addr '172.21.15.37'
2024-04-25T14:38:08.774 INFO:teuthology.orchestra.run.smithi037.stdout:/usr/bin/ceph: stderr
2024-04-25T14:38:01.317+0000 7f5d1c800700 1 Processor -- start
2024-04-25T14:38:08.780 INFO:teuthology.orchestra.run.smithi037.stdout:/usr/bin/ceph: stderr
2024-04-25T14:38:01.318+0000 7f5d1c800700 1 -- start start
2024-04-25T14:38:08.780 INFO:teuthology.orchestra.run.smithi037.stdout:/usr/bin/ceph: stderr
2024-04-25T14:38:01.318+0000 7f5d1c800700 1 --2- >> [v2:172.21.15.37:3300/0,v1:172.21.15.37:6789/0] conn(0x7f5d1410f050 0x7f5d1410f470 unknown :-1 s=NONE pgs=0 cs=0 l=0 rev1=0 crypto rx=0 tx=0 comp rx=0 tx=0).connect
2024-04-25T14:38:08.780 INFO:teuthology.orchestra.run.smithi037.stdout:/usr/bin/ceph: stderr
2024-04-25T14:38:01.318+0000 7f5d1c800700 1 -- --> [v2:172.21.15.37:3300/0,v1:172.21.15.37:6789/0] -- mon_getmap magic: 0 -- 0x7f5d1410fa40 con 0x7f5d1410f050
2024-04-25T14:38:08.780 INFO:teuthology.orchestra.run.smithi037.stdout:/usr/bin/ceph: stderr
2024-04-25T14:38:01.318+0000 7f5d19e00700 1 --2- >> [v2:172.21.15.37:3300/0,v1:172.21.15.37:6789/0] conn(0x7f5d1410f050 0x7f5d1410f470 unknown :-1 s=BANNER_CONNECTING pgs=0 cs=0 l=0 rev1=0 crypto rx=0 tx=0 comp rx=0 tx=0)._handle_peer_banner_payload supported=3 required=0
2024-04-25T14:38:08.780 INFO:teuthology.orchestra.run.smithi037.stdout:/usr/bin/ceph: stderr
2024-04-25T14:38:01.319+0000 7f5d19e00700 1 --2- >> [v2:172.21.15.37:3300/0,v1:172.21.15.37:6789/0] conn(0x7f5d1410f050 0x7f5d1410f470 unknown :-1 s=HELLO_CONNECTING pgs=0 cs=0 l=0 rev1=1 crypto rx=0 tx=0 comp rx=0 tx=0).handle_hello peer v2:172.21.15.37:3300/0 says I am v2:172.21.15.37:55030/0 (socket says 172.21.15.37:55030)
2024-04-25T14:38:08.780 INFO:teuthology.orchestra.run.smithi037.stdout:/usr/bin/ceph: stderr
2024-04-25T14:38:01.319+0000 7f5d19e00700 1 -- 172.21.15.37:0/4029569795 learned_addr learned my addr 172.21.15.37:0/4029569795 (peer_addr_for_me v2:172.21.15.37:0/0)
2024-04-25T14:38:08.780 INFO:teuthology.orchestra.run.smithi037.stdout:/usr/bin/ceph: stderr
2024-04-25T14:38:01.319+0000 7f5d19e00700 1 -- 172.21.15.37:0/4029569795 --> [v2:172.21.15.37:3300/0,v1:172.21.15.37:6789/0] -- mon_subscribe({config=0+,monmap=0+}) -- 0x7f5d1410fdd0 con 0x7f5d1410f050
2024-04-25T14:38:08.780 INFO:teuthology.orchestra.run.smithi037.stdout:/usr/bin/ceph: stderr
2024-04-25T14:38:01.319+0000 7f5d19e00700 1 --2- 172.21.15.37:0/4029569795 >> [v2:172.21.15.37:3300/0,v1:172.21.15.37:6789/0] conn(0x7f5d1410f050 0x7f5d1410f470 secure :-1 s=READY pgs=45 cs=0 l=1 rev1=1 crypto rx=0x7f5d080098a0 tx=0x7f5d08009bb0 comp rx=0 tx=0).ready entity=mon.0 client_cookie=7094d66634bde735 server_cookie=0 in_seq=0 out_seq=0
2024-04-25T14:38:08.780 INFO:teuthology.orchestra.run.smithi037.stdout:/usr/bin/ceph: stderr
2024-04-25T14:38:01.320+0000 7f5d18a00700 1 -- 172.21.15.37:0/4029569795 <== mon.0 v2:172.21.15.37:3300/0 1 ==== mon_map magic: 0 ==== 205+0+0 (secure 0 0 0) 0x7f5d08004160 con 0x7f5d1410f050
2024-04-25T14:38:08.780 INFO:teuthology.orchestra.run.smithi037.stdout:/usr/bin/ceph: stderr
2024-04-25T14:38:01.320+0000 7f5d18a00700 1 -- 172.21.15.37:0/4029569795 <== mon.0 v2:172.21.15.37:3300/0 2 ==== config(27 keys) ==== 1104+0+0 (secure 0 0 0) 0x7f5d08004300 con 0x7f5d1410f050
2024-04-25T14:38:08.781 INFO:teuthology.orchestra.run.smithi037.stdout:/usr/bin/ceph: stderr
2024-04-25T14:38:01.320+0000 7f5d18a00700 1 -- 172.21.15.37:0/4029569795 <== mon.0 v2:172.21.15.37:3300/0 3 ==== mon_map magic: 0 ==== 205+0+0 (secure 0 0 0) 0x7f5d08011b20 con 0x7f5d1410f050
2024-04-25T14:38:08.781 INFO:teuthology.orchestra.run.smithi037.stdout:/usr/bin/ceph: stderr
2024-04-25T14:38:01.321+0000 7f5d1c800700 1 -- 172.21.15.37:0/4029569795 >> [v2:172.21.15.37:3300/0,v1:172.21.15.37:6789/0] conn(0x7f5d1410f050 msgr2=0x7f5d1410f470 secure :-1 s=STATE_CONNECTION_ESTABLISHED l=1).mark_down
2024-04-25T14:38:08.781 INFO:teuthology.orchestra.run.smithi037.stdout:/usr/bin/ceph: stderr
2024-04-25T14:38:01.321+0000 7f5d1c800700 1 --2- 172.21.15.37:0/4029569795 >> [v2:172.21.15.37:3300/0,v1:172.21.15.37:6789/0] conn(0x7f5d1410f050 0x7f5d1410f470 secure :-1 s=READY pgs=45 cs=0 l=1 rev1=1 crypto rx=0x7f5d080098a0 tx=0x7f5d08009bb0 comp rx=0 tx=0).stop
2024-04-25T14:38:08.781 INFO:teuthology.orchestra.run.smithi037.stdout:/usr/bin/ceph: stderr
2024-04-25T14:38:01.321+0000 7f5d1c800700 1 -- 172.21.15.37:0/4029569795 shutdown_connections
2024-04-25T14:38:08.781 INFO:teuthology.orchestra.run.smithi037.stdout:/usr/bin/ceph: stderr
2024-04-25T14:38:01.321+0000 7f5d1c800700 1 --2- 172.21.15.37:0/4029569795 >> [v2:172.21.15.37:3300/0,v1:172.21.15.37:6789/0] conn(0x7f5d1410f050 0x7f5d1410f470 unknown :-1 s=CLOSED pgs=45 cs=0 l=1 rev1=1 crypto rx=0 tx=0 comp rx=0 tx=0).stop
2024-04-25T14:38:08.781 INFO:teuthology.orchestra.run.smithi037.stdout:/usr/bin/ceph: stderr
2024-04-25T14:38:01.321+0000 7f5d1c800700 1 -- 172.21.15.37:0/4029569795 >> 172.21.15.37:0/4029569795 conn(0x7f5d1407de00 msgr2=0x7f5d14080220 unknown :-1 s=STATE_NONE l=0).mark_down
2024-04-25T14:38:08.781 INFO:teuthology.orchestra.run.smithi037.stdout:/usr/bin/ceph: stderr
2024-04-25T14:38:01.321+0000 7f5d1c800700 1 -- 172.21.15.37:0/4029569795 shutdown_connections
2024-04-25T14:38:08.781 INFO:teuthology.orchestra.run.smithi037.stdout:/usr/bin/ceph: stderr
2024-04-25T14:38:01.321+0000 7f5d1c800700 1 -- 172.21.15.37:0/4029569795 wait complete.
2024-04-25T14:38:08.781 INFO:teuthology.orchestra.run.smithi037.stdout:/usr/bin/ceph: stderr
2024-04-25T14:38:01.322+0000 7f5d1c800700 1 Processor -- start
2024-04-25T14:38:08.781 INFO:teuthology.orchestra.run.smithi037.stdout:/usr/bin/ceph: stderr
2024-04-25T14:38:01.322+0000 7f5d1c800700 1 -- start start
2024-04-25T14:38:08.781 INFO:teuthology.orchestra.run.smithi037.stdout:/usr/bin/ceph: stderr
2024-04-25T14:38:01.322+0000 7f5d1c800700 1 --2- >> [v2:172.21.15.37:3300/0,v1:172.21.15.37:6789/0] conn(0x7f5d1410f050 0x7f5d141a29d0 unknown :-1 s=NONE pgs=0 cs=0 l=1 rev1=0 crypto rx=0 tx=0 comp rx=0 tx=0).connect
2024-04-25T14:38:08.781 INFO:teuthology.orchestra.run.smithi037.stdout:/usr/bin/ceph: stderr
2024-04-25T14:38:01.322+0000 7f5d1c800700 1 -- --> [v2:172.21.15.37:3300/0,v1:172.21.15.37:6789/0] -- mon_getmap magic: 0 -- 0x7f5d14113180 con 0x7f5d1410f050
2024-04-25T14:38:08.781 INFO:teuthology.orchestra.run.smithi037.stdout:/usr/bin/ceph: stderr
2024-04-25T14:38:01.323+0000 7f5d19e00700 1 --2- >> [v2:172.21.15.37:3300/0,v1:172.21.15.37:6789/0] conn(0x7f5d1410f050 0x7f5d141a29d0 unknown :-1 s=BANNER_CONNECTING pgs=0 cs=0 l=1 rev1=0 crypto rx=0 tx=0 comp rx=0 tx=0)._handle_peer_banner_payload supported=3 required=0
2024-04-25T14:38:08.782 INFO:teuthology.orchestra.run.smithi037.stdout:/usr/bin/ceph: stderr
2024-04-25T14:38:01.323+0000 7f5d19e00700 1 --2- >> [v2:172.21.15.37:3300/0,v1:172.21.15.37:6789/0] conn(0x7f5d1410f050 0x7f5d141a29d0 unknown :-1 s=HELLO_CONNECTING pgs=0 cs=0 l=1 rev1=1 crypto rx=0 tx=0 comp rx=0 tx=0).handle_hello peer v2:172.21.15.37:3300/0 says I am v2:172.21.15.37:55034/0 (socket says 172.21.15.37:55034)
2024-04-25T14:38:08.782 INFO:teuthology.orchestra.run.smithi037.stdout:/usr/bin/ceph: stderr
2024-04-25T14:38:01.323+0000 7f5d19e00700 1 -- 172.21.15.37:0/2557835838 learned_addr learned my addr 172.21.15.37:0/2557835838 (peer_addr_for_me v2:172.21.15.37:0/0)
2024-04-25T14:38:08.782 INFO:teuthology.orchestra.run.smithi037.stdout:/usr/bin/ceph: stderr
2024-04-25T14:38:01.323+0000 7f5d19e00700 1 -- 172.21.15.37:0/2557835838 --> [v2:172.21.15.37:3300/0,v1:172.21.15.37:6789/0] -- mon_subscribe({config=0+,monmap=0+}) -- 0x7f5d141a2f10 con 0x7f5d1410f050
2024-04-25T14:38:08.782 INFO:teuthology.orchestra.run.smithi037.stdout:/usr/bin/ceph: stderr
2024-04-25T14:38:01.323+0000 7f5d19e00700 1 --2- 172.21.15.37:0/2557835838 >> [v2:172.21.15.37:3300/0,v1:172.21.15.37:6789/0] conn(0x7f5d1410f050 0x7f5d141a29d0 secure :-1 s=READY pgs=46 cs=0 l=1 rev1=1 crypto rx=0x7f5d080117e0 tx=0x7f5d08011ce0 comp rx=0 tx=0).ready entity=mon.0 client_cookie=0 server_cookie=0 in_seq=0 out_seq=0
2024-04-25T14:38:08.782 INFO:teuthology.orchestra.run.smithi037.stdout:/usr/bin/ceph: stderr
2024-04-25T14:38:01.324+0000 7f5d0ea00700 1 -- 172.21.15.37:0/2557835838 <== mon.0 v2:172.21.15.37:3300/0 1 ==== mon_map magic: 0 ==== 205+0+0 (secure 0 0 0) 0x7f5d08003b20 con 0x7f5d1410f050
2024-04-25T14:38:08.782 INFO:teuthology.orchestra.run.smithi037.stdout:/usr/bin/ceph: stderr
2024-04-25T14:38:01.324+0000 7f5d0ea00700 1 -- 172.21.15.37:0/2557835838 <== mon.0 v2:172.21.15.37:3300/0 2 ==== config(27 keys) ==== 1104+0+0 (secure 0 0 0) 0x7f5d08003cc0 con 0x7f5d1410f050
2024-04-25T14:38:08.782 INFO:teuthology.orchestra.run.smithi037.stdout:/usr/bin/ceph: stderr
2024-04-25T14:38:01.324+0000 7f5d1c800700 1 -- 172.21.15.37:0/2557835838 --> [v2:172.21.15.37:3300/0,v1:172.21.15.37:6789/0] -- mon_subscribe({mgrmap=0+}) -- 0x7f5d141a31a0 con 0x7f5d1410f050
2024-04-25T14:38:08.782 INFO:teuthology.orchestra.run.smithi037.stdout:/usr/bin/ceph: stderr
2024-04-25T14:38:01.324+0000 7f5d0ea00700 1 -- 172.21.15.37:0/2557835838 <== mon.0 v2:172.21.15.37:3300/0 3 ==== mon_map magic: 0 ==== 205+0+0 (secure 0 0 0) 0x7f5d08019870 con 0x7f5d1410f050
2024-04-25T14:38:08.782 INFO:teuthology.orchestra.run.smithi037.stdout:/usr/bin/ceph: stderr
2024-04-25T14:38:01.324+0000 7f5d1c800700 1 -- 172.21.15.37:0/2557835838 --> [v2:172.21.15.37:3300/0,v1:172.21.15.37:6789/0] -- mon_subscribe({osdmap=0}) -- 0x7f5d141a3600 con 0x7f5d1410f050
2024-04-25T14:38:08.782 INFO:teuthology.orchestra.run.smithi037.stdout:/usr/bin/ceph: stderr
2024-04-25T14:38:01.325+0000 7f5d0ea00700 1 -- 172.21.15.37:0/2557835838 <== mon.0 v2:172.21.15.37:3300/0 4 ==== mgrmap(e 8) ==== 46558+0+0 (secure 0 0 0) 0x7f5d08019af0 con 0x7f5d1410f050
2024-04-25T14:38:08.782 INFO:teuthology.orchestra.run.smithi037.stdout:/usr/bin/ceph: stderr
2024-04-25T14:38:01.325+0000 7f5d1c800700 1 -- 172.21.15.37:0/2557835838 --> [v2:172.21.15.37:3300/0,v1:172.21.15.37:6789/0] -- mon_command({"prefix": "get_command_descriptions"} v 0) -- 0x7f5d140640a0 con 0x7f5d1410f050
2024-04-25T14:38:08.782 INFO:teuthology.orchestra.run.smithi037.stdout:/usr/bin/ceph: stderr
2024-04-25T14:38:01.326+0000 7f5d0ea00700 1 --2- 172.21.15.37:0/2557835838 >> [v2:172.21.15.37:6800/4280350199,v1:172.21.15.37:6801/4280350199] conn(0x7f5cfc039620 0x7f5cfc03bae0 unknown :-1 s=NONE pgs=0 cs=0 l=1 rev1=0 crypto rx=0 tx=0 comp rx=0 tx=0).connect
2024-04-25T14:38:08.782 INFO:teuthology.orchestra.run.smithi037.stdout:/usr/bin/ceph: stderr
2024-04-25T14:38:01.326+0000 7f5d0ea00700 1 -- 172.21.15.37:0/2557835838 <== mon.0 v2:172.21.15.37:3300/0 5 ==== osd_map(2..2 src has 1..2) ==== 940+0+0 (secure 0 0 0) 0x7f5d0804de20 con 0x7f5d1410f050
2024-04-25T14:38:08.783 INFO:teuthology.orchestra.run.smithi037.stdout:/usr/bin/ceph: stderr
2024-04-25T14:38:01.327+0000 7f5d19400700 1 --2- 172.21.15.37:0/2557835838 >> [v2:172.21.15.37:6800/4280350199,v1:172.21.15.37:6801/4280350199] conn(0x7f5cfc039620 0x7f5cfc03bae0 unknown :-1 s=BANNER_CONNECTING pgs=0 cs=0 l=1 rev1=0 crypto rx=0 tx=0 comp rx=0 tx=0)._handle_peer_banner_payload supported=3 required=0
2024-04-25T14:38:08.783 INFO:teuthology.orchestra.run.smithi037.stdout:/usr/bin/ceph: stderr
2024-04-25T14:38:01.327+0000 7f5d19400700 1 --2- 172.21.15.37:0/2557835838 >> [v2:172.21.15.37:6800/4280350199,v1:172.21.15.37:6801/4280350199] conn(0x7f5cfc039620 0x7f5cfc03bae0 secure :-1 s=READY pgs=11 cs=0 l=1 rev1=1 crypto rx=0x7f5d04006fd0 tx=0x7f5d04006e40 comp rx=0 tx=0).ready entity=mgr.14120 client_cookie=0 server_cookie=0 in_seq=0 out_seq=0
2024-04-25T14:38:08.783 INFO:teuthology.orchestra.run.smithi037.stdout:/usr/bin/ceph: stderr
2024-04-25T14:38:01.332+0000 7f5d0ea00700 1 -- 172.21.15.37:0/2557835838 <== mon.0 v2:172.21.15.37:3300/0 6 ==== mon_command_ack([{"prefix": "get_command_descriptions"}]=0 v0) ==== 72+0+188370 (secure 0 0 0) 0x7f5d08011e20 con 0x7f5d1410f050
2024-04-25T14:38:08.783 INFO:teuthology.orchestra.run.smithi037.stdout:/usr/bin/ceph: stderr
2024-04-25T14:38:01.565+0000 7f5d1c800700 1 -- 172.21.15.37:0/2557835838 --> [v2:172.21.15.37:6800/4280350199,v1:172.21.15.37:6801/4280350199] -- mgr_command(tid 0: {"prefix": "orch host add", "hostname": "smithi037", "addr": "172.21.15.37", "target": ["mon-mgr", ""]}) -- 0x7f5d1407ff10 con 0x7f5cfc039620
2024-04-25T14:38:08.783 INFO:teuthology.orchestra.run.smithi037.stdout:/usr/bin/ceph: stderr
2024-04-25T14:38:08.037+0000 7f5d0ea00700 1 -- 172.21.15.37:0/2557835838 <== mgr.14120 v2:172.21.15.37:6800/4280350199 1 ==== mgr_command_reply(tid 0: 0 ) ==== 8+0+48 (secure 0 0 0) 0x7f5d1407ff10 con 0x7f5cfc039620
2024-04-25T14:38:08.783 INFO:teuthology.orchestra.run.smithi037.stdout:/usr/bin/ceph: stderr
2024-04-25T14:38:08.042+0000 7f5d1c800700 1 -- 172.21.15.37:0/2557835838 >> [v2:172.21.15.37:6800/4280350199,v1:172.21.15.37:6801/4280350199] conn(0x7f5cfc039620 msgr2=0x7f5cfc03bae0 secure :-1 s=STATE_CONNECTION_ESTABLISHED l=1).mark_down
2024-04-25T14:38:08.783 INFO:teuthology.orchestra.run.smithi037.stdout:/usr/bin/ceph: stderr
2024-04-25T14:38:08.042+0000 7f5d1c800700 1 --2- 172.21.15.37:0/2557835838 >> [v2:172.21.15.37:6800/4280350199,v1:172.21.15.37:6801/4280350199] conn(0x7f5cfc039620 0x7f5cfc03bae0 secure :-1 s=READY pgs=11 cs=0 l=1 rev1=1 crypto rx=0x7f5d04006fd0 tx=0x7f5d04006e40 comp rx=0 tx=0).stop
2024-04-25T14:38:08.783 INFO:teuthology.orchestra.run.smithi037.stdout:/usr/bin/ceph: stderr
2024-04-25T14:38:08.042+0000 7f5d1c800700 1 -- 172.21.15.37:0/2557835838 >> [v2:172.21.15.37:3300/0,v1:172.21.15.37:6789/0] conn(0x7f5d1410f050 msgr2=0x7f5d141a29d0 secure :-1 s=STATE_CONNECTION_ESTABLISHED l=1).mark_down
2024-04-25T14:38:08.783 INFO:teuthology.orchestra.run.smithi037.stdout:/usr/bin/ceph: stderr
2024-04-25T14:38:08.042+0000 7f5d1c800700 1 --2- 172.21.15.37:0/2557835838 >> [v2:172.21.15.37:3300/0,v1:172.21.15.37:6789/0] conn(0x7f5d1410f050 0x7f5d141a29d0 secure :-1 s=READY pgs=46 cs=0 l=1 rev1=1 crypto rx=0x7f5d080117e0 tx=0x7f5d08011ce0 comp rx=0 tx=0).stop
2024-04-25T14:38:08.783 INFO:teuthology.orchestra.run.smithi037.stdout:/usr/bin/ceph: stderr
2024-04-25T14:38:08.042+0000 7f5d1c800700 1 -- 172.21.15.37:0/2557835838 shutdown_connections
2024-04-25T14:38:08.783 INFO:teuthology.orchestra.run.smithi037.stdout:/usr/bin/ceph: stderr
2024-04-25T14:38:08.042+0000 7f5d1c800700 1 --2- 172.21.15.37:0/2557835838 >> [v2:172.21.15.37:6800/4280350199,v1:172.21.15.37:6801/4280350199] conn(0x7f5cfc039620 0x7f5cfc03bae0 unknown :-1 s=CLOSED pgs=11 cs=0 l=1 rev1=1 crypto rx=0 tx=0 comp rx=0 tx=0).stop
2024-04-25T14:38:08.783 INFO:teuthology.orchestra.run.smithi037.stdout:/usr/bin/ceph: stderr
2024-04-25T14:38:08.042+0000 7f5d1c800700 1 --2- 172.21.15.37:0/2557835838 >> [v2:172.21.15.37:3300/0,v1:172.21.15.37:6789/0] conn(0x7f5d1410f050 0x7f5d141a29d0 unknown :-1 s=CLOSED pgs=46 cs=0 l=1 rev1=1 crypto rx=0 tx=0 comp rx=0 tx=0).stop
2024-04-25T14:38:08.783 INFO:teuthology.orchestra.run.smithi037.stdout:/usr/bin/ceph: stderr
2024-04-25T14:38:08.042+0000 7f5d1c800700 1 -- 172.21.15.37:0/2557835838 >> 172.21.15.37:0/2557835838 conn(0x7f5d1407de00 msgr2=0x7f5d1407f800 unknown :-1 s=STATE_NONE l=0).mark_down
2024-04-25T14:38:08.783 INFO:teuthology.orchestra.run.smithi037.stdout:/usr/bin/ceph: stderr
2024-04-25T14:38:08.043+0000 7f5d1c800700 1 -- 172.21.15.37:0/2557835838 shutdown_connections
2024-04-25T14:38:08.784 INFO:teuthology.orchestra.run.smithi037.stdout:/usr/bin/ceph: stderr
2024-04-25T14:38:08.043+0000 7f5d1c800700 1 -- 172.21.15.37:0/2557835838 wait complete.
2024-04-25T14:38:08.784 INFO:teuthology.orchestra.run.smithi037.stdout:Deploying unmanaged mon service...
2024-04-25T14:38:09.369 INFO:journalctl@ceph.mon.a.smithi037.stdout:Apr 25 14:38:09 smithi037 ceph-mon[27822]: from='mgr.14120 172.21.15.37:0/1320723796' entity='mgr.x'
2024-04-25T14:38:09.369 INFO:journalctl@ceph.mon.a.smithi037.stdout:Apr 25 14:38:09 smithi037 ceph-mon[27822]: Added host smithi037
2024-04-25T14:38:09.369 INFO:journalctl@ceph.mon.a.smithi037.stdout:Apr 25 14:38:09 smithi037 ceph-mon[27822]: from='mgr.14120 172.21.15.37:0/1320723796' entity='mgr.x' cmd=[{"prefix": "config dump", "format": "json"}]: dispatch
2024-04-25T14:38:10.976 INFO:journalctl@ceph.mon.a.smithi037.stdout:Apr 25 14:38:10 smithi037 ceph-mon[27822]: from='client.14142 -' entity='client.admin' cmd=[{"prefix": "orch apply", "service_type": "mon", "unmanaged": true, "target": ["mon-mgr", ""]}]: dispatch
2024-04-25T14:38:10.976 INFO:journalctl@ceph.mon.a.smithi037.stdout:Apr 25 14:38:10 smithi037 ceph-mon[27822]: Saving service mon spec with placement count:5
2024-04-25T14:38:10.976 INFO:journalctl@ceph.mon.a.smithi037.stdout:Apr 25 14:38:10 smithi037 ceph-mon[27822]: from='mgr.14120 172.21.15.37:0/1320723796' entity='mgr.x'
2024-04-25T14:38:10.997 INFO:teuthology.orchestra.run.smithi037.stdout:/usr/bin/ceph: stdout Scheduled mon update...
2024-04-25T14:38:10.997 INFO:teuthology.orchestra.run.smithi037.stdout:/usr/bin/ceph: stderr
2024-04-25T14:38:09.414+0000 7f9601c00700 1 Processor -- start
2024-04-25T14:38:10.997 INFO:teuthology.orchestra.run.smithi037.stdout:/usr/bin/ceph: stderr
2024-04-25T14:38:09.414+0000 7f9601c00700 1 -- start start
2024-04-25T14:38:10.997 INFO:teuthology.orchestra.run.smithi037.stdout:/usr/bin/ceph: stderr
2024-04-25T14:38:09.415+0000 7f9601c00700 1 --2- >> [v2:172.21.15.37:3300/0,v1:172.21.15.37:6789/0] conn(0x7f95fc1085c0 0x7f95fc1089e0 unknown :-1 s=NONE pgs=0 cs=0 l=0 rev1=0 crypto rx=0 tx=0 comp rx=0 tx=0).connect
2024-04-25T14:38:10.998 INFO:teuthology.orchestra.run.smithi037.stdout:/usr/bin/ceph: stderr
2024-04-25T14:38:09.415+0000 7f9601c00700 1 -- --> [v2:172.21.15.37:3300/0,v1:172.21.15.37:6789/0] -- mon_getmap magic: 0 -- 0x7f95fc108fb0 con 0x7f95fc1085c0
2024-04-25T14:38:10.998 INFO:teuthology.orchestra.run.smithi037.stdout:/usr/bin/ceph: stderr
2024-04-25T14:38:09.415+0000 7f95faa00700 1 --2- >> [v2:172.21.15.37:3300/0,v1:172.21.15.37:6789/0] conn(0x7f95fc1085c0 0x7f95fc1089e0 unknown :-1 s=BANNER_CONNECTING pgs=0 cs=0 l=0 rev1=0 crypto rx=0 tx=0 comp rx=0 tx=0)._handle_peer_banner_payload supported=3 required=0
2024-04-25T14:38:10.998 INFO:teuthology.orchestra.run.smithi037.stdout:/usr/bin/ceph: stderr
2024-04-25T14:38:09.415+0000 7f95faa00700 1 --2- >> [v2:172.21.15.37:3300/0,v1:172.21.15.37:6789/0] conn(0x7f95fc1085c0 0x7f95fc1089e0 unknown :-1 s=HELLO_CONNECTING pgs=0 cs=0 l=0 rev1=1 crypto rx=0 tx=0 comp rx=0 tx=0).handle_hello peer v2:172.21.15.37:3300/0 says I am v2:172.21.15.37:55036/0 (socket says 172.21.15.37:55036)
2024-04-25T14:38:10.998 INFO:teuthology.orchestra.run.smithi037.stdout:/usr/bin/ceph: stderr
2024-04-25T14:38:09.415+0000 7f95faa00700 1 -- 172.21.15.37:0/2156596937 learned_addr learned my addr 172.21.15.37:0/2156596937 (peer_addr_for_me v2:172.21.15.37:0/0)
2024-04-25T14:38:10.998 INFO:teuthology.orchestra.run.smithi037.stdout:/usr/bin/ceph: stderr
2024-04-25T14:38:09.416+0000 7f95faa00700 1 -- 172.21.15.37:0/2156596937 --> [v2:172.21.15.37:3300/0,v1:172.21.15.37:6789/0] -- mon_subscribe({config=0+,monmap=0+}) -- 0x7f95fc109770 con 0x7f95fc1085c0
2024-04-25T14:38:10.998 INFO:teuthology.orchestra.run.smithi037.stdout:/usr/bin/ceph: stderr
2024-04-25T14:38:09.416+0000 7f95faa00700 1 --2- 172.21.15.37:0/2156596937 >> [v2:172.21.15.37:3300/0,v1:172.21.15.37:6789/0] conn(0x7f95fc1085c0 0x7f95fc1089e0 secure :-1 s=READY pgs=47 cs=0 l=1 rev1=1 crypto rx=0x7f95ec0098a0 tx=0x7f95ec009bb0 comp rx=0 tx=0).ready entity=mon.0 client_cookie=e1125f3b760e710e server_cookie=0 in_seq=0 out_seq=0
2024-04-25T14:38:10.998 INFO:teuthology.orchestra.run.smithi037.stdout:/usr/bin/ceph: stderr
2024-04-25T14:38:09.416+0000 7f95f9600700 1 -- 172.21.15.37:0/2156596937 <== mon.0 v2:172.21.15.37:3300/0 1 ==== mon_map magic: 0 ==== 205+0+0 (secure 0 0 0) 0x7f95ec004160 con 0x7f95fc1085c0
2024-04-25T14:38:10.998 INFO:teuthology.orchestra.run.smithi037.stdout:/usr/bin/ceph: stderr
2024-04-25T14:38:09.417+0000 7f95f9600700 1 -- 172.21.15.37:0/2156596937 <== mon.0 v2:172.21.15.37:3300/0 2 ==== config(27 keys) ==== 1104+0+0 (secure 0 0 0) 0x7f95ec004300 con 0x7f95fc1085c0
2024-04-25T14:38:10.998 INFO:teuthology.orchestra.run.smithi037.stdout:/usr/bin/ceph: stderr
2024-04-25T14:38:09.417+0000 7f95f9600700 1 -- 172.21.15.37:0/2156596937 <== mon.0 v2:172.21.15.37:3300/0 3 ==== mon_map magic: 0 ==== 205+0+0 (secure 0 0 0) 0x7f95ec011b20 con 0x7f95fc1085c0
2024-04-25T14:38:10.999 INFO:teuthology.orchestra.run.smithi037.stdout:/usr/bin/ceph: stderr
2024-04-25T14:38:09.417+0000 7f9601c00700 1 -- 172.21.15.37:0/2156596937 >> [v2:172.21.15.37:3300/0,v1:172.21.15.37:6789/0] conn(0x7f95fc1085c0 msgr2=0x7f95fc1089e0 secure :-1 s=STATE_CONNECTION_ESTABLISHED l=1).mark_down
2024-04-25T14:38:10.999 INFO:teuthology.orchestra.run.smithi037.stdout:/usr/bin/ceph: stderr
2024-04-25T14:38:09.417+0000 7f9601c00700 1 --2- 172.21.15.37:0/2156596937 >> [v2:172.21.15.37:3300/0,v1:172.21.15.37:6789/0] conn(0x7f95fc1085c0 0x7f95fc1089e0 secure :-1 s=READY pgs=47 cs=0 l=1 rev1=1 crypto rx=0x7f95ec0098a0 tx=0x7f95ec009bb0 comp rx=0 tx=0).stop
2024-04-25T14:38:10.999 INFO:teuthology.orchestra.run.smithi037.stdout:/usr/bin/ceph: stderr
2024-04-25T14:38:09.417+0000 7f9601c00700 1 -- 172.21.15.37:0/2156596937 shutdown_connections
2024-04-25T14:38:10.999 INFO:teuthology.orchestra.run.smithi037.stdout:/usr/bin/ceph: stderr
2024-04-25T14:38:09.417+0000 7f9601c00700 1 --2- 172.21.15.37:0/2156596937 >> [v2:172.21.15.37:3300/0,v1:172.21.15.37:6789/0] conn(0x7f95fc1085c0 0x7f95fc1089e0 unknown :-1 s=CLOSED pgs=47 cs=0 l=1 rev1=1 crypto rx=0 tx=0 comp rx=0 tx=0).stop
2024-04-25T14:38:10.999 INFO:teuthology.orchestra.run.smithi037.stdout:/usr/bin/ceph: stderr
2024-04-25T14:38:09.417+0000 7f9601c00700 1 -- 172.21.15.37:0/2156596937 >> 172.21.15.37:0/2156596937 conn(0x7f95fc103be0 msgr2=0x7f95fc106000 unknown :-1 s=STATE_NONE l=0).mark_down
2024-04-25T14:38:10.999 INFO:teuthology.orchestra.run.smithi037.stdout:/usr/bin/ceph: stderr
2024-04-25T14:38:09.417+0000 7f9601c00700 1 -- 172.21.15.37:0/2156596937 shutdown_connections
2024-04-25T14:38:10.999 INFO:teuthology.orchestra.run.smithi037.stdout:/usr/bin/ceph: stderr
2024-04-25T14:38:09.418+0000 7f9601c00700 1 -- 172.21.15.37:0/2156596937 wait complete.
2024-04-25T14:38:10.999 INFO:teuthology.orchestra.run.smithi037.stdout:/usr/bin/ceph: stderr
2024-04-25T14:38:09.418+0000 7f9601c00700 1 Processor -- start
2024-04-25T14:38:10.999 INFO:teuthology.orchestra.run.smithi037.stdout:/usr/bin/ceph: stderr
2024-04-25T14:38:09.419+0000 7f9601c00700 1 -- start start
2024-04-25T14:38:10.999 INFO:teuthology.orchestra.run.smithi037.stdout:/usr/bin/ceph: stderr
2024-04-25T14:38:09.419+0000 7f9601c00700 1 --2- >> [v2:172.21.15.37:3300/0,v1:172.21.15.37:6789/0] conn(0x7f95fc1085c0 0x7f95fc07db60 unknown :-1 s=NONE pgs=0 cs=0 l=1 rev1=0 crypto rx=0 tx=0 comp rx=0 tx=0).connect
2024-04-25T14:38:10.999 INFO:teuthology.orchestra.run.smithi037.stdout:/usr/bin/ceph: stderr
2024-04-25T14:38:09.419+0000 7f9601c00700 1 -- --> [v2:172.21.15.37:3300/0,v1:172.21.15.37:6789/0] -- mon_getmap magic: 0 -- 0x7f95fc10cb20 con 0x7f95fc1085c0
2024-04-25T14:38:10.999 INFO:teuthology.orchestra.run.smithi037.stdout:/usr/bin/ceph: stderr
2024-04-25T14:38:09.419+0000 7f95faa00700 1 --2- >> [v2:172.21.15.37:3300/0,v1:172.21.15.37:6789/0] conn(0x7f95fc1085c0 0x7f95fc07db60 unknown :-1 s=BANNER_CONNECTING pgs=0 cs=0 l=1 rev1=0 crypto rx=0 tx=0 comp rx=0 tx=0)._handle_peer_banner_payload supported=3 required=0
2024-04-25T14:38:11.000 INFO:teuthology.orchestra.run.smithi037.stdout:/usr/bin/ceph: stderr
2024-04-25T14:38:09.419+0000 7f95faa00700 1 --2- >> [v2:172.21.15.37:3300/0,v1:172.21.15.37:6789/0] conn(0x7f95fc1085c0 0x7f95fc07db60 unknown :-1 s=HELLO_CONNECTING pgs=0 cs=0 l=1 rev1=1 crypto rx=0 tx=0 comp rx=0 tx=0).handle_hello peer v2:172.21.15.37:3300/0 says I am v2:172.21.15.37:55048/0 (socket says 172.21.15.37:55048)
2024-04-25T14:38:11.000 INFO:teuthology.orchestra.run.smithi037.stdout:/usr/bin/ceph: stderr
2024-04-25T14:38:09.419+0000 7f95faa00700 1 -- 172.21.15.37:0/343362897 learned_addr learned my addr 172.21.15.37:0/343362897 (peer_addr_for_me v2:172.21.15.37:0/0)
2024-04-25T14:38:11.000 INFO:teuthology.orchestra.run.smithi037.stdout:/usr/bin/ceph: stderr
2024-04-25T14:38:09.420+0000 7f95faa00700 1 -- 172.21.15.37:0/343362897 --> [v2:172.21.15.37:3300/0,v1:172.21.15.37:6789/0] -- mon_subscribe({config=0+,monmap=0+}) -- 0x7f95fc07e0a0 con 0x7f95fc1085c0
2024-04-25T14:38:11.000 INFO:teuthology.orchestra.run.smithi037.stdout:/usr/bin/ceph: stderr
2024-04-25T14:38:09.420+0000 7f95faa00700 1 --2- 172.21.15.37:0/343362897 >> [v2:172.21.15.37:3300/0,v1:172.21.15.37:6789/0] conn(0x7f95fc1085c0 0x7f95fc07db60 secure :-1 s=READY pgs=48 cs=0 l=1 rev1=1 crypto rx=0x7f95ec006af0 tx=0x7f95ec011ce0 comp rx=0 tx=0).ready entity=mon.0 client_cookie=0 server_cookie=0 in_seq=0 out_seq=0
2024-04-25T14:38:11.000 INFO:teuthology.orchestra.run.smithi037.stdout:/usr/bin/ceph: stderr
2024-04-25T14:38:09.420+0000 7f95f3400700 1 -- 172.21.15.37:0/343362897 <== mon.0 v2:172.21.15.37:3300/0 1 ==== mon_map magic: 0 ==== 205+0+0 (secure 0 0 0) 0x7f95ec003b90 con 0x7f95fc1085c0
2024-04-25T14:38:11.000 INFO:teuthology.orchestra.run.smithi037.stdout:/usr/bin/ceph: stderr
2024-04-25T14:38:09.420+0000 7f95f3400700 1 -- 172.21.15.37:0/343362897 <== mon.0 v2:172.21.15.37:3300/0 2 ==== config(27 keys) ==== 1104+0+0 (secure 0 0 0) 0x7f95ec003d30 con 0x7f95fc1085c0
2024-04-25T14:38:11.000 INFO:teuthology.orchestra.run.smithi037.stdout:/usr/bin/ceph: stderr
2024-04-25T14:38:09.420+0000 7f95f3400700 1 -- 172.21.15.37:0/343362897 <== mon.0 v2:172.21.15.37:3300/0 3 ==== mon_map magic: 0 ==== 205+0+0 (secure 0 0 0) 0x7f95ec0197c0 con 0x7f95fc1085c0
2024-04-25T14:38:11.000 INFO:teuthology.orchestra.run.smithi037.stdout:/usr/bin/ceph: stderr
2024-04-25T14:38:09.420+0000 7f9601c00700 1 -- 172.21.15.37:0/343362897 --> [v2:172.21.15.37:3300/0,v1:172.21.15.37:6789/0] -- mon_subscribe({mgrmap=0+}) -- 0x7f95fc07c290 con 0x7f95fc1085c0
2024-04-25T14:38:11.000 INFO:teuthology.orchestra.run.smithi037.stdout:/usr/bin/ceph: stderr
2024-04-25T14:38:09.421+0000 7f9601c00700 1 -- 172.21.15.37:0/343362897 --> [v2:172.21.15.37:3300/0,v1:172.21.15.37:6789/0] -- mon_subscribe({osdmap=0}) -- 0x7f95fc07c750 con 0x7f95fc1085c0
2024-04-25T14:38:11.000 INFO:teuthology.orchestra.run.smithi037.stdout:/usr/bin/ceph: stderr
2024-04-25T14:38:09.422+0000 7f95f3400700 1 -- 172.21.15.37:0/343362897 <== mon.0 v2:172.21.15.37:3300/0 4 ==== mgrmap(e 8) ==== 46558+0+0 (secure 0 0 0) 0x7f95ec022020 con 0x7f95fc1085c0
2024-04-25T14:38:11.000 INFO:teuthology.orchestra.run.smithi037.stdout:/usr/bin/ceph: stderr
2024-04-25T14:38:09.422+0000 7f9601c00700 1 -- 172.21.15.37:0/343362897 --> [v2:172.21.15.37:3300/0,v1:172.21.15.37:6789/0] -- mon_command({"prefix": "get_command_descriptions"} v 0) -- 0x7f95fc0640a0 con 0x7f95fc1085c0
2024-04-25T14:38:11.001 INFO:teuthology.orchestra.run.smithi037.stdout:/usr/bin/ceph: stderr
2024-04-25T14:38:09.422+0000 7f95f3400700 1 --2- 172.21.15.37:0/343362897 >> [v2:172.21.15.37:6800/4280350199,v1:172.21.15.37:6801/4280350199] conn(0x7f95e00396c0 0x7f95e003bb80 unknown :-1 s=NONE pgs=0 cs=0 l=1 rev1=0 crypto rx=0 tx=0 comp rx=0 tx=0).connect
2024-04-25T14:38:11.001 INFO:teuthology.orchestra.run.smithi037.stdout:/usr/bin/ceph: stderr
2024-04-25T14:38:09.422+0000 7f95f3400700 1 -- 172.21.15.37:0/343362897 <== mon.0 v2:172.21.15.37:3300/0 5 ==== osd_map(2..2 src has 1..2) ==== 940+0+0 (secure 0 0 0) 0x7f95ec04d990 con 0x7f95fc1085c0
2024-04-25T14:38:11.001 INFO:teuthology.orchestra.run.smithi037.stdout:/usr/bin/ceph: stderr
2024-04-25T14:38:09.422+0000 7f95fa000700 1 --2- 172.21.15.37:0/343362897 >> [v2:172.21.15.37:6800/4280350199,v1:172.21.15.37:6801/4280350199] conn(0x7f95e00396c0 0x7f95e003bb80 unknown :-1 s=BANNER_CONNECTING pgs=0 cs=0 l=1 rev1=0 crypto rx=0 tx=0 comp rx=0 tx=0)._handle_peer_banner_payload supported=3 required=0
2024-04-25T14:38:11.001 INFO:teuthology.orchestra.run.smithi037.stdout:/usr/bin/ceph: stderr
2024-04-25T14:38:09.423+0000 7f95fa000700 1 --2- 172.21.15.37:0/343362897 >> [v2:172.21.15.37:6800/4280350199,v1:172.21.15.37:6801/4280350199] conn(0x7f95e00396c0 0x7f95e003bb80 secure :-1 s=READY pgs=12 cs=0 l=1 rev1=1 crypto rx=0x7f95e8006fd0 tx=0x7f95e8006e40 comp rx=0 tx=0).ready entity=mgr.14120 client_cookie=0 server_cookie=0 in_seq=0 out_seq=0
2024-04-25T14:38:11.001 INFO:teuthology.orchestra.run.smithi037.stdout:/usr/bin/ceph: stderr
2024-04-25T14:38:09.428+0000 7f95f3400700 1 -- 172.21.15.37:0/343362897 <== mon.0 v2:172.21.15.37:3300/0 6 ==== mon_command_ack([{"prefix": "get_command_descriptions"}]=0 v0) ==== 72+0+188370 (secure 0 0 0) 0x7f95ec04d2e0 con 0x7f95fc1085c0
2024-04-25T14:38:11.001 INFO:teuthology.orchestra.run.smithi037.stdout:/usr/bin/ceph: stderr
2024-04-25T14:38:09.678+0000 7f9601c00700 1 -- 172.21.15.37:0/343362897 --> [v2:172.21.15.37:6800/4280350199,v1:172.21.15.37:6801/4280350199] -- mgr_command(tid 0: {"prefix": "orch apply", "service_type": "mon", "unmanaged": true, "target": ["mon-mgr", ""]}) -- 0x7f95fc07d130 con 0x7f95e00396c0
2024-04-25T14:38:11.001 INFO:teuthology.orchestra.run.smithi037.stdout:/usr/bin/ceph: stderr
2024-04-25T14:38:09.684+0000 7f95f3400700 1 -- 172.21.15.37:0/343362897 <== mgr.14120 v2:172.21.15.37:6800/4280350199 1 ==== mgr_command_reply(tid 0: 0 ) ==== 8+0+24 (secure 0 0 0) 0x7f95fc07d130 con 0x7f95e00396c0
2024-04-25T14:38:11.001 INFO:teuthology.orchestra.run.smithi037.stdout:/usr/bin/ceph: stderr
2024-04-25T14:38:09.687+0000 7f9601c00700 1 -- 172.21.15.37:0/343362897 >> [v2:172.21.15.37:6800/4280350199,v1:172.21.15.37:6801/4280350199] conn(0x7f95e00396c0 msgr2=0x7f95e003bb80 secure :-1 s=STATE_CONNECTION_ESTABLISHED l=1).mark_down
2024-04-25T14:38:11.001 INFO:teuthology.orchestra.run.smithi037.stdout:/usr/bin/ceph: stderr
2024-04-25T14:38:09.687+0000 7f9601c00700 1 --2- 172.21.15.37:0/343362897 >> [v2:172.21.15.37:6800/4280350199,v1:172.21.15.37:6801/4280350199] conn(0x7f95e00396c0 0x7f95e003bb80 secure :-1 s=READY pgs=12 cs=0 l=1 rev1=1 crypto rx=0x7f95e8006fd0 tx=0x7f95e8006e40 comp rx=0 tx=0).stop
2024-04-25T14:38:11.001 INFO:teuthology.orchestra.run.smithi037.stdout:/usr/bin/ceph: stderr
2024-04-25T14:38:09.687+0000 7f9601c00700 1 -- 172.21.15.37:0/343362897 >> [v2:172.21.15.37:3300/0,v1:172.21.15.37:6789/0] conn(0x7f95fc1085c0 msgr2=0x7f95fc07db60 secure :-1 s=STATE_CONNECTION_ESTABLISHED l=1).mark_down
2024-04-25T14:38:11.002 INFO:teuthology.orchestra.run.smithi037.stdout:/usr/bin/ceph: stderr
2024-04-25T14:38:09.687+0000 7f9601c00700 1 --2- 172.21.15.37:0/343362897 >> [v2:172.21.15.37:3300/0,v1:172.21.15.37:6789/0] conn(0x7f95fc1085c0 0x7f95fc07db60 secure :-1 s=READY pgs=48 cs=0 l=1 rev1=1 crypto rx=0x7f95ec006af0 tx=0x7f95ec011ce0 comp rx=0 tx=0).stop
2024-04-25T14:38:11.002 INFO:teuthology.orchestra.run.smithi037.stdout:/usr/bin/ceph: stderr
2024-04-25T14:38:09.687+0000 7f9601c00700 1 -- 172.21.15.37:0/343362897 shutdown_connections
2024-04-25T14:38:11.002 INFO:teuthology.orchestra.run.smithi037.stdout:/usr/bin/ceph: stderr
2024-04-25T14:38:09.687+0000 7f9601c00700 1 --2- 172.21.15.37:0/343362897 >> [v2:172.21.15.37:6800/4280350199,v1:172.21.15.37:6801/4280350199] conn(0x7f95e00396c0 0x7f95e003bb80 unknown :-1 s=CLOSED pgs=12 cs=0 l=1 rev1=1 crypto rx=0 tx=0 comp rx=0 tx=0).stop
2024-04-25T14:38:11.002 INFO:teuthology.orchestra.run.smithi037.stdout:/usr/bin/ceph: stderr
2024-04-25T14:38:09.687+0000 7f9601c00700 1 --2- 172.21.15.37:0/343362897 >> [v2:172.21.15.37:3300/0,v1:172.21.15.37:6789/0] conn(0x7f95fc1085c0 0x7f95fc07db60 unknown :-1 s=CLOSED pgs=48 cs=0 l=1 rev1=1 crypto rx=0 tx=0 comp rx=0 tx=0).stop
2024-04-25T14:38:11.002 INFO:teuthology.orchestra.run.smithi037.stdout:/usr/bin/ceph: stderr
2024-04-25T14:38:09.687+0000 7f9601c00700 1 -- 172.21.15.37:0/343362897 >> 172.21.15.37:0/343362897 conn(0x7f95fc103be0 msgr2=0x7f95fc104620 unknown :-1 s=STATE_NONE l=0).mark_down
2024-04-25T14:38:11.002 INFO:teuthology.orchestra.run.smithi037.stdout:/usr/bin/ceph: stderr
2024-04-25T14:38:09.688+0000 7f9601c00700 1 -- 172.21.15.37:0/343362897 shutdown_connections
2024-04-25T14:38:11.002 INFO:teuthology.orchestra.run.smithi037.stdout:/usr/bin/ceph: stderr
2024-04-25T14:38:09.688+0000 7f9601c00700 1 -- 172.21.15.37:0/343362897 wait complete.
2024-04-25T14:38:11.002 INFO:teuthology.orchestra.run.smithi037.stdout:Deploying unmanaged mgr service...
2024-04-25T14:38:13.093 INFO:journalctl@ceph.mon.a.smithi037.stdout:Apr 25 14:38:12 smithi037 ceph-mon[27822]: from='mgr.14120 172.21.15.37:0/1320723796' entity='mgr.x'
2024-04-25T14:38:13.093 INFO:journalctl@ceph.mon.a.smithi037.stdout:Apr 25 14:38:12 smithi037 ceph-mon[27822]: from='client.14144 -' entity='client.admin' cmd=[{"prefix": "orch apply", "service_type": "mgr", "unmanaged": true, "target": ["mon-mgr", ""]}]: dispatch
2024-04-25T14:38:13.093 INFO:journalctl@ceph.mon.a.smithi037.stdout:Apr 25 14:38:12 smithi037 ceph-mon[27822]: Saving service mgr spec with placement count:2
