2024-04-25T14:37:39.674+0000 7f9ee1600700 1 --2- 172.21.15.37:0/1452164876 >> [v2:172.21.15.37:3300/0,v1:172.21.15.37:6789/0] conn(0x7f9edc07de80 0x7f9edc07c330 secure :-1 s=READY pgs=18 cs=0 l=1 rev1=1 crypto rx=0x7f9ecc0098a0 tx=0x7f9ecc009bb0 comp rx=0 tx=0).stop
2024-04-25T14:37:40.651 INFO:teuthology.orchestra.run.smithi037.stdout:/usr/bin/ceph: stderr
2024-04-25T14:37:39.675+0000 7f9ee1600700 1 -- 172.21.15.37:0/1452164876 shutdown_connections
2024-04-25T14:37:40.651 INFO:teuthology.orchestra.run.smithi037.stdout:/usr/bin/ceph: stderr
2024-04-25T14:37:39.675+0000 7f9ee1600700 1 --2- 172.21.15.37:0/1452164876 >> [v2:172.21.15.37:3300/0,v1:172.21.15.37:6789/0] conn(0x7f9edc07de80 0x7f9edc07c330 unknown :-1 s=CLOSED pgs=18 cs=0 l=1 rev1=1 crypto rx=0 tx=0 comp rx=0 tx=0).stop
2024-04-25T14:37:40.651 INFO:teuthology.orchestra.run.smithi037.stdout:/usr/bin/ceph: stderr
2024-04-25T14:37:39.675+0000 7f9ee1600700 1 -- 172.21.15.37:0/1452164876 >> 172.21.15.37:0/1452164876 conn(0x7f9edc103be0 msgr2=0x7f9edc106000 unknown :-1 s=STATE_NONE l=0).mark_down
2024-04-25T14:37:40.651 INFO:teuthology.orchestra.run.smithi037.stdout:/usr/bin/ceph: stderr
2024-04-25T14:37:39.675+0000 7f9ee1600700 1 -- 172.21.15.37:0/1452164876 shutdown_connections
2024-04-25T14:37:40.651 INFO:teuthology.orchestra.run.smithi037.stdout:/usr/bin/ceph: stderr
2024-04-25T14:37:39.675+0000 7f9ee1600700 1 -- 172.21.15.37:0/1452164876 wait complete.
2024-04-25T14:37:40.652 INFO:teuthology.orchestra.run.smithi037.stdout:/usr/bin/ceph: stderr
2024-04-25T14:37:39.676+0000 7f9ee1600700 1 Processor -- start
2024-04-25T14:37:40.652 INFO:teuthology.orchestra.run.smithi037.stdout:/usr/bin/ceph: stderr
2024-04-25T14:37:39.676+0000 7f9ee1600700 1 -- start start
2024-04-25T14:37:40.652 INFO:teuthology.orchestra.run.smithi037.stdout:/usr/bin/ceph: stderr
2024-04-25T14:37:39.676+0000 7f9ee1600700 1 --2- >> [v2:172.21.15.37:3300/0,v1:172.21.15.37:6789/0] conn(0x7f9edc07de80 0x7f9edc1a2a10 unknown :-1 s=NONE pgs=0 cs=0 l=1 rev1=0 crypto rx=0 tx=0 comp rx=0 tx=0).connect
2024-04-25T14:37:40.652 INFO:teuthology.orchestra.run.smithi037.stdout:/usr/bin/ceph: stderr
2024-04-25T14:37:39.676+0000 7f9ee1600700 1 -- --> [v2:172.21.15.37:3300/0,v1:172.21.15.37:6789/0] -- mon_getmap magic: 0 -- 0x7f9edc10a780 con 0x7f9edc07de80
2024-04-25T14:37:40.652 INFO:teuthology.orchestra.run.smithi037.stdout:/usr/bin/ceph: stderr
2024-04-25T14:37:39.677+0000 7f9edaa00700 1 --2- >> [v2:172.21.15.37:3300/0,v1:172.21.15.37:6789/0] conn(0x7f9edc07de80 0x7f9edc1a2a10 unknown :-1 s=BANNER_CONNECTING pgs=0 cs=0 l=1 rev1=0 crypto rx=0 tx=0 comp rx=0 tx=0)._handle_peer_banner_payload supported=3 required=0
2024-04-25T14:37:40.652 INFO:teuthology.orchestra.run.smithi037.stdout:/usr/bin/ceph: stderr
2024-04-25T14:37:39.677+0000 7f9edaa00700 1 --2- >> [v2:172.21.15.37:3300/0,v1:172.21.15.37:6789/0] conn(0x7f9edc07de80 0x7f9edc1a2a10 unknown :-1 s=HELLO_CONNECTING pgs=0 cs=0 l=1 rev1=1 crypto rx=0 tx=0 comp rx=0 tx=0).handle_hello peer v2:172.21.15.37:3300/0 says I am v2:172.21.15.37:59218/0 (socket says 172.21.15.37:59218)
2024-04-25T14:37:40.652 INFO:teuthology.orchestra.run.smithi037.stdout:/usr/bin/ceph: stderr
2024-04-25T14:37:39.677+0000 7f9edaa00700 1 -- 172.21.15.37:0/1071765776 learned_addr learned my addr 172.21.15.37:0/1071765776 (peer_addr_for_me v2:172.21.15.37:0/0)
2024-04-25T14:37:40.652 INFO:teuthology.orchestra.run.smithi037.stdout:/usr/bin/ceph: stderr
2024-04-25T14:37:39.677+0000 7f9edaa00700 1 -- 172.21.15.37:0/1071765776 --> [v2:172.21.15.37:3300/0,v1:172.21.15.37:6789/0] -- mon_subscribe({config=0+,monmap=0+}) -- 0x7f9edc1a2f50 con 0x7f9edc07de80
2024-04-25T14:37:40.652 INFO:teuthology.orchestra.run.smithi037.stdout:/usr/bin/ceph: stderr
2024-04-25T14:37:39.677+0000 7f9edaa00700 1 --2- 172.21.15.37:0/1071765776 >> [v2:172.21.15.37:3300/0,v1:172.21.15.37:6789/0] conn(0x7f9edc07de80 0x7f9edc1a2a10 secure :-1 s=READY pgs=19 cs=0 l=1 rev1=1 crypto rx=0x7f9ecc006af0 tx=0x7f9ecc011ce0 comp rx=0 tx=0).ready entity=mon.0 client_cookie=0 server_cookie=0 in_seq=0 out_seq=0
2024-04-25T14:37:40.652 INFO:teuthology.orchestra.run.smithi037.stdout:/usr/bin/ceph: stderr
2024-04-25T14:37:39.678+0000 7f9ed3400700 1 -- 172.21.15.37:0/1071765776 <== mon.0 v2:172.21.15.37:3300/0 1 ==== mon_map magic: 0 ==== 205+0+0 (secure 0 0 0) 0x7f9ecc003b90 con 0x7f9edc07de80
2024-04-25T14:37:40.652 INFO:teuthology.orchestra.run.smithi037.stdout:/usr/bin/ceph: stderr
2024-04-25T14:37:39.678+0000 7f9ed3400700 1 -- 172.21.15.37:0/1071765776 <== mon.0 v2:172.21.15.37:3300/0 2 ==== config(27 keys) ==== 1104+0+0 (secure 0 0 0) 0x7f9ecc003d30 con 0x7f9edc07de80
2024-04-25T14:37:40.652 INFO:teuthology.orchestra.run.smithi037.stdout:/usr/bin/ceph: stderr
2024-04-25T14:37:39.678+0000 7f9ee1600700 1 -- 172.21.15.37:0/1071765776 --> [v2:172.21.15.37:3300/0,v1:172.21.15.37:6789/0] -- mon_subscribe({mgrmap=0+}) -- 0x7f9edc1a31e0 con 0x7f9edc07de80
2024-04-25T14:37:40.653 INFO:teuthology.orchestra.run.smithi037.stdout:/usr/bin/ceph: stderr
2024-04-25T14:37:39.678+0000 7f9ed3400700 1 -- 172.21.15.37:0/1071765776 <== mon.0 v2:172.21.15.37:3300/0 3 ==== mon_map magic: 0 ==== 205+0+0 (secure 0 0 0) 0x7f9ecc0197c0 con 0x7f9edc07de80
2024-04-25T14:37:40.653 INFO:teuthology.orchestra.run.smithi037.stdout:/usr/bin/ceph: stderr
2024-04-25T14:37:39.678+0000 7f9ee1600700 1 -- 172.21.15.37:0/1071765776 --> [v2:172.21.15.37:3300/0,v1:172.21.15.37:6789/0] -- mon_subscribe({osdmap=0}) -- 0x7f9edc1a3640 con 0x7f9edc07de80
2024-04-25T14:37:40.653 INFO:teuthology.orchestra.run.smithi037.stdout:/usr/bin/ceph: stderr
2024-04-25T14:37:39.679+0000 7f9ee1600700 1 -- 172.21.15.37:0/1071765776 --> [v2:172.21.15.37:3300/0,v1:172.21.15.37:6789/0] -- mon_command({"prefix": "get_command_descriptions"} v 0) -- 0x7f9edc0640a0 con 0x7f9edc07de80
2024-04-25T14:37:40.653 INFO:teuthology.orchestra.run.smithi037.stdout:/usr/bin/ceph: stderr
2024-04-25T14:37:39.679+0000 7f9ed3400700 1 -- 172.21.15.37:0/1071765776 <== mon.0 v2:172.21.15.37:3300/0 4 ==== mgrmap(e 3) ==== 46441+0+0 (secure 0 0 0) 0x7f9ecc022020 con 0x7f9edc07de80
2024-04-25T14:37:40.653 INFO:teuthology.orchestra.run.smithi037.stdout:/usr/bin/ceph: stderr
2024-04-25T14:37:39.680+0000 7f9ed3400700 1 --2- 172.21.15.37:0/1071765776 >> [v2:172.21.15.37:6800/2407630698,v1:172.21.15.37:6801/2407630698] conn(0x7f9ec0039550 0x7f9ec003ba10 unknown :-1 s=NONE pgs=0 cs=0 l=1 rev1=0 crypto rx=0 tx=0 comp rx=0 tx=0).connect
2024-04-25T14:37:40.653 INFO:teuthology.orchestra.run.smithi037.stdout:/usr/bin/ceph: stderr
2024-04-25T14:37:39.680+0000 7f9ed3400700 1 -- 172.21.15.37:0/1071765776 <== mon.0 v2:172.21.15.37:3300/0 5 ==== osd_map(1..1 src has 1..1) ==== 725+0+0 (secure 0 0 0) 0x7f9ecc04d3b0 con 0x7f9edc07de80
2024-04-25T14:37:40.653 INFO:teuthology.orchestra.run.smithi037.stdout:/usr/bin/ceph: stderr
2024-04-25T14:37:39.680+0000 7f9eda000700 1 --2- 172.21.15.37:0/1071765776 >> [v2:172.21.15.37:6800/2407630698,v1:172.21.15.37:6801/2407630698] conn(0x7f9ec0039550 0x7f9ec003ba10 unknown :-1 s=BANNER_CONNECTING pgs=0 cs=0 l=1 rev1=0 crypto rx=0 tx=0 comp rx=0 tx=0)._handle_peer_banner_payload supported=3 required=0
2024-04-25T14:37:40.653 INFO:teuthology.orchestra.run.smithi037.stdout:/usr/bin/ceph: stderr
2024-04-25T14:37:39.681+0000 7f9eda000700 1 --2- 172.21.15.37:0/1071765776 >> [v2:172.21.15.37:6800/2407630698,v1:172.21.15.37:6801/2407630698] conn(0x7f9ec0039550 0x7f9ec003ba10 secure :-1 s=READY pgs=6 cs=0 l=1 rev1=1 crypto rx=0x7f9ec8006fd0 tx=0x7f9ec8006e40 comp rx=0 tx=0).ready entity=mgr.14100 client_cookie=0 server_cookie=0 in_seq=0 out_seq=0
2024-04-25T14:37:40.653 INFO:teuthology.orchestra.run.smithi037.stdout:/usr/bin/ceph: stderr
2024-04-25T14:37:39.686+0000 7f9ed3400700 1 -- 172.21.15.37:0/1071765776 <== mon.0 v2:172.21.15.37:3300/0 6 ==== mon_command_ack([{"prefix": "get_command_descriptions"}]=0 v0) ==== 72+0+188370 (secure 0 0 0) 0x7f9ecc01ad00 con 0x7f9edc07de80
2024-04-25T14:37:40.653 INFO:teuthology.orchestra.run.smithi037.stdout:/usr/bin/ceph: stderr
2024-04-25T14:37:40.005+0000 7f9ee1600700 1 -- 172.21.15.37:0/1071765776 --> [v2:172.21.15.37:3300/0,v1:172.21.15.37:6789/0] -- mon_command({"prefix": "status", "format": "json-pretty"} v 0) -- 0x7f9edc063650 con 0x7f9edc07de80
2024-04-25T14:37:40.653 INFO:teuthology.orchestra.run.smithi037.stdout:/usr/bin/ceph: stderr
2024-04-25T14:37:40.006+0000 7f9ed3400700 1 -- 172.21.15.37:0/1071765776 <== mon.0 v2:172.21.15.37:3300/0 7 ==== mon_command_ack([{"prefix": "status", "format": "json-pretty"}]=0 v0) ==== 79+0+1239 (secure 0 0 0) 0x7f9ecc01a430 con 0x7f9edc07de80
2024-04-25T14:37:40.653 INFO:teuthology.orchestra.run.smithi037.stdout:/usr/bin/ceph: stderr
2024-04-25T14:37:40.009+0000 7f9ee1600700 1 -- 172.21.15.37:0/1071765776 >> [v2:172.21.15.37:6800/2407630698,v1:172.21.15.37:6801/2407630698] conn(0x7f9ec0039550 msgr2=0x7f9ec003ba10 secure :-1 s=STATE_CONNECTION_ESTABLISHED l=1).mark_down
2024-04-25T14:37:40.653 INFO:teuthology.orchestra.run.smithi037.stdout:/usr/bin/ceph: stderr
2024-04-25T14:37:40.009+0000 7f9ee1600700 1 --2- 172.21.15.37:0/1071765776 >> [v2:172.21.15.37:6800/2407630698,v1:172.21.15.37:6801/2407630698] conn(0x7f9ec0039550 0x7f9ec003ba10 secure :-1 s=READY pgs=6 cs=0 l=1 rev1=1 crypto rx=0x7f9ec8006fd0 tx=0x7f9ec8006e40 comp rx=0 tx=0).stop
2024-04-25T14:37:40.653 INFO:teuthology.orchestra.run.smithi037.stdout:/usr/bin/ceph: stderr
2024-04-25T14:37:40.009+0000 7f9ee1600700 1 -- 172.21.15.37:0/1071765776 >> [v2:172.21.15.37:3300/0,v1:172.21.15.37:6789/0] conn(0x7f9edc07de80 msgr2=0x7f9edc1a2a10 secure :-1 s=STATE_CONNECTION_ESTABLISHED l=1).mark_down
2024-04-25T14:37:40.654 INFO:teuthology.orchestra.run.smithi037.stdout:/usr/bin/ceph: stderr
2024-04-25T14:37:40.009+0000 7f9ee1600700 1 --2- 172.21.15.37:0/1071765776 >> [v2:172.21.15.37:3300/0,v1:172.21.15.37:6789/0] conn(0x7f9edc07de80 0x7f9edc1a2a10 secure :-1 s=READY pgs=19 cs=0 l=1 rev1=1 crypto rx=0x7f9ecc006af0 tx=0x7f9ecc011ce0 comp rx=0 tx=0).stop
2024-04-25T14:37:40.654 INFO:teuthology.orchestra.run.smithi037.stdout:/usr/bin/ceph: stderr
2024-04-25T14:37:40.009+0000 7f9ee1600700 1 -- 172.21.15.37:0/1071765776 shutdown_connections
2024-04-25T14:37:40.654 INFO:teuthology.orchestra.run.smithi037.stdout:/usr/bin/ceph: stderr
2024-04-25T14:37:40.009+0000 7f9ee1600700 1 --2- 172.21.15.37:0/1071765776 >> [v2:172.21.15.37:6800/2407630698,v1:172.21.15.37:6801/2407630698] conn(0x7f9ec0039550 0x7f9ec003ba10 unknown :-1 s=CLOSED pgs=6 cs=0 l=1 rev1=1 crypto rx=0 tx=0 comp rx=0 tx=0).stop
2024-04-25T14:37:40.654 INFO:teuthology.orchestra.run.smithi037.stdout:/usr/bin/ceph: stderr
2024-04-25T14:37:40.009+0000 7f9ee1600700 1 --2- 172.21.15.37:0/1071765776 >> [v2:172.21.15.37:3300/0,v1:172.21.15.37:6789/0] conn(0x7f9edc07de80 0x7f9edc1a2a10 unknown :-1 s=CLOSED pgs=19 cs=0 l=1 rev1=1 crypto rx=0 tx=0 comp rx=0 tx=0).stop
2024-04-25T14:37:40.654 INFO:teuthology.orchestra.run.smithi037.stdout:/usr/bin/ceph: stderr
2024-04-25T14:37:40.009+0000 7f9ee1600700 1 -- 172.21.15.37:0/1071765776 >> 172.21.15.37:0/1071765776 conn(0x7f9edc103be0 msgr2=0x7f9edc1998b0 unknown :-1 s=STATE_NONE l=0).mark_down
2024-04-25T14:37:40.654 INFO:teuthology.orchestra.run.smithi037.stdout:/usr/bin/ceph: stderr
2024-04-25T14:37:40.009+0000 7f9ee1600700 1 -- 172.21.15.37:0/1071765776 shutdown_connections
2024-04-25T14:37:40.654 INFO:teuthology.orchestra.run.smithi037.stdout:/usr/bin/ceph: stderr
2024-04-25T14:37:40.010+0000 7f9ee1600700 1 -- 172.21.15.37:0/1071765776 wait complete.
2024-04-25T14:37:40.654 INFO:teuthology.orchestra.run.smithi037.stdout:mgr is available
2024-04-25T14:37:41.220 INFO:journalctl@ceph.mon.a.smithi037.stdout:Apr 25 14:37:41 smithi037 ceph-mon[27822]: mgrmap e4: x(active, since 2s)
2024-04-25T14:37:42.257 INFO:journalctl@ceph.mon.a.smithi037.stdout:Apr 25 14:37:42 smithi037 ceph-mon[27822]: from='client.? 172.21.15.37:0/4109978791' entity='client.admin' cmd=[{"prefix": "config assimilate-conf"}]: dispatch
2024-04-25T14:37:42.271 INFO:teuthology.orchestra.run.smithi037.stdout:/usr/bin/ceph: stdout
2024-04-25T14:37:42.271 INFO:teuthology.orchestra.run.smithi037.stdout:/usr/bin/ceph: stdout [global]
2024-04-25T14:37:42.271 INFO:teuthology.orchestra.run.smithi037.stdout:/usr/bin/ceph: stdout fsid = 1cc363a8-0311-11ef-bc93-c7b262605968
2024-04-25T14:37:42.271 INFO:teuthology.orchestra.run.smithi037.stdout:/usr/bin/ceph: stdout mon_cluster_log_file_level = debug
2024-04-25T14:37:42.271 INFO:teuthology.orchestra.run.smithi037.stdout:/usr/bin/ceph: stdout mon_osd_allow_pg_remap = true
2024-04-25T14:37:42.271 INFO:teuthology.orchestra.run.smithi037.stdout:/usr/bin/ceph: stdout mon_osd_allow_primary_affinity = true
2024-04-25T14:37:42.271 INFO:teuthology.orchestra.run.smithi037.stdout:/usr/bin/ceph: stdout mon_warn_on_no_sortbitwise = false
2024-04-25T14:37:42.273 INFO:teuthology.orchestra.run.smithi037.stdout:/usr/bin/ceph: stdout osd_crush_chooseleaf_type = 0
2024-04-25T14:37:42.279 INFO:teuthology.orchestra.run.smithi037.stdout:/usr/bin/ceph: stdout
2024-04-25T14:37:42.279 INFO:teuthology.orchestra.run.smithi037.stdout:/usr/bin/ceph: stdout [mgr]
2024-04-25T14:37:42.279 INFO:teuthology.orchestra.run.smithi037.stdout:/usr/bin/ceph: stdout mgr/telemetry/nag = false
2024-04-25T14:37:42.279 INFO:teuthology.orchestra.run.smithi037.stdout:/usr/bin/ceph: stdout
2024-04-25T14:37:42.279 INFO:teuthology.orchestra.run.smithi037.stdout:/usr/bin/ceph: stdout [osd]
2024-04-25T14:37:42.280 INFO:teuthology.orchestra.run.smithi037.stdout:/usr/bin/ceph: stdout mon_osd_backfillfull_ratio = 0.85
2024-04-25T14:37:42.280 INFO:teuthology.orchestra.run.smithi037.stdout:/usr/bin/ceph: stdout mon_osd_full_ratio = 0.9
2024-04-25T14:37:42.280 INFO:teuthology.orchestra.run.smithi037.stdout:/usr/bin/ceph: stdout mon_osd_nearfull_ratio = 0.8
2024-04-25T14:37:42.280 INFO:teuthology.orchestra.run.smithi037.stdout:/usr/bin/ceph: stdout osd_map_max_advance = 10
2024-04-25T14:37:42.280 INFO:teuthology.orchestra.run.smithi037.stdout:/usr/bin/ceph: stdout osd_sloppy_crc = true
2024-04-25T14:37:42.280 INFO:teuthology.orchestra.run.smithi037.stdout:/usr/bin/ceph: stderr
2024-04-25T14:37:41.283+0000 7fefde800700 1 Processor -- start
2024-04-25T14:37:42.280 INFO:teuthology.orchestra.run.smithi037.stdout:/usr/bin/ceph: stderr
2024-04-25T14:37:41.284+0000 7fefde800700 1 -- start start
2024-04-25T14:37:42.280 INFO:teuthology.orchestra.run.smithi037.stdout:/usr/bin/ceph: stderr
2024-04-25T14:37:41.284+0000 7fefde800700 1 --2- >> [v2:172.21.15.37:3300/0,v1:172.21.15.37:6789/0] conn(0x7fefd8106e40 0x7fefd8107260 unknown :-1 s=NONE pgs=0 cs=0 l=0 rev1=0 crypto rx=0 tx=0 comp rx=0 tx=0).connect
2024-04-25T14:37:42.280 INFO:teuthology.orchestra.run.smithi037.stdout:/usr/bin/ceph: stderr
2024-04-25T14:37:41.284+0000 7fefde800700 1 -- --> [v2:172.21.15.37:3300/0,v1:172.21.15.37:6789/0] -- mon_getmap magic: 0 -- 0x7fefd807be60 con 0x7fefd8106e40
2024-04-25T14:37:42.280 INFO:teuthology.orchestra.run.smithi037.stdout:/usr/bin/ceph: stderr
2024-04-25T14:37:41.284+0000 7fefd7400700 1 --2- >> [v2:172.21.15.37:3300/0,v1:172.21.15.37:6789/0] conn(0x7fefd8106e40 0x7fefd8107260 unknown :-1 s=BANNER_CONNECTING pgs=0 cs=0 l=0 rev1=0 crypto rx=0 tx=0 comp rx=0 tx=0)._handle_peer_banner_payload supported=3 required=0
2024-04-25T14:37:42.280 INFO:teuthology.orchestra.run.smithi037.stdout:/usr/bin/ceph: stderr
2024-04-25T14:37:41.285+0000 7fefd7400700 1 --2- >> [v2:172.21.15.37:3300/0,v1:172.21.15.37:6789/0] conn(0x7fefd8106e40 0x7fefd8107260 unknown :-1 s=HELLO_CONNECTING pgs=0 cs=0 l=0 rev1=1 crypto rx=0 tx=0 comp rx=0 tx=0).handle_hello peer v2:172.21.15.37:3300/0 says I am v2:172.21.15.37:45694/0 (socket says 172.21.15.37:45694)
2024-04-25T14:37:42.280 INFO:teuthology.orchestra.run.smithi037.stdout:/usr/bin/ceph: stderr
2024-04-25T14:37:41.285+0000 7fefd7400700 1 -- 172.21.15.37:0/3002561649 learned_addr learned my addr 172.21.15.37:0/3002561649 (peer_addr_for_me v2:172.21.15.37:0/0)
2024-04-25T14:37:42.280 INFO:teuthology.orchestra.run.smithi037.stdout:/usr/bin/ceph: stderr
2024-04-25T14:37:41.285+0000 7fefd7400700 1 -- 172.21.15.37:0/3002561649 --> [v2:172.21.15.37:3300/0,v1:172.21.15.37:6789/0] -- mon_subscribe({config=0+,monmap=0+}) -- 0x7fefd81077a0 con 0x7fefd8106e40
2024-04-25T14:37:42.280 INFO:teuthology.orchestra.run.smithi037.stdout:/usr/bin/ceph: stderr
2024-04-25T14:37:41.285+0000 7fefd7400700 1 --2- 172.21.15.37:0/3002561649 >> [v2:172.21.15.37:3300/0,v1:172.21.15.37:6789/0] conn(0x7fefd8106e40 0x7fefd8107260 secure :-1 s=READY pgs=20 cs=0 l=1 rev1=1 crypto rx=0x7fefc80098a0 tx=0x7fefc8009bb0 comp rx=0 tx=0).ready entity=mon.0 client_cookie=92fabf39cc585713 server_cookie=0 in_seq=0 out_seq=0
2024-04-25T14:37:42.280 INFO:teuthology.orchestra.run.smithi037.stdout:/usr/bin/ceph: stderr
2024-04-25T14:37:41.286+0000 7fefd6000700 1 -- 172.21.15.37:0/3002561649 <== mon.0 v2:172.21.15.37:3300/0 1 ==== mon_map magic: 0 ==== 205+0+0 (secure 0 0 0) 0x7fefc8004160 con 0x7fefd8106e40
2024-04-25T14:37:42.280 INFO:teuthology.orchestra.run.smithi037.stdout:/usr/bin/ceph: stderr
2024-04-25T14:37:41.286+0000 7fefd6000700 1 -- 172.21.15.37:0/3002561649 <== mon.0 v2:172.21.15.37:3300/0 2 ==== config(27 keys) ==== 1104+0+0 (secure 0 0 0) 0x7fefc8004300 con 0x7fefd8106e40
2024-04-25T14:37:42.281 INFO:teuthology.orchestra.run.smithi037.stdout:/usr/bin/ceph: stderr
2024-04-25T14:37:41.286+0000 7fefd6000700 1 -- 172.21.15.37:0/3002561649 <== mon.0 v2:172.21.15.37:3300/0 3 ==== mon_map magic: 0 ==== 205+0+0 (secure 0 0 0) 0x7fefc8011b20 con 0x7fefd8106e40
2024-04-25T14:37:42.281 INFO:teuthology.orchestra.run.smithi037.stdout:/usr/bin/ceph: stderr
2024-04-25T14:37:41.286+0000 7fefde800700 1 -- 172.21.15.37:0/3002561649 >> [v2:172.21.15.37:3300/0,v1:172.21.15.37:6789/0] conn(0x7fefd8106e40 msgr2=0x7fefd8107260 secure :-1 s=STATE_CONNECTION_ESTABLISHED l=1).mark_down
2024-04-25T14:37:42.281 INFO:teuthology.orchestra.run.smithi037.stdout:/usr/bin/ceph: stderr
2024-04-25T14:37:41.286+0000 7fefde800700 1 --2- 172.21.15.37:0/3002561649 >> [v2:172.21.15.37:3300/0,v1:172.21.15.37:6789/0] conn(0x7fefd8106e40 0x7fefd8107260 secure :-1 s=READY pgs=20 cs=0 l=1 rev1=1 crypto rx=0x7fefc80098a0 tx=0x7fefc8009bb0 comp rx=0 tx=0).stop
2024-04-25T14:37:42.281 INFO:teuthology.orchestra.run.smithi037.stdout:/usr/bin/ceph: stderr
2024-04-25T14:37:41.287+0000 7fefde800700 1 -- 172.21.15.37:0/3002561649 shutdown_connections
2024-04-25T14:37:42.281 INFO:teuthology.orchestra.run.smithi037.stdout:/usr/bin/ceph: stderr
2024-04-25T14:37:41.287+0000 7fefde800700 1 --2- 172.21.15.37:0/3002561649 >> [v2:172.21.15.37:3300/0,v1:172.21.15.37:6789/0] conn(0x7fefd8106e40 0x7fefd8107260 unknown :-1 s=CLOSED pgs=20 cs=0 l=1 rev1=1 crypto rx=0 tx=0 comp rx=0 tx=0).stop
2024-04-25T14:37:42.281 INFO:teuthology.orchestra.run.smithi037.stdout:/usr/bin/ceph: stderr
2024-04-25T14:37:41.287+0000 7fefde800700 1 -- 172.21.15.37:0/3002561649 >> 172.21.15.37:0/3002561649 conn(0x7fefd8102a40 msgr2=0x7fefd8104e80 unknown :-1 s=STATE_NONE l=0).mark_down
2024-04-25T14:37:42.281 INFO:teuthology.orchestra.run.smithi037.stdout:/usr/bin/ceph: stderr
2024-04-25T14:37:41.287+0000 7fefde800700 1 -- 172.21.15.37:0/3002561649 shutdown_connections
2024-04-25T14:37:42.281 INFO:teuthology.orchestra.run.smithi037.stdout:/usr/bin/ceph: stderr
2024-04-25T14:37:41.287+0000 7fefde800700 1 -- 172.21.15.37:0/3002561649 wait complete.
2024-04-25T14:37:42.281 INFO:teuthology.orchestra.run.smithi037.stdout:/usr/bin/ceph: stderr
2024-04-25T14:37:41.288+0000 7fefde800700 1 Processor -- start
2024-04-25T14:37:42.281 INFO:teuthology.orchestra.run.smithi037.stdout:/usr/bin/ceph: stderr
2024-04-25T14:37:41.288+0000 7fefde800700 1 -- start start
2024-04-25T14:37:42.281 INFO:teuthology.orchestra.run.smithi037.stdout:/usr/bin/ceph: stderr
2024-04-25T14:37:41.288+0000 7fefde800700 1 --2- >> [v2:172.21.15.37:3300/0,v1:172.21.15.37:6789/0] conn(0x7fefd8106e40 0x7fefd819e5f0 unknown :-1 s=NONE pgs=0 cs=0 l=1 rev1=0 crypto rx=0 tx=0 comp rx=0 tx=0).connect
2024-04-25T14:37:42.281 INFO:teuthology.orchestra.run.smithi037.stdout:/usr/bin/ceph: stderr
2024-04-25T14:37:41.288+0000 7fefde800700 1 -- --> [v2:172.21.15.37:3300/0,v1:172.21.15.37:6789/0] -- mon_getmap magic: 0 -- 0x7fefd8108830 con 0x7fefd8106e40
2024-04-25T14:37:42.281 INFO:teuthology.orchestra.run.smithi037.stdout:/usr/bin/ceph: stderr
2024-04-25T14:37:41.289+0000 7fefd7400700 1 --2- >> [v2:172.21.15.37:3300/0,v1:172.21.15.37:6789/0] conn(0x7fefd8106e40 0x7fefd819e5f0 unknown :-1 s=BANNER_CONNECTING pgs=0 cs=0 l=1 rev1=0 crypto rx=0 tx=0 comp rx=0 tx=0)._handle_peer_banner_payload supported=3 required=0
2024-04-25T14:37:42.281 INFO:teuthology.orchestra.run.smithi037.stdout:/usr/bin/ceph: stderr
2024-04-25T14:37:41.289+0000 7fefd7400700 1 --2- >> [v2:172.21.15.37:3300/0,v1:172.21.15.37:6789/0] conn(0x7fefd8106e40 0x7fefd819e5f0 unknown :-1 s=HELLO_CONNECTING pgs=0 cs=0 l=1 rev1=1 crypto rx=0 tx=0 comp rx=0 tx=0).handle_hello peer v2:172.21.15.37:3300/0 says I am v2:172.21.15.37:45700/0 (socket says 172.21.15.37:45700)
2024-04-25T14:37:42.281 INFO:teuthology.orchestra.run.smithi037.stdout:/usr/bin/ceph: stderr
2024-04-25T14:37:41.289+0000 7fefd7400700 1 -- 172.21.15.37:0/4109978791 learned_addr learned my addr 172.21.15.37:0/4109978791 (peer_addr_for_me v2:172.21.15.37:0/0)
2024-04-25T14:37:42.282 INFO:teuthology.orchestra.run.smithi037.stdout:/usr/bin/ceph: stderr
2024-04-25T14:37:41.289+0000 7fefd7400700 1 -- 172.21.15.37:0/4109978791 --> [v2:172.21.15.37:3300/0,v1:172.21.15.37:6789/0] -- mon_subscribe({config=0+,monmap=0+}) -- 0x7fefd819eb30 con 0x7fefd8106e40
2024-04-25T14:37:42.282 INFO:teuthology.orchestra.run.smithi037.stdout:/usr/bin/ceph: stderr
2024-04-25T14:37:41.290+0000 7fefd7400700 1 --2- 172.21.15.37:0/4109978791 >> [v2:172.21.15.37:3300/0,v1:172.21.15.37:6789/0] conn(0x7fefd8106e40 0x7fefd819e5f0 secure :-1 s=READY pgs=21 cs=0 l=1 rev1=1 crypto rx=0x7fefc80117e0 tx=0x7fefc8011ce0 comp rx=0 tx=0).ready entity=mon.0 client_cookie=0 server_cookie=0 in_seq=0 out_seq=0
2024-04-25T14:37:42.282 INFO:teuthology.orchestra.run.smithi037.stdout:/usr/bin/ceph: stderr
2024-04-25T14:37:41.290+0000 7fefcfe00700 1 -- 172.21.15.37:0/4109978791 <== mon.0 v2:172.21.15.37:3300/0 1 ==== mon_map magic: 0 ==== 205+0+0 (secure 0 0 0) 0x7fefc8003b30 con 0x7fefd8106e40
2024-04-25T14:37:42.282 INFO:teuthology.orchestra.run.smithi037.stdout:/usr/bin/ceph: stderr
2024-04-25T14:37:41.290+0000 7fefcfe00700 1 -- 172.21.15.37:0/4109978791 <== mon.0 v2:172.21.15.37:3300/0 2 ==== config(27 keys) ==== 1104+0+0 (secure 0 0 0) 0x7fefc8003cd0 con 0x7fefd8106e40
2024-04-25T14:37:42.282 INFO:teuthology.orchestra.run.smithi037.stdout:/usr/bin/ceph: stderr
2024-04-25T14:37:41.290+0000 7fefcfe00700 1 -- 172.21.15.37:0/4109978791 <== mon.0 v2:172.21.15.37:3300/0 3 ==== mon_map magic: 0 ==== 205+0+0 (secure 0 0 0) 0x7fefc801a7c0 con 0x7fefd8106e40
2024-04-25T14:37:42.282 INFO:teuthology.orchestra.run.smithi037.stdout:/usr/bin/ceph: stderr
2024-04-25T14:37:41.290+0000 7fefde800700 1 -- 172.21.15.37:0/4109978791 --> [v2:172.21.15.37:3300/0,v1:172.21.15.37:6789/0] -- mon_subscribe({mgrmap=0+}) -- 0x7fefd819edc0 con 0x7fefd8106e40
2024-04-25T14:37:42.282 INFO:teuthology.orchestra.run.smithi037.stdout:/usr/bin/ceph: stderr
2024-04-25T14:37:41.290+0000 7fefde800700 1 -- 172.21.15.37:0/4109978791 --> [v2:172.21.15.37:3300/0,v1:172.21.15.37:6789/0] -- mon_subscribe({osdmap=0}) -- 0x7fefd819f220 con 0x7fefd8106e40
2024-04-25T14:37:42.282 INFO:teuthology.orchestra.run.smithi037.stdout:/usr/bin/ceph: stderr
2024-04-25T14:37:41.291+0000 7fefcfe00700 1 -- 172.21.15.37:0/4109978791 <== mon.0 v2:172.21.15.37:3300/0 4 ==== mgrmap(e 4) ==== 46547+0+0 (secure 0 0 0) 0x7fefc8024ba0 con 0x7fefd8106e40
2024-04-25T14:37:42.282 INFO:teuthology.orchestra.run.smithi037.stdout:/usr/bin/ceph: stderr
2024-04-25T14:37:41.291+0000 7fefde800700 1 -- 172.21.15.37:0/4109978791 --> [v2:172.21.15.37:3300/0,v1:172.21.15.37:6789/0] -- mon_command({"prefix": "get_command_descriptions"} v 0) -- 0x7fefd80640a0 con 0x7fefd8106e40
2024-04-25T14:37:42.282 INFO:teuthology.orchestra.run.smithi037.stdout:/usr/bin/ceph: stderr
2024-04-25T14:37:41.292+0000 7fefcfe00700 1 --2- 172.21.15.37:0/4109978791 >> [v2:172.21.15.37:6800/2407630698,v1:172.21.15.37:6801/2407630698] conn(0x7fefbc039620 0x7fefbc03bae0 unknown :-1 s=NONE pgs=0 cs=0 l=1 rev1=0 crypto rx=0 tx=0 comp rx=0 tx=0).connect
2024-04-25T14:37:42.282 INFO:teuthology.orchestra.run.smithi037.stdout:/usr/bin/ceph: stderr
2024-04-25T14:37:41.292+0000 7fefcfe00700 1 -- 172.21.15.37:0/4109978791 <== mon.0 v2:172.21.15.37:3300/0 5 ==== osd_map(1..1 src has 1..1) ==== 725+0+0 (secure 0 0 0) 0x7fefc804d9e0 con 0x7fefd8106e40
2024-04-25T14:37:42.282 INFO:teuthology.orchestra.run.smithi037.stdout:/usr/bin/ceph: stderr
2024-04-25T14:37:41.292+0000 7fefd6a00700 1 --2- 172.21.15.37:0/4109978791 >> [v2:172.21.15.37:6800/2407630698,v1:172.21.15.37:6801/2407630698] conn(0x7fefbc039620 0x7fefbc03bae0 unknown :-1 s=BANNER_CONNECTING pgs=0 cs=0 l=1 rev1=0 crypto rx=0 tx=0 comp rx=0 tx=0)._handle_peer_banner_payload supported=3 required=0
2024-04-25T14:37:42.282 INFO:teuthology.orchestra.run.smithi037.stdout:/usr/bin/ceph: stderr
2024-04-25T14:37:41.293+0000 7fefd6a00700 1 --2- 172.21.15.37:0/4109978791 >> [v2:172.21.15.37:6800/2407630698,v1:172.21.15.37:6801/2407630698] conn(0x7fefbc039620 0x7fefbc03bae0 secure :-1 s=READY pgs=7 cs=0 l=1 rev1=1 crypto rx=0x7fefc4006fd0 tx=0x7fefc4006e40 comp rx=0 tx=0).ready entity=mgr.14100 client_cookie=0 server_cookie=0 in_seq=0 out_seq=0
2024-04-25T14:37:42.283 INFO:teuthology.orchestra.run.smithi037.stdout:/usr/bin/ceph: stderr
2024-04-25T14:37:41.297+0000 7fefcfe00700 1 -- 172.21.15.37:0/4109978791 <== mon.0 v2:172.21.15.37:3300/0 6 ==== mon_command_ack([{"prefix": "get_command_descriptions"}]=0 v0) ==== 72+0+188370 (secure 0 0 0) 0x7fefc804d400 con 0x7fefd8106e40
2024-04-25T14:37:42.283 INFO:teuthology.orchestra.run.smithi037.stdout:/usr/bin/ceph: stderr
2024-04-25T14:37:41.526+0000 7fefde800700 1 -- 172.21.15.37:0/4109978791 --> [v2:172.21.15.37:3300/0,v1:172.21.15.37:6789/0] -- mon_command({"prefix": "config assimilate-conf"} v 0) -- 0x7fefd802d5d0 con 0x7fefd8106e40
2024-04-25T14:37:42.283 INFO:teuthology.orchestra.run.smithi037.stdout:/usr/bin/ceph: stderr
2024-04-25T14:37:41.528+0000 7fefcfe00700 1 -- 172.21.15.37:0/4109978791 <== mon.0 v2:172.21.15.37:3300/0 7 ==== mon_command_ack([{"prefix": "config assimilate-conf"}]=0 v3) ==== 70+0+409 (secure 0 0 0) 0x7fefc802d3f0 con 0x7fefd8106e40
2024-04-25T14:37:42.283 INFO:teuthology.orchestra.run.smithi037.stdout:/usr/bin/ceph: stderr
2024-04-25T14:37:41.531+0000 7fefde800700 1 -- 172.21.15.37:0/4109978791 >> [v2:172.21.15.37:6800/2407630698,v1:172.21.15.37:6801/2407630698] conn(0x7fefbc039620 msgr2=0x7fefbc03bae0 secure :-1 s=STATE_CONNECTION_ESTABLISHED l=1).mark_down
2024-04-25T14:37:42.283 INFO:teuthology.orchestra.run.smithi037.stdout:/usr/bin/ceph: stderr
2024-04-25T14:37:41.531+0000 7fefde800700 1 --2- 172.21.15.37:0/4109978791 >> [v2:172.21.15.37:6800/2407630698,v1:172.21.15.37:6801/2407630698] conn(0x7fefbc039620 0x7fefbc03bae0 secure :-1 s=READY pgs=7 cs=0 l=1 rev1=1 crypto rx=0x7fefc4006fd0 tx=0x7fefc4006e40 comp rx=0 tx=0).stop
2024-04-25T14:37:42.283 INFO:teuthology.orchestra.run.smithi037.stdout:/usr/bin/ceph: stderr
2024-04-25T14:37:41.531+0000 7fefde800700 1 -- 172.21.15.37:0/4109978791 >> [v2:172.21.15.37:3300/0,v1:172.21.15.37:6789/0] conn(0x7fefd8106e40 msgr2=0x7fefd819e5f0 secure :-1 s=STATE_CONNECTION_ESTABLISHED l=1).mark_down
2024-04-25T14:37:42.283 INFO:teuthology.orchestra.run.smithi037.stdout:/usr/bin/ceph: stderr
2024-04-25T14:37:41.531+0000 7fefde800700 1 --2- 172.21.15.37:0/4109978791 >> [v2:172.21.15.37:3300/0,v1:172.21.15.37:6789/0] conn(0x7fefd8106e40 0x7fefd819e5f0 secure :-1 s=READY pgs=21 cs=0 l=1 rev1=1 crypto rx=0x7fefc80117e0 tx=0x7fefc8011ce0 comp rx=0 tx=0).stop
2024-04-25T14:37:42.283 INFO:teuthology.orchestra.run.smithi037.stdout:/usr/bin/ceph: stderr
2024-04-25T14:37:41.531+0000 7fefde800700 1 -- 172.21.15.37:0/4109978791 shutdown_connections
2024-04-25T14:37:42.284 INFO:teuthology.orchestra.run.smithi037.stdout:/usr/bin/ceph: stderr
2024-04-25T14:37:41.531+0000 7fefde800700 1 --2- 172.21.15.37:0/4109978791 >> [v2:172.21.15.37:6800/2407630698,v1:172.21.15.37:6801/2407630698] conn(0x7fefbc039620 0x7fefbc03bae0 unknown :-1 s=CLOSED pgs=7 cs=0 l=1 rev1=1 crypto rx=0 tx=0 comp rx=0 tx=0).stop
2024-04-25T14:37:42.284 INFO:teuthology.orchestra.run.smithi037.stdout:/usr/bin/ceph: stderr
2024-04-25T14:37:41.531+0000 7fefde800700 1 --2- 172.21.15.37:0/4109978791 >> [v2:172.21.15.37:3300/0,v1:172.21.15.37:6789/0] conn(0x7fefd8106e40 0x7fefd819e5f0 unknown :-1 s=CLOSED pgs=21 cs=0 l=1 rev1=1 crypto rx=0 tx=0 comp rx=0 tx=0).stop
2024-04-25T14:37:42.284 INFO:teuthology.orchestra.run.smithi037.stdout:/usr/bin/ceph: stderr
2024-04-25T14:37:41.531+0000 7fefde800700 1 -- 172.21.15.37:0/4109978791 >> 172.21.15.37:0/4109978791 conn(0x7fefd8102a40 msgr2=0x7fefd81952b0 unknown :-1 s=STATE_NONE l=0).mark_down
2024-04-25T14:37:42.284 INFO:teuthology.orchestra.run.smithi037.stdout:/usr/bin/ceph: stderr
2024-04-25T14:37:41.532+0000 7fefde800700 1 -- 172.21.15.37:0/4109978791 shutdown_connections
2024-04-25T14:37:42.284 INFO:teuthology.orchestra.run.smithi037.stdout:/usr/bin/ceph: stderr
2024-04-25T14:37:41.532+0000 7fefde800700 1 -- 172.21.15.37:0/4109978791 wait complete.
2024-04-25T14:37:42.284 INFO:teuthology.orchestra.run.smithi037.stdout:Enabling cephadm module...
2024-04-25T14:37:43.558 INFO:journalctl@ceph.mon.a.smithi037.stdout:Apr 25 14:37:43 smithi037 ceph-mon[27822]: from='client.? 172.21.15.37:0/2734784308' entity='client.admin' cmd=[{"prefix": "mgr module enable", "module": "cephadm"}]: dispatch
2024-04-25T14:37:43.558 INFO:journalctl@ceph.mgr.x.smithi037.stdout:Apr 25 14:37:43 smithi037 ceph-1cc363a8-0311-11ef-bc93-c7b262605968-mgr-x[28048]: ignoring --setuser ceph since I am not root
2024-04-25T14:37:43.559 INFO:journalctl@ceph.mgr.x.smithi037.stdout:Apr 25 14:37:43 smithi037 ceph-1cc363a8-0311-11ef-bc93-c7b262605968-mgr-x[28048]: ignoring --setgroup ceph since I am not root
2024-04-25T14:37:43.559 INFO:journalctl@ceph.mgr.x.smithi037.stdout:Apr 25 14:37:43 smithi037 ceph-1cc363a8-0311-11ef-bc93-c7b262605968-mgr-x[28048]:
2024-04-25T14:37:43.558+0000 7f2861041200 -1 mgr[py] Module balancer has missing NOTIFY_TYPES member
2024-04-25T14:37:43.868 INFO:journalctl@ceph.mgr.x.smithi037.stdout:Apr 25 14:37:43 smithi037 ceph-1cc363a8-0311-11ef-bc93-c7b262605968-mgr-x[28048]:
2024-04-25T14:37:43.803+0000 7f2861041200 -1 mgr[py] Module orchestrator has missing NOTIFY_TYPES member
2024-04-25T14:37:43.935 INFO:teuthology.orchestra.run.smithi037.stdout:/usr/bin/ceph: stderr
2024-04-25T14:37:42.906+0000 7f160d200700 1 Processor -- start
2024-04-25T14:37:43.935 INFO:teuthology.orchestra.run.smithi037.stdout:/usr/bin/ceph: stderr
2024-04-25T14:37:42.906+0000 7f160d200700 1 -- start start
2024-04-25T14:37:43.935 INFO:teuthology.orchestra.run.smithi037.stdout:/usr/bin/ceph: stderr
2024-04-25T14:37:42.907+0000 7f160d200700 1 --2- >> [v2:172.21.15.37:3300/0,v1:172.21.15.37:6789/0] conn(0x7f1608106e80 0x7f16081072a0 unknown :-1 s=NONE pgs=0 cs=0 l=0 rev1=0 crypto rx=0 tx=0 comp rx=0 tx=0).connect
2024-04-25T14:37:43.937 INFO:teuthology.orchestra.run.smithi037.stdout:/usr/bin/ceph: stderr
2024-04-25T14:37:42.907+0000 7f160d200700 1 -- --> [v2:172.21.15.37:3300/0,v1:172.21.15.37:6789/0] -- mon_getmap magic: 0 -- 0x7f160807be20 con 0x7f1608106e80
2024-04-25T14:37:43.938 INFO:teuthology.orchestra.run.smithi037.stdout:/usr/bin/ceph: stderr
2024-04-25T14:37:42.907+0000 7f1605e00700 1 --2- >> [v2:172.21.15.37:3300/0,v1:172.21.15.37:6789/0] conn(0x7f1608106e80 0x7f16081072a0 unknown :-1 s=BANNER_CONNECTING pgs=0 cs=0 l=0 rev1=0 crypto rx=0 tx=0 comp rx=0 tx=0)._handle_peer_banner_payload supported=3 required=0
2024-04-25T14:37:43.938 INFO:teuthology.orchestra.run.smithi037.stdout:/usr/bin/ceph: stderr
2024-04-25T14:37:42.907+0000 7f1605e00700 1 --2- >> [v2:172.21.15.37:3300/0,v1:172.21.15.37:6789/0] conn(0x7f1608106e80 0x7f16081072a0 unknown :-1 s=HELLO_CONNECTING pgs=0 cs=0 l=0 rev1=1 crypto rx=0 tx=0 comp rx=0 tx=0).handle_hello peer v2:172.21.15.37:3300/0 says I am v2:172.21.15.37:45714/0 (socket says 172.21.15.37:45714)
2024-04-25T14:37:43.938 INFO:teuthology.orchestra.run.smithi037.stdout:/usr/bin/ceph: stderr
2024-04-25T14:37:42.908+0000 7f1605e00700 1 -- 172.21.15.37:0/1768273653 learned_addr learned my addr 172.21.15.37:0/1768273653 (peer_addr_for_me v2:172.21.15.37:0/0)
2024-04-25T14:37:43.938 INFO:teuthology.orchestra.run.smithi037.stdout:/usr/bin/ceph: stderr
2024-04-25T14:37:42.908+0000 7f1605e00700 1 -- 172.21.15.37:0/1768273653 --> [v2:172.21.15.37:3300/0,v1:172.21.15.37:6789/0] -- mon_subscribe({config=0+,monmap=0+}) -- 0x7f16081077e0 con 0x7f1608106e80
2024-04-25T14:37:43.938 INFO:teuthology.orchestra.run.smithi037.stdout:/usr/bin/ceph: stderr
2024-04-25T14:37:42.909+0000 7f1605e00700 1 --2- 172.21.15.37:0/1768273653 >> [v2:172.21.15.37:3300/0,v1:172.21.15.37:6789/0] conn(0x7f1608106e80 0x7f16081072a0 secure :-1 s=READY pgs=22 cs=0 l=1 rev1=1 crypto rx=0x7f15f80098a0 tx=0x7f15f8009bb0 comp rx=0 tx=0).ready entity=mon.0 client_cookie=3c7af96ae92e9b44 server_cookie=0 in_seq=0 out_seq=0
2024-04-25T14:37:43.938 INFO:teuthology.orchestra.run.smithi037.stdout:/usr/bin/ceph: stderr
2024-04-25T14:37:42.909+0000 7f1604a00700 1 -- 172.21.15.37:0/1768273653 <== mon.0 v2:172.21.15.37:3300/0 1 ==== mon_map magic: 0 ==== 205+0+0 (secure 0 0 0) 0x7f15f8004160 con 0x7f1608106e80
2024-04-25T14:37:43.938 INFO:teuthology.orchestra.run.smithi037.stdout:/usr/bin/ceph: stderr
2024-04-25T14:37:42.909+0000 7f1604a00700 1 -- 172.21.15.37:0/1768273653 <== mon.0 v2:172.21.15.37:3300/0 2 ==== config(27 keys) ==== 1104+0+0 (secure 0 0 0) 0x7f15f8004300 con 0x7f1608106e80
2024-04-25T14:37:43.938 INFO:teuthology.orchestra.run.smithi037.stdout:/usr/bin/ceph: stderr
2024-04-25T14:37:42.909+0000 7f1604a00700 1 -- 172.21.15.37:0/1768273653 <== mon.0 v2:172.21.15.37:3300/0 3 ==== mon_map magic: 0 ==== 205+0+0 (secure 0 0 0) 0x7f15f8011b20 con 0x7f1608106e80
2024-04-25T14:37:43.938 INFO:teuthology.orchestra.run.smithi037.stdout:/usr/bin/ceph: stderr
2024-04-25T14:37:42.910+0000 7f160d200700 1 -- 172.21.15.37:0/1768273653 >> [v2:172.21.15.37:3300/0,v1:172.21.15.37:6789/0] conn(0x7f1608106e80 msgr2=0x7f16081072a0 secure :-1 s=STATE_CONNECTION_ESTABLISHED l=1).mark_down
2024-04-25T14:37:43.938 INFO:teuthology.orchestra.run.smithi037.stdout:/usr/bin/ceph: stderr
2024-04-25T14:37:42.910+0000 7f160d200700 1 --2- 172.21.15.37:0/1768273653 >> [v2:172.21.15.37:3300/0,v1:172.21.15.37:6789/0] conn(0x7f1608106e80 0x7f16081072a0 secure :-1 s=READY pgs=22 cs=0 l=1 rev1=1 crypto rx=0x7f15f80098a0 tx=0x7f15f8009bb0 comp rx=0 tx=0).stop
2024-04-25T14:37:43.938 INFO:teuthology.orchestra.run.smithi037.stdout:/usr/bin/ceph: stderr
2024-04-25T14:37:42.910+0000 7f160d200700 1 -- 172.21.15.37:0/1768273653 shutdown_connections
2024-04-25T14:37:43.938 INFO:teuthology.orchestra.run.smithi037.stdout:/usr/bin/ceph: stderr
2024-04-25T14:37:42.910+0000 7f160d200700 1 --2- 172.21.15.37:0/1768273653 >> [v2:172.21.15.37:3300/0,v1:172.21.15.37:6789/0] conn(0x7f1608106e80 0x7f16081072a0 unknown :-1 s=CLOSED pgs=22 cs=0 l=1 rev1=1 crypto rx=0 tx=0 comp rx=0 tx=0).stop
2024-04-25T14:37:43.938 INFO:teuthology.orchestra.run.smithi037.stdout:/usr/bin/ceph: stderr
2024-04-25T14:37:42.910+0000 7f160d200700 1 -- 172.21.15.37:0/1768273653 >> 172.21.15.37:0/1768273653 conn(0x7f1608102a40 msgr2=0x7f1608104e80 unknown :-1 s=STATE_NONE l=0).mark_down
2024-04-25T14:37:43.938 INFO:teuthology.orchestra.run.smithi037.stdout:/usr/bin/ceph: stderr
2024-04-25T14:37:42.910+0000 7f160d200700 1 -- 172.21.15.37:0/1768273653 shutdown_connections
2024-04-25T14:37:43.939 INFO:teuthology.orchestra.run.smithi037.stdout:/usr/bin/ceph: stderr
2024-04-25T14:37:42.910+0000 7f160d200700 1 -- 172.21.15.37:0/1768273653 wait complete.
2024-04-25T14:37:43.939 INFO:teuthology.orchestra.run.smithi037.stdout:/usr/bin/ceph: stderr
2024-04-25T14:37:42.911+0000 7f160d200700 1 Processor -- start
2024-04-25T14:37:43.939 INFO:teuthology.orchestra.run.smithi037.stdout:/usr/bin/ceph: stderr
2024-04-25T14:37:42.911+0000 7f160d200700 1 -- start start
2024-04-25T14:37:43.939 INFO:teuthology.orchestra.run.smithi037.stdout:/usr/bin/ceph: stderr
2024-04-25T14:37:42.912+0000 7f160d200700 1 --2- >> [v2:172.21.15.37:3300/0,v1:172.21.15.37:6789/0] conn(0x7f1608106e80 0x7f160819e600 unknown :-1 s=NONE pgs=0 cs=0 l=1 rev1=0 crypto rx=0 tx=0 comp rx=0 tx=0).connect
2024-04-25T14:37:43.939 INFO:teuthology.orchestra.run.smithi037.stdout:/usr/bin/ceph: stderr
2024-04-25T14:37:42.912+0000 7f160d200700 1 -- --> [v2:172.21.15.37:3300/0,v1:172.21.15.37:6789/0] -- mon_getmap magic: 0 -- 0x7f1608108870 con 0x7f1608106e80
2024-04-25T14:37:43.939 INFO:teuthology.orchestra.run.smithi037.stdout:/usr/bin/ceph: stderr
2024-04-25T14:37:42.912+0000 7f1605e00700 1 --2- >> [v2:172.21.15.37:3300/0,v1:172.21.15.37:6789/0] conn(0x7f1608106e80 0x7f160819e600 unknown :-1 s=BANNER_CONNECTING pgs=0 cs=0 l=1 rev1=0 crypto rx=0 tx=0 comp rx=0 tx=0)._handle_peer_banner_payload supported=3 required=0
2024-04-25T14:37:43.939 INFO:teuthology.orchestra.run.smithi037.stdout:/usr/bin/ceph: stderr
2024-04-25T14:37:42.912+0000 7f1605e00700 1 --2- >> [v2:172.21.15.37:3300/0,v1:172.21.15.37:6789/0] conn(0x7f1608106e80 0x7f160819e600 unknown :-1 s=HELLO_CONNECTING pgs=0 cs=0 l=1 rev1=1 crypto rx=0 tx=0 comp rx=0 tx=0).handle_hello peer v2:172.21.15.37:3300/0 says I am v2:172.21.15.37:45722/0 (socket says 172.21.15.37:45722)
2024-04-25T14:37:43.939 INFO:teuthology.orchestra.run.smithi037.stdout:/usr/bin/ceph: stderr
2024-04-25T14:37:42.912+0000 7f1605e00700 1 -- 172.21.15.37:0/2734784308 learned_addr learned my addr 172.21.15.37:0/2734784308 (peer_addr_for_me v2:172.21.15.37:0/0)
2024-04-25T14:37:43.939 INFO:teuthology.orchestra.run.smithi037.stdout:/usr/bin/ceph: stderr
2024-04-25T14:37:42.913+0000 7f1605e00700 1 -- 172.21.15.37:0/2734784308 --> [v2:172.21.15.37:3300/0,v1:172.21.15.37:6789/0] -- mon_subscribe({config=0+,monmap=0+}) -- 0x7f160819eb40 con 0x7f1608106e80
2024-04-25T14:37:43.942 INFO:teuthology.orchestra.run.smithi037.stdout:/usr/bin/ceph: stderr
2024-04-25T14:37:42.913+0000 7f1605e00700 1 --2- 172.21.15.37:0/2734784308 >> [v2:172.21.15.37:3300/0,v1:172.21.15.37:6789/0] conn(0x7f1608106e80 0x7f160819e600 secure :-1 s=READY pgs=23 cs=0 l=1 rev1=1 crypto rx=0x7f15f8006af0 tx=0x7f15f8011ce0 comp rx=0 tx=0).ready entity=mon.0 client_cookie=0 server_cookie=0 in_seq=0 out_seq=0
2024-04-25T14:37:43.942 INFO:teuthology.orchestra.run.smithi037.stdout:/usr/bin/ceph: stderr
2024-04-25T14:37:42.913+0000 7f15fea00700 1 -- 172.21.15.37:0/2734784308 <== mon.0 v2:172.21.15.37:3300/0 1 ==== mon_map magic: 0 ==== 205+0+0 (secure 0 0 0) 0x7f15f80039a0 con 0x7f1608106e80
2024-04-25T14:37:43.942 INFO:teuthology.orchestra.run.smithi037.stdout:/usr/bin/ceph: stderr
2024-04-25T14:37:42.913+0000 7f15fea00700 1 -- 172.21.15.37:0/2734784308 <== mon.0 v2:172.21.15.37:3300/0 2 ==== config(27 keys) ==== 1104+0+0 (secure 0 0 0) 0x7f15f8003b40 con 0x7f1608106e80
2024-04-25T14:37:43.942 INFO:teuthology.orchestra.run.smithi037.stdout:/usr/bin/ceph: stderr
2024-04-25T14:37:42.913+0000 7f15fea00700 1 -- 172.21.15.37:0/2734784308 <== mon.0 v2:172.21.15.37:3300/0 3 ==== mon_map magic: 0 ==== 205+0+0 (secure 0 0 0) 0x7f15f8019670 con 0x7f1608106e80
2024-04-25T14:37:43.942 INFO:teuthology.orchestra.run.smithi037.stdout:/usr/bin/ceph: stderr
2024-04-25T14:37:42.913+0000 7f160d200700 1 -- 172.21.15.37:0/2734784308 --> [v2:172.21.15.37:3300/0,v1:172.21.15.37:6789/0] -- mon_subscribe({mgrmap=0+}) -- 0x7f160819edd0 con 0x7f1608106e80
2024-04-25T14:37:43.942 INFO:teuthology.orchestra.run.smithi037.stdout:/usr/bin/ceph: stderr
2024-04-25T14:37:42.914+0000 7f160d200700 1 -- 172.21.15.37:0/2734784308 --> [v2:172.21.15.37:3300/0,v1:172.21.15.37:6789/0] -- mon_subscribe({osdmap=0}) -- 0x7f160819f230 con 0x7f1608106e80
2024-04-25T14:37:43.942 INFO:teuthology.orchestra.run.smithi037.stdout:/usr/bin/ceph: stderr
2024-04-25T14:37:42.915+0000 7f15fea00700 1 -- 172.21.15.37:0/2734784308 <== mon.0 v2:172.21.15.37:3300/0 4 ==== mgrmap(e 4) ==== 46547+0+0 (secure 0 0 0) 0x7f15f801aa90 con 0x7f1608106e80
2024-04-25T14:37:43.942 INFO:teuthology.orchestra.run.smithi037.stdout:/usr/bin/ceph: stderr
2024-04-25T14:37:42.915+0000 7f160d200700 1 -- 172.21.15.37:0/2734784308 --> [v2:172.21.15.37:3300/0,v1:172.21.15.37:6789/0] -- mon_command({"prefix": "get_command_descriptions"} v 0) -- 0x7f16080640a0 con 0x7f1608106e80
2024-04-25T14:37:43.942 INFO:teuthology.orchestra.run.smithi037.stdout:/usr/bin/ceph: stderr
2024-04-25T14:37:42.915+0000 7f15fea00700 1 --2- 172.21.15.37:0/2734784308 >> [v2:172.21.15.37:6800/2407630698,v1:172.21.15.37:6801/2407630698] conn(0x7f15ec039620 0x7f15ec03bae0 unknown :-1 s=NONE pgs=0 cs=0 l=1 rev1=0 crypto rx=0 tx=0 comp rx=0 tx=0).connect
2024-04-25T14:37:43.942 INFO:teuthology.orchestra.run.smithi037.stdout:/usr/bin/ceph: stderr
2024-04-25T14:37:42.915+0000 7f15fea00700 1 -- 172.21.15.37:0/2734784308 <== mon.0 v2:172.21.15.37:3300/0 5 ==== osd_map(1..1 src has 1..1) ==== 725+0+0 (secure 0 0 0) 0x7f15f804daa0 con 0x7f1608106e80
2024-04-25T14:37:43.942 INFO:teuthology.orchestra.run.smithi037.stdout:/usr/bin/ceph: stderr
2024-04-25T14:37:42.916+0000 7f1605400700 1 --2- 172.21.15.37:0/2734784308 >> [v2:172.21.15.37:6800/2407630698,v1:172.21.15.37:6801/2407630698] conn(0x7f15ec039620 0x7f15ec03bae0 unknown :-1 s=BANNER_CONNECTING pgs=0 cs=0 l=1 rev1=0 crypto rx=0 tx=0 comp rx=0 tx=0)._handle_peer_banner_payload supported=3 required=0
2024-04-25T14:37:43.943 INFO:teuthology.orchestra.run.smithi037.stdout:/usr/bin/ceph: stderr
2024-04-25T14:37:42.917+0000 7f1605400700 1 --2- 172.21.15.37:0/2734784308 >> [v2:172.21.15.37:6800/2407630698,v1:172.21.15.37:6801/2407630698] conn(0x7f15ec039620 0x7f15ec03bae0 secure :-1 s=READY pgs=8 cs=0 l=1 rev1=1 crypto rx=0x7f15f4006fd0 tx=0x7f15f4006e40 comp rx=0 tx=0).ready entity=mgr.14100 client_cookie=0 server_cookie=0 in_seq=0 out_seq=0
2024-04-25T14:37:43.943 INFO:teuthology.orchestra.run.smithi037.stdout:/usr/bin/ceph: stderr
2024-04-25T14:37:42.922+0000 7f15fea00700 1 -- 172.21.15.37:0/2734784308 <== mon.0 v2:172.21.15.37:3300/0 6 ==== mon_command_ack([{"prefix": "get_command_descriptions"}]=0 v0) ==== 72+0+188370 (secure 0 0 0) 0x7f15f8011e20 con 0x7f1608106e80
2024-04-25T14:37:43.943 INFO:teuthology.orchestra.run.smithi037.stdout:/usr/bin/ceph: stderr
2024-04-25T14:37:43.214+0000 7f160d200700 1 -- 172.21.15.37:0/2734784308 --> [v2:172.21.15.37:3300/0,v1:172.21.15.37:6789/0] -- mon_command({"prefix": "mgr module enable", "module": "cephadm"} v 0) -- 0x7f1608063650 con 0x7f1608106e80
2024-04-25T14:37:43.943 INFO:teuthology.orchestra.run.smithi037.stdout:/usr/bin/ceph: stderr
2024-04-25T14:37:43.268+0000 7f15fea00700 1 -- 172.21.15.37:0/2734784308 <== mon.0 v2:172.21.15.37:3300/0 7 ==== mon_command_ack([{"prefix": "mgr module enable", "module": "cephadm"}]=0 v5) ==== 86+0+0 (secure 0 0 0) 0x7f15f8023e00 con 0x7f1608106e80
2024-04-25T14:37:43.943 INFO:teuthology.orchestra.run.smithi037.stdout:/usr/bin/ceph: stderr
2024-04-25T14:37:43.271+0000 7f15fea00700 1 -- 172.21.15.37:0/2734784308 <== mon.0 v2:172.21.15.37:3300/0 8 ==== mgrmap(e 5) ==== 46558+0+0 (secure 0 0 0) 0x7f15f801a430 con 0x7f1608106e80
2024-04-25T14:37:43.943 INFO:teuthology.orchestra.run.smithi037.stdout:/usr/bin/ceph: stderr
2024-04-25T14:37:43.271+0000 7f160d200700 1 -- 172.21.15.37:0/2734784308 >> [v2:172.21.15.37:6800/2407630698,v1:172.21.15.37:6801/2407630698] conn(0x7f15ec039620 msgr2=0x7f15ec03bae0 secure :-1 s=STATE_CONNECTION_ESTABLISHED l=1).mark_down
2024-04-25T14:37:43.943 INFO:teuthology.orchestra.run.smithi037.stdout:/usr/bin/ceph: stderr
2024-04-25T14:37:43.271+0000 7f160d200700 1 --2- 172.21.15.37:0/2734784308 >> [v2:172.21.15.37:6800/2407630698,v1:172.21.15.37:6801/2407630698] conn(0x7f15ec039620 0x7f15ec03bae0 secure :-1 s=READY pgs=8 cs=0 l=1 rev1=1 crypto rx=0x7f15f4006fd0 tx=0x7f15f4006e40 comp rx=0 tx=0).stop
2024-04-25T14:37:43.943 INFO:teuthology.orchestra.run.smithi037.stdout:/usr/bin/ceph: stderr
2024-04-25T14:37:43.271+0000 7f160d200700 1 -- 172.21.15.37:0/2734784308 >> [v2:172.21.15.37:3300/0,v1:172.21.15.37:6789/0] conn(0x7f1608106e80 msgr2=0x7f160819e600 secure :-1 s=STATE_CONNECTION_ESTABLISHED l=1).mark_down
2024-04-25T14:37:43.943 INFO:teuthology.orchestra.run.smithi037.stdout:/usr/bin/ceph: stderr
2024-04-25T14:37:43.271+0000 7f160d200700 1 --2- 172.21.15.37:0/2734784308 >> [v2:172.21.15.37:3300/0,v1:172.21.15.37:6789/0] conn(0x7f1608106e80 0x7f160819e600 secure :-1 s=READY pgs=23 cs=0 l=1 rev1=1 crypto rx=0x7f15f8006af0 tx=0x7f15f8011ce0 comp rx=0 tx=0).stop
2024-04-25T14:37:43.943 INFO:teuthology.orchestra.run.smithi037.stdout:/usr/bin/ceph: stderr
2024-04-25T14:37:43.271+0000 7f160d200700 1 -- 172.21.15.37:0/2734784308 shutdown_connections
2024-04-25T14:37:43.943 INFO:teuthology.orchestra.run.smithi037.stdout:/usr/bin/ceph: stderr
2024-04-25T14:37:43.271+0000 7f160d200700 1 --2- 172.21.15.37:0/2734784308 >> [v2:172.21.15.37:6800/2407630698,v1:172.21.15.37:6801/2407630698] conn(0x7f15ec039620 0x7f15ec03bae0 unknown :-1 s=CLOSED pgs=8 cs=0 l=1 rev1=1 crypto rx=0 tx=0 comp rx=0 tx=0).stop
2024-04-25T14:37:43.943 INFO:teuthology.orchestra.run.smithi037.stdout:/usr/bin/ceph: stderr
2024-04-25T14:37:43.271+0000 7f160d200700 1 --2- 172.21.15.37:0/2734784308 >> [v2:172.21.15.37:3300/0,v1:172.21.15.37:6789/0] conn(0x7f1608106e80 0x7f160819e600 secure :-1 s=CLOSED pgs=23 cs=0 l=1 rev1=1 crypto rx=0x7f15f8006af0 tx=0x7f15f8011ce0 comp rx=0 tx=0).stop
2024-04-25T14:37:43.943 INFO:teuthology.orchestra.run.smithi037.stdout:/usr/bin/ceph: stderr
2024-04-25T14:37:43.271+0000 7f160d200700 1 -- 172.21.15.37:0/2734784308 >> 172.21.15.37:0/2734784308 conn(0x7f1608102a40 msgr2=0x7f16081952a0 unknown :-1 s=STATE_NONE l=0).mark_down
2024-04-25T14:37:43.943 INFO:teuthology.orchestra.run.smithi037.stdout:/usr/bin/ceph: stderr
2024-04-25T14:37:43.272+0000 7f160d200700 1 -- 172.21.15.37:0/2734784308 shutdown_connections
2024-04-25T14:37:43.943 INFO:teuthology.orchestra.run.smithi037.stdout:/usr/bin/ceph: stderr
2024-04-25T14:37:43.273+0000 7f160d200700 1 -- 172.21.15.37:0/2734784308 wait complete.
2024-04-25T14:37:44.269 INFO:journalctl@ceph.mgr.x.smithi037.stdout:Apr 25 14:37:43 smithi037 ceph-1cc363a8-0311-11ef-bc93-c7b262605968-mgr-x[28048]:
2024-04-25T14:37:43.946+0000 7f2861041200 -1 mgr[py] Module snap_schedule has missing NOTIFY_TYPES member
2024-04-25T14:37:44.540 INFO:journalctl@ceph.mon.a.smithi037.stdout:Apr 25 14:37:44 smithi037 ceph-mon[27822]: from='client.? 172.21.15.37:0/2734784308' entity='client.admin' cmd='[{"prefix": "mgr module enable", "module": "cephadm"}]': finished
2024-04-25T14:37:44.540 INFO:journalctl@ceph.mon.a.smithi037.stdout:Apr 25 14:37:44 smithi037 ceph-mon[27822]: mgrmap e5: x(active, since 5s)
2024-04-25T14:37:44.540 INFO:journalctl@ceph.mgr.x.smithi037.stdout:Apr 25 14:37:44 smithi037 ceph-1cc363a8-0311-11ef-bc93-c7b262605968-mgr-x[28048]:
2024-04-25T14:37:44.360+0000 7f2861041200 -1 mgr[py] Module progress has missing NOTIFY_TYPES member
2024-04-25T14:37:44.540 INFO:journalctl@ceph.mgr.x.smithi037.stdout:Apr 25 14:37:44 smithi037 ceph-1cc363a8-0311-11ef-bc93-c7b262605968-mgr-x[28048]:
2024-04-25T14:37:44.479+0000 7f2861041200 -1 mgr[py] Module influx has missing NOTIFY_TYPES member
2024-04-25T14:37:45.376 INFO:journalctl@ceph.mon.a.smithi037.stdout:Apr 25 14:37:45 smithi037 ceph-mon[27822]: from='client.? 172.21.15.37:0/1713213141' entity='client.admin' cmd=[{"prefix": "mgr stat"}]: dispatch
2024-04-25T14:37:45.642 INFO:teuthology.orchestra.run.smithi037.stdout:/usr/bin/ceph: stdout {
2024-04-25T14:37:45.642 INFO:teuthology.orchestra.run.smithi037.stdout:/usr/bin/ceph: stdout "epoch": 5,
2024-04-25T14:37:45.642 INFO:teuthology.orchestra.run.smithi037.stdout:/usr/bin/ceph: stdout "available": true,
2024-04-25T14:37:45.642 INFO:teuthology.orchestra.run.smithi037.stdout:/usr/bin/ceph: stdout "active_name": "x",
2024-04-25T14:37:45.642 INFO:teuthology.orchestra.run.smithi037.stdout:/usr/bin/ceph: stdout "num_standby": 0
2024-04-25T14:37:45.642 INFO:teuthology.orchestra.run.smithi037.stdout:/usr/bin/ceph: stdout }
2024-04-25T14:37:45.642 INFO:teuthology.orchestra.run.smithi037.stdout:/usr/bin/ceph: stderr
2024-04-25T14:37:44.540+0000 7f6a8fc00700 1 Processor -- start
2024-04-25T14:37:45.643 INFO:teuthology.orchestra.run.smithi037.stdout:/usr/bin/ceph: stderr
2024-04-25T14:37:44.540+0000 7f6a8fc00700 1 -- start start
2024-04-25T14:37:45.643 INFO:teuthology.orchestra.run.smithi037.stdout:/usr/bin/ceph: stderr
2024-04-25T14:37:44.540+0000 7f6a8fc00700 1 --2- >> [v2:172.21.15.37:3300/0,v1:172.21.15.37:6789/0] conn(0x7f6a88108650 0x7f6a88108a70 unknown :-1 s=NONE pgs=0 cs=0 l=0 rev1=0 crypto rx=0 tx=0 comp rx=0 tx=0).connect
2024-04-25T14:37:45.643 INFO:teuthology.orchestra.run.smithi037.stdout:/usr/bin/ceph: stderr
2024-04-25T14:37:44.540+0000 7f6a8fc00700 1 -- --> [v2:172.21.15.37:3300/0,v1:172.21.15.37:6789/0] -- mon_getmap magic: 0 -- 0x7f6a88109040 con 0x7f6a88108650
2024-04-25T14:37:45.643 INFO:teuthology.orchestra.run.smithi037.stdout:/usr/bin/ceph: stderr
2024-04-25T14:37:44.541+0000 7f6a8d200700 1 --2- >> [v2:172.21.15.37:3300/0,v1:172.21.15.37:6789/0] conn(0x7f6a88108650 0x7f6a88108a70 unknown :-1 s=BANNER_CONNECTING pgs=0 cs=0 l=0 rev1=0 crypto rx=0 tx=0 comp rx=0 tx=0)._handle_peer_banner_payload supported=3 required=0
2024-04-25T14:37:45.643 INFO:teuthology.orchestra.run.smithi037.stdout:/usr/bin/ceph: stderr
