2024-04-25T14:38:13.093 INFO:journalctl@ceph.mon.a.smithi037.stdout:Apr 25 14:38:12 smithi037 ceph-mon[27822]: from='mgr.14120 172.21.15.37:0/1320723796' entity='mgr.x'
2024-04-25T14:38:13.108 INFO:teuthology.orchestra.run.smithi037.stdout:/usr/bin/ceph: stdout Scheduled mgr update...
2024-04-25T14:38:13.109 INFO:teuthology.orchestra.run.smithi037.stdout:/usr/bin/ceph: stderr
2024-04-25T14:38:12.104+0000 7f220f000700 1 Processor -- start
2024-04-25T14:38:13.109 INFO:teuthology.orchestra.run.smithi037.stdout:/usr/bin/ceph: stderr
2024-04-25T14:38:12.104+0000 7f220f000700 1 -- start start
2024-04-25T14:38:13.109 INFO:teuthology.orchestra.run.smithi037.stdout:/usr/bin/ceph: stderr
2024-04-25T14:38:12.104+0000 7f220f000700 1 --2- >> [v2:172.21.15.37:3300/0,v1:172.21.15.37:6789/0] conn(0x7f220807de00 0x7f220807c2b0 unknown :-1 s=NONE pgs=0 cs=0 l=0 rev1=0 crypto rx=0 tx=0 comp rx=0 tx=0).connect
2024-04-25T14:38:13.109 INFO:teuthology.orchestra.run.smithi037.stdout:/usr/bin/ceph: stderr
2024-04-25T14:38:12.104+0000 7f220f000700 1 -- --> [v2:172.21.15.37:3300/0,v1:172.21.15.37:6789/0] -- mon_getmap magic: 0 -- 0x7f220807c7f0 con 0x7f220807de00
2024-04-25T14:38:13.109 INFO:teuthology.orchestra.run.smithi037.stdout:/usr/bin/ceph: stderr
2024-04-25T14:38:12.105+0000 7f2207e00700 1 --2- >> [v2:172.21.15.37:3300/0,v1:172.21.15.37:6789/0] conn(0x7f220807de00 0x7f220807c2b0 unknown :-1 s=BANNER_CONNECTING pgs=0 cs=0 l=0 rev1=0 crypto rx=0 tx=0 comp rx=0 tx=0)._handle_peer_banner_payload supported=3 required=0
2024-04-25T14:38:13.109 INFO:teuthology.orchestra.run.smithi037.stdout:/usr/bin/ceph: stderr
2024-04-25T14:38:12.105+0000 7f2207e00700 1 --2- >> [v2:172.21.15.37:3300/0,v1:172.21.15.37:6789/0] conn(0x7f220807de00 0x7f220807c2b0 unknown :-1 s=HELLO_CONNECTING pgs=0 cs=0 l=0 rev1=1 crypto rx=0 tx=0 comp rx=0 tx=0).handle_hello peer v2:172.21.15.37:3300/0 says I am v2:172.21.15.37:42026/0 (socket says 172.21.15.37:42026)
2024-04-25T14:38:13.109 INFO:teuthology.orchestra.run.smithi037.stdout:/usr/bin/ceph: stderr
2024-04-25T14:38:12.105+0000 7f2207e00700 1 -- 172.21.15.37:0/3457866929 learned_addr learned my addr 172.21.15.37:0/3457866929 (peer_addr_for_me v2:172.21.15.37:0/0)
2024-04-25T14:38:13.109 INFO:teuthology.orchestra.run.smithi037.stdout:/usr/bin/ceph: stderr
2024-04-25T14:38:12.105+0000 7f2207e00700 1 -- 172.21.15.37:0/3457866929 --> [v2:172.21.15.37:3300/0,v1:172.21.15.37:6789/0] -- mon_subscribe({config=0+,monmap=0+}) -- 0x7f220807c970 con 0x7f220807de00
2024-04-25T14:38:13.109 INFO:teuthology.orchestra.run.smithi037.stdout:/usr/bin/ceph: stderr
2024-04-25T14:38:12.106+0000 7f2207e00700 1 --2- 172.21.15.37:0/3457866929 >> [v2:172.21.15.37:3300/0,v1:172.21.15.37:6789/0] conn(0x7f220807de00 0x7f220807c2b0 secure :-1 s=READY pgs=49 cs=0 l=1 rev1=1 crypto rx=0x7f21f80098a0 tx=0x7f21f8009bb0 comp rx=0 tx=0).ready entity=mon.0 client_cookie=fb67bbcd411a45eb server_cookie=0 in_seq=0 out_seq=0
2024-04-25T14:38:13.109 INFO:teuthology.orchestra.run.smithi037.stdout:/usr/bin/ceph: stderr
2024-04-25T14:38:12.106+0000 7f2207400700 1 -- 172.21.15.37:0/3457866929 <== mon.0 v2:172.21.15.37:3300/0 1 ==== mon_map magic: 0 ==== 205+0+0 (secure 0 0 0) 0x7f21f8004160 con 0x7f220807de00
2024-04-25T14:38:13.109 INFO:teuthology.orchestra.run.smithi037.stdout:/usr/bin/ceph: stderr
2024-04-25T14:38:12.106+0000 7f2207400700 1 -- 172.21.15.37:0/3457866929 <== mon.0 v2:172.21.15.37:3300/0 2 ==== config(27 keys) ==== 1135+0+0 (secure 0 0 0) 0x7f21f8004300 con 0x7f220807de00
2024-04-25T14:38:13.109 INFO:teuthology.orchestra.run.smithi037.stdout:/usr/bin/ceph: stderr
2024-04-25T14:38:12.106+0000 7f2207400700 1 -- 172.21.15.37:0/3457866929 <== mon.0 v2:172.21.15.37:3300/0 3 ==== mon_map magic: 0 ==== 205+0+0 (secure 0 0 0) 0x7f21f8011af0 con 0x7f220807de00
2024-04-25T14:38:13.109 INFO:teuthology.orchestra.run.smithi037.stdout:/usr/bin/ceph: stderr
2024-04-25T14:38:12.107+0000 7f220f000700 1 -- 172.21.15.37:0/3457866929 >> [v2:172.21.15.37:3300/0,v1:172.21.15.37:6789/0] conn(0x7f220807de00 msgr2=0x7f220807c2b0 secure :-1 s=STATE_CONNECTION_ESTABLISHED l=1).mark_down
2024-04-25T14:38:13.109 INFO:teuthology.orchestra.run.smithi037.stdout:/usr/bin/ceph: stderr
2024-04-25T14:38:12.107+0000 7f220f000700 1 --2- 172.21.15.37:0/3457866929 >> [v2:172.21.15.37:3300/0,v1:172.21.15.37:6789/0] conn(0x7f220807de00 0x7f220807c2b0 secure :-1 s=READY pgs=49 cs=0 l=1 rev1=1 crypto rx=0x7f21f80098a0 tx=0x7f21f8009bb0 comp rx=0 tx=0).stop
2024-04-25T14:38:13.109 INFO:teuthology.orchestra.run.smithi037.stdout:/usr/bin/ceph: stderr
2024-04-25T14:38:12.107+0000 7f220f000700 1 -- 172.21.15.37:0/3457866929 shutdown_connections
2024-04-25T14:38:13.110 INFO:teuthology.orchestra.run.smithi037.stdout:/usr/bin/ceph: stderr
2024-04-25T14:38:12.107+0000 7f220f000700 1 --2- 172.21.15.37:0/3457866929 >> [v2:172.21.15.37:3300/0,v1:172.21.15.37:6789/0] conn(0x7f220807de00 0x7f220807c2b0 unknown :-1 s=CLOSED pgs=49 cs=0 l=1 rev1=1 crypto rx=0 tx=0 comp rx=0 tx=0).stop
2024-04-25T14:38:13.110 INFO:teuthology.orchestra.run.smithi037.stdout:/usr/bin/ceph: stderr
2024-04-25T14:38:12.107+0000 7f220f000700 1 -- 172.21.15.37:0/3457866929 >> 172.21.15.37:0/3457866929 conn(0x7f2208103be0 msgr2=0x7f2208106000 unknown :-1 s=STATE_NONE l=0).mark_down
2024-04-25T14:38:13.110 INFO:teuthology.orchestra.run.smithi037.stdout:/usr/bin/ceph: stderr
2024-04-25T14:38:12.107+0000 7f220f000700 1 -- 172.21.15.37:0/3457866929 shutdown_connections
2024-04-25T14:38:13.110 INFO:teuthology.orchestra.run.smithi037.stdout:/usr/bin/ceph: stderr
2024-04-25T14:38:12.107+0000 7f220f000700 1 -- 172.21.15.37:0/3457866929 wait complete.
2024-04-25T14:38:13.110 INFO:teuthology.orchestra.run.smithi037.stdout:/usr/bin/ceph: stderr
2024-04-25T14:38:12.109+0000 7f220f000700 1 Processor -- start
2024-04-25T14:38:13.110 INFO:teuthology.orchestra.run.smithi037.stdout:/usr/bin/ceph: stderr
2024-04-25T14:38:12.109+0000 7f220f000700 1 -- start start
2024-04-25T14:38:13.110 INFO:teuthology.orchestra.run.smithi037.stdout:/usr/bin/ceph: stderr
2024-04-25T14:38:12.109+0000 7f220f000700 1 --2- >> [v2:172.21.15.37:3300/0,v1:172.21.15.37:6789/0] conn(0x7f220807de00 0x7f220819e630 unknown :-1 s=NONE pgs=0 cs=0 l=1 rev1=0 crypto rx=0 tx=0 comp rx=0 tx=0).connect
2024-04-25T14:38:13.110 INFO:teuthology.orchestra.run.smithi037.stdout:/usr/bin/ceph: stderr
2024-04-25T14:38:12.109+0000 7f220f000700 1 -- --> [v2:172.21.15.37:3300/0,v1:172.21.15.37:6789/0] -- mon_getmap magic: 0 -- 0x7f220810eba0 con 0x7f220807de00
2024-04-25T14:38:13.110 INFO:teuthology.orchestra.run.smithi037.stdout:/usr/bin/ceph: stderr
2024-04-25T14:38:12.110+0000 7f2207e00700 1 --2- >> [v2:172.21.15.37:3300/0,v1:172.21.15.37:6789/0] conn(0x7f220807de00 0x7f220819e630 unknown :-1 s=BANNER_CONNECTING pgs=0 cs=0 l=1 rev1=0 crypto rx=0 tx=0 comp rx=0 tx=0)._handle_peer_banner_payload supported=3 required=0
2024-04-25T14:38:13.110 INFO:teuthology.orchestra.run.smithi037.stdout:/usr/bin/ceph: stderr
2024-04-25T14:38:12.110+0000 7f2207e00700 1 --2- >> [v2:172.21.15.37:3300/0,v1:172.21.15.37:6789/0] conn(0x7f220807de00 0x7f220819e630 unknown :-1 s=HELLO_CONNECTING pgs=0 cs=0 l=1 rev1=1 crypto rx=0 tx=0 comp rx=0 tx=0).handle_hello peer v2:172.21.15.37:3300/0 says I am v2:172.21.15.37:42040/0 (socket says 172.21.15.37:42040)
2024-04-25T14:38:13.110 INFO:teuthology.orchestra.run.smithi037.stdout:/usr/bin/ceph: stderr
2024-04-25T14:38:12.110+0000 7f2207e00700 1 -- 172.21.15.37:0/1466595061 learned_addr learned my addr 172.21.15.37:0/1466595061 (peer_addr_for_me v2:172.21.15.37:0/0)
2024-04-25T14:38:13.110 INFO:teuthology.orchestra.run.smithi037.stdout:/usr/bin/ceph: stderr
2024-04-25T14:38:12.110+0000 7f2207e00700 1 -- 172.21.15.37:0/1466595061 --> [v2:172.21.15.37:3300/0,v1:172.21.15.37:6789/0] -- mon_subscribe({config=0+,monmap=0+}) -- 0x7f220819eb70 con 0x7f220807de00
2024-04-25T14:38:13.110 INFO:teuthology.orchestra.run.smithi037.stdout:/usr/bin/ceph: stderr
2024-04-25T14:38:12.110+0000 7f2207e00700 1 --2- 172.21.15.37:0/1466595061 >> [v2:172.21.15.37:3300/0,v1:172.21.15.37:6789/0] conn(0x7f220807de00 0x7f220819e630 secure :-1 s=READY pgs=50 cs=0 l=1 rev1=1 crypto rx=0x7f21f80117b0 tx=0x7f21f8011b70 comp rx=0 tx=0).ready entity=mon.0 client_cookie=0 server_cookie=0 in_seq=0 out_seq=0
2024-04-25T14:38:13.111 INFO:teuthology.orchestra.run.smithi037.stdout:/usr/bin/ceph: stderr
2024-04-25T14:38:12.111+0000 7f2205600700 1 -- 172.21.15.37:0/1466595061 <== mon.0 v2:172.21.15.37:3300/0 1 ==== mon_map magic: 0 ==== 205+0+0 (secure 0 0 0) 0x7f21f80039e0 con 0x7f220807de00
2024-04-25T14:38:13.111 INFO:teuthology.orchestra.run.smithi037.stdout:/usr/bin/ceph: stderr
2024-04-25T14:38:12.111+0000 7f2205600700 1 -- 172.21.15.37:0/1466595061 <== mon.0 v2:172.21.15.37:3300/0 2 ==== config(27 keys) ==== 1135+0+0 (secure 0 0 0) 0x7f21f8003b80 con 0x7f220807de00
2024-04-25T14:38:13.111 INFO:teuthology.orchestra.run.smithi037.stdout:/usr/bin/ceph: stderr
2024-04-25T14:38:12.111+0000 7f2205600700 1 -- 172.21.15.37:0/1466595061 <== mon.0 v2:172.21.15.37:3300/0 3 ==== mon_map magic: 0 ==== 205+0+0 (secure 0 0 0) 0x7f21f8024780 con 0x7f220807de00
2024-04-25T14:38:13.111 INFO:teuthology.orchestra.run.smithi037.stdout:/usr/bin/ceph: stderr
2024-04-25T14:38:12.111+0000 7f220f000700 1 -- 172.21.15.37:0/1466595061 --> [v2:172.21.15.37:3300/0,v1:172.21.15.37:6789/0] -- mon_subscribe({mgrmap=0+}) -- 0x7f220819ee00 con 0x7f220807de00
2024-04-25T14:38:13.111 INFO:teuthology.orchestra.run.smithi037.stdout:/usr/bin/ceph: stderr
2024-04-25T14:38:12.111+0000 7f220f000700 1 -- 172.21.15.37:0/1466595061 --> [v2:172.21.15.37:3300/0,v1:172.21.15.37:6789/0] -- mon_subscribe({osdmap=0}) -- 0x7f22081a1af0 con 0x7f220807de00
2024-04-25T14:38:13.111 INFO:teuthology.orchestra.run.smithi037.stdout:/usr/bin/ceph: stderr
2024-04-25T14:38:12.112+0000 7f21fe000700 1 -- 172.21.15.37:0/1466595061 --> [v2:172.21.15.37:3300/0,v1:172.21.15.37:6789/0] -- mon_command({"prefix": "get_command_descriptions"} v 0) -- 0x7f22080640a0 con 0x7f220807de00
2024-04-25T14:38:13.111 INFO:teuthology.orchestra.run.smithi037.stdout:/usr/bin/ceph: stderr
2024-04-25T14:38:12.112+0000 7f2205600700 1 -- 172.21.15.37:0/1466595061 <== mon.0 v2:172.21.15.37:3300/0 4 ==== mgrmap(e 8) ==== 46558+0+0 (secure 0 0 0) 0x7f21f8022020 con 0x7f220807de00
2024-04-25T14:38:13.111 INFO:teuthology.orchestra.run.smithi037.stdout:/usr/bin/ceph: stderr
2024-04-25T14:38:12.113+0000 7f2205600700 1 --2- 172.21.15.37:0/1466595061 >> [v2:172.21.15.37:6800/4280350199,v1:172.21.15.37:6801/4280350199] conn(0x7f21ec039720 0x7f21ec03bbe0 unknown :-1 s=NONE pgs=0 cs=0 l=1 rev1=0 crypto rx=0 tx=0 comp rx=0 tx=0).connect
2024-04-25T14:38:13.111 INFO:teuthology.orchestra.run.smithi037.stdout:/usr/bin/ceph: stderr
2024-04-25T14:38:12.113+0000 7f2205600700 1 -- 172.21.15.37:0/1466595061 <== mon.0 v2:172.21.15.37:3300/0 5 ==== osd_map(2..2 src has 1..2) ==== 940+0+0 (secure 0 0 0) 0x7f21f804d830 con 0x7f220807de00
2024-04-25T14:38:13.111 INFO:teuthology.orchestra.run.smithi037.stdout:/usr/bin/ceph: stderr
2024-04-25T14:38:12.114+0000 7f21ffe00700 1 --2- 172.21.15.37:0/1466595061 >> [v2:172.21.15.37:6800/4280350199,v1:172.21.15.37:6801/4280350199] conn(0x7f21ec039720 0x7f21ec03bbe0 unknown :-1 s=BANNER_CONNECTING pgs=0 cs=0 l=1 rev1=0 crypto rx=0 tx=0 comp rx=0 tx=0)._handle_peer_banner_payload supported=3 required=0
2024-04-25T14:38:13.111 INFO:teuthology.orchestra.run.smithi037.stdout:/usr/bin/ceph: stderr
2024-04-25T14:38:12.114+0000 7f21ffe00700 1 --2- 172.21.15.37:0/1466595061 >> [v2:172.21.15.37:6800/4280350199,v1:172.21.15.37:6801/4280350199] conn(0x7f21ec039720 0x7f21ec03bbe0 secure :-1 s=READY pgs=13 cs=0 l=1 rev1=1 crypto rx=0x7f21f0006fd0 tx=0x7f21f0006e40 comp rx=0 tx=0).ready entity=mgr.14120 client_cookie=0 server_cookie=0 in_seq=0 out_seq=0
2024-04-25T14:38:13.111 INFO:teuthology.orchestra.run.smithi037.stdout:/usr/bin/ceph: stderr
2024-04-25T14:38:12.119+0000 7f2205600700 1 -- 172.21.15.37:0/1466595061 <== mon.0 v2:172.21.15.37:3300/0 6 ==== mon_command_ack([{"prefix": "get_command_descriptions"}]=0 v0) ==== 72+0+188370 (secure 0 0 0) 0x7f21f800be50 con 0x7f220807de00
2024-04-25T14:38:13.111 INFO:teuthology.orchestra.run.smithi037.stdout:/usr/bin/ceph: stderr
2024-04-25T14:38:12.366+0000 7f21fe000700 1 -- 172.21.15.37:0/1466595061 --> [v2:172.21.15.37:6800/4280350199,v1:172.21.15.37:6801/4280350199] -- mgr_command(tid 0: {"prefix": "orch apply", "service_type": "mgr", "unmanaged": true, "target": ["mon-mgr", ""]}) -- 0x7f22080637e0 con 0x7f21ec039720
2024-04-25T14:38:13.111 INFO:teuthology.orchestra.run.smithi037.stdout:/usr/bin/ceph: stderr
2024-04-25T14:38:12.373+0000 7f2205600700 1 -- 172.21.15.37:0/1466595061 <== mgr.14120 v2:172.21.15.37:6800/4280350199 1 ==== mgr_command_reply(tid 0: 0 ) ==== 8+0+24 (secure 0 0 0) 0x7f22080637e0 con 0x7f21ec039720
2024-04-25T14:38:13.111 INFO:teuthology.orchestra.run.smithi037.stdout:/usr/bin/ceph: stderr
2024-04-25T14:38:12.375+0000 7f21fe000700 1 -- 172.21.15.37:0/1466595061 >> [v2:172.21.15.37:6800/4280350199,v1:172.21.15.37:6801/4280350199] conn(0x7f21ec039720 msgr2=0x7f21ec03bbe0 secure :-1 s=STATE_CONNECTION_ESTABLISHED l=1).mark_down
2024-04-25T14:38:13.112 INFO:teuthology.orchestra.run.smithi037.stdout:/usr/bin/ceph: stderr
2024-04-25T14:38:12.376+0000 7f21fe000700 1 --2- 172.21.15.37:0/1466595061 >> [v2:172.21.15.37:6800/4280350199,v1:172.21.15.37:6801/4280350199] conn(0x7f21ec039720 0x7f21ec03bbe0 secure :-1 s=READY pgs=13 cs=0 l=1 rev1=1 crypto rx=0x7f21f0006fd0 tx=0x7f21f0006e40 comp rx=0 tx=0).stop
2024-04-25T14:38:13.112 INFO:teuthology.orchestra.run.smithi037.stdout:/usr/bin/ceph: stderr
2024-04-25T14:38:12.376+0000 7f21fe000700 1 -- 172.21.15.37:0/1466595061 >> [v2:172.21.15.37:3300/0,v1:172.21.15.37:6789/0] conn(0x7f220807de00 msgr2=0x7f220819e630 secure :-1 s=STATE_CONNECTION_ESTABLISHED l=1).mark_down
2024-04-25T14:38:13.112 INFO:teuthology.orchestra.run.smithi037.stdout:/usr/bin/ceph: stderr
2024-04-25T14:38:12.376+0000 7f21fe000700 1 --2- 172.21.15.37:0/1466595061 >> [v2:172.21.15.37:3300/0,v1:172.21.15.37:6789/0] conn(0x7f220807de00 0x7f220819e630 secure :-1 s=READY pgs=50 cs=0 l=1 rev1=1 crypto rx=0x7f21f80117b0 tx=0x7f21f8011b70 comp rx=0 tx=0).stop
2024-04-25T14:38:13.112 INFO:teuthology.orchestra.run.smithi037.stdout:/usr/bin/ceph: stderr
2024-04-25T14:38:12.376+0000 7f21fe000700 1 -- 172.21.15.37:0/1466595061 shutdown_connections
2024-04-25T14:38:13.112 INFO:teuthology.orchestra.run.smithi037.stdout:/usr/bin/ceph: stderr
2024-04-25T14:38:12.376+0000 7f21fe000700 1 --2- 172.21.15.37:0/1466595061 >> [v2:172.21.15.37:6800/4280350199,v1:172.21.15.37:6801/4280350199] conn(0x7f21ec039720 0x7f21ec03bbe0 unknown :-1 s=CLOSED pgs=13 cs=0 l=1 rev1=1 crypto rx=0 tx=0 comp rx=0 tx=0).stop
2024-04-25T14:38:13.112 INFO:teuthology.orchestra.run.smithi037.stdout:/usr/bin/ceph: stderr
2024-04-25T14:38:12.376+0000 7f21fe000700 1 --2- 172.21.15.37:0/1466595061 >> [v2:172.21.15.37:3300/0,v1:172.21.15.37:6789/0] conn(0x7f220807de00 0x7f220819e630 unknown :-1 s=CLOSED pgs=50 cs=0 l=1 rev1=1 crypto rx=0 tx=0 comp rx=0 tx=0).stop
2024-04-25T14:38:13.112 INFO:teuthology.orchestra.run.smithi037.stdout:/usr/bin/ceph: stderr
2024-04-25T14:38:12.376+0000 7f21fe000700 1 -- 172.21.15.37:0/1466595061 >> 172.21.15.37:0/1466595061 conn(0x7f2208103be0 msgr2=0x7f2208104620 unknown :-1 s=STATE_NONE l=0).mark_down
2024-04-25T14:38:13.112 INFO:teuthology.orchestra.run.smithi037.stdout:/usr/bin/ceph: stderr
2024-04-25T14:38:12.376+0000 7f21fe000700 1 -- 172.21.15.37:0/1466595061 shutdown_connections
2024-04-25T14:38:13.112 INFO:teuthology.orchestra.run.smithi037.stdout:/usr/bin/ceph: stderr
2024-04-25T14:38:12.376+0000 7f21fe000700 1 -- 172.21.15.37:0/1466595061 wait complete.
2024-04-25T14:38:14.110 INFO:journalctl@ceph.mon.a.smithi037.stdout:Apr 25 14:38:13 smithi037 ceph-mon[27822]: pgmap v3: 0 pgs: ; 0 B data, 0 B used, 0 B / 0 B avail
2024-04-25T14:38:14.110 INFO:journalctl@ceph.mon.a.smithi037.stdout:Apr 25 14:38:13 smithi037 ceph-mon[27822]: from='mgr.14120 172.21.15.37:0/1320723796' entity='mgr.x'
2024-04-25T14:38:15.619 INFO:journalctl@ceph.mon.a.smithi037.stdout:Apr 25 14:38:15 smithi037 ceph-mon[27822]: from='client.? 172.21.15.37:0/4253228704' entity='client.admin'
2024-04-25T14:38:15.631 INFO:teuthology.orchestra.run.smithi037.stdout:/usr/bin/ceph: stderr
2024-04-25T14:38:13.829+0000 7f44e8200700 1 Processor -- start
2024-04-25T14:38:15.632 INFO:teuthology.orchestra.run.smithi037.stdout:/usr/bin/ceph: stderr
2024-04-25T14:38:13.829+0000 7f44e8200700 1 -- start start
2024-04-25T14:38:15.632 INFO:teuthology.orchestra.run.smithi037.stdout:/usr/bin/ceph: stderr
2024-04-25T14:38:13.830+0000 7f44e8200700 1 --2- >> [v2:172.21.15.37:3300/0,v1:172.21.15.37:6789/0] conn(0x7f44e0109020 0x7f44e010b410 unknown :-1 s=NONE pgs=0 cs=0 l=0 rev1=0 crypto rx=0 tx=0 comp rx=0 tx=0).connect
2024-04-25T14:38:15.632 INFO:teuthology.orchestra.run.smithi037.stdout:/usr/bin/ceph: stderr
2024-04-25T14:38:13.830+0000 7f44e8200700 1 -- --> [v2:172.21.15.37:3300/0,v1:172.21.15.37:6789/0] -- mon_getmap magic: 0 -- 0x7f44e007bea0 con 0x7f44e0109020
2024-04-25T14:38:15.632 INFO:teuthology.orchestra.run.smithi037.stdout:/usr/bin/ceph: stderr
2024-04-25T14:38:13.830+0000 7f44e5800700 1 --2- >> [v2:172.21.15.37:3300/0,v1:172.21.15.37:6789/0] conn(0x7f44e0109020 0x7f44e010b410 unknown :-1 s=BANNER_CONNECTING pgs=0 cs=0 l=0 rev1=0 crypto rx=0 tx=0 comp rx=0 tx=0)._handle_peer_banner_payload supported=3 required=0
2024-04-25T14:38:15.632 INFO:teuthology.orchestra.run.smithi037.stdout:/usr/bin/ceph: stderr
2024-04-25T14:38:13.830+0000 7f44e5800700 1 --2- >> [v2:172.21.15.37:3300/0,v1:172.21.15.37:6789/0] conn(0x7f44e0109020 0x7f44e010b410 unknown :-1 s=HELLO_CONNECTING pgs=0 cs=0 l=0 rev1=1 crypto rx=0 tx=0 comp rx=0 tx=0).handle_hello peer v2:172.21.15.37:3300/0 says I am v2:172.21.15.37:42050/0 (socket says 172.21.15.37:42050)
2024-04-25T14:38:15.632 INFO:teuthology.orchestra.run.smithi037.stdout:/usr/bin/ceph: stderr
2024-04-25T14:38:13.830+0000 7f44e5800700 1 -- 172.21.15.37:0/3243284263 learned_addr learned my addr 172.21.15.37:0/3243284263 (peer_addr_for_me v2:172.21.15.37:0/0)
2024-04-25T14:38:15.637 INFO:teuthology.orchestra.run.smithi037.stdout:/usr/bin/ceph: stderr
2024-04-25T14:38:13.831+0000 7f44e5800700 1 -- 172.21.15.37:0/3243284263 --> [v2:172.21.15.37:3300/0,v1:172.21.15.37:6789/0] -- mon_subscribe({config=0+,monmap=0+}) -- 0x7f44e010b950 con 0x7f44e0109020
2024-04-25T14:38:15.637 INFO:teuthology.orchestra.run.smithi037.stdout:/usr/bin/ceph: stderr
2024-04-25T14:38:13.831+0000 7f44e5800700 1 --2- 172.21.15.37:0/3243284263 >> [v2:172.21.15.37:3300/0,v1:172.21.15.37:6789/0] conn(0x7f44e0109020 0x7f44e010b410 secure :-1 s=READY pgs=51 cs=0 l=1 rev1=1 crypto rx=0x7f44d40098a0 tx=0x7f44d4009bb0 comp rx=0 tx=0).ready entity=mon.0 client_cookie=c02b174e1964fc27 server_cookie=0 in_seq=0 out_seq=0
2024-04-25T14:38:15.637 INFO:teuthology.orchestra.run.smithi037.stdout:/usr/bin/ceph: stderr
2024-04-25T14:38:13.831+0000 7f44dfe00700 1 -- 172.21.15.37:0/3243284263 <== mon.0 v2:172.21.15.37:3300/0 1 ==== mon_map magic: 0 ==== 205+0+0 (secure 0 0 0) 0x7f44d4004160 con 0x7f44e0109020
2024-04-25T14:38:15.637 INFO:teuthology.orchestra.run.smithi037.stdout:/usr/bin/ceph: stderr
2024-04-25T14:38:13.831+0000 7f44dfe00700 1 -- 172.21.15.37:0/3243284263 <== mon.0 v2:172.21.15.37:3300/0 2 ==== config(27 keys) ==== 1135+0+0 (secure 0 0 0) 0x7f44d4004300 con 0x7f44e0109020
2024-04-25T14:38:15.637 INFO:teuthology.orchestra.run.smithi037.stdout:/usr/bin/ceph: stderr
2024-04-25T14:38:13.831+0000 7f44dfe00700 1 -- 172.21.15.37:0/3243284263 <== mon.0 v2:172.21.15.37:3300/0 3 ==== mon_map magic: 0 ==== 205+0+0 (secure 0 0 0) 0x7f44d4011af0 con 0x7f44e0109020
2024-04-25T14:38:15.638 INFO:teuthology.orchestra.run.smithi037.stdout:/usr/bin/ceph: stderr
2024-04-25T14:38:13.832+0000 7f44e8200700 1 -- 172.21.15.37:0/3243284263 >> [v2:172.21.15.37:3300/0,v1:172.21.15.37:6789/0] conn(0x7f44e0109020 msgr2=0x7f44e010b410 secure :-1 s=STATE_CONNECTION_ESTABLISHED l=1).mark_down
2024-04-25T14:38:15.638 INFO:teuthology.orchestra.run.smithi037.stdout:/usr/bin/ceph: stderr
2024-04-25T14:38:13.832+0000 7f44e8200700 1 --2- 172.21.15.37:0/3243284263 >> [v2:172.21.15.37:3300/0,v1:172.21.15.37:6789/0] conn(0x7f44e0109020 0x7f44e010b410 secure :-1 s=READY pgs=51 cs=0 l=1 rev1=1 crypto rx=0x7f44d40098a0 tx=0x7f44d4009bb0 comp rx=0 tx=0).stop
2024-04-25T14:38:15.638 INFO:teuthology.orchestra.run.smithi037.stdout:/usr/bin/ceph: stderr
2024-04-25T14:38:13.832+0000 7f44e8200700 1 -- 172.21.15.37:0/3243284263 shutdown_connections
2024-04-25T14:38:15.638 INFO:teuthology.orchestra.run.smithi037.stdout:/usr/bin/ceph: stderr
2024-04-25T14:38:13.832+0000 7f44e8200700 1 --2- 172.21.15.37:0/3243284263 >> [v2:172.21.15.37:3300/0,v1:172.21.15.37:6789/0] conn(0x7f44e0109020 0x7f44e010b410 unknown :-1 s=CLOSED pgs=51 cs=0 l=1 rev1=1 crypto rx=0 tx=0 comp rx=0 tx=0).stop
2024-04-25T14:38:15.638 INFO:teuthology.orchestra.run.smithi037.stdout:/usr/bin/ceph: stderr
2024-04-25T14:38:13.832+0000 7f44e8200700 1 -- 172.21.15.37:0/3243284263 >> 172.21.15.37:0/3243284263 conn(0x7f44e0102ad0 msgr2=0x7f44e0104ef0 unknown :-1 s=STATE_NONE l=0).mark_down
2024-04-25T14:38:15.638 INFO:teuthology.orchestra.run.smithi037.stdout:/usr/bin/ceph: stderr
2024-04-25T14:38:13.832+0000 7f44e8200700 1 -- 172.21.15.37:0/3243284263 shutdown_connections
2024-04-25T14:38:15.638 INFO:teuthology.orchestra.run.smithi037.stdout:/usr/bin/ceph: stderr
2024-04-25T14:38:13.833+0000 7f44e8200700 1 -- 172.21.15.37:0/3243284263 wait complete.
2024-04-25T14:38:15.638 INFO:teuthology.orchestra.run.smithi037.stdout:/usr/bin/ceph: stderr
2024-04-25T14:38:13.833+0000 7f44e8200700 1 Processor -- start
2024-04-25T14:38:15.638 INFO:teuthology.orchestra.run.smithi037.stdout:/usr/bin/ceph: stderr
2024-04-25T14:38:13.834+0000 7f44e8200700 1 -- start start
2024-04-25T14:38:15.638 INFO:teuthology.orchestra.run.smithi037.stdout:/usr/bin/ceph: stderr
2024-04-25T14:38:13.834+0000 7f44e8200700 1 --2- >> [v2:172.21.15.37:3300/0,v1:172.21.15.37:6789/0] conn(0x7f44e0109020 0x7f44e019e610 unknown :-1 s=NONE pgs=0 cs=0 l=1 rev1=0 crypto rx=0 tx=0 comp rx=0 tx=0).connect
2024-04-25T14:38:15.638 INFO:teuthology.orchestra.run.smithi037.stdout:/usr/bin/ceph: stderr
2024-04-25T14:38:13.834+0000 7f44e8200700 1 -- --> [v2:172.21.15.37:3300/0,v1:172.21.15.37:6789/0] -- mon_getmap magic: 0 -- 0x7f44e010c9c0 con 0x7f44e0109020
2024-04-25T14:38:15.638 INFO:teuthology.orchestra.run.smithi037.stdout:/usr/bin/ceph: stderr
2024-04-25T14:38:13.834+0000 7f44e5800700 1 --2- >> [v2:172.21.15.37:3300/0,v1:172.21.15.37:6789/0] conn(0x7f44e0109020 0x7f44e019e610 unknown :-1 s=BANNER_CONNECTING pgs=0 cs=0 l=1 rev1=0 crypto rx=0 tx=0 comp rx=0 tx=0)._handle_peer_banner_payload supported=3 required=0
2024-04-25T14:38:15.639 INFO:teuthology.orchestra.run.smithi037.stdout:/usr/bin/ceph: stderr
2024-04-25T14:38:13.834+0000 7f44e5800700 1 --2- >> [v2:172.21.15.37:3300/0,v1:172.21.15.37:6789/0] conn(0x7f44e0109020 0x7f44e019e610 unknown :-1 s=HELLO_CONNECTING pgs=0 cs=0 l=1 rev1=1 crypto rx=0 tx=0 comp rx=0 tx=0).handle_hello peer v2:172.21.15.37:3300/0 says I am v2:172.21.15.37:42058/0 (socket says 172.21.15.37:42058)
2024-04-25T14:38:15.639 INFO:teuthology.orchestra.run.smithi037.stdout:/usr/bin/ceph: stderr
2024-04-25T14:38:13.834+0000 7f44e5800700 1 -- 172.21.15.37:0/4253228704 learned_addr learned my addr 172.21.15.37:0/4253228704 (peer_addr_for_me v2:172.21.15.37:0/0)
2024-04-25T14:38:15.639 INFO:teuthology.orchestra.run.smithi037.stdout:/usr/bin/ceph: stderr
2024-04-25T14:38:13.835+0000 7f44e5800700 1 -- 172.21.15.37:0/4253228704 --> [v2:172.21.15.37:3300/0,v1:172.21.15.37:6789/0] -- mon_subscribe({config=0+,monmap=0+}) -- 0x7f44e019eb50 con 0x7f44e0109020
2024-04-25T14:38:15.639 INFO:teuthology.orchestra.run.smithi037.stdout:/usr/bin/ceph: stderr
2024-04-25T14:38:13.835+0000 7f44e5800700 1 --2- 172.21.15.37:0/4253228704 >> [v2:172.21.15.37:3300/0,v1:172.21.15.37:6789/0] conn(0x7f44e0109020 0x7f44e019e610 secure :-1 s=READY pgs=52 cs=0 l=1 rev1=1 crypto rx=0x7f44d4003f90 tx=0x7f44d4011b70 comp rx=0 tx=0).ready entity=mon.0 client_cookie=0 server_cookie=0 in_seq=0 out_seq=0
2024-04-25T14:38:15.639 INFO:teuthology.orchestra.run.smithi037.stdout:/usr/bin/ceph: stderr
2024-04-25T14:38:13.835+0000 7f44de000700 1 -- 172.21.15.37:0/4253228704 <== mon.0 v2:172.21.15.37:3300/0 1 ==== mon_map magic: 0 ==== 205+0+0 (secure 0 0 0) 0x7f44d40039e0 con 0x7f44e0109020
2024-04-25T14:38:15.639 INFO:teuthology.orchestra.run.smithi037.stdout:/usr/bin/ceph: stderr
2024-04-25T14:38:13.835+0000 7f44de000700 1 -- 172.21.15.37:0/4253228704 <== mon.0 v2:172.21.15.37:3300/0 2 ==== config(27 keys) ==== 1135+0+0 (secure 0 0 0) 0x7f44d4003b80 con 0x7f44e0109020
2024-04-25T14:38:15.639 INFO:teuthology.orchestra.run.smithi037.stdout:/usr/bin/ceph: stderr
2024-04-25T14:38:13.835+0000 7f44e8200700 1 -- 172.21.15.37:0/4253228704 --> [v2:172.21.15.37:3300/0,v1:172.21.15.37:6789/0] -- mon_subscribe({mgrmap=0+}) -- 0x7f44e019ede0 con 0x7f44e0109020
2024-04-25T14:38:15.639 INFO:teuthology.orchestra.run.smithi037.stdout:/usr/bin/ceph: stderr
2024-04-25T14:38:13.835+0000 7f44de000700 1 -- 172.21.15.37:0/4253228704 <== mon.0 v2:172.21.15.37:3300/0 3 ==== mon_map magic: 0 ==== 205+0+0 (secure 0 0 0) 0x7f44d40196e0 con 0x7f44e0109020
2024-04-25T14:38:15.639 INFO:teuthology.orchestra.run.smithi037.stdout:/usr/bin/ceph: stderr
2024-04-25T14:38:13.836+0000 7f44e8200700 1 -- 172.21.15.37:0/4253228704 --> [v2:172.21.15.37:3300/0,v1:172.21.15.37:6789/0] -- mon_subscribe({osdmap=0}) -- 0x7f44e01a1ad0 con 0x7f44e0109020
2024-04-25T14:38:15.639 INFO:teuthology.orchestra.run.smithi037.stdout:/usr/bin/ceph: stderr
2024-04-25T14:38:13.837+0000 7f44de000700 1 -- 172.21.15.37:0/4253228704 <== mon.0 v2:172.21.15.37:3300/0 4 ==== mgrmap(e 8) ==== 46558+0+0 (secure 0 0 0) 0x7f44d4022020 con 0x7f44e0109020
2024-04-25T14:38:15.639 INFO:teuthology.orchestra.run.smithi037.stdout:/usr/bin/ceph: stderr
2024-04-25T14:38:13.837+0000 7f44e8200700 1 -- 172.21.15.37:0/4253228704 --> [v2:172.21.15.37:3300/0,v1:172.21.15.37:6789/0] -- mon_command({"prefix": "get_command_descriptions"} v 0) -- 0x7f44e00640a0 con 0x7f44e0109020
2024-04-25T14:38:15.639 INFO:teuthology.orchestra.run.smithi037.stdout:/usr/bin/ceph: stderr
2024-04-25T14:38:13.837+0000 7f44de000700 1 --2- 172.21.15.37:0/4253228704 >> [v2:172.21.15.37:6800/4280350199,v1:172.21.15.37:6801/4280350199] conn(0x7f44c80396c0 0x7f44c803bb80 unknown :-1 s=NONE pgs=0 cs=0 l=1 rev1=0 crypto rx=0 tx=0 comp rx=0 tx=0).connect
2024-04-25T14:38:15.639 INFO:teuthology.orchestra.run.smithi037.stdout:/usr/bin/ceph: stderr
2024-04-25T14:38:13.837+0000 7f44de000700 1 -- 172.21.15.37:0/4253228704 <== mon.0 v2:172.21.15.37:3300/0 5 ==== osd_map(2..2 src has 1..2) ==== 940+0+0 (secure 0 0 0) 0x7f44d404d940 con 0x7f44e0109020
2024-04-25T14:38:15.639 INFO:teuthology.orchestra.run.smithi037.stdout:/usr/bin/ceph: stderr
2024-04-25T14:38:13.838+0000 7f44e4e00700 1 --2- 172.21.15.37:0/4253228704 >> [v2:172.21.15.37:6800/4280350199,v1:172.21.15.37:6801/4280350199] conn(0x7f44c80396c0 0x7f44c803bb80 unknown :-1 s=BANNER_CONNECTING pgs=0 cs=0 l=1 rev1=0 crypto rx=0 tx=0 comp rx=0 tx=0)._handle_peer_banner_payload supported=3 required=0
2024-04-25T14:38:15.640 INFO:teuthology.orchestra.run.smithi037.stdout:/usr/bin/ceph: stderr
2024-04-25T14:38:13.838+0000 7f44e4e00700 1 --2- 172.21.15.37:0/4253228704 >> [v2:172.21.15.37:6800/4280350199,v1:172.21.15.37:6801/4280350199] conn(0x7f44c80396c0 0x7f44c803bb80 secure :-1 s=READY pgs=14 cs=0 l=1 rev1=1 crypto rx=0x7f44cc006fd0 tx=0x7f44cc006e40 comp rx=0 tx=0).ready entity=mgr.14120 client_cookie=0 server_cookie=0 in_seq=0 out_seq=0
2024-04-25T14:38:15.640 INFO:teuthology.orchestra.run.smithi037.stdout:/usr/bin/ceph: stderr
2024-04-25T14:38:13.843+0000 7f44de000700 1 -- 172.21.15.37:0/4253228704 <== mon.0 v2:172.21.15.37:3300/0 6 ==== mon_command_ack([{"prefix": "get_command_descriptions"}]=0 v0) ==== 72+0+188370 (secure 0 0 0) 0x7f44d400e260 con 0x7f44e0109020
2024-04-25T14:38:15.640 INFO:teuthology.orchestra.run.smithi037.stdout:/usr/bin/ceph: stderr
2024-04-25T14:38:14.109+0000 7f44e8200700 1 -- 172.21.15.37:0/4253228704 --> [v2:172.21.15.37:3300/0,v1:172.21.15.37:6789/0] -- mon_command([{prefix=config set, name=mgr/cephadm/container_init}] v 0) -- 0x7f44e01a2080 con 0x7f44e0109020
2024-04-25T14:38:15.640 INFO:teuthology.orchestra.run.smithi037.stdout:/usr/bin/ceph: stderr
2024-04-25T14:38:14.115+0000 7f44de000700 1 -- 172.21.15.37:0/4253228704 <== mon.0 v2:172.21.15.37:3300/0 7 ==== mon_command_ack([{prefix=config set, name=mgr/cephadm/container_init}]=0 v7)=0 v7) ==== 142+0+0 (secure 0 0 0) 0x7f44d4020c10 con 0x7f44e0109020
2024-04-25T14:38:15.640 INFO:teuthology.orchestra.run.smithi037.stdout:/usr/bin/ceph: stderr
2024-04-25T14:38:14.119+0000 7f44e8200700 1 -- 172.21.15.37:0/4253228704 >> [v2:172.21.15.37:6800/4280350199,v1:172.21.15.37:6801/4280350199] conn(0x7f44c80396c0 msgr2=0x7f44c803bb80 secure :-1 s=STATE_CONNECTION_ESTABLISHED l=1).mark_down
2024-04-25T14:38:15.640 INFO:teuthology.orchestra.run.smithi037.stdout:/usr/bin/ceph: stderr
2024-04-25T14:38:14.119+0000 7f44e8200700 1 --2- 172.21.15.37:0/4253228704 >> [v2:172.21.15.37:6800/4280350199,v1:172.21.15.37:6801/4280350199] conn(0x7f44c80396c0 0x7f44c803bb80 secure :-1 s=READY pgs=14 cs=0 l=1 rev1=1 crypto rx=0x7f44cc006fd0 tx=0x7f44cc006e40 comp rx=0 tx=0).stop
2024-04-25T14:38:15.640 INFO:teuthology.orchestra.run.smithi037.stdout:/usr/bin/ceph: stderr
2024-04-25T14:38:14.119+0000 7f44e8200700 1 -- 172.21.15.37:0/4253228704 >> [v2:172.21.15.37:3300/0,v1:172.21.15.37:6789/0] conn(0x7f44e0109020 msgr2=0x7f44e019e610 secure :-1 s=STATE_CONNECTION_ESTABLISHED l=1).mark_down
2024-04-25T14:38:15.640 INFO:teuthology.orchestra.run.smithi037.stdout:/usr/bin/ceph: stderr
2024-04-25T14:38:14.119+0000 7f44e8200700 1 --2- 172.21.15.37:0/4253228704 >> [v2:172.21.15.37:3300/0,v1:172.21.15.37:6789/0] conn(0x7f44e0109020 0x7f44e019e610 secure :-1 s=READY pgs=52 cs=0 l=1 rev1=1 crypto rx=0x7f44d4003f90 tx=0x7f44d4011b70 comp rx=0 tx=0).stop
2024-04-25T14:38:15.640 INFO:teuthology.orchestra.run.smithi037.stdout:/usr/bin/ceph: stderr
2024-04-25T14:38:14.119+0000 7f44e8200700 1 -- 172.21.15.37:0/4253228704 shutdown_connections
2024-04-25T14:38:15.640 INFO:teuthology.orchestra.run.smithi037.stdout:/usr/bin/ceph: stderr
2024-04-25T14:38:14.119+0000 7f44e8200700 1 --2- 172.21.15.37:0/4253228704 >> [v2:172.21.15.37:6800/4280350199,v1:172.21.15.37:6801/4280350199] conn(0x7f44c80396c0 0x7f44c803bb80 unknown :-1 s=CLOSED pgs=14 cs=0 l=1 rev1=1 crypto rx=0 tx=0 comp rx=0 tx=0).stop
2024-04-25T14:38:15.640 INFO:teuthology.orchestra.run.smithi037.stdout:/usr/bin/ceph: stderr
2024-04-25T14:38:14.119+0000 7f44e8200700 1 --2- 172.21.15.37:0/4253228704 >> [v2:172.21.15.37:3300/0,v1:172.21.15.37:6789/0] conn(0x7f44e0109020 0x7f44e019e610 unknown :-1 s=CLOSED pgs=52 cs=0 l=1 rev1=1 crypto rx=0 tx=0 comp rx=0 tx=0).stop
2024-04-25T14:38:15.640 INFO:teuthology.orchestra.run.smithi037.stdout:/usr/bin/ceph: stderr
2024-04-25T14:38:14.119+0000 7f44e8200700 1 -- 172.21.15.37:0/4253228704 >> 172.21.15.37:0/4253228704 conn(0x7f44e0102ad0 msgr2=0x7f44e0103570 unknown :-1 s=STATE_NONE l=0).mark_down
2024-04-25T14:38:15.640 INFO:teuthology.orchestra.run.smithi037.stdout:/usr/bin/ceph: stderr
2024-04-25T14:38:14.120+0000 7f44e8200700 1 -- 172.21.15.37:0/4253228704 shutdown_connections
2024-04-25T14:38:15.640 INFO:teuthology.orchestra.run.smithi037.stdout:/usr/bin/ceph: stderr
2024-04-25T14:38:14.120+0000 7f44e8200700 1 -- 172.21.15.37:0/4253228704 wait complete.
2024-04-25T14:38:16.245 INFO:journalctl@ceph.mon.a.smithi037.stdout:Apr 25 14:38:16 smithi037 ceph-mon[27822]: pgmap v4: 0 pgs: ; 0 B data, 0 B used, 0 B / 0 B avail
2024-04-25T14:38:16.246 INFO:journalctl@ceph.mon.a.smithi037.stdout:Apr 25 14:38:16 smithi037 ceph-mon[27822]: from='mgr.14120 172.21.15.37:0/1320723796' entity='mgr.x'
2024-04-25T14:38:17.237 INFO:teuthology.orchestra.run.smithi037.stdout:/usr/bin/ceph: stderr
2024-04-25T14:38:16.244+0000 7fca2ec00700 1 Processor -- start
2024-04-25T14:38:17.237 INFO:teuthology.orchestra.run.smithi037.stdout:/usr/bin/ceph: stderr
2024-04-25T14:38:16.245+0000 7fca2ec00700 1 -- start start
2024-04-25T14:38:17.238 INFO:teuthology.orchestra.run.smithi037.stdout:/usr/bin/ceph: stderr
2024-04-25T14:38:16.245+0000 7fca2ec00700 1 --2- >> [v2:172.21.15.37:3300/0,v1:172.21.15.37:6789/0] conn(0x7fca28108590 0x7fca281089b0 unknown :-1 s=NONE pgs=0 cs=0 l=0 rev1=0 crypto rx=0 tx=0 comp rx=0 tx=0).connect
2024-04-25T14:38:17.238 INFO:teuthology.orchestra.run.smithi037.stdout:/usr/bin/ceph: stderr
2024-04-25T14:38:16.245+0000 7fca2ec00700 1 -- --> [v2:172.21.15.37:3300/0,v1:172.21.15.37:6789/0] -- mon_getmap magic: 0 -- 0x7fca28108f80 con 0x7fca28108590
2024-04-25T14:38:17.238 INFO:teuthology.orchestra.run.smithi037.stdout:/usr/bin/ceph: stderr
2024-04-25T14:38:16.246+0000 7fca27e00700 1 --2- >> [v2:172.21.15.37:3300/0,v1:172.21.15.37:6789/0] conn(0x7fca28108590 0x7fca281089b0 unknown :-1 s=BANNER_CONNECTING pgs=0 cs=0 l=0 rev1=0 crypto rx=0 tx=0 comp rx=0 tx=0)._handle_peer_banner_payload supported=3 required=0
2024-04-25T14:38:17.238 INFO:teuthology.orchestra.run.smithi037.stdout:/usr/bin/ceph: stderr
2024-04-25T14:38:16.246+0000 7fca27e00700 1 --2- >> [v2:172.21.15.37:3300/0,v1:172.21.15.37:6789/0] conn(0x7fca28108590 0x7fca281089b0 unknown :-1 s=HELLO_CONNECTING pgs=0 cs=0 l=0 rev1=1 crypto rx=0 tx=0 comp rx=0 tx=0).handle_hello peer v2:172.21.15.37:3300/0 says I am v2:172.21.15.37:42064/0 (socket says 172.21.15.37:42064)
2024-04-25T14:38:17.238 INFO:teuthology.orchestra.run.smithi037.stdout:/usr/bin/ceph: stderr
2024-04-25T14:38:16.246+0000 7fca27e00700 1 -- 172.21.15.37:0/1334491931 learned_addr learned my addr 172.21.15.37:0/1334491931 (peer_addr_for_me v2:172.21.15.37:0/0)
2024-04-25T14:38:17.238 INFO:teuthology.orchestra.run.smithi037.stdout:/usr/bin/ceph: stderr
2024-04-25T14:38:16.246+0000 7fca27e00700 1 -- 172.21.15.37:0/1334491931 --> [v2:172.21.15.37:3300/0,v1:172.21.15.37:6789/0] -- mon_subscribe({config=0+,monmap=0+}) -- 0x7fca28109740 con 0x7fca28108590
2024-04-25T14:38:17.238 INFO:teuthology.orchestra.run.smithi037.stdout:/usr/bin/ceph: stderr
2024-04-25T14:38:16.247+0000 7fca27e00700 1 --2- 172.21.15.37:0/1334491931 >> [v2:172.21.15.37:3300/0,v1:172.21.15.37:6789/0] conn(0x7fca28108590 0x7fca281089b0 secure :-1 s=READY pgs=53 cs=0 l=1 rev1=1 crypto rx=0x7fca180098a0 tx=0x7fca18009bb0 comp rx=0 tx=0).ready entity=mon.0 client_cookie=8b573e7eec35682f server_cookie=0 in_seq=0 out_seq=0
2024-04-25T14:38:17.238 INFO:teuthology.orchestra.run.smithi037.stdout:/usr/bin/ceph: stderr
2024-04-25T14:38:16.247+0000 7fca26a00700 1 -- 172.21.15.37:0/1334491931 <== mon.0 v2:172.21.15.37:3300/0 1 ==== mon_map magic: 0 ==== 205+0+0 (secure 0 0 0) 0x7fca18004160 con 0x7fca28108590
2024-04-25T14:38:17.238 INFO:teuthology.orchestra.run.smithi037.stdout:/usr/bin/ceph: stderr
2024-04-25T14:38:16.247+0000 7fca26a00700 1 -- 172.21.15.37:0/1334491931 <== mon.0 v2:172.21.15.37:3300/0 2 ==== config(27 keys) ==== 1135+0+0 (secure 0 0 0) 0x7fca18004300 con 0x7fca28108590
2024-04-25T14:38:17.238 INFO:teuthology.orchestra.run.smithi037.stdout:/usr/bin/ceph: stderr
2024-04-25T14:38:16.247+0000 7fca26a00700 1 -- 172.21.15.37:0/1334491931 <== mon.0 v2:172.21.15.37:3300/0 3 ==== mon_map magic: 0 ==== 205+0+0 (secure 0 0 0) 0x7fca18011af0 con 0x7fca28108590
2024-04-25T14:38:17.238 INFO:teuthology.orchestra.run.smithi037.stdout:/usr/bin/ceph: stderr
2024-04-25T14:38:16.248+0000 7fca2ec00700 1 -- 172.21.15.37:0/1334491931 >> [v2:172.21.15.37:3300/0,v1:172.21.15.37:6789/0] conn(0x7fca28108590 msgr2=0x7fca281089b0 secure :-1 s=STATE_CONNECTION_ESTABLISHED l=1).mark_down
2024-04-25T14:38:17.238 INFO:teuthology.orchestra.run.smithi037.stdout:/usr/bin/ceph: stderr
2024-04-25T14:38:16.248+0000 7fca2ec00700 1 --2- 172.21.15.37:0/1334491931 >> [v2:172.21.15.37:3300/0,v1:172.21.15.37:6789/0] conn(0x7fca28108590 0x7fca281089b0 secure :-1 s=READY pgs=53 cs=0 l=1 rev1=1 crypto rx=0x7fca180098a0 tx=0x7fca18009bb0 comp rx=0 tx=0).stop
2024-04-25T14:38:17.238 INFO:teuthology.orchestra.run.smithi037.stdout:/usr/bin/ceph: stderr
2024-04-25T14:38:16.248+0000 7fca2ec00700 1 -- 172.21.15.37:0/1334491931 shutdown_connections
2024-04-25T14:38:17.239 INFO:teuthology.orchestra.run.smithi037.stdout:/usr/bin/ceph: stderr
2024-04-25T14:38:16.248+0000 7fca2ec00700 1 --2- 172.21.15.37:0/1334491931 >> [v2:172.21.15.37:3300/0,v1:172.21.15.37:6789/0] conn(0x7fca28108590 0x7fca281089b0 unknown :-1 s=CLOSED pgs=53 cs=0 l=1 rev1=1 crypto rx=0 tx=0 comp rx=0 tx=0).stop
2024-04-25T14:38:17.239 INFO:teuthology.orchestra.run.smithi037.stdout:/usr/bin/ceph: stderr
2024-04-25T14:38:16.248+0000 7fca2ec00700 1 -- 172.21.15.37:0/1334491931 >> 172.21.15.37:0/1334491931 conn(0x7fca28103b50 msgr2=0x7fca28105f70 unknown :-1 s=STATE_NONE l=0).mark_down
2024-04-25T14:38:17.239 INFO:teuthology.orchestra.run.smithi037.stdout:/usr/bin/ceph: stderr
2024-04-25T14:38:16.248+0000 7fca2ec00700 1 -- 172.21.15.37:0/1334491931 shutdown_connections
2024-04-25T14:38:17.239 INFO:teuthology.orchestra.run.smithi037.stdout:/usr/bin/ceph: stderr
2024-04-25T14:38:16.249+0000 7fca2ec00700 1 -- 172.21.15.37:0/1334491931 wait complete.
2024-04-25T14:38:17.239 INFO:teuthology.orchestra.run.smithi037.stdout:/usr/bin/ceph: stderr
2024-04-25T14:38:16.250+0000 7fca2ec00700 1 Processor -- start
2024-04-25T14:38:17.239 INFO:teuthology.orchestra.run.smithi037.stdout:/usr/bin/ceph: stderr
2024-04-25T14:38:16.250+0000 7fca2ec00700 1 -- start start
2024-04-25T14:38:17.239 INFO:teuthology.orchestra.run.smithi037.stdout:/usr/bin/ceph: stderr
2024-04-25T14:38:16.250+0000 7fca2ec00700 1 --2- >> [v2:172.21.15.37:3300/0,v1:172.21.15.37:6789/0] conn(0x7fca28108590 0x7fca2807db60 unknown :-1 s=NONE pgs=0 cs=0 l=1 rev1=0 crypto rx=0 tx=0 comp rx=0 tx=0).connect
2024-04-25T14:38:17.239 INFO:teuthology.orchestra.run.smithi037.stdout:/usr/bin/ceph: stderr
2024-04-25T14:38:16.250+0000 7fca2ec00700 1 -- --> [v2:172.21.15.37:3300/0,v1:172.21.15.37:6789/0] -- mon_getmap magic: 0 -- 0x7fca2810caf0 con 0x7fca28108590
2024-04-25T14:38:17.239 INFO:teuthology.orchestra.run.smithi037.stdout:/usr/bin/ceph: stderr
2024-04-25T14:38:16.250+0000 7fca27e00700 1 --2- >> [v2:172.21.15.37:3300/0,v1:172.21.15.37:6789/0] conn(0x7fca28108590 0x7fca2807db60 unknown :-1 s=BANNER_CONNECTING pgs=0 cs=0 l=1 rev1=0 crypto rx=0 tx=0 comp rx=0 tx=0)._handle_peer_banner_payload supported=3 required=0
2024-04-25T14:38:17.239 INFO:teuthology.orchestra.run.smithi037.stdout:/usr/bin/ceph: stderr
2024-04-25T14:38:16.250+0000 7fca27e00700 1 --2- >> [v2:172.21.15.37:3300/0,v1:172.21.15.37:6789/0] conn(0x7fca28108590 0x7fca2807db60 unknown :-1 s=HELLO_CONNECTING pgs=0 cs=0 l=1 rev1=1 crypto rx=0 tx=0 comp rx=0 tx=0).handle_hello peer v2:172.21.15.37:3300/0 says I am v2:172.21.15.37:42072/0 (socket says 172.21.15.37:42072)
2024-04-25T14:38:17.239 INFO:teuthology.orchestra.run.smithi037.stdout:/usr/bin/ceph: stderr
2024-04-25T14:38:16.251+0000 7fca27e00700 1 -- 172.21.15.37:0/2643762228 learned_addr learned my addr 172.21.15.37:0/2643762228 (peer_addr_for_me v2:172.21.15.37:0/0)
2024-04-25T14:38:17.239 INFO:teuthology.orchestra.run.smithi037.stdout:/usr/bin/ceph: stderr
2024-04-25T14:38:16.251+0000 7fca27e00700 1 -- 172.21.15.37:0/2643762228 --> [v2:172.21.15.37:3300/0,v1:172.21.15.37:6789/0] -- mon_subscribe({config=0+,monmap=0+}) -- 0x7fca2807e0a0 con 0x7fca28108590
2024-04-25T14:38:17.239 INFO:teuthology.orchestra.run.smithi037.stdout:/usr/bin/ceph: stderr
2024-04-25T14:38:16.251+0000 7fca27e00700 1 --2- 172.21.15.37:0/2643762228 >> [v2:172.21.15.37:3300/0,v1:172.21.15.37:6789/0] conn(0x7fca28108590 0x7fca2807db60 secure :-1 s=READY pgs=54 cs=0 l=1 rev1=1 crypto rx=0x7fca18003f90 tx=0x7fca18011b70 comp rx=0 tx=0).ready entity=mon.0 client_cookie=0 server_cookie=0 in_seq=0 out_seq=0
2024-04-25T14:38:17.239 INFO:teuthology.orchestra.run.smithi037.stdout:/usr/bin/ceph: stderr
2024-04-25T14:38:16.252+0000 7fca24c00700 1 -- 172.21.15.37:0/2643762228 <== mon.0 v2:172.21.15.37:3300/0 1 ==== mon_map magic: 0 ==== 205+0+0 (secure 0 0 0) 0x7fca180039e0 con 0x7fca28108590
2024-04-25T14:38:17.239 INFO:teuthology.orchestra.run.smithi037.stdout:/usr/bin/ceph: stderr
2024-04-25T14:38:16.252+0000 7fca24c00700 1 -- 172.21.15.37:0/2643762228 <== mon.0 v2:172.21.15.37:3300/0 2 ==== config(27 keys) ==== 1135+0+0 (secure 0 0 0) 0x7fca18003b80 con 0x7fca28108590
2024-04-25T14:38:17.239 INFO:teuthology.orchestra.run.smithi037.stdout:/usr/bin/ceph: stderr
2024-04-25T14:38:16.252+0000 7fca2ec00700 1 -- 172.21.15.37:0/2643762228 --> [v2:172.21.15.37:3300/0,v1:172.21.15.37:6789/0] -- mon_subscribe({mgrmap=0+}) -- 0x7fca2807c290 con 0x7fca28108590
2024-04-25T14:38:17.240 INFO:teuthology.orchestra.run.smithi037.stdout:/usr/bin/ceph: stderr
2024-04-25T14:38:16.252+0000 7fca24c00700 1 -- 172.21.15.37:0/2643762228 <== mon.0 v2:172.21.15.37:3300/0 3 ==== mon_map magic: 0 ==== 205+0+0 (secure 0 0 0) 0x7fca180196e0 con 0x7fca28108590
2024-04-25T14:38:17.240 INFO:teuthology.orchestra.run.smithi037.stdout:/usr/bin/ceph: stderr
2024-04-25T14:38:16.252+0000 7fca2ec00700 1 -- 172.21.15.37:0/2643762228 --> [v2:172.21.15.37:3300/0,v1:172.21.15.37:6789/0] -- mon_subscribe({osdmap=0}) -- 0x7fca2807c7d0 con 0x7fca28108590
2024-04-25T14:38:17.240 INFO:teuthology.orchestra.run.smithi037.stdout:/usr/bin/ceph: stderr
2024-04-25T14:38:16.253+0000 7fca24c00700 1 -- 172.21.15.37:0/2643762228 <== mon.0 v2:172.21.15.37:3300/0 4 ==== mgrmap(e 8) ==== 46558+0+0 (secure 0 0 0) 0x7fca18022020 con 0x7fca28108590
2024-04-25T14:38:17.240 INFO:teuthology.orchestra.run.smithi037.stdout:/usr/bin/ceph: stderr
2024-04-25T14:38:16.254+0000 7fca2ec00700 1 -- 172.21.15.37:0/2643762228 --> [v2:172.21.15.37:3300/0,v1:172.21.15.37:6789/0] -- mon_command({"prefix": "get_command_descriptions"} v 0) -- 0x7fca280640a0 con 0x7fca28108590
2024-04-25T14:38:17.240 INFO:teuthology.orchestra.run.smithi037.stdout:/usr/bin/ceph: stderr
2024-04-25T14:38:16.254+0000 7fca24c00700 1 --2- 172.21.15.37:0/2643762228 >> [v2:172.21.15.37:6800/4280350199,v1:172.21.15.37:6801/4280350199] conn(0x7fca0c0396c0 0x7fca0c03bb80 unknown :-1 s=NONE pgs=0 cs=0 l=1 rev1=0 crypto rx=0 tx=0 comp rx=0 tx=0).connect
2024-04-25T14:38:17.240 INFO:teuthology.orchestra.run.smithi037.stdout:/usr/bin/ceph: stderr
2024-04-25T14:38:16.254+0000 7fca24c00700 1 -- 172.21.15.37:0/2643762228 <== mon.0 v2:172.21.15.37:3300/0 5 ==== osd_map(2..2 src has 1..2) ==== 940+0+0 (secure 0 0 0) 0x7fca1804d8d0 con 0x7fca28108590
2024-04-25T14:38:17.240 INFO:teuthology.orchestra.run.smithi037.stdout:/usr/bin/ceph: stderr
2024-04-25T14:38:16.254+0000 7fca27400700 1 --2- 172.21.15.37:0/2643762228 >> [v2:172.21.15.37:6800/4280350199,v1:172.21.15.37:6801/4280350199] conn(0x7fca0c0396c0 0x7fca0c03bb80 unknown :-1 s=BANNER_CONNECTING pgs=0 cs=0 l=1 rev1=0 crypto rx=0 tx=0 comp rx=0 tx=0)._handle_peer_banner_payload supported=3 required=0
2024-04-25T14:38:17.240 INFO:teuthology.orchestra.run.smithi037.stdout:/usr/bin/ceph: stderr
2024-04-25T14:38:16.255+0000 7fca27400700 1 --2- 172.21.15.37:0/2643762228 >> [v2:172.21.15.37:6800/4280350199,v1:172.21.15.37:6801/4280350199] conn(0x7fca0c0396c0 0x7fca0c03bb80 secure :-1 s=READY pgs=15 cs=0 l=1 rev1=1 crypto rx=0x7fca14006fd0 tx=0x7fca14006e40 comp rx=0 tx=0).ready entity=mgr.14120 client_cookie=0 server_cookie=0 in_seq=0 out_seq=0
2024-04-25T14:38:17.240 INFO:teuthology.orchestra.run.smithi037.stdout:/usr/bin/ceph: stderr
2024-04-25T14:38:16.260+0000 7fca24c00700 1 -- 172.21.15.37:0/2643762228 <== mon.0 v2:172.21.15.37:3300/0 6 ==== mon_command_ack([{"prefix": "get_command_descriptions"}]=0 v0) ==== 72+0+188370 (secure 0 0 0) 0x7fca18029250 con 0x7fca28108590
2024-04-25T14:38:17.240 INFO:teuthology.orchestra.run.smithi037.stdout:/usr/bin/ceph: stderr
2024-04-25T14:38:16.494+0000 7fca2ec00700 1 -- 172.21.15.37:0/2643762228 --> [v2:172.21.15.37:3300/0,v1:172.21.15.37:6789/0] -- mon_command([{prefix=config set, name=mgr/dashboard/ssl_server_port}] v 0) -- 0x7fca2807ca50 con 0x7fca28108590
2024-04-25T14:38:17.240 INFO:teuthology.orchestra.run.smithi037.stdout:/usr/bin/ceph: stderr
2024-04-25T14:38:16.499+0000 7fca24c00700 1 -- 172.21.15.37:0/2643762228 <== mon.0 v2:172.21.15.37:3300/0 7 ==== mon_command_ack([{prefix=config set, name=mgr/dashboard/ssl_server_port}]=0 v8)=0 v8) ==== 130+0+0 (secure 0 0 0) 0x7fca18020e80 con 0x7fca28108590
2024-04-25T14:38:17.240 INFO:teuthology.orchestra.run.smithi037.stdout:/usr/bin/ceph: stderr
2024-04-25T14:38:16.503+0000 7fca2ec00700 1 -- 172.21.15.37:0/2643762228 >> [v2:172.21.15.37:6800/4280350199,v1:172.21.15.37:6801/4280350199] conn(0x7fca0c0396c0 msgr2=0x7fca0c03bb80 secure :-1 s=STATE_CONNECTION_ESTABLISHED l=1).mark_down
2024-04-25T14:38:17.240 INFO:teuthology.orchestra.run.smithi037.stdout:/usr/bin/ceph: stderr
2024-04-25T14:38:16.503+0000 7fca2ec00700 1 --2- 172.21.15.37:0/2643762228 >> [v2:172.21.15.37:6800/4280350199,v1:172.21.15.37:6801/4280350199] conn(0x7fca0c0396c0 0x7fca0c03bb80 secure :-1 s=READY pgs=15 cs=0 l=1 rev1=1 crypto rx=0x7fca14006fd0 tx=0x7fca14006e40 comp rx=0 tx=0).stop
2024-04-25T14:38:17.240 INFO:teuthology.orchestra.run.smithi037.stdout:/usr/bin/ceph: stderr
2024-04-25T14:38:16.503+0000 7fca2ec00700 1 -- 172.21.15.37:0/2643762228 >> [v2:172.21.15.37:3300/0,v1:172.21.15.37:6789/0] conn(0x7fca28108590 msgr2=0x7fca2807db60 secure :-1 s=STATE_CONNECTION_ESTABLISHED l=1).mark_down
2024-04-25T14:38:17.241 INFO:teuthology.orchestra.run.smithi037.stdout:/usr/bin/ceph: stderr
2024-04-25T14:38:16.503+0000 7fca2ec00700 1 --2- 172.21.15.37:0/2643762228 >> [v2:172.21.15.37:3300/0,v1:172.21.15.37:6789/0] conn(0x7fca28108590 0x7fca2807db60 secure :-1 s=READY pgs=54 cs=0 l=1 rev1=1 crypto rx=0x7fca18003f90 tx=0x7fca18011b70 comp rx=0 tx=0).stop
2024-04-25T14:38:17.241 INFO:teuthology.orchestra.run.smithi037.stdout:/usr/bin/ceph: stderr
2024-04-25T14:38:16.503+0000 7fca2ec00700 1 -- 172.21.15.37:0/2643762228 shutdown_connections
2024-04-25T14:38:17.241 INFO:teuthology.orchestra.run.smithi037.stdout:/usr/bin/ceph: stderr
2024-04-25T14:38:16.503+0000 7fca2ec00700 1 --2- 172.21.15.37:0/2643762228 >> [v2:172.21.15.37:6800/4280350199,v1:172.21.15.37:6801/4280350199] conn(0x7fca0c0396c0 0x7fca0c03bb80 unknown :-1 s=CLOSED pgs=15 cs=0 l=1 rev1=1 crypto rx=0 tx=0 comp rx=0 tx=0).stop
2024-04-25T14:38:17.241 INFO:teuthology.orchestra.run.smithi037.stdout:/usr/bin/ceph: stderr
2024-04-25T14:38:16.503+0000 7fca2ec00700 1 --2- 172.21.15.37:0/2643762228 >> [v2:172.21.15.37:3300/0,v1:172.21.15.37:6789/0] conn(0x7fca28108590 0x7fca2807db60 unknown :-1 s=CLOSED pgs=54 cs=0 l=1 rev1=1 crypto rx=0 tx=0 comp rx=0 tx=0).stop
2024-04-25T14:38:17.241 INFO:teuthology.orchestra.run.smithi037.stdout:/usr/bin/ceph: stderr
2024-04-25T14:38:16.503+0000 7fca2ec00700 1 -- 172.21.15.37:0/2643762228 >> 172.21.15.37:0/2643762228 conn(0x7fca28103b50 msgr2=0x7fca281045f0 unknown :-1 s=STATE_NONE l=0).mark_down
2024-04-25T14:38:17.241 INFO:teuthology.orchestra.run.smithi037.stdout:/usr/bin/ceph: stderr
2024-04-25T14:38:16.504+0000 7fca2ec00700 1 -- 172.21.15.37:0/2643762228 shutdown_connections
2024-04-25T14:38:17.241 INFO:teuthology.orchestra.run.smithi037.stdout:/usr/bin/ceph: stderr
2024-04-25T14:38:16.504+0000 7fca2ec00700 1 -- 172.21.15.37:0/2643762228 wait complete.
2024-04-25T14:38:17.241 INFO:teuthology.orchestra.run.smithi037.stdout:Enabling the dashboard module...
2024-04-25T14:38:17.793 INFO:journalctl@ceph.mon.a.smithi037.stdout:Apr 25 14:38:17 smithi037 ceph-mon[27822]: pgmap v5: 0 pgs: ; 0 B data, 0 B used, 0 B / 0 B avail
2024-04-25T14:38:17.794 INFO:journalctl@ceph.mon.a.smithi037.stdout:Apr 25 14:38:17 smithi037 ceph-mon[27822]: from='client.? 172.21.15.37:0/2643762228' entity='client.admin'
2024-04-25T14:38:19.119 INFO:journalctl@ceph.mon.a.smithi037.stdout:Apr 25 14:38:18 smithi037 ceph-mon[27822]: from='mgr.14120 172.21.15.37:0/1320723796' entity='mgr.x'
2024-04-25T14:38:19.119 INFO:journalctl@ceph.mon.a.smithi037.stdout:Apr 25 14:38:18 smithi037 ceph-mon[27822]: from='client.? 172.21.15.37:0/4138000570' entity='client.admin' cmd=[{"prefix": "mgr module enable", "module": "dashboard"}]: dispatch
2024-04-25T14:38:19.119 INFO:journalctl@ceph.mgr.x.smithi037.stdout:Apr 25 14:38:19 smithi037 ceph-1cc363a8-0311-11ef-bc93-c7b262605968-mgr-x[28048]: ignoring --setuser ceph since I am not root
2024-04-25T14:38:19.119 INFO:journalctl@ceph.mgr.x.smithi037.stdout:Apr 25 14:38:19 smithi037 ceph-1cc363a8-0311-11ef-bc93-c7b262605968-mgr-x[28048]: ignoring --setgroup ceph since I am not root
2024-04-25T14:38:19.608 INFO:journalctl@ceph.mgr.x.smithi037.stdout:Apr 25 14:38:19 smithi037 ceph-1cc363a8-0311-11ef-bc93-c7b262605968-mgr-x[28048]:
2024-04-25T14:38:19.226+0000 7f03cd872200 -1 mgr[py] Module balancer has missing NOTIFY_TYPES member
2024-04-25T14:38:19.609 INFO:journalctl@ceph.mgr.x.smithi037.stdout:Apr 25 14:38:19 smithi037 ceph-1cc363a8-0311-11ef-bc93-c7b262605968-mgr-x[28048]:
2024-04-25T14:38:19.473+0000 7f03cd872200 -1 mgr[py] Module orchestrator has missing NOTIFY_TYPES member
2024-04-25T14:38:19.609 INFO:journalctl@ceph.mgr.x.smithi037.stdout:Apr 25 14:38:19 smithi037 ceph-1cc363a8-0311-11ef-bc93-c7b262605968-mgr-x[28048]:
2024-04-25T14:38:19.607+0000 7f03cd872200 -1 mgr[py] Module snap_schedule has missing NOTIFY_TYPES member
2024-04-25T14:38:20.131 INFO:journalctl@ceph.mon.a.smithi037.stdout:Apr 25 14:38:19 smithi037 ceph-mon[27822]: from='client.? 172.21.15.37:0/4138000570' entity='client.admin' cmd='[{"prefix": "mgr module enable", "module": "dashboard"}]': finished
2024-04-25T14:38:20.131 INFO:journalctl@ceph.mon.a.smithi037.stdout:Apr 25 14:38:19 smithi037 ceph-mon[27822]: mgrmap e9: x(active, since 26s)
