2024-04-25T14:38:34.701+0000 7fcad9e00700 1 -- 172.21.15.37:0/1101543081 --> [v2:172.21.15.37:3300/0,v1:172.21.15.37:6789/0] -- mon_subscribe({config=0+,monmap=0+}) -- 0x7fcadc109800 con 0x7fcadc108650
2024-04-25T14:38:35.790 INFO:teuthology.orchestra.run.smithi037.stdout:/usr/bin/ceph: stderr
2024-04-25T14:38:34.702+0000 7fcad9e00700 1 --2- 172.21.15.37:0/1101543081 >> [v2:172.21.15.37:3300/0,v1:172.21.15.37:6789/0] conn(0x7fcadc108650 0x7fcadc108a70 secure :-1 s=READY pgs=74 cs=0 l=1 rev1=1 crypto rx=0x7fcacc0098a0 tx=0x7fcacc009bb0 comp rx=0 tx=0).ready entity=mon.0 client_cookie=257020ae332325ff server_cookie=0 in_seq=0 out_seq=0
2024-04-25T14:38:35.790 INFO:teuthology.orchestra.run.smithi037.stdout:/usr/bin/ceph: stderr
2024-04-25T14:38:34.702+0000 7fcad8a00700 1 -- 172.21.15.37:0/1101543081 <== mon.0 v2:172.21.15.37:3300/0 1 ==== mon_map magic: 0 ==== 205+0+0 (secure 0 0 0) 0x7fcacc004160 con 0x7fcadc108650
2024-04-25T14:38:35.790 INFO:teuthology.orchestra.run.smithi037.stdout:/usr/bin/ceph: stderr
2024-04-25T14:38:34.702+0000 7fcad8a00700 1 -- 172.21.15.37:0/1101543081 <== mon.0 v2:172.21.15.37:3300/0 2 ==== config(27 keys) ==== 1135+0+0 (secure 0 0 0) 0x7fcacc004300 con 0x7fcadc108650
2024-04-25T14:38:35.790 INFO:teuthology.orchestra.run.smithi037.stdout:/usr/bin/ceph: stderr
2024-04-25T14:38:34.702+0000 7fcad8a00700 1 -- 172.21.15.37:0/1101543081 <== mon.0 v2:172.21.15.37:3300/0 3 ==== mon_map magic: 0 ==== 205+0+0 (secure 0 0 0) 0x7fcacc011af0 con 0x7fcadc108650
2024-04-25T14:38:35.790 INFO:teuthology.orchestra.run.smithi037.stdout:/usr/bin/ceph: stderr
2024-04-25T14:38:34.703+0000 7fcae0a00700 1 -- 172.21.15.37:0/1101543081 >> [v2:172.21.15.37:3300/0,v1:172.21.15.37:6789/0] conn(0x7fcadc108650 msgr2=0x7fcadc108a70 secure :-1 s=STATE_CONNECTION_ESTABLISHED l=1).mark_down
2024-04-25T14:38:35.790 INFO:teuthology.orchestra.run.smithi037.stdout:/usr/bin/ceph: stderr
2024-04-25T14:38:34.703+0000 7fcae0a00700 1 --2- 172.21.15.37:0/1101543081 >> [v2:172.21.15.37:3300/0,v1:172.21.15.37:6789/0] conn(0x7fcadc108650 0x7fcadc108a70 secure :-1 s=READY pgs=74 cs=0 l=1 rev1=1 crypto rx=0x7fcacc0098a0 tx=0x7fcacc009bb0 comp rx=0 tx=0).stop
2024-04-25T14:38:35.790 INFO:teuthology.orchestra.run.smithi037.stdout:/usr/bin/ceph: stderr
2024-04-25T14:38:34.703+0000 7fcae0a00700 1 -- 172.21.15.37:0/1101543081 shutdown_connections
2024-04-25T14:38:35.790 INFO:teuthology.orchestra.run.smithi037.stdout:/usr/bin/ceph: stderr
2024-04-25T14:38:34.703+0000 7fcae0a00700 1 --2- 172.21.15.37:0/1101543081 >> [v2:172.21.15.37:3300/0,v1:172.21.15.37:6789/0] conn(0x7fcadc108650 0x7fcadc108a70 unknown :-1 s=CLOSED pgs=74 cs=0 l=1 rev1=1 crypto rx=0 tx=0 comp rx=0 tx=0).stop
2024-04-25T14:38:35.790 INFO:teuthology.orchestra.run.smithi037.stdout:/usr/bin/ceph: stderr
2024-04-25T14:38:34.703+0000 7fcae0a00700 1 -- 172.21.15.37:0/1101543081 >> 172.21.15.37:0/1101543081 conn(0x7fcadc103cb0 msgr2=0x7fcadc1060d0 unknown :-1 s=STATE_NONE l=0).mark_down
2024-04-25T14:38:35.791 INFO:teuthology.orchestra.run.smithi037.stdout:/usr/bin/ceph: stderr
2024-04-25T14:38:34.703+0000 7fcae0a00700 1 -- 172.21.15.37:0/1101543081 shutdown_connections
2024-04-25T14:38:35.791 INFO:teuthology.orchestra.run.smithi037.stdout:/usr/bin/ceph: stderr
2024-04-25T14:38:34.703+0000 7fcae0a00700 1 -- 172.21.15.37:0/1101543081 wait complete.
2024-04-25T14:38:35.791 INFO:teuthology.orchestra.run.smithi037.stdout:/usr/bin/ceph: stderr
2024-04-25T14:38:34.705+0000 7fcae0a00700 1 Processor -- start
2024-04-25T14:38:35.791 INFO:teuthology.orchestra.run.smithi037.stdout:/usr/bin/ceph: stderr
2024-04-25T14:38:34.705+0000 7fcae0a00700 1 -- start start
2024-04-25T14:38:35.791 INFO:teuthology.orchestra.run.smithi037.stdout:/usr/bin/ceph: stderr
2024-04-25T14:38:34.705+0000 7fcae0a00700 1 --2- >> [v2:172.21.15.37:3300/0,v1:172.21.15.37:6789/0] conn(0x7fcadc108650 0x7fcadc19e670 unknown :-1 s=NONE pgs=0 cs=0 l=1 rev1=0 crypto rx=0 tx=0 comp rx=0 tx=0).connect
2024-04-25T14:38:35.791 INFO:teuthology.orchestra.run.smithi037.stdout:/usr/bin/ceph: stderr
2024-04-25T14:38:34.705+0000 7fcae0a00700 1 -- --> [v2:172.21.15.37:3300/0,v1:172.21.15.37:6789/0] -- mon_getmap magic: 0 -- 0x7fcadc10cbb0 con 0x7fcadc108650
2024-04-25T14:38:35.791 INFO:teuthology.orchestra.run.smithi037.stdout:/usr/bin/ceph: stderr
2024-04-25T14:38:34.705+0000 7fcad9e00700 1 --2- >> [v2:172.21.15.37:3300/0,v1:172.21.15.37:6789/0] conn(0x7fcadc108650 0x7fcadc19e670 unknown :-1 s=BANNER_CONNECTING pgs=0 cs=0 l=1 rev1=0 crypto rx=0 tx=0 comp rx=0 tx=0)._handle_peer_banner_payload supported=3 required=0
2024-04-25T14:38:35.791 INFO:teuthology.orchestra.run.smithi037.stdout:/usr/bin/ceph: stderr
2024-04-25T14:38:34.705+0000 7fcad9e00700 1 --2- >> [v2:172.21.15.37:3300/0,v1:172.21.15.37:6789/0] conn(0x7fcadc108650 0x7fcadc19e670 unknown :-1 s=HELLO_CONNECTING pgs=0 cs=0 l=1 rev1=1 crypto rx=0 tx=0 comp rx=0 tx=0).handle_hello peer v2:172.21.15.37:3300/0 says I am v2:172.21.15.37:56178/0 (socket says 172.21.15.37:56178)
2024-04-25T14:38:35.791 INFO:teuthology.orchestra.run.smithi037.stdout:/usr/bin/ceph: stderr
2024-04-25T14:38:34.705+0000 7fcad9e00700 1 -- 172.21.15.37:0/4026766480 learned_addr learned my addr 172.21.15.37:0/4026766480 (peer_addr_for_me v2:172.21.15.37:0/0)
2024-04-25T14:38:35.791 INFO:teuthology.orchestra.run.smithi037.stdout:/usr/bin/ceph: stderr
2024-04-25T14:38:34.706+0000 7fcad9e00700 1 -- 172.21.15.37:0/4026766480 --> [v2:172.21.15.37:3300/0,v1:172.21.15.37:6789/0] -- mon_subscribe({config=0+,monmap=0+}) -- 0x7fcadc19ebb0 con 0x7fcadc108650
2024-04-25T14:38:35.791 INFO:teuthology.orchestra.run.smithi037.stdout:/usr/bin/ceph: stderr
2024-04-25T14:38:34.706+0000 7fcad9e00700 1 --2- 172.21.15.37:0/4026766480 >> [v2:172.21.15.37:3300/0,v1:172.21.15.37:6789/0] conn(0x7fcadc108650 0x7fcadc19e670 secure :-1 s=READY pgs=75 cs=0 l=1 rev1=1 crypto rx=0x7fcacc009520 tx=0x7fcacc0045f0 comp rx=0 tx=0).ready entity=mon.0 client_cookie=0 server_cookie=0 in_seq=0 out_seq=0
2024-04-25T14:38:35.791 INFO:teuthology.orchestra.run.smithi037.stdout:/usr/bin/ceph: stderr
2024-04-25T14:38:34.706+0000 7fcad2a00700 1 -- 172.21.15.37:0/4026766480 <== mon.0 v2:172.21.15.37:3300/0 1 ==== mon_map magic: 0 ==== 205+0+0 (secure 0 0 0) 0x7fcacc0036a0 con 0x7fcadc108650
2024-04-25T14:38:35.791 INFO:teuthology.orchestra.run.smithi037.stdout:/usr/bin/ceph: stderr
2024-04-25T14:38:34.707+0000 7fcad2a00700 1 -- 172.21.15.37:0/4026766480 <== mon.0 v2:172.21.15.37:3300/0 2 ==== config(27 keys) ==== 1135+0+0 (secure 0 0 0) 0x7fcacc01a430 con 0x7fcadc108650
2024-04-25T14:38:35.791 INFO:teuthology.orchestra.run.smithi037.stdout:/usr/bin/ceph: stderr
2024-04-25T14:38:34.707+0000 7fcae0a00700 1 -- 172.21.15.37:0/4026766480 --> [v2:172.21.15.37:3300/0,v1:172.21.15.37:6789/0] -- mon_subscribe({mgrmap=0+}) -- 0x7fcadc19ee40 con 0x7fcadc108650
2024-04-25T14:38:35.794 INFO:teuthology.orchestra.run.smithi037.stdout:/usr/bin/ceph: stderr
2024-04-25T14:38:34.707+0000 7fcad2a00700 1 -- 172.21.15.37:0/4026766480 <== mon.0 v2:172.21.15.37:3300/0 3 ==== mon_map magic: 0 ==== 205+0+0 (secure 0 0 0) 0x7fcacc019550 con 0x7fcadc108650
2024-04-25T14:38:35.794 INFO:teuthology.orchestra.run.smithi037.stdout:/usr/bin/ceph: stderr
2024-04-25T14:38:34.707+0000 7fcae0a00700 1 -- 172.21.15.37:0/4026766480 --> [v2:172.21.15.37:3300/0,v1:172.21.15.37:6789/0] -- mon_subscribe({osdmap=0}) -- 0x7fcadc1a1b30 con 0x7fcadc108650
2024-04-25T14:38:35.794 INFO:teuthology.orchestra.run.smithi037.stdout:/usr/bin/ceph: stderr
2024-04-25T14:38:34.708+0000 7fcae0a00700 1 -- 172.21.15.37:0/4026766480 --> [v2:172.21.15.37:3300/0,v1:172.21.15.37:6789/0] -- mon_command({"prefix": "get_command_descriptions"} v 0) -- 0x7fcadc0640a0 con 0x7fcadc108650
2024-04-25T14:38:35.794 INFO:teuthology.orchestra.run.smithi037.stdout:/usr/bin/ceph: stderr
2024-04-25T14:38:34.708+0000 7fcad2a00700 1 -- 172.21.15.37:0/4026766480 <== mon.0 v2:172.21.15.37:3300/0 4 ==== mgrmap(e 12) ==== 46571+0+0 (secure 0 0 0) 0x7fcacc003840 con 0x7fcadc108650
2024-04-25T14:38:35.794 INFO:teuthology.orchestra.run.smithi037.stdout:/usr/bin/ceph: stderr
2024-04-25T14:38:34.709+0000 7fcad2a00700 1 --2- 172.21.15.37:0/4026766480 >> [v2:172.21.15.37:6800/3868297270,v1:172.21.15.37:6801/3868297270] conn(0x7fcac00396d0 0x7fcac003bb90 unknown :-1 s=NONE pgs=0 cs=0 l=1 rev1=0 crypto rx=0 tx=0 comp rx=0 tx=0).connect
2024-04-25T14:38:35.794 INFO:teuthology.orchestra.run.smithi037.stdout:/usr/bin/ceph: stderr
2024-04-25T14:38:34.709+0000 7fcad2a00700 1 -- 172.21.15.37:0/4026766480 <== mon.0 v2:172.21.15.37:3300/0 5 ==== osd_map(3..3 src has 1..3) ==== 1155+0+0 (secure 0 0 0) 0x7fcacc04d830 con 0x7fcadc108650
2024-04-25T14:38:35.794 INFO:teuthology.orchestra.run.smithi037.stdout:/usr/bin/ceph: stderr
2024-04-25T14:38:34.709+0000 7fcad9400700 1 --2- 172.21.15.37:0/4026766480 >> [v2:172.21.15.37:6800/3868297270,v1:172.21.15.37:6801/3868297270] conn(0x7fcac00396d0 0x7fcac003bb90 unknown :-1 s=BANNER_CONNECTING pgs=0 cs=0 l=1 rev1=0 crypto rx=0 tx=0 comp rx=0 tx=0)._handle_peer_banner_payload supported=3 required=0
2024-04-25T14:38:35.794 INFO:teuthology.orchestra.run.smithi037.stdout:/usr/bin/ceph: stderr
2024-04-25T14:38:34.710+0000 7fcad9400700 1 --2- 172.21.15.37:0/4026766480 >> [v2:172.21.15.37:6800/3868297270,v1:172.21.15.37:6801/3868297270] conn(0x7fcac00396d0 0x7fcac003bb90 secure :-1 s=READY pgs=9 cs=0 l=1 rev1=1 crypto rx=0x7fcac8006fd0 tx=0x7fcac8006e40 comp rx=0 tx=0).ready entity=mgr.14152 client_cookie=0 server_cookie=0 in_seq=0 out_seq=0
2024-04-25T14:38:35.794 INFO:teuthology.orchestra.run.smithi037.stdout:/usr/bin/ceph: stderr
2024-04-25T14:38:34.714+0000 7fcad2a00700 1 -- 172.21.15.37:0/4026766480 <== mon.0 v2:172.21.15.37:3300/0 6 ==== mon_command_ack([{"prefix": "get_command_descriptions"}]=0 v0) ==== 72+0+188370 (secure 0 0 0) 0x7fcacc016da0 con 0x7fcadc108650
2024-04-25T14:38:35.794 INFO:teuthology.orchestra.run.smithi037.stdout:/usr/bin/ceph: stderr
2024-04-25T14:38:34.945+0000 7fcae0a00700 1 -- 172.21.15.37:0/4026766480 --> [v2:172.21.15.37:3300/0,v1:172.21.15.37:6789/0] -- mon_command({"prefix": "config get", "who": "mgr", "key": "mgr/dashboard/ssl_server_port"} v 0) -- 0x7fcadc1a20e0 con 0x7fcadc108650
2024-04-25T14:38:35.794 INFO:teuthology.orchestra.run.smithi037.stdout:/usr/bin/ceph: stderr
2024-04-25T14:38:34.946+0000 7fcad2a00700 1 -- 172.21.15.37:0/4026766480 <== mon.0 v2:172.21.15.37:3300/0 7 ==== mon_command_ack([{"prefix": "config get", "who": "mgr", "key": "mgr/dashboard/ssl_server_port"}]=0 v8) ==== 112+0+5 (secure 0 0 0) 0x7fcacc019800 con 0x7fcadc108650
2024-04-25T14:38:35.795 INFO:teuthology.orchestra.run.smithi037.stdout:/usr/bin/ceph: stderr
2024-04-25T14:38:34.949+0000 7fcae0a00700 1 -- 172.21.15.37:0/4026766480 >> [v2:172.21.15.37:6800/3868297270,v1:172.21.15.37:6801/3868297270] conn(0x7fcac00396d0 msgr2=0x7fcac003bb90 secure :-1 s=STATE_CONNECTION_ESTABLISHED l=1).mark_down
2024-04-25T14:38:35.795 INFO:teuthology.orchestra.run.smithi037.stdout:/usr/bin/ceph: stderr
2024-04-25T14:38:34.949+0000 7fcae0a00700 1 --2- 172.21.15.37:0/4026766480 >> [v2:172.21.15.37:6800/3868297270,v1:172.21.15.37:6801/3868297270] conn(0x7fcac00396d0 0x7fcac003bb90 secure :-1 s=READY pgs=9 cs=0 l=1 rev1=1 crypto rx=0x7fcac8006fd0 tx=0x7fcac8006e40 comp rx=0 tx=0).stop
2024-04-25T14:38:35.795 INFO:teuthology.orchestra.run.smithi037.stdout:/usr/bin/ceph: stderr
2024-04-25T14:38:34.949+0000 7fcae0a00700 1 -- 172.21.15.37:0/4026766480 >> [v2:172.21.15.37:3300/0,v1:172.21.15.37:6789/0] conn(0x7fcadc108650 msgr2=0x7fcadc19e670 secure :-1 s=STATE_CONNECTION_ESTABLISHED l=1).mark_down
2024-04-25T14:38:35.795 INFO:teuthology.orchestra.run.smithi037.stdout:/usr/bin/ceph: stderr
2024-04-25T14:38:34.949+0000 7fcae0a00700 1 --2- 172.21.15.37:0/4026766480 >> [v2:172.21.15.37:3300/0,v1:172.21.15.37:6789/0] conn(0x7fcadc108650 0x7fcadc19e670 secure :-1 s=READY pgs=75 cs=0 l=1 rev1=1 crypto rx=0x7fcacc009520 tx=0x7fcacc0045f0 comp rx=0 tx=0).stop
2024-04-25T14:38:35.795 INFO:teuthology.orchestra.run.smithi037.stdout:/usr/bin/ceph: stderr
2024-04-25T14:38:34.949+0000 7fcae0a00700 1 -- 172.21.15.37:0/4026766480 shutdown_connections
2024-04-25T14:38:35.795 INFO:teuthology.orchestra.run.smithi037.stdout:/usr/bin/ceph: stderr
2024-04-25T14:38:34.949+0000 7fcae0a00700 1 --2- 172.21.15.37:0/4026766480 >> [v2:172.21.15.37:6800/3868297270,v1:172.21.15.37:6801/3868297270] conn(0x7fcac00396d0 0x7fcac003bb90 unknown :-1 s=CLOSED pgs=9 cs=0 l=1 rev1=1 crypto rx=0 tx=0 comp rx=0 tx=0).stop
2024-04-25T14:38:35.795 INFO:teuthology.orchestra.run.smithi037.stdout:/usr/bin/ceph: stderr
2024-04-25T14:38:34.949+0000 7fcae0a00700 1 --2- 172.21.15.37:0/4026766480 >> [v2:172.21.15.37:3300/0,v1:172.21.15.37:6789/0] conn(0x7fcadc108650 0x7fcadc19e670 unknown :-1 s=CLOSED pgs=75 cs=0 l=1 rev1=1 crypto rx=0 tx=0 comp rx=0 tx=0).stop
2024-04-25T14:38:35.795 INFO:teuthology.orchestra.run.smithi037.stdout:/usr/bin/ceph: stderr
2024-04-25T14:38:34.949+0000 7fcae0a00700 1 -- 172.21.15.37:0/4026766480 >> 172.21.15.37:0/4026766480 conn(0x7fcadc103cb0 msgr2=0x7fcadc1046b0 unknown :-1 s=STATE_NONE l=0).mark_down
2024-04-25T14:38:35.795 INFO:teuthology.orchestra.run.smithi037.stdout:/usr/bin/ceph: stderr
2024-04-25T14:38:34.949+0000 7fcae0a00700 1 -- 172.21.15.37:0/4026766480 shutdown_connections
2024-04-25T14:38:35.795 INFO:teuthology.orchestra.run.smithi037.stdout:/usr/bin/ceph: stderr
2024-04-25T14:38:34.949+0000 7fcae0a00700 1 -- 172.21.15.37:0/4026766480 wait complete.
2024-04-25T14:38:35.824 INFO:teuthology.orchestra.run.smithi037.stdout:Non-zero exit code 1 from systemctl is-enabled firewalld.service
2024-04-25T14:38:35.824 INFO:teuthology.orchestra.run.smithi037.stdout:systemctl: stdout disabled
2024-04-25T14:38:35.846 INFO:teuthology.orchestra.run.smithi037.stdout:Non-zero exit code 3 from systemctl is-active firewalld.service
2024-04-25T14:38:35.847 INFO:teuthology.orchestra.run.smithi037.stdout:systemctl: stdout inactive
2024-04-25T14:38:35.847 INFO:teuthology.orchestra.run.smithi037.stdout:firewalld.service is not enabled
2024-04-25T14:38:35.847 INFO:teuthology.orchestra.run.smithi037.stdout:Not possible to open ports <[8443]>. firewalld.service is not available
2024-04-25T14:38:35.850 INFO:teuthology.orchestra.run.smithi037.stdout:Ceph Dashboard is now available at:
2024-04-25T14:38:35.850 INFO:teuthology.orchestra.run.smithi037.stdout:
2024-04-25T14:38:35.850 INFO:teuthology.orchestra.run.smithi037.stdout: URL: https://smithi037.front.sepia.ceph.com:8443/
2024-04-25T14:38:35.851 INFO:teuthology.orchestra.run.smithi037.stdout: User: admin
2024-04-25T14:38:35.851 INFO:teuthology.orchestra.run.smithi037.stdout: Password: 41meb1ady0
2024-04-25T14:38:35.851 INFO:teuthology.orchestra.run.smithi037.stdout:
2024-04-25T14:38:35.851 INFO:teuthology.orchestra.run.smithi037.stdout:Saving cluster configuration to /var/lib/ceph/1cc363a8-0311-11ef-bc93-c7b262605968/config directory
2024-04-25T14:38:35.852 INFO:teuthology.orchestra.run.smithi037.stdout:Enabling autotune for osd_memory_target
2024-04-25T14:38:36.296 INFO:journalctl@ceph.mon.a.smithi037.stdout:Apr 25 14:38:36 smithi037 ceph-mon[27822]: mgrmap e13: x(active, since 6s)
2024-04-25T14:38:37.755 INFO:teuthology.orchestra.run.smithi037.stdout:/usr/bin/ceph: stderr
2024-04-25T14:38:36.887+0000 7fdaa3200700 1 Processor -- start
2024-04-25T14:38:37.755 INFO:teuthology.orchestra.run.smithi037.stdout:/usr/bin/ceph: stderr
2024-04-25T14:38:36.888+0000 7fdaa3200700 1 -- start start
2024-04-25T14:38:37.755 INFO:teuthology.orchestra.run.smithi037.stdout:/usr/bin/ceph: stderr
2024-04-25T14:38:36.888+0000 7fdaa3200700 1 --2- >> [v2:172.21.15.37:3300/0,v1:172.21.15.37:6789/0] conn(0x7fdaa410a620 0x7fdaa410aa40 unknown :-1 s=NONE pgs=0 cs=0 l=0 rev1=0 crypto rx=0 tx=0 comp rx=0 tx=0).connect
2024-04-25T14:38:37.755 INFO:teuthology.orchestra.run.smithi037.stdout:/usr/bin/ceph: stderr
2024-04-25T14:38:36.888+0000 7fdaa3200700 1 -- --> [v2:172.21.15.37:3300/0,v1:172.21.15.37:6789/0] -- mon_getmap magic: 0 -- 0x7fdaa410b010 con 0x7fdaa410a620
2024-04-25T14:38:37.756 INFO:teuthology.orchestra.run.smithi037.stdout:/usr/bin/ceph: stderr
2024-04-25T14:38:36.888+0000 7fdaa1e00700 1 --2- >> [v2:172.21.15.37:3300/0,v1:172.21.15.37:6789/0] conn(0x7fdaa410a620 0x7fdaa410aa40 unknown :-1 s=BANNER_CONNECTING pgs=0 cs=0 l=0 rev1=0 crypto rx=0 tx=0 comp rx=0 tx=0)._handle_peer_banner_payload supported=3 required=0
2024-04-25T14:38:37.756 INFO:teuthology.orchestra.run.smithi037.stdout:/usr/bin/ceph: stderr
2024-04-25T14:38:36.889+0000 7fdaa1e00700 1 --2- >> [v2:172.21.15.37:3300/0,v1:172.21.15.37:6789/0] conn(0x7fdaa410a620 0x7fdaa410aa40 unknown :-1 s=HELLO_CONNECTING pgs=0 cs=0 l=0 rev1=1 crypto rx=0 tx=0 comp rx=0 tx=0).handle_hello peer v2:172.21.15.37:3300/0 says I am v2:172.21.15.37:56194/0 (socket says 172.21.15.37:56194)
2024-04-25T14:38:37.756 INFO:teuthology.orchestra.run.smithi037.stdout:/usr/bin/ceph: stderr
2024-04-25T14:38:36.889+0000 7fdaa1e00700 1 -- 172.21.15.37:0/1605561536 learned_addr learned my addr 172.21.15.37:0/1605561536 (peer_addr_for_me v2:172.21.15.37:0/0)
2024-04-25T14:38:37.756 INFO:teuthology.orchestra.run.smithi037.stdout:/usr/bin/ceph: stderr
2024-04-25T14:38:36.889+0000 7fdaa1e00700 1 -- 172.21.15.37:0/1605561536 --> [v2:172.21.15.37:3300/0,v1:172.21.15.37:6789/0] -- mon_subscribe({config=0+,monmap=0+}) -- 0x7fdaa410b7d0 con 0x7fdaa410a620
2024-04-25T14:38:37.756 INFO:teuthology.orchestra.run.smithi037.stdout:/usr/bin/ceph: stderr
2024-04-25T14:38:36.890+0000 7fdaa1e00700 1 --2- 172.21.15.37:0/1605561536 >> [v2:172.21.15.37:3300/0,v1:172.21.15.37:6789/0] conn(0x7fdaa410a620 0x7fdaa410aa40 secure :-1 s=READY pgs=76 cs=0 l=1 rev1=1 crypto rx=0x7fda940098a0 tx=0x7fda94009bb0 comp rx=0 tx=0).ready entity=mon.0 client_cookie=a923729787e560fa server_cookie=0 in_seq=0 out_seq=0
2024-04-25T14:38:37.757 INFO:teuthology.orchestra.run.smithi037.stdout:/usr/bin/ceph: stderr
2024-04-25T14:38:36.890+0000 7fdaa0a00700 1 -- 172.21.15.37:0/1605561536 <== mon.0 v2:172.21.15.37:3300/0 1 ==== mon_map magic: 0 ==== 205+0+0 (secure 0 0 0) 0x7fda94004160 con 0x7fdaa410a620
2024-04-25T14:38:37.757 INFO:teuthology.orchestra.run.smithi037.stdout:/usr/bin/ceph: stderr
2024-04-25T14:38:36.890+0000 7fdaa0a00700 1 -- 172.21.15.37:0/1605561536 <== mon.0 v2:172.21.15.37:3300/0 2 ==== config(27 keys) ==== 1135+0+0 (secure 0 0 0) 0x7fda94004300 con 0x7fdaa410a620
2024-04-25T14:38:37.757 INFO:teuthology.orchestra.run.smithi037.stdout:/usr/bin/ceph: stderr
2024-04-25T14:38:36.890+0000 7fdaa0a00700 1 -- 172.21.15.37:0/1605561536 <== mon.0 v2:172.21.15.37:3300/0 3 ==== mon_map magic: 0 ==== 205+0+0 (secure 0 0 0) 0x7fda94011af0 con 0x7fdaa410a620
2024-04-25T14:38:37.758 INFO:teuthology.orchestra.run.smithi037.stdout:/usr/bin/ceph: stderr
2024-04-25T14:38:36.891+0000 7fdaa3200700 1 -- 172.21.15.37:0/1605561536 >> [v2:172.21.15.37:3300/0,v1:172.21.15.37:6789/0] conn(0x7fdaa410a620 msgr2=0x7fdaa410aa40 secure :-1 s=STATE_CONNECTION_ESTABLISHED l=1).mark_down
2024-04-25T14:38:37.758 INFO:teuthology.orchestra.run.smithi037.stdout:/usr/bin/ceph: stderr
2024-04-25T14:38:36.891+0000 7fdaa3200700 1 --2- 172.21.15.37:0/1605561536 >> [v2:172.21.15.37:3300/0,v1:172.21.15.37:6789/0] conn(0x7fdaa410a620 0x7fdaa410aa40 secure :-1 s=READY pgs=76 cs=0 l=1 rev1=1 crypto rx=0x7fda940098a0 tx=0x7fda94009bb0 comp rx=0 tx=0).stop
2024-04-25T14:38:37.758 INFO:teuthology.orchestra.run.smithi037.stdout:/usr/bin/ceph: stderr
2024-04-25T14:38:36.891+0000 7fdaa3200700 1 -- 172.21.15.37:0/1605561536 shutdown_connections
2024-04-25T14:38:37.758 INFO:teuthology.orchestra.run.smithi037.stdout:/usr/bin/ceph: stderr
2024-04-25T14:38:36.891+0000 7fdaa3200700 1 --2- 172.21.15.37:0/1605561536 >> [v2:172.21.15.37:3300/0,v1:172.21.15.37:6789/0] conn(0x7fdaa410a620 0x7fdaa410aa40 unknown :-1 s=CLOSED pgs=76 cs=0 l=1 rev1=1 crypto rx=0 tx=0 comp rx=0 tx=0).stop
2024-04-25T14:38:37.758 INFO:teuthology.orchestra.run.smithi037.stdout:/usr/bin/ceph: stderr
2024-04-25T14:38:36.891+0000 7fdaa3200700 1 -- 172.21.15.37:0/1605561536 >> 172.21.15.37:0/1605561536 conn(0x7fdaa407dc00 msgr2=0x7fdaa41084c0 unknown :-1 s=STATE_NONE l=0).mark_down
2024-04-25T14:38:37.759 INFO:teuthology.orchestra.run.smithi037.stdout:/usr/bin/ceph: stderr
2024-04-25T14:38:36.891+0000 7fdaa3200700 1 -- 172.21.15.37:0/1605561536 shutdown_connections
2024-04-25T14:38:37.759 INFO:teuthology.orchestra.run.smithi037.stdout:/usr/bin/ceph: stderr
2024-04-25T14:38:36.891+0000 7fdaa3200700 1 -- 172.21.15.37:0/1605561536 wait complete.
2024-04-25T14:38:37.759 INFO:teuthology.orchestra.run.smithi037.stdout:/usr/bin/ceph: stderr
2024-04-25T14:38:36.892+0000 7fdaa3200700 1 Processor -- start
2024-04-25T14:38:37.759 INFO:teuthology.orchestra.run.smithi037.stdout:/usr/bin/ceph: stderr
2024-04-25T14:38:36.892+0000 7fdaa3200700 1 -- start start
2024-04-25T14:38:37.759 INFO:teuthology.orchestra.run.smithi037.stdout:/usr/bin/ceph: stderr
2024-04-25T14:38:36.893+0000 7fdaa3200700 1 --2- >> [v2:172.21.15.37:3300/0,v1:172.21.15.37:6789/0] conn(0x7fdaa410a620 0x7fdaa419e4e0 unknown :-1 s=NONE pgs=0 cs=0 l=1 rev1=0 crypto rx=0 tx=0 comp rx=0 tx=0).connect
2024-04-25T14:38:37.759 INFO:teuthology.orchestra.run.smithi037.stdout:/usr/bin/ceph: stderr
2024-04-25T14:38:36.893+0000 7fdaa3200700 1 -- --> [v2:172.21.15.37:3300/0,v1:172.21.15.37:6789/0] -- mon_getmap magic: 0 -- 0x7fdaa410eb80 con 0x7fdaa410a620
2024-04-25T14:38:37.761 INFO:teuthology.orchestra.run.smithi037.stdout:/usr/bin/ceph: stderr
2024-04-25T14:38:36.893+0000 7fdaa1e00700 1 --2- >> [v2:172.21.15.37:3300/0,v1:172.21.15.37:6789/0] conn(0x7fdaa410a620 0x7fdaa419e4e0 unknown :-1 s=BANNER_CONNECTING pgs=0 cs=0 l=1 rev1=0 crypto rx=0 tx=0 comp rx=0 tx=0)._handle_peer_banner_payload supported=3 required=0
2024-04-25T14:38:37.761 INFO:teuthology.orchestra.run.smithi037.stdout:/usr/bin/ceph: stderr
2024-04-25T14:38:36.893+0000 7fdaa1e00700 1 --2- >> [v2:172.21.15.37:3300/0,v1:172.21.15.37:6789/0] conn(0x7fdaa410a620 0x7fdaa419e4e0 unknown :-1 s=HELLO_CONNECTING pgs=0 cs=0 l=1 rev1=1 crypto rx=0 tx=0 comp rx=0 tx=0).handle_hello peer v2:172.21.15.37:3300/0 says I am v2:172.21.15.37:56208/0 (socket says 172.21.15.37:56208)
2024-04-25T14:38:37.761 INFO:teuthology.orchestra.run.smithi037.stdout:/usr/bin/ceph: stderr
2024-04-25T14:38:36.893+0000 7fdaa1e00700 1 -- 172.21.15.37:0/385689153 learned_addr learned my addr 172.21.15.37:0/385689153 (peer_addr_for_me v2:172.21.15.37:0/0)
2024-04-25T14:38:37.761 INFO:teuthology.orchestra.run.smithi037.stdout:/usr/bin/ceph: stderr
2024-04-25T14:38:36.893+0000 7fdaa1e00700 1 -- 172.21.15.37:0/385689153 --> [v2:172.21.15.37:3300/0,v1:172.21.15.37:6789/0] -- mon_subscribe({config=0+,monmap=0+}) -- 0x7fdaa419ea20 con 0x7fdaa410a620
2024-04-25T14:38:37.761 INFO:teuthology.orchestra.run.smithi037.stdout:/usr/bin/ceph: stderr
2024-04-25T14:38:36.894+0000 7fdaa1e00700 1 --2- 172.21.15.37:0/385689153 >> [v2:172.21.15.37:3300/0,v1:172.21.15.37:6789/0] conn(0x7fdaa410a620 0x7fdaa419e4e0 secure :-1 s=READY pgs=77 cs=0 l=1 rev1=1 crypto rx=0x7fda940117b0 tx=0x7fda94011b70 comp rx=0 tx=0).ready entity=mon.0 client_cookie=0 server_cookie=0 in_seq=0 out_seq=0
2024-04-25T14:38:37.761 INFO:teuthology.orchestra.run.smithi037.stdout:/usr/bin/ceph: stderr
2024-04-25T14:38:36.894+0000 7fda9aa00700 1 -- 172.21.15.37:0/385689153 <== mon.0 v2:172.21.15.37:3300/0 1 ==== mon_map magic: 0 ==== 205+0+0 (secure 0 0 0) 0x7fda940039e0 con 0x7fdaa410a620
2024-04-25T14:38:37.761 INFO:teuthology.orchestra.run.smithi037.stdout:/usr/bin/ceph: stderr
2024-04-25T14:38:36.894+0000 7fda9aa00700 1 -- 172.21.15.37:0/385689153 <== mon.0 v2:172.21.15.37:3300/0 2 ==== config(27 keys) ==== 1135+0+0 (secure 0 0 0) 0x7fda94003b80 con 0x7fdaa410a620
2024-04-25T14:38:37.761 INFO:teuthology.orchestra.run.smithi037.stdout:/usr/bin/ceph: stderr
2024-04-25T14:38:36.894+0000 7fdaa3200700 1 -- 172.21.15.37:0/385689153 --> [v2:172.21.15.37:3300/0,v1:172.21.15.37:6789/0] -- mon_subscribe({mgrmap=0+}) -- 0x7fdaa419ecb0 con 0x7fdaa410a620
2024-04-25T14:38:37.761 INFO:teuthology.orchestra.run.smithi037.stdout:/usr/bin/ceph: stderr
2024-04-25T14:38:36.894+0000 7fda9aa00700 1 -- 172.21.15.37:0/385689153 <== mon.0 v2:172.21.15.37:3300/0 3 ==== mon_map magic: 0 ==== 205+0+0 (secure 0 0 0) 0x7fda94024780 con 0x7fdaa410a620
2024-04-25T14:38:37.761 INFO:teuthology.orchestra.run.smithi037.stdout:/usr/bin/ceph: stderr
2024-04-25T14:38:36.894+0000 7fdaa3200700 1 -- 172.21.15.37:0/385689153 --> [v2:172.21.15.37:3300/0,v1:172.21.15.37:6789/0] -- mon_subscribe({osdmap=0}) -- 0x7fdaa41a19a0 con 0x7fdaa410a620
2024-04-25T14:38:37.761 INFO:teuthology.orchestra.run.smithi037.stdout:/usr/bin/ceph: stderr
2024-04-25T14:38:36.895+0000 7fda9aa00700 1 -- 172.21.15.37:0/385689153 <== mon.0 v2:172.21.15.37:3300/0 4 ==== mgrmap(e 13) ==== 46614+0+0 (secure 0 0 0) 0x7fda94022020 con 0x7fdaa410a620
2024-04-25T14:38:37.761 INFO:teuthology.orchestra.run.smithi037.stdout:/usr/bin/ceph: stderr
2024-04-25T14:38:36.895+0000 7fdaa3200700 1 -- 172.21.15.37:0/385689153 --> [v2:172.21.15.37:3300/0,v1:172.21.15.37:6789/0] -- mon_command({"prefix": "get_command_descriptions"} v 0) -- 0x7fdaa40640a0 con 0x7fdaa410a620
2024-04-25T14:38:37.761 INFO:teuthology.orchestra.run.smithi037.stdout:/usr/bin/ceph: stderr
2024-04-25T14:38:36.896+0000 7fda9aa00700 1 --2- 172.21.15.37:0/385689153 >> [v2:172.21.15.37:6800/3868297270,v1:172.21.15.37:6801/3868297270] conn(0x7fda880397c0 0x7fda8803bc80 unknown :-1 s=NONE pgs=0 cs=0 l=1 rev1=0 crypto rx=0 tx=0 comp rx=0 tx=0).connect
2024-04-25T14:38:37.762 INFO:teuthology.orchestra.run.smithi037.stdout:/usr/bin/ceph: stderr
2024-04-25T14:38:36.896+0000 7fda9aa00700 1 -- 172.21.15.37:0/385689153 <== mon.0 v2:172.21.15.37:3300/0 5 ==== osd_map(3..3 src has 1..3) ==== 1155+0+0 (secure 0 0 0) 0x7fda9404d920 con 0x7fdaa410a620
2024-04-25T14:38:37.763 INFO:teuthology.orchestra.run.smithi037.stdout:/usr/bin/ceph: stderr
2024-04-25T14:38:36.896+0000 7fdaa1400700 1 --2- 172.21.15.37:0/385689153 >> [v2:172.21.15.37:6800/3868297270,v1:172.21.15.37:6801/3868297270] conn(0x7fda880397c0 0x7fda8803bc80 unknown :-1 s=BANNER_CONNECTING pgs=0 cs=0 l=1 rev1=0 crypto rx=0 tx=0 comp rx=0 tx=0)._handle_peer_banner_payload supported=3 required=0
2024-04-25T14:38:37.763 INFO:teuthology.orchestra.run.smithi037.stdout:/usr/bin/ceph: stderr
2024-04-25T14:38:36.897+0000 7fdaa1400700 1 --2- 172.21.15.37:0/385689153 >> [v2:172.21.15.37:6800/3868297270,v1:172.21.15.37:6801/3868297270] conn(0x7fda880397c0 0x7fda8803bc80 secure :-1 s=READY pgs=10 cs=0 l=1 rev1=1 crypto rx=0x7fda90006fd0 tx=0x7fda90006e40 comp rx=0 tx=0).ready entity=mgr.14152 client_cookie=0 server_cookie=0 in_seq=0 out_seq=0
2024-04-25T14:38:37.764 INFO:teuthology.orchestra.run.smithi037.stdout:/usr/bin/ceph: stderr
2024-04-25T14:38:36.902+0000 7fda9aa00700 1 -- 172.21.15.37:0/385689153 <== mon.0 v2:172.21.15.37:3300/0 6 ==== mon_command_ack([{"prefix": "get_command_descriptions"}]=0 v0) ==== 72+0+188370 (secure 0 0 0) 0x7fda9400b3e0 con 0x7fdaa410a620
2024-04-25T14:38:37.764 INFO:teuthology.orchestra.run.smithi037.stdout:/usr/bin/ceph: stderr
2024-04-25T14:38:37.135+0000 7fdaa3200700 1 -- 172.21.15.37:0/385689153 --> [v2:172.21.15.37:3300/0,v1:172.21.15.37:6789/0] -- mon_command([{prefix=config set, name=osd_memory_target_autotune}] v 0) -- 0x7fdaa41a1b70 con 0x7fdaa410a620
2024-04-25T14:38:37.764 INFO:teuthology.orchestra.run.smithi037.stdout:/usr/bin/ceph: stderr
2024-04-25T14:38:37.136+0000 7fda9aa00700 1 -- 172.21.15.37:0/385689153 <== mon.0 v2:172.21.15.37:3300/0 7 ==== mon_command_ack([{prefix=config set, name=osd_memory_target_autotune}]=0 v8)=0 v8) ==== 127+0+0 (secure 0 0 0) 0x7fda9401abf0 con 0x7fdaa410a620
2024-04-25T14:38:37.764 INFO:teuthology.orchestra.run.smithi037.stdout:/usr/bin/ceph: stderr
2024-04-25T14:38:37.139+0000 7fdaa3200700 1 -- 172.21.15.37:0/385689153 >> [v2:172.21.15.37:6800/3868297270,v1:172.21.15.37:6801/3868297270] conn(0x7fda880397c0 msgr2=0x7fda8803bc80 secure :-1 s=STATE_CONNECTION_ESTABLISHED l=1).mark_down
2024-04-25T14:38:37.764 INFO:teuthology.orchestra.run.smithi037.stdout:/usr/bin/ceph: stderr
2024-04-25T14:38:37.139+0000 7fdaa3200700 1 --2- 172.21.15.37:0/385689153 >> [v2:172.21.15.37:6800/3868297270,v1:172.21.15.37:6801/3868297270] conn(0x7fda880397c0 0x7fda8803bc80 secure :-1 s=READY pgs=10 cs=0 l=1 rev1=1 crypto rx=0x7fda90006fd0 tx=0x7fda90006e40 comp rx=0 tx=0).stop
2024-04-25T14:38:37.764 INFO:teuthology.orchestra.run.smithi037.stdout:/usr/bin/ceph: stderr
2024-04-25T14:38:37.139+0000 7fdaa3200700 1 -- 172.21.15.37:0/385689153 >> [v2:172.21.15.37:3300/0,v1:172.21.15.37:6789/0] conn(0x7fdaa410a620 msgr2=0x7fdaa419e4e0 secure :-1 s=STATE_CONNECTION_ESTABLISHED l=1).mark_down
2024-04-25T14:38:37.764 INFO:teuthology.orchestra.run.smithi037.stdout:/usr/bin/ceph: stderr
2024-04-25T14:38:37.139+0000 7fdaa3200700 1 --2- 172.21.15.37:0/385689153 >> [v2:172.21.15.37:3300/0,v1:172.21.15.37:6789/0] conn(0x7fdaa410a620 0x7fdaa419e4e0 secure :-1 s=READY pgs=77 cs=0 l=1 rev1=1 crypto rx=0x7fda940117b0 tx=0x7fda94011b70 comp rx=0 tx=0).stop
2024-04-25T14:38:37.764 INFO:teuthology.orchestra.run.smithi037.stdout:/usr/bin/ceph: stderr
2024-04-25T14:38:37.139+0000 7fdaa3200700 1 -- 172.21.15.37:0/385689153 shutdown_connections
2024-04-25T14:38:37.764 INFO:teuthology.orchestra.run.smithi037.stdout:/usr/bin/ceph: stderr
2024-04-25T14:38:37.139+0000 7fdaa3200700 1 --2- 172.21.15.37:0/385689153 >> [v2:172.21.15.37:6800/3868297270,v1:172.21.15.37:6801/3868297270] conn(0x7fda880397c0 0x7fda8803bc80 unknown :-1 s=CLOSED pgs=10 cs=0 l=1 rev1=1 crypto rx=0 tx=0 comp rx=0 tx=0).stop
2024-04-25T14:38:37.764 INFO:teuthology.orchestra.run.smithi037.stdout:/usr/bin/ceph: stderr
2024-04-25T14:38:37.139+0000 7fdaa3200700 1 --2- 172.21.15.37:0/385689153 >> [v2:172.21.15.37:3300/0,v1:172.21.15.37:6789/0] conn(0x7fdaa410a620 0x7fdaa419e4e0 unknown :-1 s=CLOSED pgs=77 cs=0 l=1 rev1=1 crypto rx=0 tx=0 comp rx=0 tx=0).stop
2024-04-25T14:38:37.764 INFO:teuthology.orchestra.run.smithi037.stdout:/usr/bin/ceph: stderr
2024-04-25T14:38:37.139+0000 7fdaa3200700 1 -- 172.21.15.37:0/385689153 >> 172.21.15.37:0/385689153 conn(0x7fdaa407dc00 msgr2=0x7fdaa4107b80 unknown :-1 s=STATE_NONE l=0).mark_down
2024-04-25T14:38:37.764 INFO:teuthology.orchestra.run.smithi037.stdout:/usr/bin/ceph: stderr
2024-04-25T14:38:37.139+0000 7fdaa3200700 1 -- 172.21.15.37:0/385689153 shutdown_connections
2024-04-25T14:38:37.764 INFO:teuthology.orchestra.run.smithi037.stdout:/usr/bin/ceph: stderr
2024-04-25T14:38:37.140+0000 7fdaa3200700 1 -- 172.21.15.37:0/385689153 wait complete.
2024-04-25T14:38:39.369 INFO:teuthology.orchestra.run.smithi037.stdout:/usr/bin/ceph: stderr
2024-04-25T14:38:38.394+0000 7f3047600700 1 Processor -- start
2024-04-25T14:38:39.369 INFO:teuthology.orchestra.run.smithi037.stdout:/usr/bin/ceph: stderr
2024-04-25T14:38:38.394+0000 7f3047600700 1 -- start start
2024-04-25T14:38:39.369 INFO:teuthology.orchestra.run.smithi037.stdout:/usr/bin/ceph: stderr
2024-04-25T14:38:38.395+0000 7f3047600700 1 --2- >> [v2:172.21.15.37:3300/0,v1:172.21.15.37:6789/0] conn(0x7f304010a7f0 0x7f304010ac10 unknown :-1 s=NONE pgs=0 cs=0 l=0 rev1=0 crypto rx=0 tx=0 comp rx=0 tx=0).connect
2024-04-25T14:38:39.369 INFO:teuthology.orchestra.run.smithi037.stdout:/usr/bin/ceph: stderr
2024-04-25T14:38:38.395+0000 7f3047600700 1 -- --> [v2:172.21.15.37:3300/0,v1:172.21.15.37:6789/0] -- mon_getmap magic: 0 -- 0x7f304010b1e0 con 0x7f304010a7f0
2024-04-25T14:38:39.369 INFO:teuthology.orchestra.run.smithi037.stdout:/usr/bin/ceph: stderr
2024-04-25T14:38:38.395+0000 7f3044c00700 1 --2- >> [v2:172.21.15.37:3300/0,v1:172.21.15.37:6789/0] conn(0x7f304010a7f0 0x7f304010ac10 unknown :-1 s=BANNER_CONNECTING pgs=0 cs=0 l=0 rev1=0 crypto rx=0 tx=0 comp rx=0 tx=0)._handle_peer_banner_payload supported=3 required=0
2024-04-25T14:38:39.369 INFO:teuthology.orchestra.run.smithi037.stdout:/usr/bin/ceph: stderr
2024-04-25T14:38:38.395+0000 7f3044c00700 1 --2- >> [v2:172.21.15.37:3300/0,v1:172.21.15.37:6789/0] conn(0x7f304010a7f0 0x7f304010ac10 unknown :-1 s=HELLO_CONNECTING pgs=0 cs=0 l=0 rev1=1 crypto rx=0 tx=0 comp rx=0 tx=0).handle_hello peer v2:172.21.15.37:3300/0 says I am v2:172.21.15.37:56222/0 (socket says 172.21.15.37:56222)
2024-04-25T14:38:39.369 INFO:teuthology.orchestra.run.smithi037.stdout:/usr/bin/ceph: stderr
2024-04-25T14:38:38.395+0000 7f3044c00700 1 -- 172.21.15.37:0/3623209853 learned_addr learned my addr 172.21.15.37:0/3623209853 (peer_addr_for_me v2:172.21.15.37:0/0)
2024-04-25T14:38:39.369 INFO:teuthology.orchestra.run.smithi037.stdout:/usr/bin/ceph: stderr
2024-04-25T14:38:38.395+0000 7f3044c00700 1 -- 172.21.15.37:0/3623209853 --> [v2:172.21.15.37:3300/0,v1:172.21.15.37:6789/0] -- mon_subscribe({config=0+,monmap=0+}) -- 0x7f304010b9a0 con 0x7f304010a7f0
2024-04-25T14:38:39.369 INFO:teuthology.orchestra.run.smithi037.stdout:/usr/bin/ceph: stderr
2024-04-25T14:38:38.396+0000 7f3044c00700 1 --2- 172.21.15.37:0/3623209853 >> [v2:172.21.15.37:3300/0,v1:172.21.15.37:6789/0] conn(0x7f304010a7f0 0x7f304010ac10 secure :-1 s=READY pgs=78 cs=0 l=1 rev1=1 crypto rx=0x7f30340098a0 tx=0x7f3034009bb0 comp rx=0 tx=0).ready entity=mon.0 client_cookie=dfb948bafbca2d07 server_cookie=0 in_seq=0 out_seq=0
2024-04-25T14:38:39.374 INFO:teuthology.orchestra.run.smithi037.stdout:/usr/bin/ceph: stderr
2024-04-25T14:38:38.396+0000 7f303f400700 1 -- 172.21.15.37:0/3623209853 <== mon.0 v2:172.21.15.37:3300/0 1 ==== mon_map magic: 0 ==== 205+0+0 (secure 0 0 0) 0x7f3034004160 con 0x7f304010a7f0
2024-04-25T14:38:39.375 INFO:teuthology.orchestra.run.smithi037.stdout:/usr/bin/ceph: stderr
2024-04-25T14:38:38.396+0000 7f303f400700 1 -- 172.21.15.37:0/3623209853 <== mon.0 v2:172.21.15.37:3300/0 2 ==== config(27 keys) ==== 1135+0+0 (secure 0 0 0) 0x7f3034004300 con 0x7f304010a7f0
2024-04-25T14:38:39.375 INFO:teuthology.orchestra.run.smithi037.stdout:/usr/bin/ceph: stderr
2024-04-25T14:38:38.396+0000 7f303f400700 1 -- 172.21.15.37:0/3623209853 <== mon.0 v2:172.21.15.37:3300/0 3 ==== mon_map magic: 0 ==== 205+0+0 (secure 0 0 0) 0x7f3034011af0 con 0x7f304010a7f0
2024-04-25T14:38:39.375 INFO:teuthology.orchestra.run.smithi037.stdout:/usr/bin/ceph: stderr
2024-04-25T14:38:38.397+0000 7f3047600700 1 -- 172.21.15.37:0/3623209853 >> [v2:172.21.15.37:3300/0,v1:172.21.15.37:6789/0] conn(0x7f304010a7f0 msgr2=0x7f304010ac10 secure :-1 s=STATE_CONNECTION_ESTABLISHED l=1).mark_down
2024-04-25T14:38:39.375 INFO:teuthology.orchestra.run.smithi037.stdout:/usr/bin/ceph: stderr
2024-04-25T14:38:38.397+0000 7f3047600700 1 --2- 172.21.15.37:0/3623209853 >> [v2:172.21.15.37:3300/0,v1:172.21.15.37:6789/0] conn(0x7f304010a7f0 0x7f304010ac10 secure :-1 s=READY pgs=78 cs=0 l=1 rev1=1 crypto rx=0x7f30340098a0 tx=0x7f3034009bb0 comp rx=0 tx=0).stop
2024-04-25T14:38:39.375 INFO:teuthology.orchestra.run.smithi037.stdout:/usr/bin/ceph: stderr
2024-04-25T14:38:38.397+0000 7f3047600700 1 -- 172.21.15.37:0/3623209853 shutdown_connections
2024-04-25T14:38:39.375 INFO:teuthology.orchestra.run.smithi037.stdout:/usr/bin/ceph: stderr
2024-04-25T14:38:38.397+0000 7f3047600700 1 --2- 172.21.15.37:0/3623209853 >> [v2:172.21.15.37:3300/0,v1:172.21.15.37:6789/0] conn(0x7f304010a7f0 0x7f304010ac10 unknown :-1 s=CLOSED pgs=78 cs=0 l=1 rev1=1 crypto rx=0 tx=0 comp rx=0 tx=0).stop
2024-04-25T14:38:39.375 INFO:teuthology.orchestra.run.smithi037.stdout:/usr/bin/ceph: stderr
2024-04-25T14:38:38.397+0000 7f3047600700 1 -- 172.21.15.37:0/3623209853 >> 172.21.15.37:0/3623209853 conn(0x7f304007de00 msgr2=0x7f30401084c0 unknown :-1 s=STATE_NONE l=0).mark_down
2024-04-25T14:38:39.375 INFO:teuthology.orchestra.run.smithi037.stdout:/usr/bin/ceph: stderr
2024-04-25T14:38:38.397+0000 7f3047600700 1 -- 172.21.15.37:0/3623209853 shutdown_connections
2024-04-25T14:38:39.375 INFO:teuthology.orchestra.run.smithi037.stdout:/usr/bin/ceph: stderr
2024-04-25T14:38:38.397+0000 7f3047600700 1 -- 172.21.15.37:0/3623209853 wait complete.
2024-04-25T14:38:39.375 INFO:teuthology.orchestra.run.smithi037.stdout:/usr/bin/ceph: stderr
2024-04-25T14:38:38.398+0000 7f3047600700 1 Processor -- start
2024-04-25T14:38:39.375 INFO:teuthology.orchestra.run.smithi037.stdout:/usr/bin/ceph: stderr
2024-04-25T14:38:38.398+0000 7f3047600700 1 -- start start
2024-04-25T14:38:39.375 INFO:teuthology.orchestra.run.smithi037.stdout:/usr/bin/ceph: stderr
2024-04-25T14:38:38.399+0000 7f3047600700 1 --2- >> [v2:172.21.15.37:3300/0,v1:172.21.15.37:6789/0] conn(0x7f304010a7f0 0x7f304019e5c0 unknown :-1 s=NONE pgs=0 cs=0 l=1 rev1=0 crypto rx=0 tx=0 comp rx=0 tx=0).connect
2024-04-25T14:38:39.375 INFO:teuthology.orchestra.run.smithi037.stdout:/usr/bin/ceph: stderr
2024-04-25T14:38:38.399+0000 7f3047600700 1 -- --> [v2:172.21.15.37:3300/0,v1:172.21.15.37:6789/0] -- mon_getmap magic: 0 -- 0x7f304010ed50 con 0x7f304010a7f0
2024-04-25T14:38:39.376 INFO:teuthology.orchestra.run.smithi037.stdout:/usr/bin/ceph: stderr
2024-04-25T14:38:38.399+0000 7f3044c00700 1 --2- >> [v2:172.21.15.37:3300/0,v1:172.21.15.37:6789/0] conn(0x7f304010a7f0 0x7f304019e5c0 unknown :-1 s=BANNER_CONNECTING pgs=0 cs=0 l=1 rev1=0 crypto rx=0 tx=0 comp rx=0 tx=0)._handle_peer_banner_payload supported=3 required=0
2024-04-25T14:38:39.376 INFO:teuthology.orchestra.run.smithi037.stdout:/usr/bin/ceph: stderr
2024-04-25T14:38:38.399+0000 7f3044c00700 1 --2- >> [v2:172.21.15.37:3300/0,v1:172.21.15.37:6789/0] conn(0x7f304010a7f0 0x7f304019e5c0 unknown :-1 s=HELLO_CONNECTING pgs=0 cs=0 l=1 rev1=1 crypto rx=0 tx=0 comp rx=0 tx=0).handle_hello peer v2:172.21.15.37:3300/0 says I am v2:172.21.15.37:56236/0 (socket says 172.21.15.37:56236)
2024-04-25T14:38:39.376 INFO:teuthology.orchestra.run.smithi037.stdout:/usr/bin/ceph: stderr
2024-04-25T14:38:38.399+0000 7f3044c00700 1 -- 172.21.15.37:0/3865966108 learned_addr learned my addr 172.21.15.37:0/3865966108 (peer_addr_for_me v2:172.21.15.37:0/0)
2024-04-25T14:38:39.376 INFO:teuthology.orchestra.run.smithi037.stdout:/usr/bin/ceph: stderr
2024-04-25T14:38:38.399+0000 7f3044c00700 1 -- 172.21.15.37:0/3865966108 --> [v2:172.21.15.37:3300/0,v1:172.21.15.37:6789/0] -- mon_subscribe({config=0+,monmap=0+}) -- 0x7f304019eb00 con 0x7f304010a7f0
2024-04-25T14:38:39.376 INFO:teuthology.orchestra.run.smithi037.stdout:/usr/bin/ceph: stderr
2024-04-25T14:38:38.400+0000 7f3044c00700 1 --2- 172.21.15.37:0/3865966108 >> [v2:172.21.15.37:3300/0,v1:172.21.15.37:6789/0] conn(0x7f304010a7f0 0x7f304019e5c0 secure :-1 s=READY pgs=79 cs=0 l=1 rev1=1 crypto rx=0x7f3034003f90 tx=0x7f3034011b70 comp rx=0 tx=0).ready entity=mon.0 client_cookie=0 server_cookie=0 in_seq=0 out_seq=0
2024-04-25T14:38:39.376 INFO:teuthology.orchestra.run.smithi037.stdout:/usr/bin/ceph: stderr
2024-04-25T14:38:38.400+0000 7f303d600700 1 -- 172.21.15.37:0/3865966108 <== mon.0 v2:172.21.15.37:3300/0 1 ==== mon_map magic: 0 ==== 205+0+0 (secure 0 0 0) 0x7f30340039e0 con 0x7f304010a7f0
2024-04-25T14:38:39.376 INFO:teuthology.orchestra.run.smithi037.stdout:/usr/bin/ceph: stderr
2024-04-25T14:38:38.400+0000 7f303d600700 1 -- 172.21.15.37:0/3865966108 <== mon.0 v2:172.21.15.37:3300/0 2 ==== config(27 keys) ==== 1135+0+0 (secure 0 0 0) 0x7f3034003b80 con 0x7f304010a7f0
2024-04-25T14:38:39.376 INFO:teuthology.orchestra.run.smithi037.stdout:/usr/bin/ceph: stderr
2024-04-25T14:38:38.400+0000 7f303d600700 1 -- 172.21.15.37:0/3865966108 <== mon.0 v2:172.21.15.37:3300/0 3 ==== mon_map magic: 0 ==== 205+0+0 (secure 0 0 0) 0x7f30340196e0 con 0x7f304010a7f0
2024-04-25T14:38:39.376 INFO:teuthology.orchestra.run.smithi037.stdout:/usr/bin/ceph: stderr
2024-04-25T14:38:38.400+0000 7f3047600700 1 -- 172.21.15.37:0/3865966108 --> [v2:172.21.15.37:3300/0,v1:172.21.15.37:6789/0] -- mon_subscribe({mgrmap=0+}) -- 0x7f304019ed90 con 0x7f304010a7f0
2024-04-25T14:38:39.376 INFO:teuthology.orchestra.run.smithi037.stdout:/usr/bin/ceph: stderr
2024-04-25T14:38:38.400+0000 7f3047600700 1 -- 172.21.15.37:0/3865966108 --> [v2:172.21.15.37:3300/0,v1:172.21.15.37:6789/0] -- mon_subscribe({osdmap=0}) -- 0x7f30401a1a80 con 0x7f304010a7f0
2024-04-25T14:38:39.376 INFO:teuthology.orchestra.run.smithi037.stdout:/usr/bin/ceph: stderr
2024-04-25T14:38:38.401+0000 7f303d600700 1 -- 172.21.15.37:0/3865966108 <== mon.0 v2:172.21.15.37:3300/0 4 ==== mgrmap(e 13) ==== 46614+0+0 (secure 0 0 0) 0x7f3034022020 con 0x7f304010a7f0
2024-04-25T14:38:39.376 INFO:teuthology.orchestra.run.smithi037.stdout:/usr/bin/ceph: stderr
2024-04-25T14:38:38.401+0000 7f3047600700 1 -- 172.21.15.37:0/3865966108 --> [v2:172.21.15.37:3300/0,v1:172.21.15.37:6789/0] -- mon_command({"prefix": "get_command_descriptions"} v 0) -- 0x7f30400640a0 con 0x7f304010a7f0
2024-04-25T14:38:39.376 INFO:teuthology.orchestra.run.smithi037.stdout:/usr/bin/ceph: stderr
2024-04-25T14:38:38.402+0000 7f303d600700 1 --2- 172.21.15.37:0/3865966108 >> [v2:172.21.15.37:6800/3868297270,v1:172.21.15.37:6801/3868297270] conn(0x7f30280397c0 0x7f302803bc80 unknown :-1 s=NONE pgs=0 cs=0 l=1 rev1=0 crypto rx=0 tx=0 comp rx=0 tx=0).connect
2024-04-25T14:38:39.376 INFO:teuthology.orchestra.run.smithi037.stdout:/usr/bin/ceph: stderr
2024-04-25T14:38:38.402+0000 7f303d600700 1 -- 172.21.15.37:0/3865966108 <== mon.0 v2:172.21.15.37:3300/0 5 ==== osd_map(3..3 src has 1..3) ==== 1155+0+0 (secure 0 0 0) 0x7f303404d9e0 con 0x7f304010a7f0
2024-04-25T14:38:39.377 INFO:teuthology.orchestra.run.smithi037.stdout:/usr/bin/ceph: stderr
2024-04-25T14:38:38.402+0000 7f303fe00700 1 --2- 172.21.15.37:0/3865966108 >> [v2:172.21.15.37:6800/3868297270,v1:172.21.15.37:6801/3868297270] conn(0x7f30280397c0 0x7f302803bc80 unknown :-1 s=BANNER_CONNECTING pgs=0 cs=0 l=1 rev1=0 crypto rx=0 tx=0 comp rx=0 tx=0)._handle_peer_banner_payload supported=3 required=0
2024-04-25T14:38:39.377 INFO:teuthology.orchestra.run.smithi037.stdout:/usr/bin/ceph: stderr
2024-04-25T14:38:38.403+0000 7f303fe00700 1 --2- 172.21.15.37:0/3865966108 >> [v2:172.21.15.37:6800/3868297270,v1:172.21.15.37:6801/3868297270] conn(0x7f30280397c0 0x7f302803bc80 secure :-1 s=READY pgs=11 cs=0 l=1 rev1=1 crypto rx=0x7f302c006fd0 tx=0x7f302c006e40 comp rx=0 tx=0).ready entity=mgr.14152 client_cookie=0 server_cookie=0 in_seq=0 out_seq=0
2024-04-25T14:38:39.377 INFO:teuthology.orchestra.run.smithi037.stdout:/usr/bin/ceph: stderr
2024-04-25T14:38:38.407+0000 7f303d600700 1 -- 172.21.15.37:0/3865966108 <== mon.0 v2:172.21.15.37:3300/0 6 ==== mon_command_ack([{"prefix": "get_command_descriptions"}]=0 v0) ==== 72+0+188370 (secure 0 0 0) 0x7f303400f2e0 con 0x7f304010a7f0
2024-04-25T14:38:39.377 INFO:teuthology.orchestra.run.smithi037.stdout:/usr/bin/ceph: stderr
2024-04-25T14:38:38.760+0000 7f3047600700 1 -- 172.21.15.37:0/3865966108 --> [v2:172.21.15.37:3300/0,v1:172.21.15.37:6789/0] -- mon_command([{prefix=config-key set, key=mgr/dashboard/cluster/status}] v 0) -- 0x7f30401a2030 con 0x7f304010a7f0
2024-04-25T14:38:39.377 INFO:teuthology.orchestra.run.smithi037.stdout:/usr/bin/ceph: stderr
2024-04-25T14:38:38.766+0000 7f303d600700 1 -- 172.21.15.37:0/3865966108 <== mon.0 v2:172.21.15.37:3300/0 7 ==== mon_command_ack([{prefix=config-key set, key=mgr/dashboard/cluster/status}]=0 set mgr/dashboard/cluster/status v28)=0 set mgr/dashboard/cluster/status v28) ==== 153+0+0 (secure 0 0 0) 0x7f303401a430 con 0x7f304010a7f0
2024-04-25T14:38:39.377 INFO:teuthology.orchestra.run.smithi037.stdout:/usr/bin/ceph: stderr
2024-04-25T14:38:38.769+0000 7f3047600700 1 -- 172.21.15.37:0/3865966108 >> [v2:172.21.15.37:6800/3868297270,v1:172.21.15.37:6801/3868297270] conn(0x7f30280397c0 msgr2=0x7f302803bc80 secure :-1 s=STATE_CONNECTION_ESTABLISHED l=1).mark_down
2024-04-25T14:38:39.377 INFO:teuthology.orchestra.run.smithi037.stdout:/usr/bin/ceph: stderr
2024-04-25T14:38:38.769+0000 7f3047600700 1 --2- 172.21.15.37:0/3865966108 >> [v2:172.21.15.37:6800/3868297270,v1:172.21.15.37:6801/3868297270] conn(0x7f30280397c0 0x7f302803bc80 secure :-1 s=READY pgs=11 cs=0 l=1 rev1=1 crypto rx=0x7f302c006fd0 tx=0x7f302c006e40 comp rx=0 tx=0).stop
2024-04-25T14:38:39.377 INFO:teuthology.orchestra.run.smithi037.stdout:/usr/bin/ceph: stderr
2024-04-25T14:38:38.769+0000 7f3047600700 1 -- 172.21.15.37:0/3865966108 >> [v2:172.21.15.37:3300/0,v1:172.21.15.37:6789/0] conn(0x7f304010a7f0 msgr2=0x7f304019e5c0 secure :-1 s=STATE_CONNECTION_ESTABLISHED l=1).mark_down
2024-04-25T14:38:39.377 INFO:teuthology.orchestra.run.smithi037.stdout:/usr/bin/ceph: stderr
2024-04-25T14:38:38.769+0000 7f3047600700 1 --2- 172.21.15.37:0/3865966108 >> [v2:172.21.15.37:3300/0,v1:172.21.15.37:6789/0] conn(0x7f304010a7f0 0x7f304019e5c0 secure :-1 s=READY pgs=79 cs=0 l=1 rev1=1 crypto rx=0x7f3034003f90 tx=0x7f3034011b70 comp rx=0 tx=0).stop
2024-04-25T14:38:39.377 INFO:teuthology.orchestra.run.smithi037.stdout:/usr/bin/ceph: stderr
2024-04-25T14:38:38.769+0000 7f3047600700 1 -- 172.21.15.37:0/3865966108 shutdown_connections
2024-04-25T14:38:39.377 INFO:teuthology.orchestra.run.smithi037.stdout:/usr/bin/ceph: stderr
2024-04-25T14:38:38.769+0000 7f3047600700 1 --2- 172.21.15.37:0/3865966108 >> [v2:172.21.15.37:6800/3868297270,v1:172.21.15.37:6801/3868297270] conn(0x7f30280397c0 0x7f302803bc80 unknown :-1 s=CLOSED pgs=11 cs=0 l=1 rev1=1 crypto rx=0 tx=0 comp rx=0 tx=0).stop
2024-04-25T14:38:39.377 INFO:teuthology.orchestra.run.smithi037.stdout:/usr/bin/ceph: stderr
2024-04-25T14:38:38.769+0000 7f3047600700 1 --2- 172.21.15.37:0/3865966108 >> [v2:172.21.15.37:3300/0,v1:172.21.15.37:6789/0] conn(0x7f304010a7f0 0x7f304019e5c0 unknown :-1 s=CLOSED pgs=79 cs=0 l=1 rev1=1 crypto rx=0 tx=0 comp rx=0 tx=0).stop
2024-04-25T14:38:39.377 INFO:teuthology.orchestra.run.smithi037.stdout:/usr/bin/ceph: stderr
2024-04-25T14:38:38.769+0000 7f3047600700 1 -- 172.21.15.37:0/3865966108 >> 172.21.15.37:0/3865966108 conn(0x7f304007de00 msgr2=0x7f30401079e0 unknown :-1 s=STATE_NONE l=0).mark_down
2024-04-25T14:38:39.377 INFO:teuthology.orchestra.run.smithi037.stdout:/usr/bin/ceph: stderr
2024-04-25T14:38:38.769+0000 7f3047600700 1 -- 172.21.15.37:0/3865966108 shutdown_connections
2024-04-25T14:38:39.377 INFO:teuthology.orchestra.run.smithi037.stdout:/usr/bin/ceph: stderr
2024-04-25T14:38:38.769+0000 7f3047600700 1 -- 172.21.15.37:0/3865966108 wait complete.
2024-04-25T14:38:39.378 INFO:teuthology.orchestra.run.smithi037.stdout:/usr/bin/ceph: stderr set mgr/dashboard/cluster/status
2024-04-25T14:38:39.378 INFO:teuthology.orchestra.run.smithi037.stdout:You can access the Ceph CLI as following in case of multi-cluster or non-default config:
2024-04-25T14:38:39.378 INFO:teuthology.orchestra.run.smithi037.stdout:
2024-04-25T14:38:39.378 INFO:teuthology.orchestra.run.smithi037.stdout: sudo /home/ubuntu/cephtest/cephadm shell --fsid 1cc363a8-0311-11ef-bc93-c7b262605968 -c /etc/ceph/ceph.conf -k /etc/ceph/ceph.client.admin.keyring
2024-04-25T14:38:39.378 INFO:teuthology.orchestra.run.smithi037.stdout:
2024-04-25T14:38:39.378 INFO:teuthology.orchestra.run.smithi037.stdout:Or, if you are only running a single cluster on this host:
2024-04-25T14:38:39.378 INFO:teuthology.orchestra.run.smithi037.stdout:
2024-04-25T14:38:39.378 INFO:teuthology.orchestra.run.smithi037.stdout: sudo /home/ubuntu/cephtest/cephadm shell
2024-04-25T14:38:39.378 INFO:teuthology.orchestra.run.smithi037.stdout:
2024-04-25T14:38:39.378 INFO:teuthology.orchestra.run.smithi037.stdout:Please consider enabling telemetry to help improve Ceph:
2024-04-25T14:38:39.378 INFO:teuthology.orchestra.run.smithi037.stdout:
2024-04-25T14:38:39.378 INFO:teuthology.orchestra.run.smithi037.stdout: ceph telemetry on
2024-04-25T14:38:39.378 INFO:teuthology.orchestra.run.smithi037.stdout:
2024-04-25T14:38:39.378 INFO:teuthology.orchestra.run.smithi037.stdout:For more information see:
2024-04-25T14:38:39.378 INFO:teuthology.orchestra.run.smithi037.stdout:
2024-04-25T14:38:39.379 INFO:teuthology.orchestra.run.smithi037.stdout: https://docs.ceph.com/en/latest/mgr/telemetry/
2024-04-25T14:38:39.379 INFO:teuthology.orchestra.run.smithi037.stdout:
2024-04-25T14:38:39.379 INFO:teuthology.orchestra.run.smithi037.stdout:Bootstrap complete.
2024-04-25T14:38:39.463 INFO:tasks.cephadm:Fetching config...
2024-04-25T14:38:39.463 DEBUG:teuthology.orchestra.run.smithi037:> set -ex
2024-04-25T14:38:39.464 DEBUG:teuthology.orchestra.run.smithi037:> dd if=/etc/ceph/ceph.conf of=/dev/stdout
2024-04-25T14:38:39.509 INFO:tasks.cephadm:Fetching client.admin keyring...
2024-04-25T14:38:39.509 DEBUG:teuthology.orchestra.run.smithi037:> set -ex
2024-04-25T14:38:39.509 DEBUG:teuthology.orchestra.run.smithi037:> dd if=/etc/ceph/ceph.client.admin.keyring of=/dev/stdout
2024-04-25T14:38:39.597 INFO:tasks.cephadm:Fetching mon keyring...
2024-04-25T14:38:39.597 DEBUG:teuthology.orchestra.run.smithi037:> set -ex
2024-04-25T14:38:39.597 DEBUG:teuthology.orchestra.run.smithi037:> sudo dd if=/var/lib/ceph/1cc363a8-0311-11ef-bc93-c7b262605968/mon.a/keyring of=/dev/stdout
2024-04-25T14:38:39.710 INFO:tasks.cephadm:Fetching pub ssh key...
2024-04-25T14:38:39.710 DEBUG:teuthology.orchestra.run.smithi037:> set -ex
2024-04-25T14:38:39.710 DEBUG:teuthology.orchestra.run.smithi037:> dd if=/home/ubuntu/cephtest/ceph.pub of=/dev/stdout
2024-04-25T14:38:39.805 INFO:tasks.cephadm:Installing pub ssh key for root users...
2024-04-25T14:38:39.805 DEBUG:teuthology.orchestra.run.smithi037:> sudo install -d -m 0700 /root/.ssh && echo 'ssh-rsa AAAAB3NzaC1yc2EAAAADAQABAAABgQDGAh3z5FSJVucaoc6Ur7vvUnAWAeFbv+tJQcwP2Ff0JDMtNYAswtFe/khQG3hcwcNqCBmOGx5o+ZA/C+ZBJYTBEUXpCO2s1WiVkwK7HIclHRlMq/ejZuHdX5m7M/P4g+QmrN60+y5nv0MO2xECNfm/pde4RYUBj2bwpFVn0l7yI9lDXREk38gNQix8DGiLp8NeSBfCQ44dwg/RO5SuOLvH8CnKucyQg6doF8X+qNVgHSHfJSBKbyu/bH4DTaxWkVMhULmX9vhE6qZCCa72CvXrizyF+kAxWZhriDtDv8PvzllTXUwSlsx6jIuuTKWAvJWXFrcpnhPHqhJglxz6KnMz71YSFi7ZrMXIjEXmb+/IwUe8rv6Gd0lQtoli1lfaQnNOkpRSjqUps/nGZGe+FtUZ2SU2lYWonYoM6l/U8v80W+w2GszAoXIkagFgsafQQnZRzdnpp81X3RIKbIrdcFO2cYEDoh7XrMRwYwDQASa2XUAc0s/9BHRlg5qt7x+F6yM= ceph-1cc363a8-0311-11ef-bc93-c7b262605968' | sudo tee -a /root/.ssh/authorized_keys && sudo chmod 0600 /root/.ssh/authorized_keys
