2024-04-25T14:51:33.701 INFO:teuthology.orchestra.run.smithi027.stdout:/usr/bin/ceph: stderr
2024-04-25T14:51:32.758+0000 7f2ab2000700 1 --2- >> [v2:172.21.15.27:3300/0,v1:172.21.15.27:6789/0] conn(0x7f2aac07dea0 0x7f2aac07c350 unknown :-1 s=NONE pgs=0 cs=0 l=0 rev1=0 crypto rx=0 tx=0 comp rx=0 tx=0).connect
2024-04-25T14:51:33.702 INFO:teuthology.orchestra.run.smithi027.stdout:/usr/bin/ceph: stderr
2024-04-25T14:51:32.758+0000 7f2ab2000700 1 -- --> [v2:172.21.15.27:3300/0,v1:172.21.15.27:6789/0] -- mon_getmap magic: 0 -- 0x7f2aac07c920 con 0x7f2aac07dea0
2024-04-25T14:51:33.702 INFO:teuthology.orchestra.run.smithi027.stdout:/usr/bin/ceph: stderr
2024-04-25T14:51:32.758+0000 7f2aab400700 1 --2- >> [v2:172.21.15.27:3300/0,v1:172.21.15.27:6789/0] conn(0x7f2aac07dea0 0x7f2aac07c350 unknown :-1 s=BANNER_CONNECTING pgs=0 cs=0 l=0 rev1=0 crypto rx=0 tx=0 comp rx=0 tx=0)._handle_peer_banner_payload supported=3 required=0
2024-04-25T14:51:33.702 INFO:teuthology.orchestra.run.smithi027.stdout:/usr/bin/ceph: stderr
2024-04-25T14:51:32.759+0000 7f2aab400700 1 --2- >> [v2:172.21.15.27:3300/0,v1:172.21.15.27:6789/0] conn(0x7f2aac07dea0 0x7f2aac07c350 unknown :-1 s=HELLO_CONNECTING pgs=0 cs=0 l=0 rev1=1 crypto rx=0 tx=0 comp rx=0 tx=0).handle_hello peer v2:172.21.15.27:3300/0 says I am v2:172.21.15.27:44688/0 (socket says 172.21.15.27:44688)
2024-04-25T14:51:33.702 INFO:teuthology.orchestra.run.smithi027.stdout:/usr/bin/ceph: stderr
2024-04-25T14:51:32.759+0000 7f2aab400700 1 -- 172.21.15.27:0/1123407358 learned_addr learned my addr 172.21.15.27:0/1123407358 (peer_addr_for_me v2:172.21.15.27:0/0)
2024-04-25T14:51:33.702 INFO:teuthology.orchestra.run.smithi027.stdout:/usr/bin/ceph: stderr
2024-04-25T14:51:32.759+0000 7f2aab400700 1 -- 172.21.15.27:0/1123407358 --> [v2:172.21.15.27:3300/0,v1:172.21.15.27:6789/0] -- mon_subscribe({config=0+,monmap=0+}) -- 0x7f2aac07caa0 con 0x7f2aac07dea0
2024-04-25T14:51:33.702 INFO:teuthology.orchestra.run.smithi027.stdout:/usr/bin/ceph: stderr
2024-04-25T14:51:32.759+0000 7f2aab400700 1 --2- 172.21.15.27:0/1123407358 >> [v2:172.21.15.27:3300/0,v1:172.21.15.27:6789/0] conn(0x7f2aac07dea0 0x7f2aac07c350 secure :-1 s=READY pgs=43 cs=0 l=1 rev1=1 crypto rx=0x7f2a9c0098a0 tx=0x7f2a9c009bb0 comp rx=0 tx=0).ready entity=mon.0 client_cookie=92ff8cd742f35f1f server_cookie=0 in_seq=0 out_seq=0
2024-04-25T14:51:33.702 INFO:teuthology.orchestra.run.smithi027.stdout:/usr/bin/ceph: stderr
2024-04-25T14:51:32.760+0000 7f2aaa000700 1 -- 172.21.15.27:0/1123407358 <== mon.0 v2:172.21.15.27:3300/0 1 ==== mon_map magic: 0 ==== 205+0+0 (secure 0 0 0) 0x7f2a9c004160 con 0x7f2aac07dea0
2024-04-25T14:51:33.702 INFO:teuthology.orchestra.run.smithi027.stdout:/usr/bin/ceph: stderr
2024-04-25T14:51:32.760+0000 7f2aaa000700 1 -- 172.21.15.27:0/1123407358 <== mon.0 v2:172.21.15.27:3300/0 2 ==== config(26 keys) ==== 1070+0+0 (secure 0 0 0) 0x7f2a9c004300 con 0x7f2aac07dea0
2024-04-25T14:51:33.702 INFO:teuthology.orchestra.run.smithi027.stdout:/usr/bin/ceph: stderr
2024-04-25T14:51:32.760+0000 7f2aaa000700 1 -- 172.21.15.27:0/1123407358 <== mon.0 v2:172.21.15.27:3300/0 3 ==== mon_map magic: 0 ==== 205+0+0 (secure 0 0 0) 0x7f2a9c011af0 con 0x7f2aac07dea0
2024-04-25T14:51:33.702 INFO:teuthology.orchestra.run.smithi027.stdout:/usr/bin/ceph: stderr
2024-04-25T14:51:32.760+0000 7f2ab2000700 1 -- 172.21.15.27:0/1123407358 >> [v2:172.21.15.27:3300/0,v1:172.21.15.27:6789/0] conn(0x7f2aac07dea0 msgr2=0x7f2aac07c350 secure :-1 s=STATE_CONNECTION_ESTABLISHED l=1).mark_down
2024-04-25T14:51:33.702 INFO:teuthology.orchestra.run.smithi027.stdout:/usr/bin/ceph: stderr
2024-04-25T14:51:32.760+0000 7f2ab2000700 1 --2- 172.21.15.27:0/1123407358 >> [v2:172.21.15.27:3300/0,v1:172.21.15.27:6789/0] conn(0x7f2aac07dea0 0x7f2aac07c350 secure :-1 s=READY pgs=43 cs=0 l=1 rev1=1 crypto rx=0x7f2a9c0098a0 tx=0x7f2a9c009bb0 comp rx=0 tx=0).stop
2024-04-25T14:51:33.702 INFO:teuthology.orchestra.run.smithi027.stdout:/usr/bin/ceph: stderr
2024-04-25T14:51:32.761+0000 7f2ab2000700 1 -- 172.21.15.27:0/1123407358 shutdown_connections
2024-04-25T14:51:33.702 INFO:teuthology.orchestra.run.smithi027.stdout:/usr/bin/ceph: stderr
2024-04-25T14:51:32.761+0000 7f2ab2000700 1 --2- 172.21.15.27:0/1123407358 >> [v2:172.21.15.27:3300/0,v1:172.21.15.27:6789/0] conn(0x7f2aac07dea0 0x7f2aac07c350 unknown :-1 s=CLOSED pgs=43 cs=0 l=1 rev1=1 crypto rx=0 tx=0 comp rx=0 tx=0).stop
2024-04-25T14:51:33.703 INFO:teuthology.orchestra.run.smithi027.stdout:/usr/bin/ceph: stderr
2024-04-25T14:51:32.761+0000 7f2ab2000700 1 -- 172.21.15.27:0/1123407358 >> 172.21.15.27:0/1123407358 conn(0x7f2aac103bd0 msgr2=0x7f2aac105ff0 unknown :-1 s=STATE_NONE l=0).mark_down
2024-04-25T14:51:33.703 INFO:teuthology.orchestra.run.smithi027.stdout:/usr/bin/ceph: stderr
2024-04-25T14:51:32.761+0000 7f2ab2000700 1 -- 172.21.15.27:0/1123407358 shutdown_connections
2024-04-25T14:51:33.703 INFO:teuthology.orchestra.run.smithi027.stdout:/usr/bin/ceph: stderr
2024-04-25T14:51:32.761+0000 7f2ab2000700 1 -- 172.21.15.27:0/1123407358 wait complete.
2024-04-25T14:51:33.703 INFO:teuthology.orchestra.run.smithi027.stdout:/usr/bin/ceph: stderr
2024-04-25T14:51:32.762+0000 7f2ab2000700 1 Processor -- start
2024-04-25T14:51:33.703 INFO:teuthology.orchestra.run.smithi027.stdout:/usr/bin/ceph: stderr
2024-04-25T14:51:32.762+0000 7f2ab2000700 1 -- start start
2024-04-25T14:51:33.703 INFO:teuthology.orchestra.run.smithi027.stdout:/usr/bin/ceph: stderr
2024-04-25T14:51:32.762+0000 7f2ab2000700 1 --2- >> [v2:172.21.15.27:3300/0,v1:172.21.15.27:6789/0] conn(0x7f2aac07dea0 0x7f2aac1a2a40 unknown :-1 s=NONE pgs=0 cs=0 l=1 rev1=0 crypto rx=0 tx=0 comp rx=0 tx=0).connect
2024-04-25T14:51:33.703 INFO:teuthology.orchestra.run.smithi027.stdout:/usr/bin/ceph: stderr
2024-04-25T14:51:32.762+0000 7f2ab2000700 1 -- --> [v2:172.21.15.27:3300/0,v1:172.21.15.27:6789/0] -- mon_getmap magic: 0 -- 0x7f2aac10a670 con 0x7f2aac07dea0
2024-04-25T14:51:33.703 INFO:teuthology.orchestra.run.smithi027.stdout:/usr/bin/ceph: stderr
2024-04-25T14:51:32.763+0000 7f2aab400700 1 --2- >> [v2:172.21.15.27:3300/0,v1:172.21.15.27:6789/0] conn(0x7f2aac07dea0 0x7f2aac1a2a40 unknown :-1 s=BANNER_CONNECTING pgs=0 cs=0 l=1 rev1=0 crypto rx=0 tx=0 comp rx=0 tx=0)._handle_peer_banner_payload supported=3 required=0
2024-04-25T14:51:33.703 INFO:teuthology.orchestra.run.smithi027.stdout:/usr/bin/ceph: stderr
2024-04-25T14:51:32.763+0000 7f2aab400700 1 --2- >> [v2:172.21.15.27:3300/0,v1:172.21.15.27:6789/0] conn(0x7f2aac07dea0 0x7f2aac1a2a40 unknown :-1 s=HELLO_CONNECTING pgs=0 cs=0 l=1 rev1=1 crypto rx=0 tx=0 comp rx=0 tx=0).handle_hello peer v2:172.21.15.27:3300/0 says I am v2:172.21.15.27:44690/0 (socket says 172.21.15.27:44690)
2024-04-25T14:51:33.703 INFO:teuthology.orchestra.run.smithi027.stdout:/usr/bin/ceph: stderr
2024-04-25T14:51:32.763+0000 7f2aab400700 1 -- 172.21.15.27:0/1891488826 learned_addr learned my addr 172.21.15.27:0/1891488826 (peer_addr_for_me v2:172.21.15.27:0/0)
2024-04-25T14:51:33.703 INFO:teuthology.orchestra.run.smithi027.stdout:/usr/bin/ceph: stderr
2024-04-25T14:51:32.763+0000 7f2aab400700 1 -- 172.21.15.27:0/1891488826 --> [v2:172.21.15.27:3300/0,v1:172.21.15.27:6789/0] -- mon_subscribe({config=0+,monmap=0+}) -- 0x7f2aac1a2f80 con 0x7f2aac07dea0
2024-04-25T14:51:33.703 INFO:teuthology.orchestra.run.smithi027.stdout:/usr/bin/ceph: stderr
2024-04-25T14:51:32.763+0000 7f2aab400700 1 --2- 172.21.15.27:0/1891488826 >> [v2:172.21.15.27:3300/0,v1:172.21.15.27:6789/0] conn(0x7f2aac07dea0 0x7f2aac1a2a40 secure :-1 s=READY pgs=44 cs=0 l=1 rev1=1 crypto rx=0x7f2a9c011ac0 tx=0x7f2a9c011ba0 comp rx=0 tx=0).ready entity=mon.0 client_cookie=0 server_cookie=0 in_seq=0 out_seq=0
2024-04-25T14:51:33.703 INFO:teuthology.orchestra.run.smithi027.stdout:/usr/bin/ceph: stderr
2024-04-25T14:51:32.764+0000 7f2aa3e00700 1 -- 172.21.15.27:0/1891488826 <== mon.0 v2:172.21.15.27:3300/0 1 ==== mon_map magic: 0 ==== 205+0+0 (secure 0 0 0) 0x7f2a9c003970 con 0x7f2aac07dea0
2024-04-25T14:51:33.703 INFO:teuthology.orchestra.run.smithi027.stdout:/usr/bin/ceph: stderr
2024-04-25T14:51:32.764+0000 7f2aa3e00700 1 -- 172.21.15.27:0/1891488826 <== mon.0 v2:172.21.15.27:3300/0 2 ==== config(26 keys) ==== 1070+0+0 (secure 0 0 0) 0x7f2a9c003b10 con 0x7f2aac07dea0
2024-04-25T14:51:33.704 INFO:teuthology.orchestra.run.smithi027.stdout:/usr/bin/ceph: stderr
2024-04-25T14:51:32.764+0000 7f2ab2000700 1 -- 172.21.15.27:0/1891488826 --> [v2:172.21.15.27:3300/0,v1:172.21.15.27:6789/0] -- mon_subscribe({mgrmap=0+}) -- 0x7f2aac1a3210 con 0x7f2aac07dea0
2024-04-25T14:51:33.704 INFO:teuthology.orchestra.run.smithi027.stdout:/usr/bin/ceph: stderr
2024-04-25T14:51:32.764+0000 7f2aa3e00700 1 -- 172.21.15.27:0/1891488826 <== mon.0 v2:172.21.15.27:3300/0 3 ==== mon_map magic: 0 ==== 205+0+0 (secure 0 0 0) 0x7f2a9c024610 con 0x7f2aac07dea0
2024-04-25T14:51:33.704 INFO:teuthology.orchestra.run.smithi027.stdout:/usr/bin/ceph: stderr
2024-04-25T14:51:32.764+0000 7f2ab2000700 1 -- 172.21.15.27:0/1891488826 --> [v2:172.21.15.27:3300/0,v1:172.21.15.27:6789/0] -- mon_subscribe({osdmap=0}) -- 0x7f2aac1a5f00 con 0x7f2aac07dea0
2024-04-25T14:51:33.704 INFO:teuthology.orchestra.run.smithi027.stdout:/usr/bin/ceph: stderr
2024-04-25T14:51:32.765+0000 7f2ab2000700 1 -- 172.21.15.27:0/1891488826 --> [v2:172.21.15.27:3300/0,v1:172.21.15.27:6789/0] -- mon_command({"prefix": "get_command_descriptions"} v 0) -- 0x7f2aac0640a0 con 0x7f2aac07dea0
2024-04-25T14:51:33.704 INFO:teuthology.orchestra.run.smithi027.stdout:/usr/bin/ceph: stderr
2024-04-25T14:51:32.766+0000 7f2aa3e00700 1 -- 172.21.15.27:0/1891488826 <== mon.0 v2:172.21.15.27:3300/0 4 ==== mgrmap(e 8) ==== 46558+0+0 (secure 0 0 0) 0x7f2a9c01a9e0 con 0x7f2aac07dea0
2024-04-25T14:51:33.704 INFO:teuthology.orchestra.run.smithi027.stdout:/usr/bin/ceph: stderr
2024-04-25T14:51:32.766+0000 7f2aa3e00700 1 --2- 172.21.15.27:0/1891488826 >> [v2:172.21.15.27:6800/316381748,v1:172.21.15.27:6801/316381748] conn(0x7f2a90039600 0x7f2a9003bac0 unknown :-1 s=NONE pgs=0 cs=0 l=1 rev1=0 crypto rx=0 tx=0 comp rx=0 tx=0).connect
2024-04-25T14:51:33.704 INFO:teuthology.orchestra.run.smithi027.stdout:/usr/bin/ceph: stderr
2024-04-25T14:51:32.766+0000 7f2aa3e00700 1 -- 172.21.15.27:0/1891488826 <== mon.0 v2:172.21.15.27:3300/0 5 ==== osd_map(2..2 src has 1..2) ==== 940+0+0 (secure 0 0 0) 0x7f2a9c04df60 con 0x7f2aac07dea0
2024-04-25T14:51:33.704 INFO:teuthology.orchestra.run.smithi027.stdout:/usr/bin/ceph: stderr
2024-04-25T14:51:32.767+0000 7f2aaaa00700 1 --2- 172.21.15.27:0/1891488826 >> [v2:172.21.15.27:6800/316381748,v1:172.21.15.27:6801/316381748] conn(0x7f2a90039600 0x7f2a9003bac0 unknown :-1 s=BANNER_CONNECTING pgs=0 cs=0 l=1 rev1=0 crypto rx=0 tx=0 comp rx=0 tx=0)._handle_peer_banner_payload supported=3 required=0
2024-04-25T14:51:33.704 INFO:teuthology.orchestra.run.smithi027.stdout:/usr/bin/ceph: stderr
2024-04-25T14:51:32.767+0000 7f2aaaa00700 1 --2- 172.21.15.27:0/1891488826 >> [v2:172.21.15.27:6800/316381748,v1:172.21.15.27:6801/316381748] conn(0x7f2a90039600 0x7f2a9003bac0 secure :-1 s=READY pgs=10 cs=0 l=1 rev1=1 crypto rx=0x7f2a98006fd0 tx=0x7f2a98006e40 comp rx=0 tx=0).ready entity=mgr.14120 client_cookie=0 server_cookie=0 in_seq=0 out_seq=0
2024-04-25T14:51:33.704 INFO:teuthology.orchestra.run.smithi027.stdout:/usr/bin/ceph: stderr
2024-04-25T14:51:32.771+0000 7f2aa3e00700 1 -- 172.21.15.27:0/1891488826 <== mon.0 v2:172.21.15.27:3300/0 6 ==== mon_command_ack([{"prefix": "get_command_descriptions"}]=0 v0) ==== 72+0+188370 (secure 0 0 0) 0x7f2a9c00b3e0 con 0x7f2aac07dea0
2024-04-25T14:51:33.704 INFO:teuthology.orchestra.run.smithi027.stdout:/usr/bin/ceph: stderr
2024-04-25T14:51:32.998+0000 7f2ab2000700 1 -- 172.21.15.27:0/1891488826 --> [v2:172.21.15.27:6800/316381748,v1:172.21.15.27:6801/316381748] -- mgr_command(tid 0: {"prefix": "cephadm get-pub-key", "target": ["mon-mgr", ""]}) -- 0x7f2aac0008d0 con 0x7f2a90039600
2024-04-25T14:51:33.704 INFO:teuthology.orchestra.run.smithi027.stdout:/usr/bin/ceph: stderr
2024-04-25T14:51:33.000+0000 7f2aa3e00700 1 -- 172.21.15.27:0/1891488826 <== mgr.14120 v2:172.21.15.27:6800/316381748 1 ==== mgr_command_reply(tid 0: 0 ) ==== 8+0+595 (secure 0 0 0) 0x7f2aac0008d0 con 0x7f2a90039600
2024-04-25T14:51:33.704 INFO:teuthology.orchestra.run.smithi027.stdout:/usr/bin/ceph: stderr
2024-04-25T14:51:33.002+0000 7f2ab2000700 1 -- 172.21.15.27:0/1891488826 >> [v2:172.21.15.27:6800/316381748,v1:172.21.15.27:6801/316381748] conn(0x7f2a90039600 msgr2=0x7f2a9003bac0 secure :-1 s=STATE_CONNECTION_ESTABLISHED l=1).mark_down
2024-04-25T14:51:33.704 INFO:teuthology.orchestra.run.smithi027.stdout:/usr/bin/ceph: stderr
2024-04-25T14:51:33.002+0000 7f2ab2000700 1 --2- 172.21.15.27:0/1891488826 >> [v2:172.21.15.27:6800/316381748,v1:172.21.15.27:6801/316381748] conn(0x7f2a90039600 0x7f2a9003bac0 secure :-1 s=READY pgs=10 cs=0 l=1 rev1=1 crypto rx=0x7f2a98006fd0 tx=0x7f2a98006e40 comp rx=0 tx=0).stop
2024-04-25T14:51:33.705 INFO:teuthology.orchestra.run.smithi027.stdout:/usr/bin/ceph: stderr
2024-04-25T14:51:33.002+0000 7f2ab2000700 1 -- 172.21.15.27:0/1891488826 >> [v2:172.21.15.27:3300/0,v1:172.21.15.27:6789/0] conn(0x7f2aac07dea0 msgr2=0x7f2aac1a2a40 secure :-1 s=STATE_CONNECTION_ESTABLISHED l=1).mark_down
2024-04-25T14:51:33.705 INFO:teuthology.orchestra.run.smithi027.stdout:/usr/bin/ceph: stderr
2024-04-25T14:51:33.003+0000 7f2ab2000700 1 --2- 172.21.15.27:0/1891488826 >> [v2:172.21.15.27:3300/0,v1:172.21.15.27:6789/0] conn(0x7f2aac07dea0 0x7f2aac1a2a40 secure :-1 s=READY pgs=44 cs=0 l=1 rev1=1 crypto rx=0x7f2a9c011ac0 tx=0x7f2a9c011ba0 comp rx=0 tx=0).stop
2024-04-25T14:51:33.705 INFO:teuthology.orchestra.run.smithi027.stdout:/usr/bin/ceph: stderr
2024-04-25T14:51:33.003+0000 7f2ab2000700 1 -- 172.21.15.27:0/1891488826 shutdown_connections
2024-04-25T14:51:33.705 INFO:teuthology.orchestra.run.smithi027.stdout:/usr/bin/ceph: stderr
2024-04-25T14:51:33.003+0000 7f2ab2000700 1 --2- 172.21.15.27:0/1891488826 >> [v2:172.21.15.27:6800/316381748,v1:172.21.15.27:6801/316381748] conn(0x7f2a90039600 0x7f2a9003bac0 unknown :-1 s=CLOSED pgs=10 cs=0 l=1 rev1=1 crypto rx=0 tx=0 comp rx=0 tx=0).stop
2024-04-25T14:51:33.705 INFO:teuthology.orchestra.run.smithi027.stdout:/usr/bin/ceph: stderr
2024-04-25T14:51:33.003+0000 7f2ab2000700 1 --2- 172.21.15.27:0/1891488826 >> [v2:172.21.15.27:3300/0,v1:172.21.15.27:6789/0] conn(0x7f2aac07dea0 0x7f2aac1a2a40 unknown :-1 s=CLOSED pgs=44 cs=0 l=1 rev1=1 crypto rx=0 tx=0 comp rx=0 tx=0).stop
2024-04-25T14:51:33.705 INFO:teuthology.orchestra.run.smithi027.stdout:/usr/bin/ceph: stderr
2024-04-25T14:51:33.003+0000 7f2ab2000700 1 -- 172.21.15.27:0/1891488826 >> 172.21.15.27:0/1891488826 conn(0x7f2aac103bd0 msgr2=0x7f2aac105fc0 unknown :-1 s=STATE_NONE l=0).mark_down
2024-04-25T14:51:33.705 INFO:teuthology.orchestra.run.smithi027.stdout:/usr/bin/ceph: stderr
2024-04-25T14:51:33.003+0000 7f2ab2000700 1 -- 172.21.15.27:0/1891488826 shutdown_connections
2024-04-25T14:51:33.705 INFO:teuthology.orchestra.run.smithi027.stdout:/usr/bin/ceph: stderr
2024-04-25T14:51:33.003+0000 7f2ab2000700 1 -- 172.21.15.27:0/1891488826 wait complete.
2024-04-25T14:51:33.705 INFO:teuthology.orchestra.run.smithi027.stdout:Wrote public SSH key to /home/ubuntu/cephtest/ceph.pub
2024-04-25T14:51:33.705 INFO:teuthology.orchestra.run.smithi027.stdout:Adding key to root@localhost authorized_keys...
2024-04-25T14:51:33.706 INFO:teuthology.orchestra.run.smithi027.stdout:Adding host smithi027...
2024-04-25T14:51:35.593 INFO:journalctl@ceph.mon.a.smithi027.stdout:Apr 25 14:51:35 smithi027 ceph-mon[27789]: from='client.14140 -' entity='client.admin' cmd=[{"prefix": "orch host add", "hostname": "smithi027", "addr": "172.21.15.27", "target": ["mon-mgr", ""]}]: dispatch
2024-04-25T14:51:36.557 INFO:journalctl@ceph.mon.a.smithi027.stdout:Apr 25 14:51:36 smithi027 ceph-mon[27789]: Deploying cephadm binary to smithi027
2024-04-25T14:51:41.865 INFO:teuthology.orchestra.run.smithi027.stdout:/usr/bin/ceph: stdout Added host 'smithi027' with addr '172.21.15.27'
2024-04-25T14:51:41.865 INFO:teuthology.orchestra.run.smithi027.stdout:/usr/bin/ceph: stderr
2024-04-25T14:51:34.310+0000 7f6cb9000700 1 Processor -- start
2024-04-25T14:51:41.865 INFO:teuthology.orchestra.run.smithi027.stdout:/usr/bin/ceph: stderr
2024-04-25T14:51:34.310+0000 7f6cb9000700 1 -- start start
2024-04-25T14:51:41.868 INFO:teuthology.orchestra.run.smithi027.stdout:/usr/bin/ceph: stderr
2024-04-25T14:51:34.311+0000 7f6cb9000700 1 --2- >> [v2:172.21.15.27:3300/0,v1:172.21.15.27:6789/0] conn(0x7f6cb407de80 0x7f6cb407c330 unknown :-1 s=NONE pgs=0 cs=0 l=0 rev1=0 crypto rx=0 tx=0 comp rx=0 tx=0).connect
2024-04-25T14:51:41.868 INFO:teuthology.orchestra.run.smithi027.stdout:/usr/bin/ceph: stderr
2024-04-25T14:51:34.311+0000 7f6cb9000700 1 -- --> [v2:172.21.15.27:3300/0,v1:172.21.15.27:6789/0] -- mon_getmap magic: 0 -- 0x7f6cb407c900 con 0x7f6cb407de80
2024-04-25T14:51:41.868 INFO:teuthology.orchestra.run.smithi027.stdout:/usr/bin/ceph: stderr
2024-04-25T14:51:34.311+0000 7f6cb1e00700 1 --2- >> [v2:172.21.15.27:3300/0,v1:172.21.15.27:6789/0] conn(0x7f6cb407de80 0x7f6cb407c330 unknown :-1 s=BANNER_CONNECTING pgs=0 cs=0 l=0 rev1=0 crypto rx=0 tx=0 comp rx=0 tx=0)._handle_peer_banner_payload supported=3 required=0
2024-04-25T14:51:41.868 INFO:teuthology.orchestra.run.smithi027.stdout:/usr/bin/ceph: stderr
2024-04-25T14:51:34.311+0000 7f6cb1e00700 1 --2- >> [v2:172.21.15.27:3300/0,v1:172.21.15.27:6789/0] conn(0x7f6cb407de80 0x7f6cb407c330 unknown :-1 s=HELLO_CONNECTING pgs=0 cs=0 l=0 rev1=1 crypto rx=0 tx=0 comp rx=0 tx=0).handle_hello peer v2:172.21.15.27:3300/0 says I am v2:172.21.15.27:44696/0 (socket says 172.21.15.27:44696)
2024-04-25T14:51:41.868 INFO:teuthology.orchestra.run.smithi027.stdout:/usr/bin/ceph: stderr
2024-04-25T14:51:34.311+0000 7f6cb1e00700 1 -- 172.21.15.27:0/345222636 learned_addr learned my addr 172.21.15.27:0/345222636 (peer_addr_for_me v2:172.21.15.27:0/0)
2024-04-25T14:51:41.868 INFO:teuthology.orchestra.run.smithi027.stdout:/usr/bin/ceph: stderr
2024-04-25T14:51:34.312+0000 7f6cb1e00700 1 -- 172.21.15.27:0/345222636 --> [v2:172.21.15.27:3300/0,v1:172.21.15.27:6789/0] -- mon_subscribe({config=0+,monmap=0+}) -- 0x7f6cb407ca80 con 0x7f6cb407de80
2024-04-25T14:51:41.868 INFO:teuthology.orchestra.run.smithi027.stdout:/usr/bin/ceph: stderr
2024-04-25T14:51:34.312+0000 7f6cb1e00700 1 --2- 172.21.15.27:0/345222636 >> [v2:172.21.15.27:3300/0,v1:172.21.15.27:6789/0] conn(0x7f6cb407de80 0x7f6cb407c330 secure :-1 s=READY pgs=45 cs=0 l=1 rev1=1 crypto rx=0x7f6ca40098a0 tx=0x7f6ca4009bb0 comp rx=0 tx=0).ready entity=mon.0 client_cookie=758e4867ca2fe6e4 server_cookie=0 in_seq=0 out_seq=0
2024-04-25T14:51:41.868 INFO:teuthology.orchestra.run.smithi027.stdout:/usr/bin/ceph: stderr
2024-04-25T14:51:34.312+0000 7f6cb0a00700 1 -- 172.21.15.27:0/345222636 <== mon.0 v2:172.21.15.27:3300/0 1 ==== mon_map magic: 0 ==== 205+0+0 (secure 0 0 0) 0x7f6ca4004160 con 0x7f6cb407de80
2024-04-25T14:51:41.869 INFO:teuthology.orchestra.run.smithi027.stdout:/usr/bin/ceph: stderr
2024-04-25T14:51:34.312+0000 7f6cb0a00700 1 -- 172.21.15.27:0/345222636 <== mon.0 v2:172.21.15.27:3300/0 2 ==== config(26 keys) ==== 1070+0+0 (secure 0 0 0) 0x7f6ca4004300 con 0x7f6cb407de80
2024-04-25T14:51:41.869 INFO:teuthology.orchestra.run.smithi027.stdout:/usr/bin/ceph: stderr
2024-04-25T14:51:34.313+0000 7f6cb0a00700 1 -- 172.21.15.27:0/345222636 <== mon.0 v2:172.21.15.27:3300/0 3 ==== mon_map magic: 0 ==== 205+0+0 (secure 0 0 0) 0x7f6ca4011af0 con 0x7f6cb407de80
2024-04-25T14:51:41.869 INFO:teuthology.orchestra.run.smithi027.stdout:/usr/bin/ceph: stderr
2024-04-25T14:51:34.314+0000 7f6cb9000700 1 -- 172.21.15.27:0/345222636 >> [v2:172.21.15.27:3300/0,v1:172.21.15.27:6789/0] conn(0x7f6cb407de80 msgr2=0x7f6cb407c330 secure :-1 s=STATE_CONNECTION_ESTABLISHED l=1).mark_down
2024-04-25T14:51:41.869 INFO:teuthology.orchestra.run.smithi027.stdout:/usr/bin/ceph: stderr
2024-04-25T14:51:34.314+0000 7f6cb9000700 1 --2- 172.21.15.27:0/345222636 >> [v2:172.21.15.27:3300/0,v1:172.21.15.27:6789/0] conn(0x7f6cb407de80 0x7f6cb407c330 secure :-1 s=READY pgs=45 cs=0 l=1 rev1=1 crypto rx=0x7f6ca40098a0 tx=0x7f6ca4009bb0 comp rx=0 tx=0).stop
2024-04-25T14:51:41.869 INFO:teuthology.orchestra.run.smithi027.stdout:/usr/bin/ceph: stderr
2024-04-25T14:51:34.314+0000 7f6cb9000700 1 -- 172.21.15.27:0/345222636 shutdown_connections
2024-04-25T14:51:41.869 INFO:teuthology.orchestra.run.smithi027.stdout:/usr/bin/ceph: stderr
2024-04-25T14:51:34.314+0000 7f6cb9000700 1 --2- 172.21.15.27:0/345222636 >> [v2:172.21.15.27:3300/0,v1:172.21.15.27:6789/0] conn(0x7f6cb407de80 0x7f6cb407c330 unknown :-1 s=CLOSED pgs=45 cs=0 l=1 rev1=1 crypto rx=0 tx=0 comp rx=0 tx=0).stop
2024-04-25T14:51:41.869 INFO:teuthology.orchestra.run.smithi027.stdout:/usr/bin/ceph: stderr
2024-04-25T14:51:34.314+0000 7f6cb9000700 1 -- 172.21.15.27:0/345222636 >> 172.21.15.27:0/345222636 conn(0x7f6cb4103ab0 msgr2=0x7f6cb4105ed0 unknown :-1 s=STATE_NONE l=0).mark_down
2024-04-25T14:51:41.869 INFO:teuthology.orchestra.run.smithi027.stdout:/usr/bin/ceph: stderr
2024-04-25T14:51:34.314+0000 7f6cb9000700 1 -- 172.21.15.27:0/345222636 shutdown_connections
2024-04-25T14:51:41.869 INFO:teuthology.orchestra.run.smithi027.stdout:/usr/bin/ceph: stderr
2024-04-25T14:51:34.314+0000 7f6cb9000700 1 -- 172.21.15.27:0/345222636 wait complete.
2024-04-25T14:51:41.869 INFO:teuthology.orchestra.run.smithi027.stdout:/usr/bin/ceph: stderr
2024-04-25T14:51:34.315+0000 7f6cb9000700 1 Processor -- start
2024-04-25T14:51:41.869 INFO:teuthology.orchestra.run.smithi027.stdout:/usr/bin/ceph: stderr
2024-04-25T14:51:34.315+0000 7f6cb9000700 1 -- start start
2024-04-25T14:51:41.869 INFO:teuthology.orchestra.run.smithi027.stdout:/usr/bin/ceph: stderr
2024-04-25T14:51:34.316+0000 7f6cb9000700 1 --2- >> [v2:172.21.15.27:3300/0,v1:172.21.15.27:6789/0] conn(0x7f6cb407de80 0x7f6cb419e950 unknown :-1 s=NONE pgs=0 cs=0 l=1 rev1=0 crypto rx=0 tx=0 comp rx=0 tx=0).connect
2024-04-25T14:51:41.869 INFO:teuthology.orchestra.run.smithi027.stdout:/usr/bin/ceph: stderr
2024-04-25T14:51:34.316+0000 7f6cb9000700 1 -- --> [v2:172.21.15.27:3300/0,v1:172.21.15.27:6789/0] -- mon_getmap magic: 0 -- 0x7f6cb410ea20 con 0x7f6cb407de80
2024-04-25T14:51:41.869 INFO:teuthology.orchestra.run.smithi027.stdout:/usr/bin/ceph: stderr
2024-04-25T14:51:34.316+0000 7f6cb1e00700 1 --2- >> [v2:172.21.15.27:3300/0,v1:172.21.15.27:6789/0] conn(0x7f6cb407de80 0x7f6cb419e950 unknown :-1 s=BANNER_CONNECTING pgs=0 cs=0 l=1 rev1=0 crypto rx=0 tx=0 comp rx=0 tx=0)._handle_peer_banner_payload supported=3 required=0
2024-04-25T14:51:41.870 INFO:teuthology.orchestra.run.smithi027.stdout:/usr/bin/ceph: stderr
2024-04-25T14:51:34.316+0000 7f6cb1e00700 1 --2- >> [v2:172.21.15.27:3300/0,v1:172.21.15.27:6789/0] conn(0x7f6cb407de80 0x7f6cb419e950 unknown :-1 s=HELLO_CONNECTING pgs=0 cs=0 l=1 rev1=1 crypto rx=0 tx=0 comp rx=0 tx=0).handle_hello peer v2:172.21.15.27:3300/0 says I am v2:172.21.15.27:44702/0 (socket says 172.21.15.27:44702)
2024-04-25T14:51:41.873 INFO:teuthology.orchestra.run.smithi027.stdout:/usr/bin/ceph: stderr
2024-04-25T14:51:34.316+0000 7f6cb1e00700 1 -- 172.21.15.27:0/2750775139 learned_addr learned my addr 172.21.15.27:0/2750775139 (peer_addr_for_me v2:172.21.15.27:0/0)
2024-04-25T14:51:41.873 INFO:teuthology.orchestra.run.smithi027.stdout:/usr/bin/ceph: stderr
2024-04-25T14:51:34.316+0000 7f6cb1e00700 1 -- 172.21.15.27:0/2750775139 --> [v2:172.21.15.27:3300/0,v1:172.21.15.27:6789/0] -- mon_subscribe({config=0+,monmap=0+}) -- 0x7f6cb419ee90 con 0x7f6cb407de80
2024-04-25T14:51:41.873 INFO:teuthology.orchestra.run.smithi027.stdout:/usr/bin/ceph: stderr
2024-04-25T14:51:34.317+0000 7f6cb1e00700 1 --2- 172.21.15.27:0/2750775139 >> [v2:172.21.15.27:3300/0,v1:172.21.15.27:6789/0] conn(0x7f6cb407de80 0x7f6cb419e950 secure :-1 s=READY pgs=46 cs=0 l=1 rev1=1 crypto rx=0x7f6ca4011ac0 tx=0x7f6ca4011ba0 comp rx=0 tx=0).ready entity=mon.0 client_cookie=0 server_cookie=0 in_seq=0 out_seq=0
2024-04-25T14:51:41.873 INFO:teuthology.orchestra.run.smithi027.stdout:/usr/bin/ceph: stderr
2024-04-25T14:51:34.317+0000 7f6caaa00700 1 -- 172.21.15.27:0/2750775139 <== mon.0 v2:172.21.15.27:3300/0 1 ==== mon_map magic: 0 ==== 205+0+0 (secure 0 0 0) 0x7f6ca4003970 con 0x7f6cb407de80
2024-04-25T14:51:41.873 INFO:teuthology.orchestra.run.smithi027.stdout:/usr/bin/ceph: stderr
2024-04-25T14:51:34.317+0000 7f6caaa00700 1 -- 172.21.15.27:0/2750775139 <== mon.0 v2:172.21.15.27:3300/0 2 ==== config(26 keys) ==== 1070+0+0 (secure 0 0 0) 0x7f6ca4003b10 con 0x7f6cb407de80
2024-04-25T14:51:41.873 INFO:teuthology.orchestra.run.smithi027.stdout:/usr/bin/ceph: stderr
2024-04-25T14:51:34.317+0000 7f6cb9000700 1 -- 172.21.15.27:0/2750775139 --> [v2:172.21.15.27:3300/0,v1:172.21.15.27:6789/0] -- mon_subscribe({mgrmap=0+}) -- 0x7f6cb419f120 con 0x7f6cb407de80
2024-04-25T14:51:41.873 INFO:teuthology.orchestra.run.smithi027.stdout:/usr/bin/ceph: stderr
2024-04-25T14:51:34.317+0000 7f6caaa00700 1 -- 172.21.15.27:0/2750775139 <== mon.0 v2:172.21.15.27:3300/0 3 ==== mon_map magic: 0 ==== 205+0+0 (secure 0 0 0) 0x7f6ca4024610 con 0x7f6cb407de80
2024-04-25T14:51:41.873 INFO:teuthology.orchestra.run.smithi027.stdout:/usr/bin/ceph: stderr
2024-04-25T14:51:34.317+0000 7f6cb9000700 1 -- 172.21.15.27:0/2750775139 --> [v2:172.21.15.27:3300/0,v1:172.21.15.27:6789/0] -- mon_subscribe({osdmap=0}) -- 0x7f6cb41a1e10 con 0x7f6cb407de80
2024-04-25T14:51:41.873 INFO:teuthology.orchestra.run.smithi027.stdout:/usr/bin/ceph: stderr
2024-04-25T14:51:34.318+0000 7f6cb9000700 1 -- 172.21.15.27:0/2750775139 --> [v2:172.21.15.27:3300/0,v1:172.21.15.27:6789/0] -- mon_command({"prefix": "get_command_descriptions"} v 0) -- 0x7f6cb40640a0 con 0x7f6cb407de80
2024-04-25T14:51:41.873 INFO:teuthology.orchestra.run.smithi027.stdout:/usr/bin/ceph: stderr
2024-04-25T14:51:34.318+0000 7f6caaa00700 1 -- 172.21.15.27:0/2750775139 <== mon.0 v2:172.21.15.27:3300/0 4 ==== mgrmap(e 8) ==== 46558+0+0 (secure 0 0 0) 0x7f6ca401a9e0 con 0x7f6cb407de80
2024-04-25T14:51:41.873 INFO:teuthology.orchestra.run.smithi027.stdout:/usr/bin/ceph: stderr
2024-04-25T14:51:34.319+0000 7f6caaa00700 1 --2- 172.21.15.27:0/2750775139 >> [v2:172.21.15.27:6800/316381748,v1:172.21.15.27:6801/316381748] conn(0x7f6c98039600 0x7f6c9803bac0 unknown :-1 s=NONE pgs=0 cs=0 l=1 rev1=0 crypto rx=0 tx=0 comp rx=0 tx=0).connect
2024-04-25T14:51:41.874 INFO:teuthology.orchestra.run.smithi027.stdout:/usr/bin/ceph: stderr
2024-04-25T14:51:34.319+0000 7f6caaa00700 1 -- 172.21.15.27:0/2750775139 <== mon.0 v2:172.21.15.27:3300/0 5 ==== osd_map(2..2 src has 1..2) ==== 940+0+0 (secure 0 0 0) 0x7f6ca404d980 con 0x7f6cb407de80
2024-04-25T14:51:41.874 INFO:teuthology.orchestra.run.smithi027.stdout:/usr/bin/ceph: stderr
2024-04-25T14:51:34.319+0000 7f6cb1400700 1 --2- 172.21.15.27:0/2750775139 >> [v2:172.21.15.27:6800/316381748,v1:172.21.15.27:6801/316381748] conn(0x7f6c98039600 0x7f6c9803bac0 unknown :-1 s=BANNER_CONNECTING pgs=0 cs=0 l=1 rev1=0 crypto rx=0 tx=0 comp rx=0 tx=0)._handle_peer_banner_payload supported=3 required=0
2024-04-25T14:51:41.874 INFO:teuthology.orchestra.run.smithi027.stdout:/usr/bin/ceph: stderr
2024-04-25T14:51:34.320+0000 7f6cb1400700 1 --2- 172.21.15.27:0/2750775139 >> [v2:172.21.15.27:6800/316381748,v1:172.21.15.27:6801/316381748] conn(0x7f6c98039600 0x7f6c9803bac0 secure :-1 s=READY pgs=11 cs=0 l=1 rev1=1 crypto rx=0x7f6ca0006fd0 tx=0x7f6ca0006e40 comp rx=0 tx=0).ready entity=mgr.14120 client_cookie=0 server_cookie=0 in_seq=0 out_seq=0
2024-04-25T14:51:41.874 INFO:teuthology.orchestra.run.smithi027.stdout:/usr/bin/ceph: stderr
2024-04-25T14:51:34.325+0000 7f6caaa00700 1 -- 172.21.15.27:0/2750775139 <== mon.0 v2:172.21.15.27:3300/0 6 ==== mon_command_ack([{"prefix": "get_command_descriptions"}]=0 v0) ==== 72+0+188370 (secure 0 0 0) 0x7f6ca400b3e0 con 0x7f6cb407de80
2024-04-25T14:51:41.874 INFO:teuthology.orchestra.run.smithi027.stdout:/usr/bin/ceph: stderr
2024-04-25T14:51:34.558+0000 7f6cb9000700 1 -- 172.21.15.27:0/2750775139 --> [v2:172.21.15.27:6800/316381748,v1:172.21.15.27:6801/316381748] -- mgr_command(tid 0: {"prefix": "orch host add", "hostname": "smithi027", "addr": "172.21.15.27", "target": ["mon-mgr", ""]}) -- 0x7f6cb402dff0 con 0x7f6c98039600
2024-04-25T14:51:41.874 INFO:teuthology.orchestra.run.smithi027.stdout:/usr/bin/ceph: stderr
2024-04-25T14:51:40.966+0000 7f6caaa00700 1 -- 172.21.15.27:0/2750775139 <== mgr.14120 v2:172.21.15.27:6800/316381748 1 ==== mgr_command_reply(tid 0: 0 ) ==== 8+0+48 (secure 0 0 0) 0x7f6cb402dff0 con 0x7f6c98039600
2024-04-25T14:51:41.874 INFO:teuthology.orchestra.run.smithi027.stdout:/usr/bin/ceph: stderr
2024-04-25T14:51:40.971+0000 7f6cb9000700 1 -- 172.21.15.27:0/2750775139 >> [v2:172.21.15.27:6800/316381748,v1:172.21.15.27:6801/316381748] conn(0x7f6c98039600 msgr2=0x7f6c9803bac0 secure :-1 s=STATE_CONNECTION_ESTABLISHED l=1).mark_down
2024-04-25T14:51:41.874 INFO:teuthology.orchestra.run.smithi027.stdout:/usr/bin/ceph: stderr
2024-04-25T14:51:40.971+0000 7f6cb9000700 1 --2- 172.21.15.27:0/2750775139 >> [v2:172.21.15.27:6800/316381748,v1:172.21.15.27:6801/316381748] conn(0x7f6c98039600 0x7f6c9803bac0 secure :-1 s=READY pgs=11 cs=0 l=1 rev1=1 crypto rx=0x7f6ca0006fd0 tx=0x7f6ca0006e40 comp rx=0 tx=0).stop
2024-04-25T14:51:41.874 INFO:teuthology.orchestra.run.smithi027.stdout:/usr/bin/ceph: stderr
2024-04-25T14:51:40.971+0000 7f6cb9000700 1 -- 172.21.15.27:0/2750775139 >> [v2:172.21.15.27:3300/0,v1:172.21.15.27:6789/0] conn(0x7f6cb407de80 msgr2=0x7f6cb419e950 secure :-1 s=STATE_CONNECTION_ESTABLISHED l=1).mark_down
2024-04-25T14:51:41.874 INFO:teuthology.orchestra.run.smithi027.stdout:/usr/bin/ceph: stderr
2024-04-25T14:51:40.971+0000 7f6cb9000700 1 --2- 172.21.15.27:0/2750775139 >> [v2:172.21.15.27:3300/0,v1:172.21.15.27:6789/0] conn(0x7f6cb407de80 0x7f6cb419e950 secure :-1 s=READY pgs=46 cs=0 l=1 rev1=1 crypto rx=0x7f6ca4011ac0 tx=0x7f6ca4011ba0 comp rx=0 tx=0).stop
2024-04-25T14:51:41.874 INFO:teuthology.orchestra.run.smithi027.stdout:/usr/bin/ceph: stderr
2024-04-25T14:51:40.971+0000 7f6cb9000700 1 -- 172.21.15.27:0/2750775139 shutdown_connections
2024-04-25T14:51:41.874 INFO:teuthology.orchestra.run.smithi027.stdout:/usr/bin/ceph: stderr
2024-04-25T14:51:40.971+0000 7f6cb9000700 1 --2- 172.21.15.27:0/2750775139 >> [v2:172.21.15.27:6800/316381748,v1:172.21.15.27:6801/316381748] conn(0x7f6c98039600 0x7f6c9803bac0 unknown :-1 s=CLOSED pgs=11 cs=0 l=1 rev1=1 crypto rx=0 tx=0 comp rx=0 tx=0).stop
2024-04-25T14:51:41.874 INFO:teuthology.orchestra.run.smithi027.stdout:/usr/bin/ceph: stderr
2024-04-25T14:51:40.971+0000 7f6cb9000700 1 --2- 172.21.15.27:0/2750775139 >> [v2:172.21.15.27:3300/0,v1:172.21.15.27:6789/0] conn(0x7f6cb407de80 0x7f6cb419e950 unknown :-1 s=CLOSED pgs=46 cs=0 l=1 rev1=1 crypto rx=0 tx=0 comp rx=0 tx=0).stop
2024-04-25T14:51:41.875 INFO:teuthology.orchestra.run.smithi027.stdout:/usr/bin/ceph: stderr
2024-04-25T14:51:40.971+0000 7f6cb9000700 1 -- 172.21.15.27:0/2750775139 >> 172.21.15.27:0/2750775139 conn(0x7f6cb4103ab0 msgr2=0x7f6cb41048f0 unknown :-1 s=STATE_NONE l=0).mark_down
2024-04-25T14:51:41.875 INFO:teuthology.orchestra.run.smithi027.stdout:/usr/bin/ceph: stderr
2024-04-25T14:51:40.971+0000 7f6cb9000700 1 -- 172.21.15.27:0/2750775139 shutdown_connections
2024-04-25T14:51:41.875 INFO:teuthology.orchestra.run.smithi027.stdout:/usr/bin/ceph: stderr
2024-04-25T14:51:40.971+0000 7f6cb9000700 1 -- 172.21.15.27:0/2750775139 wait complete.
2024-04-25T14:51:41.875 INFO:teuthology.orchestra.run.smithi027.stdout:Deploying unmanaged mon service...
2024-04-25T14:51:42.204 INFO:journalctl@ceph.mon.a.smithi027.stdout:Apr 25 14:51:41 smithi027 ceph-mon[27789]: from='mgr.14120 172.21.15.27:0/2466523372' entity='mgr.x'
2024-04-25T14:51:42.204 INFO:journalctl@ceph.mon.a.smithi027.stdout:Apr 25 14:51:41 smithi027 ceph-mon[27789]: Added host smithi027
2024-04-25T14:51:42.205 INFO:journalctl@ceph.mon.a.smithi027.stdout:Apr 25 14:51:41 smithi027 ceph-mon[27789]: from='mgr.14120 172.21.15.27:0/2466523372' entity='mgr.x' cmd=[{"prefix": "config dump", "format": "json"}]: dispatch
2024-04-25T14:51:43.777 INFO:teuthology.orchestra.run.smithi027.stdout:/usr/bin/ceph: stdout Scheduled mon update...
2024-04-25T14:51:43.778 INFO:teuthology.orchestra.run.smithi027.stdout:/usr/bin/ceph: stderr
2024-04-25T14:51:42.543+0000 7fa74d800700 1 Processor -- start
2024-04-25T14:51:43.778 INFO:teuthology.orchestra.run.smithi027.stdout:/usr/bin/ceph: stderr
2024-04-25T14:51:42.543+0000 7fa74d800700 1 -- start start
2024-04-25T14:51:43.779 INFO:teuthology.orchestra.run.smithi027.stdout:/usr/bin/ceph: stderr
2024-04-25T14:51:42.544+0000 7fa74d800700 1 --2- >> [v2:172.21.15.27:3300/0,v1:172.21.15.27:6789/0] conn(0x7fa74810ef40 0x7fa74810f360 unknown :-1 s=NONE pgs=0 cs=0 l=0 rev1=0 crypto rx=0 tx=0 comp rx=0 tx=0).connect
2024-04-25T14:51:43.784 INFO:teuthology.orchestra.run.smithi027.stdout:/usr/bin/ceph: stderr
2024-04-25T14:51:42.544+0000 7fa74d800700 1 -- --> [v2:172.21.15.27:3300/0,v1:172.21.15.27:6789/0] -- mon_getmap magic: 0 -- 0x7fa74810f930 con 0x7fa74810ef40
2024-04-25T14:51:43.784 INFO:teuthology.orchestra.run.smithi027.stdout:/usr/bin/ceph: stderr
2024-04-25T14:51:42.545+0000 7fa747e00700 1 --2- >> [v2:172.21.15.27:3300/0,v1:172.21.15.27:6789/0] conn(0x7fa74810ef40 0x7fa74810f360 unknown :-1 s=BANNER_CONNECTING pgs=0 cs=0 l=0 rev1=0 crypto rx=0 tx=0 comp rx=0 tx=0)._handle_peer_banner_payload supported=3 required=0
2024-04-25T14:51:43.784 INFO:teuthology.orchestra.run.smithi027.stdout:/usr/bin/ceph: stderr
2024-04-25T14:51:42.545+0000 7fa747e00700 1 --2- >> [v2:172.21.15.27:3300/0,v1:172.21.15.27:6789/0] conn(0x7fa74810ef40 0x7fa74810f360 unknown :-1 s=HELLO_CONNECTING pgs=0 cs=0 l=0 rev1=1 crypto rx=0 tx=0 comp rx=0 tx=0).handle_hello peer v2:172.21.15.27:3300/0 says I am v2:172.21.15.27:42860/0 (socket says 172.21.15.27:42860)
2024-04-25T14:51:43.784 INFO:teuthology.orchestra.run.smithi027.stdout:/usr/bin/ceph: stderr
2024-04-25T14:51:42.545+0000 7fa747e00700 1 -- 172.21.15.27:0/3949880899 learned_addr learned my addr 172.21.15.27:0/3949880899 (peer_addr_for_me v2:172.21.15.27:0/0)
2024-04-25T14:51:43.784 INFO:teuthology.orchestra.run.smithi027.stdout:/usr/bin/ceph: stderr
2024-04-25T14:51:42.545+0000 7fa747e00700 1 -- 172.21.15.27:0/3949880899 --> [v2:172.21.15.27:3300/0,v1:172.21.15.27:6789/0] -- mon_subscribe({config=0+,monmap=0+}) -- 0x7fa74810fab0 con 0x7fa74810ef40
2024-04-25T14:51:43.784 INFO:teuthology.orchestra.run.smithi027.stdout:/usr/bin/ceph: stderr
2024-04-25T14:51:42.546+0000 7fa747e00700 1 --2- 172.21.15.27:0/3949880899 >> [v2:172.21.15.27:3300/0,v1:172.21.15.27:6789/0] conn(0x7fa74810ef40 0x7fa74810f360 secure :-1 s=READY pgs=47 cs=0 l=1 rev1=1 crypto rx=0x7fa7380098a0 tx=0x7fa738009bb0 comp rx=0 tx=0).ready entity=mon.0 client_cookie=c0a34e0d40288cd8 server_cookie=0 in_seq=0 out_seq=0
2024-04-25T14:51:43.784 INFO:teuthology.orchestra.run.smithi027.stdout:/usr/bin/ceph: stderr
2024-04-25T14:51:42.546+0000 7fa746a00700 1 -- 172.21.15.27:0/3949880899 <== mon.0 v2:172.21.15.27:3300/0 1 ==== mon_map magic: 0 ==== 205+0+0 (secure 0 0 0) 0x7fa738004160 con 0x7fa74810ef40
2024-04-25T14:51:43.784 INFO:teuthology.orchestra.run.smithi027.stdout:/usr/bin/ceph: stderr
2024-04-25T14:51:42.546+0000 7fa746a00700 1 -- 172.21.15.27:0/3949880899 <== mon.0 v2:172.21.15.27:3300/0 2 ==== config(26 keys) ==== 1070+0+0 (secure 0 0 0) 0x7fa738004300 con 0x7fa74810ef40
2024-04-25T14:51:43.784 INFO:teuthology.orchestra.run.smithi027.stdout:/usr/bin/ceph: stderr
2024-04-25T14:51:42.546+0000 7fa746a00700 1 -- 172.21.15.27:0/3949880899 <== mon.0 v2:172.21.15.27:3300/0 3 ==== mon_map magic: 0 ==== 205+0+0 (secure 0 0 0) 0x7fa738011af0 con 0x7fa74810ef40
2024-04-25T14:51:43.784 INFO:teuthology.orchestra.run.smithi027.stdout:/usr/bin/ceph: stderr
2024-04-25T14:51:42.547+0000 7fa74d800700 1 -- 172.21.15.27:0/3949880899 >> [v2:172.21.15.27:3300/0,v1:172.21.15.27:6789/0] conn(0x7fa74810ef40 msgr2=0x7fa74810f360 secure :-1 s=STATE_CONNECTION_ESTABLISHED l=1).mark_down
2024-04-25T14:51:43.785 INFO:teuthology.orchestra.run.smithi027.stdout:/usr/bin/ceph: stderr
2024-04-25T14:51:42.547+0000 7fa74d800700 1 --2- 172.21.15.27:0/3949880899 >> [v2:172.21.15.27:3300/0,v1:172.21.15.27:6789/0] conn(0x7fa74810ef40 0x7fa74810f360 secure :-1 s=READY pgs=47 cs=0 l=1 rev1=1 crypto rx=0x7fa7380098a0 tx=0x7fa738009bb0 comp rx=0 tx=0).stop
2024-04-25T14:51:43.785 INFO:teuthology.orchestra.run.smithi027.stdout:/usr/bin/ceph: stderr
2024-04-25T14:51:42.547+0000 7fa74d800700 1 -- 172.21.15.27:0/3949880899 shutdown_connections
2024-04-25T14:51:43.785 INFO:teuthology.orchestra.run.smithi027.stdout:/usr/bin/ceph: stderr
2024-04-25T14:51:42.547+0000 7fa74d800700 1 --2- 172.21.15.27:0/3949880899 >> [v2:172.21.15.27:3300/0,v1:172.21.15.27:6789/0] conn(0x7fa74810ef40 0x7fa74810f360 unknown :-1 s=CLOSED pgs=47 cs=0 l=1 rev1=1 crypto rx=0 tx=0 comp rx=0 tx=0).stop
2024-04-25T14:51:43.785 INFO:teuthology.orchestra.run.smithi027.stdout:/usr/bin/ceph: stderr
2024-04-25T14:51:42.547+0000 7fa74d800700 1 -- 172.21.15.27:0/3949880899 >> 172.21.15.27:0/3949880899 conn(0x7fa74807de20 msgr2=0x7fa748080240 unknown :-1 s=STATE_NONE l=0).mark_down
2024-04-25T14:51:43.785 INFO:teuthology.orchestra.run.smithi027.stdout:/usr/bin/ceph: stderr
2024-04-25T14:51:42.547+0000 7fa74d800700 1 -- 172.21.15.27:0/3949880899 shutdown_connections
2024-04-25T14:51:43.785 INFO:teuthology.orchestra.run.smithi027.stdout:/usr/bin/ceph: stderr
2024-04-25T14:51:42.547+0000 7fa74d800700 1 -- 172.21.15.27:0/3949880899 wait complete.
2024-04-25T14:51:43.785 INFO:teuthology.orchestra.run.smithi027.stdout:/usr/bin/ceph: stderr
2024-04-25T14:51:42.548+0000 7fa74d800700 1 Processor -- start
2024-04-25T14:51:43.785 INFO:teuthology.orchestra.run.smithi027.stdout:/usr/bin/ceph: stderr
2024-04-25T14:51:42.548+0000 7fa74d800700 1 -- start start
2024-04-25T14:51:43.785 INFO:teuthology.orchestra.run.smithi027.stdout:/usr/bin/ceph: stderr
2024-04-25T14:51:42.549+0000 7fa74d800700 1 --2- >> [v2:172.21.15.27:3300/0,v1:172.21.15.27:6789/0] conn(0x7fa74810ef40 0x7fa7481a2b80 unknown :-1 s=NONE pgs=0 cs=0 l=1 rev1=0 crypto rx=0 tx=0 comp rx=0 tx=0).connect
2024-04-25T14:51:43.785 INFO:teuthology.orchestra.run.smithi027.stdout:/usr/bin/ceph: stderr
2024-04-25T14:51:42.549+0000 7fa74d800700 1 -- --> [v2:172.21.15.27:3300/0,v1:172.21.15.27:6789/0] -- mon_getmap magic: 0 -- 0x7fa748110ae0 con 0x7fa74810ef40
2024-04-25T14:51:43.785 INFO:teuthology.orchestra.run.smithi027.stdout:/usr/bin/ceph: stderr
2024-04-25T14:51:42.549+0000 7fa747e00700 1 --2- >> [v2:172.21.15.27:3300/0,v1:172.21.15.27:6789/0] conn(0x7fa74810ef40 0x7fa7481a2b80 unknown :-1 s=BANNER_CONNECTING pgs=0 cs=0 l=1 rev1=0 crypto rx=0 tx=0 comp rx=0 tx=0)._handle_peer_banner_payload supported=3 required=0
2024-04-25T14:51:43.785 INFO:teuthology.orchestra.run.smithi027.stdout:/usr/bin/ceph: stderr
2024-04-25T14:51:42.549+0000 7fa747e00700 1 --2- >> [v2:172.21.15.27:3300/0,v1:172.21.15.27:6789/0] conn(0x7fa74810ef40 0x7fa7481a2b80 unknown :-1 s=HELLO_CONNECTING pgs=0 cs=0 l=1 rev1=1 crypto rx=0 tx=0 comp rx=0 tx=0).handle_hello peer v2:172.21.15.27:3300/0 says I am v2:172.21.15.27:42876/0 (socket says 172.21.15.27:42876)
2024-04-25T14:51:43.785 INFO:teuthology.orchestra.run.smithi027.stdout:/usr/bin/ceph: stderr
2024-04-25T14:51:42.549+0000 7fa747e00700 1 -- 172.21.15.27:0/496535473 learned_addr learned my addr 172.21.15.27:0/496535473 (peer_addr_for_me v2:172.21.15.27:0/0)
2024-04-25T14:51:43.786 INFO:teuthology.orchestra.run.smithi027.stdout:/usr/bin/ceph: stderr
2024-04-25T14:51:42.550+0000 7fa747e00700 1 -- 172.21.15.27:0/496535473 --> [v2:172.21.15.27:3300/0,v1:172.21.15.27:6789/0] -- mon_subscribe({config=0+,monmap=0+}) -- 0x7fa7481a30c0 con 0x7fa74810ef40
2024-04-25T14:51:43.786 INFO:teuthology.orchestra.run.smithi027.stdout:/usr/bin/ceph: stderr
2024-04-25T14:51:42.550+0000 7fa747e00700 1 --2- 172.21.15.27:0/496535473 >> [v2:172.21.15.27:3300/0,v1:172.21.15.27:6789/0] conn(0x7fa74810ef40 0x7fa7481a2b80 secure :-1 s=READY pgs=48 cs=0 l=1 rev1=1 crypto rx=0x7fa7380117b0 tx=0x7fa738011b70 comp rx=0 tx=0).ready entity=mon.0 client_cookie=0 server_cookie=0 in_seq=0 out_seq=0
2024-04-25T14:51:43.786 INFO:teuthology.orchestra.run.smithi027.stdout:/usr/bin/ceph: stderr
2024-04-25T14:51:42.550+0000 7fa744c00700 1 -- 172.21.15.27:0/496535473 <== mon.0 v2:172.21.15.27:3300/0 1 ==== mon_map magic: 0 ==== 205+0+0 (secure 0 0 0) 0x7fa738003af0 con 0x7fa74810ef40
2024-04-25T14:51:43.786 INFO:teuthology.orchestra.run.smithi027.stdout:/usr/bin/ceph: stderr
2024-04-25T14:51:42.550+0000 7fa744c00700 1 -- 172.21.15.27:0/496535473 <== mon.0 v2:172.21.15.27:3300/0 2 ==== config(26 keys) ==== 1070+0+0 (secure 0 0 0) 0x7fa738020070 con 0x7fa74810ef40
2024-04-25T14:51:43.786 INFO:teuthology.orchestra.run.smithi027.stdout:/usr/bin/ceph: stderr
2024-04-25T14:51:42.550+0000 7fa74d800700 1 -- 172.21.15.27:0/496535473 --> [v2:172.21.15.27:3300/0,v1:172.21.15.27:6789/0] -- mon_subscribe({mgrmap=0+}) -- 0x7fa7481a3350 con 0x7fa74810ef40
2024-04-25T14:51:43.786 INFO:teuthology.orchestra.run.smithi027.stdout:/usr/bin/ceph: stderr
2024-04-25T14:51:42.550+0000 7fa744c00700 1 -- 172.21.15.27:0/496535473 <== mon.0 v2:172.21.15.27:3300/0 3 ==== mon_map magic: 0 ==== 205+0+0 (secure 0 0 0) 0x7fa738019630 con 0x7fa74810ef40
2024-04-25T14:51:43.786 INFO:teuthology.orchestra.run.smithi027.stdout:/usr/bin/ceph: stderr
2024-04-25T14:51:42.550+0000 7fa74d800700 1 -- 172.21.15.27:0/496535473 --> [v2:172.21.15.27:3300/0,v1:172.21.15.27:6789/0] -- mon_subscribe({osdmap=0}) -- 0x7fa7481a6040 con 0x7fa74810ef40
2024-04-25T14:51:43.786 INFO:teuthology.orchestra.run.smithi027.stdout:/usr/bin/ceph: stderr
2024-04-25T14:51:42.551+0000 7fa744c00700 1 -- 172.21.15.27:0/496535473 <== mon.0 v2:172.21.15.27:3300/0 4 ==== mgrmap(e 8) ==== 46558+0+0 (secure 0 0 0) 0x7fa73801a430 con 0x7fa74810ef40
2024-04-25T14:51:43.786 INFO:teuthology.orchestra.run.smithi027.stdout:/usr/bin/ceph: stderr
2024-04-25T14:51:42.552+0000 7fa73e000700 1 -- 172.21.15.27:0/496535473 --> [v2:172.21.15.27:3300/0,v1:172.21.15.27:6789/0] -- mon_command({"prefix": "get_command_descriptions"} v 0) -- 0x7fa748069b90 con 0x7fa74810ef40
2024-04-25T14:51:43.786 INFO:teuthology.orchestra.run.smithi027.stdout:/usr/bin/ceph: stderr
2024-04-25T14:51:42.552+0000 7fa744c00700 1 --2- 172.21.15.27:0/496535473 >> [v2:172.21.15.27:6800/316381748,v1:172.21.15.27:6801/316381748] conn(0x7fa72c039600 0x7fa72c03bac0 unknown :-1 s=NONE pgs=0 cs=0 l=1 rev1=0 crypto rx=0 tx=0 comp rx=0 tx=0).connect
2024-04-25T14:51:43.786 INFO:teuthology.orchestra.run.smithi027.stdout:/usr/bin/ceph: stderr
2024-04-25T14:51:42.552+0000 7fa744c00700 1 -- 172.21.15.27:0/496535473 <== mon.0 v2:172.21.15.27:3300/0 5 ==== osd_map(2..2 src has 1..2) ==== 940+0+0 (secure 0 0 0) 0x7fa73804deb0 con 0x7fa74810ef40
2024-04-25T14:51:43.786 INFO:teuthology.orchestra.run.smithi027.stdout:/usr/bin/ceph: stderr
2024-04-25T14:51:42.552+0000 7fa747400700 1 --2- 172.21.15.27:0/496535473 >> [v2:172.21.15.27:6800/316381748,v1:172.21.15.27:6801/316381748] conn(0x7fa72c039600 0x7fa72c03bac0 unknown :-1 s=BANNER_CONNECTING pgs=0 cs=0 l=1 rev1=0 crypto rx=0 tx=0 comp rx=0 tx=0)._handle_peer_banner_payload supported=3 required=0
2024-04-25T14:51:43.786 INFO:teuthology.orchestra.run.smithi027.stdout:/usr/bin/ceph: stderr
2024-04-25T14:51:42.553+0000 7fa747400700 1 --2- 172.21.15.27:0/496535473 >> [v2:172.21.15.27:6800/316381748,v1:172.21.15.27:6801/316381748] conn(0x7fa72c039600 0x7fa72c03bac0 secure :-1 s=READY pgs=12 cs=0 l=1 rev1=1 crypto rx=0x7fa734006fd0 tx=0x7fa734006e40 comp rx=0 tx=0).ready entity=mgr.14120 client_cookie=0 server_cookie=0 in_seq=0 out_seq=0
2024-04-25T14:51:43.786 INFO:teuthology.orchestra.run.smithi027.stdout:/usr/bin/ceph: stderr
2024-04-25T14:51:42.558+0000 7fa744c00700 1 -- 172.21.15.27:0/496535473 <== mon.0 v2:172.21.15.27:3300/0 6 ==== mon_command_ack([{"prefix": "get_command_descriptions"}]=0 v0) ==== 72+0+188370 (secure 0 0 0) 0x7fa73802b260 con 0x7fa74810ef40
2024-04-25T14:51:43.786 INFO:teuthology.orchestra.run.smithi027.stdout:/usr/bin/ceph: stderr
2024-04-25T14:51:42.811+0000 7fa73e000700 1 -- 172.21.15.27:0/496535473 --> [v2:172.21.15.27:6800/316381748,v1:172.21.15.27:6801/316381748] -- mgr_command(tid 0: {"prefix": "orch apply", "service_type": "mon", "unmanaged": true, "target": ["mon-mgr", ""]}) -- 0x7fa7481a3830 con 0x7fa72c039600
2024-04-25T14:51:43.787 INFO:teuthology.orchestra.run.smithi027.stdout:/usr/bin/ceph: stderr
2024-04-25T14:51:42.819+0000 7fa744c00700 1 -- 172.21.15.27:0/496535473 <== mgr.14120 v2:172.21.15.27:6800/316381748 1 ==== mgr_command_reply(tid 0: 0 ) ==== 8+0+24 (secure 0 0 0) 0x7fa7481a3830 con 0x7fa72c039600
2024-04-25T14:51:43.787 INFO:teuthology.orchestra.run.smithi027.stdout:/usr/bin/ceph: stderr
2024-04-25T14:51:42.822+0000 7fa73e000700 1 -- 172.21.15.27:0/496535473 >> [v2:172.21.15.27:6800/316381748,v1:172.21.15.27:6801/316381748] conn(0x7fa72c039600 msgr2=0x7fa72c03bac0 secure :-1 s=STATE_CONNECTION_ESTABLISHED l=1).mark_down
2024-04-25T14:51:43.787 INFO:teuthology.orchestra.run.smithi027.stdout:/usr/bin/ceph: stderr
2024-04-25T14:51:42.822+0000 7fa73e000700 1 --2- 172.21.15.27:0/496535473 >> [v2:172.21.15.27:6800/316381748,v1:172.21.15.27:6801/316381748] conn(0x7fa72c039600 0x7fa72c03bac0 secure :-1 s=READY pgs=12 cs=0 l=1 rev1=1 crypto rx=0x7fa734006fd0 tx=0x7fa734006e40 comp rx=0 tx=0).stop
2024-04-25T14:51:43.787 INFO:teuthology.orchestra.run.smithi027.stdout:/usr/bin/ceph: stderr
2024-04-25T14:51:42.822+0000 7fa73e000700 1 -- 172.21.15.27:0/496535473 >> [v2:172.21.15.27:3300/0,v1:172.21.15.27:6789/0] conn(0x7fa74810ef40 msgr2=0x7fa7481a2b80 secure :-1 s=STATE_CONNECTION_ESTABLISHED l=1).mark_down
2024-04-25T14:51:43.787 INFO:teuthology.orchestra.run.smithi027.stdout:/usr/bin/ceph: stderr
2024-04-25T14:51:42.822+0000 7fa73e000700 1 --2- 172.21.15.27:0/496535473 >> [v2:172.21.15.27:3300/0,v1:172.21.15.27:6789/0] conn(0x7fa74810ef40 0x7fa7481a2b80 secure :-1 s=READY pgs=48 cs=0 l=1 rev1=1 crypto rx=0x7fa7380117b0 tx=0x7fa738011b70 comp rx=0 tx=0).stop
2024-04-25T14:51:43.787 INFO:teuthology.orchestra.run.smithi027.stdout:/usr/bin/ceph: stderr
2024-04-25T14:51:42.822+0000 7fa73e000700 1 -- 172.21.15.27:0/496535473 shutdown_connections
2024-04-25T14:51:43.787 INFO:teuthology.orchestra.run.smithi027.stdout:/usr/bin/ceph: stderr
2024-04-25T14:51:42.822+0000 7fa73e000700 1 --2- 172.21.15.27:0/496535473 >> [v2:172.21.15.27:6800/316381748,v1:172.21.15.27:6801/316381748] conn(0x7fa72c039600 0x7fa72c03bac0 unknown :-1 s=CLOSED pgs=12 cs=0 l=1 rev1=1 crypto rx=0 tx=0 comp rx=0 tx=0).stop
2024-04-25T14:51:43.787 INFO:teuthology.orchestra.run.smithi027.stdout:/usr/bin/ceph: stderr
2024-04-25T14:51:42.822+0000 7fa73e000700 1 --2- 172.21.15.27:0/496535473 >> [v2:172.21.15.27:3300/0,v1:172.21.15.27:6789/0] conn(0x7fa74810ef40 0x7fa7481a2b80 unknown :-1 s=CLOSED pgs=48 cs=0 l=1 rev1=1 crypto rx=0 tx=0 comp rx=0 tx=0).stop
2024-04-25T14:51:43.787 INFO:teuthology.orchestra.run.smithi027.stdout:/usr/bin/ceph: stderr
2024-04-25T14:51:42.822+0000 7fa73e000700 1 -- 172.21.15.27:0/496535473 >> 172.21.15.27:0/496535473 conn(0x7fa74807de20 msgr2=0x7fa74807fb90 unknown :-1 s=STATE_NONE l=0).mark_down
2024-04-25T14:51:43.787 INFO:teuthology.orchestra.run.smithi027.stdout:/usr/bin/ceph: stderr
2024-04-25T14:51:42.822+0000 7fa73e000700 1 -- 172.21.15.27:0/496535473 shutdown_connections
2024-04-25T14:51:43.787 INFO:teuthology.orchestra.run.smithi027.stdout:/usr/bin/ceph: stderr
2024-04-25T14:51:42.822+0000 7fa73e000700 1 -- 172.21.15.27:0/496535473 wait complete.
2024-04-25T14:51:43.787 INFO:teuthology.orchestra.run.smithi027.stdout:Deploying unmanaged mgr service...
2024-04-25T14:51:44.036 INFO:journalctl@ceph.mon.a.smithi027.stdout:Apr 25 14:51:43 smithi027 ceph-mon[27789]: from='client.14142 -' entity='client.admin' cmd=[{"prefix": "orch apply", "service_type": "mon", "unmanaged": true, "target": ["mon-mgr", ""]}]: dispatch
2024-04-25T14:51:44.036 INFO:journalctl@ceph.mon.a.smithi027.stdout:Apr 25 14:51:43 smithi027 ceph-mon[27789]: Saving service mon spec with placement count:5
2024-04-25T14:51:44.036 INFO:journalctl@ceph.mon.a.smithi027.stdout:Apr 25 14:51:43 smithi027 ceph-mon[27789]: from='mgr.14120 172.21.15.27:0/2466523372' entity='mgr.x'
2024-04-25T14:51:45.923 INFO:teuthology.orchestra.run.smithi027.stdout:/usr/bin/ceph: stdout Scheduled mgr update...
2024-04-25T14:51:45.923 INFO:teuthology.orchestra.run.smithi027.stdout:/usr/bin/ceph: stderr
2024-04-25T14:51:44.772+0000 7f8943400700 1 Processor -- start
2024-04-25T14:51:45.923 INFO:teuthology.orchestra.run.smithi027.stdout:/usr/bin/ceph: stderr
2024-04-25T14:51:44.772+0000 7f8943400700 1 -- start start
2024-04-25T14:51:45.923 INFO:teuthology.orchestra.run.smithi027.stdout:/usr/bin/ceph: stderr
2024-04-25T14:51:44.772+0000 7f8943400700 1 --2- >> [v2:172.21.15.27:3300/0,v1:172.21.15.27:6789/0] conn(0x7f893c108f00 0x7f893c10b2f0 unknown :-1 s=NONE pgs=0 cs=0 l=0 rev1=0 crypto rx=0 tx=0 comp rx=0 tx=0).connect
2024-04-25T14:51:45.923 INFO:teuthology.orchestra.run.smithi027.stdout:/usr/bin/ceph: stderr
2024-04-25T14:51:44.772+0000 7f8943400700 1 -- --> [v2:172.21.15.27:3300/0,v1:172.21.15.27:6789/0] -- mon_getmap magic: 0 -- 0x7f893c07bec0 con 0x7f893c108f00
2024-04-25T14:51:45.923 INFO:teuthology.orchestra.run.smithi027.stdout:/usr/bin/ceph: stderr
2024-04-25T14:51:44.773+0000 7f8940a00700 1 --2- >> [v2:172.21.15.27:3300/0,v1:172.21.15.27:6789/0] conn(0x7f893c108f00 0x7f893c10b2f0 unknown :-1 s=BANNER_CONNECTING pgs=0 cs=0 l=0 rev1=0 crypto rx=0 tx=0 comp rx=0 tx=0)._handle_peer_banner_payload supported=3 required=0
2024-04-25T14:51:45.923 INFO:teuthology.orchestra.run.smithi027.stdout:/usr/bin/ceph: stderr
