2024-04-25T14:52:02.426 INFO:teuthology.orchestra.run.smithi027.stdout:/usr/bin/ceph: stderr
2024-04-25T14:51:54.033+0000 7f10c3400700 1 -- 172.21.15.27:0/2548549242 <== mon.0 v2:172.21.15.27:3300/0 1 ==== mon_map magic: 0 ==== 205+0+0 (secure 0 0 0) 0x7f10bc003aa0 con 0x7f10cc107390
2024-04-25T14:52:02.426 INFO:teuthology.orchestra.run.smithi027.stdout:/usr/bin/ceph: stderr
2024-04-25T14:51:54.033+0000 7f10c3400700 1 -- 172.21.15.27:0/2548549242 <== mon.0 v2:172.21.15.27:3300/0 2 ==== config(26 keys) ==== 1101+0+0 (secure 0 0 0) 0x7f10bc01b8f0 con 0x7f10cc107390
2024-04-25T14:52:02.427 INFO:teuthology.orchestra.run.smithi027.stdout:/usr/bin/ceph: stderr
2024-04-25T14:51:54.033+0000 7f10d1800700 1 -- 172.21.15.27:0/2548549242 --> [v2:172.21.15.27:3300/0,v1:172.21.15.27:6789/0] -- mon_subscribe({mgrmap=0+}) -- 0x7f10cc19cc90 con 0x7f10cc107390
2024-04-25T14:52:02.427 INFO:teuthology.orchestra.run.smithi027.stdout:/usr/bin/ceph: stderr
2024-04-25T14:51:54.033+0000 7f10c3400700 1 -- 172.21.15.27:0/2548549242 <== mon.0 v2:172.21.15.27:3300/0 3 ==== mon_map magic: 0 ==== 205+0+0 (secure 0 0 0) 0x7f10bc023890 con 0x7f10cc107390
2024-04-25T14:52:02.427 INFO:teuthology.orchestra.run.smithi027.stdout:/usr/bin/ceph: stderr
2024-04-25T14:51:54.033+0000 7f10d1800700 1 -- 172.21.15.27:0/2548549242 --> [v2:172.21.15.27:3300/0,v1:172.21.15.27:6789/0] -- mon_subscribe({osdmap=0}) -- 0x7f10cc19f930 con 0x7f10cc107390
2024-04-25T14:52:02.427 INFO:teuthology.orchestra.run.smithi027.stdout:/usr/bin/ceph: stderr
2024-04-25T14:51:54.035+0000 7f10c3400700 1 -- 172.21.15.27:0/2548549242 <== mon.0 v2:172.21.15.27:3300/0 4 ==== mgrmap(e 9) ==== 46571+0+0 (secure 0 0 0) 0x7f10bc01b440 con 0x7f10cc107390
2024-04-25T14:52:02.427 INFO:teuthology.orchestra.run.smithi027.stdout:/usr/bin/ceph: stderr
2024-04-25T14:51:54.035+0000 7f10c3400700 1 --2- 172.21.15.27:0/2548549242 >> [v2:172.21.15.27:6800/316381748,v1:172.21.15.27:6801/316381748] conn(0x7f10b0039660 0x7f10b003bb20 unknown :-1 s=NONE pgs=0 cs=0 l=1 rev1=0 crypto rx=0 tx=0 comp rx=0 tx=0).connect
2024-04-25T14:52:02.427 INFO:teuthology.orchestra.run.smithi027.stdout:/usr/bin/ceph: stderr
2024-04-25T14:51:54.035+0000 7f10c3400700 1 -- 172.21.15.27:0/2548549242 --> [v2:172.21.15.27:6800/316381748,v1:172.21.15.27:6801/316381748] -- command(tid 0: {"prefix": "get_command_descriptions"}) -- 0x7f10b003c230 con 0x7f10b0039660
2024-04-25T14:52:02.427 INFO:teuthology.orchestra.run.smithi027.stdout:/usr/bin/ceph: stderr
2024-04-25T14:51:54.035+0000 7f10c3400700 1 -- 172.21.15.27:0/2548549242 <== mon.0 v2:172.21.15.27:3300/0 5 ==== osd_map(2..2 src has 1..2) ==== 940+0+0 (secure 0 0 0) 0x7f10bc04dee0 con 0x7f10cc107390
2024-04-25T14:52:02.427 INFO:teuthology.orchestra.run.smithi027.stdout:/usr/bin/ceph: stderr
2024-04-25T14:51:54.035+0000 7f10ca000700 1 -- 172.21.15.27:0/2548549242 >> [v2:172.21.15.27:6800/316381748,v1:172.21.15.27:6801/316381748] conn(0x7f10b0039660 msgr2=0x7f10b003bb20 unknown :-1 s=STATE_CONNECTING_RE l=1).process reconnect failed to v2:172.21.15.27:6800/316381748
2024-04-25T14:52:02.427 INFO:teuthology.orchestra.run.smithi027.stdout:/usr/bin/ceph: stderr
2024-04-25T14:51:54.035+0000 7f10ca000700 1 --2- 172.21.15.27:0/2548549242 >> [v2:172.21.15.27:6800/316381748,v1:172.21.15.27:6801/316381748] conn(0x7f10b0039660 0x7f10b003bb20 unknown :-1 s=START_CONNECT pgs=0 cs=0 l=1 rev1=0 crypto rx=0 tx=0 comp rx=0 tx=0)._fault waiting 0.200000
2024-04-25T14:52:02.427 INFO:teuthology.orchestra.run.smithi027.stdout:/usr/bin/ceph: stderr
2024-04-25T14:51:54.236+0000 7f10ca000700 1 -- 172.21.15.27:0/2548549242 >> [v2:172.21.15.27:6800/316381748,v1:172.21.15.27:6801/316381748] conn(0x7f10b0039660 msgr2=0x7f10b003bb20 unknown :-1 s=STATE_CONNECTING_RE l=1).process reconnect failed to v2:172.21.15.27:6800/316381748
2024-04-25T14:52:02.427 INFO:teuthology.orchestra.run.smithi027.stdout:/usr/bin/ceph: stderr
2024-04-25T14:51:54.236+0000 7f10ca000700 1 --2- 172.21.15.27:0/2548549242 >> [v2:172.21.15.27:6800/316381748,v1:172.21.15.27:6801/316381748] conn(0x7f10b0039660 0x7f10b003bb20 unknown :-1 s=START_CONNECT pgs=0 cs=0 l=1 rev1=0 crypto rx=0 tx=0 comp rx=0 tx=0)._fault waiting 0.400000
2024-04-25T14:52:02.430 INFO:teuthology.orchestra.run.smithi027.stdout:/usr/bin/ceph: stderr
2024-04-25T14:51:54.637+0000 7f10ca000700 1 -- 172.21.15.27:0/2548549242 >> [v2:172.21.15.27:6800/316381748,v1:172.21.15.27:6801/316381748] conn(0x7f10b0039660 msgr2=0x7f10b003bb20 unknown :-1 s=STATE_CONNECTING_RE l=1).process reconnect failed to v2:172.21.15.27:6800/316381748
2024-04-25T14:52:02.431 INFO:teuthology.orchestra.run.smithi027.stdout:/usr/bin/ceph: stderr
2024-04-25T14:51:54.637+0000 7f10ca000700 1 --2- 172.21.15.27:0/2548549242 >> [v2:172.21.15.27:6800/316381748,v1:172.21.15.27:6801/316381748] conn(0x7f10b0039660 0x7f10b003bb20 unknown :-1 s=START_CONNECT pgs=0 cs=0 l=1 rev1=0 crypto rx=0 tx=0 comp rx=0 tx=0)._fault waiting 0.800000
2024-04-25T14:52:02.431 INFO:teuthology.orchestra.run.smithi027.stdout:/usr/bin/ceph: stderr
2024-04-25T14:51:55.438+0000 7f10ca000700 1 -- 172.21.15.27:0/2548549242 >> [v2:172.21.15.27:6800/316381748,v1:172.21.15.27:6801/316381748] conn(0x7f10b0039660 msgr2=0x7f10b003bb20 unknown :-1 s=STATE_CONNECTING_RE l=1).process reconnect failed to v2:172.21.15.27:6800/316381748
2024-04-25T14:52:02.431 INFO:teuthology.orchestra.run.smithi027.stdout:/usr/bin/ceph: stderr
2024-04-25T14:51:55.438+0000 7f10ca000700 1 --2- 172.21.15.27:0/2548549242 >> [v2:172.21.15.27:6800/316381748,v1:172.21.15.27:6801/316381748] conn(0x7f10b0039660 0x7f10b003bb20 unknown :-1 s=START_CONNECT pgs=0 cs=0 l=1 rev1=0 crypto rx=0 tx=0 comp rx=0 tx=0)._fault waiting 1.600000
2024-04-25T14:52:02.431 INFO:teuthology.orchestra.run.smithi027.stdout:/usr/bin/ceph: stderr
2024-04-25T14:51:57.040+0000 7f10ca000700 1 -- 172.21.15.27:0/2548549242 >> [v2:172.21.15.27:6800/316381748,v1:172.21.15.27:6801/316381748] conn(0x7f10b0039660 msgr2=0x7f10b003bb20 unknown :-1 s=STATE_CONNECTING_RE l=1).process reconnect failed to v2:172.21.15.27:6800/316381748
2024-04-25T14:52:02.431 INFO:teuthology.orchestra.run.smithi027.stdout:/usr/bin/ceph: stderr
2024-04-25T14:51:57.040+0000 7f10ca000700 1 --2- 172.21.15.27:0/2548549242 >> [v2:172.21.15.27:6800/316381748,v1:172.21.15.27:6801/316381748] conn(0x7f10b0039660 0x7f10b003bb20 unknown :-1 s=START_CONNECT pgs=0 cs=0 l=1 rev1=0 crypto rx=0 tx=0 comp rx=0 tx=0)._fault waiting 3.200000
2024-04-25T14:52:02.431 INFO:teuthology.orchestra.run.smithi027.stdout:/usr/bin/ceph: stderr
2024-04-25T14:52:00.243+0000 7f10ca000700 1 -- 172.21.15.27:0/2548549242 >> [v2:172.21.15.27:6800/316381748,v1:172.21.15.27:6801/316381748] conn(0x7f10b0039660 msgr2=0x7f10b003bb20 unknown :-1 s=STATE_CONNECTING_RE l=1).process reconnect failed to v2:172.21.15.27:6800/316381748
2024-04-25T14:52:02.431 INFO:teuthology.orchestra.run.smithi027.stdout:/usr/bin/ceph: stderr
2024-04-25T14:52:00.243+0000 7f10ca000700 1 --2- 172.21.15.27:0/2548549242 >> [v2:172.21.15.27:6800/316381748,v1:172.21.15.27:6801/316381748] conn(0x7f10b0039660 0x7f10b003bb20 unknown :-1 s=START_CONNECT pgs=0 cs=0 l=1 rev1=0 crypto rx=0 tx=0 comp rx=0 tx=0)._fault waiting 6.400000
2024-04-25T14:52:02.431 INFO:teuthology.orchestra.run.smithi027.stdout:/usr/bin/ceph: stderr
2024-04-25T14:52:00.567+0000 7f10c3400700 1 -- 172.21.15.27:0/2548549242 <== mon.0 v2:172.21.15.27:3300/0 6 ==== mgrmap(e 10) ==== 46338+0+0 (secure 0 0 0) 0x7f10bc02c770 con 0x7f10cc107390
2024-04-25T14:52:02.431 INFO:teuthology.orchestra.run.smithi027.stdout:/usr/bin/ceph: stderr
2024-04-25T14:52:00.567+0000 7f10c3400700 1 -- 172.21.15.27:0/2548549242 >> [v2:172.21.15.27:6800/316381748,v1:172.21.15.27:6801/316381748] conn(0x7f10b0039660 msgr2=0x7f10b003bb20 unknown :-1 s=STATE_CONNECTING l=1).mark_down
2024-04-25T14:52:02.431 INFO:teuthology.orchestra.run.smithi027.stdout:/usr/bin/ceph: stderr
2024-04-25T14:52:00.567+0000 7f10c3400700 1 --2- 172.21.15.27:0/2548549242 >> [v2:172.21.15.27:6800/316381748,v1:172.21.15.27:6801/316381748] conn(0x7f10b0039660 0x7f10b003bb20 unknown :-1 s=START_CONNECT pgs=0 cs=0 l=1 rev1=0 crypto rx=0 tx=0 comp rx=0 tx=0).stop
2024-04-25T14:52:02.431 INFO:teuthology.orchestra.run.smithi027.stdout:/usr/bin/ceph: stderr
2024-04-25T14:52:01.569+0000 7f10c3400700 1 -- 172.21.15.27:0/2548549242 <== mon.0 v2:172.21.15.27:3300/0 7 ==== mgrmap(e 11) ==== 46465+0+0 (secure 0 0 0) 0x7f10bc04ff00 con 0x7f10cc107390
2024-04-25T14:52:02.431 INFO:teuthology.orchestra.run.smithi027.stdout:/usr/bin/ceph: stderr
2024-04-25T14:52:01.569+0000 7f10c3400700 1 --2- 172.21.15.27:0/2548549242 >> [v2:172.21.15.27:6800/3985224132,v1:172.21.15.27:6801/3985224132] conn(0x7f10b003cff0 0x7f10b003f3e0 unknown :-1 s=NONE pgs=0 cs=0 l=1 rev1=0 crypto rx=0 tx=0 comp rx=0 tx=0).connect
2024-04-25T14:52:02.431 INFO:teuthology.orchestra.run.smithi027.stdout:/usr/bin/ceph: stderr
2024-04-25T14:52:01.569+0000 7f10c3400700 1 -- 172.21.15.27:0/2548549242 --> [v2:172.21.15.27:6800/3985224132,v1:172.21.15.27:6801/3985224132] -- command(tid 0: {"prefix": "get_command_descriptions"}) -- 0x7f10b003c230 con 0x7f10b003cff0
2024-04-25T14:52:02.432 INFO:teuthology.orchestra.run.smithi027.stdout:/usr/bin/ceph: stderr
2024-04-25T14:52:01.570+0000 7f10ca000700 1 --2- 172.21.15.27:0/2548549242 >> [v2:172.21.15.27:6800/3985224132,v1:172.21.15.27:6801/3985224132] conn(0x7f10b003cff0 0x7f10b003f3e0 unknown :-1 s=BANNER_CONNECTING pgs=0 cs=0 l=1 rev1=0 crypto rx=0 tx=0 comp rx=0 tx=0)._handle_peer_banner_payload supported=3 required=0
2024-04-25T14:52:02.432 INFO:teuthology.orchestra.run.smithi027.stdout:/usr/bin/ceph: stderr
2024-04-25T14:52:01.571+0000 7f10ca000700 1 --2- 172.21.15.27:0/2548549242 >> [v2:172.21.15.27:6800/3985224132,v1:172.21.15.27:6801/3985224132] conn(0x7f10b003cff0 0x7f10b003f3e0 secure :-1 s=READY pgs=2 cs=0 l=1 rev1=1 crypto rx=0x7f10b8003a10 tx=0x7f10b8009270 comp rx=0 tx=0).ready entity=mgr.14152 client_cookie=0 server_cookie=0 in_seq=0 out_seq=0
2024-04-25T14:52:02.432 INFO:teuthology.orchestra.run.smithi027.stdout:/usr/bin/ceph: stderr
2024-04-25T14:52:01.572+0000 7f10c3400700 1 -- 172.21.15.27:0/2548549242 <== mgr.14152 v2:172.21.15.27:6800/3985224132 1 ==== command_reply(tid 0: 0 ) ==== 8+0+7774 (secure 0 0 0) 0x7f10b003c230 con 0x7f10b003cff0
2024-04-25T14:52:02.432 INFO:teuthology.orchestra.run.smithi027.stdout:/usr/bin/ceph: stderr
2024-04-25T14:52:01.580+0000 7f10d1800700 1 -- 172.21.15.27:0/2548549242 --> [v2:172.21.15.27:6800/3985224132,v1:172.21.15.27:6801/3985224132] -- command(tid 1: {"prefix": "mgr_status"}) -- 0x7f10cc069b90 con 0x7f10b003cff0
2024-04-25T14:52:02.432 INFO:teuthology.orchestra.run.smithi027.stdout:/usr/bin/ceph: stderr
2024-04-25T14:52:01.580+0000 7f10c3400700 1 -- 172.21.15.27:0/2548549242 <== mgr.14152 v2:172.21.15.27:6800/3985224132 2 ==== command_reply(tid 1: 0 ) ==== 8+0+52 (secure 0 0 0) 0x7f10cc069b90 con 0x7f10b003cff0
2024-04-25T14:52:02.432 INFO:teuthology.orchestra.run.smithi027.stdout:/usr/bin/ceph: stderr
2024-04-25T14:52:01.581+0000 7f10d1800700 1 -- 172.21.15.27:0/2548549242 >> [v2:172.21.15.27:6800/3985224132,v1:172.21.15.27:6801/3985224132] conn(0x7f10b003cff0 msgr2=0x7f10b003f3e0 secure :-1 s=STATE_CONNECTION_ESTABLISHED l=1).mark_down
2024-04-25T14:52:02.432 INFO:teuthology.orchestra.run.smithi027.stdout:/usr/bin/ceph: stderr
2024-04-25T14:52:01.581+0000 7f10d1800700 1 --2- 172.21.15.27:0/2548549242 >> [v2:172.21.15.27:6800/3985224132,v1:172.21.15.27:6801/3985224132] conn(0x7f10b003cff0 0x7f10b003f3e0 secure :-1 s=READY pgs=2 cs=0 l=1 rev1=1 crypto rx=0x7f10b8003a10 tx=0x7f10b8009270 comp rx=0 tx=0).stop
2024-04-25T14:52:02.432 INFO:teuthology.orchestra.run.smithi027.stdout:/usr/bin/ceph: stderr
2024-04-25T14:52:01.581+0000 7f10d1800700 1 -- 172.21.15.27:0/2548549242 >> [v2:172.21.15.27:3300/0,v1:172.21.15.27:6789/0] conn(0x7f10cc107390 msgr2=0x7f10cc19c4c0 secure :-1 s=STATE_CONNECTION_ESTABLISHED l=1).mark_down
2024-04-25T14:52:02.432 INFO:teuthology.orchestra.run.smithi027.stdout:/usr/bin/ceph: stderr
2024-04-25T14:52:01.581+0000 7f10d1800700 1 --2- 172.21.15.27:0/2548549242 >> [v2:172.21.15.27:3300/0,v1:172.21.15.27:6789/0] conn(0x7f10cc107390 0x7f10cc19c4c0 secure :-1 s=READY pgs=62 cs=0 l=1 rev1=1 crypto rx=0x7f10bc000c00 tx=0x7f10bc011aa0 comp rx=0 tx=0).stop
2024-04-25T14:52:02.432 INFO:teuthology.orchestra.run.smithi027.stdout:/usr/bin/ceph: stderr
2024-04-25T14:52:01.581+0000 7f10d1800700 1 -- 172.21.15.27:0/2548549242 shutdown_connections
2024-04-25T14:52:02.432 INFO:teuthology.orchestra.run.smithi027.stdout:/usr/bin/ceph: stderr
2024-04-25T14:52:01.581+0000 7f10d1800700 1 --2- 172.21.15.27:0/2548549242 >> [v2:172.21.15.27:6800/3985224132,v1:172.21.15.27:6801/3985224132] conn(0x7f10b003cff0 0x7f10b003f3e0 unknown :-1 s=CLOSED pgs=2 cs=0 l=1 rev1=1 crypto rx=0 tx=0 comp rx=0 tx=0).stop
2024-04-25T14:52:02.432 INFO:teuthology.orchestra.run.smithi027.stdout:/usr/bin/ceph: stderr
2024-04-25T14:52:01.581+0000 7f10d1800700 1 --2- 172.21.15.27:0/2548549242 >> [v2:172.21.15.27:3300/0,v1:172.21.15.27:6789/0] conn(0x7f10cc107390 0x7f10cc19c4c0 unknown :-1 s=CLOSED pgs=62 cs=0 l=1 rev1=1 crypto rx=0 tx=0 comp rx=0 tx=0).stop
2024-04-25T14:52:02.432 INFO:teuthology.orchestra.run.smithi027.stdout:/usr/bin/ceph: stderr
2024-04-25T14:52:01.581+0000 7f10d1800700 1 --2- 172.21.15.27:0/2548549242 >> [v2:172.21.15.27:6800/316381748,v1:172.21.15.27:6801/316381748] conn(0x7f10b0039660 0x7f10b003bb20 unknown :-1 s=CLOSED pgs=0 cs=0 l=1 rev1=0 crypto rx=0 tx=0 comp rx=0 tx=0).stop
2024-04-25T14:52:02.432 INFO:teuthology.orchestra.run.smithi027.stdout:/usr/bin/ceph: stderr
2024-04-25T14:52:01.581+0000 7f10d1800700 1 -- 172.21.15.27:0/2548549242 >> 172.21.15.27:0/2548549242 conn(0x7f10cc1029b0 msgr2=0x7f10cc103890 unknown :-1 s=STATE_NONE l=0).mark_down
2024-04-25T14:52:02.432 INFO:teuthology.orchestra.run.smithi027.stdout:/usr/bin/ceph: stderr
2024-04-25T14:52:01.581+0000 7f10d1800700 1 -- 172.21.15.27:0/2548549242 shutdown_connections
2024-04-25T14:52:02.432 INFO:teuthology.orchestra.run.smithi027.stdout:/usr/bin/ceph: stderr
2024-04-25T14:52:01.581+0000 7f10d1800700 1 -- 172.21.15.27:0/2548549242 wait complete.
2024-04-25T14:52:02.433 INFO:teuthology.orchestra.run.smithi027.stdout:mgr epoch 9 is available
2024-04-25T14:52:02.433 INFO:teuthology.orchestra.run.smithi027.stdout:Generating a dashboard self-signed certificate...
2024-04-25T14:52:02.993 INFO:journalctl@ceph.mon.a.smithi027.stdout:Apr 25 14:52:02 smithi027 ceph-mon[27789]: from='client.14156 -' entity='client.admin' cmd=[{"prefix": "get_command_descriptions"}]: dispatch
2024-04-25T14:52:02.993 INFO:journalctl@ceph.mon.a.smithi027.stdout:Apr 25 14:52:02 smithi027 ceph-mon[27789]: from='client.14156 -' entity='client.admin' cmd=[{"prefix": "mgr_status"}]: dispatch
2024-04-25T14:52:04.096 INFO:journalctl@ceph.mon.a.smithi027.stdout:Apr 25 14:52:03 smithi027 ceph-mon[27789]: mgrmap e12: x(active, since 2s)
2024-04-25T14:52:04.423 INFO:teuthology.orchestra.run.smithi027.stdout:/usr/bin/ceph: stdout Self-signed certificate created
2024-04-25T14:52:04.423 INFO:teuthology.orchestra.run.smithi027.stdout:/usr/bin/ceph: stderr
2024-04-25T14:52:03.352+0000 7f67cd400700 1 Processor -- start
2024-04-25T14:52:04.424 INFO:teuthology.orchestra.run.smithi027.stdout:/usr/bin/ceph: stderr
2024-04-25T14:52:03.352+0000 7f67cd400700 1 -- start start
2024-04-25T14:52:04.424 INFO:teuthology.orchestra.run.smithi027.stdout:/usr/bin/ceph: stderr
2024-04-25T14:52:03.352+0000 7f67cd400700 1 --2- >> [v2:172.21.15.27:3300/0,v1:172.21.15.27:6789/0] conn(0x7f67c81084f0 0x7f67c8108910 unknown :-1 s=NONE pgs=0 cs=0 l=0 rev1=0 crypto rx=0 tx=0 comp rx=0 tx=0).connect
2024-04-25T14:52:04.424 INFO:teuthology.orchestra.run.smithi027.stdout:/usr/bin/ceph: stderr
2024-04-25T14:52:03.352+0000 7f67cd400700 1 -- --> [v2:172.21.15.27:3300/0,v1:172.21.15.27:6789/0] -- mon_getmap magic: 0 -- 0x7f67c8108ee0 con 0x7f67c81084f0
2024-04-25T14:52:04.424 INFO:teuthology.orchestra.run.smithi027.stdout:/usr/bin/ceph: stderr
2024-04-25T14:52:03.353+0000 7f67c6800700 1 --2- >> [v2:172.21.15.27:3300/0,v1:172.21.15.27:6789/0] conn(0x7f67c81084f0 0x7f67c8108910 unknown :-1 s=BANNER_CONNECTING pgs=0 cs=0 l=0 rev1=0 crypto rx=0 tx=0 comp rx=0 tx=0)._handle_peer_banner_payload supported=3 required=0
2024-04-25T14:52:04.424 INFO:teuthology.orchestra.run.smithi027.stdout:/usr/bin/ceph: stderr
2024-04-25T14:52:03.353+0000 7f67c6800700 1 --2- >> [v2:172.21.15.27:3300/0,v1:172.21.15.27:6789/0] conn(0x7f67c81084f0 0x7f67c8108910 unknown :-1 s=HELLO_CONNECTING pgs=0 cs=0 l=0 rev1=1 crypto rx=0 tx=0 comp rx=0 tx=0).handle_hello peer v2:172.21.15.27:3300/0 says I am v2:172.21.15.27:41928/0 (socket says 172.21.15.27:41928)
2024-04-25T14:52:04.424 INFO:teuthology.orchestra.run.smithi027.stdout:/usr/bin/ceph: stderr
2024-04-25T14:52:03.353+0000 7f67c6800700 1 -- 172.21.15.27:0/1450983196 learned_addr learned my addr 172.21.15.27:0/1450983196 (peer_addr_for_me v2:172.21.15.27:0/0)
2024-04-25T14:52:04.425 INFO:teuthology.orchestra.run.smithi027.stdout:/usr/bin/ceph: stderr
2024-04-25T14:52:03.353+0000 7f67c6800700 1 -- 172.21.15.27:0/1450983196 --> [v2:172.21.15.27:3300/0,v1:172.21.15.27:6789/0] -- mon_subscribe({config=0+,monmap=0+}) -- 0x7f67c81096a0 con 0x7f67c81084f0
2024-04-25T14:52:04.428 INFO:teuthology.orchestra.run.smithi027.stdout:/usr/bin/ceph: stderr
2024-04-25T14:52:03.354+0000 7f67c6800700 1 --2- 172.21.15.27:0/1450983196 >> [v2:172.21.15.27:3300/0,v1:172.21.15.27:6789/0] conn(0x7f67c81084f0 0x7f67c8108910 secure :-1 s=READY pgs=70 cs=0 l=1 rev1=1 crypto rx=0x7f67b80098a0 tx=0x7f67b8009bb0 comp rx=0 tx=0).ready entity=mon.0 client_cookie=ed3a6669754ddfd server_cookie=0 in_seq=0 out_seq=0
2024-04-25T14:52:04.428 INFO:teuthology.orchestra.run.smithi027.stdout:/usr/bin/ceph: stderr
2024-04-25T14:52:03.354+0000 7f67c5400700 1 -- 172.21.15.27:0/1450983196 <== mon.0 v2:172.21.15.27:3300/0 1 ==== mon_map magic: 0 ==== 205+0+0 (secure 0 0 0) 0x7f67b8004160 con 0x7f67c81084f0
2024-04-25T14:52:04.428 INFO:teuthology.orchestra.run.smithi027.stdout:/usr/bin/ceph: stderr
2024-04-25T14:52:03.354+0000 7f67c5400700 1 -- 172.21.15.27:0/1450983196 <== mon.0 v2:172.21.15.27:3300/0 2 ==== config(26 keys) ==== 1101+0+0 (secure 0 0 0) 0x7f67b8004300 con 0x7f67c81084f0
2024-04-25T14:52:04.428 INFO:teuthology.orchestra.run.smithi027.stdout:/usr/bin/ceph: stderr
2024-04-25T14:52:03.354+0000 7f67c5400700 1 -- 172.21.15.27:0/1450983196 <== mon.0 v2:172.21.15.27:3300/0 3 ==== mon_map magic: 0 ==== 205+0+0 (secure 0 0 0) 0x7f67b8011a20 con 0x7f67c81084f0
2024-04-25T14:52:04.428 INFO:teuthology.orchestra.run.smithi027.stdout:/usr/bin/ceph: stderr
2024-04-25T14:52:03.355+0000 7f67cd400700 1 -- 172.21.15.27:0/1450983196 >> [v2:172.21.15.27:3300/0,v1:172.21.15.27:6789/0] conn(0x7f67c81084f0 msgr2=0x7f67c8108910 secure :-1 s=STATE_CONNECTION_ESTABLISHED l=1).mark_down
2024-04-25T14:52:04.428 INFO:teuthology.orchestra.run.smithi027.stdout:/usr/bin/ceph: stderr
2024-04-25T14:52:03.355+0000 7f67cd400700 1 --2- 172.21.15.27:0/1450983196 >> [v2:172.21.15.27:3300/0,v1:172.21.15.27:6789/0] conn(0x7f67c81084f0 0x7f67c8108910 secure :-1 s=READY pgs=70 cs=0 l=1 rev1=1 crypto rx=0x7f67b80098a0 tx=0x7f67b8009bb0 comp rx=0 tx=0).stop
2024-04-25T14:52:04.428 INFO:teuthology.orchestra.run.smithi027.stdout:/usr/bin/ceph: stderr
2024-04-25T14:52:03.355+0000 7f67cd400700 1 -- 172.21.15.27:0/1450983196 shutdown_connections
2024-04-25T14:52:04.428 INFO:teuthology.orchestra.run.smithi027.stdout:/usr/bin/ceph: stderr
2024-04-25T14:52:03.355+0000 7f67cd400700 1 --2- 172.21.15.27:0/1450983196 >> [v2:172.21.15.27:3300/0,v1:172.21.15.27:6789/0] conn(0x7f67c81084f0 0x7f67c8108910 unknown :-1 s=CLOSED pgs=70 cs=0 l=1 rev1=1 crypto rx=0 tx=0 comp rx=0 tx=0).stop
2024-04-25T14:52:04.428 INFO:teuthology.orchestra.run.smithi027.stdout:/usr/bin/ceph: stderr
2024-04-25T14:52:03.355+0000 7f67cd400700 1 -- 172.21.15.27:0/1450983196 >> 172.21.15.27:0/1450983196 conn(0x7f67c8103ab0 msgr2=0x7f67c8105ed0 unknown :-1 s=STATE_NONE l=0).mark_down
2024-04-25T14:52:04.428 INFO:teuthology.orchestra.run.smithi027.stdout:/usr/bin/ceph: stderr
2024-04-25T14:52:03.355+0000 7f67cd400700 1 -- 172.21.15.27:0/1450983196 shutdown_connections
2024-04-25T14:52:04.429 INFO:teuthology.orchestra.run.smithi027.stdout:/usr/bin/ceph: stderr
2024-04-25T14:52:03.355+0000 7f67cd400700 1 -- 172.21.15.27:0/1450983196 wait complete.
2024-04-25T14:52:04.429 INFO:teuthology.orchestra.run.smithi027.stdout:/usr/bin/ceph: stderr
2024-04-25T14:52:03.356+0000 7f67cd400700 1 Processor -- start
2024-04-25T14:52:04.429 INFO:teuthology.orchestra.run.smithi027.stdout:/usr/bin/ceph: stderr
2024-04-25T14:52:03.357+0000 7f67cd400700 1 -- start start
2024-04-25T14:52:04.429 INFO:teuthology.orchestra.run.smithi027.stdout:/usr/bin/ceph: stderr
2024-04-25T14:52:03.357+0000 7f67cd400700 1 --2- >> [v2:172.21.15.27:3300/0,v1:172.21.15.27:6789/0] conn(0x7f67c81084f0 0x7f67c819c720 unknown :-1 s=NONE pgs=0 cs=0 l=1 rev1=0 crypto rx=0 tx=0 comp rx=0 tx=0).connect
2024-04-25T14:52:04.429 INFO:teuthology.orchestra.run.smithi027.stdout:/usr/bin/ceph: stderr
2024-04-25T14:52:03.357+0000 7f67cd400700 1 -- --> [v2:172.21.15.27:3300/0,v1:172.21.15.27:6789/0] -- mon_getmap magic: 0 -- 0x7f67c810ca50 con 0x7f67c81084f0
2024-04-25T14:52:04.429 INFO:teuthology.orchestra.run.smithi027.stdout:/usr/bin/ceph: stderr
2024-04-25T14:52:03.357+0000 7f67c6800700 1 --2- >> [v2:172.21.15.27:3300/0,v1:172.21.15.27:6789/0] conn(0x7f67c81084f0 0x7f67c819c720 unknown :-1 s=BANNER_CONNECTING pgs=0 cs=0 l=1 rev1=0 crypto rx=0 tx=0 comp rx=0 tx=0)._handle_peer_banner_payload supported=3 required=0
2024-04-25T14:52:04.429 INFO:teuthology.orchestra.run.smithi027.stdout:/usr/bin/ceph: stderr
2024-04-25T14:52:03.357+0000 7f67c6800700 1 --2- >> [v2:172.21.15.27:3300/0,v1:172.21.15.27:6789/0] conn(0x7f67c81084f0 0x7f67c819c720 unknown :-1 s=HELLO_CONNECTING pgs=0 cs=0 l=1 rev1=1 crypto rx=0 tx=0 comp rx=0 tx=0).handle_hello peer v2:172.21.15.27:3300/0 says I am v2:172.21.15.27:41938/0 (socket says 172.21.15.27:41938)
2024-04-25T14:52:04.429 INFO:teuthology.orchestra.run.smithi027.stdout:/usr/bin/ceph: stderr
2024-04-25T14:52:03.357+0000 7f67c6800700 1 -- 172.21.15.27:0/1674021733 learned_addr learned my addr 172.21.15.27:0/1674021733 (peer_addr_for_me v2:172.21.15.27:0/0)
2024-04-25T14:52:04.429 INFO:teuthology.orchestra.run.smithi027.stdout:/usr/bin/ceph: stderr
2024-04-25T14:52:03.358+0000 7f67c6800700 1 -- 172.21.15.27:0/1674021733 --> [v2:172.21.15.27:3300/0,v1:172.21.15.27:6789/0] -- mon_subscribe({config=0+,monmap=0+}) -- 0x7f67c819cc60 con 0x7f67c81084f0
2024-04-25T14:52:04.429 INFO:teuthology.orchestra.run.smithi027.stdout:/usr/bin/ceph: stderr
2024-04-25T14:52:03.358+0000 7f67c6800700 1 --2- 172.21.15.27:0/1674021733 >> [v2:172.21.15.27:3300/0,v1:172.21.15.27:6789/0] conn(0x7f67c81084f0 0x7f67c819c720 secure :-1 s=READY pgs=71 cs=0 l=1 rev1=1 crypto rx=0x7f67b8000c00 tx=0x7f67b8011aa0 comp rx=0 tx=0).ready entity=mon.0 client_cookie=0 server_cookie=0 in_seq=0 out_seq=0
2024-04-25T14:52:04.429 INFO:teuthology.orchestra.run.smithi027.stdout:/usr/bin/ceph: stderr
2024-04-25T14:52:03.359+0000 7f67bf400700 1 -- 172.21.15.27:0/1674021733 <== mon.0 v2:172.21.15.27:3300/0 1 ==== mon_map magic: 0 ==== 205+0+0 (secure 0 0 0) 0x7f67b8003aa0 con 0x7f67c81084f0
2024-04-25T14:52:04.429 INFO:teuthology.orchestra.run.smithi027.stdout:/usr/bin/ceph: stderr
2024-04-25T14:52:03.359+0000 7f67bf400700 1 -- 172.21.15.27:0/1674021733 <== mon.0 v2:172.21.15.27:3300/0 2 ==== config(26 keys) ==== 1101+0+0 (secure 0 0 0) 0x7f67b801b8f0 con 0x7f67c81084f0
2024-04-25T14:52:04.429 INFO:teuthology.orchestra.run.smithi027.stdout:/usr/bin/ceph: stderr
2024-04-25T14:52:03.359+0000 7f67cd400700 1 -- 172.21.15.27:0/1674021733 --> [v2:172.21.15.27:3300/0,v1:172.21.15.27:6789/0] -- mon_subscribe({mgrmap=0+}) -- 0x7f67c819cef0 con 0x7f67c81084f0
2024-04-25T14:52:04.430 INFO:teuthology.orchestra.run.smithi027.stdout:/usr/bin/ceph: stderr
2024-04-25T14:52:03.359+0000 7f67bf400700 1 -- 172.21.15.27:0/1674021733 <== mon.0 v2:172.21.15.27:3300/0 3 ==== mon_map magic: 0 ==== 205+0+0 (secure 0 0 0) 0x7f67b8023890 con 0x7f67c81084f0
2024-04-25T14:52:04.430 INFO:teuthology.orchestra.run.smithi027.stdout:/usr/bin/ceph: stderr
2024-04-25T14:52:03.359+0000 7f67cd400700 1 -- 172.21.15.27:0/1674021733 --> [v2:172.21.15.27:3300/0,v1:172.21.15.27:6789/0] -- mon_subscribe({osdmap=0}) -- 0x7f67c819fbe0 con 0x7f67c81084f0
2024-04-25T14:52:04.430 INFO:teuthology.orchestra.run.smithi027.stdout:/usr/bin/ceph: stderr
2024-04-25T14:52:03.360+0000 7f67bf400700 1 -- 172.21.15.27:0/1674021733 <== mon.0 v2:172.21.15.27:3300/0 4 ==== mgrmap(e 12) ==== 46571+0+0 (secure 0 0 0) 0x7f67b801b440 con 0x7f67c81084f0
2024-04-25T14:52:04.430 INFO:teuthology.orchestra.run.smithi027.stdout:/usr/bin/ceph: stderr
2024-04-25T14:52:03.360+0000 7f67cd400700 1 -- 172.21.15.27:0/1674021733 --> [v2:172.21.15.27:3300/0,v1:172.21.15.27:6789/0] -- mon_command({"prefix": "get_command_descriptions"} v 0) -- 0x7f67c80640a0 con 0x7f67c81084f0
2024-04-25T14:52:04.430 INFO:teuthology.orchestra.run.smithi027.stdout:/usr/bin/ceph: stderr
2024-04-25T14:52:03.361+0000 7f67bf400700 1 --2- 172.21.15.27:0/1674021733 >> [v2:172.21.15.27:6800/3985224132,v1:172.21.15.27:6801/3985224132] conn(0x7f67ac039660 0x7f67ac03bb20 unknown :-1 s=NONE pgs=0 cs=0 l=1 rev1=0 crypto rx=0 tx=0 comp rx=0 tx=0).connect
2024-04-25T14:52:04.430 INFO:teuthology.orchestra.run.smithi027.stdout:/usr/bin/ceph: stderr
2024-04-25T14:52:03.361+0000 7f67bf400700 1 -- 172.21.15.27:0/1674021733 <== mon.0 v2:172.21.15.27:3300/0 5 ==== osd_map(3..3 src has 1..3) ==== 1155+0+0 (secure 0 0 0) 0x7f67b804dff0 con 0x7f67c81084f0
2024-04-25T14:52:04.432 INFO:teuthology.orchestra.run.smithi027.stdout:/usr/bin/ceph: stderr
2024-04-25T14:52:03.361+0000 7f67c5e00700 1 --2- 172.21.15.27:0/1674021733 >> [v2:172.21.15.27:6800/3985224132,v1:172.21.15.27:6801/3985224132] conn(0x7f67ac039660 0x7f67ac03bb20 unknown :-1 s=BANNER_CONNECTING pgs=0 cs=0 l=1 rev1=0 crypto rx=0 tx=0 comp rx=0 tx=0)._handle_peer_banner_payload supported=3 required=0
2024-04-25T14:52:04.432 INFO:teuthology.orchestra.run.smithi027.stdout:/usr/bin/ceph: stderr
2024-04-25T14:52:03.362+0000 7f67c5e00700 1 --2- 172.21.15.27:0/1674021733 >> [v2:172.21.15.27:6800/3985224132,v1:172.21.15.27:6801/3985224132] conn(0x7f67ac039660 0x7f67ac03bb20 secure :-1 s=READY pgs=7 cs=0 l=1 rev1=1 crypto rx=0x7f67b4006fd0 tx=0x7f67b4006e40 comp rx=0 tx=0).ready entity=mgr.14152 client_cookie=0 server_cookie=0 in_seq=0 out_seq=0
2024-04-25T14:52:04.432 INFO:teuthology.orchestra.run.smithi027.stdout:/usr/bin/ceph: stderr
2024-04-25T14:52:03.367+0000 7f67bf400700 1 -- 172.21.15.27:0/1674021733 <== mon.0 v2:172.21.15.27:3300/0 6 ==== mon_command_ack([{"prefix": "get_command_descriptions"}]=0 v0) ==== 72+0+188370 (secure 0 0 0) 0x7f67b801f030 con 0x7f67c81084f0
2024-04-25T14:52:04.432 INFO:teuthology.orchestra.run.smithi027.stdout:/usr/bin/ceph: stderr
2024-04-25T14:52:03.620+0000 7f67cd400700 1 -- 172.21.15.27:0/1674021733 --> [v2:172.21.15.27:6800/3985224132,v1:172.21.15.27:6801/3985224132] -- mgr_command(tid 0: {"prefix": "dashboard create-self-signed-cert", "target": ["mon-mgr", ""]}) -- 0x7f67c8062e80 con 0x7f67ac039660
2024-04-25T14:52:04.432 INFO:teuthology.orchestra.run.smithi027.stdout:/usr/bin/ceph: stderr
2024-04-25T14:52:03.724+0000 7f67bf400700 1 -- 172.21.15.27:0/1674021733 <== mgr.14152 v2:172.21.15.27:6800/3985224132 1 ==== mgr_command_reply(tid 0: 0 ) ==== 8+0+32 (secure 0 0 0) 0x7f67c8062e80 con 0x7f67ac039660
2024-04-25T14:52:04.432 INFO:teuthology.orchestra.run.smithi027.stdout:/usr/bin/ceph: stderr
2024-04-25T14:52:03.727+0000 7f67cd400700 1 -- 172.21.15.27:0/1674021733 >> [v2:172.21.15.27:6800/3985224132,v1:172.21.15.27:6801/3985224132] conn(0x7f67ac039660 msgr2=0x7f67ac03bb20 secure :-1 s=STATE_CONNECTION_ESTABLISHED l=1).mark_down
2024-04-25T14:52:04.432 INFO:teuthology.orchestra.run.smithi027.stdout:/usr/bin/ceph: stderr
2024-04-25T14:52:03.727+0000 7f67cd400700 1 --2- 172.21.15.27:0/1674021733 >> [v2:172.21.15.27:6800/3985224132,v1:172.21.15.27:6801/3985224132] conn(0x7f67ac039660 0x7f67ac03bb20 secure :-1 s=READY pgs=7 cs=0 l=1 rev1=1 crypto rx=0x7f67b4006fd0 tx=0x7f67b4006e40 comp rx=0 tx=0).stop
2024-04-25T14:52:04.432 INFO:teuthology.orchestra.run.smithi027.stdout:/usr/bin/ceph: stderr
2024-04-25T14:52:03.727+0000 7f67cd400700 1 -- 172.21.15.27:0/1674021733 >> [v2:172.21.15.27:3300/0,v1:172.21.15.27:6789/0] conn(0x7f67c81084f0 msgr2=0x7f67c819c720 secure :-1 s=STATE_CONNECTION_ESTABLISHED l=1).mark_down
2024-04-25T14:52:04.432 INFO:teuthology.orchestra.run.smithi027.stdout:/usr/bin/ceph: stderr
2024-04-25T14:52:03.727+0000 7f67cd400700 1 --2- 172.21.15.27:0/1674021733 >> [v2:172.21.15.27:3300/0,v1:172.21.15.27:6789/0] conn(0x7f67c81084f0 0x7f67c819c720 secure :-1 s=READY pgs=71 cs=0 l=1 rev1=1 crypto rx=0x7f67b8000c00 tx=0x7f67b8011aa0 comp rx=0 tx=0).stop
2024-04-25T14:52:04.432 INFO:teuthology.orchestra.run.smithi027.stdout:/usr/bin/ceph: stderr
2024-04-25T14:52:03.728+0000 7f67cd400700 1 -- 172.21.15.27:0/1674021733 shutdown_connections
2024-04-25T14:52:04.432 INFO:teuthology.orchestra.run.smithi027.stdout:/usr/bin/ceph: stderr
2024-04-25T14:52:03.728+0000 7f67cd400700 1 --2- 172.21.15.27:0/1674021733 >> [v2:172.21.15.27:6800/3985224132,v1:172.21.15.27:6801/3985224132] conn(0x7f67ac039660 0x7f67ac03bb20 unknown :-1 s=CLOSED pgs=7 cs=0 l=1 rev1=1 crypto rx=0 tx=0 comp rx=0 tx=0).stop
2024-04-25T14:52:04.433 INFO:teuthology.orchestra.run.smithi027.stdout:/usr/bin/ceph: stderr
2024-04-25T14:52:03.728+0000 7f67cd400700 1 --2- 172.21.15.27:0/1674021733 >> [v2:172.21.15.27:3300/0,v1:172.21.15.27:6789/0] conn(0x7f67c81084f0 0x7f67c819c720 unknown :-1 s=CLOSED pgs=71 cs=0 l=1 rev1=1 crypto rx=0 tx=0 comp rx=0 tx=0).stop
2024-04-25T14:52:04.433 INFO:teuthology.orchestra.run.smithi027.stdout:/usr/bin/ceph: stderr
2024-04-25T14:52:03.728+0000 7f67cd400700 1 -- 172.21.15.27:0/1674021733 >> 172.21.15.27:0/1674021733 conn(0x7f67c8103ab0 msgr2=0x7f67c8104840 unknown :-1 s=STATE_NONE l=0).mark_down
2024-04-25T14:52:04.433 INFO:teuthology.orchestra.run.smithi027.stdout:/usr/bin/ceph: stderr
2024-04-25T14:52:03.728+0000 7f67cd400700 1 -- 172.21.15.27:0/1674021733 shutdown_connections
2024-04-25T14:52:04.433 INFO:teuthology.orchestra.run.smithi027.stdout:/usr/bin/ceph: stderr
2024-04-25T14:52:03.728+0000 7f67cd400700 1 -- 172.21.15.27:0/1674021733 wait complete.
2024-04-25T14:52:04.433 INFO:teuthology.orchestra.run.smithi027.stdout:Creating initial admin user...
2024-04-25T14:52:04.942 INFO:journalctl@ceph.mon.a.smithi027.stdout:Apr 25 14:52:04 smithi027 ceph-mon[27789]: from='client.14164 -' entity='client.admin' cmd=[{"prefix": "dashboard create-self-signed-cert", "target": ["mon-mgr", ""]}]: dispatch
2024-04-25T14:52:04.943 INFO:journalctl@ceph.mon.a.smithi027.stdout:Apr 25 14:52:04 smithi027 ceph-mon[27789]: from='mgr.14152 172.21.15.27:0/3784369406' entity='mgr.x'
2024-04-25T14:52:04.943 INFO:journalctl@ceph.mon.a.smithi027.stdout:Apr 25 14:52:04 smithi027 ceph-mon[27789]: from='mgr.14152 172.21.15.27:0/3784369406' entity='mgr.x'
2024-04-25T14:52:04.943 INFO:journalctl@ceph.mon.a.smithi027.stdout:Apr 25 14:52:04 smithi027 ceph-mon[27789]: from='mgr.14152 172.21.15.27:0/3784369406' entity='mgr.x'
2024-04-25T14:52:06.352 INFO:teuthology.orchestra.run.smithi027.stdout:/usr/bin/ceph: stdout {"username": "admin", "password": "$2b$12$9mTxHyeNCjdv.H5IQfj3uelKOB0yQDABMgeKwp8X7edKdbgVOb5qy", "roles": ["administrator"], "name": null, "email": null, "lastUpdate": 1714056725, "enabled": true, "pwdExpirationDate": null, "pwdUpdateRequired": true}
2024-04-25T14:52:06.353 INFO:teuthology.orchestra.run.smithi027.stdout:/usr/bin/ceph: stderr
2024-04-25T14:52:05.113+0000 7f30aaa00700 1 Processor -- start
2024-04-25T14:52:06.353 INFO:teuthology.orchestra.run.smithi027.stdout:/usr/bin/ceph: stderr
2024-04-25T14:52:05.114+0000 7f30aaa00700 1 -- start start
2024-04-25T14:52:06.353 INFO:teuthology.orchestra.run.smithi027.stdout:/usr/bin/ceph: stderr
2024-04-25T14:52:05.114+0000 7f30aaa00700 1 --2- >> [v2:172.21.15.27:3300/0,v1:172.21.15.27:6789/0] conn(0x7f30a4108fc0 0x7f30a410b3b0 unknown :-1 s=NONE pgs=0 cs=0 l=0 rev1=0 crypto rx=0 tx=0 comp rx=0 tx=0).connect
2024-04-25T14:52:06.353 INFO:teuthology.orchestra.run.smithi027.stdout:/usr/bin/ceph: stderr
2024-04-25T14:52:05.114+0000 7f30aaa00700 1 -- --> [v2:172.21.15.27:3300/0,v1:172.21.15.27:6789/0] -- mon_getmap magic: 0 -- 0x7f30a407be00 con 0x7f30a4108fc0
2024-04-25T14:52:06.353 INFO:teuthology.orchestra.run.smithi027.stdout:/usr/bin/ceph: stderr
2024-04-25T14:52:05.115+0000 7f30a3e00700 1 --2- >> [v2:172.21.15.27:3300/0,v1:172.21.15.27:6789/0] conn(0x7f30a4108fc0 0x7f30a410b3b0 unknown :-1 s=BANNER_CONNECTING pgs=0 cs=0 l=0 rev1=0 crypto rx=0 tx=0 comp rx=0 tx=0)._handle_peer_banner_payload supported=3 required=0
2024-04-25T14:52:06.353 INFO:teuthology.orchestra.run.smithi027.stdout:/usr/bin/ceph: stderr
2024-04-25T14:52:05.115+0000 7f30a3e00700 1 --2- >> [v2:172.21.15.27:3300/0,v1:172.21.15.27:6789/0] conn(0x7f30a4108fc0 0x7f30a410b3b0 unknown :-1 s=HELLO_CONNECTING pgs=0 cs=0 l=0 rev1=1 crypto rx=0 tx=0 comp rx=0 tx=0).handle_hello peer v2:172.21.15.27:3300/0 says I am v2:172.21.15.27:41948/0 (socket says 172.21.15.27:41948)
2024-04-25T14:52:06.353 INFO:teuthology.orchestra.run.smithi027.stdout:/usr/bin/ceph: stderr
2024-04-25T14:52:05.115+0000 7f30a3e00700 1 -- 172.21.15.27:0/1373795045 learned_addr learned my addr 172.21.15.27:0/1373795045 (peer_addr_for_me v2:172.21.15.27:0/0)
2024-04-25T14:52:06.353 INFO:teuthology.orchestra.run.smithi027.stdout:/usr/bin/ceph: stderr
2024-04-25T14:52:05.115+0000 7f30a3e00700 1 -- 172.21.15.27:0/1373795045 --> [v2:172.21.15.27:3300/0,v1:172.21.15.27:6789/0] -- mon_subscribe({config=0+,monmap=0+}) -- 0x7f30a410b8f0 con 0x7f30a4108fc0
2024-04-25T14:52:06.353 INFO:teuthology.orchestra.run.smithi027.stdout:/usr/bin/ceph: stderr
2024-04-25T14:52:05.115+0000 7f30a3e00700 1 --2- 172.21.15.27:0/1373795045 >> [v2:172.21.15.27:3300/0,v1:172.21.15.27:6789/0] conn(0x7f30a4108fc0 0x7f30a410b3b0 secure :-1 s=READY pgs=72 cs=0 l=1 rev1=1 crypto rx=0x7f30940098a0 tx=0x7f3094009bb0 comp rx=0 tx=0).ready entity=mon.0 client_cookie=aa6afa9d012d8461 server_cookie=0 in_seq=0 out_seq=0
2024-04-25T14:52:06.353 INFO:teuthology.orchestra.run.smithi027.stdout:/usr/bin/ceph: stderr
2024-04-25T14:52:05.116+0000 7f30a2a00700 1 -- 172.21.15.27:0/1373795045 <== mon.0 v2:172.21.15.27:3300/0 1 ==== mon_map magic: 0 ==== 205+0+0 (secure 0 0 0) 0x7f3094004160 con 0x7f30a4108fc0
2024-04-25T14:52:06.353 INFO:teuthology.orchestra.run.smithi027.stdout:/usr/bin/ceph: stderr
2024-04-25T14:52:05.116+0000 7f30a2a00700 1 -- 172.21.15.27:0/1373795045 <== mon.0 v2:172.21.15.27:3300/0 2 ==== config(26 keys) ==== 1101+0+0 (secure 0 0 0) 0x7f3094004300 con 0x7f30a4108fc0
2024-04-25T14:52:06.353 INFO:teuthology.orchestra.run.smithi027.stdout:/usr/bin/ceph: stderr
2024-04-25T14:52:05.116+0000 7f30a2a00700 1 -- 172.21.15.27:0/1373795045 <== mon.0 v2:172.21.15.27:3300/0 3 ==== mon_map magic: 0 ==== 205+0+0 (secure 0 0 0) 0x7f3094011a20 con 0x7f30a4108fc0
2024-04-25T14:52:06.353 INFO:teuthology.orchestra.run.smithi027.stdout:/usr/bin/ceph: stderr
2024-04-25T14:52:05.117+0000 7f30aaa00700 1 -- 172.21.15.27:0/1373795045 >> [v2:172.21.15.27:3300/0,v1:172.21.15.27:6789/0] conn(0x7f30a4108fc0 msgr2=0x7f30a410b3b0 secure :-1 s=STATE_CONNECTION_ESTABLISHED l=1).mark_down
2024-04-25T14:52:06.354 INFO:teuthology.orchestra.run.smithi027.stdout:/usr/bin/ceph: stderr
2024-04-25T14:52:05.117+0000 7f30aaa00700 1 --2- 172.21.15.27:0/1373795045 >> [v2:172.21.15.27:3300/0,v1:172.21.15.27:6789/0] conn(0x7f30a4108fc0 0x7f30a410b3b0 secure :-1 s=READY pgs=72 cs=0 l=1 rev1=1 crypto rx=0x7f30940098a0 tx=0x7f3094009bb0 comp rx=0 tx=0).stop
2024-04-25T14:52:06.354 INFO:teuthology.orchestra.run.smithi027.stdout:/usr/bin/ceph: stderr
2024-04-25T14:52:05.117+0000 7f30aaa00700 1 -- 172.21.15.27:0/1373795045 shutdown_connections
2024-04-25T14:52:06.354 INFO:teuthology.orchestra.run.smithi027.stdout:/usr/bin/ceph: stderr
2024-04-25T14:52:05.117+0000 7f30aaa00700 1 --2- 172.21.15.27:0/1373795045 >> [v2:172.21.15.27:3300/0,v1:172.21.15.27:6789/0] conn(0x7f30a4108fc0 0x7f30a410b3b0 unknown :-1 s=CLOSED pgs=72 cs=0 l=1 rev1=1 crypto rx=0 tx=0 comp rx=0 tx=0).stop
2024-04-25T14:52:06.354 INFO:teuthology.orchestra.run.smithi027.stdout:/usr/bin/ceph: stderr
2024-04-25T14:52:05.117+0000 7f30aaa00700 1 -- 172.21.15.27:0/1373795045 >> 172.21.15.27:0/1373795045 conn(0x7f30a41029b0 msgr2=0x7f30a4104dd0 unknown :-1 s=STATE_NONE l=0).mark_down
2024-04-25T14:52:06.354 INFO:teuthology.orchestra.run.smithi027.stdout:/usr/bin/ceph: stderr
2024-04-25T14:52:05.117+0000 7f30aaa00700 1 -- 172.21.15.27:0/1373795045 shutdown_connections
2024-04-25T14:52:06.354 INFO:teuthology.orchestra.run.smithi027.stdout:/usr/bin/ceph: stderr
2024-04-25T14:52:05.117+0000 7f30aaa00700 1 -- 172.21.15.27:0/1373795045 wait complete.
2024-04-25T14:52:06.354 INFO:teuthology.orchestra.run.smithi027.stdout:/usr/bin/ceph: stderr
2024-04-25T14:52:05.118+0000 7f30aaa00700 1 Processor -- start
2024-04-25T14:52:06.354 INFO:teuthology.orchestra.run.smithi027.stdout:/usr/bin/ceph: stderr
2024-04-25T14:52:05.118+0000 7f30aaa00700 1 -- start start
2024-04-25T14:52:06.354 INFO:teuthology.orchestra.run.smithi027.stdout:/usr/bin/ceph: stderr
2024-04-25T14:52:05.118+0000 7f30aaa00700 1 --2- >> [v2:172.21.15.27:3300/0,v1:172.21.15.27:6789/0] conn(0x7f30a4108fc0 0x7f30a419c400 unknown :-1 s=NONE pgs=0 cs=0 l=1 rev1=0 crypto rx=0 tx=0 comp rx=0 tx=0).connect
2024-04-25T14:52:06.354 INFO:teuthology.orchestra.run.smithi027.stdout:/usr/bin/ceph: stderr
2024-04-25T14:52:05.118+0000 7f30aaa00700 1 -- --> [v2:172.21.15.27:3300/0,v1:172.21.15.27:6789/0] -- mon_getmap magic: 0 -- 0x7f30a410c840 con 0x7f30a4108fc0
2024-04-25T14:52:06.354 INFO:teuthology.orchestra.run.smithi027.stdout:/usr/bin/ceph: stderr
2024-04-25T14:52:05.119+0000 7f30a3e00700 1 --2- >> [v2:172.21.15.27:3300/0,v1:172.21.15.27:6789/0] conn(0x7f30a4108fc0 0x7f30a419c400 unknown :-1 s=BANNER_CONNECTING pgs=0 cs=0 l=1 rev1=0 crypto rx=0 tx=0 comp rx=0 tx=0)._handle_peer_banner_payload supported=3 required=0
2024-04-25T14:52:06.354 INFO:teuthology.orchestra.run.smithi027.stdout:/usr/bin/ceph: stderr
2024-04-25T14:52:05.119+0000 7f30a3e00700 1 --2- >> [v2:172.21.15.27:3300/0,v1:172.21.15.27:6789/0] conn(0x7f30a4108fc0 0x7f30a419c400 unknown :-1 s=HELLO_CONNECTING pgs=0 cs=0 l=1 rev1=1 crypto rx=0 tx=0 comp rx=0 tx=0).handle_hello peer v2:172.21.15.27:3300/0 says I am v2:172.21.15.27:41954/0 (socket says 172.21.15.27:41954)
2024-04-25T14:52:06.354 INFO:teuthology.orchestra.run.smithi027.stdout:/usr/bin/ceph: stderr
2024-04-25T14:52:05.119+0000 7f30a3e00700 1 -- 172.21.15.27:0/109762089 learned_addr learned my addr 172.21.15.27:0/109762089 (peer_addr_for_me v2:172.21.15.27:0/0)
2024-04-25T14:52:06.354 INFO:teuthology.orchestra.run.smithi027.stdout:/usr/bin/ceph: stderr
2024-04-25T14:52:05.119+0000 7f30a3e00700 1 -- 172.21.15.27:0/109762089 --> [v2:172.21.15.27:3300/0,v1:172.21.15.27:6789/0] -- mon_subscribe({config=0+,monmap=0+}) -- 0x7f30a419c940 con 0x7f30a4108fc0
2024-04-25T14:52:06.355 INFO:teuthology.orchestra.run.smithi027.stdout:/usr/bin/ceph: stderr
2024-04-25T14:52:05.119+0000 7f30a3e00700 1 --2- 172.21.15.27:0/109762089 >> [v2:172.21.15.27:3300/0,v1:172.21.15.27:6789/0] conn(0x7f30a4108fc0 0x7f30a419c400 secure :-1 s=READY pgs=73 cs=0 l=1 rev1=1 crypto rx=0x7f3094004660 tx=0x7f3094011aa0 comp rx=0 tx=0).ready entity=mon.0 client_cookie=0 server_cookie=0 in_seq=0 out_seq=0
2024-04-25T14:52:06.355 INFO:teuthology.orchestra.run.smithi027.stdout:/usr/bin/ceph: stderr
2024-04-25T14:52:05.119+0000 7f30a0c00700 1 -- 172.21.15.27:0/109762089 <== mon.0 v2:172.21.15.27:3300/0 1 ==== mon_map magic: 0 ==== 205+0+0 (secure 0 0 0) 0x7f3094003aa0 con 0x7f30a4108fc0
2024-04-25T14:52:06.355 INFO:teuthology.orchestra.run.smithi027.stdout:/usr/bin/ceph: stderr
2024-04-25T14:52:05.120+0000 7f30a0c00700 1 -- 172.21.15.27:0/109762089 <== mon.0 v2:172.21.15.27:3300/0 2 ==== config(26 keys) ==== 1101+0+0 (secure 0 0 0) 0x7f309401b8f0 con 0x7f30a4108fc0
2024-04-25T14:52:06.355 INFO:teuthology.orchestra.run.smithi027.stdout:/usr/bin/ceph: stderr
2024-04-25T14:52:05.120+0000 7f30aaa00700 1 -- 172.21.15.27:0/109762089 --> [v2:172.21.15.27:3300/0,v1:172.21.15.27:6789/0] -- mon_subscribe({mgrmap=0+}) -- 0x7f30a419cbd0 con 0x7f30a4108fc0
2024-04-25T14:52:06.355 INFO:teuthology.orchestra.run.smithi027.stdout:/usr/bin/ceph: stderr
2024-04-25T14:52:05.120+0000 7f30a0c00700 1 -- 172.21.15.27:0/109762089 <== mon.0 v2:172.21.15.27:3300/0 3 ==== mon_map magic: 0 ==== 205+0+0 (secure 0 0 0) 0x7f3094023900 con 0x7f30a4108fc0
2024-04-25T14:52:06.355 INFO:teuthology.orchestra.run.smithi027.stdout:/usr/bin/ceph: stderr
2024-04-25T14:52:05.120+0000 7f30aaa00700 1 -- 172.21.15.27:0/109762089 --> [v2:172.21.15.27:3300/0,v1:172.21.15.27:6789/0] -- mon_subscribe({osdmap=0}) -- 0x7f30a419f8c0 con 0x7f30a4108fc0
2024-04-25T14:52:06.355 INFO:teuthology.orchestra.run.smithi027.stdout:/usr/bin/ceph: stderr
2024-04-25T14:52:05.121+0000 7f30a0c00700 1 -- 172.21.15.27:0/109762089 <== mon.0 v2:172.21.15.27:3300/0 4 ==== mgrmap(e 12) ==== 46571+0+0 (secure 0 0 0) 0x7f3094023b70 con 0x7f30a4108fc0
2024-04-25T14:52:06.355 INFO:teuthology.orchestra.run.smithi027.stdout:/usr/bin/ceph: stderr
2024-04-25T14:52:05.121+0000 7f30aaa00700 1 -- 172.21.15.27:0/109762089 --> [v2:172.21.15.27:3300/0,v1:172.21.15.27:6789/0] -- mon_command({"prefix": "get_command_descriptions"} v 0) -- 0x7f30a40640a0 con 0x7f30a4108fc0
2024-04-25T14:52:06.355 INFO:teuthology.orchestra.run.smithi027.stdout:/usr/bin/ceph: stderr
2024-04-25T14:52:05.121+0000 7f30a0c00700 1 --2- 172.21.15.27:0/109762089 >> [v2:172.21.15.27:6800/3985224132,v1:172.21.15.27:6801/3985224132] conn(0x7f3088039660 0x7f308803bb20 unknown :-1 s=NONE pgs=0 cs=0 l=1 rev1=0 crypto rx=0 tx=0 comp rx=0 tx=0).connect
2024-04-25T14:52:06.355 INFO:teuthology.orchestra.run.smithi027.stdout:/usr/bin/ceph: stderr
2024-04-25T14:52:05.121+0000 7f30a0c00700 1 -- 172.21.15.27:0/109762089 <== mon.0 v2:172.21.15.27:3300/0 5 ==== osd_map(3..3 src has 1..3) ==== 1155+0+0 (secure 0 0 0) 0x7f309404e010 con 0x7f30a4108fc0
2024-04-25T14:52:06.355 INFO:teuthology.orchestra.run.smithi027.stdout:/usr/bin/ceph: stderr
2024-04-25T14:52:05.122+0000 7f30a3400700 1 --2- 172.21.15.27:0/109762089 >> [v2:172.21.15.27:6800/3985224132,v1:172.21.15.27:6801/3985224132] conn(0x7f3088039660 0x7f308803bb20 unknown :-1 s=BANNER_CONNECTING pgs=0 cs=0 l=1 rev1=0 crypto rx=0 tx=0 comp rx=0 tx=0)._handle_peer_banner_payload supported=3 required=0
2024-04-25T14:52:06.355 INFO:teuthology.orchestra.run.smithi027.stdout:/usr/bin/ceph: stderr
2024-04-25T14:52:05.122+0000 7f30a3400700 1 --2- 172.21.15.27:0/109762089 >> [v2:172.21.15.27:6800/3985224132,v1:172.21.15.27:6801/3985224132] conn(0x7f3088039660 0x7f308803bb20 secure :-1 s=READY pgs=8 cs=0 l=1 rev1=1 crypto rx=0x7f3090006fd0 tx=0x7f3090006e40 comp rx=0 tx=0).ready entity=mgr.14152 client_cookie=0 server_cookie=0 in_seq=0 out_seq=0
2024-04-25T14:52:06.355 INFO:teuthology.orchestra.run.smithi027.stdout:/usr/bin/ceph: stderr
2024-04-25T14:52:05.127+0000 7f30a0c00700 1 -- 172.21.15.27:0/109762089 <== mon.0 v2:172.21.15.27:3300/0 6 ==== mon_command_ack([{"prefix": "get_command_descriptions"}]=0 v0) ==== 72+0+188370 (secure 0 0 0) 0x7f309401f030 con 0x7f30a4108fc0
2024-04-25T14:52:06.355 INFO:teuthology.orchestra.run.smithi027.stdout:/usr/bin/ceph: stderr
2024-04-25T14:52:05.383+0000 7f30aaa00700 1 -- 172.21.15.27:0/109762089 --> [v2:172.21.15.27:6800/3985224132,v1:172.21.15.27:6801/3985224132] -- mgr_command(tid 0: {"prefix": "dashboard ac-user-create", "username": "admin", "rolename": "administrator", "force_password": true, "pwd_update_required": true, "target": ["mon-mgr", ""]}) -- 0x7f30a419d0b0 con 0x7f3088039660
2024-04-25T14:52:06.356 INFO:teuthology.orchestra.run.smithi027.stdout:/usr/bin/ceph: stderr
2024-04-25T14:52:05.663+0000 7f30a0c00700 1 -- 172.21.15.27:0/109762089 <== mgr.14152 v2:172.21.15.27:6800/3985224132 1 ==== mgr_command_reply(tid 0: 0 ) ==== 8+0+252 (secure 0 0 0) 0x7f30a419d0b0 con 0x7f3088039660
2024-04-25T14:52:06.356 INFO:teuthology.orchestra.run.smithi027.stdout:/usr/bin/ceph: stderr
2024-04-25T14:52:05.665+0000 7f30aaa00700 1 -- 172.21.15.27:0/109762089 >> [v2:172.21.15.27:6800/3985224132,v1:172.21.15.27:6801/3985224132] conn(0x7f3088039660 msgr2=0x7f308803bb20 secure :-1 s=STATE_CONNECTION_ESTABLISHED l=1).mark_down
2024-04-25T14:52:06.356 INFO:teuthology.orchestra.run.smithi027.stdout:/usr/bin/ceph: stderr
2024-04-25T14:52:05.665+0000 7f30aaa00700 1 --2- 172.21.15.27:0/109762089 >> [v2:172.21.15.27:6800/3985224132,v1:172.21.15.27:6801/3985224132] conn(0x7f3088039660 0x7f308803bb20 secure :-1 s=READY pgs=8 cs=0 l=1 rev1=1 crypto rx=0x7f3090006fd0 tx=0x7f3090006e40 comp rx=0 tx=0).stop
2024-04-25T14:52:06.356 INFO:teuthology.orchestra.run.smithi027.stdout:/usr/bin/ceph: stderr
2024-04-25T14:52:05.665+0000 7f30aaa00700 1 -- 172.21.15.27:0/109762089 >> [v2:172.21.15.27:3300/0,v1:172.21.15.27:6789/0] conn(0x7f30a4108fc0 msgr2=0x7f30a419c400 secure :-1 s=STATE_CONNECTION_ESTABLISHED l=1).mark_down
2024-04-25T14:52:06.356 INFO:teuthology.orchestra.run.smithi027.stdout:/usr/bin/ceph: stderr
2024-04-25T14:52:05.665+0000 7f30aaa00700 1 --2- 172.21.15.27:0/109762089 >> [v2:172.21.15.27:3300/0,v1:172.21.15.27:6789/0] conn(0x7f30a4108fc0 0x7f30a419c400 secure :-1 s=READY pgs=73 cs=0 l=1 rev1=1 crypto rx=0x7f3094004660 tx=0x7f3094011aa0 comp rx=0 tx=0).stop
2024-04-25T14:52:06.356 INFO:teuthology.orchestra.run.smithi027.stdout:/usr/bin/ceph: stderr
2024-04-25T14:52:05.666+0000 7f30aaa00700 1 -- 172.21.15.27:0/109762089 shutdown_connections
2024-04-25T14:52:06.356 INFO:teuthology.orchestra.run.smithi027.stdout:/usr/bin/ceph: stderr
2024-04-25T14:52:05.666+0000 7f30aaa00700 1 --2- 172.21.15.27:0/109762089 >> [v2:172.21.15.27:6800/3985224132,v1:172.21.15.27:6801/3985224132] conn(0x7f3088039660 0x7f308803bb20 unknown :-1 s=CLOSED pgs=8 cs=0 l=1 rev1=1 crypto rx=0 tx=0 comp rx=0 tx=0).stop
2024-04-25T14:52:06.356 INFO:teuthology.orchestra.run.smithi027.stdout:/usr/bin/ceph: stderr
2024-04-25T14:52:05.666+0000 7f30aaa00700 1 --2- 172.21.15.27:0/109762089 >> [v2:172.21.15.27:3300/0,v1:172.21.15.27:6789/0] conn(0x7f30a4108fc0 0x7f30a419c400 unknown :-1 s=CLOSED pgs=73 cs=0 l=1 rev1=1 crypto rx=0 tx=0 comp rx=0 tx=0).stop
2024-04-25T14:52:06.356 INFO:teuthology.orchestra.run.smithi027.stdout:/usr/bin/ceph: stderr
2024-04-25T14:52:05.666+0000 7f30aaa00700 1 -- 172.21.15.27:0/109762089 >> 172.21.15.27:0/109762089 conn(0x7f30a41029b0 msgr2=0x7f30a41034c0 unknown :-1 s=STATE_NONE l=0).mark_down
2024-04-25T14:52:06.356 INFO:teuthology.orchestra.run.smithi027.stdout:/usr/bin/ceph: stderr
2024-04-25T14:52:05.666+0000 7f30aaa00700 1 -- 172.21.15.27:0/109762089 shutdown_connections
2024-04-25T14:52:06.356 INFO:teuthology.orchestra.run.smithi027.stdout:/usr/bin/ceph: stderr
2024-04-25T14:52:05.666+0000 7f30aaa00700 1 -- 172.21.15.27:0/109762089 wait complete.
2024-04-25T14:52:06.356 INFO:teuthology.orchestra.run.smithi027.stdout:Fetching dashboard port number...
2024-04-25T14:52:06.908 INFO:journalctl@ceph.mon.a.smithi027.stdout:Apr 25 14:52:06 smithi027 ceph-mon[27789]: from='client.14166 -' entity='client.admin' cmd=[{"prefix": "dashboard ac-user-create", "username": "admin", "rolename": "administrator", "force_password": true, "pwd_update_required": true, "target": ["mon-mgr", ""]}]: dispatch
2024-04-25T14:52:06.908 INFO:journalctl@ceph.mon.a.smithi027.stdout:Apr 25 14:52:06 smithi027 ceph-mon[27789]: from='mgr.14152 172.21.15.27:0/3784369406' entity='mgr.x'
2024-04-25T14:52:06.908 INFO:journalctl@ceph.mon.a.smithi027.stdout:Apr 25 14:52:06 smithi027 ceph-mon[27789]: from='mgr.14152 172.21.15.27:0/3784369406' entity='mgr.x'
2024-04-25T14:52:07.846 INFO:journalctl@ceph.mon.a.smithi027.stdout:Apr 25 14:52:07 smithi027 ceph-mon[27789]: mgrmap e13: x(active, since 6s)
2024-04-25T14:52:07.847 INFO:journalctl@ceph.mon.a.smithi027.stdout:Apr 25 14:52:07 smithi027 ceph-mon[27789]: from='client.? 172.21.15.27:0/2686590955' entity='client.admin' cmd=[{"prefix": "config get", "who": "mgr", "key": "mgr/dashboard/ssl_server_port"}]: dispatch
2024-04-25T14:52:08.316 INFO:teuthology.orchestra.run.smithi027.stdout:/usr/bin/ceph: stdout 8443
2024-04-25T14:52:08.316 INFO:teuthology.orchestra.run.smithi027.stdout:/usr/bin/ceph: stderr
2024-04-25T14:52:06.951+0000 7f5ad6200700 1 Processor -- start
2024-04-25T14:52:08.316 INFO:teuthology.orchestra.run.smithi027.stdout:/usr/bin/ceph: stderr
2024-04-25T14:52:06.951+0000 7f5ad6200700 1 -- start start
2024-04-25T14:52:08.316 INFO:teuthology.orchestra.run.smithi027.stdout:/usr/bin/ceph: stderr
2024-04-25T14:52:06.952+0000 7f5ad6200700 1 --2- >> [v2:172.21.15.27:3300/0,v1:172.21.15.27:6789/0] conn(0x7f5ad0108fc0 0x7f5ad010b3b0 unknown :-1 s=NONE pgs=0 cs=0 l=0 rev1=0 crypto rx=0 tx=0 comp rx=0 tx=0).connect
2024-04-25T14:52:08.316 INFO:teuthology.orchestra.run.smithi027.stdout:/usr/bin/ceph: stderr
2024-04-25T14:52:06.952+0000 7f5ad6200700 1 -- --> [v2:172.21.15.27:3300/0,v1:172.21.15.27:6789/0] -- mon_getmap magic: 0 -- 0x7f5ad007be00 con 0x7f5ad0108fc0
2024-04-25T14:52:08.316 INFO:teuthology.orchestra.run.smithi027.stdout:/usr/bin/ceph: stderr
2024-04-25T14:52:06.952+0000 7f5acf400700 1 --2- >> [v2:172.21.15.27:3300/0,v1:172.21.15.27:6789/0] conn(0x7f5ad0108fc0 0x7f5ad010b3b0 unknown :-1 s=BANNER_CONNECTING pgs=0 cs=0 l=0 rev1=0 crypto rx=0 tx=0 comp rx=0 tx=0)._handle_peer_banner_payload supported=3 required=0
2024-04-25T14:52:08.316 INFO:teuthology.orchestra.run.smithi027.stdout:/usr/bin/ceph: stderr
