2024-04-25T14:51:15.921 INFO:teuthology.orchestra.run.smithi094.stdout:/usr/bin/ceph: stderr
2024-04-25T14:51:14.879+0000 7f3903600700 1 -- 172.21.15.94:0/3019069357 >> [v2:172.21.15.94:3300/0,v1:172.21.15.94:6789/0] conn(0x7f38fc1085c0 msgr2=0x7f38fc1089e0 secure :-1 s=STATE_CONNECTION_ESTABLISHED l=1).mark_down
2024-04-25T14:51:15.921 INFO:teuthology.orchestra.run.smithi094.stdout:/usr/bin/ceph: stderr
2024-04-25T14:51:14.879+0000 7f3903600700 1 --2- 172.21.15.94:0/3019069357 >> [v2:172.21.15.94:3300/0,v1:172.21.15.94:6789/0] conn(0x7f38fc1085c0 0x7f38fc1089e0 secure :-1 s=READY pgs=18 cs=0 l=1 rev1=1 crypto rx=0x7f38f0009e80 tx=0x7f38f000b330 comp rx=0 tx=0).stop
2024-04-25T14:51:15.921 INFO:teuthology.orchestra.run.smithi094.stdout:/usr/bin/ceph: stderr
2024-04-25T14:51:14.879+0000 7f3903600700 1 -- 172.21.15.94:0/3019069357 shutdown_connections
2024-04-25T14:51:15.921 INFO:teuthology.orchestra.run.smithi094.stdout:/usr/bin/ceph: stderr
2024-04-25T14:51:14.879+0000 7f3903600700 1 --2- 172.21.15.94:0/3019069357 >> [v2:172.21.15.94:3300/0,v1:172.21.15.94:6789/0] conn(0x7f38fc1085c0 0x7f38fc1089e0 unknown :-1 s=CLOSED pgs=18 cs=0 l=1 rev1=1 crypto rx=0 tx=0 comp rx=0 tx=0).stop
2024-04-25T14:51:15.921 INFO:teuthology.orchestra.run.smithi094.stdout:/usr/bin/ceph: stderr
2024-04-25T14:51:14.879+0000 7f3903600700 1 -- 172.21.15.94:0/3019069357 >> 172.21.15.94:0/3019069357 conn(0x7f38fc103be0 msgr2=0x7f38fc106000 unknown :-1 s=STATE_NONE l=0).mark_down
2024-04-25T14:51:15.921 INFO:teuthology.orchestra.run.smithi094.stdout:/usr/bin/ceph: stderr
2024-04-25T14:51:14.879+0000 7f3903600700 1 -- 172.21.15.94:0/3019069357 shutdown_connections
2024-04-25T14:51:15.921 INFO:teuthology.orchestra.run.smithi094.stdout:/usr/bin/ceph: stderr
2024-04-25T14:51:14.879+0000 7f3903600700 1 -- 172.21.15.94:0/3019069357 wait complete.
2024-04-25T14:51:15.922 INFO:teuthology.orchestra.run.smithi094.stdout:/usr/bin/ceph: stderr
2024-04-25T14:51:14.881+0000 7f3903600700 1 Processor -- start
2024-04-25T14:51:15.922 INFO:teuthology.orchestra.run.smithi094.stdout:/usr/bin/ceph: stderr
2024-04-25T14:51:14.881+0000 7f3903600700 1 -- start start
2024-04-25T14:51:15.922 INFO:teuthology.orchestra.run.smithi094.stdout:/usr/bin/ceph: stderr
2024-04-25T14:51:14.881+0000 7f3903600700 1 --2- >> [v2:172.21.15.94:3300/0,v1:172.21.15.94:6789/0] conn(0x7f38fc1085c0 0x7f38fc19e690 unknown :-1 s=NONE pgs=0 cs=0 l=1 rev1=0 crypto rx=0 tx=0 comp rx=0 tx=0).connect
2024-04-25T14:51:15.922 INFO:teuthology.orchestra.run.smithi094.stdout:/usr/bin/ceph: stderr
2024-04-25T14:51:14.881+0000 7f3903600700 1 -- --> [v2:172.21.15.94:3300/0,v1:172.21.15.94:6789/0] -- mon_getmap magic: 0 -- 0x7f38fc10c9f0 con 0x7f38fc1085c0
2024-04-25T14:51:15.922 INFO:teuthology.orchestra.run.smithi094.stdout:/usr/bin/ceph: stderr
2024-04-25T14:51:14.881+0000 7f3900c00700 1 --2- >> [v2:172.21.15.94:3300/0,v1:172.21.15.94:6789/0] conn(0x7f38fc1085c0 0x7f38fc19e690 unknown :-1 s=BANNER_CONNECTING pgs=0 cs=0 l=1 rev1=0 crypto rx=0 tx=0 comp rx=0 tx=0)._handle_peer_banner_payload supported=3 required=0
2024-04-25T14:51:15.922 INFO:teuthology.orchestra.run.smithi094.stdout:/usr/bin/ceph: stderr
2024-04-25T14:51:14.881+0000 7f3900c00700 1 --2- >> [v2:172.21.15.94:3300/0,v1:172.21.15.94:6789/0] conn(0x7f38fc1085c0 0x7f38fc19e690 unknown :-1 s=HELLO_CONNECTING pgs=0 cs=0 l=1 rev1=1 crypto rx=0 tx=0 comp rx=0 tx=0).handle_hello peer v2:172.21.15.94:3300/0 says I am v2:172.21.15.94:59148/0 (socket says 172.21.15.94:59148)
2024-04-25T14:51:15.922 INFO:teuthology.orchestra.run.smithi094.stdout:/usr/bin/ceph: stderr
2024-04-25T14:51:14.882+0000 7f3900c00700 1 -- 172.21.15.94:0/79031560 learned_addr learned my addr 172.21.15.94:0/79031560 (peer_addr_for_me v2:172.21.15.94:0/0)
2024-04-25T14:51:15.922 INFO:teuthology.orchestra.run.smithi094.stdout:/usr/bin/ceph: stderr
2024-04-25T14:51:14.882+0000 7f3900c00700 1 -- 172.21.15.94:0/79031560 --> [v2:172.21.15.94:3300/0,v1:172.21.15.94:6789/0] -- mon_subscribe({config=0+,monmap=0+}) -- 0x7f38fc19ebd0 con 0x7f38fc1085c0
2024-04-25T14:51:15.922 INFO:teuthology.orchestra.run.smithi094.stdout:/usr/bin/ceph: stderr
2024-04-25T14:51:14.882+0000 7f3900c00700 1 --2- 172.21.15.94:0/79031560 >> [v2:172.21.15.94:3300/0,v1:172.21.15.94:6789/0] conn(0x7f38fc1085c0 0x7f38fc19e690 secure :-1 s=READY pgs=19 cs=0 l=1 rev1=1 crypto rx=0x7f38f0004a60 tx=0x7f38f000bd50 comp rx=0 tx=0).ready entity=mon.0 client_cookie=0 server_cookie=0 in_seq=0 out_seq=0
2024-04-25T14:51:15.922 INFO:teuthology.orchestra.run.smithi094.stdout:/usr/bin/ceph: stderr
2024-04-25T14:51:14.882+0000 7f38f9600700 1 -- 172.21.15.94:0/79031560 <== mon.0 v2:172.21.15.94:3300/0 1 ==== mon_map magic: 0 ==== 205+0+0 (secure 0 0 0) 0x7f38f0020020 con 0x7f38fc1085c0
2024-04-25T14:51:15.922 INFO:teuthology.orchestra.run.smithi094.stdout:/usr/bin/ceph: stderr
2024-04-25T14:51:14.882+0000 7f38f9600700 1 -- 172.21.15.94:0/79031560 <== mon.0 v2:172.21.15.94:3300/0 2 ==== config(26 keys) ==== 1070+0+0 (secure 0 0 0) 0x7f38f0003c60 con 0x7f38fc1085c0
2024-04-25T14:51:15.922 INFO:teuthology.orchestra.run.smithi094.stdout:/usr/bin/ceph: stderr
2024-04-25T14:51:14.882+0000 7f3903600700 1 -- 172.21.15.94:0/79031560 --> [v2:172.21.15.94:3300/0,v1:172.21.15.94:6789/0] -- mon_subscribe({mgrmap=0+}) -- 0x7f38fc19ee60 con 0x7f38fc1085c0
2024-04-25T14:51:15.922 INFO:teuthology.orchestra.run.smithi094.stdout:/usr/bin/ceph: stderr
2024-04-25T14:51:14.882+0000 7f38f9600700 1 -- 172.21.15.94:0/79031560 <== mon.0 v2:172.21.15.94:3300/0 3 ==== mon_map magic: 0 ==== 205+0+0 (secure 0 0 0) 0x7f38f0017040 con 0x7f38fc1085c0
2024-04-25T14:51:15.922 INFO:teuthology.orchestra.run.smithi094.stdout:/usr/bin/ceph: stderr
2024-04-25T14:51:14.883+0000 7f3903600700 1 -- 172.21.15.94:0/79031560 --> [v2:172.21.15.94:3300/0,v1:172.21.15.94:6789/0] -- mon_subscribe({osdmap=0}) -- 0x7f38fc1a1b50 con 0x7f38fc1085c0
2024-04-25T14:51:15.923 INFO:teuthology.orchestra.run.smithi094.stdout:/usr/bin/ceph: stderr
2024-04-25T14:51:14.884+0000 7f38f9600700 1 -- 172.21.15.94:0/79031560 <== mon.0 v2:172.21.15.94:3300/0 4 ==== mgrmap(e 4) ==== 46547+0+0 (secure 0 0 0) 0x7f38f0023020 con 0x7f38fc1085c0
2024-04-25T14:51:15.923 INFO:teuthology.orchestra.run.smithi094.stdout:/usr/bin/ceph: stderr
2024-04-25T14:51:14.884+0000 7f3903600700 1 -- 172.21.15.94:0/79031560 --> [v2:172.21.15.94:3300/0,v1:172.21.15.94:6789/0] -- mon_command({"prefix": "get_command_descriptions"} v 0) -- 0x7f38fc10cb70 con 0x7f38fc1085c0
2024-04-25T14:51:15.923 INFO:teuthology.orchestra.run.smithi094.stdout:/usr/bin/ceph: stderr
2024-04-25T14:51:14.884+0000 7f38f9600700 1 --2- 172.21.15.94:0/79031560 >> [v2:172.21.15.94:6800/17546499,v1:172.21.15.94:6801/17546499] conn(0x7f38e4039560 0x7f38e403ba20 unknown :-1 s=NONE pgs=0 cs=0 l=1 rev1=0 crypto rx=0 tx=0 comp rx=0 tx=0).connect
2024-04-25T14:51:15.923 INFO:teuthology.orchestra.run.smithi094.stdout:/usr/bin/ceph: stderr
2024-04-25T14:51:14.884+0000 7f38f9600700 1 -- 172.21.15.94:0/79031560 <== mon.0 v2:172.21.15.94:3300/0 5 ==== osd_map(1..1 src has 1..1) ==== 725+0+0 (secure 0 0 0) 0x7f38f000f050 con 0x7f38fc1085c0
2024-04-25T14:51:15.923 INFO:teuthology.orchestra.run.smithi094.stdout:/usr/bin/ceph: stderr
2024-04-25T14:51:14.885+0000 7f38fbe00700 1 --2- 172.21.15.94:0/79031560 >> [v2:172.21.15.94:6800/17546499,v1:172.21.15.94:6801/17546499] conn(0x7f38e4039560 0x7f38e403ba20 unknown :-1 s=BANNER_CONNECTING pgs=0 cs=0 l=1 rev1=0 crypto rx=0 tx=0 comp rx=0 tx=0)._handle_peer_banner_payload supported=3 required=0
2024-04-25T14:51:15.923 INFO:teuthology.orchestra.run.smithi094.stdout:/usr/bin/ceph: stderr
2024-04-25T14:51:14.885+0000 7f38fbe00700 1 --2- 172.21.15.94:0/79031560 >> [v2:172.21.15.94:6800/17546499,v1:172.21.15.94:6801/17546499] conn(0x7f38e4039560 0x7f38e403ba20 secure :-1 s=READY pgs=6 cs=0 l=1 rev1=1 crypto rx=0x7f38e8006fd0 tx=0x7f38e8006e40 comp rx=0 tx=0).ready entity=mgr.14100 client_cookie=0 server_cookie=0 in_seq=0 out_seq=0
2024-04-25T14:51:15.923 INFO:teuthology.orchestra.run.smithi094.stdout:/usr/bin/ceph: stderr
2024-04-25T14:51:14.891+0000 7f38f9600700 1 -- 172.21.15.94:0/79031560 <== mon.0 v2:172.21.15.94:3300/0 6 ==== mon_command_ack([{"prefix": "get_command_descriptions"}]=0 v0) ==== 72+0+188370 (secure 0 0 0) 0x7f38f002a020 con 0x7f38fc1085c0
2024-04-25T14:51:15.923 INFO:teuthology.orchestra.run.smithi094.stdout:/usr/bin/ceph: stderr
2024-04-25T14:51:15.192+0000 7f3903600700 1 -- 172.21.15.94:0/79031560 --> [v2:172.21.15.94:3300/0,v1:172.21.15.94:6789/0] -- mon_command({"prefix": "status", "format": "json-pretty"} v 0) -- 0x7f38fc1a1d20 con 0x7f38fc1085c0
2024-04-25T14:51:15.923 INFO:teuthology.orchestra.run.smithi094.stdout:/usr/bin/ceph: stderr
2024-04-25T14:51:15.193+0000 7f38f9600700 1 -- 172.21.15.94:0/79031560 <== mon.0 v2:172.21.15.94:3300/0 7 ==== mon_command_ack([{"prefix": "status", "format": "json-pretty"}]=0 v0) ==== 79+0+1239 (secure 0 0 0) 0x7f38f002c300 con 0x7f38fc1085c0
2024-04-25T14:51:15.923 INFO:teuthology.orchestra.run.smithi094.stdout:/usr/bin/ceph: stderr
2024-04-25T14:51:15.197+0000 7f3903600700 1 -- 172.21.15.94:0/79031560 >> [v2:172.21.15.94:6800/17546499,v1:172.21.15.94:6801/17546499] conn(0x7f38e4039560 msgr2=0x7f38e403ba20 secure :-1 s=STATE_CONNECTION_ESTABLISHED l=1).mark_down
2024-04-25T14:51:15.923 INFO:teuthology.orchestra.run.smithi094.stdout:/usr/bin/ceph: stderr
2024-04-25T14:51:15.197+0000 7f3903600700 1 --2- 172.21.15.94:0/79031560 >> [v2:172.21.15.94:6800/17546499,v1:172.21.15.94:6801/17546499] conn(0x7f38e4039560 0x7f38e403ba20 secure :-1 s=READY pgs=6 cs=0 l=1 rev1=1 crypto rx=0x7f38e8006fd0 tx=0x7f38e8006e40 comp rx=0 tx=0).stop
2024-04-25T14:51:15.923 INFO:teuthology.orchestra.run.smithi094.stdout:/usr/bin/ceph: stderr
2024-04-25T14:51:15.197+0000 7f3903600700 1 -- 172.21.15.94:0/79031560 >> [v2:172.21.15.94:3300/0,v1:172.21.15.94:6789/0] conn(0x7f38fc1085c0 msgr2=0x7f38fc19e690 secure :-1 s=STATE_CONNECTION_ESTABLISHED l=1).mark_down
2024-04-25T14:51:15.923 INFO:teuthology.orchestra.run.smithi094.stdout:/usr/bin/ceph: stderr
2024-04-25T14:51:15.197+0000 7f3903600700 1 --2- 172.21.15.94:0/79031560 >> [v2:172.21.15.94:3300/0,v1:172.21.15.94:6789/0] conn(0x7f38fc1085c0 0x7f38fc19e690 secure :-1 s=READY pgs=19 cs=0 l=1 rev1=1 crypto rx=0x7f38f0004a60 tx=0x7f38f000bd50 comp rx=0 tx=0).stop
2024-04-25T14:51:15.923 INFO:teuthology.orchestra.run.smithi094.stdout:/usr/bin/ceph: stderr
2024-04-25T14:51:15.197+0000 7f3903600700 1 -- 172.21.15.94:0/79031560 shutdown_connections
2024-04-25T14:51:15.924 INFO:teuthology.orchestra.run.smithi094.stdout:/usr/bin/ceph: stderr
2024-04-25T14:51:15.197+0000 7f3903600700 1 --2- 172.21.15.94:0/79031560 >> [v2:172.21.15.94:6800/17546499,v1:172.21.15.94:6801/17546499] conn(0x7f38e4039560 0x7f38e403ba20 unknown :-1 s=CLOSED pgs=6 cs=0 l=1 rev1=1 crypto rx=0 tx=0 comp rx=0 tx=0).stop
2024-04-25T14:51:15.924 INFO:teuthology.orchestra.run.smithi094.stdout:/usr/bin/ceph: stderr
2024-04-25T14:51:15.197+0000 7f3903600700 1 --2- 172.21.15.94:0/79031560 >> [v2:172.21.15.94:3300/0,v1:172.21.15.94:6789/0] conn(0x7f38fc1085c0 0x7f38fc19e690 unknown :-1 s=CLOSED pgs=19 cs=0 l=1 rev1=1 crypto rx=0 tx=0 comp rx=0 tx=0).stop
2024-04-25T14:51:15.924 INFO:teuthology.orchestra.run.smithi094.stdout:/usr/bin/ceph: stderr
2024-04-25T14:51:15.197+0000 7f3903600700 1 -- 172.21.15.94:0/79031560 >> 172.21.15.94:0/79031560 conn(0x7f38fc103be0 msgr2=0x7f38fc104620 unknown :-1 s=STATE_NONE l=0).mark_down
2024-04-25T14:51:15.924 INFO:teuthology.orchestra.run.smithi094.stdout:/usr/bin/ceph: stderr
2024-04-25T14:51:15.197+0000 7f3903600700 1 -- 172.21.15.94:0/79031560 shutdown_connections
2024-04-25T14:51:15.924 INFO:teuthology.orchestra.run.smithi094.stdout:/usr/bin/ceph: stderr
2024-04-25T14:51:15.197+0000 7f3903600700 1 -- 172.21.15.94:0/79031560 wait complete.
2024-04-25T14:51:15.924 INFO:teuthology.orchestra.run.smithi094.stdout:mgr is available
2024-04-25T14:51:17.063 INFO:journalctl@ceph.mon.a.smithi094.stdout:Apr 25 14:51:16 smithi094 ceph-mon[27862]: from='client.? 172.21.15.94:0/1143754674' entity='client.admin' cmd=[{"prefix": "config assimilate-conf"}]: dispatch
2024-04-25T14:51:17.379 INFO:teuthology.orchestra.run.smithi094.stdout:/usr/bin/ceph: stdout
2024-04-25T14:51:17.379 INFO:teuthology.orchestra.run.smithi094.stdout:/usr/bin/ceph: stdout [global]
2024-04-25T14:51:17.379 INFO:teuthology.orchestra.run.smithi094.stdout:/usr/bin/ceph: stdout fsid = f04d929c-0312-11ef-bc93-c7b262605968
2024-04-25T14:51:17.379 INFO:teuthology.orchestra.run.smithi094.stdout:/usr/bin/ceph: stdout mon_cluster_log_file_level = debug
2024-04-25T14:51:17.379 INFO:teuthology.orchestra.run.smithi094.stdout:/usr/bin/ceph: stdout mon_osd_allow_pg_remap = true
2024-04-25T14:51:17.379 INFO:teuthology.orchestra.run.smithi094.stdout:/usr/bin/ceph: stdout mon_osd_allow_primary_affinity = true
2024-04-25T14:51:17.379 INFO:teuthology.orchestra.run.smithi094.stdout:/usr/bin/ceph: stdout mon_warn_on_no_sortbitwise = false
2024-04-25T14:51:17.379 INFO:teuthology.orchestra.run.smithi094.stdout:/usr/bin/ceph: stdout osd_crush_chooseleaf_type = 0
2024-04-25T14:51:17.379 INFO:teuthology.orchestra.run.smithi094.stdout:/usr/bin/ceph: stdout
2024-04-25T14:51:17.379 INFO:teuthology.orchestra.run.smithi094.stdout:/usr/bin/ceph: stdout [mgr]
2024-04-25T14:51:17.379 INFO:teuthology.orchestra.run.smithi094.stdout:/usr/bin/ceph: stdout mgr/telemetry/nag = false
2024-04-25T14:51:17.379 INFO:teuthology.orchestra.run.smithi094.stdout:/usr/bin/ceph: stdout
2024-04-25T14:51:17.380 INFO:teuthology.orchestra.run.smithi094.stdout:/usr/bin/ceph: stdout [osd]
2024-04-25T14:51:17.380 INFO:teuthology.orchestra.run.smithi094.stdout:/usr/bin/ceph: stdout bdev_async_discard = True
2024-04-25T14:51:17.380 INFO:teuthology.orchestra.run.smithi094.stdout:/usr/bin/ceph: stdout mon_osd_backfillfull_ratio = 0.85
2024-04-25T14:51:17.380 INFO:teuthology.orchestra.run.smithi094.stdout:/usr/bin/ceph: stdout mon_osd_full_ratio = 0.9
2024-04-25T14:51:17.380 INFO:teuthology.orchestra.run.smithi094.stdout:/usr/bin/ceph: stdout mon_osd_nearfull_ratio = 0.8
2024-04-25T14:51:17.380 INFO:teuthology.orchestra.run.smithi094.stdout:/usr/bin/ceph: stdout osd_map_max_advance = 10
2024-04-25T14:51:17.380 INFO:teuthology.orchestra.run.smithi094.stdout:/usr/bin/ceph: stdout osd_sloppy_crc = true
2024-04-25T14:51:17.380 INFO:teuthology.orchestra.run.smithi094.stdout:/usr/bin/ceph: stderr
2024-04-25T14:51:16.476+0000 7f1bc1200700 1 Processor -- start
2024-04-25T14:51:17.380 INFO:teuthology.orchestra.run.smithi094.stdout:/usr/bin/ceph: stderr
2024-04-25T14:51:16.476+0000 7f1bc1200700 1 -- start start
2024-04-25T14:51:17.380 INFO:teuthology.orchestra.run.smithi094.stdout:/usr/bin/ceph: stderr
2024-04-25T14:51:16.476+0000 7f1bc1200700 1 --2- >> [v2:172.21.15.94:3300/0,v1:172.21.15.94:6789/0] conn(0x7f1bbc10f040 0x7f1bbc10f460 unknown :-1 s=NONE pgs=0 cs=0 l=0 rev1=0 crypto rx=0 tx=0 comp rx=0 tx=0).connect
2024-04-25T14:51:17.380 INFO:teuthology.orchestra.run.smithi094.stdout:/usr/bin/ceph: stderr
2024-04-25T14:51:16.476+0000 7f1bc1200700 1 -- --> [v2:172.21.15.94:3300/0,v1:172.21.15.94:6789/0] -- mon_getmap magic: 0 -- 0x7f1bbc10fa30 con 0x7f1bbc10f040
2024-04-25T14:51:17.380 INFO:teuthology.orchestra.run.smithi094.stdout:/usr/bin/ceph: stderr
2024-04-25T14:51:16.477+0000 7f1bb9e00700 1 --2- >> [v2:172.21.15.94:3300/0,v1:172.21.15.94:6789/0] conn(0x7f1bbc10f040 0x7f1bbc10f460 unknown :-1 s=BANNER_CONNECTING pgs=0 cs=0 l=0 rev1=0 crypto rx=0 tx=0 comp rx=0 tx=0)._handle_peer_banner_payload supported=3 required=0
2024-04-25T14:51:17.380 INFO:teuthology.orchestra.run.smithi094.stdout:/usr/bin/ceph: stderr
2024-04-25T14:51:16.477+0000 7f1bb9e00700 1 --2- >> [v2:172.21.15.94:3300/0,v1:172.21.15.94:6789/0] conn(0x7f1bbc10f040 0x7f1bbc10f460 unknown :-1 s=HELLO_CONNECTING pgs=0 cs=0 l=0 rev1=1 crypto rx=0 tx=0 comp rx=0 tx=0).handle_hello peer v2:172.21.15.94:3300/0 says I am v2:172.21.15.94:59154/0 (socket says 172.21.15.94:59154)
2024-04-25T14:51:17.380 INFO:teuthology.orchestra.run.smithi094.stdout:/usr/bin/ceph: stderr
2024-04-25T14:51:16.477+0000 7f1bb9e00700 1 -- 172.21.15.94:0/4580042 learned_addr learned my addr 172.21.15.94:0/4580042 (peer_addr_for_me v2:172.21.15.94:0/0)
2024-04-25T14:51:17.381 INFO:teuthology.orchestra.run.smithi094.stdout:/usr/bin/ceph: stderr
2024-04-25T14:51:16.477+0000 7f1bb9e00700 1 -- 172.21.15.94:0/4580042 --> [v2:172.21.15.94:3300/0,v1:172.21.15.94:6789/0] -- mon_subscribe({config=0+,monmap=0+}) -- 0x7f1bbc10fdc0 con 0x7f1bbc10f040
2024-04-25T14:51:17.381 INFO:teuthology.orchestra.run.smithi094.stdout:/usr/bin/ceph: stderr
2024-04-25T14:51:16.477+0000 7f1bb9e00700 1 --2- 172.21.15.94:0/4580042 >> [v2:172.21.15.94:3300/0,v1:172.21.15.94:6789/0] conn(0x7f1bbc10f040 0x7f1bbc10f460 secure :-1 s=READY pgs=20 cs=0 l=1 rev1=1 crypto rx=0x7f1bac009e80 tx=0x7f1bac00b330 comp rx=0 tx=0).ready entity=mon.0 client_cookie=28c5e7b98ec9953e server_cookie=0 in_seq=0 out_seq=0
2024-04-25T14:51:17.381 INFO:teuthology.orchestra.run.smithi094.stdout:/usr/bin/ceph: stderr
2024-04-25T14:51:16.478+0000 7f1bb9400700 1 -- 172.21.15.94:0/4580042 <== mon.0 v2:172.21.15.94:3300/0 1 ==== mon_map magic: 0 ==== 205+0+0 (secure 0 0 0) 0x7f1bac017070 con 0x7f1bbc10f040
2024-04-25T14:51:17.381 INFO:teuthology.orchestra.run.smithi094.stdout:/usr/bin/ceph: stderr
2024-04-25T14:51:16.478+0000 7f1bb9400700 1 -- 172.21.15.94:0/4580042 <== mon.0 v2:172.21.15.94:3300/0 2 ==== config(26 keys) ==== 1070+0+0 (secure 0 0 0) 0x7f1bac00b8c0 con 0x7f1bbc10f040
2024-04-25T14:51:17.381 INFO:teuthology.orchestra.run.smithi094.stdout:/usr/bin/ceph: stderr
2024-04-25T14:51:16.478+0000 7f1bb9400700 1 -- 172.21.15.94:0/4580042 <== mon.0 v2:172.21.15.94:3300/0 3 ==== mon_map magic: 0 ==== 205+0+0 (secure 0 0 0) 0x7f1bac004490 con 0x7f1bbc10f040
2024-04-25T14:51:17.381 INFO:teuthology.orchestra.run.smithi094.stdout:/usr/bin/ceph: stderr
2024-04-25T14:51:16.478+0000 7f1bc1200700 1 -- 172.21.15.94:0/4580042 >> [v2:172.21.15.94:3300/0,v1:172.21.15.94:6789/0] conn(0x7f1bbc10f040 msgr2=0x7f1bbc10f460 secure :-1 s=STATE_CONNECTION_ESTABLISHED l=1).mark_down
2024-04-25T14:51:17.381 INFO:teuthology.orchestra.run.smithi094.stdout:/usr/bin/ceph: stderr
2024-04-25T14:51:16.478+0000 7f1bc1200700 1 --2- 172.21.15.94:0/4580042 >> [v2:172.21.15.94:3300/0,v1:172.21.15.94:6789/0] conn(0x7f1bbc10f040 0x7f1bbc10f460 secure :-1 s=READY pgs=20 cs=0 l=1 rev1=1 crypto rx=0x7f1bac009e80 tx=0x7f1bac00b330 comp rx=0 tx=0).stop
2024-04-25T14:51:17.381 INFO:teuthology.orchestra.run.smithi094.stdout:/usr/bin/ceph: stderr
2024-04-25T14:51:16.479+0000 7f1bc1200700 1 -- 172.21.15.94:0/4580042 shutdown_connections
2024-04-25T14:51:17.381 INFO:teuthology.orchestra.run.smithi094.stdout:/usr/bin/ceph: stderr
2024-04-25T14:51:16.479+0000 7f1bc1200700 1 --2- 172.21.15.94:0/4580042 >> [v2:172.21.15.94:3300/0,v1:172.21.15.94:6789/0] conn(0x7f1bbc10f040 0x7f1bbc10f460 unknown :-1 s=CLOSED pgs=20 cs=0 l=1 rev1=1 crypto rx=0 tx=0 comp rx=0 tx=0).stop
2024-04-25T14:51:17.381 INFO:teuthology.orchestra.run.smithi094.stdout:/usr/bin/ceph: stderr
2024-04-25T14:51:16.479+0000 7f1bc1200700 1 -- 172.21.15.94:0/4580042 >> 172.21.15.94:0/4580042 conn(0x7f1bbc07ddf0 msgr2=0x7f1bbc080210 unknown :-1 s=STATE_NONE l=0).mark_down
2024-04-25T14:51:17.381 INFO:teuthology.orchestra.run.smithi094.stdout:/usr/bin/ceph: stderr
2024-04-25T14:51:16.479+0000 7f1bc1200700 1 -- 172.21.15.94:0/4580042 shutdown_connections
2024-04-25T14:51:17.381 INFO:teuthology.orchestra.run.smithi094.stdout:/usr/bin/ceph: stderr
2024-04-25T14:51:16.479+0000 7f1bc1200700 1 -- 172.21.15.94:0/4580042 wait complete.
2024-04-25T14:51:17.381 INFO:teuthology.orchestra.run.smithi094.stdout:/usr/bin/ceph: stderr
2024-04-25T14:51:16.480+0000 7f1bc1200700 1 Processor -- start
2024-04-25T14:51:17.382 INFO:teuthology.orchestra.run.smithi094.stdout:/usr/bin/ceph: stderr
2024-04-25T14:51:16.480+0000 7f1bc1200700 1 -- start start
2024-04-25T14:51:17.382 INFO:teuthology.orchestra.run.smithi094.stdout:/usr/bin/ceph: stderr
2024-04-25T14:51:16.480+0000 7f1bc1200700 1 --2- >> [v2:172.21.15.94:3300/0,v1:172.21.15.94:6789/0] conn(0x7f1bbc10f040 0x7f1bbc1a2a00 unknown :-1 s=NONE pgs=0 cs=0 l=1 rev1=0 crypto rx=0 tx=0 comp rx=0 tx=0).connect
2024-04-25T14:51:17.382 INFO:teuthology.orchestra.run.smithi094.stdout:/usr/bin/ceph: stderr
2024-04-25T14:51:16.480+0000 7f1bc1200700 1 -- --> [v2:172.21.15.94:3300/0,v1:172.21.15.94:6789/0] -- mon_getmap magic: 0 -- 0x7f1bbc112ff0 con 0x7f1bbc10f040
2024-04-25T14:51:17.382 INFO:teuthology.orchestra.run.smithi094.stdout:/usr/bin/ceph: stderr
2024-04-25T14:51:16.481+0000 7f1bb9e00700 1 --2- >> [v2:172.21.15.94:3300/0,v1:172.21.15.94:6789/0] conn(0x7f1bbc10f040 0x7f1bbc1a2a00 unknown :-1 s=BANNER_CONNECTING pgs=0 cs=0 l=1 rev1=0 crypto rx=0 tx=0 comp rx=0 tx=0)._handle_peer_banner_payload supported=3 required=0
2024-04-25T14:51:17.382 INFO:teuthology.orchestra.run.smithi094.stdout:/usr/bin/ceph: stderr
2024-04-25T14:51:16.481+0000 7f1bb9e00700 1 --2- >> [v2:172.21.15.94:3300/0,v1:172.21.15.94:6789/0] conn(0x7f1bbc10f040 0x7f1bbc1a2a00 unknown :-1 s=HELLO_CONNECTING pgs=0 cs=0 l=1 rev1=1 crypto rx=0 tx=0 comp rx=0 tx=0).handle_hello peer v2:172.21.15.94:3300/0 says I am v2:172.21.15.94:59166/0 (socket says 172.21.15.94:59166)
2024-04-25T14:51:17.382 INFO:teuthology.orchestra.run.smithi094.stdout:/usr/bin/ceph: stderr
2024-04-25T14:51:16.481+0000 7f1bb9e00700 1 -- 172.21.15.94:0/1143754674 learned_addr learned my addr 172.21.15.94:0/1143754674 (peer_addr_for_me v2:172.21.15.94:0/0)
2024-04-25T14:51:17.382 INFO:teuthology.orchestra.run.smithi094.stdout:/usr/bin/ceph: stderr
2024-04-25T14:51:16.481+0000 7f1bb9e00700 1 -- 172.21.15.94:0/1143754674 --> [v2:172.21.15.94:3300/0,v1:172.21.15.94:6789/0] -- mon_subscribe({config=0+,monmap=0+}) -- 0x7f1bbc1a2f40 con 0x7f1bbc10f040
2024-04-25T14:51:17.382 INFO:teuthology.orchestra.run.smithi094.stdout:/usr/bin/ceph: stderr
2024-04-25T14:51:16.481+0000 7f1bb9e00700 1 --2- 172.21.15.94:0/1143754674 >> [v2:172.21.15.94:3300/0,v1:172.21.15.94:6789/0] conn(0x7f1bbc10f040 0x7f1bbc1a2a00 secure :-1 s=READY pgs=21 cs=0 l=1 rev1=1 crypto rx=0x7f1bac00b7b0 tx=0x7f1bac00be90 comp rx=0 tx=0).ready entity=mon.0 client_cookie=0 server_cookie=0 in_seq=0 out_seq=0
2024-04-25T14:51:17.382 INFO:teuthology.orchestra.run.smithi094.stdout:/usr/bin/ceph: stderr
2024-04-25T14:51:16.482+0000 7f1bb3400700 1 -- 172.21.15.94:0/1143754674 <== mon.0 v2:172.21.15.94:3300/0 1 ==== mon_map magic: 0 ==== 205+0+0 (secure 0 0 0) 0x7f1bac020020 con 0x7f1bbc10f040
2024-04-25T14:51:17.382 INFO:teuthology.orchestra.run.smithi094.stdout:/usr/bin/ceph: stderr
2024-04-25T14:51:16.482+0000 7f1bb3400700 1 -- 172.21.15.94:0/1143754674 <== mon.0 v2:172.21.15.94:3300/0 2 ==== config(26 keys) ==== 1070+0+0 (secure 0 0 0) 0x7f1bac003d10 con 0x7f1bbc10f040
2024-04-25T14:51:17.382 INFO:teuthology.orchestra.run.smithi094.stdout:/usr/bin/ceph: stderr
2024-04-25T14:51:16.482+0000 7f1bc1200700 1 -- 172.21.15.94:0/1143754674 --> [v2:172.21.15.94:3300/0,v1:172.21.15.94:6789/0] -- mon_subscribe({mgrmap=0+}) -- 0x7f1bbc1a31d0 con 0x7f1bbc10f040
2024-04-25T14:51:17.382 INFO:teuthology.orchestra.run.smithi094.stdout:/usr/bin/ceph: stderr
2024-04-25T14:51:16.482+0000 7f1bb3400700 1 -- 172.21.15.94:0/1143754674 <== mon.0 v2:172.21.15.94:3300/0 3 ==== mon_map magic: 0 ==== 205+0+0 (secure 0 0 0) 0x7f1bac017040 con 0x7f1bbc10f040
2024-04-25T14:51:17.382 INFO:teuthology.orchestra.run.smithi094.stdout:/usr/bin/ceph: stderr
2024-04-25T14:51:16.482+0000 7f1bc1200700 1 -- 172.21.15.94:0/1143754674 --> [v2:172.21.15.94:3300/0,v1:172.21.15.94:6789/0] -- mon_subscribe({osdmap=0}) -- 0x7f1bbc1a5ec0 con 0x7f1bbc10f040
2024-04-25T14:51:17.383 INFO:teuthology.orchestra.run.smithi094.stdout:/usr/bin/ceph: stderr
2024-04-25T14:51:16.483+0000 7f1bb3400700 1 -- 172.21.15.94:0/1143754674 <== mon.0 v2:172.21.15.94:3300/0 4 ==== mgrmap(e 4) ==== 46547+0+0 (secure 0 0 0) 0x7f1bac023020 con 0x7f1bbc10f040
2024-04-25T14:51:17.383 INFO:teuthology.orchestra.run.smithi094.stdout:/usr/bin/ceph: stderr
2024-04-25T14:51:16.483+0000 7f1bc1200700 1 -- 172.21.15.94:0/1143754674 --> [v2:172.21.15.94:3300/0,v1:172.21.15.94:6789/0] -- mon_command({"prefix": "get_command_descriptions"} v 0) -- 0x7f1bbc113170 con 0x7f1bbc10f040
2024-04-25T14:51:17.383 INFO:teuthology.orchestra.run.smithi094.stdout:/usr/bin/ceph: stderr
2024-04-25T14:51:16.483+0000 7f1bb3400700 1 --2- 172.21.15.94:0/1143754674 >> [v2:172.21.15.94:6800/17546499,v1:172.21.15.94:6801/17546499] conn(0x7f1ba0039560 0x7f1ba003ba20 unknown :-1 s=NONE pgs=0 cs=0 l=1 rev1=0 crypto rx=0 tx=0 comp rx=0 tx=0).connect
2024-04-25T14:51:17.383 INFO:teuthology.orchestra.run.smithi094.stdout:/usr/bin/ceph: stderr
2024-04-25T14:51:16.483+0000 7f1bb3400700 1 -- 172.21.15.94:0/1143754674 <== mon.0 v2:172.21.15.94:3300/0 5 ==== osd_map(1..1 src has 1..1) ==== 725+0+0 (secure 0 0 0) 0x7f1bac00f050 con 0x7f1bbc10f040
2024-04-25T14:51:17.383 INFO:teuthology.orchestra.run.smithi094.stdout:/usr/bin/ceph: stderr
2024-04-25T14:51:16.484+0000 7f1bb1400700 1 --2- 172.21.15.94:0/1143754674 >> [v2:172.21.15.94:6800/17546499,v1:172.21.15.94:6801/17546499] conn(0x7f1ba0039560 0x7f1ba003ba20 unknown :-1 s=BANNER_CONNECTING pgs=0 cs=0 l=1 rev1=0 crypto rx=0 tx=0 comp rx=0 tx=0)._handle_peer_banner_payload supported=3 required=0
2024-04-25T14:51:17.383 INFO:teuthology.orchestra.run.smithi094.stdout:/usr/bin/ceph: stderr
2024-04-25T14:51:16.485+0000 7f1bb1400700 1 --2- 172.21.15.94:0/1143754674 >> [v2:172.21.15.94:6800/17546499,v1:172.21.15.94:6801/17546499] conn(0x7f1ba0039560 0x7f1ba003ba20 secure :-1 s=READY pgs=7 cs=0 l=1 rev1=1 crypto rx=0x7f1ba4006fd0 tx=0x7f1ba4006e40 comp rx=0 tx=0).ready entity=mgr.14100 client_cookie=0 server_cookie=0 in_seq=0 out_seq=0
2024-04-25T14:51:17.383 INFO:teuthology.orchestra.run.smithi094.stdout:/usr/bin/ceph: stderr
2024-04-25T14:51:16.489+0000 7f1bb3400700 1 -- 172.21.15.94:0/1143754674 <== mon.0 v2:172.21.15.94:3300/0 6 ==== mon_command_ack([{"prefix": "get_command_descriptions"}]=0 v0) ==== 72+0+188370 (secure 0 0 0) 0x7f1bac02a020 con 0x7f1bbc10f040
2024-04-25T14:51:17.383 INFO:teuthology.orchestra.run.smithi094.stdout:/usr/bin/ceph: stderr
2024-04-25T14:51:16.712+0000 7f1bc1200700 1 -- 172.21.15.94:0/1143754674 --> [v2:172.21.15.94:3300/0,v1:172.21.15.94:6789/0] -- mon_command({"prefix": "config assimilate-conf"} v 0) -- 0x7f1bbc0640a0 con 0x7f1bbc10f040
2024-04-25T14:51:17.383 INFO:teuthology.orchestra.run.smithi094.stdout:/usr/bin/ceph: stderr
2024-04-25T14:51:16.714+0000 7f1bb3400700 1 -- 172.21.15.94:0/1143754674 <== mon.0 v2:172.21.15.94:3300/0 7 ==== mon_command_ack([{"prefix": "config assimilate-conf"}]=0 v3) ==== 70+0+436 (secure 0 0 0) 0x7f1bac02c300 con 0x7f1bbc10f040
2024-04-25T14:51:17.383 INFO:teuthology.orchestra.run.smithi094.stdout:/usr/bin/ceph: stderr
2024-04-25T14:51:16.717+0000 7f1bc1200700 1 -- 172.21.15.94:0/1143754674 >> [v2:172.21.15.94:6800/17546499,v1:172.21.15.94:6801/17546499] conn(0x7f1ba0039560 msgr2=0x7f1ba003ba20 secure :-1 s=STATE_CONNECTION_ESTABLISHED l=1).mark_down
2024-04-25T14:51:17.383 INFO:teuthology.orchestra.run.smithi094.stdout:/usr/bin/ceph: stderr
2024-04-25T14:51:16.717+0000 7f1bc1200700 1 --2- 172.21.15.94:0/1143754674 >> [v2:172.21.15.94:6800/17546499,v1:172.21.15.94:6801/17546499] conn(0x7f1ba0039560 0x7f1ba003ba20 secure :-1 s=READY pgs=7 cs=0 l=1 rev1=1 crypto rx=0x7f1ba4006fd0 tx=0x7f1ba4006e40 comp rx=0 tx=0).stop
2024-04-25T14:51:17.383 INFO:teuthology.orchestra.run.smithi094.stdout:/usr/bin/ceph: stderr
2024-04-25T14:51:16.717+0000 7f1bc1200700 1 -- 172.21.15.94:0/1143754674 >> [v2:172.21.15.94:3300/0,v1:172.21.15.94:6789/0] conn(0x7f1bbc10f040 msgr2=0x7f1bbc1a2a00 secure :-1 s=STATE_CONNECTION_ESTABLISHED l=1).mark_down
2024-04-25T14:51:17.383 INFO:teuthology.orchestra.run.smithi094.stdout:/usr/bin/ceph: stderr
2024-04-25T14:51:16.717+0000 7f1bc1200700 1 --2- 172.21.15.94:0/1143754674 >> [v2:172.21.15.94:3300/0,v1:172.21.15.94:6789/0] conn(0x7f1bbc10f040 0x7f1bbc1a2a00 secure :-1 s=READY pgs=21 cs=0 l=1 rev1=1 crypto rx=0x7f1bac00b7b0 tx=0x7f1bac00be90 comp rx=0 tx=0).stop
2024-04-25T14:51:17.383 INFO:teuthology.orchestra.run.smithi094.stdout:/usr/bin/ceph: stderr
2024-04-25T14:51:16.717+0000 7f1bc1200700 1 -- 172.21.15.94:0/1143754674 shutdown_connections
2024-04-25T14:51:17.384 INFO:teuthology.orchestra.run.smithi094.stdout:/usr/bin/ceph: stderr
2024-04-25T14:51:16.717+0000 7f1bc1200700 1 --2- 172.21.15.94:0/1143754674 >> [v2:172.21.15.94:6800/17546499,v1:172.21.15.94:6801/17546499] conn(0x7f1ba0039560 0x7f1ba003ba20 unknown :-1 s=CLOSED pgs=7 cs=0 l=1 rev1=1 crypto rx=0 tx=0 comp rx=0 tx=0).stop
2024-04-25T14:51:17.384 INFO:teuthology.orchestra.run.smithi094.stdout:/usr/bin/ceph: stderr
2024-04-25T14:51:16.717+0000 7f1bc1200700 1 --2- 172.21.15.94:0/1143754674 >> [v2:172.21.15.94:3300/0,v1:172.21.15.94:6789/0] conn(0x7f1bbc10f040 0x7f1bbc1a2a00 unknown :-1 s=CLOSED pgs=21 cs=0 l=1 rev1=1 crypto rx=0 tx=0 comp rx=0 tx=0).stop
2024-04-25T14:51:17.384 INFO:teuthology.orchestra.run.smithi094.stdout:/usr/bin/ceph: stderr
2024-04-25T14:51:16.717+0000 7f1bc1200700 1 -- 172.21.15.94:0/1143754674 >> 172.21.15.94:0/1143754674 conn(0x7f1bbc07ddf0 msgr2=0x7f1bbc07f880 unknown :-1 s=STATE_NONE l=0).mark_down
2024-04-25T14:51:17.384 INFO:teuthology.orchestra.run.smithi094.stdout:/usr/bin/ceph: stderr
2024-04-25T14:51:16.717+0000 7f1bc1200700 1 -- 172.21.15.94:0/1143754674 shutdown_connections
2024-04-25T14:51:17.384 INFO:teuthology.orchestra.run.smithi094.stdout:/usr/bin/ceph: stderr
2024-04-25T14:51:16.717+0000 7f1bc1200700 1 -- 172.21.15.94:0/1143754674 wait complete.
2024-04-25T14:51:17.384 INFO:teuthology.orchestra.run.smithi094.stdout:Enabling cephadm module...
2024-04-25T14:51:18.623 INFO:journalctl@ceph.mon.a.smithi094.stdout:Apr 25 14:51:18 smithi094 ceph-mon[27862]: from='client.? 172.21.15.94:0/3190734523' entity='client.admin' cmd=[{"prefix": "mgr module enable", "module": "cephadm"}]: dispatch
2024-04-25T14:51:18.624 INFO:journalctl@ceph.mgr.x.smithi094.stdout:Apr 25 14:51:18 smithi094 ceph-f04d929c-0312-11ef-bc93-c7b262605968-mgr-x[28094]: ignoring --setuser ceph since I am not root
2024-04-25T14:51:18.624 INFO:journalctl@ceph.mgr.x.smithi094.stdout:Apr 25 14:51:18 smithi094 ceph-f04d929c-0312-11ef-bc93-c7b262605968-mgr-x[28094]: ignoring --setgroup ceph since I am not root
2024-04-25T14:51:18.961 INFO:journalctl@ceph.mgr.x.smithi094.stdout:Apr 25 14:51:18 smithi094 ceph-f04d929c-0312-11ef-bc93-c7b262605968-mgr-x[28094]:
2024-04-25T14:51:18.621+0000 7f5e4f323200 -1 mgr[py] Module balancer has missing NOTIFY_TYPES member
2024-04-25T14:51:18.962 INFO:journalctl@ceph.mgr.x.smithi094.stdout:Apr 25 14:51:18 smithi094 ceph-f04d929c-0312-11ef-bc93-c7b262605968-mgr-x[28094]:
2024-04-25T14:51:18.864+0000 7f5e4f323200 -1 mgr[py] Module orchestrator has missing NOTIFY_TYPES member
2024-04-25T14:51:19.017 INFO:teuthology.orchestra.run.smithi094.stdout:/usr/bin/ceph: stderr
2024-04-25T14:51:17.983+0000 7fd238a00700 1 Processor -- start
2024-04-25T14:51:19.017 INFO:teuthology.orchestra.run.smithi094.stdout:/usr/bin/ceph: stderr
2024-04-25T14:51:17.983+0000 7fd238a00700 1 -- start start
2024-04-25T14:51:19.017 INFO:teuthology.orchestra.run.smithi094.stdout:/usr/bin/ceph: stderr
2024-04-25T14:51:17.984+0000 7fd238a00700 1 --2- >> [v2:172.21.15.94:3300/0,v1:172.21.15.94:6789/0] conn(0x7fd23407cd30 0x7fd23407b190 unknown :-1 s=NONE pgs=0 cs=0 l=0 rev1=0 crypto rx=0 tx=0 comp rx=0 tx=0).connect
2024-04-25T14:51:19.017 INFO:teuthology.orchestra.run.smithi094.stdout:/usr/bin/ceph: stderr
2024-04-25T14:51:17.984+0000 7fd238a00700 1 -- --> [v2:172.21.15.94:3300/0,v1:172.21.15.94:6789/0] -- mon_getmap magic: 0 -- 0x7fd23407b760 con 0x7fd23407cd30
2024-04-25T14:51:19.018 INFO:teuthology.orchestra.run.smithi094.stdout:/usr/bin/ceph: stderr
2024-04-25T14:51:17.984+0000 7fd231e00700 1 --2- >> [v2:172.21.15.94:3300/0,v1:172.21.15.94:6789/0] conn(0x7fd23407cd30 0x7fd23407b190 unknown :-1 s=BANNER_CONNECTING pgs=0 cs=0 l=0 rev1=0 crypto rx=0 tx=0 comp rx=0 tx=0)._handle_peer_banner_payload supported=3 required=0
2024-04-25T14:51:19.018 INFO:teuthology.orchestra.run.smithi094.stdout:/usr/bin/ceph: stderr
2024-04-25T14:51:17.984+0000 7fd231e00700 1 --2- >> [v2:172.21.15.94:3300/0,v1:172.21.15.94:6789/0] conn(0x7fd23407cd30 0x7fd23407b190 unknown :-1 s=HELLO_CONNECTING pgs=0 cs=0 l=0 rev1=1 crypto rx=0 tx=0 comp rx=0 tx=0).handle_hello peer v2:172.21.15.94:3300/0 says I am v2:172.21.15.94:60780/0 (socket says 172.21.15.94:60780)
2024-04-25T14:51:19.018 INFO:teuthology.orchestra.run.smithi094.stdout:/usr/bin/ceph: stderr
2024-04-25T14:51:17.984+0000 7fd231e00700 1 -- 172.21.15.94:0/4250647062 learned_addr learned my addr 172.21.15.94:0/4250647062 (peer_addr_for_me v2:172.21.15.94:0/0)
2024-04-25T14:51:19.019 INFO:teuthology.orchestra.run.smithi094.stdout:/usr/bin/ceph: stderr
2024-04-25T14:51:17.985+0000 7fd231e00700 1 -- 172.21.15.94:0/4250647062 --> [v2:172.21.15.94:3300/0,v1:172.21.15.94:6789/0] -- mon_subscribe({config=0+,monmap=0+}) -- 0x7fd23407b8e0 con 0x7fd23407cd30
2024-04-25T14:51:19.019 INFO:teuthology.orchestra.run.smithi094.stdout:/usr/bin/ceph: stderr
2024-04-25T14:51:17.985+0000 7fd231e00700 1 --2- 172.21.15.94:0/4250647062 >> [v2:172.21.15.94:3300/0,v1:172.21.15.94:6789/0] conn(0x7fd23407cd30 0x7fd23407b190 secure :-1 s=READY pgs=22 cs=0 l=1 rev1=1 crypto rx=0x7fd2240098a0 tx=0x7fd224009bb0 comp rx=0 tx=0).ready entity=mon.0 client_cookie=367b110c394d0e4c server_cookie=0 in_seq=0 out_seq=0
2024-04-25T14:51:19.019 INFO:teuthology.orchestra.run.smithi094.stdout:/usr/bin/ceph: stderr
2024-04-25T14:51:17.985+0000 7fd230a00700 1 -- 172.21.15.94:0/4250647062 <== mon.0 v2:172.21.15.94:3300/0 1 ==== mon_map magic: 0 ==== 205+0+0 (secure 0 0 0) 0x7fd224004160 con 0x7fd23407cd30
2024-04-25T14:51:19.019 INFO:teuthology.orchestra.run.smithi094.stdout:/usr/bin/ceph: stderr
2024-04-25T14:51:17.985+0000 7fd230a00700 1 -- 172.21.15.94:0/4250647062 <== mon.0 v2:172.21.15.94:3300/0 2 ==== config(26 keys) ==== 1070+0+0 (secure 0 0 0) 0x7fd224004300 con 0x7fd23407cd30
2024-04-25T14:51:19.019 INFO:teuthology.orchestra.run.smithi094.stdout:/usr/bin/ceph: stderr
2024-04-25T14:51:17.985+0000 7fd230a00700 1 -- 172.21.15.94:0/4250647062 <== mon.0 v2:172.21.15.94:3300/0 3 ==== mon_map magic: 0 ==== 205+0+0 (secure 0 0 0) 0x7fd224011af0 con 0x7fd23407cd30
2024-04-25T14:51:19.019 INFO:teuthology.orchestra.run.smithi094.stdout:/usr/bin/ceph: stderr
2024-04-25T14:51:17.986+0000 7fd238a00700 1 -- 172.21.15.94:0/4250647062 >> [v2:172.21.15.94:3300/0,v1:172.21.15.94:6789/0] conn(0x7fd23407cd30 msgr2=0x7fd23407b190 secure :-1 s=STATE_CONNECTION_ESTABLISHED l=1).mark_down
2024-04-25T14:51:19.022 INFO:teuthology.orchestra.run.smithi094.stdout:/usr/bin/ceph: stderr
2024-04-25T14:51:17.986+0000 7fd238a00700 1 --2- 172.21.15.94:0/4250647062 >> [v2:172.21.15.94:3300/0,v1:172.21.15.94:6789/0] conn(0x7fd23407cd30 0x7fd23407b190 secure :-1 s=READY pgs=22 cs=0 l=1 rev1=1 crypto rx=0x7fd2240098a0 tx=0x7fd224009bb0 comp rx=0 tx=0).stop
2024-04-25T14:51:19.022 INFO:teuthology.orchestra.run.smithi094.stdout:/usr/bin/ceph: stderr
2024-04-25T14:51:17.986+0000 7fd238a00700 1 -- 172.21.15.94:0/4250647062 shutdown_connections
2024-04-25T14:51:19.022 INFO:teuthology.orchestra.run.smithi094.stdout:/usr/bin/ceph: stderr
2024-04-25T14:51:17.986+0000 7fd238a00700 1 --2- 172.21.15.94:0/4250647062 >> [v2:172.21.15.94:3300/0,v1:172.21.15.94:6789/0] conn(0x7fd23407cd30 0x7fd23407b190 unknown :-1 s=CLOSED pgs=22 cs=0 l=1 rev1=1 crypto rx=0 tx=0 comp rx=0 tx=0).stop
2024-04-25T14:51:19.022 INFO:teuthology.orchestra.run.smithi094.stdout:/usr/bin/ceph: stderr
2024-04-25T14:51:17.986+0000 7fd238a00700 1 -- 172.21.15.94:0/4250647062 >> 172.21.15.94:0/4250647062 conn(0x7fd234103be0 msgr2=0x7fd234106000 unknown :-1 s=STATE_NONE l=0).mark_down
2024-04-25T14:51:19.022 INFO:teuthology.orchestra.run.smithi094.stdout:/usr/bin/ceph: stderr
2024-04-25T14:51:17.986+0000 7fd238a00700 1 -- 172.21.15.94:0/4250647062 shutdown_connections
2024-04-25T14:51:19.022 INFO:teuthology.orchestra.run.smithi094.stdout:/usr/bin/ceph: stderr
2024-04-25T14:51:17.986+0000 7fd238a00700 1 -- 172.21.15.94:0/4250647062 wait complete.
2024-04-25T14:51:19.022 INFO:teuthology.orchestra.run.smithi094.stdout:/usr/bin/ceph: stderr
2024-04-25T14:51:17.987+0000 7fd238a00700 1 Processor -- start
2024-04-25T14:51:19.022 INFO:teuthology.orchestra.run.smithi094.stdout:/usr/bin/ceph: stderr
2024-04-25T14:51:17.988+0000 7fd238a00700 1 -- start start
2024-04-25T14:51:19.022 INFO:teuthology.orchestra.run.smithi094.stdout:/usr/bin/ceph: stderr
2024-04-25T14:51:17.988+0000 7fd238a00700 1 --2- >> [v2:172.21.15.94:3300/0,v1:172.21.15.94:6789/0] conn(0x7fd23407cd30 0x7fd23419e6f0 unknown :-1 s=NONE pgs=0 cs=0 l=1 rev1=0 crypto rx=0 tx=0 comp rx=0 tx=0).connect
2024-04-25T14:51:19.023 INFO:teuthology.orchestra.run.smithi094.stdout:/usr/bin/ceph: stderr
2024-04-25T14:51:17.988+0000 7fd238a00700 1 -- --> [v2:172.21.15.94:3300/0,v1:172.21.15.94:6789/0] -- mon_getmap magic: 0 -- 0x7fd23410eaf0 con 0x7fd23407cd30
2024-04-25T14:51:19.023 INFO:teuthology.orchestra.run.smithi094.stdout:/usr/bin/ceph: stderr
2024-04-25T14:51:17.988+0000 7fd231e00700 1 --2- >> [v2:172.21.15.94:3300/0,v1:172.21.15.94:6789/0] conn(0x7fd23407cd30 0x7fd23419e6f0 unknown :-1 s=BANNER_CONNECTING pgs=0 cs=0 l=1 rev1=0 crypto rx=0 tx=0 comp rx=0 tx=0)._handle_peer_banner_payload supported=3 required=0
2024-04-25T14:51:19.023 INFO:teuthology.orchestra.run.smithi094.stdout:/usr/bin/ceph: stderr
2024-04-25T14:51:17.988+0000 7fd231e00700 1 --2- >> [v2:172.21.15.94:3300/0,v1:172.21.15.94:6789/0] conn(0x7fd23407cd30 0x7fd23419e6f0 unknown :-1 s=HELLO_CONNECTING pgs=0 cs=0 l=1 rev1=1 crypto rx=0 tx=0 comp rx=0 tx=0).handle_hello peer v2:172.21.15.94:3300/0 says I am v2:172.21.15.94:60782/0 (socket says 172.21.15.94:60782)
2024-04-25T14:51:19.023 INFO:teuthology.orchestra.run.smithi094.stdout:/usr/bin/ceph: stderr
2024-04-25T14:51:17.988+0000 7fd231e00700 1 -- 172.21.15.94:0/3190734523 learned_addr learned my addr 172.21.15.94:0/3190734523 (peer_addr_for_me v2:172.21.15.94:0/0)
2024-04-25T14:51:19.023 INFO:teuthology.orchestra.run.smithi094.stdout:/usr/bin/ceph: stderr
2024-04-25T14:51:17.989+0000 7fd231e00700 1 -- 172.21.15.94:0/3190734523 --> [v2:172.21.15.94:3300/0,v1:172.21.15.94:6789/0] -- mon_subscribe({config=0+,monmap=0+}) -- 0x7fd23419ec30 con 0x7fd23407cd30
2024-04-25T14:51:19.023 INFO:teuthology.orchestra.run.smithi094.stdout:/usr/bin/ceph: stderr
2024-04-25T14:51:17.989+0000 7fd231e00700 1 --2- 172.21.15.94:0/3190734523 >> [v2:172.21.15.94:3300/0,v1:172.21.15.94:6789/0] conn(0x7fd23407cd30 0x7fd23419e6f0 secure :-1 s=READY pgs=23 cs=0 l=1 rev1=1 crypto rx=0x7fd224011ac0 tx=0x7fd224011ba0 comp rx=0 tx=0).ready entity=mon.0 client_cookie=0 server_cookie=0 in_seq=0 out_seq=0
2024-04-25T14:51:19.023 INFO:teuthology.orchestra.run.smithi094.stdout:/usr/bin/ceph: stderr
2024-04-25T14:51:17.989+0000 7fd22aa00700 1 -- 172.21.15.94:0/3190734523 <== mon.0 v2:172.21.15.94:3300/0 1 ==== mon_map magic: 0 ==== 205+0+0 (secure 0 0 0) 0x7fd224003970 con 0x7fd23407cd30
2024-04-25T14:51:19.023 INFO:teuthology.orchestra.run.smithi094.stdout:/usr/bin/ceph: stderr
2024-04-25T14:51:17.989+0000 7fd22aa00700 1 -- 172.21.15.94:0/3190734523 <== mon.0 v2:172.21.15.94:3300/0 2 ==== config(26 keys) ==== 1070+0+0 (secure 0 0 0) 0x7fd224003b10 con 0x7fd23407cd30
2024-04-25T14:51:19.023 INFO:teuthology.orchestra.run.smithi094.stdout:/usr/bin/ceph: stderr
2024-04-25T14:51:17.989+0000 7fd238a00700 1 -- 172.21.15.94:0/3190734523 --> [v2:172.21.15.94:3300/0,v1:172.21.15.94:6789/0] -- mon_subscribe({mgrmap=0+}) -- 0x7fd23419eec0 con 0x7fd23407cd30
2024-04-25T14:51:19.023 INFO:teuthology.orchestra.run.smithi094.stdout:/usr/bin/ceph: stderr
2024-04-25T14:51:17.989+0000 7fd22aa00700 1 -- 172.21.15.94:0/3190734523 <== mon.0 v2:172.21.15.94:3300/0 3 ==== mon_map magic: 0 ==== 205+0+0 (secure 0 0 0) 0x7fd224024610 con 0x7fd23407cd30
2024-04-25T14:51:19.023 INFO:teuthology.orchestra.run.smithi094.stdout:/usr/bin/ceph: stderr
2024-04-25T14:51:17.990+0000 7fd238a00700 1 -- 172.21.15.94:0/3190734523 --> [v2:172.21.15.94:3300/0,v1:172.21.15.94:6789/0] -- mon_subscribe({osdmap=0}) -- 0x7fd2341a1bb0 con 0x7fd23407cd30
2024-04-25T14:51:19.023 INFO:teuthology.orchestra.run.smithi094.stdout:/usr/bin/ceph: stderr
2024-04-25T14:51:17.991+0000 7fd22aa00700 1 -- 172.21.15.94:0/3190734523 <== mon.0 v2:172.21.15.94:3300/0 4 ==== mgrmap(e 4) ==== 46547+0+0 (secure 0 0 0) 0x7fd22401a9e0 con 0x7fd23407cd30
2024-04-25T14:51:19.023 INFO:teuthology.orchestra.run.smithi094.stdout:/usr/bin/ceph: stderr
2024-04-25T14:51:17.991+0000 7fd238a00700 1 -- 172.21.15.94:0/3190734523 --> [v2:172.21.15.94:3300/0,v1:172.21.15.94:6789/0] -- mon_command({"prefix": "get_command_descriptions"} v 0) -- 0x7fd2340640a0 con 0x7fd23407cd30
2024-04-25T14:51:19.023 INFO:teuthology.orchestra.run.smithi094.stdout:/usr/bin/ceph: stderr
2024-04-25T14:51:17.991+0000 7fd22aa00700 1 --2- 172.21.15.94:0/3190734523 >> [v2:172.21.15.94:6800/17546499,v1:172.21.15.94:6801/17546499] conn(0x7fd218039560 0x7fd21803ba20 unknown :-1 s=NONE pgs=0 cs=0 l=1 rev1=0 crypto rx=0 tx=0 comp rx=0 tx=0).connect
2024-04-25T14:51:19.025 INFO:teuthology.orchestra.run.smithi094.stdout:/usr/bin/ceph: stderr
2024-04-25T14:51:17.991+0000 7fd22aa00700 1 -- 172.21.15.94:0/3190734523 <== mon.0 v2:172.21.15.94:3300/0 5 ==== osd_map(1..1 src has 1..1) ==== 725+0+0 (secure 0 0 0) 0x7fd22404d8d0 con 0x7fd23407cd30
2024-04-25T14:51:19.025 INFO:teuthology.orchestra.run.smithi094.stdout:/usr/bin/ceph: stderr
2024-04-25T14:51:17.991+0000 7fd231400700 1 --2- 172.21.15.94:0/3190734523 >> [v2:172.21.15.94:6800/17546499,v1:172.21.15.94:6801/17546499] conn(0x7fd218039560 0x7fd21803ba20 unknown :-1 s=BANNER_CONNECTING pgs=0 cs=0 l=1 rev1=0 crypto rx=0 tx=0 comp rx=0 tx=0)._handle_peer_banner_payload supported=3 required=0
2024-04-25T14:51:19.025 INFO:teuthology.orchestra.run.smithi094.stdout:/usr/bin/ceph: stderr
2024-04-25T14:51:17.992+0000 7fd231400700 1 --2- 172.21.15.94:0/3190734523 >> [v2:172.21.15.94:6800/17546499,v1:172.21.15.94:6801/17546499] conn(0x7fd218039560 0x7fd21803ba20 secure :-1 s=READY pgs=8 cs=0 l=1 rev1=1 crypto rx=0x7fd220006fd0 tx=0x7fd220006e40 comp rx=0 tx=0).ready entity=mgr.14100 client_cookie=0 server_cookie=0 in_seq=0 out_seq=0
2024-04-25T14:51:19.026 INFO:teuthology.orchestra.run.smithi094.stdout:/usr/bin/ceph: stderr
2024-04-25T14:51:17.997+0000 7fd22aa00700 1 -- 172.21.15.94:0/3190734523 <== mon.0 v2:172.21.15.94:3300/0 6 ==== mon_command_ack([{"prefix": "get_command_descriptions"}]=0 v0) ==== 72+0+188370 (secure 0 0 0) 0x7fd22400b3e0 con 0x7fd23407cd30
2024-04-25T14:51:19.026 INFO:teuthology.orchestra.run.smithi094.stdout:/usr/bin/ceph: stderr
2024-04-25T14:51:18.282+0000 7fd238a00700 1 -- 172.21.15.94:0/3190734523 --> [v2:172.21.15.94:3300/0,v1:172.21.15.94:6789/0] -- mon_command({"prefix": "mgr module enable", "module": "cephadm"} v 0) -- 0x7fd2341a1d80 con 0x7fd23407cd30
2024-04-25T14:51:19.026 INFO:teuthology.orchestra.run.smithi094.stdout:/usr/bin/ceph: stderr
2024-04-25T14:51:18.335+0000 7fd22aa00700 1 -- 172.21.15.94:0/3190734523 <== mon.0 v2:172.21.15.94:3300/0 7 ==== mon_command_ack([{"prefix": "mgr module enable", "module": "cephadm"}]=0 v5) ==== 86+0+0 (secure 0 0 0) 0x7fd22404d2f0 con 0x7fd23407cd30
2024-04-25T14:51:19.026 INFO:teuthology.orchestra.run.smithi094.stdout:/usr/bin/ceph: stderr
2024-04-25T14:51:18.338+0000 7fd22aa00700 1 -- 172.21.15.94:0/3190734523 <== mon.0 v2:172.21.15.94:3300/0 8 ==== mgrmap(e 5) ==== 46558+0+0 (secure 0 0 0) 0x7fd22402c350 con 0x7fd23407cd30
2024-04-25T14:51:19.026 INFO:teuthology.orchestra.run.smithi094.stdout:/usr/bin/ceph: stderr
2024-04-25T14:51:18.340+0000 7fd238a00700 1 -- 172.21.15.94:0/3190734523 >> [v2:172.21.15.94:6800/17546499,v1:172.21.15.94:6801/17546499] conn(0x7fd218039560 msgr2=0x7fd21803ba20 secure :-1 s=STATE_CONNECTION_ESTABLISHED l=1).mark_down
2024-04-25T14:51:19.026 INFO:teuthology.orchestra.run.smithi094.stdout:/usr/bin/ceph: stderr
2024-04-25T14:51:18.341+0000 7fd238a00700 1 --2- 172.21.15.94:0/3190734523 >> [v2:172.21.15.94:6800/17546499,v1:172.21.15.94:6801/17546499] conn(0x7fd218039560 0x7fd21803ba20 secure :-1 s=READY pgs=8 cs=0 l=1 rev1=1 crypto rx=0x7fd220006fd0 tx=0x7fd220006e40 comp rx=0 tx=0).stop
2024-04-25T14:51:19.026 INFO:teuthology.orchestra.run.smithi094.stdout:/usr/bin/ceph: stderr
2024-04-25T14:51:18.341+0000 7fd238a00700 1 -- 172.21.15.94:0/3190734523 >> [v2:172.21.15.94:3300/0,v1:172.21.15.94:6789/0] conn(0x7fd23407cd30 msgr2=0x7fd23419e6f0 secure :-1 s=STATE_CONNECTION_ESTABLISHED l=1).mark_down
2024-04-25T14:51:19.026 INFO:teuthology.orchestra.run.smithi094.stdout:/usr/bin/ceph: stderr
2024-04-25T14:51:18.341+0000 7fd238a00700 1 --2- 172.21.15.94:0/3190734523 >> [v2:172.21.15.94:3300/0,v1:172.21.15.94:6789/0] conn(0x7fd23407cd30 0x7fd23419e6f0 secure :-1 s=READY pgs=23 cs=0 l=1 rev1=1 crypto rx=0x7fd224011ac0 tx=0x7fd224011ba0 comp rx=0 tx=0).stop
2024-04-25T14:51:19.026 INFO:teuthology.orchestra.run.smithi094.stdout:/usr/bin/ceph: stderr
2024-04-25T14:51:18.341+0000 7fd238a00700 1 -- 172.21.15.94:0/3190734523 shutdown_connections
2024-04-25T14:51:19.026 INFO:teuthology.orchestra.run.smithi094.stdout:/usr/bin/ceph: stderr
2024-04-25T14:51:18.341+0000 7fd238a00700 1 --2- 172.21.15.94:0/3190734523 >> [v2:172.21.15.94:6800/17546499,v1:172.21.15.94:6801/17546499] conn(0x7fd218039560 0x7fd21803ba20 unknown :-1 s=CLOSED pgs=8 cs=0 l=1 rev1=1 crypto rx=0 tx=0 comp rx=0 tx=0).stop
2024-04-25T14:51:19.026 INFO:teuthology.orchestra.run.smithi094.stdout:/usr/bin/ceph: stderr
2024-04-25T14:51:18.341+0000 7fd238a00700 1 --2- 172.21.15.94:0/3190734523 >> [v2:172.21.15.94:3300/0,v1:172.21.15.94:6789/0] conn(0x7fd23407cd30 0x7fd23419e6f0 unknown :-1 s=CLOSED pgs=23 cs=0 l=1 rev1=1 crypto rx=0 tx=0 comp rx=0 tx=0).stop
2024-04-25T14:51:19.026 INFO:teuthology.orchestra.run.smithi094.stdout:/usr/bin/ceph: stderr
2024-04-25T14:51:18.341+0000 7fd238a00700 1 -- 172.21.15.94:0/3190734523 >> 172.21.15.94:0/3190734523 conn(0x7fd234103be0 msgr2=0x7fd234104770 unknown :-1 s=STATE_NONE l=0).mark_down
2024-04-25T14:51:19.026 INFO:teuthology.orchestra.run.smithi094.stdout:/usr/bin/ceph: stderr
2024-04-25T14:51:18.341+0000 7fd238a00700 1 -- 172.21.15.94:0/3190734523 shutdown_connections
2024-04-25T14:51:19.026 INFO:teuthology.orchestra.run.smithi094.stdout:/usr/bin/ceph: stderr
2024-04-25T14:51:18.342+0000 7fd238a00700 1 -- 172.21.15.94:0/3190734523 wait complete.
2024-04-25T14:51:19.311 INFO:journalctl@ceph.mgr.x.smithi094.stdout:Apr 25 14:51:18 smithi094 ceph-f04d929c-0312-11ef-bc93-c7b262605968-mgr-x[28094]:
2024-04-25T14:51:18.995+0000 7f5e4f323200 -1 mgr[py] Module snap_schedule has missing NOTIFY_TYPES member
2024-04-25T14:51:19.638 INFO:journalctl@ceph.mon.a.smithi094.stdout:Apr 25 14:51:19 smithi094 ceph-mon[27862]: from='client.? 172.21.15.94:0/3190734523' entity='client.admin' cmd='[{"prefix": "mgr module enable", "module": "cephadm"}]': finished
2024-04-25T14:51:19.638 INFO:journalctl@ceph.mon.a.smithi094.stdout:Apr 25 14:51:19 smithi094 ceph-mon[27862]: mgrmap e5: x(active, since 5s)
2024-04-25T14:51:19.639 INFO:journalctl@ceph.mgr.x.smithi094.stdout:Apr 25 14:51:19 smithi094 ceph-f04d929c-0312-11ef-bc93-c7b262605968-mgr-x[28094]:
2024-04-25T14:51:19.407+0000 7f5e4f323200 -1 mgr[py] Module progress has missing NOTIFY_TYPES member
2024-04-25T14:51:19.639 INFO:journalctl@ceph.mgr.x.smithi094.stdout:Apr 25 14:51:19 smithi094 ceph-f04d929c-0312-11ef-bc93-c7b262605968-mgr-x[28094]:
2024-04-25T14:51:19.522+0000 7f5e4f323200 -1 mgr[py] Module influx has missing NOTIFY_TYPES member
2024-04-25T14:51:20.606 INFO:journalctl@ceph.mon.a.smithi094.stdout:Apr 25 14:51:20 smithi094 ceph-mon[27862]: from='client.? 172.21.15.94:0/1622683524' entity='client.admin' cmd=[{"prefix": "mgr stat"}]: dispatch
2024-04-25T14:51:20.613 INFO:teuthology.orchestra.run.smithi094.stdout:/usr/bin/ceph: stdout {
2024-04-25T14:51:20.620 INFO:teuthology.orchestra.run.smithi094.stdout:/usr/bin/ceph: stdout "epoch": 5,
2024-04-25T14:51:20.620 INFO:teuthology.orchestra.run.smithi094.stdout:/usr/bin/ceph: stdout "available": true,
2024-04-25T14:51:20.620 INFO:teuthology.orchestra.run.smithi094.stdout:/usr/bin/ceph: stdout "active_name": "x",
2024-04-25T14:51:20.620 INFO:teuthology.orchestra.run.smithi094.stdout:/usr/bin/ceph: stdout "num_standby": 0
2024-04-25T14:51:20.620 INFO:teuthology.orchestra.run.smithi094.stdout:/usr/bin/ceph: stdout }
2024-04-25T14:51:20.620 INFO:teuthology.orchestra.run.smithi094.stdout:/usr/bin/ceph: stderr
2024-04-25T14:51:19.637+0000 7f57d6a00700 1 Processor -- start
2024-04-25T14:51:20.620 INFO:teuthology.orchestra.run.smithi094.stdout:/usr/bin/ceph: stderr
2024-04-25T14:51:19.637+0000 7f57d6a00700 1 -- start start
2024-04-25T14:51:20.620 INFO:teuthology.orchestra.run.smithi094.stdout:/usr/bin/ceph: stderr
2024-04-25T14:51:19.637+0000 7f57d6a00700 1 --2- >> [v2:172.21.15.94:3300/0,v1:172.21.15.94:6789/0] conn(0x7f57d01085c0 0x7f57d01089e0 unknown :-1 s=NONE pgs=0 cs=0 l=0 rev1=0 crypto rx=0 tx=0 comp rx=0 tx=0).connect
2024-04-25T14:51:20.620 INFO:teuthology.orchestra.run.smithi094.stdout:/usr/bin/ceph: stderr
2024-04-25T14:51:19.637+0000 7f57d6a00700 1 -- --> [v2:172.21.15.94:3300/0,v1:172.21.15.94:6789/0] -- mon_getmap magic: 0 -- 0x7f57d0108fb0 con 0x7f57d01085c0
2024-04-25T14:51:20.621 INFO:teuthology.orchestra.run.smithi094.stdout:/usr/bin/ceph: stderr
2024-04-25T14:51:19.638+0000 7f57cfe00700 1 --2- >> [v2:172.21.15.94:3300/0,v1:172.21.15.94:6789/0] conn(0x7f57d01085c0 0x7f57d01089e0 unknown :-1 s=BANNER_CONNECTING pgs=0 cs=0 l=0 rev1=0 crypto rx=0 tx=0 comp rx=0 tx=0)._handle_peer_banner_payload supported=3 required=0
2024-04-25T14:51:20.621 INFO:teuthology.orchestra.run.smithi094.stdout:/usr/bin/ceph: stderr
