2024-04-25T14:51:51.222+0000 7ff29b400700 1 --2- >> [v2:172.21.15.94:3300/0,v1:172.21.15.94:6789/0] conn(0x7ff29c1090a0 0x7ff29c10b490 unknown :-1 s=BANNER_CONNECTING pgs=0 cs=0 l=0 rev1=0 crypto rx=0 tx=0 comp rx=0 tx=0)._handle_peer_banner_payload supported=3 required=0
2024-04-25T14:51:54.007 INFO:teuthology.orchestra.run.smithi094.stdout:/usr/bin/ceph: stderr
2024-04-25T14:51:51.222+0000 7ff29b400700 1 --2- >> [v2:172.21.15.94:3300/0,v1:172.21.15.94:6789/0] conn(0x7ff29c1090a0 0x7ff29c10b490 unknown :-1 s=HELLO_CONNECTING pgs=0 cs=0 l=0 rev1=1 crypto rx=0 tx=0 comp rx=0 tx=0).handle_hello peer v2:172.21.15.94:3300/0 says I am v2:172.21.15.94:46444/0 (socket says 172.21.15.94:46444)
2024-04-25T14:51:54.007 INFO:teuthology.orchestra.run.smithi094.stdout:/usr/bin/ceph: stderr
2024-04-25T14:51:51.222+0000 7ff29b400700 1 -- 172.21.15.94:0/3715791160 learned_addr learned my addr 172.21.15.94:0/3715791160 (peer_addr_for_me v2:172.21.15.94:0/0)
2024-04-25T14:51:54.007 INFO:teuthology.orchestra.run.smithi094.stdout:/usr/bin/ceph: stderr
2024-04-25T14:51:51.223+0000 7ff29b400700 1 -- 172.21.15.94:0/3715791160 --> [v2:172.21.15.94:3300/0,v1:172.21.15.94:6789/0] -- mon_subscribe({config=0+,monmap=0+}) -- 0x7ff29c10b9d0 con 0x7ff29c1090a0
2024-04-25T14:51:54.007 INFO:teuthology.orchestra.run.smithi094.stdout:/usr/bin/ceph: stderr
2024-04-25T14:51:51.223+0000 7ff29b400700 1 --2- 172.21.15.94:0/3715791160 >> [v2:172.21.15.94:3300/0,v1:172.21.15.94:6789/0] conn(0x7ff29c1090a0 0x7ff29c10b490 secure :-1 s=READY pgs=55 cs=0 l=1 rev1=1 crypto rx=0x7ff28c0098a0 tx=0x7ff28c009bb0 comp rx=0 tx=0).ready entity=mon.0 client_cookie=1fa25da8badceff4 server_cookie=0 in_seq=0 out_seq=0
2024-04-25T14:51:54.007 INFO:teuthology.orchestra.run.smithi094.stdout:/usr/bin/ceph: stderr
2024-04-25T14:51:51.223+0000 7ff29a000700 1 -- 172.21.15.94:0/3715791160 <== mon.0 v2:172.21.15.94:3300/0 1 ==== mon_map magic: 0 ==== 205+0+0 (secure 0 0 0) 0x7ff28c004160 con 0x7ff29c1090a0
2024-04-25T14:51:54.007 INFO:teuthology.orchestra.run.smithi094.stdout:/usr/bin/ceph: stderr
2024-04-25T14:51:51.223+0000 7ff29a000700 1 -- 172.21.15.94:0/3715791160 <== mon.0 v2:172.21.15.94:3300/0 2 ==== config(26 keys) ==== 1101+0+0 (secure 0 0 0) 0x7ff28c004300 con 0x7ff29c1090a0
2024-04-25T14:51:54.007 INFO:teuthology.orchestra.run.smithi094.stdout:/usr/bin/ceph: stderr
2024-04-25T14:51:51.223+0000 7ff29a000700 1 -- 172.21.15.94:0/3715791160 <== mon.0 v2:172.21.15.94:3300/0 3 ==== mon_map magic: 0 ==== 205+0+0 (secure 0 0 0) 0x7ff28c011a20 con 0x7ff29c1090a0
2024-04-25T14:51:54.007 INFO:teuthology.orchestra.run.smithi094.stdout:/usr/bin/ceph: stderr
2024-04-25T14:51:51.224+0000 7ff2a2400700 1 -- 172.21.15.94:0/3715791160 >> [v2:172.21.15.94:3300/0,v1:172.21.15.94:6789/0] conn(0x7ff29c1090a0 msgr2=0x7ff29c10b490 secure :-1 s=STATE_CONNECTION_ESTABLISHED l=1).mark_down
2024-04-25T14:51:54.007 INFO:teuthology.orchestra.run.smithi094.stdout:/usr/bin/ceph: stderr
2024-04-25T14:51:51.224+0000 7ff2a2400700 1 --2- 172.21.15.94:0/3715791160 >> [v2:172.21.15.94:3300/0,v1:172.21.15.94:6789/0] conn(0x7ff29c1090a0 0x7ff29c10b490 secure :-1 s=READY pgs=55 cs=0 l=1 rev1=1 crypto rx=0x7ff28c0098a0 tx=0x7ff28c009bb0 comp rx=0 tx=0).stop
2024-04-25T14:51:54.007 INFO:teuthology.orchestra.run.smithi094.stdout:/usr/bin/ceph: stderr
2024-04-25T14:51:51.224+0000 7ff2a2400700 1 -- 172.21.15.94:0/3715791160 shutdown_connections
2024-04-25T14:51:54.007 INFO:teuthology.orchestra.run.smithi094.stdout:/usr/bin/ceph: stderr
2024-04-25T14:51:51.224+0000 7ff2a2400700 1 --2- 172.21.15.94:0/3715791160 >> [v2:172.21.15.94:3300/0,v1:172.21.15.94:6789/0] conn(0x7ff29c1090a0 0x7ff29c10b490 unknown :-1 s=CLOSED pgs=55 cs=0 l=1 rev1=1 crypto rx=0 tx=0 comp rx=0 tx=0).stop
2024-04-25T14:51:54.007 INFO:teuthology.orchestra.run.smithi094.stdout:/usr/bin/ceph: stderr
2024-04-25T14:51:51.224+0000 7ff2a2400700 1 -- 172.21.15.94:0/3715791160 >> 172.21.15.94:0/3715791160 conn(0x7ff29c102a70 msgr2=0x7ff29c104eb0 unknown :-1 s=STATE_NONE l=0).mark_down
2024-04-25T14:51:54.007 INFO:teuthology.orchestra.run.smithi094.stdout:/usr/bin/ceph: stderr
2024-04-25T14:51:51.224+0000 7ff2a2400700 1 -- 172.21.15.94:0/3715791160 shutdown_connections
2024-04-25T14:51:54.007 INFO:teuthology.orchestra.run.smithi094.stdout:/usr/bin/ceph: stderr
2024-04-25T14:51:51.224+0000 7ff2a2400700 1 -- 172.21.15.94:0/3715791160 wait complete.
2024-04-25T14:51:54.008 INFO:teuthology.orchestra.run.smithi094.stdout:/usr/bin/ceph: stderr
2024-04-25T14:51:51.226+0000 7ff2a2400700 1 Processor -- start
2024-04-25T14:51:54.008 INFO:teuthology.orchestra.run.smithi094.stdout:/usr/bin/ceph: stderr
2024-04-25T14:51:51.226+0000 7ff2a2400700 1 -- start start
2024-04-25T14:51:54.008 INFO:teuthology.orchestra.run.smithi094.stdout:/usr/bin/ceph: stderr
2024-04-25T14:51:51.227+0000 7ff2a2400700 1 --2- >> [v2:172.21.15.94:3300/0,v1:172.21.15.94:6789/0] conn(0x7ff29c1090a0 0x7ff29c19e6c0 unknown :-1 s=NONE pgs=0 cs=0 l=1 rev1=0 crypto rx=0 tx=0 comp rx=0 tx=0).connect
2024-04-25T14:51:54.008 INFO:teuthology.orchestra.run.smithi094.stdout:/usr/bin/ceph: stderr
2024-04-25T14:51:51.227+0000 7ff2a2400700 1 -- --> [v2:172.21.15.94:3300/0,v1:172.21.15.94:6789/0] -- mon_getmap magic: 0 -- 0x7ff29c10c980 con 0x7ff29c1090a0
2024-04-25T14:51:54.008 INFO:teuthology.orchestra.run.smithi094.stdout:/usr/bin/ceph: stderr
2024-04-25T14:51:51.227+0000 7ff29b400700 1 --2- >> [v2:172.21.15.94:3300/0,v1:172.21.15.94:6789/0] conn(0x7ff29c1090a0 0x7ff29c19e6c0 unknown :-1 s=BANNER_CONNECTING pgs=0 cs=0 l=1 rev1=0 crypto rx=0 tx=0 comp rx=0 tx=0)._handle_peer_banner_payload supported=3 required=0
2024-04-25T14:51:54.008 INFO:teuthology.orchestra.run.smithi094.stdout:/usr/bin/ceph: stderr
2024-04-25T14:51:51.227+0000 7ff29b400700 1 --2- >> [v2:172.21.15.94:3300/0,v1:172.21.15.94:6789/0] conn(0x7ff29c1090a0 0x7ff29c19e6c0 unknown :-1 s=HELLO_CONNECTING pgs=0 cs=0 l=1 rev1=1 crypto rx=0 tx=0 comp rx=0 tx=0).handle_hello peer v2:172.21.15.94:3300/0 says I am v2:172.21.15.94:46454/0 (socket says 172.21.15.94:46454)
2024-04-25T14:51:54.008 INFO:teuthology.orchestra.run.smithi094.stdout:/usr/bin/ceph: stderr
2024-04-25T14:51:51.227+0000 7ff29b400700 1 -- 172.21.15.94:0/2325256118 learned_addr learned my addr 172.21.15.94:0/2325256118 (peer_addr_for_me v2:172.21.15.94:0/0)
2024-04-25T14:51:54.008 INFO:teuthology.orchestra.run.smithi094.stdout:/usr/bin/ceph: stderr
2024-04-25T14:51:51.227+0000 7ff29b400700 1 -- 172.21.15.94:0/2325256118 --> [v2:172.21.15.94:3300/0,v1:172.21.15.94:6789/0] -- mon_subscribe({config=0+,monmap=0+}) -- 0x7ff29c19ec00 con 0x7ff29c1090a0
2024-04-25T14:51:54.008 INFO:teuthology.orchestra.run.smithi094.stdout:/usr/bin/ceph: stderr
2024-04-25T14:51:51.227+0000 7ff29b400700 1 --2- 172.21.15.94:0/2325256118 >> [v2:172.21.15.94:3300/0,v1:172.21.15.94:6789/0] conn(0x7ff29c1090a0 0x7ff29c19e6c0 secure :-1 s=READY pgs=56 cs=0 l=1 rev1=1 crypto rx=0x7ff28c0116e0 tx=0x7ff28c011aa0 comp rx=0 tx=0).ready entity=mon.0 client_cookie=0 server_cookie=0 in_seq=0 out_seq=0
2024-04-25T14:51:54.008 INFO:teuthology.orchestra.run.smithi094.stdout:/usr/bin/ceph: stderr
2024-04-25T14:51:51.228+0000 7ff293e00700 1 -- 172.21.15.94:0/2325256118 <== mon.0 v2:172.21.15.94:3300/0 1 ==== mon_map magic: 0 ==== 205+0+0 (secure 0 0 0) 0x7ff28c003b20 con 0x7ff29c1090a0
2024-04-25T14:51:54.008 INFO:teuthology.orchestra.run.smithi094.stdout:/usr/bin/ceph: stderr
2024-04-25T14:51:51.228+0000 7ff293e00700 1 -- 172.21.15.94:0/2325256118 <== mon.0 v2:172.21.15.94:3300/0 2 ==== config(26 keys) ==== 1101+0+0 (secure 0 0 0) 0x7ff28c01b8f0 con 0x7ff29c1090a0
2024-04-25T14:51:54.008 INFO:teuthology.orchestra.run.smithi094.stdout:/usr/bin/ceph: stderr
2024-04-25T14:51:51.228+0000 7ff293e00700 1 -- 172.21.15.94:0/2325256118 <== mon.0 v2:172.21.15.94:3300/0 3 ==== mon_map magic: 0 ==== 205+0+0 (secure 0 0 0) 0x7ff28c0238c0 con 0x7ff29c1090a0
2024-04-25T14:51:54.008 INFO:teuthology.orchestra.run.smithi094.stdout:/usr/bin/ceph: stderr
2024-04-25T14:51:51.228+0000 7ff2a2400700 1 -- 172.21.15.94:0/2325256118 --> [v2:172.21.15.94:3300/0,v1:172.21.15.94:6789/0] -- mon_subscribe({mgrmap=0+}) -- 0x7ff29c19ee90 con 0x7ff29c1090a0
2024-04-25T14:51:54.008 INFO:teuthology.orchestra.run.smithi094.stdout:/usr/bin/ceph: stderr
2024-04-25T14:51:51.228+0000 7ff2a2400700 1 -- 172.21.15.94:0/2325256118 --> [v2:172.21.15.94:3300/0,v1:172.21.15.94:6789/0] -- mon_subscribe({osdmap=0}) -- 0x7ff29c1a1b80 con 0x7ff29c1090a0
2024-04-25T14:51:54.008 INFO:teuthology.orchestra.run.smithi094.stdout:/usr/bin/ceph: stderr
2024-04-25T14:51:51.229+0000 7ff2a2400700 1 -- 172.21.15.94:0/2325256118 --> [v2:172.21.15.94:3300/0,v1:172.21.15.94:6789/0] -- mon_command({"prefix": "get_command_descriptions"} v 0) -- 0x7ff29c0640a0 con 0x7ff29c1090a0
2024-04-25T14:51:54.009 INFO:teuthology.orchestra.run.smithi094.stdout:/usr/bin/ceph: stderr
2024-04-25T14:51:51.229+0000 7ff293e00700 1 -- 172.21.15.94:0/2325256118 <== mon.0 v2:172.21.15.94:3300/0 4 ==== mgrmap(e 8) ==== 46558+0+0 (secure 0 0 0) 0x7ff28c01baa0 con 0x7ff29c1090a0
2024-04-25T14:51:54.009 INFO:teuthology.orchestra.run.smithi094.stdout:/usr/bin/ceph: stderr
2024-04-25T14:51:51.230+0000 7ff293e00700 1 --2- 172.21.15.94:0/2325256118 >> [v2:172.21.15.94:6800/1217751898,v1:172.21.15.94:6801/1217751898] conn(0x7ff2800395b0 0x7ff28003ba70 unknown :-1 s=NONE pgs=0 cs=0 l=1 rev1=0 crypto rx=0 tx=0 comp rx=0 tx=0).connect
2024-04-25T14:51:54.009 INFO:teuthology.orchestra.run.smithi094.stdout:/usr/bin/ceph: stderr
2024-04-25T14:51:51.230+0000 7ff293e00700 1 -- 172.21.15.94:0/2325256118 <== mon.0 v2:172.21.15.94:3300/0 5 ==== osd_map(2..2 src has 1..2) ==== 940+0+0 (secure 0 0 0) 0x7ff28c04dfe0 con 0x7ff29c1090a0
2024-04-25T14:51:54.009 INFO:teuthology.orchestra.run.smithi094.stdout:/usr/bin/ceph: stderr
2024-04-25T14:51:51.230+0000 7ff29aa00700 1 --2- 172.21.15.94:0/2325256118 >> [v2:172.21.15.94:6800/1217751898,v1:172.21.15.94:6801/1217751898] conn(0x7ff2800395b0 0x7ff28003ba70 unknown :-1 s=BANNER_CONNECTING pgs=0 cs=0 l=1 rev1=0 crypto rx=0 tx=0 comp rx=0 tx=0)._handle_peer_banner_payload supported=3 required=0
2024-04-25T14:51:54.009 INFO:teuthology.orchestra.run.smithi094.stdout:/usr/bin/ceph: stderr
2024-04-25T14:51:51.231+0000 7ff29aa00700 1 --2- 172.21.15.94:0/2325256118 >> [v2:172.21.15.94:6800/1217751898,v1:172.21.15.94:6801/1217751898] conn(0x7ff2800395b0 0x7ff28003ba70 secure :-1 s=READY pgs=16 cs=0 l=1 rev1=1 crypto rx=0x7ff288006fd0 tx=0x7ff288006e40 comp rx=0 tx=0).ready entity=mgr.14120 client_cookie=0 server_cookie=0 in_seq=0 out_seq=0
2024-04-25T14:51:54.009 INFO:teuthology.orchestra.run.smithi094.stdout:/usr/bin/ceph: stderr
2024-04-25T14:51:51.235+0000 7ff293e00700 1 -- 172.21.15.94:0/2325256118 <== mon.0 v2:172.21.15.94:3300/0 6 ==== mon_command_ack([{"prefix": "get_command_descriptions"}]=0 v0) ==== 72+0+188370 (secure 0 0 0) 0x7ff28c01f030 con 0x7ff29c1090a0
2024-04-25T14:51:54.009 INFO:teuthology.orchestra.run.smithi094.stdout:/usr/bin/ceph: stderr
2024-04-25T14:51:51.529+0000 7ff2a2400700 1 -- 172.21.15.94:0/2325256118 --> [v2:172.21.15.94:3300/0,v1:172.21.15.94:6789/0] -- mon_command({"prefix": "mgr module enable", "module": "dashboard"} v 0) -- 0x7ff29c1a2080 con 0x7ff29c1090a0
2024-04-25T14:51:54.009 INFO:teuthology.orchestra.run.smithi094.stdout:/usr/bin/ceph: stderr
2024-04-25T14:51:52.438+0000 7ff293e00700 1 -- 172.21.15.94:0/2325256118 <== mon.0 v2:172.21.15.94:3300/0 7 ==== mon_command_ack([{"prefix": "mgr module enable", "module": "dashboard"}]=0 v9) ==== 88+0+0 (secure 0 0 0) 0x7ff28c01a3d0 con 0x7ff29c1090a0
2024-04-25T14:51:54.009 INFO:teuthology.orchestra.run.smithi094.stdout:/usr/bin/ceph: stderr
2024-04-25T14:51:52.444+0000 7ff293e00700 1 -- 172.21.15.94:0/2325256118 <== mon.0 v2:172.21.15.94:3300/0 8 ==== mgrmap(e 9) ==== 46571+0+0 (secure 0 0 0) 0x7ff28c023a60 con 0x7ff29c1090a0
2024-04-25T14:51:54.009 INFO:teuthology.orchestra.run.smithi094.stdout:/usr/bin/ceph: stderr
2024-04-25T14:51:52.444+0000 7ff2a2400700 1 -- 172.21.15.94:0/2325256118 >> [v2:172.21.15.94:6800/1217751898,v1:172.21.15.94:6801/1217751898] conn(0x7ff2800395b0 msgr2=0x7ff28003ba70 secure :-1 s=STATE_CONNECTION_ESTABLISHED l=1).mark_down
2024-04-25T14:51:54.009 INFO:teuthology.orchestra.run.smithi094.stdout:/usr/bin/ceph: stderr
2024-04-25T14:51:52.444+0000 7ff2a2400700 1 --2- 172.21.15.94:0/2325256118 >> [v2:172.21.15.94:6800/1217751898,v1:172.21.15.94:6801/1217751898] conn(0x7ff2800395b0 0x7ff28003ba70 secure :-1 s=READY pgs=16 cs=0 l=1 rev1=1 crypto rx=0x7ff288006fd0 tx=0x7ff288006e40 comp rx=0 tx=0).stop
2024-04-25T14:51:54.009 INFO:teuthology.orchestra.run.smithi094.stdout:/usr/bin/ceph: stderr
2024-04-25T14:51:52.444+0000 7ff2a2400700 1 -- 172.21.15.94:0/2325256118 >> [v2:172.21.15.94:3300/0,v1:172.21.15.94:6789/0] conn(0x7ff29c1090a0 msgr2=0x7ff29c19e6c0 secure :-1 s=STATE_CONNECTION_ESTABLISHED l=1).mark_down
2024-04-25T14:51:54.009 INFO:teuthology.orchestra.run.smithi094.stdout:/usr/bin/ceph: stderr
2024-04-25T14:51:52.444+0000 7ff2a2400700 1 --2- 172.21.15.94:0/2325256118 >> [v2:172.21.15.94:3300/0,v1:172.21.15.94:6789/0] conn(0x7ff29c1090a0 0x7ff29c19e6c0 secure :-1 s=READY pgs=56 cs=0 l=1 rev1=1 crypto rx=0x7ff28c0116e0 tx=0x7ff28c011aa0 comp rx=0 tx=0).stop
2024-04-25T14:51:54.010 INFO:teuthology.orchestra.run.smithi094.stdout:/usr/bin/ceph: stderr
2024-04-25T14:51:52.444+0000 7ff2a2400700 1 -- 172.21.15.94:0/2325256118 shutdown_connections
2024-04-25T14:51:54.010 INFO:teuthology.orchestra.run.smithi094.stdout:/usr/bin/ceph: stderr
2024-04-25T14:51:52.444+0000 7ff2a2400700 1 --2- 172.21.15.94:0/2325256118 >> [v2:172.21.15.94:6800/1217751898,v1:172.21.15.94:6801/1217751898] conn(0x7ff2800395b0 0x7ff28003ba70 unknown :-1 s=CLOSED pgs=16 cs=0 l=1 rev1=1 crypto rx=0 tx=0 comp rx=0 tx=0).stop
2024-04-25T14:51:54.010 INFO:teuthology.orchestra.run.smithi094.stdout:/usr/bin/ceph: stderr
2024-04-25T14:51:52.444+0000 7ff2a2400700 1 --2- 172.21.15.94:0/2325256118 >> [v2:172.21.15.94:3300/0,v1:172.21.15.94:6789/0] conn(0x7ff29c1090a0 0x7ff29c19e6c0 unknown :-1 s=CLOSED pgs=56 cs=0 l=1 rev1=1 crypto rx=0 tx=0 comp rx=0 tx=0).stop
2024-04-25T14:51:54.010 INFO:teuthology.orchestra.run.smithi094.stdout:/usr/bin/ceph: stderr
2024-04-25T14:51:52.444+0000 7ff2a2400700 1 -- 172.21.15.94:0/2325256118 >> 172.21.15.94:0/2325256118 conn(0x7ff29c102a70 msgr2=0x7ff29c1034c0 unknown :-1 s=STATE_NONE l=0).mark_down
2024-04-25T14:51:54.010 INFO:teuthology.orchestra.run.smithi094.stdout:/usr/bin/ceph: stderr
2024-04-25T14:51:52.444+0000 7ff2a2400700 1 -- 172.21.15.94:0/2325256118 shutdown_connections
2024-04-25T14:51:54.010 INFO:teuthology.orchestra.run.smithi094.stdout:/usr/bin/ceph: stderr
2024-04-25T14:51:52.445+0000 7ff2a2400700 1 -- 172.21.15.94:0/2325256118 wait complete.
2024-04-25T14:51:55.185 INFO:journalctl@ceph.mon.a.smithi094.stdout:Apr 25 14:51:54 smithi094 ceph-mon[27862]: from='client.? 172.21.15.94:0/388736900' entity='client.admin' cmd=[{"prefix": "mgr stat"}]: dispatch
2024-04-25T14:51:55.462 INFO:journalctl@ceph.mgr.x.smithi094.stdout:Apr 25 14:51:55 smithi094 ceph-f04d929c-0312-11ef-bc93-c7b262605968-mgr-x[28094]:
2024-04-25T14:51:55.202+0000 7fefcca4f200 -1 mgr[py] Module telegraf has missing NOTIFY_TYPES member
2024-04-25T14:51:55.462 INFO:journalctl@ceph.mgr.x.smithi094.stdout:Apr 25 14:51:55 smithi094 ceph-f04d929c-0312-11ef-bc93-c7b262605968-mgr-x[28094]:
2024-04-25T14:51:55.430+0000 7fefcca4f200 -1 mgr[py] Module osd_support has missing NOTIFY_TYPES member
2024-04-25T14:51:55.572 INFO:teuthology.orchestra.run.smithi094.stdout:/usr/bin/ceph: stdout {
2024-04-25T14:51:55.572 INFO:teuthology.orchestra.run.smithi094.stdout:/usr/bin/ceph: stdout "epoch": 9,
2024-04-25T14:51:55.573 INFO:teuthology.orchestra.run.smithi094.stdout:/usr/bin/ceph: stdout "available": true,
2024-04-25T14:51:55.573 INFO:teuthology.orchestra.run.smithi094.stdout:/usr/bin/ceph: stdout "active_name": "x",
2024-04-25T14:51:55.573 INFO:teuthology.orchestra.run.smithi094.stdout:/usr/bin/ceph: stdout "num_standby": 0
2024-04-25T14:51:55.573 INFO:teuthology.orchestra.run.smithi094.stdout:/usr/bin/ceph: stdout }
2024-04-25T14:51:55.573 INFO:teuthology.orchestra.run.smithi094.stdout:/usr/bin/ceph: stderr
2024-04-25T14:51:54.558+0000 7f47a6a00700 1 Processor -- start
2024-04-25T14:51:55.573 INFO:teuthology.orchestra.run.smithi094.stdout:/usr/bin/ceph: stderr
2024-04-25T14:51:54.558+0000 7f47a6a00700 1 -- start start
2024-04-25T14:51:55.573 INFO:teuthology.orchestra.run.smithi094.stdout:/usr/bin/ceph: stderr
2024-04-25T14:51:54.559+0000 7f47a6a00700 1 --2- >> [v2:172.21.15.94:3300/0,v1:172.21.15.94:6789/0] conn(0x7f47a007cd50 0x7f47a007b1b0 unknown :-1 s=NONE pgs=0 cs=0 l=0 rev1=0 crypto rx=0 tx=0 comp rx=0 tx=0).connect
2024-04-25T14:51:55.573 INFO:teuthology.orchestra.run.smithi094.stdout:/usr/bin/ceph: stderr
2024-04-25T14:51:54.559+0000 7f47a6a00700 1 -- --> [v2:172.21.15.94:3300/0,v1:172.21.15.94:6789/0] -- mon_getmap magic: 0 -- 0x7f47a007b780 con 0x7f47a007cd50
2024-04-25T14:51:55.573 INFO:teuthology.orchestra.run.smithi094.stdout:/usr/bin/ceph: stderr
2024-04-25T14:51:54.559+0000 7f479fe00700 1 --2- >> [v2:172.21.15.94:3300/0,v1:172.21.15.94:6789/0] conn(0x7f47a007cd50 0x7f47a007b1b0 unknown :-1 s=BANNER_CONNECTING pgs=0 cs=0 l=0 rev1=0 crypto rx=0 tx=0 comp rx=0 tx=0)._handle_peer_banner_payload supported=3 required=0
2024-04-25T14:51:55.573 INFO:teuthology.orchestra.run.smithi094.stdout:/usr/bin/ceph: stderr
2024-04-25T14:51:54.559+0000 7f479fe00700 1 --2- >> [v2:172.21.15.94:3300/0,v1:172.21.15.94:6789/0] conn(0x7f47a007cd50 0x7f47a007b1b0 unknown :-1 s=HELLO_CONNECTING pgs=0 cs=0 l=0 rev1=1 crypto rx=0 tx=0 comp rx=0 tx=0).handle_hello peer v2:172.21.15.94:3300/0 says I am v2:172.21.15.94:46482/0 (socket says 172.21.15.94:46482)
2024-04-25T14:51:55.573 INFO:teuthology.orchestra.run.smithi094.stdout:/usr/bin/ceph: stderr
2024-04-25T14:51:54.559+0000 7f479fe00700 1 -- 172.21.15.94:0/3396047835 learned_addr learned my addr 172.21.15.94:0/3396047835 (peer_addr_for_me v2:172.21.15.94:0/0)
2024-04-25T14:51:55.573 INFO:teuthology.orchestra.run.smithi094.stdout:/usr/bin/ceph: stderr
2024-04-25T14:51:54.560+0000 7f479fe00700 1 -- 172.21.15.94:0/3396047835 --> [v2:172.21.15.94:3300/0,v1:172.21.15.94:6789/0] -- mon_subscribe({config=0+,monmap=0+}) -- 0x7f47a007b900 con 0x7f47a007cd50
2024-04-25T14:51:55.573 INFO:teuthology.orchestra.run.smithi094.stdout:/usr/bin/ceph: stderr
2024-04-25T14:51:54.560+0000 7f479fe00700 1 --2- 172.21.15.94:0/3396047835 >> [v2:172.21.15.94:3300/0,v1:172.21.15.94:6789/0] conn(0x7f47a007cd50 0x7f47a007b1b0 secure :-1 s=READY pgs=59 cs=0 l=1 rev1=1 crypto rx=0x7f47900098a0 tx=0x7f4790009bb0 comp rx=0 tx=0).ready entity=mon.0 client_cookie=71291bc3bf190efa server_cookie=0 in_seq=0 out_seq=0
2024-04-25T14:51:55.573 INFO:teuthology.orchestra.run.smithi094.stdout:/usr/bin/ceph: stderr
2024-04-25T14:51:54.560+0000 7f479ea00700 1 -- 172.21.15.94:0/3396047835 <== mon.0 v2:172.21.15.94:3300/0 1 ==== mon_map magic: 0 ==== 205+0+0 (secure 0 0 0) 0x7f4790004160 con 0x7f47a007cd50
2024-04-25T14:51:55.574 INFO:teuthology.orchestra.run.smithi094.stdout:/usr/bin/ceph: stderr
2024-04-25T14:51:54.560+0000 7f479ea00700 1 -- 172.21.15.94:0/3396047835 <== mon.0 v2:172.21.15.94:3300/0 2 ==== config(26 keys) ==== 1101+0+0 (secure 0 0 0) 0x7f4790004300 con 0x7f47a007cd50
2024-04-25T14:51:55.574 INFO:teuthology.orchestra.run.smithi094.stdout:/usr/bin/ceph: stderr
2024-04-25T14:51:54.560+0000 7f479ea00700 1 -- 172.21.15.94:0/3396047835 <== mon.0 v2:172.21.15.94:3300/0 3 ==== mon_map magic: 0 ==== 205+0+0 (secure 0 0 0) 0x7f4790011a20 con 0x7f47a007cd50
2024-04-25T14:51:55.574 INFO:teuthology.orchestra.run.smithi094.stdout:/usr/bin/ceph: stderr
2024-04-25T14:51:54.561+0000 7f47a6a00700 1 -- 172.21.15.94:0/3396047835 >> [v2:172.21.15.94:3300/0,v1:172.21.15.94:6789/0] conn(0x7f47a007cd50 msgr2=0x7f47a007b1b0 secure :-1 s=STATE_CONNECTION_ESTABLISHED l=1).mark_down
2024-04-25T14:51:55.574 INFO:teuthology.orchestra.run.smithi094.stdout:/usr/bin/ceph: stderr
2024-04-25T14:51:54.561+0000 7f47a6a00700 1 --2- 172.21.15.94:0/3396047835 >> [v2:172.21.15.94:3300/0,v1:172.21.15.94:6789/0] conn(0x7f47a007cd50 0x7f47a007b1b0 secure :-1 s=READY pgs=59 cs=0 l=1 rev1=1 crypto rx=0x7f47900098a0 tx=0x7f4790009bb0 comp rx=0 tx=0).stop
2024-04-25T14:51:55.574 INFO:teuthology.orchestra.run.smithi094.stdout:/usr/bin/ceph: stderr
2024-04-25T14:51:54.561+0000 7f47a6a00700 1 -- 172.21.15.94:0/3396047835 shutdown_connections
2024-04-25T14:51:55.574 INFO:teuthology.orchestra.run.smithi094.stdout:/usr/bin/ceph: stderr
2024-04-25T14:51:54.561+0000 7f47a6a00700 1 --2- 172.21.15.94:0/3396047835 >> [v2:172.21.15.94:3300/0,v1:172.21.15.94:6789/0] conn(0x7f47a007cd50 0x7f47a007b1b0 unknown :-1 s=CLOSED pgs=59 cs=0 l=1 rev1=1 crypto rx=0 tx=0 comp rx=0 tx=0).stop
2024-04-25T14:51:55.574 INFO:teuthology.orchestra.run.smithi094.stdout:/usr/bin/ceph: stderr
2024-04-25T14:51:54.561+0000 7f47a6a00700 1 -- 172.21.15.94:0/3396047835 >> 172.21.15.94:0/3396047835 conn(0x7f47a0103be0 msgr2=0x7f47a0106000 unknown :-1 s=STATE_NONE l=0).mark_down
2024-04-25T14:51:55.574 INFO:teuthology.orchestra.run.smithi094.stdout:/usr/bin/ceph: stderr
2024-04-25T14:51:54.561+0000 7f47a6a00700 1 -- 172.21.15.94:0/3396047835 shutdown_connections
2024-04-25T14:51:55.574 INFO:teuthology.orchestra.run.smithi094.stdout:/usr/bin/ceph: stderr
2024-04-25T14:51:54.561+0000 7f47a6a00700 1 -- 172.21.15.94:0/3396047835 wait complete.
2024-04-25T14:51:55.574 INFO:teuthology.orchestra.run.smithi094.stdout:/usr/bin/ceph: stderr
2024-04-25T14:51:54.562+0000 7f47a6a00700 1 Processor -- start
2024-04-25T14:51:55.574 INFO:teuthology.orchestra.run.smithi094.stdout:/usr/bin/ceph: stderr
2024-04-25T14:51:54.562+0000 7f47a6a00700 1 -- start start
2024-04-25T14:51:55.574 INFO:teuthology.orchestra.run.smithi094.stdout:/usr/bin/ceph: stderr
2024-04-25T14:51:54.563+0000 7f47a6a00700 1 --2- >> [v2:172.21.15.94:3300/0,v1:172.21.15.94:6789/0] conn(0x7f47a007cd50 0x7f47a019e6b0 unknown :-1 s=NONE pgs=0 cs=0 l=1 rev1=0 crypto rx=0 tx=0 comp rx=0 tx=0).connect
2024-04-25T14:51:55.574 INFO:teuthology.orchestra.run.smithi094.stdout:/usr/bin/ceph: stderr
2024-04-25T14:51:54.563+0000 7f47a6a00700 1 -- --> [v2:172.21.15.94:3300/0,v1:172.21.15.94:6789/0] -- mon_getmap magic: 0 -- 0x7f47a010ebe0 con 0x7f47a007cd50
2024-04-25T14:51:55.574 INFO:teuthology.orchestra.run.smithi094.stdout:/usr/bin/ceph: stderr
2024-04-25T14:51:54.563+0000 7f479fe00700 1 --2- >> [v2:172.21.15.94:3300/0,v1:172.21.15.94:6789/0] conn(0x7f47a007cd50 0x7f47a019e6b0 unknown :-1 s=BANNER_CONNECTING pgs=0 cs=0 l=1 rev1=0 crypto rx=0 tx=0 comp rx=0 tx=0)._handle_peer_banner_payload supported=3 required=0
2024-04-25T14:51:55.575 INFO:teuthology.orchestra.run.smithi094.stdout:/usr/bin/ceph: stderr
2024-04-25T14:51:54.563+0000 7f479fe00700 1 --2- >> [v2:172.21.15.94:3300/0,v1:172.21.15.94:6789/0] conn(0x7f47a007cd50 0x7f47a019e6b0 unknown :-1 s=HELLO_CONNECTING pgs=0 cs=0 l=1 rev1=1 crypto rx=0 tx=0 comp rx=0 tx=0).handle_hello peer v2:172.21.15.94:3300/0 says I am v2:172.21.15.94:46490/0 (socket says 172.21.15.94:46490)
2024-04-25T14:51:55.575 INFO:teuthology.orchestra.run.smithi094.stdout:/usr/bin/ceph: stderr
2024-04-25T14:51:54.563+0000 7f479fe00700 1 -- 172.21.15.94:0/388736900 learned_addr learned my addr 172.21.15.94:0/388736900 (peer_addr_for_me v2:172.21.15.94:0/0)
2024-04-25T14:51:55.575 INFO:teuthology.orchestra.run.smithi094.stdout:/usr/bin/ceph: stderr
2024-04-25T14:51:54.563+0000 7f479fe00700 1 -- 172.21.15.94:0/388736900 --> [v2:172.21.15.94:3300/0,v1:172.21.15.94:6789/0] -- mon_subscribe({config=0+,monmap=0+}) -- 0x7f47a019ebf0 con 0x7f47a007cd50
2024-04-25T14:51:55.575 INFO:teuthology.orchestra.run.smithi094.stdout:/usr/bin/ceph: stderr
2024-04-25T14:51:54.564+0000 7f479fe00700 1 --2- 172.21.15.94:0/388736900 >> [v2:172.21.15.94:3300/0,v1:172.21.15.94:6789/0] conn(0x7f47a007cd50 0x7f47a019e6b0 secure :-1 s=READY pgs=60 cs=0 l=1 rev1=1 crypto rx=0x7f47900116e0 tx=0x7f4790011aa0 comp rx=0 tx=0).ready entity=mon.0 client_cookie=0 server_cookie=0 in_seq=0 out_seq=0
2024-04-25T14:51:55.575 INFO:teuthology.orchestra.run.smithi094.stdout:/usr/bin/ceph: stderr
2024-04-25T14:51:54.564+0000 7f479cc00700 1 -- 172.21.15.94:0/388736900 <== mon.0 v2:172.21.15.94:3300/0 1 ==== mon_map magic: 0 ==== 205+0+0 (secure 0 0 0) 0x7f4790003b20 con 0x7f47a007cd50
2024-04-25T14:51:55.575 INFO:teuthology.orchestra.run.smithi094.stdout:/usr/bin/ceph: stderr
2024-04-25T14:51:54.564+0000 7f479cc00700 1 -- 172.21.15.94:0/388736900 <== mon.0 v2:172.21.15.94:3300/0 2 ==== config(26 keys) ==== 1101+0+0 (secure 0 0 0) 0x7f479001b8f0 con 0x7f47a007cd50
2024-04-25T14:51:55.575 INFO:teuthology.orchestra.run.smithi094.stdout:/usr/bin/ceph: stderr
2024-04-25T14:51:54.564+0000 7f479cc00700 1 -- 172.21.15.94:0/388736900 <== mon.0 v2:172.21.15.94:3300/0 3 ==== mon_map magic: 0 ==== 205+0+0 (secure 0 0 0) 0x7f47900238c0 con 0x7f47a007cd50
2024-04-25T14:51:55.575 INFO:teuthology.orchestra.run.smithi094.stdout:/usr/bin/ceph: stderr
2024-04-25T14:51:54.564+0000 7f47a6a00700 1 -- 172.21.15.94:0/388736900 --> [v2:172.21.15.94:3300/0,v1:172.21.15.94:6789/0] -- mon_subscribe({mgrmap=0+}) -- 0x7f47a019ee80 con 0x7f47a007cd50
2024-04-25T14:51:55.575 INFO:teuthology.orchestra.run.smithi094.stdout:/usr/bin/ceph: stderr
2024-04-25T14:51:54.564+0000 7f47a6a00700 1 -- 172.21.15.94:0/388736900 --> [v2:172.21.15.94:3300/0,v1:172.21.15.94:6789/0] -- mon_subscribe({osdmap=0}) -- 0x7f47a01a1b20 con 0x7f47a007cd50
2024-04-25T14:51:55.575 INFO:teuthology.orchestra.run.smithi094.stdout:/usr/bin/ceph: stderr
2024-04-25T14:51:54.565+0000 7f479cc00700 1 -- 172.21.15.94:0/388736900 <== mon.0 v2:172.21.15.94:3300/0 4 ==== mgrmap(e 9) ==== 46571+0+0 (secure 0 0 0) 0x7f479001baa0 con 0x7f47a007cd50
2024-04-25T14:51:55.575 INFO:teuthology.orchestra.run.smithi094.stdout:/usr/bin/ceph: stderr
2024-04-25T14:51:54.565+0000 7f47a6a00700 1 -- 172.21.15.94:0/388736900 --> [v2:172.21.15.94:3300/0,v1:172.21.15.94:6789/0] -- mon_command({"prefix": "get_command_descriptions"} v 0) -- 0x7f47a00640a0 con 0x7f47a007cd50
2024-04-25T14:51:55.575 INFO:teuthology.orchestra.run.smithi094.stdout:/usr/bin/ceph: stderr
2024-04-25T14:51:54.566+0000 7f479cc00700 1 --2- 172.21.15.94:0/388736900 >> [v2:172.21.15.94:6800/1217751898,v1:172.21.15.94:6801/1217751898] conn(0x7f4784039610 0x7f478403bad0 unknown :-1 s=NONE pgs=0 cs=0 l=1 rev1=0 crypto rx=0 tx=0 comp rx=0 tx=0).connect
2024-04-25T14:51:55.575 INFO:teuthology.orchestra.run.smithi094.stdout:/usr/bin/ceph: stderr
2024-04-25T14:51:54.566+0000 7f479cc00700 1 -- 172.21.15.94:0/388736900 <== mon.0 v2:172.21.15.94:3300/0 5 ==== osd_map(2..2 src has 1..2) ==== 940+0+0 (secure 0 0 0) 0x7f479004e110 con 0x7f47a007cd50
2024-04-25T14:51:55.576 INFO:teuthology.orchestra.run.smithi094.stdout:/usr/bin/ceph: stderr
2024-04-25T14:51:54.566+0000 7f479f400700 1 -- 172.21.15.94:0/388736900 >> [v2:172.21.15.94:6800/1217751898,v1:172.21.15.94:6801/1217751898] conn(0x7f4784039610 msgr2=0x7f478403bad0 unknown :-1 s=STATE_CONNECTING_RE l=1).process reconnect failed to v2:172.21.15.94:6800/1217751898
2024-04-25T14:51:55.576 INFO:teuthology.orchestra.run.smithi094.stdout:/usr/bin/ceph: stderr
2024-04-25T14:51:54.566+0000 7f479f400700 1 --2- 172.21.15.94:0/388736900 >> [v2:172.21.15.94:6800/1217751898,v1:172.21.15.94:6801/1217751898] conn(0x7f4784039610 0x7f478403bad0 unknown :-1 s=START_CONNECT pgs=0 cs=0 l=1 rev1=0 crypto rx=0 tx=0 comp rx=0 tx=0)._fault waiting 0.200000
2024-04-25T14:51:55.576 INFO:teuthology.orchestra.run.smithi094.stdout:/usr/bin/ceph: stderr
2024-04-25T14:51:54.571+0000 7f479cc00700 1 -- 172.21.15.94:0/388736900 <== mon.0 v2:172.21.15.94:3300/0 6 ==== mon_command_ack([{"prefix": "get_command_descriptions"}]=0 v0) ==== 72+0+188370 (secure 0 0 0) 0x7f479001f030 con 0x7f47a007cd50
2024-04-25T14:51:55.576 INFO:teuthology.orchestra.run.smithi094.stdout:/usr/bin/ceph: stderr
2024-04-25T14:51:54.767+0000 7f479f400700 1 -- 172.21.15.94:0/388736900 >> [v2:172.21.15.94:6800/1217751898,v1:172.21.15.94:6801/1217751898] conn(0x7f4784039610 msgr2=0x7f478403bad0 unknown :-1 s=STATE_CONNECTING_RE l=1).process reconnect failed to v2:172.21.15.94:6800/1217751898
2024-04-25T14:51:55.576 INFO:teuthology.orchestra.run.smithi094.stdout:/usr/bin/ceph: stderr
2024-04-25T14:51:54.767+0000 7f479f400700 1 --2- 172.21.15.94:0/388736900 >> [v2:172.21.15.94:6800/1217751898,v1:172.21.15.94:6801/1217751898] conn(0x7f4784039610 0x7f478403bad0 unknown :-1 s=START_CONNECT pgs=0 cs=0 l=1 rev1=0 crypto rx=0 tx=0 comp rx=0 tx=0)._fault waiting 0.400000
2024-04-25T14:51:55.576 INFO:teuthology.orchestra.run.smithi094.stdout:/usr/bin/ceph: stderr
2024-04-25T14:51:54.853+0000 7f47a6a00700 1 -- 172.21.15.94:0/388736900 --> [v2:172.21.15.94:3300/0,v1:172.21.15.94:6789/0] -- mon_command({"prefix": "mgr stat"} v 0) -- 0x7f47a01a1cf0 con 0x7f47a007cd50
2024-04-25T14:51:55.576 INFO:teuthology.orchestra.run.smithi094.stdout:/usr/bin/ceph: stderr
2024-04-25T14:51:54.854+0000 7f479cc00700 1 -- 172.21.15.94:0/388736900 <== mon.0 v2:172.21.15.94:3300/0 7 ==== mon_command_ack([{"prefix": "mgr stat"}]=0 v9) ==== 56+0+88 (secure 0 0 0) 0x7f479000e260 con 0x7f47a007cd50
2024-04-25T14:51:55.577 INFO:teuthology.orchestra.run.smithi094.stdout:/usr/bin/ceph: stderr
2024-04-25T14:51:54.857+0000 7f47a6a00700 1 -- 172.21.15.94:0/388736900 >> [v2:172.21.15.94:6800/1217751898,v1:172.21.15.94:6801/1217751898] conn(0x7f4784039610 msgr2=0x7f478403bad0 unknown :-1 s=STATE_CONNECTING l=1).mark_down
2024-04-25T14:51:55.577 INFO:teuthology.orchestra.run.smithi094.stdout:/usr/bin/ceph: stderr
2024-04-25T14:51:54.857+0000 7f47a6a00700 1 --2- 172.21.15.94:0/388736900 >> [v2:172.21.15.94:6800/1217751898,v1:172.21.15.94:6801/1217751898] conn(0x7f4784039610 0x7f478403bad0 unknown :-1 s=START_CONNECT pgs=0 cs=0 l=1 rev1=0 crypto rx=0 tx=0 comp rx=0 tx=0).stop
2024-04-25T14:51:55.577 INFO:teuthology.orchestra.run.smithi094.stdout:/usr/bin/ceph: stderr
2024-04-25T14:51:54.857+0000 7f47a6a00700 1 -- 172.21.15.94:0/388736900 >> [v2:172.21.15.94:3300/0,v1:172.21.15.94:6789/0] conn(0x7f47a007cd50 msgr2=0x7f47a019e6b0 secure :-1 s=STATE_CONNECTION_ESTABLISHED l=1).mark_down
2024-04-25T14:51:55.577 INFO:teuthology.orchestra.run.smithi094.stdout:/usr/bin/ceph: stderr
2024-04-25T14:51:54.857+0000 7f47a6a00700 1 --2- 172.21.15.94:0/388736900 >> [v2:172.21.15.94:3300/0,v1:172.21.15.94:6789/0] conn(0x7f47a007cd50 0x7f47a019e6b0 secure :-1 s=READY pgs=60 cs=0 l=1 rev1=1 crypto rx=0x7f47900116e0 tx=0x7f4790011aa0 comp rx=0 tx=0).stop
2024-04-25T14:51:55.577 INFO:teuthology.orchestra.run.smithi094.stdout:/usr/bin/ceph: stderr
2024-04-25T14:51:54.857+0000 7f47a6a00700 1 -- 172.21.15.94:0/388736900 shutdown_connections
2024-04-25T14:51:55.577 INFO:teuthology.orchestra.run.smithi094.stdout:/usr/bin/ceph: stderr
2024-04-25T14:51:54.857+0000 7f47a6a00700 1 --2- 172.21.15.94:0/388736900 >> [v2:172.21.15.94:6800/1217751898,v1:172.21.15.94:6801/1217751898] conn(0x7f4784039610 0x7f478403bad0 unknown :-1 s=CLOSED pgs=0 cs=0 l=1 rev1=0 crypto rx=0 tx=0 comp rx=0 tx=0).stop
2024-04-25T14:51:55.577 INFO:teuthology.orchestra.run.smithi094.stdout:/usr/bin/ceph: stderr
2024-04-25T14:51:54.857+0000 7f47a6a00700 1 --2- 172.21.15.94:0/388736900 >> [v2:172.21.15.94:3300/0,v1:172.21.15.94:6789/0] conn(0x7f47a007cd50 0x7f47a019e6b0 unknown :-1 s=CLOSED pgs=60 cs=0 l=1 rev1=1 crypto rx=0 tx=0 comp rx=0 tx=0).stop
2024-04-25T14:51:55.577 INFO:teuthology.orchestra.run.smithi094.stdout:/usr/bin/ceph: stderr
2024-04-25T14:51:54.857+0000 7f47a6a00700 1 -- 172.21.15.94:0/388736900 >> 172.21.15.94:0/388736900 conn(0x7f47a0103be0 msgr2=0x7f47a0104720 unknown :-1 s=STATE_NONE l=0).mark_down
2024-04-25T14:51:55.577 INFO:teuthology.orchestra.run.smithi094.stdout:/usr/bin/ceph: stderr
2024-04-25T14:51:54.857+0000 7f47a6a00700 1 -- 172.21.15.94:0/388736900 shutdown_connections
2024-04-25T14:51:55.577 INFO:teuthology.orchestra.run.smithi094.stdout:/usr/bin/ceph: stderr
2024-04-25T14:51:54.857+0000 7f47a6a00700 1 -- 172.21.15.94:0/388736900 wait complete.
2024-04-25T14:51:55.577 INFO:teuthology.orchestra.run.smithi094.stdout:Waiting for the mgr to restart...
2024-04-25T14:51:55.577 INFO:teuthology.orchestra.run.smithi094.stdout:Waiting for mgr epoch 9...
2024-04-25T14:51:55.838 INFO:journalctl@ceph.mgr.x.smithi094.stdout:Apr 25 14:51:55 smithi094 ceph-f04d929c-0312-11ef-bc93-c7b262605968-mgr-x[28094]:
2024-04-25T14:51:55.653+0000 7fefcca4f200 -1 mgr[py] Module iostat has missing NOTIFY_TYPES member
2024-04-25T14:51:56.113 INFO:journalctl@ceph.mgr.x.smithi094.stdout:Apr 25 14:51:56 smithi094 ceph-f04d929c-0312-11ef-bc93-c7b262605968-mgr-x[28094]:
2024-04-25T14:51:56.038+0000 7fefcca4f200 -1 mgr[py] Module alerts has missing NOTIFY_TYPES member
2024-04-25T14:51:56.411 INFO:journalctl@ceph.mgr.x.smithi094.stdout:Apr 25 14:51:56 smithi094 ceph-f04d929c-0312-11ef-bc93-c7b262605968-mgr-x[28094]:
2024-04-25T14:51:56.162+0000 7fefcca4f200 -1 mgr[py] Module selftest has missing NOTIFY_TYPES member
2024-04-25T14:51:56.662 INFO:journalctl@ceph.mgr.x.smithi094.stdout:Apr 25 14:51:56 smithi094 ceph-f04d929c-0312-11ef-bc93-c7b262605968-mgr-x[28094]:
2024-04-25T14:51:56.410+0000 7fefcca4f200 -1 mgr[py] Module pg_autoscaler has missing NOTIFY_TYPES member
2024-04-25T14:51:56.662 INFO:journalctl@ceph.mgr.x.smithi094.stdout:Apr 25 14:51:56 smithi094 ceph-f04d929c-0312-11ef-bc93-c7b262605968-mgr-x[28094]:
2024-04-25T14:51:56.660+0000 7fefcca4f200 -1 mgr[py] Module test_orchestrator has missing NOTIFY_TYPES member
2024-04-25T14:51:57.711 INFO:journalctl@ceph.mgr.x.smithi094.stdout:Apr 25 14:51:57 smithi094 ceph-f04d929c-0312-11ef-bc93-c7b262605968-mgr-x[28094]:
2024-04-25T14:51:57.426+0000 7fefcca4f200 -1 mgr[py] Module rook has missing NOTIFY_TYPES member
2024-04-25T14:51:58.354 INFO:journalctl@ceph.mgr.x.smithi094.stdout:Apr 25 14:51:57 smithi094 ceph-f04d929c-0312-11ef-bc93-c7b262605968-mgr-x[28094]:
2024-04-25T14:51:57.967+0000 7fefcca4f200 -1 mgr[py] Module volumes has missing NOTIFY_TYPES member
2024-04-25T14:51:58.354 INFO:journalctl@ceph.mgr.x.smithi094.stdout:Apr 25 14:51:58 smithi094 ceph-f04d929c-0312-11ef-bc93-c7b262605968-mgr-x[28094]:
2024-04-25T14:51:58.091+0000 7fefcca4f200 -1 mgr[py] Module crash has missing NOTIFY_TYPES member
2024-04-25T14:51:58.355 INFO:journalctl@ceph.mgr.x.smithi094.stdout:Apr 25 14:51:58 smithi094 ceph-f04d929c-0312-11ef-bc93-c7b262605968-mgr-x[28094]:
2024-04-25T14:51:58.352+0000 7fefcca4f200 -1 mgr[py] Module rgw has missing NOTIFY_TYPES member
2024-04-25T14:51:59.445 INFO:journalctl@ceph.mgr.x.smithi094.stdout:Apr 25 14:51:58 smithi094 ceph-f04d929c-0312-11ef-bc93-c7b262605968-mgr-x[28094]:
2024-04-25T14:51:58.992+0000 7fefcca4f200 -1 mgr[py] Module prometheus has missing NOTIFY_TYPES member
2024-04-25T14:51:59.445 INFO:journalctl@ceph.mgr.x.smithi094.stdout:Apr 25 14:51:59 smithi094 ceph-f04d929c-0312-11ef-bc93-c7b262605968-mgr-x[28094]:
2024-04-25T14:51:59.115+0000 7fefcca4f200 -1 mgr[py] Module devicehealth has missing NOTIFY_TYPES member
2024-04-25T14:51:59.445 INFO:journalctl@ceph.mgr.x.smithi094.stdout:Apr 25 14:51:59 smithi094 ceph-f04d929c-0312-11ef-bc93-c7b262605968-mgr-x[28094]:
2024-04-25T14:51:59.443+0000 7fefcca4f200 -1 mgr[py] Module telemetry has missing NOTIFY_TYPES member
2024-04-25T14:51:59.712 INFO:journalctl@ceph.mgr.x.smithi094.stdout:Apr 25 14:51:59 smithi094 ceph-f04d929c-0312-11ef-bc93-c7b262605968-mgr-x[28094]:
2024-04-25T14:51:59.619+0000 7fefcca4f200 -1 mgr[py] Module diskprediction_local has missing NOTIFY_TYPES member
2024-04-25T14:52:00.212 INFO:journalctl@ceph.mgr.x.smithi094.stdout:Apr 25 14:51:59 smithi094 ceph-f04d929c-0312-11ef-bc93-c7b262605968-mgr-x[28094]:
2024-04-25T14:51:59.748+0000 7fefcca4f200 -1 mgr[py] Module osd_perf_query has missing NOTIFY_TYPES member
2024-04-25T14:52:00.212 INFO:journalctl@ceph.mgr.x.smithi094.stdout:Apr 25 14:51:59 smithi094 ceph-f04d929c-0312-11ef-bc93-c7b262605968-mgr-x[28094]:
2024-04-25T14:51:59.901+0000 7fefcca4f200 -1 mgr[py] Module rbd_support has missing NOTIFY_TYPES member
2024-04-25T14:52:00.712 INFO:journalctl@ceph.mgr.x.smithi094.stdout:Apr 25 14:52:00 smithi094 ceph-f04d929c-0312-11ef-bc93-c7b262605968-mgr-x[28094]:
2024-04-25T14:52:00.293+0000 7fefcca4f200 -1 mgr[py] Module zabbix has missing NOTIFY_TYPES member
2024-04-25T14:52:01.340 INFO:journalctl@ceph.mgr.x.smithi094.stdout:Apr 25 14:52:01 smithi094 ceph-f04d929c-0312-11ef-bc93-c7b262605968-mgr-x[28094]:
2024-04-25T14:52:01.048+0000 7fefcca4f200 -1 mgr[py] Module status has missing NOTIFY_TYPES member
2024-04-25T14:52:01.711 INFO:journalctl@ceph.mgr.x.smithi094.stdout:Apr 25 14:52:01 smithi094 ceph-f04d929c-0312-11ef-bc93-c7b262605968-mgr-x[28094]:
2024-04-25T14:52:01.339+0000 7fefcca4f200 -1 mgr[py] Module nfs has missing NOTIFY_TYPES member
2024-04-25T14:52:01.712 INFO:journalctl@ceph.mon.a.smithi094.stdout:Apr 25 14:52:01 smithi094 ceph-mon[27862]: Active manager daemon x restarted
2024-04-25T14:52:01.712 INFO:journalctl@ceph.mon.a.smithi094.stdout:Apr 25 14:52:01 smithi094 ceph-mon[27862]: Activating manager daemon x
2024-04-25T14:52:01.712 INFO:journalctl@ceph.mon.a.smithi094.stdout:Apr 25 14:52:01 smithi094 ceph-mon[27862]: osdmap e3: 0 total, 0 up, 0 in
2024-04-25T14:52:01.712 INFO:journalctl@ceph.mon.a.smithi094.stdout:Apr 25 14:52:01 smithi094 ceph-mon[27862]: mgrmap e10: x(active, starting, since 0.00639418s)
2024-04-25T14:52:01.712 INFO:journalctl@ceph.mon.a.smithi094.stdout:Apr 25 14:52:01 smithi094 ceph-mon[27862]: from='mgr.14152 172.21.15.94:0/2533131949' entity='mgr.x' cmd=[{"prefix": "mon metadata", "id": "a"}]: dispatch
2024-04-25T14:52:01.712 INFO:journalctl@ceph.mon.a.smithi094.stdout:Apr 25 14:52:01 smithi094 ceph-mon[27862]: from='mgr.14152 172.21.15.94:0/2533131949' entity='mgr.x' cmd=[{"prefix": "mgr metadata", "who": "x", "id": "x"}]: dispatch
2024-04-25T14:52:01.712 INFO:journalctl@ceph.mon.a.smithi094.stdout:Apr 25 14:52:01 smithi094 ceph-mon[27862]: from='mgr.14152 172.21.15.94:0/2533131949' entity='mgr.x' cmd=[{"prefix": "mds metadata"}]: dispatch
2024-04-25T14:52:01.712 INFO:journalctl@ceph.mon.a.smithi094.stdout:Apr 25 14:52:01 smithi094 ceph-mon[27862]: from='mgr.14152 172.21.15.94:0/2533131949' entity='mgr.x' cmd=[{"prefix": "osd metadata"}]: dispatch
2024-04-25T14:52:01.712 INFO:journalctl@ceph.mon.a.smithi094.stdout:Apr 25 14:52:01 smithi094 ceph-mon[27862]: from='mgr.14152 172.21.15.94:0/2533131949' entity='mgr.x' cmd=[{"prefix": "mon metadata"}]: dispatch
2024-04-25T14:52:01.712 INFO:journalctl@ceph.mon.a.smithi094.stdout:Apr 25 14:52:01 smithi094 ceph-mon[27862]: Manager daemon x is now available
2024-04-25T14:52:02.677 INFO:journalctl@ceph.mon.a.smithi094.stdout:Apr 25 14:52:02 smithi094 ceph-mon[27862]: from='mgr.14152 172.21.15.94:0/2533131949' entity='mgr.x' cmd=[{"prefix": "config dump", "format": "json"}]: dispatch
2024-04-25T14:52:02.677 INFO:journalctl@ceph.mon.a.smithi094.stdout:Apr 25 14:52:02 smithi094 ceph-mon[27862]: from='mgr.14152 172.21.15.94:0/2533131949' entity='mgr.x' cmd=[{"prefix":"config rm","who":"mgr","name":"mgr/rbd_support/x/mirror_snapshot_schedule"}]: dispatch
2024-04-25T14:52:02.677 INFO:journalctl@ceph.mon.a.smithi094.stdout:Apr 25 14:52:02 smithi094 ceph-mon[27862]: from='mgr.14152 172.21.15.94:0/2533131949' entity='mgr.x' cmd=[{"prefix":"config rm","who":"mgr","name":"mgr/rbd_support/x/trash_purge_schedule"}]: dispatch
2024-04-25T14:52:02.677 INFO:journalctl@ceph.mon.a.smithi094.stdout:Apr 25 14:52:02 smithi094 ceph-mon[27862]: mgrmap e11: x(active, since 1.0095s)
2024-04-25T14:52:03.181 INFO:teuthology.orchestra.run.smithi094.stdout:/usr/bin/ceph: stdout {
2024-04-25T14:52:03.181 INFO:teuthology.orchestra.run.smithi094.stdout:/usr/bin/ceph: stdout "mgrmap_epoch": 11,
2024-04-25T14:52:03.181 INFO:teuthology.orchestra.run.smithi094.stdout:/usr/bin/ceph: stdout "initialized": true
2024-04-25T14:52:03.182 INFO:teuthology.orchestra.run.smithi094.stdout:/usr/bin/ceph: stdout }
2024-04-25T14:52:03.182 INFO:teuthology.orchestra.run.smithi094.stdout:/usr/bin/ceph: stderr
2024-04-25T14:51:56.112+0000 7feb26600700 1 Processor -- start
2024-04-25T14:52:03.182 INFO:teuthology.orchestra.run.smithi094.stdout:/usr/bin/ceph: stderr
2024-04-25T14:51:56.112+0000 7feb26600700 1 -- start start
2024-04-25T14:52:03.182 INFO:teuthology.orchestra.run.smithi094.stdout:/usr/bin/ceph: stderr
2024-04-25T14:51:56.113+0000 7feb26600700 1 --2- >> [v2:172.21.15.94:3300/0,v1:172.21.15.94:6789/0] conn(0x7feb201085c0 0x7feb201089e0 unknown :-1 s=NONE pgs=0 cs=0 l=0 rev1=0 crypto rx=0 tx=0 comp rx=0 tx=0).connect
2024-04-25T14:52:03.182 INFO:teuthology.orchestra.run.smithi094.stdout:/usr/bin/ceph: stderr
2024-04-25T14:51:56.113+0000 7feb26600700 1 -- --> [v2:172.21.15.94:3300/0,v1:172.21.15.94:6789/0] -- mon_getmap magic: 0 -- 0x7feb20108fb0 con 0x7feb201085c0
2024-04-25T14:52:03.182 INFO:teuthology.orchestra.run.smithi094.stdout:/usr/bin/ceph: stderr
2024-04-25T14:51:56.113+0000 7feb1f400700 1 --2- >> [v2:172.21.15.94:3300/0,v1:172.21.15.94:6789/0] conn(0x7feb201085c0 0x7feb201089e0 unknown :-1 s=BANNER_CONNECTING pgs=0 cs=0 l=0 rev1=0 crypto rx=0 tx=0 comp rx=0 tx=0)._handle_peer_banner_payload supported=3 required=0
2024-04-25T14:52:03.182 INFO:teuthology.orchestra.run.smithi094.stdout:/usr/bin/ceph: stderr
2024-04-25T14:51:56.113+0000 7feb1f400700 1 --2- >> [v2:172.21.15.94:3300/0,v1:172.21.15.94:6789/0] conn(0x7feb201085c0 0x7feb201089e0 unknown :-1 s=HELLO_CONNECTING pgs=0 cs=0 l=0 rev1=1 crypto rx=0 tx=0 comp rx=0 tx=0).handle_hello peer v2:172.21.15.94:3300/0 says I am v2:172.21.15.94:46500/0 (socket says 172.21.15.94:46500)
2024-04-25T14:52:03.182 INFO:teuthology.orchestra.run.smithi094.stdout:/usr/bin/ceph: stderr
2024-04-25T14:51:56.113+0000 7feb1f400700 1 -- 172.21.15.94:0/192048153 learned_addr learned my addr 172.21.15.94:0/192048153 (peer_addr_for_me v2:172.21.15.94:0/0)
2024-04-25T14:52:03.182 INFO:teuthology.orchestra.run.smithi094.stdout:/usr/bin/ceph: stderr
2024-04-25T14:51:56.113+0000 7feb1f400700 1 -- 172.21.15.94:0/192048153 --> [v2:172.21.15.94:3300/0,v1:172.21.15.94:6789/0] -- mon_subscribe({config=0+,monmap=0+}) -- 0x7feb201097c0 con 0x7feb201085c0
2024-04-25T14:52:03.182 INFO:teuthology.orchestra.run.smithi094.stdout:/usr/bin/ceph: stderr
2024-04-25T14:51:56.114+0000 7feb1f400700 1 --2- 172.21.15.94:0/192048153 >> [v2:172.21.15.94:3300/0,v1:172.21.15.94:6789/0] conn(0x7feb201085c0 0x7feb201089e0 secure :-1 s=READY pgs=61 cs=0 l=1 rev1=1 crypto rx=0x7feb100098a0 tx=0x7feb10009bb0 comp rx=0 tx=0).ready entity=mon.0 client_cookie=5daee75694f1cad8 server_cookie=0 in_seq=0 out_seq=0
2024-04-25T14:52:03.182 INFO:teuthology.orchestra.run.smithi094.stdout:/usr/bin/ceph: stderr
2024-04-25T14:51:56.114+0000 7feb1ea00700 1 -- 172.21.15.94:0/192048153 <== mon.0 v2:172.21.15.94:3300/0 1 ==== mon_map magic: 0 ==== 205+0+0 (secure 0 0 0) 0x7feb10004160 con 0x7feb201085c0
2024-04-25T14:52:03.182 INFO:teuthology.orchestra.run.smithi094.stdout:/usr/bin/ceph: stderr
2024-04-25T14:51:56.114+0000 7feb1ea00700 1 -- 172.21.15.94:0/192048153 <== mon.0 v2:172.21.15.94:3300/0 2 ==== config(26 keys) ==== 1101+0+0 (secure 0 0 0) 0x7feb10004300 con 0x7feb201085c0
2024-04-25T14:52:03.182 INFO:teuthology.orchestra.run.smithi094.stdout:/usr/bin/ceph: stderr
2024-04-25T14:51:56.114+0000 7feb1ea00700 1 -- 172.21.15.94:0/192048153 <== mon.0 v2:172.21.15.94:3300/0 3 ==== mon_map magic: 0 ==== 205+0+0 (secure 0 0 0) 0x7feb10011a20 con 0x7feb201085c0
2024-04-25T14:52:03.182 INFO:teuthology.orchestra.run.smithi094.stdout:/usr/bin/ceph: stderr
2024-04-25T14:51:56.115+0000 7feb26600700 1 -- 172.21.15.94:0/192048153 >> [v2:172.21.15.94:3300/0,v1:172.21.15.94:6789/0] conn(0x7feb201085c0 msgr2=0x7feb201089e0 secure :-1 s=STATE_CONNECTION_ESTABLISHED l=1).mark_down
2024-04-25T14:52:03.183 INFO:teuthology.orchestra.run.smithi094.stdout:/usr/bin/ceph: stderr
2024-04-25T14:51:56.115+0000 7feb26600700 1 --2- 172.21.15.94:0/192048153 >> [v2:172.21.15.94:3300/0,v1:172.21.15.94:6789/0] conn(0x7feb201085c0 0x7feb201089e0 secure :-1 s=READY pgs=61 cs=0 l=1 rev1=1 crypto rx=0x7feb100098a0 tx=0x7feb10009bb0 comp rx=0 tx=0).stop
2024-04-25T14:52:03.183 INFO:teuthology.orchestra.run.smithi094.stdout:/usr/bin/ceph: stderr
2024-04-25T14:51:56.115+0000 7feb26600700 1 -- 172.21.15.94:0/192048153 shutdown_connections
2024-04-25T14:52:03.183 INFO:teuthology.orchestra.run.smithi094.stdout:/usr/bin/ceph: stderr
2024-04-25T14:51:56.115+0000 7feb26600700 1 --2- 172.21.15.94:0/192048153 >> [v2:172.21.15.94:3300/0,v1:172.21.15.94:6789/0] conn(0x7feb201085c0 0x7feb201089e0 unknown :-1 s=CLOSED pgs=61 cs=0 l=1 rev1=1 crypto rx=0 tx=0 comp rx=0 tx=0).stop
2024-04-25T14:52:03.183 INFO:teuthology.orchestra.run.smithi094.stdout:/usr/bin/ceph: stderr
2024-04-25T14:51:56.115+0000 7feb26600700 1 -- 172.21.15.94:0/192048153 >> 172.21.15.94:0/192048153 conn(0x7feb20103be0 msgr2=0x7feb20106000 unknown :-1 s=STATE_NONE l=0).mark_down
2024-04-25T14:52:03.183 INFO:teuthology.orchestra.run.smithi094.stdout:/usr/bin/ceph: stderr
2024-04-25T14:51:56.115+0000 7feb26600700 1 -- 172.21.15.94:0/192048153 shutdown_connections
2024-04-25T14:52:03.183 INFO:teuthology.orchestra.run.smithi094.stdout:/usr/bin/ceph: stderr
2024-04-25T14:51:56.115+0000 7feb26600700 1 -- 172.21.15.94:0/192048153 wait complete.
2024-04-25T14:52:03.183 INFO:teuthology.orchestra.run.smithi094.stdout:/usr/bin/ceph: stderr
2024-04-25T14:51:56.116+0000 7feb26600700 1 Processor -- start
2024-04-25T14:52:03.183 INFO:teuthology.orchestra.run.smithi094.stdout:/usr/bin/ceph: stderr
2024-04-25T14:51:56.116+0000 7feb26600700 1 -- start start
2024-04-25T14:52:03.183 INFO:teuthology.orchestra.run.smithi094.stdout:/usr/bin/ceph: stderr
2024-04-25T14:51:56.117+0000 7feb26600700 1 --2- >> [v2:172.21.15.94:3300/0,v1:172.21.15.94:6789/0] conn(0x7feb201085c0 0x7feb2007ca40 unknown :-1 s=NONE pgs=0 cs=0 l=1 rev1=0 crypto rx=0 tx=0 comp rx=0 tx=0).connect
2024-04-25T14:52:03.183 INFO:teuthology.orchestra.run.smithi094.stdout:/usr/bin/ceph: stderr
2024-04-25T14:51:56.117+0000 7feb26600700 1 -- --> [v2:172.21.15.94:3300/0,v1:172.21.15.94:6789/0] -- mon_getmap magic: 0 -- 0x7feb2010cb70 con 0x7feb201085c0
2024-04-25T14:52:03.183 INFO:teuthology.orchestra.run.smithi094.stdout:/usr/bin/ceph: stderr
2024-04-25T14:51:56.117+0000 7feb1f400700 1 --2- >> [v2:172.21.15.94:3300/0,v1:172.21.15.94:6789/0] conn(0x7feb201085c0 0x7feb2007ca40 unknown :-1 s=BANNER_CONNECTING pgs=0 cs=0 l=1 rev1=0 crypto rx=0 tx=0 comp rx=0 tx=0)._handle_peer_banner_payload supported=3 required=0
2024-04-25T14:52:03.183 INFO:teuthology.orchestra.run.smithi094.stdout:/usr/bin/ceph: stderr
2024-04-25T14:51:56.117+0000 7feb1f400700 1 --2- >> [v2:172.21.15.94:3300/0,v1:172.21.15.94:6789/0] conn(0x7feb201085c0 0x7feb2007ca40 unknown :-1 s=HELLO_CONNECTING pgs=0 cs=0 l=1 rev1=1 crypto rx=0 tx=0 comp rx=0 tx=0).handle_hello peer v2:172.21.15.94:3300/0 says I am v2:172.21.15.94:46516/0 (socket says 172.21.15.94:46516)
2024-04-25T14:52:03.183 INFO:teuthology.orchestra.run.smithi094.stdout:/usr/bin/ceph: stderr
2024-04-25T14:51:56.117+0000 7feb1f400700 1 -- 172.21.15.94:0/2127928891 learned_addr learned my addr 172.21.15.94:0/2127928891 (peer_addr_for_me v2:172.21.15.94:0/0)
2024-04-25T14:52:03.183 INFO:teuthology.orchestra.run.smithi094.stdout:/usr/bin/ceph: stderr
2024-04-25T14:51:56.117+0000 7feb1f400700 1 -- 172.21.15.94:0/2127928891 --> [v2:172.21.15.94:3300/0,v1:172.21.15.94:6789/0] -- mon_subscribe({config=0+,monmap=0+}) -- 0x7feb2007cf80 con 0x7feb201085c0
2024-04-25T14:52:03.183 INFO:teuthology.orchestra.run.smithi094.stdout:/usr/bin/ceph: stderr
2024-04-25T14:51:56.118+0000 7feb1f400700 1 --2- 172.21.15.94:0/2127928891 >> [v2:172.21.15.94:3300/0,v1:172.21.15.94:6789/0] conn(0x7feb201085c0 0x7feb2007ca40 secure :-1 s=READY pgs=62 cs=0 l=1 rev1=1 crypto rx=0x7feb10000c00 tx=0x7feb10011aa0 comp rx=0 tx=0).ready entity=mon.0 client_cookie=0 server_cookie=0 in_seq=0 out_seq=0
2024-04-25T14:52:03.184 INFO:teuthology.orchestra.run.smithi094.stdout:/usr/bin/ceph: stderr
2024-04-25T14:51:56.118+0000 7feb1cc00700 1 -- 172.21.15.94:0/2127928891 <== mon.0 v2:172.21.15.94:3300/0 1 ==== mon_map magic: 0 ==== 205+0+0 (secure 0 0 0) 0x7feb10003aa0 con 0x7feb201085c0
2024-04-25T14:52:03.184 INFO:teuthology.orchestra.run.smithi094.stdout:/usr/bin/ceph: stderr
2024-04-25T14:51:56.118+0000 7feb1cc00700 1 -- 172.21.15.94:0/2127928891 <== mon.0 v2:172.21.15.94:3300/0 2 ==== config(26 keys) ==== 1101+0+0 (secure 0 0 0) 0x7feb1001b8f0 con 0x7feb201085c0
2024-04-25T14:52:03.184 INFO:teuthology.orchestra.run.smithi094.stdout:/usr/bin/ceph: stderr
2024-04-25T14:51:56.118+0000 7feb26600700 1 -- 172.21.15.94:0/2127928891 --> [v2:172.21.15.94:3300/0,v1:172.21.15.94:6789/0] -- mon_subscribe({mgrmap=0+}) -- 0x7feb2007b170 con 0x7feb201085c0
2024-04-25T14:52:03.184 INFO:teuthology.orchestra.run.smithi094.stdout:/usr/bin/ceph: stderr
2024-04-25T14:51:56.118+0000 7feb1cc00700 1 -- 172.21.15.94:0/2127928891 <== mon.0 v2:172.21.15.94:3300/0 3 ==== mon_map magic: 0 ==== 205+0+0 (secure 0 0 0) 0x7feb10023890 con 0x7feb201085c0
2024-04-25T14:52:03.184 INFO:teuthology.orchestra.run.smithi094.stdout:/usr/bin/ceph: stderr
2024-04-25T14:51:56.118+0000 7feb26600700 1 -- 172.21.15.94:0/2127928891 --> [v2:172.21.15.94:3300/0,v1:172.21.15.94:6789/0] -- mon_subscribe({osdmap=0}) -- 0x7feb2007b6b0 con 0x7feb201085c0
2024-04-25T14:52:03.184 INFO:teuthology.orchestra.run.smithi094.stdout:/usr/bin/ceph: stderr
2024-04-25T14:51:56.119+0000 7feb1cc00700 1 -- 172.21.15.94:0/2127928891 <== mon.0 v2:172.21.15.94:3300/0 4 ==== mgrmap(e 9) ==== 46571+0+0 (secure 0 0 0) 0x7feb1002c3f0 con 0x7feb201085c0
2024-04-25T14:52:03.184 INFO:teuthology.orchestra.run.smithi094.stdout:/usr/bin/ceph: stderr
2024-04-25T14:51:56.120+0000 7feb1cc00700 1 --2- 172.21.15.94:0/2127928891 >> [v2:172.21.15.94:6800/1217751898,v1:172.21.15.94:6801/1217751898] conn(0x7feb04039660 0x7feb0403bb20 unknown :-1 s=NONE pgs=0 cs=0 l=1 rev1=0 crypto rx=0 tx=0 comp rx=0 tx=0).connect
