2024-04-25T14:53:13.520 INFO:teuthology.orchestra.run.smithi019.stdout:/usr/bin/ceph: stdout "active_name": "x",
2024-04-25T14:53:13.520 INFO:teuthology.orchestra.run.smithi019.stdout:/usr/bin/ceph: stdout "num_standby": 0
2024-04-25T14:53:13.520 INFO:teuthology.orchestra.run.smithi019.stdout:/usr/bin/ceph: stdout }
2024-04-25T14:53:13.525 INFO:teuthology.orchestra.run.smithi019.stdout:/usr/bin/ceph: stderr
2024-04-25T14:53:12.474+0000 7fdc9ea00700 1 Processor -- start
2024-04-25T14:53:13.526 INFO:teuthology.orchestra.run.smithi019.stdout:/usr/bin/ceph: stderr
2024-04-25T14:53:12.475+0000 7fdc9ea00700 1 -- start start
2024-04-25T14:53:13.526 INFO:teuthology.orchestra.run.smithi019.stdout:/usr/bin/ceph: stderr
2024-04-25T14:53:12.475+0000 7fdc9ea00700 1 --2- >> [v2:172.21.15.19:3300/0,v1:172.21.15.19:6789/0] conn(0x7fdc9807cd90 0x7fdc9807b1f0 unknown :-1 s=NONE pgs=0 cs=0 l=0 rev1=0 crypto rx=0 tx=0 comp rx=0 tx=0).connect
2024-04-25T14:53:13.526 INFO:teuthology.orchestra.run.smithi019.stdout:/usr/bin/ceph: stderr
2024-04-25T14:53:12.475+0000 7fdc9ea00700 1 -- --> [v2:172.21.15.19:3300/0,v1:172.21.15.19:6789/0] -- mon_getmap magic: 0 -- 0x7fdc9807b7c0 con 0x7fdc9807cd90
2024-04-25T14:53:13.526 INFO:teuthology.orchestra.run.smithi019.stdout:/usr/bin/ceph: stderr
2024-04-25T14:53:12.476+0000 7fdc97e00700 1 --2- >> [v2:172.21.15.19:3300/0,v1:172.21.15.19:6789/0] conn(0x7fdc9807cd90 0x7fdc9807b1f0 unknown :-1 s=BANNER_CONNECTING pgs=0 cs=0 l=0 rev1=0 crypto rx=0 tx=0 comp rx=0 tx=0)._handle_peer_banner_payload supported=3 required=0
2024-04-25T14:53:13.526 INFO:teuthology.orchestra.run.smithi019.stdout:/usr/bin/ceph: stderr
2024-04-25T14:53:12.476+0000 7fdc97e00700 1 --2- >> [v2:172.21.15.19:3300/0,v1:172.21.15.19:6789/0] conn(0x7fdc9807cd90 0x7fdc9807b1f0 unknown :-1 s=HELLO_CONNECTING pgs=0 cs=0 l=0 rev1=1 crypto rx=0 tx=0 comp rx=0 tx=0).handle_hello peer v2:172.21.15.19:3300/0 says I am v2:172.21.15.19:33888/0 (socket says 172.21.15.19:33888)
2024-04-25T14:53:13.526 INFO:teuthology.orchestra.run.smithi019.stdout:/usr/bin/ceph: stderr
2024-04-25T14:53:12.476+0000 7fdc97e00700 1 -- 172.21.15.19:0/2961242491 learned_addr learned my addr 172.21.15.19:0/2961242491 (peer_addr_for_me v2:172.21.15.19:0/0)
2024-04-25T14:53:13.526 INFO:teuthology.orchestra.run.smithi019.stdout:/usr/bin/ceph: stderr
2024-04-25T14:53:12.476+0000 7fdc97e00700 1 -- 172.21.15.19:0/2961242491 --> [v2:172.21.15.19:3300/0,v1:172.21.15.19:6789/0] -- mon_subscribe({config=0+,monmap=0+}) -- 0x7fdc9807b940 con 0x7fdc9807cd90
2024-04-25T14:53:13.526 INFO:teuthology.orchestra.run.smithi019.stdout:/usr/bin/ceph: stderr
2024-04-25T14:53:12.476+0000 7fdc97e00700 1 --2- 172.21.15.19:0/2961242491 >> [v2:172.21.15.19:3300/0,v1:172.21.15.19:6789/0] conn(0x7fdc9807cd90 0x7fdc9807b1f0 secure :-1 s=READY pgs=26 cs=0 l=1 rev1=1 crypto rx=0x7fdc880098a0 tx=0x7fdc88009bb0 comp rx=0 tx=0).ready entity=mon.0 client_cookie=48142400243fb888 server_cookie=0 in_seq=0 out_seq=0
2024-04-25T14:53:13.526 INFO:teuthology.orchestra.run.smithi019.stdout:/usr/bin/ceph: stderr
2024-04-25T14:53:12.477+0000 7fdc96a00700 1 -- 172.21.15.19:0/2961242491 <== mon.0 v2:172.21.15.19:3300/0 1 ==== mon_map magic: 0 ==== 205+0+0 (secure 0 0 0) 0x7fdc88004160 con 0x7fdc9807cd90
2024-04-25T14:53:13.526 INFO:teuthology.orchestra.run.smithi019.stdout:/usr/bin/ceph: stderr
2024-04-25T14:53:12.477+0000 7fdc96a00700 1 -- 172.21.15.19:0/2961242491 <== mon.0 v2:172.21.15.19:3300/0 2 ==== config(26 keys) ==== 1070+0+0 (secure 0 0 0) 0x7fdc88004300 con 0x7fdc9807cd90
2024-04-25T14:53:13.526 INFO:teuthology.orchestra.run.smithi019.stdout:/usr/bin/ceph: stderr
2024-04-25T14:53:12.477+0000 7fdc96a00700 1 -- 172.21.15.19:0/2961242491 <== mon.0 v2:172.21.15.19:3300/0 3 ==== mon_map magic: 0 ==== 205+0+0 (secure 0 0 0) 0x7fdc88011af0 con 0x7fdc9807cd90
2024-04-25T14:53:13.526 INFO:teuthology.orchestra.run.smithi019.stdout:/usr/bin/ceph: stderr
2024-04-25T14:53:12.477+0000 7fdc9ea00700 1 -- 172.21.15.19:0/2961242491 >> [v2:172.21.15.19:3300/0,v1:172.21.15.19:6789/0] conn(0x7fdc9807cd90 msgr2=0x7fdc9807b1f0 secure :-1 s=STATE_CONNECTION_ESTABLISHED l=1).mark_down
2024-04-25T14:53:13.527 INFO:teuthology.orchestra.run.smithi019.stdout:/usr/bin/ceph: stderr
2024-04-25T14:53:12.477+0000 7fdc9ea00700 1 --2- 172.21.15.19:0/2961242491 >> [v2:172.21.15.19:3300/0,v1:172.21.15.19:6789/0] conn(0x7fdc9807cd90 0x7fdc9807b1f0 secure :-1 s=READY pgs=26 cs=0 l=1 rev1=1 crypto rx=0x7fdc880098a0 tx=0x7fdc88009bb0 comp rx=0 tx=0).stop
2024-04-25T14:53:13.527 INFO:teuthology.orchestra.run.smithi019.stdout:/usr/bin/ceph: stderr
2024-04-25T14:53:12.478+0000 7fdc9ea00700 1 -- 172.21.15.19:0/2961242491 shutdown_connections
2024-04-25T14:53:13.527 INFO:teuthology.orchestra.run.smithi019.stdout:/usr/bin/ceph: stderr
2024-04-25T14:53:12.478+0000 7fdc9ea00700 1 --2- 172.21.15.19:0/2961242491 >> [v2:172.21.15.19:3300/0,v1:172.21.15.19:6789/0] conn(0x7fdc9807cd90 0x7fdc9807b1f0 unknown :-1 s=CLOSED pgs=26 cs=0 l=1 rev1=1 crypto rx=0 tx=0 comp rx=0 tx=0).stop
2024-04-25T14:53:13.527 INFO:teuthology.orchestra.run.smithi019.stdout:/usr/bin/ceph: stderr
2024-04-25T14:53:12.478+0000 7fdc9ea00700 1 -- 172.21.15.19:0/2961242491 >> 172.21.15.19:0/2961242491 conn(0x7fdc98103be0 msgr2=0x7fdc98106000 unknown :-1 s=STATE_NONE l=0).mark_down
2024-04-25T14:53:13.527 INFO:teuthology.orchestra.run.smithi019.stdout:/usr/bin/ceph: stderr
2024-04-25T14:53:12.478+0000 7fdc9ea00700 1 -- 172.21.15.19:0/2961242491 shutdown_connections
2024-04-25T14:53:13.527 INFO:teuthology.orchestra.run.smithi019.stdout:/usr/bin/ceph: stderr
2024-04-25T14:53:12.478+0000 7fdc9ea00700 1 -- 172.21.15.19:0/2961242491 wait complete.
2024-04-25T14:53:13.527 INFO:teuthology.orchestra.run.smithi019.stdout:/usr/bin/ceph: stderr
2024-04-25T14:53:12.479+0000 7fdc9ea00700 1 Processor -- start
2024-04-25T14:53:13.527 INFO:teuthology.orchestra.run.smithi019.stdout:/usr/bin/ceph: stderr
2024-04-25T14:53:12.479+0000 7fdc9ea00700 1 -- start start
2024-04-25T14:53:13.527 INFO:teuthology.orchestra.run.smithi019.stdout:/usr/bin/ceph: stderr
2024-04-25T14:53:12.479+0000 7fdc9ea00700 1 --2- >> [v2:172.21.15.19:3300/0,v1:172.21.15.19:6789/0] conn(0x7fdc9807cd90 0x7fdc9819e710 unknown :-1 s=NONE pgs=0 cs=0 l=1 rev1=0 crypto rx=0 tx=0 comp rx=0 tx=0).connect
2024-04-25T14:53:13.527 INFO:teuthology.orchestra.run.smithi019.stdout:/usr/bin/ceph: stderr
2024-04-25T14:53:12.479+0000 7fdc9ea00700 1 -- --> [v2:172.21.15.19:3300/0,v1:172.21.15.19:6789/0] -- mon_getmap magic: 0 -- 0x7fdc9810eaf0 con 0x7fdc9807cd90
2024-04-25T14:53:13.527 INFO:teuthology.orchestra.run.smithi019.stdout:/usr/bin/ceph: stderr
2024-04-25T14:53:12.480+0000 7fdc97e00700 1 --2- >> [v2:172.21.15.19:3300/0,v1:172.21.15.19:6789/0] conn(0x7fdc9807cd90 0x7fdc9819e710 unknown :-1 s=BANNER_CONNECTING pgs=0 cs=0 l=1 rev1=0 crypto rx=0 tx=0 comp rx=0 tx=0)._handle_peer_banner_payload supported=3 required=0
2024-04-25T14:53:13.527 INFO:teuthology.orchestra.run.smithi019.stdout:/usr/bin/ceph: stderr
2024-04-25T14:53:12.480+0000 7fdc97e00700 1 --2- >> [v2:172.21.15.19:3300/0,v1:172.21.15.19:6789/0] conn(0x7fdc9807cd90 0x7fdc9819e710 unknown :-1 s=HELLO_CONNECTING pgs=0 cs=0 l=1 rev1=1 crypto rx=0 tx=0 comp rx=0 tx=0).handle_hello peer v2:172.21.15.19:3300/0 says I am v2:172.21.15.19:33902/0 (socket says 172.21.15.19:33902)
2024-04-25T14:53:13.527 INFO:teuthology.orchestra.run.smithi019.stdout:/usr/bin/ceph: stderr
2024-04-25T14:53:12.480+0000 7fdc97e00700 1 -- 172.21.15.19:0/2516992372 learned_addr learned my addr 172.21.15.19:0/2516992372 (peer_addr_for_me v2:172.21.15.19:0/0)
2024-04-25T14:53:13.527 INFO:teuthology.orchestra.run.smithi019.stdout:/usr/bin/ceph: stderr
2024-04-25T14:53:12.480+0000 7fdc97e00700 1 -- 172.21.15.19:0/2516992372 --> [v2:172.21.15.19:3300/0,v1:172.21.15.19:6789/0] -- mon_subscribe({config=0+,monmap=0+}) -- 0x7fdc9819ec50 con 0x7fdc9807cd90
2024-04-25T14:53:13.528 INFO:teuthology.orchestra.run.smithi019.stdout:/usr/bin/ceph: stderr
2024-04-25T14:53:12.480+0000 7fdc97e00700 1 --2- 172.21.15.19:0/2516992372 >> [v2:172.21.15.19:3300/0,v1:172.21.15.19:6789/0] conn(0x7fdc9807cd90 0x7fdc9819e710 secure :-1 s=READY pgs=27 cs=0 l=1 rev1=1 crypto rx=0x7fdc880117b0 tx=0x7fdc88011b70 comp rx=0 tx=0).ready entity=mon.0 client_cookie=0 server_cookie=0 in_seq=0 out_seq=0
2024-04-25T14:53:13.528 INFO:teuthology.orchestra.run.smithi019.stdout:/usr/bin/ceph: stderr
2024-04-25T14:53:12.481+0000 7fdc94c00700 1 -- 172.21.15.19:0/2516992372 <== mon.0 v2:172.21.15.19:3300/0 1 ==== mon_map magic: 0 ==== 205+0+0 (secure 0 0 0) 0x7fdc88003af0 con 0x7fdc9807cd90
2024-04-25T14:53:13.528 INFO:teuthology.orchestra.run.smithi019.stdout:/usr/bin/ceph: stderr
2024-04-25T14:53:12.481+0000 7fdc94c00700 1 -- 172.21.15.19:0/2516992372 <== mon.0 v2:172.21.15.19:3300/0 2 ==== config(26 keys) ==== 1070+0+0 (secure 0 0 0) 0x7fdc88020070 con 0x7fdc9807cd90
2024-04-25T14:53:13.528 INFO:teuthology.orchestra.run.smithi019.stdout:/usr/bin/ceph: stderr
2024-04-25T14:53:12.481+0000 7fdc94c00700 1 -- 172.21.15.19:0/2516992372 <== mon.0 v2:172.21.15.19:3300/0 3 ==== mon_map magic: 0 ==== 205+0+0 (secure 0 0 0) 0x7fdc88019630 con 0x7fdc9807cd90
2024-04-25T14:53:13.528 INFO:teuthology.orchestra.run.smithi019.stdout:/usr/bin/ceph: stderr
2024-04-25T14:53:12.481+0000 7fdc9ea00700 1 -- 172.21.15.19:0/2516992372 --> [v2:172.21.15.19:3300/0,v1:172.21.15.19:6789/0] -- mon_subscribe({mgrmap=0+}) -- 0x7fdc9819eee0 con 0x7fdc9807cd90
2024-04-25T14:53:13.528 INFO:teuthology.orchestra.run.smithi019.stdout:/usr/bin/ceph: stderr
2024-04-25T14:53:12.481+0000 7fdc9ea00700 1 -- 172.21.15.19:0/2516992372 --> [v2:172.21.15.19:3300/0,v1:172.21.15.19:6789/0] -- mon_subscribe({osdmap=0}) -- 0x7fdc981a1bd0 con 0x7fdc9807cd90
2024-04-25T14:53:13.528 INFO:teuthology.orchestra.run.smithi019.stdout:/usr/bin/ceph: stderr
2024-04-25T14:53:12.482+0000 7fdc9ea00700 1 -- 172.21.15.19:0/2516992372 --> [v2:172.21.15.19:3300/0,v1:172.21.15.19:6789/0] -- mon_command({"prefix": "get_command_descriptions"} v 0) -- 0x7fdc980640a0 con 0x7fdc9807cd90
2024-04-25T14:53:13.528 INFO:teuthology.orchestra.run.smithi019.stdout:/usr/bin/ceph: stderr
2024-04-25T14:53:12.482+0000 7fdc94c00700 1 -- 172.21.15.19:0/2516992372 <== mon.0 v2:172.21.15.19:3300/0 4 ==== mgrmap(e 5) ==== 46558+0+0 (secure 0 0 0) 0x7fdc8801a9c0 con 0x7fdc9807cd90
2024-04-25T14:53:13.528 INFO:teuthology.orchestra.run.smithi019.stdout:/usr/bin/ceph: stderr
2024-04-25T14:53:12.483+0000 7fdc94c00700 1 --2- 172.21.15.19:0/2516992372 >> [v2:172.21.15.19:6800/2453471633,v1:172.21.15.19:6801/2453471633] conn(0x7fdc7c039600 0x7fdc7c03bac0 unknown :-1 s=NONE pgs=0 cs=0 l=1 rev1=0 crypto rx=0 tx=0 comp rx=0 tx=0).connect
2024-04-25T14:53:13.528 INFO:teuthology.orchestra.run.smithi019.stdout:/usr/bin/ceph: stderr
2024-04-25T14:53:12.483+0000 7fdc94c00700 1 -- 172.21.15.19:0/2516992372 <== mon.0 v2:172.21.15.19:3300/0 5 ==== osd_map(1..1 src has 1..1) ==== 725+0+0 (secure 0 0 0) 0x7fdc8804db20 con 0x7fdc9807cd90
2024-04-25T14:53:13.528 INFO:teuthology.orchestra.run.smithi019.stdout:/usr/bin/ceph: stderr
2024-04-25T14:53:12.483+0000 7fdc97400700 1 -- 172.21.15.19:0/2516992372 >> [v2:172.21.15.19:6800/2453471633,v1:172.21.15.19:6801/2453471633] conn(0x7fdc7c039600 msgr2=0x7fdc7c03bac0 unknown :-1 s=STATE_CONNECTING_RE l=1).process reconnect failed to v2:172.21.15.19:6800/2453471633
2024-04-25T14:53:13.528 INFO:teuthology.orchestra.run.smithi019.stdout:/usr/bin/ceph: stderr
2024-04-25T14:53:12.483+0000 7fdc97400700 1 --2- 172.21.15.19:0/2516992372 >> [v2:172.21.15.19:6800/2453471633,v1:172.21.15.19:6801/2453471633] conn(0x7fdc7c039600 0x7fdc7c03bac0 unknown :-1 s=START_CONNECT pgs=0 cs=0 l=1 rev1=0 crypto rx=0 tx=0 comp rx=0 tx=0)._fault waiting 0.200000
2024-04-25T14:53:13.528 INFO:teuthology.orchestra.run.smithi019.stdout:/usr/bin/ceph: stderr
2024-04-25T14:53:12.488+0000 7fdc94c00700 1 -- 172.21.15.19:0/2516992372 <== mon.0 v2:172.21.15.19:3300/0 6 ==== mon_command_ack([{"prefix": "get_command_descriptions"}]=0 v0) ==== 72+0+188370 (secure 0 0 0) 0x7fdc8800e260 con 0x7fdc9807cd90
2024-04-25T14:53:13.528 INFO:teuthology.orchestra.run.smithi019.stdout:/usr/bin/ceph: stderr
2024-04-25T14:53:12.684+0000 7fdc97400700 1 -- 172.21.15.19:0/2516992372 >> [v2:172.21.15.19:6800/2453471633,v1:172.21.15.19:6801/2453471633] conn(0x7fdc7c039600 msgr2=0x7fdc7c03bac0 unknown :-1 s=STATE_CONNECTING_RE l=1).process reconnect failed to v2:172.21.15.19:6800/2453471633
2024-04-25T14:53:13.529 INFO:teuthology.orchestra.run.smithi019.stdout:/usr/bin/ceph: stderr
2024-04-25T14:53:12.684+0000 7fdc97400700 1 --2- 172.21.15.19:0/2516992372 >> [v2:172.21.15.19:6800/2453471633,v1:172.21.15.19:6801/2453471633] conn(0x7fdc7c039600 0x7fdc7c03bac0 unknown :-1 s=START_CONNECT pgs=0 cs=0 l=1 rev1=0 crypto rx=0 tx=0 comp rx=0 tx=0)._fault waiting 0.400000
2024-04-25T14:53:13.529 INFO:teuthology.orchestra.run.smithi019.stdout:/usr/bin/ceph: stderr
2024-04-25T14:53:12.778+0000 7fdc9ea00700 1 -- 172.21.15.19:0/2516992372 --> [v2:172.21.15.19:3300/0,v1:172.21.15.19:6789/0] -- mon_command({"prefix": "mgr stat"} v 0) -- 0x7fdc981a1da0 con 0x7fdc9807cd90
2024-04-25T14:53:13.529 INFO:teuthology.orchestra.run.smithi019.stdout:/usr/bin/ceph: stderr
2024-04-25T14:53:12.779+0000 7fdc94c00700 1 -- 172.21.15.19:0/2516992372 <== mon.0 v2:172.21.15.19:3300/0 7 ==== mon_command_ack([{"prefix": "mgr stat"}]=0 v5) ==== 56+0+88 (secure 0 0 0) 0x7fdc8804d540 con 0x7fdc9807cd90
2024-04-25T14:53:13.529 INFO:teuthology.orchestra.run.smithi019.stdout:/usr/bin/ceph: stderr
2024-04-25T14:53:12.781+0000 7fdc9ea00700 1 -- 172.21.15.19:0/2516992372 >> [v2:172.21.15.19:6800/2453471633,v1:172.21.15.19:6801/2453471633] conn(0x7fdc7c039600 msgr2=0x7fdc7c03bac0 unknown :-1 s=STATE_CONNECTING l=1).mark_down
2024-04-25T14:53:13.529 INFO:teuthology.orchestra.run.smithi019.stdout:/usr/bin/ceph: stderr
2024-04-25T14:53:12.781+0000 7fdc9ea00700 1 --2- 172.21.15.19:0/2516992372 >> [v2:172.21.15.19:6800/2453471633,v1:172.21.15.19:6801/2453471633] conn(0x7fdc7c039600 0x7fdc7c03bac0 unknown :-1 s=START_CONNECT pgs=0 cs=0 l=1 rev1=0 crypto rx=0 tx=0 comp rx=0 tx=0).stop
2024-04-25T14:53:13.529 INFO:teuthology.orchestra.run.smithi019.stdout:/usr/bin/ceph: stderr
2024-04-25T14:53:12.781+0000 7fdc9ea00700 1 -- 172.21.15.19:0/2516992372 >> [v2:172.21.15.19:3300/0,v1:172.21.15.19:6789/0] conn(0x7fdc9807cd90 msgr2=0x7fdc9819e710 secure :-1 s=STATE_CONNECTION_ESTABLISHED l=1).mark_down
2024-04-25T14:53:13.529 INFO:teuthology.orchestra.run.smithi019.stdout:/usr/bin/ceph: stderr
2024-04-25T14:53:12.782+0000 7fdc9ea00700 1 --2- 172.21.15.19:0/2516992372 >> [v2:172.21.15.19:3300/0,v1:172.21.15.19:6789/0] conn(0x7fdc9807cd90 0x7fdc9819e710 secure :-1 s=READY pgs=27 cs=0 l=1 rev1=1 crypto rx=0x7fdc880117b0 tx=0x7fdc88011b70 comp rx=0 tx=0).stop
2024-04-25T14:53:13.529 INFO:teuthology.orchestra.run.smithi019.stdout:/usr/bin/ceph: stderr
2024-04-25T14:53:12.782+0000 7fdc9ea00700 1 -- 172.21.15.19:0/2516992372 shutdown_connections
2024-04-25T14:53:13.529 INFO:teuthology.orchestra.run.smithi019.stdout:/usr/bin/ceph: stderr
2024-04-25T14:53:12.782+0000 7fdc9ea00700 1 --2- 172.21.15.19:0/2516992372 >> [v2:172.21.15.19:6800/2453471633,v1:172.21.15.19:6801/2453471633] conn(0x7fdc7c039600 0x7fdc7c03bac0 unknown :-1 s=CLOSED pgs=0 cs=0 l=1 rev1=0 crypto rx=0 tx=0 comp rx=0 tx=0).stop
2024-04-25T14:53:13.529 INFO:teuthology.orchestra.run.smithi019.stdout:/usr/bin/ceph: stderr
2024-04-25T14:53:12.782+0000 7fdc9ea00700 1 --2- 172.21.15.19:0/2516992372 >> [v2:172.21.15.19:3300/0,v1:172.21.15.19:6789/0] conn(0x7fdc9807cd90 0x7fdc9819e710 unknown :-1 s=CLOSED pgs=27 cs=0 l=1 rev1=1 crypto rx=0 tx=0 comp rx=0 tx=0).stop
2024-04-25T14:53:13.529 INFO:teuthology.orchestra.run.smithi019.stdout:/usr/bin/ceph: stderr
2024-04-25T14:53:12.782+0000 7fdc9ea00700 1 -- 172.21.15.19:0/2516992372 >> 172.21.15.19:0/2516992372 conn(0x7fdc98103be0 msgr2=0x7fdc98104790 unknown :-1 s=STATE_NONE l=0).mark_down
2024-04-25T14:53:13.529 INFO:teuthology.orchestra.run.smithi019.stdout:/usr/bin/ceph: stderr
2024-04-25T14:53:12.782+0000 7fdc9ea00700 1 -- 172.21.15.19:0/2516992372 shutdown_connections
2024-04-25T14:53:13.529 INFO:teuthology.orchestra.run.smithi019.stdout:/usr/bin/ceph: stderr
2024-04-25T14:53:12.782+0000 7fdc9ea00700 1 -- 172.21.15.19:0/2516992372 wait complete.
2024-04-25T14:53:13.529 INFO:teuthology.orchestra.run.smithi019.stdout:Waiting for the mgr to restart...
2024-04-25T14:53:13.530 INFO:teuthology.orchestra.run.smithi019.stdout:Waiting for mgr epoch 5...
2024-04-25T14:53:14.120 INFO:journalctl@ceph.mgr.x.smithi019.stdout:Apr 25 14:53:13 smithi019 ceph-42f950da-0313-11ef-bc93-c7b262605968-mgr-x[28326]:
2024-04-25T14:53:13.906+0000 7f8de2e2b200 -1 mgr[py] Module telegraf has missing NOTIFY_TYPES member
2024-04-25T14:53:14.403 INFO:journalctl@ceph.mgr.x.smithi019.stdout:Apr 25 14:53:14 smithi019 ceph-42f950da-0313-11ef-bc93-c7b262605968-mgr-x[28326]:
2024-04-25T14:53:14.142+0000 7f8de2e2b200 -1 mgr[py] Module osd_support has missing NOTIFY_TYPES member
2024-04-25T14:53:14.403 INFO:journalctl@ceph.mgr.x.smithi019.stdout:Apr 25 14:53:14 smithi019 ceph-42f950da-0313-11ef-bc93-c7b262605968-mgr-x[28326]:
2024-04-25T14:53:14.361+0000 7f8de2e2b200 -1 mgr[py] Module iostat has missing NOTIFY_TYPES member
2024-04-25T14:53:15.121 INFO:journalctl@ceph.mgr.x.smithi019.stdout:Apr 25 14:53:14 smithi019 ceph-42f950da-0313-11ef-bc93-c7b262605968-mgr-x[28326]:
2024-04-25T14:53:14.754+0000 7f8de2e2b200 -1 mgr[py] Module alerts has missing NOTIFY_TYPES member
2024-04-25T14:53:15.121 INFO:journalctl@ceph.mgr.x.smithi019.stdout:Apr 25 14:53:14 smithi019 ceph-42f950da-0313-11ef-bc93-c7b262605968-mgr-x[28326]:
2024-04-25T14:53:14.879+0000 7f8de2e2b200 -1 mgr[py] Module selftest has missing NOTIFY_TYPES member
2024-04-25T14:53:15.398 INFO:journalctl@ceph.mgr.x.smithi019.stdout:Apr 25 14:53:15 smithi019 ceph-42f950da-0313-11ef-bc93-c7b262605968-mgr-x[28326]:
2024-04-25T14:53:15.137+0000 7f8de2e2b200 -1 mgr[py] Module pg_autoscaler has missing NOTIFY_TYPES member
2024-04-25T14:53:15.398 INFO:journalctl@ceph.mgr.x.smithi019.stdout:Apr 25 14:53:15 smithi019 ceph-42f950da-0313-11ef-bc93-c7b262605968-mgr-x[28326]:
2024-04-25T14:53:15.397+0000 7f8de2e2b200 -1 mgr[py] Module test_orchestrator has missing NOTIFY_TYPES member
2024-04-25T14:53:16.621 INFO:journalctl@ceph.mgr.x.smithi019.stdout:Apr 25 14:53:16 smithi019 ceph-42f950da-0313-11ef-bc93-c7b262605968-mgr-x[28326]:
2024-04-25T14:53:16.209+0000 7f8de2e2b200 -1 mgr[py] Module rook has missing NOTIFY_TYPES member
2024-04-25T14:53:17.121 INFO:journalctl@ceph.mgr.x.smithi019.stdout:Apr 25 14:53:16 smithi019 ceph-42f950da-0313-11ef-bc93-c7b262605968-mgr-x[28326]:
2024-04-25T14:53:16.778+0000 7f8de2e2b200 -1 mgr[py] Module volumes has missing NOTIFY_TYPES member
2024-04-25T14:53:17.121 INFO:journalctl@ceph.mgr.x.smithi019.stdout:Apr 25 14:53:16 smithi019 ceph-42f950da-0313-11ef-bc93-c7b262605968-mgr-x[28326]:
2024-04-25T14:53:16.908+0000 7f8de2e2b200 -1 mgr[py] Module crash has missing NOTIFY_TYPES member
2024-04-25T14:53:17.621 INFO:journalctl@ceph.mgr.x.smithi019.stdout:Apr 25 14:53:17 smithi019 ceph-42f950da-0313-11ef-bc93-c7b262605968-mgr-x[28326]:
2024-04-25T14:53:17.182+0000 7f8de2e2b200 -1 mgr[py] Module rgw has missing NOTIFY_TYPES member
2024-04-25T14:53:18.121 INFO:journalctl@ceph.mgr.x.smithi019.stdout:Apr 25 14:53:17 smithi019 ceph-42f950da-0313-11ef-bc93-c7b262605968-mgr-x[28326]:
2024-04-25T14:53:17.849+0000 7f8de2e2b200 -1 mgr[py] Module prometheus has missing NOTIFY_TYPES member
2024-04-25T14:53:18.121 INFO:journalctl@ceph.mgr.x.smithi019.stdout:Apr 25 14:53:17 smithi019 ceph-42f950da-0313-11ef-bc93-c7b262605968-mgr-x[28326]:
2024-04-25T14:53:17.977+0000 7f8de2e2b200 -1 mgr[py] Module devicehealth has missing NOTIFY_TYPES member
2024-04-25T14:53:18.621 INFO:journalctl@ceph.mgr.x.smithi019.stdout:Apr 25 14:53:18 smithi019 ceph-42f950da-0313-11ef-bc93-c7b262605968-mgr-x[28326]:
2024-04-25T14:53:18.309+0000 7f8de2e2b200 -1 mgr[py] Module telemetry has missing NOTIFY_TYPES member
2024-04-25T14:53:18.621 INFO:journalctl@ceph.mgr.x.smithi019.stdout:Apr 25 14:53:18 smithi019 ceph-42f950da-0313-11ef-bc93-c7b262605968-mgr-x[28326]:
2024-04-25T14:53:18.493+0000 7f8de2e2b200 -1 mgr[py] Module diskprediction_local has missing NOTIFY_TYPES member
2024-04-25T14:53:19.121 INFO:journalctl@ceph.mgr.x.smithi019.stdout:Apr 25 14:53:18 smithi019 ceph-42f950da-0313-11ef-bc93-c7b262605968-mgr-x[28326]:
2024-04-25T14:53:18.622+0000 7f8de2e2b200 -1 mgr[py] Module osd_perf_query has missing NOTIFY_TYPES member
2024-04-25T14:53:19.121 INFO:journalctl@ceph.mgr.x.smithi019.stdout:Apr 25 14:53:18 smithi019 ceph-42f950da-0313-11ef-bc93-c7b262605968-mgr-x[28326]:
2024-04-25T14:53:18.777+0000 7f8de2e2b200 -1 mgr[py] Module rbd_support has missing NOTIFY_TYPES member
2024-04-25T14:53:19.621 INFO:journalctl@ceph.mgr.x.smithi019.stdout:Apr 25 14:53:19 smithi019 ceph-42f950da-0313-11ef-bc93-c7b262605968-mgr-x[28326]:
2024-04-25T14:53:19.151+0000 7f8de2e2b200 -1 mgr[py] Module zabbix has missing NOTIFY_TYPES member
2024-04-25T14:53:20.226 INFO:journalctl@ceph.mgr.x.smithi019.stdout:Apr 25 14:53:19 smithi019 ceph-42f950da-0313-11ef-bc93-c7b262605968-mgr-x[28326]:
2024-04-25T14:53:19.932+0000 7f8de2e2b200 -1 mgr[py] Module status has missing NOTIFY_TYPES member
2024-04-25T14:53:20.621 INFO:journalctl@ceph.mgr.x.smithi019.stdout:Apr 25 14:53:20 smithi019 ceph-42f950da-0313-11ef-bc93-c7b262605968-mgr-x[28326]:
2024-04-25T14:53:20.225+0000 7f8de2e2b200 -1 mgr[py] Module nfs has missing NOTIFY_TYPES member
2024-04-25T14:53:20.621 INFO:journalctl@ceph.mon.a.smithi019.stdout:Apr 25 14:53:20 smithi019 ceph-mon[28090]: Active manager daemon x restarted
2024-04-25T14:53:20.621 INFO:journalctl@ceph.mon.a.smithi019.stdout:Apr 25 14:53:20 smithi019 ceph-mon[28090]: Activating manager daemon x
2024-04-25T14:53:20.621 INFO:journalctl@ceph.mon.a.smithi019.stdout:Apr 25 14:53:20 smithi019 ceph-mon[28090]: osdmap e2: 0 total, 0 up, 0 in
2024-04-25T14:53:20.621 INFO:journalctl@ceph.mon.a.smithi019.stdout:Apr 25 14:53:20 smithi019 ceph-mon[28090]: mgrmap e6: x(active, starting, since 0.0104172s)
2024-04-25T14:53:20.621 INFO:journalctl@ceph.mon.a.smithi019.stdout:Apr 25 14:53:20 smithi019 ceph-mon[28090]: from='mgr.14120 172.21.15.19:0/1161692154' entity='mgr.x' cmd=[{"prefix": "mon metadata", "id": "a"}]: dispatch
2024-04-25T14:53:20.621 INFO:journalctl@ceph.mon.a.smithi019.stdout:Apr 25 14:53:20 smithi019 ceph-mon[28090]: from='mgr.14120 172.21.15.19:0/1161692154' entity='mgr.x' cmd=[{"prefix": "mgr metadata", "who": "x", "id": "x"}]: dispatch
2024-04-25T14:53:20.621 INFO:journalctl@ceph.mon.a.smithi019.stdout:Apr 25 14:53:20 smithi019 ceph-mon[28090]: from='mgr.14120 172.21.15.19:0/1161692154' entity='mgr.x' cmd=[{"prefix": "mds metadata"}]: dispatch
2024-04-25T14:53:20.622 INFO:journalctl@ceph.mon.a.smithi019.stdout:Apr 25 14:53:20 smithi019 ceph-mon[28090]: from='mgr.14120 172.21.15.19:0/1161692154' entity='mgr.x' cmd=[{"prefix": "osd metadata"}]: dispatch
2024-04-25T14:53:20.622 INFO:journalctl@ceph.mon.a.smithi019.stdout:Apr 25 14:53:20 smithi019 ceph-mon[28090]: from='mgr.14120 172.21.15.19:0/1161692154' entity='mgr.x' cmd=[{"prefix": "mon metadata"}]: dispatch
2024-04-25T14:53:20.622 INFO:journalctl@ceph.mon.a.smithi019.stdout:Apr 25 14:53:20 smithi019 ceph-mon[28090]: Manager daemon x is now available
2024-04-25T14:53:20.622 INFO:journalctl@ceph.mon.a.smithi019.stdout:Apr 25 14:53:20 smithi019 ceph-mon[28090]: from='mgr.14120 172.21.15.19:0/1161692154' entity='mgr.x'
2024-04-25T14:53:21.615 INFO:journalctl@ceph.mon.a.smithi019.stdout:Apr 25 14:53:21 smithi019 ceph-mon[28090]: Found migration_current of "None". Setting to last migration.
2024-04-25T14:53:21.615 INFO:journalctl@ceph.mon.a.smithi019.stdout:Apr 25 14:53:21 smithi019 ceph-mon[28090]: from='mgr.14120 172.21.15.19:0/1161692154' entity='mgr.x'
2024-04-25T14:53:21.615 INFO:journalctl@ceph.mon.a.smithi019.stdout:Apr 25 14:53:21 smithi019 ceph-mon[28090]: from='mgr.14120 172.21.15.19:0/1161692154' entity='mgr.x' cmd=[{"prefix": "config dump", "format": "json"}]: dispatch
2024-04-25T14:53:21.616 INFO:journalctl@ceph.mon.a.smithi019.stdout:Apr 25 14:53:21 smithi019 ceph-mon[28090]: from='mgr.14120 172.21.15.19:0/1161692154' entity='mgr.x' cmd=[{"prefix": "config dump", "format": "json"}]: dispatch
2024-04-25T14:53:21.616 INFO:journalctl@ceph.mon.a.smithi019.stdout:Apr 25 14:53:21 smithi019 ceph-mon[28090]: from='mgr.14120 172.21.15.19:0/1161692154' entity='mgr.x' cmd=[{"prefix":"config rm","who":"mgr","name":"mgr/rbd_support/x/mirror_snapshot_schedule"}]: dispatch
2024-04-25T14:53:21.616 INFO:journalctl@ceph.mon.a.smithi019.stdout:Apr 25 14:53:21 smithi019 ceph-mon[28090]: from='mgr.14120 172.21.15.19:0/1161692154' entity='mgr.x' cmd=[{"prefix":"config rm","who":"mgr","name":"mgr/rbd_support/x/trash_purge_schedule"}]: dispatch
2024-04-25T14:53:21.616 INFO:journalctl@ceph.mon.a.smithi019.stdout:Apr 25 14:53:21 smithi019 ceph-mon[28090]: mgrmap e7: x(active, since 1.01705s)
2024-04-25T14:53:21.944 INFO:teuthology.orchestra.run.smithi019.stdout:/usr/bin/ceph: stdout {
2024-04-25T14:53:21.944 INFO:teuthology.orchestra.run.smithi019.stdout:/usr/bin/ceph: stdout "mgrmap_epoch": 7,
2024-04-25T14:53:21.944 INFO:teuthology.orchestra.run.smithi019.stdout:/usr/bin/ceph: stdout "initialized": true
2024-04-25T14:53:21.944 INFO:teuthology.orchestra.run.smithi019.stdout:/usr/bin/ceph: stdout }
2024-04-25T14:53:21.944 INFO:teuthology.orchestra.run.smithi019.stdout:/usr/bin/ceph: stderr
2024-04-25T14:53:14.193+0000 7f5502000700 1 Processor -- start
2024-04-25T14:53:21.944 INFO:teuthology.orchestra.run.smithi019.stdout:/usr/bin/ceph: stderr
2024-04-25T14:53:14.194+0000 7f5502000700 1 -- start start
2024-04-25T14:53:21.944 INFO:teuthology.orchestra.run.smithi019.stdout:/usr/bin/ceph: stderr
2024-04-25T14:53:14.194+0000 7f5502000700 1 --2- >> [v2:172.21.15.19:3300/0,v1:172.21.15.19:6789/0] conn(0x7f54fc07cd50 0x7f54fc07b1b0 unknown :-1 s=NONE pgs=0 cs=0 l=0 rev1=0 crypto rx=0 tx=0 comp rx=0 tx=0).connect
2024-04-25T14:53:21.944 INFO:teuthology.orchestra.run.smithi019.stdout:/usr/bin/ceph: stderr
2024-04-25T14:53:14.194+0000 7f5502000700 1 -- --> [v2:172.21.15.19:3300/0,v1:172.21.15.19:6789/0] -- mon_getmap magic: 0 -- 0x7f54fc07b780 con 0x7f54fc07cd50
2024-04-25T14:53:21.944 INFO:teuthology.orchestra.run.smithi019.stdout:/usr/bin/ceph: stderr
2024-04-25T14:53:14.194+0000 7f54fb400700 1 --2- >> [v2:172.21.15.19:3300/0,v1:172.21.15.19:6789/0] conn(0x7f54fc07cd50 0x7f54fc07b1b0 unknown :-1 s=BANNER_CONNECTING pgs=0 cs=0 l=0 rev1=0 crypto rx=0 tx=0 comp rx=0 tx=0)._handle_peer_banner_payload supported=3 required=0
2024-04-25T14:53:21.944 INFO:teuthology.orchestra.run.smithi019.stdout:/usr/bin/ceph: stderr
2024-04-25T14:53:14.194+0000 7f54fb400700 1 --2- >> [v2:172.21.15.19:3300/0,v1:172.21.15.19:6789/0] conn(0x7f54fc07cd50 0x7f54fc07b1b0 unknown :-1 s=HELLO_CONNECTING pgs=0 cs=0 l=0 rev1=1 crypto rx=0 tx=0 comp rx=0 tx=0).handle_hello peer v2:172.21.15.19:3300/0 says I am v2:172.21.15.19:55718/0 (socket says 172.21.15.19:55718)
2024-04-25T14:53:21.945 INFO:teuthology.orchestra.run.smithi019.stdout:/usr/bin/ceph: stderr
2024-04-25T14:53:14.194+0000 7f54fb400700 1 -- 172.21.15.19:0/305602274 learned_addr learned my addr 172.21.15.19:0/305602274 (peer_addr_for_me v2:172.21.15.19:0/0)
2024-04-25T14:53:21.945 INFO:teuthology.orchestra.run.smithi019.stdout:/usr/bin/ceph: stderr
2024-04-25T14:53:14.195+0000 7f54fb400700 1 -- 172.21.15.19:0/305602274 --> [v2:172.21.15.19:3300/0,v1:172.21.15.19:6789/0] -- mon_subscribe({config=0+,monmap=0+}) -- 0x7f54fc07b900 con 0x7f54fc07cd50
2024-04-25T14:53:21.945 INFO:teuthology.orchestra.run.smithi019.stdout:/usr/bin/ceph: stderr
2024-04-25T14:53:14.195+0000 7f54fb400700 1 --2- 172.21.15.19:0/305602274 >> [v2:172.21.15.19:3300/0,v1:172.21.15.19:6789/0] conn(0x7f54fc07cd50 0x7f54fc07b1b0 secure :-1 s=READY pgs=28 cs=0 l=1 rev1=1 crypto rx=0x7f54ec0098a0 tx=0x7f54ec009bb0 comp rx=0 tx=0).ready entity=mon.0 client_cookie=599e5b0df05fde92 server_cookie=0 in_seq=0 out_seq=0
2024-04-25T14:53:21.945 INFO:teuthology.orchestra.run.smithi019.stdout:/usr/bin/ceph: stderr
2024-04-25T14:53:14.195+0000 7f54fa000700 1 -- 172.21.15.19:0/305602274 <== mon.0 v2:172.21.15.19:3300/0 1 ==== mon_map magic: 0 ==== 205+0+0 (secure 0 0 0) 0x7f54ec004160 con 0x7f54fc07cd50
2024-04-25T14:53:21.945 INFO:teuthology.orchestra.run.smithi019.stdout:/usr/bin/ceph: stderr
2024-04-25T14:53:14.195+0000 7f54fa000700 1 -- 172.21.15.19:0/305602274 <== mon.0 v2:172.21.15.19:3300/0 2 ==== config(26 keys) ==== 1070+0+0 (secure 0 0 0) 0x7f54ec004300 con 0x7f54fc07cd50
2024-04-25T14:53:21.945 INFO:teuthology.orchestra.run.smithi019.stdout:/usr/bin/ceph: stderr
2024-04-25T14:53:14.195+0000 7f54fa000700 1 -- 172.21.15.19:0/305602274 <== mon.0 v2:172.21.15.19:3300/0 3 ==== mon_map magic: 0 ==== 205+0+0 (secure 0 0 0) 0x7f54ec011af0 con 0x7f54fc07cd50
2024-04-25T14:53:21.945 INFO:teuthology.orchestra.run.smithi019.stdout:/usr/bin/ceph: stderr
2024-04-25T14:53:14.196+0000 7f5502000700 1 -- 172.21.15.19:0/305602274 >> [v2:172.21.15.19:3300/0,v1:172.21.15.19:6789/0] conn(0x7f54fc07cd50 msgr2=0x7f54fc07b1b0 secure :-1 s=STATE_CONNECTION_ESTABLISHED l=1).mark_down
2024-04-25T14:53:21.945 INFO:teuthology.orchestra.run.smithi019.stdout:/usr/bin/ceph: stderr
2024-04-25T14:53:14.196+0000 7f5502000700 1 --2- 172.21.15.19:0/305602274 >> [v2:172.21.15.19:3300/0,v1:172.21.15.19:6789/0] conn(0x7f54fc07cd50 0x7f54fc07b1b0 secure :-1 s=READY pgs=28 cs=0 l=1 rev1=1 crypto rx=0x7f54ec0098a0 tx=0x7f54ec009bb0 comp rx=0 tx=0).stop
2024-04-25T14:53:21.945 INFO:teuthology.orchestra.run.smithi019.stdout:/usr/bin/ceph: stderr
2024-04-25T14:53:14.197+0000 7f5502000700 1 -- 172.21.15.19:0/305602274 shutdown_connections
2024-04-25T14:53:21.945 INFO:teuthology.orchestra.run.smithi019.stdout:/usr/bin/ceph: stderr
2024-04-25T14:53:14.197+0000 7f5502000700 1 --2- 172.21.15.19:0/305602274 >> [v2:172.21.15.19:3300/0,v1:172.21.15.19:6789/0] conn(0x7f54fc07cd50 0x7f54fc07b1b0 unknown :-1 s=CLOSED pgs=28 cs=0 l=1 rev1=1 crypto rx=0 tx=0 comp rx=0 tx=0).stop
2024-04-25T14:53:21.945 INFO:teuthology.orchestra.run.smithi019.stdout:/usr/bin/ceph: stderr
2024-04-25T14:53:14.197+0000 7f5502000700 1 -- 172.21.15.19:0/305602274 >> 172.21.15.19:0/305602274 conn(0x7f54fc103be0 msgr2=0x7f54fc106000 unknown :-1 s=STATE_NONE l=0).mark_down
2024-04-25T14:53:21.945 INFO:teuthology.orchestra.run.smithi019.stdout:/usr/bin/ceph: stderr
2024-04-25T14:53:14.197+0000 7f5502000700 1 -- 172.21.15.19:0/305602274 shutdown_connections
2024-04-25T14:53:21.945 INFO:teuthology.orchestra.run.smithi019.stdout:/usr/bin/ceph: stderr
2024-04-25T14:53:14.197+0000 7f5502000700 1 -- 172.21.15.19:0/305602274 wait complete.
2024-04-25T14:53:21.946 INFO:teuthology.orchestra.run.smithi019.stdout:/usr/bin/ceph: stderr
2024-04-25T14:53:14.198+0000 7f5502000700 1 Processor -- start
2024-04-25T14:53:21.946 INFO:teuthology.orchestra.run.smithi019.stdout:/usr/bin/ceph: stderr
2024-04-25T14:53:14.198+0000 7f5502000700 1 -- start start
2024-04-25T14:53:21.946 INFO:teuthology.orchestra.run.smithi019.stdout:/usr/bin/ceph: stderr
2024-04-25T14:53:14.198+0000 7f5502000700 1 --2- >> [v2:172.21.15.19:3300/0,v1:172.21.15.19:6789/0] conn(0x7f54fc07cd50 0x7f54fc19e6e0 unknown :-1 s=NONE pgs=0 cs=0 l=1 rev1=0 crypto rx=0 tx=0 comp rx=0 tx=0).connect
2024-04-25T14:53:21.946 INFO:teuthology.orchestra.run.smithi019.stdout:/usr/bin/ceph: stderr
2024-04-25T14:53:14.198+0000 7f5502000700 1 -- --> [v2:172.21.15.19:3300/0,v1:172.21.15.19:6789/0] -- mon_getmap magic: 0 -- 0x7f54fc10eb30 con 0x7f54fc07cd50
2024-04-25T14:53:21.946 INFO:teuthology.orchestra.run.smithi019.stdout:/usr/bin/ceph: stderr
2024-04-25T14:53:14.199+0000 7f54fb400700 1 --2- >> [v2:172.21.15.19:3300/0,v1:172.21.15.19:6789/0] conn(0x7f54fc07cd50 0x7f54fc19e6e0 unknown :-1 s=BANNER_CONNECTING pgs=0 cs=0 l=1 rev1=0 crypto rx=0 tx=0 comp rx=0 tx=0)._handle_peer_banner_payload supported=3 required=0
2024-04-25T14:53:21.946 INFO:teuthology.orchestra.run.smithi019.stdout:/usr/bin/ceph: stderr
2024-04-25T14:53:14.199+0000 7f54fb400700 1 --2- >> [v2:172.21.15.19:3300/0,v1:172.21.15.19:6789/0] conn(0x7f54fc07cd50 0x7f54fc19e6e0 unknown :-1 s=HELLO_CONNECTING pgs=0 cs=0 l=1 rev1=1 crypto rx=0 tx=0 comp rx=0 tx=0).handle_hello peer v2:172.21.15.19:3300/0 says I am v2:172.21.15.19:55734/0 (socket says 172.21.15.19:55734)
2024-04-25T14:53:21.946 INFO:teuthology.orchestra.run.smithi019.stdout:/usr/bin/ceph: stderr
2024-04-25T14:53:14.199+0000 7f54fb400700 1 -- 172.21.15.19:0/1188568602 learned_addr learned my addr 172.21.15.19:0/1188568602 (peer_addr_for_me v2:172.21.15.19:0/0)
2024-04-25T14:53:21.946 INFO:teuthology.orchestra.run.smithi019.stdout:/usr/bin/ceph: stderr
2024-04-25T14:53:14.199+0000 7f54fb400700 1 -- 172.21.15.19:0/1188568602 --> [v2:172.21.15.19:3300/0,v1:172.21.15.19:6789/0] -- mon_subscribe({config=0+,monmap=0+}) -- 0x7f54fc19ec20 con 0x7f54fc07cd50
2024-04-25T14:53:21.946 INFO:teuthology.orchestra.run.smithi019.stdout:/usr/bin/ceph: stderr
2024-04-25T14:53:14.199+0000 7f54fb400700 1 --2- 172.21.15.19:0/1188568602 >> [v2:172.21.15.19:3300/0,v1:172.21.15.19:6789/0] conn(0x7f54fc07cd50 0x7f54fc19e6e0 secure :-1 s=READY pgs=29 cs=0 l=1 rev1=1 crypto rx=0x7f54ec009fb0 tx=0x7f54ec011940 comp rx=0 tx=0).ready entity=mon.0 client_cookie=0 server_cookie=0 in_seq=0 out_seq=0
2024-04-25T14:53:21.946 INFO:teuthology.orchestra.run.smithi019.stdout:/usr/bin/ceph: stderr
2024-04-25T14:53:14.199+0000 7f54f3e00700 1 -- 172.21.15.19:0/1188568602 <== mon.0 v2:172.21.15.19:3300/0 1 ==== mon_map magic: 0 ==== 205+0+0 (secure 0 0 0) 0x7f54ec0036a0 con 0x7f54fc07cd50
2024-04-25T14:53:21.946 INFO:teuthology.orchestra.run.smithi019.stdout:/usr/bin/ceph: stderr
2024-04-25T14:53:14.200+0000 7f54f3e00700 1 -- 172.21.15.19:0/1188568602 <== mon.0 v2:172.21.15.19:3300/0 2 ==== config(26 keys) ==== 1070+0+0 (secure 0 0 0) 0x7f54ec01a430 con 0x7f54fc07cd50
2024-04-25T14:53:21.946 INFO:teuthology.orchestra.run.smithi019.stdout:/usr/bin/ceph: stderr
2024-04-25T14:53:14.200+0000 7f5502000700 1 -- 172.21.15.19:0/1188568602 --> [v2:172.21.15.19:3300/0,v1:172.21.15.19:6789/0] -- mon_subscribe({mgrmap=0+}) -- 0x7f54fc19eeb0 con 0x7f54fc07cd50
2024-04-25T14:53:21.946 INFO:teuthology.orchestra.run.smithi019.stdout:/usr/bin/ceph: stderr
2024-04-25T14:53:14.200+0000 7f54f3e00700 1 -- 172.21.15.19:0/1188568602 <== mon.0 v2:172.21.15.19:3300/0 3 ==== mon_map magic: 0 ==== 205+0+0 (secure 0 0 0) 0x7f54ec019550 con 0x7f54fc07cd50
2024-04-25T14:53:21.947 INFO:teuthology.orchestra.run.smithi019.stdout:/usr/bin/ceph: stderr
2024-04-25T14:53:14.200+0000 7f5502000700 1 -- 172.21.15.19:0/1188568602 --> [v2:172.21.15.19:3300/0,v1:172.21.15.19:6789/0] -- mon_subscribe({osdmap=0}) -- 0x7f54fc1a1ba0 con 0x7f54fc07cd50
2024-04-25T14:53:21.947 INFO:teuthology.orchestra.run.smithi019.stdout:/usr/bin/ceph: stderr
2024-04-25T14:53:14.201+0000 7f54f3e00700 1 -- 172.21.15.19:0/1188568602 <== mon.0 v2:172.21.15.19:3300/0 4 ==== mgrmap(e 5) ==== 46558+0+0 (secure 0 0 0) 0x7f54ec019850 con 0x7f54fc07cd50
2024-04-25T14:53:21.947 INFO:teuthology.orchestra.run.smithi019.stdout:/usr/bin/ceph: stderr
2024-04-25T14:53:14.201+0000 7f54f3e00700 1 --2- 172.21.15.19:0/1188568602 >> [v2:172.21.15.19:6800/2453471633,v1:172.21.15.19:6801/2453471633] conn(0x7f54e0039560 0x7f54e003ba20 unknown :-1 s=NONE pgs=0 cs=0 l=1 rev1=0 crypto rx=0 tx=0 comp rx=0 tx=0).connect
2024-04-25T14:53:21.947 INFO:teuthology.orchestra.run.smithi019.stdout:/usr/bin/ceph: stderr
2024-04-25T14:53:14.201+0000 7f5502000700 1 -- 172.21.15.19:0/1188568602 --> [v2:172.21.15.19:6800/2453471633,v1:172.21.15.19:6801/2453471633] -- command(tid 0: {"prefix": "get_command_descriptions"}) -- 0x7f54fc069b80 con 0x7f54e0039560
2024-04-25T14:53:21.947 INFO:teuthology.orchestra.run.smithi019.stdout:/usr/bin/ceph: stderr
2024-04-25T14:53:14.201+0000 7f54f3e00700 1 -- 172.21.15.19:0/1188568602 <== mon.0 v2:172.21.15.19:3300/0 5 ==== osd_map(1..1 src has 1..1) ==== 725+0+0 (secure 0 0 0) 0x7f54ec04d930 con 0x7f54fc07cd50
2024-04-25T14:53:21.947 INFO:teuthology.orchestra.run.smithi019.stdout:/usr/bin/ceph: stderr
2024-04-25T14:53:14.201+0000 7f54faa00700 1 -- 172.21.15.19:0/1188568602 >> [v2:172.21.15.19:6800/2453471633,v1:172.21.15.19:6801/2453471633] conn(0x7f54e0039560 msgr2=0x7f54e003ba20 unknown :-1 s=STATE_CONNECTING_RE l=1).process reconnect failed to v2:172.21.15.19:6800/2453471633
2024-04-25T14:53:21.947 INFO:teuthology.orchestra.run.smithi019.stdout:/usr/bin/ceph: stderr
2024-04-25T14:53:14.201+0000 7f54faa00700 1 --2- 172.21.15.19:0/1188568602 >> [v2:172.21.15.19:6800/2453471633,v1:172.21.15.19:6801/2453471633] conn(0x7f54e0039560 0x7f54e003ba20 unknown :-1 s=START_CONNECT pgs=0 cs=0 l=1 rev1=0 crypto rx=0 tx=0 comp rx=0 tx=0)._fault waiting 0.200000
2024-04-25T14:53:21.947 INFO:teuthology.orchestra.run.smithi019.stdout:/usr/bin/ceph: stderr
2024-04-25T14:53:14.402+0000 7f54faa00700 1 -- 172.21.15.19:0/1188568602 >> [v2:172.21.15.19:6800/2453471633,v1:172.21.15.19:6801/2453471633] conn(0x7f54e0039560 msgr2=0x7f54e003ba20 unknown :-1 s=STATE_CONNECTING_RE l=1).process reconnect failed to v2:172.21.15.19:6800/2453471633
2024-04-25T14:53:21.947 INFO:teuthology.orchestra.run.smithi019.stdout:/usr/bin/ceph: stderr
2024-04-25T14:53:14.402+0000 7f54faa00700 1 --2- 172.21.15.19:0/1188568602 >> [v2:172.21.15.19:6800/2453471633,v1:172.21.15.19:6801/2453471633] conn(0x7f54e0039560 0x7f54e003ba20 unknown :-1 s=START_CONNECT pgs=0 cs=0 l=1 rev1=0 crypto rx=0 tx=0 comp rx=0 tx=0)._fault waiting 0.400000
2024-04-25T14:53:21.947 INFO:teuthology.orchestra.run.smithi019.stdout:/usr/bin/ceph: stderr
2024-04-25T14:53:14.803+0000 7f54faa00700 1 -- 172.21.15.19:0/1188568602 >> [v2:172.21.15.19:6800/2453471633,v1:172.21.15.19:6801/2453471633] conn(0x7f54e0039560 msgr2=0x7f54e003ba20 unknown :-1 s=STATE_CONNECTING_RE l=1).process reconnect failed to v2:172.21.15.19:6800/2453471633
2024-04-25T14:53:21.947 INFO:teuthology.orchestra.run.smithi019.stdout:/usr/bin/ceph: stderr
2024-04-25T14:53:14.803+0000 7f54faa00700 1 --2- 172.21.15.19:0/1188568602 >> [v2:172.21.15.19:6800/2453471633,v1:172.21.15.19:6801/2453471633] conn(0x7f54e0039560 0x7f54e003ba20 unknown :-1 s=START_CONNECT pgs=0 cs=0 l=1 rev1=0 crypto rx=0 tx=0 comp rx=0 tx=0)._fault waiting 0.800000
2024-04-25T14:53:21.947 INFO:teuthology.orchestra.run.smithi019.stdout:/usr/bin/ceph: stderr
2024-04-25T14:53:15.604+0000 7f54faa00700 1 -- 172.21.15.19:0/1188568602 >> [v2:172.21.15.19:6800/2453471633,v1:172.21.15.19:6801/2453471633] conn(0x7f54e0039560 msgr2=0x7f54e003ba20 unknown :-1 s=STATE_CONNECTING_RE l=1).process reconnect failed to v2:172.21.15.19:6800/2453471633
2024-04-25T14:53:21.947 INFO:teuthology.orchestra.run.smithi019.stdout:/usr/bin/ceph: stderr
2024-04-25T14:53:15.604+0000 7f54faa00700 1 --2- 172.21.15.19:0/1188568602 >> [v2:172.21.15.19:6800/2453471633,v1:172.21.15.19:6801/2453471633] conn(0x7f54e0039560 0x7f54e003ba20 unknown :-1 s=START_CONNECT pgs=0 cs=0 l=1 rev1=0 crypto rx=0 tx=0 comp rx=0 tx=0)._fault waiting 1.600000
2024-04-25T14:53:21.947 INFO:teuthology.orchestra.run.smithi019.stdout:/usr/bin/ceph: stderr
2024-04-25T14:53:17.206+0000 7f54faa00700 1 -- 172.21.15.19:0/1188568602 >> [v2:172.21.15.19:6800/2453471633,v1:172.21.15.19:6801/2453471633] conn(0x7f54e0039560 msgr2=0x7f54e003ba20 unknown :-1 s=STATE_CONNECTING_RE l=1).process reconnect failed to v2:172.21.15.19:6800/2453471633
2024-04-25T14:53:21.948 INFO:teuthology.orchestra.run.smithi019.stdout:/usr/bin/ceph: stderr
2024-04-25T14:53:17.206+0000 7f54faa00700 1 --2- 172.21.15.19:0/1188568602 >> [v2:172.21.15.19:6800/2453471633,v1:172.21.15.19:6801/2453471633] conn(0x7f54e0039560 0x7f54e003ba20 unknown :-1 s=START_CONNECT pgs=0 cs=0 l=1 rev1=0 crypto rx=0 tx=0 comp rx=0 tx=0)._fault waiting 3.200000
2024-04-25T14:53:21.948 INFO:teuthology.orchestra.run.smithi019.stdout:/usr/bin/ceph: stderr
2024-04-25T14:53:20.236+0000 7f54f3e00700 1 -- 172.21.15.19:0/1188568602 <== mon.0 v2:172.21.15.19:3300/0 6 ==== mgrmap(e 6) ==== 46325+0+0 (secure 0 0 0) 0x7f54ec02d960 con 0x7f54fc07cd50
2024-04-25T14:53:21.948 INFO:teuthology.orchestra.run.smithi019.stdout:/usr/bin/ceph: stderr
2024-04-25T14:53:20.236+0000 7f54f3e00700 1 -- 172.21.15.19:0/1188568602 >> [v2:172.21.15.19:6800/2453471633,v1:172.21.15.19:6801/2453471633] conn(0x7f54e0039560 msgr2=0x7f54e003ba20 unknown :-1 s=STATE_CONNECTING l=1).mark_down
2024-04-25T14:53:21.948 INFO:teuthology.orchestra.run.smithi019.stdout:/usr/bin/ceph: stderr
2024-04-25T14:53:20.236+0000 7f54f3e00700 1 --2- 172.21.15.19:0/1188568602 >> [v2:172.21.15.19:6800/2453471633,v1:172.21.15.19:6801/2453471633] conn(0x7f54e0039560 0x7f54e003ba20 unknown :-1 s=START_CONNECT pgs=0 cs=0 l=1 rev1=0 crypto rx=0 tx=0 comp rx=0 tx=0).stop
2024-04-25T14:53:21.948 INFO:teuthology.orchestra.run.smithi019.stdout:/usr/bin/ceph: stderr
2024-04-25T14:53:21.240+0000 7f54f3e00700 1 -- 172.21.15.19:0/1188568602 <== mon.0 v2:172.21.15.19:3300/0 7 ==== mgrmap(e 7) ==== 46452+0+0 (secure 0 0 0) 0x7f54ec018350 con 0x7f54fc07cd50
2024-04-25T14:53:21.948 INFO:teuthology.orchestra.run.smithi019.stdout:/usr/bin/ceph: stderr
2024-04-25T14:53:21.241+0000 7f54f3e00700 1 --2- 172.21.15.19:0/1188568602 >> [v2:172.21.15.19:6800/2740045356,v1:172.21.15.19:6801/2740045356] conn(0x7f54e003cc60 0x7f54e003f050 unknown :-1 s=NONE pgs=0 cs=0 l=1 rev1=0 crypto rx=0 tx=0 comp rx=0 tx=0).connect
2024-04-25T14:53:21.948 INFO:teuthology.orchestra.run.smithi019.stdout:/usr/bin/ceph: stderr
2024-04-25T14:53:21.241+0000 7f54f3e00700 1 -- 172.21.15.19:0/1188568602 --> [v2:172.21.15.19:6800/2740045356,v1:172.21.15.19:6801/2740045356] -- command(tid 0: {"prefix": "get_command_descriptions"}) -- 0x7f54ec001d30 con 0x7f54e003cc60
2024-04-25T14:53:21.948 INFO:teuthology.orchestra.run.smithi019.stdout:/usr/bin/ceph: stderr
2024-04-25T14:53:21.243+0000 7f54faa00700 1 --2- 172.21.15.19:0/1188568602 >> [v2:172.21.15.19:6800/2740045356,v1:172.21.15.19:6801/2740045356] conn(0x7f54e003cc60 0x7f54e003f050 unknown :-1 s=BANNER_CONNECTING pgs=0 cs=0 l=1 rev1=0 crypto rx=0 tx=0 comp rx=0 tx=0)._handle_peer_banner_payload supported=3 required=0
2024-04-25T14:53:21.948 INFO:teuthology.orchestra.run.smithi019.stdout:/usr/bin/ceph: stderr
2024-04-25T14:53:21.247+0000 7f54faa00700 1 --2- 172.21.15.19:0/1188568602 >> [v2:172.21.15.19:6800/2740045356,v1:172.21.15.19:6801/2740045356] conn(0x7f54e003cc60 0x7f54e003f050 secure :-1 s=READY pgs=3 cs=0 l=1 rev1=1 crypto rx=0x7f54e8003a10 tx=0x7f54e8009290 comp rx=0 tx=0).ready entity=mgr.14120 client_cookie=0 server_cookie=0 in_seq=0 out_seq=0
2024-04-25T14:53:21.948 INFO:teuthology.orchestra.run.smithi019.stdout:/usr/bin/ceph: stderr
2024-04-25T14:53:21.249+0000 7f54f3e00700 1 -- 172.21.15.19:0/1188568602 <== mgr.14120 v2:172.21.15.19:6800/2740045356 1 ==== command_reply(tid 0: 0 ) ==== 8+0+7774 (secure 0 0 0) 0x7f54ec001d30 con 0x7f54e003cc60
2024-04-25T14:53:21.948 INFO:teuthology.orchestra.run.smithi019.stdout:/usr/bin/ceph: stderr
2024-04-25T14:53:21.262+0000 7f5502000700 1 -- 172.21.15.19:0/1188568602 --> [v2:172.21.15.19:6800/2740045356,v1:172.21.15.19:6801/2740045356] -- command(tid 1: {"prefix": "mgr_status"}) -- 0x7f54fc19f390 con 0x7f54e003cc60
2024-04-25T14:53:21.948 INFO:teuthology.orchestra.run.smithi019.stdout:/usr/bin/ceph: stderr
2024-04-25T14:53:21.262+0000 7f54f3e00700 1 -- 172.21.15.19:0/1188568602 <== mgr.14120 v2:172.21.15.19:6800/2740045356 2 ==== command_reply(tid 1: 0 ) ==== 8+0+51 (secure 0 0 0) 0x7f54fc19f390 con 0x7f54e003cc60
2024-04-25T14:53:21.948 INFO:teuthology.orchestra.run.smithi019.stdout:/usr/bin/ceph: stderr
2024-04-25T14:53:21.263+0000 7f5502000700 1 -- 172.21.15.19:0/1188568602 >> [v2:172.21.15.19:6800/2740045356,v1:172.21.15.19:6801/2740045356] conn(0x7f54e003cc60 msgr2=0x7f54e003f050 secure :-1 s=STATE_CONNECTION_ESTABLISHED l=1).mark_down
2024-04-25T14:53:21.948 INFO:teuthology.orchestra.run.smithi019.stdout:/usr/bin/ceph: stderr
2024-04-25T14:53:21.263+0000 7f5502000700 1 --2- 172.21.15.19:0/1188568602 >> [v2:172.21.15.19:6800/2740045356,v1:172.21.15.19:6801/2740045356] conn(0x7f54e003cc60 0x7f54e003f050 secure :-1 s=READY pgs=3 cs=0 l=1 rev1=1 crypto rx=0x7f54e8003a10 tx=0x7f54e8009290 comp rx=0 tx=0).stop
2024-04-25T14:53:21.949 INFO:teuthology.orchestra.run.smithi019.stdout:/usr/bin/ceph: stderr
2024-04-25T14:53:21.263+0000 7f5502000700 1 -- 172.21.15.19:0/1188568602 >> [v2:172.21.15.19:3300/0,v1:172.21.15.19:6789/0] conn(0x7f54fc07cd50 msgr2=0x7f54fc19e6e0 secure :-1 s=STATE_CONNECTION_ESTABLISHED l=1).mark_down
2024-04-25T14:53:21.949 INFO:teuthology.orchestra.run.smithi019.stdout:/usr/bin/ceph: stderr
2024-04-25T14:53:21.263+0000 7f5502000700 1 --2- 172.21.15.19:0/1188568602 >> [v2:172.21.15.19:3300/0,v1:172.21.15.19:6789/0] conn(0x7f54fc07cd50 0x7f54fc19e6e0 secure :-1 s=READY pgs=29 cs=0 l=1 rev1=1 crypto rx=0x7f54ec009fb0 tx=0x7f54ec011940 comp rx=0 tx=0).stop
2024-04-25T14:53:21.949 INFO:teuthology.orchestra.run.smithi019.stdout:/usr/bin/ceph: stderr
2024-04-25T14:53:21.263+0000 7f5502000700 1 -- 172.21.15.19:0/1188568602 shutdown_connections
2024-04-25T14:53:21.949 INFO:teuthology.orchestra.run.smithi019.stdout:/usr/bin/ceph: stderr
2024-04-25T14:53:21.263+0000 7f5502000700 1 --2- 172.21.15.19:0/1188568602 >> [v2:172.21.15.19:6800/2740045356,v1:172.21.15.19:6801/2740045356] conn(0x7f54e003cc60 0x7f54e003f050 unknown :-1 s=CLOSED pgs=3 cs=0 l=1 rev1=1 crypto rx=0 tx=0 comp rx=0 tx=0).stop
2024-04-25T14:53:21.949 INFO:teuthology.orchestra.run.smithi019.stdout:/usr/bin/ceph: stderr
2024-04-25T14:53:21.263+0000 7f5502000700 1 --2- 172.21.15.19:0/1188568602 >> [v2:172.21.15.19:3300/0,v1:172.21.15.19:6789/0] conn(0x7f54fc07cd50 0x7f54fc19e6e0 unknown :-1 s=CLOSED pgs=29 cs=0 l=1 rev1=1 crypto rx=0 tx=0 comp rx=0 tx=0).stop
2024-04-25T14:53:21.949 INFO:teuthology.orchestra.run.smithi019.stdout:/usr/bin/ceph: stderr
2024-04-25T14:53:21.263+0000 7f5502000700 1 --2- 172.21.15.19:0/1188568602 >> [v2:172.21.15.19:6800/2453471633,v1:172.21.15.19:6801/2453471633] conn(0x7f54e0039560 0x7f54e003ba20 unknown :-1 s=CLOSED pgs=0 cs=0 l=1 rev1=0 crypto rx=0 tx=0 comp rx=0 tx=0).stop
2024-04-25T14:53:21.949 INFO:teuthology.orchestra.run.smithi019.stdout:/usr/bin/ceph: stderr
2024-04-25T14:53:21.263+0000 7f5502000700 1 -- 172.21.15.19:0/1188568602 >> 172.21.15.19:0/1188568602 conn(0x7f54fc103be0 msgr2=0x7f54fc104770 unknown :-1 s=STATE_NONE l=0).mark_down
2024-04-25T14:53:21.949 INFO:teuthology.orchestra.run.smithi019.stdout:/usr/bin/ceph: stderr
2024-04-25T14:53:21.264+0000 7f5502000700 1 -- 172.21.15.19:0/1188568602 shutdown_connections
2024-04-25T14:53:21.949 INFO:teuthology.orchestra.run.smithi019.stdout:/usr/bin/ceph: stderr
2024-04-25T14:53:21.264+0000 7f5502000700 1 -- 172.21.15.19:0/1188568602 wait complete.
2024-04-25T14:53:21.949 INFO:teuthology.orchestra.run.smithi019.stdout:mgr epoch 5 is available
2024-04-25T14:53:21.949 INFO:teuthology.orchestra.run.smithi019.stdout:Setting orchestrator backend to cephadm...
2024-04-25T14:53:22.504 INFO:journalctl@ceph.mon.a.smithi019.stdout:Apr 25 14:53:22 smithi019 ceph-mon[28090]: from='client.14124 -' entity='client.admin' cmd=[{"prefix": "get_command_descriptions"}]: dispatch
2024-04-25T14:53:22.504 INFO:journalctl@ceph.mon.a.smithi019.stdout:Apr 25 14:53:22 smithi019 ceph-mon[28090]: from='client.14124 -' entity='client.admin' cmd=[{"prefix": "mgr_status"}]: dispatch
2024-04-25T14:53:22.504 INFO:journalctl@ceph.mon.a.smithi019.stdout:Apr 25 14:53:22 smithi019 ceph-mon[28090]: from='mgr.14120 172.21.15.19:0/1161692154' entity='mgr.x'
2024-04-25T14:53:22.505 INFO:journalctl@ceph.mon.a.smithi019.stdout:Apr 25 14:53:22 smithi019 ceph-mon[28090]: from='mgr.14120 172.21.15.19:0/1161692154' entity='mgr.x'
2024-04-25T14:53:23.533 INFO:journalctl@ceph.mon.a.smithi019.stdout:Apr 25 14:53:23 smithi019 ceph-mon[28090]: mgrmap e8: x(active, since 2s)
2024-04-25T14:53:23.533 INFO:journalctl@ceph.mon.a.smithi019.stdout:Apr 25 14:53:23 smithi019 ceph-mon[28090]: [25/Apr/2024:14:53:22] ENGINE Bus STARTING
2024-04-25T14:53:23.533 INFO:journalctl@ceph.mon.a.smithi019.stdout:Apr 25 14:53:23 smithi019 ceph-mon[28090]: [25/Apr/2024:14:53:22] ENGINE Serving on https://172.21.15.19:7150
2024-04-25T14:53:23.533 INFO:journalctl@ceph.mon.a.smithi019.stdout:Apr 25 14:53:23 smithi019 ceph-mon[28090]: [25/Apr/2024:14:53:22] ENGINE Serving on http://172.21.15.19:8765
2024-04-25T14:53:23.533 INFO:journalctl@ceph.mon.a.smithi019.stdout:Apr 25 14:53:23 smithi019 ceph-mon[28090]: [25/Apr/2024:14:53:22] ENGINE Bus STARTED
2024-04-25T14:53:23.533 INFO:journalctl@ceph.mon.a.smithi019.stdout:Apr 25 14:53:23 smithi019 ceph-mon[28090]: from='client.14132 -' entity='client.admin' cmd=[{"prefix": "orch set backend", "module_name": "cephadm", "target": ["mon-mgr", ""]}]: dispatch
2024-04-25T14:53:23.533 INFO:journalctl@ceph.mon.a.smithi019.stdout:Apr 25 14:53:23 smithi019 ceph-mon[28090]: from='mgr.14120 172.21.15.19:0/1161692154' entity='mgr.x' cmd=[{"prefix": "config dump", "format": "json"}]: dispatch
2024-04-25T14:53:23.534 INFO:journalctl@ceph.mon.a.smithi019.stdout:Apr 25 14:53:23 smithi019 ceph-mon[28090]: from='mgr.14120 172.21.15.19:0/1161692154' entity='mgr.x'
2024-04-25T14:53:23.534 INFO:journalctl@ceph.mon.a.smithi019.stdout:Apr 25 14:53:23 smithi019 ceph-mon[28090]: from='mgr.14120 172.21.15.19:0/1161692154' entity='mgr.x' cmd=[{"prefix": "config dump", "format": "json"}]: dispatch
2024-04-25T14:53:23.545 INFO:teuthology.orchestra.run.smithi019.stdout:/usr/bin/ceph: stderr
2024-04-25T14:53:22.503+0000 7faf4e800700 1 Processor -- start
2024-04-25T14:53:23.545 INFO:teuthology.orchestra.run.smithi019.stdout:/usr/bin/ceph: stderr
2024-04-25T14:53:22.503+0000 7faf4e800700 1 -- start start
2024-04-25T14:53:23.545 INFO:teuthology.orchestra.run.smithi019.stdout:/usr/bin/ceph: stderr
