2024-04-25T14:53:50.596+0000 7f1e70c00700 1 -- 172.21.15.19:0/3674965719 <== mon.0 v2:172.21.15.19:3300/0 1 ==== mon_map magic: 0 ==== 205+0+0 (secure 0 0 0) 0x7f1e640039e0 con 0x7f1e741085d0
2024-04-25T14:53:57.587 INFO:teuthology.orchestra.run.smithi019.stdout:/usr/bin/ceph: stderr
2024-04-25T14:53:50.596+0000 7f1e70c00700 1 -- 172.21.15.19:0/3674965719 <== mon.0 v2:172.21.15.19:3300/0 2 ==== config(26 keys) ==== 1101+0+0 (secure 0 0 0) 0x7f1e6401b8f0 con 0x7f1e741085d0
2024-04-25T14:53:57.588 INFO:teuthology.orchestra.run.smithi019.stdout:/usr/bin/ceph: stderr
2024-04-25T14:53:50.596+0000 7f1e7a800700 1 -- 172.21.15.19:0/3674965719 --> [v2:172.21.15.19:3300/0,v1:172.21.15.19:6789/0] -- mon_subscribe({mgrmap=0+}) -- 0x7f1e7419ee50 con 0x7f1e741085d0
2024-04-25T14:53:57.588 INFO:teuthology.orchestra.run.smithi019.stdout:/usr/bin/ceph: stderr
2024-04-25T14:53:50.596+0000 7f1e70c00700 1 -- 172.21.15.19:0/3674965719 <== mon.0 v2:172.21.15.19:3300/0 3 ==== mon_map magic: 0 ==== 205+0+0 (secure 0 0 0) 0x7f1e64019770 con 0x7f1e741085d0
2024-04-25T14:53:57.588 INFO:teuthology.orchestra.run.smithi019.stdout:/usr/bin/ceph: stderr
2024-04-25T14:53:50.596+0000 7f1e7a800700 1 -- 172.21.15.19:0/3674965719 --> [v2:172.21.15.19:3300/0,v1:172.21.15.19:6789/0] -- mon_subscribe({osdmap=0}) -- 0x7f1e741a1b40 con 0x7f1e741085d0
2024-04-25T14:53:57.588 INFO:teuthology.orchestra.run.smithi019.stdout:/usr/bin/ceph: stderr
2024-04-25T14:53:50.598+0000 7f1e70c00700 1 -- 172.21.15.19:0/3674965719 <== mon.0 v2:172.21.15.19:3300/0 4 ==== mgrmap(e 9) ==== 46571+0+0 (secure 0 0 0) 0x7f1e6401b440 con 0x7f1e741085d0
2024-04-25T14:53:57.588 INFO:teuthology.orchestra.run.smithi019.stdout:/usr/bin/ceph: stderr
2024-04-25T14:53:50.598+0000 7f1e70c00700 1 --2- 172.21.15.19:0/3674965719 >> [v2:172.21.15.19:6800/2740045356,v1:172.21.15.19:6801/2740045356] conn(0x7f1e58039650 0x7f1e5803bb10 unknown :-1 s=NONE pgs=0 cs=0 l=1 rev1=0 crypto rx=0 tx=0 comp rx=0 tx=0).connect
2024-04-25T14:53:57.588 INFO:teuthology.orchestra.run.smithi019.stdout:/usr/bin/ceph: stderr
2024-04-25T14:53:50.598+0000 7f1e70c00700 1 -- 172.21.15.19:0/3674965719 --> [v2:172.21.15.19:6800/2740045356,v1:172.21.15.19:6801/2740045356] -- command(tid 0: {"prefix": "get_command_descriptions"}) -- 0x7f1e5803c220 con 0x7f1e58039650
2024-04-25T14:53:57.588 INFO:teuthology.orchestra.run.smithi019.stdout:/usr/bin/ceph: stderr
2024-04-25T14:53:50.598+0000 7f1e70c00700 1 -- 172.21.15.19:0/3674965719 <== mon.0 v2:172.21.15.19:3300/0 5 ==== osd_map(2..2 src has 1..2) ==== 940+0+0 (secure 0 0 0) 0x7f1e6404dfa0 con 0x7f1e741085d0
2024-04-25T14:53:57.588 INFO:teuthology.orchestra.run.smithi019.stdout:/usr/bin/ceph: stderr
2024-04-25T14:53:50.598+0000 7f1e6aa00700 1 -- 172.21.15.19:0/3674965719 >> [v2:172.21.15.19:6800/2740045356,v1:172.21.15.19:6801/2740045356] conn(0x7f1e58039650 msgr2=0x7f1e5803bb10 unknown :-1 s=STATE_CONNECTING_RE l=1).process reconnect failed to v2:172.21.15.19:6800/2740045356
2024-04-25T14:53:57.588 INFO:teuthology.orchestra.run.smithi019.stdout:/usr/bin/ceph: stderr
2024-04-25T14:53:50.598+0000 7f1e6aa00700 1 --2- 172.21.15.19:0/3674965719 >> [v2:172.21.15.19:6800/2740045356,v1:172.21.15.19:6801/2740045356] conn(0x7f1e58039650 0x7f1e5803bb10 unknown :-1 s=START_CONNECT pgs=0 cs=0 l=1 rev1=0 crypto rx=0 tx=0 comp rx=0 tx=0)._fault waiting 0.200000
2024-04-25T14:53:57.588 INFO:teuthology.orchestra.run.smithi019.stdout:/usr/bin/ceph: stderr
2024-04-25T14:53:50.799+0000 7f1e6aa00700 1 -- 172.21.15.19:0/3674965719 >> [v2:172.21.15.19:6800/2740045356,v1:172.21.15.19:6801/2740045356] conn(0x7f1e58039650 msgr2=0x7f1e5803bb10 unknown :-1 s=STATE_CONNECTING_RE l=1).process reconnect failed to v2:172.21.15.19:6800/2740045356
2024-04-25T14:53:57.588 INFO:teuthology.orchestra.run.smithi019.stdout:/usr/bin/ceph: stderr
2024-04-25T14:53:50.799+0000 7f1e6aa00700 1 --2- 172.21.15.19:0/3674965719 >> [v2:172.21.15.19:6800/2740045356,v1:172.21.15.19:6801/2740045356] conn(0x7f1e58039650 0x7f1e5803bb10 unknown :-1 s=START_CONNECT pgs=0 cs=0 l=1 rev1=0 crypto rx=0 tx=0 comp rx=0 tx=0)._fault waiting 0.400000
2024-04-25T14:53:57.588 INFO:teuthology.orchestra.run.smithi019.stdout:/usr/bin/ceph: stderr
2024-04-25T14:53:51.200+0000 7f1e6aa00700 1 -- 172.21.15.19:0/3674965719 >> [v2:172.21.15.19:6800/2740045356,v1:172.21.15.19:6801/2740045356] conn(0x7f1e58039650 msgr2=0x7f1e5803bb10 unknown :-1 s=STATE_CONNECTING_RE l=1).process reconnect failed to v2:172.21.15.19:6800/2740045356
2024-04-25T14:53:57.588 INFO:teuthology.orchestra.run.smithi019.stdout:/usr/bin/ceph: stderr
2024-04-25T14:53:51.200+0000 7f1e6aa00700 1 --2- 172.21.15.19:0/3674965719 >> [v2:172.21.15.19:6800/2740045356,v1:172.21.15.19:6801/2740045356] conn(0x7f1e58039650 0x7f1e5803bb10 unknown :-1 s=START_CONNECT pgs=0 cs=0 l=1 rev1=0 crypto rx=0 tx=0 comp rx=0 tx=0)._fault waiting 0.800000
2024-04-25T14:53:57.589 INFO:teuthology.orchestra.run.smithi019.stdout:/usr/bin/ceph: stderr
2024-04-25T14:53:52.001+0000 7f1e6aa00700 1 -- 172.21.15.19:0/3674965719 >> [v2:172.21.15.19:6800/2740045356,v1:172.21.15.19:6801/2740045356] conn(0x7f1e58039650 msgr2=0x7f1e5803bb10 unknown :-1 s=STATE_CONNECTING_RE l=1).process reconnect failed to v2:172.21.15.19:6800/2740045356
2024-04-25T14:53:57.589 INFO:teuthology.orchestra.run.smithi019.stdout:/usr/bin/ceph: stderr
2024-04-25T14:53:52.001+0000 7f1e6aa00700 1 --2- 172.21.15.19:0/3674965719 >> [v2:172.21.15.19:6800/2740045356,v1:172.21.15.19:6801/2740045356] conn(0x7f1e58039650 0x7f1e5803bb10 unknown :-1 s=START_CONNECT pgs=0 cs=0 l=1 rev1=0 crypto rx=0 tx=0 comp rx=0 tx=0)._fault waiting 1.600000
2024-04-25T14:53:57.589 INFO:teuthology.orchestra.run.smithi019.stdout:/usr/bin/ceph: stderr
2024-04-25T14:53:53.603+0000 7f1e6aa00700 1 -- 172.21.15.19:0/3674965719 >> [v2:172.21.15.19:6800/2740045356,v1:172.21.15.19:6801/2740045356] conn(0x7f1e58039650 msgr2=0x7f1e5803bb10 unknown :-1 s=STATE_CONNECTING_RE l=1).process reconnect failed to v2:172.21.15.19:6800/2740045356
2024-04-25T14:53:57.589 INFO:teuthology.orchestra.run.smithi019.stdout:/usr/bin/ceph: stderr
2024-04-25T14:53:53.603+0000 7f1e6aa00700 1 --2- 172.21.15.19:0/3674965719 >> [v2:172.21.15.19:6800/2740045356,v1:172.21.15.19:6801/2740045356] conn(0x7f1e58039650 0x7f1e5803bb10 unknown :-1 s=START_CONNECT pgs=0 cs=0 l=1 rev1=0 crypto rx=0 tx=0 comp rx=0 tx=0)._fault waiting 3.200000
2024-04-25T14:53:57.589 INFO:teuthology.orchestra.run.smithi019.stdout:/usr/bin/ceph: stderr
2024-04-25T14:53:55.858+0000 7f1e70c00700 1 -- 172.21.15.19:0/3674965719 <== mon.0 v2:172.21.15.19:3300/0 6 ==== mgrmap(e 10) ==== 46338+0+0 (secure 0 0 0) 0x7f1e6401a3d0 con 0x7f1e741085d0
2024-04-25T14:53:57.589 INFO:teuthology.orchestra.run.smithi019.stdout:/usr/bin/ceph: stderr
2024-04-25T14:53:55.858+0000 7f1e70c00700 1 -- 172.21.15.19:0/3674965719 >> [v2:172.21.15.19:6800/2740045356,v1:172.21.15.19:6801/2740045356] conn(0x7f1e58039650 msgr2=0x7f1e5803bb10 unknown :-1 s=STATE_CONNECTING l=1).mark_down
2024-04-25T14:53:57.589 INFO:teuthology.orchestra.run.smithi019.stdout:/usr/bin/ceph: stderr
2024-04-25T14:53:55.858+0000 7f1e70c00700 1 --2- 172.21.15.19:0/3674965719 >> [v2:172.21.15.19:6800/2740045356,v1:172.21.15.19:6801/2740045356] conn(0x7f1e58039650 0x7f1e5803bb10 unknown :-1 s=START_CONNECT pgs=0 cs=0 l=1 rev1=0 crypto rx=0 tx=0 comp rx=0 tx=0).stop
2024-04-25T14:53:57.589 INFO:teuthology.orchestra.run.smithi019.stdout:/usr/bin/ceph: stderr
2024-04-25T14:53:56.862+0000 7f1e70c00700 1 -- 172.21.15.19:0/3674965719 <== mon.0 v2:172.21.15.19:3300/0 7 ==== mgrmap(e 11) ==== 46465+0+0 (secure 0 0 0) 0x7f1e6404fc40 con 0x7f1e741085d0
2024-04-25T14:53:57.589 INFO:teuthology.orchestra.run.smithi019.stdout:/usr/bin/ceph: stderr
2024-04-25T14:53:56.862+0000 7f1e70c00700 1 --2- 172.21.15.19:0/3674965719 >> [v2:172.21.15.19:6800/983233775,v1:172.21.15.19:6801/983233775] conn(0x7f1e5803cfe0 0x7f1e5803f3d0 unknown :-1 s=NONE pgs=0 cs=0 l=1 rev1=0 crypto rx=0 tx=0 comp rx=0 tx=0).connect
2024-04-25T14:53:57.589 INFO:teuthology.orchestra.run.smithi019.stdout:/usr/bin/ceph: stderr
2024-04-25T14:53:56.862+0000 7f1e70c00700 1 -- 172.21.15.19:0/3674965719 --> [v2:172.21.15.19:6800/983233775,v1:172.21.15.19:6801/983233775] -- command(tid 0: {"prefix": "get_command_descriptions"}) -- 0x7f1e6404c460 con 0x7f1e5803cfe0
2024-04-25T14:53:57.589 INFO:teuthology.orchestra.run.smithi019.stdout:/usr/bin/ceph: stderr
2024-04-25T14:53:56.865+0000 7f1e6aa00700 1 --2- 172.21.15.19:0/3674965719 >> [v2:172.21.15.19:6800/983233775,v1:172.21.15.19:6801/983233775] conn(0x7f1e5803cfe0 0x7f1e5803f3d0 unknown :-1 s=BANNER_CONNECTING pgs=0 cs=0 l=1 rev1=0 crypto rx=0 tx=0 comp rx=0 tx=0)._handle_peer_banner_payload supported=3 required=0
2024-04-25T14:53:57.589 INFO:teuthology.orchestra.run.smithi019.stdout:/usr/bin/ceph: stderr
2024-04-25T14:53:56.867+0000 7f1e6aa00700 1 --2- 172.21.15.19:0/3674965719 >> [v2:172.21.15.19:6800/983233775,v1:172.21.15.19:6801/983233775] conn(0x7f1e5803cfe0 0x7f1e5803f3d0 secure :-1 s=READY pgs=5 cs=0 l=1 rev1=1 crypto rx=0x7f1e5c003a10 tx=0x7f1e5c009270 comp rx=0 tx=0).ready entity=mgr.14152 client_cookie=0 server_cookie=0 in_seq=0 out_seq=0
2024-04-25T14:53:57.589 INFO:teuthology.orchestra.run.smithi019.stdout:/usr/bin/ceph: stderr
2024-04-25T14:53:56.869+0000 7f1e70c00700 1 -- 172.21.15.19:0/3674965719 <== mgr.14152 v2:172.21.15.19:6800/983233775 1 ==== command_reply(tid 0: 0 ) ==== 8+0+7774 (secure 0 0 0) 0x7f1e6404c460 con 0x7f1e5803cfe0
2024-04-25T14:53:57.589 INFO:teuthology.orchestra.run.smithi019.stdout:/usr/bin/ceph: stderr
2024-04-25T14:53:56.882+0000 7f1e7a800700 1 -- 172.21.15.19:0/3674965719 --> [v2:172.21.15.19:6800/983233775,v1:172.21.15.19:6801/983233775] -- command(tid 1: {"prefix": "mgr_status"}) -- 0x7f1e7419f330 con 0x7f1e5803cfe0
2024-04-25T14:53:57.590 INFO:teuthology.orchestra.run.smithi019.stdout:/usr/bin/ceph: stderr
2024-04-25T14:53:56.882+0000 7f1e70c00700 1 -- 172.21.15.19:0/3674965719 <== mgr.14152 v2:172.21.15.19:6800/983233775 2 ==== command_reply(tid 1: 0 ) ==== 8+0+52 (secure 0 0 0) 0x7f1e7419f330 con 0x7f1e5803cfe0
2024-04-25T14:53:57.590 INFO:teuthology.orchestra.run.smithi019.stdout:/usr/bin/ceph: stderr
2024-04-25T14:53:56.883+0000 7f1e7a800700 1 -- 172.21.15.19:0/3674965719 >> [v2:172.21.15.19:6800/983233775,v1:172.21.15.19:6801/983233775] conn(0x7f1e5803cfe0 msgr2=0x7f1e5803f3d0 secure :-1 s=STATE_CONNECTION_ESTABLISHED l=1).mark_down
2024-04-25T14:53:57.590 INFO:teuthology.orchestra.run.smithi019.stdout:/usr/bin/ceph: stderr
2024-04-25T14:53:56.883+0000 7f1e7a800700 1 --2- 172.21.15.19:0/3674965719 >> [v2:172.21.15.19:6800/983233775,v1:172.21.15.19:6801/983233775] conn(0x7f1e5803cfe0 0x7f1e5803f3d0 secure :-1 s=READY pgs=5 cs=0 l=1 rev1=1 crypto rx=0x7f1e5c003a10 tx=0x7f1e5c009270 comp rx=0 tx=0).stop
2024-04-25T14:53:57.590 INFO:teuthology.orchestra.run.smithi019.stdout:/usr/bin/ceph: stderr
2024-04-25T14:53:56.883+0000 7f1e7a800700 1 -- 172.21.15.19:0/3674965719 >> [v2:172.21.15.19:3300/0,v1:172.21.15.19:6789/0] conn(0x7f1e741085d0 msgr2=0x7f1e7419e680 secure :-1 s=STATE_CONNECTION_ESTABLISHED l=1).mark_down
2024-04-25T14:53:57.590 INFO:teuthology.orchestra.run.smithi019.stdout:/usr/bin/ceph: stderr
2024-04-25T14:53:56.883+0000 7f1e7a800700 1 --2- 172.21.15.19:0/3674965719 >> [v2:172.21.15.19:3300/0,v1:172.21.15.19:6789/0] conn(0x7f1e741085d0 0x7f1e7419e680 secure :-1 s=READY pgs=62 cs=0 l=1 rev1=1 crypto rx=0x7f1e64009520 tx=0x7f1e64011aa0 comp rx=0 tx=0).stop
2024-04-25T14:53:57.590 INFO:teuthology.orchestra.run.smithi019.stdout:/usr/bin/ceph: stderr
2024-04-25T14:53:56.883+0000 7f1e7a800700 1 -- 172.21.15.19:0/3674965719 shutdown_connections
2024-04-25T14:53:57.590 INFO:teuthology.orchestra.run.smithi019.stdout:/usr/bin/ceph: stderr
2024-04-25T14:53:56.883+0000 7f1e7a800700 1 --2- 172.21.15.19:0/3674965719 >> [v2:172.21.15.19:6800/983233775,v1:172.21.15.19:6801/983233775] conn(0x7f1e5803cfe0 0x7f1e5803f3d0 unknown :-1 s=CLOSED pgs=5 cs=0 l=1 rev1=1 crypto rx=0 tx=0 comp rx=0 tx=0).stop
2024-04-25T14:53:57.590 INFO:teuthology.orchestra.run.smithi019.stdout:/usr/bin/ceph: stderr
2024-04-25T14:53:56.883+0000 7f1e7a800700 1 --2- 172.21.15.19:0/3674965719 >> [v2:172.21.15.19:3300/0,v1:172.21.15.19:6789/0] conn(0x7f1e741085d0 0x7f1e7419e680 unknown :-1 s=CLOSED pgs=62 cs=0 l=1 rev1=1 crypto rx=0 tx=0 comp rx=0 tx=0).stop
2024-04-25T14:53:57.590 INFO:teuthology.orchestra.run.smithi019.stdout:/usr/bin/ceph: stderr
2024-04-25T14:53:56.883+0000 7f1e7a800700 1 --2- 172.21.15.19:0/3674965719 >> [v2:172.21.15.19:6800/2740045356,v1:172.21.15.19:6801/2740045356] conn(0x7f1e58039650 0x7f1e5803bb10 unknown :-1 s=CLOSED pgs=0 cs=0 l=1 rev1=0 crypto rx=0 tx=0 comp rx=0 tx=0).stop
2024-04-25T14:53:57.590 INFO:teuthology.orchestra.run.smithi019.stdout:/usr/bin/ceph: stderr
2024-04-25T14:53:56.883+0000 7f1e7a800700 1 -- 172.21.15.19:0/3674965719 >> 172.21.15.19:0/3674965719 conn(0x7f1e74103bd0 msgr2=0x7f1e74105fc0 unknown :-1 s=STATE_NONE l=0).mark_down
2024-04-25T14:53:57.590 INFO:teuthology.orchestra.run.smithi019.stdout:/usr/bin/ceph: stderr
2024-04-25T14:53:56.883+0000 7f1e7a800700 1 -- 172.21.15.19:0/3674965719 shutdown_connections
2024-04-25T14:53:57.590 INFO:teuthology.orchestra.run.smithi019.stdout:/usr/bin/ceph: stderr
2024-04-25T14:53:56.883+0000 7f1e7a800700 1 -- 172.21.15.19:0/3674965719 wait complete.
2024-04-25T14:53:57.590 INFO:teuthology.orchestra.run.smithi019.stdout:mgr epoch 9 is available
2024-04-25T14:53:57.591 INFO:teuthology.orchestra.run.smithi019.stdout:Generating a dashboard self-signed certificate...
2024-04-25T14:53:58.162 INFO:journalctl@ceph.mon.a.smithi019.stdout:Apr 25 14:53:57 smithi019 ceph-mon[28090]: [25/Apr/2024:14:53:57] ENGINE Bus STARTING
2024-04-25T14:53:58.162 INFO:journalctl@ceph.mon.a.smithi019.stdout:Apr 25 14:53:57 smithi019 ceph-mon[28090]: [25/Apr/2024:14:53:57] ENGINE Serving on http://172.21.15.19:8765
2024-04-25T14:53:58.162 INFO:journalctl@ceph.mon.a.smithi019.stdout:Apr 25 14:53:57 smithi019 ceph-mon[28090]: [25/Apr/2024:14:53:57] ENGINE Serving on https://172.21.15.19:7150
2024-04-25T14:53:58.162 INFO:journalctl@ceph.mon.a.smithi019.stdout:Apr 25 14:53:57 smithi019 ceph-mon[28090]: [25/Apr/2024:14:53:57] ENGINE Bus STARTED
2024-04-25T14:53:59.121 INFO:journalctl@ceph.mon.a.smithi019.stdout:Apr 25 14:53:58 smithi019 ceph-mon[28090]: mgrmap e12: x(active, since 2s)
2024-04-25T14:53:59.121 INFO:journalctl@ceph.mon.a.smithi019.stdout:Apr 25 14:53:58 smithi019 ceph-mon[28090]: from='client.14164 -' entity='client.admin' cmd=[{"prefix": "dashboard create-self-signed-cert", "target": ["mon-mgr", ""]}]: dispatch
2024-04-25T14:53:59.121 INFO:journalctl@ceph.mon.a.smithi019.stdout:Apr 25 14:53:58 smithi019 ceph-mon[28090]: from='mgr.14152 172.21.15.19:0/2454946404' entity='mgr.x'
2024-04-25T14:53:59.122 INFO:journalctl@ceph.mon.a.smithi019.stdout:Apr 25 14:53:58 smithi019 ceph-mon[28090]: from='mgr.14152 172.21.15.19:0/2454946404' entity='mgr.x'
2024-04-25T14:53:59.597 INFO:teuthology.orchestra.run.smithi019.stdout:/usr/bin/ceph: stdout Self-signed certificate created
2024-04-25T14:53:59.599 INFO:teuthology.orchestra.run.smithi019.stdout:/usr/bin/ceph: stderr
2024-04-25T14:53:58.329+0000 7fc39ea00700 1 Processor -- start
2024-04-25T14:53:59.599 INFO:teuthology.orchestra.run.smithi019.stdout:/usr/bin/ceph: stderr
2024-04-25T14:53:58.329+0000 7fc39ea00700 1 -- start start
2024-04-25T14:53:59.599 INFO:teuthology.orchestra.run.smithi019.stdout:/usr/bin/ceph: stderr
2024-04-25T14:53:58.330+0000 7fc39ea00700 1 --2- >> [v2:172.21.15.19:3300/0,v1:172.21.15.19:6789/0] conn(0x7fc3981085e0 0x7fc398108a00 unknown :-1 s=NONE pgs=0 cs=0 l=0 rev1=0 crypto rx=0 tx=0 comp rx=0 tx=0).connect
2024-04-25T14:53:59.599 INFO:teuthology.orchestra.run.smithi019.stdout:/usr/bin/ceph: stderr
2024-04-25T14:53:58.330+0000 7fc39ea00700 1 -- --> [v2:172.21.15.19:3300/0,v1:172.21.15.19:6789/0] -- mon_getmap magic: 0 -- 0x7fc398108fd0 con 0x7fc3981085e0
2024-04-25T14:53:59.599 INFO:teuthology.orchestra.run.smithi019.stdout:/usr/bin/ceph: stderr
2024-04-25T14:53:58.330+0000 7fc397e00700 1 --2- >> [v2:172.21.15.19:3300/0,v1:172.21.15.19:6789/0] conn(0x7fc3981085e0 0x7fc398108a00 unknown :-1 s=BANNER_CONNECTING pgs=0 cs=0 l=0 rev1=0 crypto rx=0 tx=0 comp rx=0 tx=0)._handle_peer_banner_payload supported=3 required=0
2024-04-25T14:53:59.599 INFO:teuthology.orchestra.run.smithi019.stdout:/usr/bin/ceph: stderr
2024-04-25T14:53:58.330+0000 7fc397e00700 1 --2- >> [v2:172.21.15.19:3300/0,v1:172.21.15.19:6789/0] conn(0x7fc3981085e0 0x7fc398108a00 unknown :-1 s=HELLO_CONNECTING pgs=0 cs=0 l=0 rev1=1 crypto rx=0 tx=0 comp rx=0 tx=0).handle_hello peer v2:172.21.15.19:3300/0 says I am v2:172.21.15.19:60882/0 (socket says 172.21.15.19:60882)
2024-04-25T14:53:59.599 INFO:teuthology.orchestra.run.smithi019.stdout:/usr/bin/ceph: stderr
2024-04-25T14:53:58.330+0000 7fc397e00700 1 -- 172.21.15.19:0/2239754387 learned_addr learned my addr 172.21.15.19:0/2239754387 (peer_addr_for_me v2:172.21.15.19:0/0)
2024-04-25T14:53:59.599 INFO:teuthology.orchestra.run.smithi019.stdout:/usr/bin/ceph: stderr
2024-04-25T14:53:58.330+0000 7fc397e00700 1 -- 172.21.15.19:0/2239754387 --> [v2:172.21.15.19:3300/0,v1:172.21.15.19:6789/0] -- mon_subscribe({config=0+,monmap=0+}) -- 0x7fc398109790 con 0x7fc3981085e0
2024-04-25T14:53:59.599 INFO:teuthology.orchestra.run.smithi019.stdout:/usr/bin/ceph: stderr
2024-04-25T14:53:58.331+0000 7fc397e00700 1 --2- 172.21.15.19:0/2239754387 >> [v2:172.21.15.19:3300/0,v1:172.21.15.19:6789/0] conn(0x7fc3981085e0 0x7fc398108a00 secure :-1 s=READY pgs=70 cs=0 l=1 rev1=1 crypto rx=0x7fc3880098a0 tx=0x7fc388009bb0 comp rx=0 tx=0).ready entity=mon.0 client_cookie=1260138b79c65d53 server_cookie=0 in_seq=0 out_seq=0
2024-04-25T14:53:59.600 INFO:teuthology.orchestra.run.smithi019.stdout:/usr/bin/ceph: stderr
2024-04-25T14:53:58.331+0000 7fc396a00700 1 -- 172.21.15.19:0/2239754387 <== mon.0 v2:172.21.15.19:3300/0 1 ==== mon_map magic: 0 ==== 205+0+0 (secure 0 0 0) 0x7fc388004160 con 0x7fc3981085e0
2024-04-25T14:53:59.600 INFO:teuthology.orchestra.run.smithi019.stdout:/usr/bin/ceph: stderr
2024-04-25T14:53:58.331+0000 7fc396a00700 1 -- 172.21.15.19:0/2239754387 <== mon.0 v2:172.21.15.19:3300/0 2 ==== config(26 keys) ==== 1101+0+0 (secure 0 0 0) 0x7fc388004300 con 0x7fc3981085e0
2024-04-25T14:53:59.604 INFO:teuthology.orchestra.run.smithi019.stdout:/usr/bin/ceph: stderr
2024-04-25T14:53:58.331+0000 7fc396a00700 1 -- 172.21.15.19:0/2239754387 <== mon.0 v2:172.21.15.19:3300/0 3 ==== mon_map magic: 0 ==== 205+0+0 (secure 0 0 0) 0x7fc388011a20 con 0x7fc3981085e0
2024-04-25T14:53:59.604 INFO:teuthology.orchestra.run.smithi019.stdout:/usr/bin/ceph: stderr
2024-04-25T14:53:58.332+0000 7fc39ea00700 1 -- 172.21.15.19:0/2239754387 >> [v2:172.21.15.19:3300/0,v1:172.21.15.19:6789/0] conn(0x7fc3981085e0 msgr2=0x7fc398108a00 secure :-1 s=STATE_CONNECTION_ESTABLISHED l=1).mark_down
2024-04-25T14:53:59.604 INFO:teuthology.orchestra.run.smithi019.stdout:/usr/bin/ceph: stderr
2024-04-25T14:53:58.332+0000 7fc39ea00700 1 --2- 172.21.15.19:0/2239754387 >> [v2:172.21.15.19:3300/0,v1:172.21.15.19:6789/0] conn(0x7fc3981085e0 0x7fc398108a00 secure :-1 s=READY pgs=70 cs=0 l=1 rev1=1 crypto rx=0x7fc3880098a0 tx=0x7fc388009bb0 comp rx=0 tx=0).stop
2024-04-25T14:53:59.604 INFO:teuthology.orchestra.run.smithi019.stdout:/usr/bin/ceph: stderr
2024-04-25T14:53:58.332+0000 7fc39ea00700 1 -- 172.21.15.19:0/2239754387 shutdown_connections
2024-04-25T14:53:59.605 INFO:teuthology.orchestra.run.smithi019.stdout:/usr/bin/ceph: stderr
2024-04-25T14:53:58.332+0000 7fc39ea00700 1 --2- 172.21.15.19:0/2239754387 >> [v2:172.21.15.19:3300/0,v1:172.21.15.19:6789/0] conn(0x7fc3981085e0 0x7fc398108a00 unknown :-1 s=CLOSED pgs=70 cs=0 l=1 rev1=1 crypto rx=0 tx=0 comp rx=0 tx=0).stop
2024-04-25T14:53:59.605 INFO:teuthology.orchestra.run.smithi019.stdout:/usr/bin/ceph: stderr
2024-04-25T14:53:58.332+0000 7fc39ea00700 1 -- 172.21.15.19:0/2239754387 >> 172.21.15.19:0/2239754387 conn(0x7fc398103c60 msgr2=0x7fc398106080 unknown :-1 s=STATE_NONE l=0).mark_down
2024-04-25T14:53:59.605 INFO:teuthology.orchestra.run.smithi019.stdout:/usr/bin/ceph: stderr
2024-04-25T14:53:58.332+0000 7fc39ea00700 1 -- 172.21.15.19:0/2239754387 shutdown_connections
2024-04-25T14:53:59.605 INFO:teuthology.orchestra.run.smithi019.stdout:/usr/bin/ceph: stderr
2024-04-25T14:53:58.332+0000 7fc39ea00700 1 -- 172.21.15.19:0/2239754387 wait complete.
2024-04-25T14:53:59.605 INFO:teuthology.orchestra.run.smithi019.stdout:/usr/bin/ceph: stderr
2024-04-25T14:53:58.333+0000 7fc39ea00700 1 Processor -- start
2024-04-25T14:53:59.605 INFO:teuthology.orchestra.run.smithi019.stdout:/usr/bin/ceph: stderr
2024-04-25T14:53:58.333+0000 7fc39ea00700 1 -- start start
2024-04-25T14:53:59.605 INFO:teuthology.orchestra.run.smithi019.stdout:/usr/bin/ceph: stderr
2024-04-25T14:53:58.334+0000 7fc39ea00700 1 --2- >> [v2:172.21.15.19:3300/0,v1:172.21.15.19:6789/0] conn(0x7fc3981085e0 0x7fc39819c490 unknown :-1 s=NONE pgs=0 cs=0 l=1 rev1=0 crypto rx=0 tx=0 comp rx=0 tx=0).connect
2024-04-25T14:53:59.605 INFO:teuthology.orchestra.run.smithi019.stdout:/usr/bin/ceph: stderr
2024-04-25T14:53:58.334+0000 7fc39ea00700 1 -- --> [v2:172.21.15.19:3300/0,v1:172.21.15.19:6789/0] -- mon_getmap magic: 0 -- 0x7fc39810cb40 con 0x7fc3981085e0
2024-04-25T14:53:59.605 INFO:teuthology.orchestra.run.smithi019.stdout:/usr/bin/ceph: stderr
2024-04-25T14:53:58.334+0000 7fc397e00700 1 --2- >> [v2:172.21.15.19:3300/0,v1:172.21.15.19:6789/0] conn(0x7fc3981085e0 0x7fc39819c490 unknown :-1 s=BANNER_CONNECTING pgs=0 cs=0 l=1 rev1=0 crypto rx=0 tx=0 comp rx=0 tx=0)._handle_peer_banner_payload supported=3 required=0
2024-04-25T14:53:59.605 INFO:teuthology.orchestra.run.smithi019.stdout:/usr/bin/ceph: stderr
2024-04-25T14:53:58.334+0000 7fc397e00700 1 --2- >> [v2:172.21.15.19:3300/0,v1:172.21.15.19:6789/0] conn(0x7fc3981085e0 0x7fc39819c490 unknown :-1 s=HELLO_CONNECTING pgs=0 cs=0 l=1 rev1=1 crypto rx=0 tx=0 comp rx=0 tx=0).handle_hello peer v2:172.21.15.19:3300/0 says I am v2:172.21.15.19:60886/0 (socket says 172.21.15.19:60886)
2024-04-25T14:53:59.605 INFO:teuthology.orchestra.run.smithi019.stdout:/usr/bin/ceph: stderr
2024-04-25T14:53:58.334+0000 7fc397e00700 1 -- 172.21.15.19:0/4209192891 learned_addr learned my addr 172.21.15.19:0/4209192891 (peer_addr_for_me v2:172.21.15.19:0/0)
2024-04-25T14:53:59.605 INFO:teuthology.orchestra.run.smithi019.stdout:/usr/bin/ceph: stderr
2024-04-25T14:53:58.334+0000 7fc397e00700 1 -- 172.21.15.19:0/4209192891 --> [v2:172.21.15.19:3300/0,v1:172.21.15.19:6789/0] -- mon_subscribe({config=0+,monmap=0+}) -- 0x7fc39819c9d0 con 0x7fc3981085e0
2024-04-25T14:53:59.605 INFO:teuthology.orchestra.run.smithi019.stdout:/usr/bin/ceph: stderr
2024-04-25T14:53:58.335+0000 7fc397e00700 1 --2- 172.21.15.19:0/4209192891 >> [v2:172.21.15.19:3300/0,v1:172.21.15.19:6789/0] conn(0x7fc3981085e0 0x7fc39819c490 secure :-1 s=READY pgs=71 cs=0 l=1 rev1=1 crypto rx=0x7fc388000c00 tx=0x7fc388011aa0 comp rx=0 tx=0).ready entity=mon.0 client_cookie=0 server_cookie=0 in_seq=0 out_seq=0
2024-04-25T14:53:59.606 INFO:teuthology.orchestra.run.smithi019.stdout:/usr/bin/ceph: stderr
2024-04-25T14:53:58.335+0000 7fc394c00700 1 -- 172.21.15.19:0/4209192891 <== mon.0 v2:172.21.15.19:3300/0 1 ==== mon_map magic: 0 ==== 205+0+0 (secure 0 0 0) 0x7fc388003aa0 con 0x7fc3981085e0
2024-04-25T14:53:59.606 INFO:teuthology.orchestra.run.smithi019.stdout:/usr/bin/ceph: stderr
2024-04-25T14:53:58.335+0000 7fc394c00700 1 -- 172.21.15.19:0/4209192891 <== mon.0 v2:172.21.15.19:3300/0 2 ==== config(26 keys) ==== 1101+0+0 (secure 0 0 0) 0x7fc38801b8f0 con 0x7fc3981085e0
2024-04-25T14:53:59.606 INFO:teuthology.orchestra.run.smithi019.stdout:/usr/bin/ceph: stderr
2024-04-25T14:53:58.335+0000 7fc394c00700 1 -- 172.21.15.19:0/4209192891 <== mon.0 v2:172.21.15.19:3300/0 3 ==== mon_map magic: 0 ==== 205+0+0 (secure 0 0 0) 0x7fc388023890 con 0x7fc3981085e0
2024-04-25T14:53:59.606 INFO:teuthology.orchestra.run.smithi019.stdout:/usr/bin/ceph: stderr
2024-04-25T14:53:58.335+0000 7fc39ea00700 1 -- 172.21.15.19:0/4209192891 --> [v2:172.21.15.19:3300/0,v1:172.21.15.19:6789/0] -- mon_subscribe({mgrmap=0+}) -- 0x7fc39819cc60 con 0x7fc3981085e0
2024-04-25T14:53:59.606 INFO:teuthology.orchestra.run.smithi019.stdout:/usr/bin/ceph: stderr
2024-04-25T14:53:58.335+0000 7fc39ea00700 1 -- 172.21.15.19:0/4209192891 --> [v2:172.21.15.19:3300/0,v1:172.21.15.19:6789/0] -- mon_subscribe({osdmap=0}) -- 0x7fc39819f950 con 0x7fc3981085e0
2024-04-25T14:53:59.606 INFO:teuthology.orchestra.run.smithi019.stdout:/usr/bin/ceph: stderr
2024-04-25T14:53:58.336+0000 7fc394c00700 1 -- 172.21.15.19:0/4209192891 <== mon.0 v2:172.21.15.19:3300/0 4 ==== mgrmap(e 12) ==== 46571+0+0 (secure 0 0 0) 0x7fc38801b440 con 0x7fc3981085e0
2024-04-25T14:53:59.606 INFO:teuthology.orchestra.run.smithi019.stdout:/usr/bin/ceph: stderr
2024-04-25T14:53:58.336+0000 7fc39ea00700 1 -- 172.21.15.19:0/4209192891 --> [v2:172.21.15.19:3300/0,v1:172.21.15.19:6789/0] -- mon_command({"prefix": "get_command_descriptions"} v 0) -- 0x7fc39810ccc0 con 0x7fc3981085e0
2024-04-25T14:53:59.606 INFO:teuthology.orchestra.run.smithi019.stdout:/usr/bin/ceph: stderr
2024-04-25T14:53:58.337+0000 7fc394c00700 1 --2- 172.21.15.19:0/4209192891 >> [v2:172.21.15.19:6800/983233775,v1:172.21.15.19:6801/983233775] conn(0x7fc37c039660 0x7fc37c03bb20 unknown :-1 s=NONE pgs=0 cs=0 l=1 rev1=0 crypto rx=0 tx=0 comp rx=0 tx=0).connect
2024-04-25T14:53:59.606 INFO:teuthology.orchestra.run.smithi019.stdout:/usr/bin/ceph: stderr
2024-04-25T14:53:58.337+0000 7fc394c00700 1 -- 172.21.15.19:0/4209192891 <== mon.0 v2:172.21.15.19:3300/0 5 ==== osd_map(3..3 src has 1..3) ==== 1155+0+0 (secure 0 0 0) 0x7fc38804e010 con 0x7fc3981085e0
2024-04-25T14:53:59.606 INFO:teuthology.orchestra.run.smithi019.stdout:/usr/bin/ceph: stderr
2024-04-25T14:53:58.337+0000 7fc397400700 1 --2- 172.21.15.19:0/4209192891 >> [v2:172.21.15.19:6800/983233775,v1:172.21.15.19:6801/983233775] conn(0x7fc37c039660 0x7fc37c03bb20 unknown :-1 s=BANNER_CONNECTING pgs=0 cs=0 l=1 rev1=0 crypto rx=0 tx=0 comp rx=0 tx=0)._handle_peer_banner_payload supported=3 required=0
2024-04-25T14:53:59.606 INFO:teuthology.orchestra.run.smithi019.stdout:/usr/bin/ceph: stderr
2024-04-25T14:53:58.338+0000 7fc397400700 1 --2- 172.21.15.19:0/4209192891 >> [v2:172.21.15.19:6800/983233775,v1:172.21.15.19:6801/983233775] conn(0x7fc37c039660 0x7fc37c03bb20 secure :-1 s=READY pgs=7 cs=0 l=1 rev1=1 crypto rx=0x7fc384006fd0 tx=0x7fc384006e40 comp rx=0 tx=0).ready entity=mgr.14152 client_cookie=0 server_cookie=0 in_seq=0 out_seq=0
2024-04-25T14:53:59.606 INFO:teuthology.orchestra.run.smithi019.stdout:/usr/bin/ceph: stderr
2024-04-25T14:53:58.343+0000 7fc394c00700 1 -- 172.21.15.19:0/4209192891 <== mon.0 v2:172.21.15.19:3300/0 6 ==== mon_command_ack([{"prefix": "get_command_descriptions"}]=0 v0) ==== 72+0+188370 (secure 0 0 0) 0x7fc38801f030 con 0x7fc3981085e0
2024-04-25T14:53:59.606 INFO:teuthology.orchestra.run.smithi019.stdout:/usr/bin/ceph: stderr
2024-04-25T14:53:58.579+0000 7fc39ea00700 1 -- 172.21.15.19:0/4209192891 --> [v2:172.21.15.19:6800/983233775,v1:172.21.15.19:6801/983233775] -- mgr_command(tid 0: {"prefix": "dashboard create-self-signed-cert", "target": ["mon-mgr", ""]}) -- 0x7fc398104f20 con 0x7fc37c039660
2024-04-25T14:53:59.606 INFO:teuthology.orchestra.run.smithi019.stdout:/usr/bin/ceph: stderr
2024-04-25T14:53:58.769+0000 7fc394c00700 1 -- 172.21.15.19:0/4209192891 <== mgr.14152 v2:172.21.15.19:6800/983233775 1 ==== mgr_command_reply(tid 0: 0 ) ==== 8+0+32 (secure 0 0 0) 0x7fc398104f20 con 0x7fc37c039660
2024-04-25T14:53:59.607 INFO:teuthology.orchestra.run.smithi019.stdout:/usr/bin/ceph: stderr
2024-04-25T14:53:58.772+0000 7fc39ea00700 1 -- 172.21.15.19:0/4209192891 >> [v2:172.21.15.19:6800/983233775,v1:172.21.15.19:6801/983233775] conn(0x7fc37c039660 msgr2=0x7fc37c03bb20 secure :-1 s=STATE_CONNECTION_ESTABLISHED l=1).mark_down
2024-04-25T14:53:59.607 INFO:teuthology.orchestra.run.smithi019.stdout:/usr/bin/ceph: stderr
2024-04-25T14:53:58.772+0000 7fc39ea00700 1 --2- 172.21.15.19:0/4209192891 >> [v2:172.21.15.19:6800/983233775,v1:172.21.15.19:6801/983233775] conn(0x7fc37c039660 0x7fc37c03bb20 secure :-1 s=READY pgs=7 cs=0 l=1 rev1=1 crypto rx=0x7fc384006fd0 tx=0x7fc384006e40 comp rx=0 tx=0).stop
2024-04-25T14:53:59.607 INFO:teuthology.orchestra.run.smithi019.stdout:/usr/bin/ceph: stderr
2024-04-25T14:53:58.772+0000 7fc39ea00700 1 -- 172.21.15.19:0/4209192891 >> [v2:172.21.15.19:3300/0,v1:172.21.15.19:6789/0] conn(0x7fc3981085e0 msgr2=0x7fc39819c490 secure :-1 s=STATE_CONNECTION_ESTABLISHED l=1).mark_down
2024-04-25T14:53:59.607 INFO:teuthology.orchestra.run.smithi019.stdout:/usr/bin/ceph: stderr
2024-04-25T14:53:58.772+0000 7fc39ea00700 1 --2- 172.21.15.19:0/4209192891 >> [v2:172.21.15.19:3300/0,v1:172.21.15.19:6789/0] conn(0x7fc3981085e0 0x7fc39819c490 secure :-1 s=READY pgs=71 cs=0 l=1 rev1=1 crypto rx=0x7fc388000c00 tx=0x7fc388011aa0 comp rx=0 tx=0).stop
2024-04-25T14:53:59.607 INFO:teuthology.orchestra.run.smithi019.stdout:/usr/bin/ceph: stderr
2024-04-25T14:53:58.772+0000 7fc39ea00700 1 -- 172.21.15.19:0/4209192891 shutdown_connections
2024-04-25T14:53:59.607 INFO:teuthology.orchestra.run.smithi019.stdout:/usr/bin/ceph: stderr
2024-04-25T14:53:58.772+0000 7fc39ea00700 1 --2- 172.21.15.19:0/4209192891 >> [v2:172.21.15.19:6800/983233775,v1:172.21.15.19:6801/983233775] conn(0x7fc37c039660 0x7fc37c03bb20 unknown :-1 s=CLOSED pgs=7 cs=0 l=1 rev1=1 crypto rx=0 tx=0 comp rx=0 tx=0).stop
2024-04-25T14:53:59.607 INFO:teuthology.orchestra.run.smithi019.stdout:/usr/bin/ceph: stderr
2024-04-25T14:53:58.772+0000 7fc39ea00700 1 --2- 172.21.15.19:0/4209192891 >> [v2:172.21.15.19:3300/0,v1:172.21.15.19:6789/0] conn(0x7fc3981085e0 0x7fc39819c490 unknown :-1 s=CLOSED pgs=71 cs=0 l=1 rev1=1 crypto rx=0 tx=0 comp rx=0 tx=0).stop
2024-04-25T14:53:59.607 INFO:teuthology.orchestra.run.smithi019.stdout:/usr/bin/ceph: stderr
2024-04-25T14:53:58.772+0000 7fc39ea00700 1 -- 172.21.15.19:0/4209192891 >> 172.21.15.19:0/4209192891 conn(0x7fc398103c60 msgr2=0x7fc398104810 unknown :-1 s=STATE_NONE l=0).mark_down
2024-04-25T14:53:59.607 INFO:teuthology.orchestra.run.smithi019.stdout:/usr/bin/ceph: stderr
2024-04-25T14:53:58.772+0000 7fc39ea00700 1 -- 172.21.15.19:0/4209192891 shutdown_connections
2024-04-25T14:53:59.607 INFO:teuthology.orchestra.run.smithi019.stdout:/usr/bin/ceph: stderr
2024-04-25T14:53:58.773+0000 7fc39ea00700 1 -- 172.21.15.19:0/4209192891 wait complete.
2024-04-25T14:53:59.608 INFO:teuthology.orchestra.run.smithi019.stdout:Creating initial admin user...
2024-04-25T14:54:00.550 INFO:journalctl@ceph.mon.a.smithi019.stdout:Apr 25 14:54:00 smithi019 ceph-mon[28090]: from='mgr.14152 172.21.15.19:0/2454946404' entity='mgr.x'
2024-04-25T14:54:01.541 INFO:journalctl@ceph.mon.a.smithi019.stdout:Apr 25 14:54:01 smithi019 ceph-mon[28090]: from='client.14166 -' entity='client.admin' cmd=[{"prefix": "dashboard ac-user-create", "username": "admin", "rolename": "administrator", "force_password": true, "pwd_update_required": true, "target": ["mon-mgr", ""]}]: dispatch
2024-04-25T14:54:01.541 INFO:journalctl@ceph.mon.a.smithi019.stdout:Apr 25 14:54:01 smithi019 ceph-mon[28090]: from='mgr.14152 172.21.15.19:0/2454946404' entity='mgr.x'
2024-04-25T14:54:01.554 INFO:teuthology.orchestra.run.smithi019.stdout:/usr/bin/ceph: stdout {"username": "admin", "password": "$2b$12$bbLZeogi5co/66B/wcYuK./CyGCs9MwwqRRDu8YF8oW.DslRXjj/a", "roles": ["administrator"], "name": null, "email": null, "lastUpdate": 1714056840, "enabled": true, "pwdExpirationDate": null, "pwdUpdateRequired": true}
2024-04-25T14:54:01.554 INFO:teuthology.orchestra.run.smithi019.stdout:/usr/bin/ceph: stderr
2024-04-25T14:54:00.279+0000 7f4a83e00700 1 Processor -- start
2024-04-25T14:54:01.554 INFO:teuthology.orchestra.run.smithi019.stdout:/usr/bin/ceph: stderr
2024-04-25T14:54:00.279+0000 7f4a83e00700 1 -- start start
2024-04-25T14:54:01.554 INFO:teuthology.orchestra.run.smithi019.stdout:/usr/bin/ceph: stderr
2024-04-25T14:54:00.279+0000 7f4a83e00700 1 --2- >> [v2:172.21.15.19:3300/0,v1:172.21.15.19:6789/0] conn(0x7f4a8407cd50 0x7f4a8407b1b0 unknown :-1 s=NONE pgs=0 cs=0 l=0 rev1=0 crypto rx=0 tx=0 comp rx=0 tx=0).connect
2024-04-25T14:54:01.554 INFO:teuthology.orchestra.run.smithi019.stdout:/usr/bin/ceph: stderr
2024-04-25T14:54:00.279+0000 7f4a83e00700 1 -- --> [v2:172.21.15.19:3300/0,v1:172.21.15.19:6789/0] -- mon_getmap magic: 0 -- 0x7f4a8407b780 con 0x7f4a8407cd50
2024-04-25T14:54:01.554 INFO:teuthology.orchestra.run.smithi019.stdout:/usr/bin/ceph: stderr
2024-04-25T14:54:00.280+0000 7f4a82a00700 1 --2- >> [v2:172.21.15.19:3300/0,v1:172.21.15.19:6789/0] conn(0x7f4a8407cd50 0x7f4a8407b1b0 unknown :-1 s=BANNER_CONNECTING pgs=0 cs=0 l=0 rev1=0 crypto rx=0 tx=0 comp rx=0 tx=0)._handle_peer_banner_payload supported=3 required=0
2024-04-25T14:54:01.555 INFO:teuthology.orchestra.run.smithi019.stdout:/usr/bin/ceph: stderr
2024-04-25T14:54:00.280+0000 7f4a82a00700 1 --2- >> [v2:172.21.15.19:3300/0,v1:172.21.15.19:6789/0] conn(0x7f4a8407cd50 0x7f4a8407b1b0 unknown :-1 s=HELLO_CONNECTING pgs=0 cs=0 l=0 rev1=1 crypto rx=0 tx=0 comp rx=0 tx=0).handle_hello peer v2:172.21.15.19:3300/0 says I am v2:172.21.15.19:60890/0 (socket says 172.21.15.19:60890)
2024-04-25T14:54:01.555 INFO:teuthology.orchestra.run.smithi019.stdout:/usr/bin/ceph: stderr
2024-04-25T14:54:00.280+0000 7f4a82a00700 1 -- 172.21.15.19:0/3209310782 learned_addr learned my addr 172.21.15.19:0/3209310782 (peer_addr_for_me v2:172.21.15.19:0/0)
2024-04-25T14:54:01.555 INFO:teuthology.orchestra.run.smithi019.stdout:/usr/bin/ceph: stderr
2024-04-25T14:54:00.281+0000 7f4a82a00700 1 -- 172.21.15.19:0/3209310782 --> [v2:172.21.15.19:3300/0,v1:172.21.15.19:6789/0] -- mon_subscribe({config=0+,monmap=0+}) -- 0x7f4a8407b900 con 0x7f4a8407cd50
2024-04-25T14:54:01.555 INFO:teuthology.orchestra.run.smithi019.stdout:/usr/bin/ceph: stderr
2024-04-25T14:54:00.281+0000 7f4a82a00700 1 --2- 172.21.15.19:0/3209310782 >> [v2:172.21.15.19:3300/0,v1:172.21.15.19:6789/0] conn(0x7f4a8407cd50 0x7f4a8407b1b0 secure :-1 s=READY pgs=72 cs=0 l=1 rev1=1 crypto rx=0x7f4a740098a0 tx=0x7f4a74009bb0 comp rx=0 tx=0).ready entity=mon.0 client_cookie=6c256eca6a855d36 server_cookie=0 in_seq=0 out_seq=0
2024-04-25T14:54:01.555 INFO:teuthology.orchestra.run.smithi019.stdout:/usr/bin/ceph: stderr
2024-04-25T14:54:00.281+0000 7f4a81600700 1 -- 172.21.15.19:0/3209310782 <== mon.0 v2:172.21.15.19:3300/0 1 ==== mon_map magic: 0 ==== 205+0+0 (secure 0 0 0) 0x7f4a74004160 con 0x7f4a8407cd50
2024-04-25T14:54:01.555 INFO:teuthology.orchestra.run.smithi019.stdout:/usr/bin/ceph: stderr
2024-04-25T14:54:00.281+0000 7f4a81600700 1 -- 172.21.15.19:0/3209310782 <== mon.0 v2:172.21.15.19:3300/0 2 ==== config(26 keys) ==== 1101+0+0 (secure 0 0 0) 0x7f4a74004300 con 0x7f4a8407cd50
2024-04-25T14:54:01.555 INFO:teuthology.orchestra.run.smithi019.stdout:/usr/bin/ceph: stderr
2024-04-25T14:54:00.281+0000 7f4a81600700 1 -- 172.21.15.19:0/3209310782 <== mon.0 v2:172.21.15.19:3300/0 3 ==== mon_map magic: 0 ==== 205+0+0 (secure 0 0 0) 0x7f4a74011a20 con 0x7f4a8407cd50
2024-04-25T14:54:01.555 INFO:teuthology.orchestra.run.smithi019.stdout:/usr/bin/ceph: stderr
2024-04-25T14:54:00.282+0000 7f4a83e00700 1 -- 172.21.15.19:0/3209310782 >> [v2:172.21.15.19:3300/0,v1:172.21.15.19:6789/0] conn(0x7f4a8407cd50 msgr2=0x7f4a8407b1b0 secure :-1 s=STATE_CONNECTION_ESTABLISHED l=1).mark_down
2024-04-25T14:54:01.555 INFO:teuthology.orchestra.run.smithi019.stdout:/usr/bin/ceph: stderr
2024-04-25T14:54:00.282+0000 7f4a83e00700 1 --2- 172.21.15.19:0/3209310782 >> [v2:172.21.15.19:3300/0,v1:172.21.15.19:6789/0] conn(0x7f4a8407cd50 0x7f4a8407b1b0 secure :-1 s=READY pgs=72 cs=0 l=1 rev1=1 crypto rx=0x7f4a740098a0 tx=0x7f4a74009bb0 comp rx=0 tx=0).stop
2024-04-25T14:54:01.555 INFO:teuthology.orchestra.run.smithi019.stdout:/usr/bin/ceph: stderr
2024-04-25T14:54:00.282+0000 7f4a83e00700 1 -- 172.21.15.19:0/3209310782 shutdown_connections
2024-04-25T14:54:01.555 INFO:teuthology.orchestra.run.smithi019.stdout:/usr/bin/ceph: stderr
2024-04-25T14:54:00.282+0000 7f4a83e00700 1 --2- 172.21.15.19:0/3209310782 >> [v2:172.21.15.19:3300/0,v1:172.21.15.19:6789/0] conn(0x7f4a8407cd50 0x7f4a8407b1b0 unknown :-1 s=CLOSED pgs=72 cs=0 l=1 rev1=1 crypto rx=0 tx=0 comp rx=0 tx=0).stop
2024-04-25T14:54:01.555 INFO:teuthology.orchestra.run.smithi019.stdout:/usr/bin/ceph: stderr
2024-04-25T14:54:00.282+0000 7f4a83e00700 1 -- 172.21.15.19:0/3209310782 >> 172.21.15.19:0/3209310782 conn(0x7f4a84103a00 msgr2=0x7f4a84105e20 unknown :-1 s=STATE_NONE l=0).mark_down
2024-04-25T14:54:01.555 INFO:teuthology.orchestra.run.smithi019.stdout:/usr/bin/ceph: stderr
2024-04-25T14:54:00.282+0000 7f4a83e00700 1 -- 172.21.15.19:0/3209310782 shutdown_connections
2024-04-25T14:54:01.556 INFO:teuthology.orchestra.run.smithi019.stdout:/usr/bin/ceph: stderr
2024-04-25T14:54:00.282+0000 7f4a83e00700 1 -- 172.21.15.19:0/3209310782 wait complete.
2024-04-25T14:54:01.556 INFO:teuthology.orchestra.run.smithi019.stdout:/usr/bin/ceph: stderr
2024-04-25T14:54:00.283+0000 7f4a83e00700 1 Processor -- start
2024-04-25T14:54:01.556 INFO:teuthology.orchestra.run.smithi019.stdout:/usr/bin/ceph: stderr
2024-04-25T14:54:00.283+0000 7f4a83e00700 1 -- start start
2024-04-25T14:54:01.556 INFO:teuthology.orchestra.run.smithi019.stdout:/usr/bin/ceph: stderr
2024-04-25T14:54:00.284+0000 7f4a83e00700 1 --2- >> [v2:172.21.15.19:3300/0,v1:172.21.15.19:6789/0] conn(0x7f4a8407cd50 0x7f4a8419e480 unknown :-1 s=NONE pgs=0 cs=0 l=1 rev1=0 crypto rx=0 tx=0 comp rx=0 tx=0).connect
2024-04-25T14:54:01.556 INFO:teuthology.orchestra.run.smithi019.stdout:/usr/bin/ceph: stderr
2024-04-25T14:54:00.284+0000 7f4a83e00700 1 -- --> [v2:172.21.15.19:3300/0,v1:172.21.15.19:6789/0] -- mon_getmap magic: 0 -- 0x7f4a8410ea20 con 0x7f4a8407cd50
2024-04-25T14:54:01.556 INFO:teuthology.orchestra.run.smithi019.stdout:/usr/bin/ceph: stderr
2024-04-25T14:54:00.284+0000 7f4a82a00700 1 --2- >> [v2:172.21.15.19:3300/0,v1:172.21.15.19:6789/0] conn(0x7f4a8407cd50 0x7f4a8419e480 unknown :-1 s=BANNER_CONNECTING pgs=0 cs=0 l=1 rev1=0 crypto rx=0 tx=0 comp rx=0 tx=0)._handle_peer_banner_payload supported=3 required=0
2024-04-25T14:54:01.556 INFO:teuthology.orchestra.run.smithi019.stdout:/usr/bin/ceph: stderr
2024-04-25T14:54:00.284+0000 7f4a82a00700 1 --2- >> [v2:172.21.15.19:3300/0,v1:172.21.15.19:6789/0] conn(0x7f4a8407cd50 0x7f4a8419e480 unknown :-1 s=HELLO_CONNECTING pgs=0 cs=0 l=1 rev1=1 crypto rx=0 tx=0 comp rx=0 tx=0).handle_hello peer v2:172.21.15.19:3300/0 says I am v2:172.21.15.19:60902/0 (socket says 172.21.15.19:60902)
2024-04-25T14:54:01.556 INFO:teuthology.orchestra.run.smithi019.stdout:/usr/bin/ceph: stderr
2024-04-25T14:54:00.284+0000 7f4a82a00700 1 -- 172.21.15.19:0/2411676133 learned_addr learned my addr 172.21.15.19:0/2411676133 (peer_addr_for_me v2:172.21.15.19:0/0)
2024-04-25T14:54:01.556 INFO:teuthology.orchestra.run.smithi019.stdout:/usr/bin/ceph: stderr
2024-04-25T14:54:00.284+0000 7f4a82a00700 1 -- 172.21.15.19:0/2411676133 --> [v2:172.21.15.19:3300/0,v1:172.21.15.19:6789/0] -- mon_subscribe({config=0+,monmap=0+}) -- 0x7f4a8419e9c0 con 0x7f4a8407cd50
2024-04-25T14:54:01.556 INFO:teuthology.orchestra.run.smithi019.stdout:/usr/bin/ceph: stderr
2024-04-25T14:54:00.285+0000 7f4a82a00700 1 --2- 172.21.15.19:0/2411676133 >> [v2:172.21.15.19:3300/0,v1:172.21.15.19:6789/0] conn(0x7f4a8407cd50 0x7f4a8419e480 secure :-1 s=READY pgs=73 cs=0 l=1 rev1=1 crypto rx=0x7f4a74000c00 tx=0x7f4a74011aa0 comp rx=0 tx=0).ready entity=mon.0 client_cookie=0 server_cookie=0 in_seq=0 out_seq=0
2024-04-25T14:54:01.556 INFO:teuthology.orchestra.run.smithi019.stdout:/usr/bin/ceph: stderr
2024-04-25T14:54:00.285+0000 7f4a88a00700 1 -- 172.21.15.19:0/2411676133 <== mon.0 v2:172.21.15.19:3300/0 1 ==== mon_map magic: 0 ==== 205+0+0 (secure 0 0 0) 0x7f4a74003aa0 con 0x7f4a8407cd50
2024-04-25T14:54:01.556 INFO:teuthology.orchestra.run.smithi019.stdout:/usr/bin/ceph: stderr
2024-04-25T14:54:00.285+0000 7f4a88a00700 1 -- 172.21.15.19:0/2411676133 <== mon.0 v2:172.21.15.19:3300/0 2 ==== config(26 keys) ==== 1101+0+0 (secure 0 0 0) 0x7f4a7401b8f0 con 0x7f4a8407cd50
2024-04-25T14:54:01.556 INFO:teuthology.orchestra.run.smithi019.stdout:/usr/bin/ceph: stderr
2024-04-25T14:54:00.285+0000 7f4a83e00700 1 -- 172.21.15.19:0/2411676133 --> [v2:172.21.15.19:3300/0,v1:172.21.15.19:6789/0] -- mon_subscribe({mgrmap=0+}) -- 0x7f4a8419ec50 con 0x7f4a8407cd50
2024-04-25T14:54:01.557 INFO:teuthology.orchestra.run.smithi019.stdout:/usr/bin/ceph: stderr
2024-04-25T14:54:00.285+0000 7f4a88a00700 1 -- 172.21.15.19:0/2411676133 <== mon.0 v2:172.21.15.19:3300/0 3 ==== mon_map magic: 0 ==== 205+0+0 (secure 0 0 0) 0x7f4a74023870 con 0x7f4a8407cd50
2024-04-25T14:54:01.557 INFO:teuthology.orchestra.run.smithi019.stdout:/usr/bin/ceph: stderr
2024-04-25T14:54:00.285+0000 7f4a83e00700 1 -- 172.21.15.19:0/2411676133 --> [v2:172.21.15.19:3300/0,v1:172.21.15.19:6789/0] -- mon_subscribe({osdmap=0}) -- 0x7f4a841a1940 con 0x7f4a8407cd50
2024-04-25T14:54:01.557 INFO:teuthology.orchestra.run.smithi019.stdout:/usr/bin/ceph: stderr
2024-04-25T14:54:00.287+0000 7f4a83e00700 1 -- 172.21.15.19:0/2411676133 --> [v2:172.21.15.19:3300/0,v1:172.21.15.19:6789/0] -- mon_command({"prefix": "get_command_descriptions"} v 0) -- 0x7f4a84069b80 con 0x7f4a8407cd50
2024-04-25T14:54:01.557 INFO:teuthology.orchestra.run.smithi019.stdout:/usr/bin/ceph: stderr
2024-04-25T14:54:00.287+0000 7f4a88a00700 1 -- 172.21.15.19:0/2411676133 <== mon.0 v2:172.21.15.19:3300/0 4 ==== mgrmap(e 12) ==== 46571+0+0 (secure 0 0 0) 0x7f4a74023b70 con 0x7f4a8407cd50
2024-04-25T14:54:01.557 INFO:teuthology.orchestra.run.smithi019.stdout:/usr/bin/ceph: stderr
2024-04-25T14:54:00.287+0000 7f4a88a00700 1 --2- 172.21.15.19:0/2411676133 >> [v2:172.21.15.19:6800/983233775,v1:172.21.15.19:6801/983233775] conn(0x7f4a68039600 0x7f4a6803bac0 unknown :-1 s=NONE pgs=0 cs=0 l=1 rev1=0 crypto rx=0 tx=0 comp rx=0 tx=0).connect
2024-04-25T14:54:01.557 INFO:teuthology.orchestra.run.smithi019.stdout:/usr/bin/ceph: stderr
2024-04-25T14:54:00.288+0000 7f4a88a00700 1 -- 172.21.15.19:0/2411676133 <== mon.0 v2:172.21.15.19:3300/0 5 ==== osd_map(3..3 src has 1..3) ==== 1155+0+0 (secure 0 0 0) 0x7f4a7404e070 con 0x7f4a8407cd50
2024-04-25T14:54:01.557 INFO:teuthology.orchestra.run.smithi019.stdout:/usr/bin/ceph: stderr
2024-04-25T14:54:00.288+0000 7f4a82000700 1 --2- 172.21.15.19:0/2411676133 >> [v2:172.21.15.19:6800/983233775,v1:172.21.15.19:6801/983233775] conn(0x7f4a68039600 0x7f4a6803bac0 unknown :-1 s=BANNER_CONNECTING pgs=0 cs=0 l=1 rev1=0 crypto rx=0 tx=0 comp rx=0 tx=0)._handle_peer_banner_payload supported=3 required=0
2024-04-25T14:54:01.557 INFO:teuthology.orchestra.run.smithi019.stdout:/usr/bin/ceph: stderr
2024-04-25T14:54:00.289+0000 7f4a82000700 1 --2- 172.21.15.19:0/2411676133 >> [v2:172.21.15.19:6800/983233775,v1:172.21.15.19:6801/983233775] conn(0x7f4a68039600 0x7f4a6803bac0 secure :-1 s=READY pgs=8 cs=0 l=1 rev1=1 crypto rx=0x7f4a70006fd0 tx=0x7f4a70006e40 comp rx=0 tx=0).ready entity=mgr.14152 client_cookie=0 server_cookie=0 in_seq=0 out_seq=0
2024-04-25T14:54:01.557 INFO:teuthology.orchestra.run.smithi019.stdout:/usr/bin/ceph: stderr
2024-04-25T14:54:00.298+0000 7f4a88a00700 1 -- 172.21.15.19:0/2411676133 <== mon.0 v2:172.21.15.19:3300/0 6 ==== mon_command_ack([{"prefix": "get_command_descriptions"}]=0 v0) ==== 72+0+188370 (secure 0 0 0) 0x7f4a7401f030 con 0x7f4a8407cd50
2024-04-25T14:54:01.557 INFO:teuthology.orchestra.run.smithi019.stdout:/usr/bin/ceph: stderr
2024-04-25T14:54:00.548+0000 7f4a83e00700 1 -- 172.21.15.19:0/2411676133 --> [v2:172.21.15.19:6800/983233775,v1:172.21.15.19:6801/983233775] -- mgr_command(tid 0: {"prefix": "dashboard ac-user-create", "username": "admin", "rolename": "administrator", "force_password": true, "pwd_update_required": true, "target": ["mon-mgr", ""]}) -- 0x7f4a8419f130 con 0x7f4a68039600
2024-04-25T14:54:01.557 INFO:teuthology.orchestra.run.smithi019.stdout:/usr/bin/ceph: stderr
2024-04-25T14:54:00.833+0000 7f4a88a00700 1 -- 172.21.15.19:0/2411676133 <== mgr.14152 v2:172.21.15.19:6800/983233775 1 ==== mgr_command_reply(tid 0: 0 ) ==== 8+0+252 (secure 0 0 0) 0x7f4a8419f130 con 0x7f4a68039600
2024-04-25T14:54:01.557 INFO:teuthology.orchestra.run.smithi019.stdout:/usr/bin/ceph: stderr
2024-04-25T14:54:00.836+0000 7f4a83e00700 1 -- 172.21.15.19:0/2411676133 >> [v2:172.21.15.19:6800/983233775,v1:172.21.15.19:6801/983233775] conn(0x7f4a68039600 msgr2=0x7f4a6803bac0 secure :-1 s=STATE_CONNECTION_ESTABLISHED l=1).mark_down
2024-04-25T14:54:01.557 INFO:teuthology.orchestra.run.smithi019.stdout:/usr/bin/ceph: stderr
2024-04-25T14:54:00.836+0000 7f4a83e00700 1 --2- 172.21.15.19:0/2411676133 >> [v2:172.21.15.19:6800/983233775,v1:172.21.15.19:6801/983233775] conn(0x7f4a68039600 0x7f4a6803bac0 secure :-1 s=READY pgs=8 cs=0 l=1 rev1=1 crypto rx=0x7f4a70006fd0 tx=0x7f4a70006e40 comp rx=0 tx=0).stop
2024-04-25T14:54:01.557 INFO:teuthology.orchestra.run.smithi019.stdout:/usr/bin/ceph: stderr
2024-04-25T14:54:00.836+0000 7f4a83e00700 1 -- 172.21.15.19:0/2411676133 >> [v2:172.21.15.19:3300/0,v1:172.21.15.19:6789/0] conn(0x7f4a8407cd50 msgr2=0x7f4a8419e480 secure :-1 s=STATE_CONNECTION_ESTABLISHED l=1).mark_down
2024-04-25T14:54:01.558 INFO:teuthology.orchestra.run.smithi019.stdout:/usr/bin/ceph: stderr
2024-04-25T14:54:00.836+0000 7f4a83e00700 1 --2- 172.21.15.19:0/2411676133 >> [v2:172.21.15.19:3300/0,v1:172.21.15.19:6789/0] conn(0x7f4a8407cd50 0x7f4a8419e480 secure :-1 s=READY pgs=73 cs=0 l=1 rev1=1 crypto rx=0x7f4a74000c00 tx=0x7f4a74011aa0 comp rx=0 tx=0).stop
2024-04-25T14:54:01.558 INFO:teuthology.orchestra.run.smithi019.stdout:/usr/bin/ceph: stderr
2024-04-25T14:54:00.836+0000 7f4a83e00700 1 -- 172.21.15.19:0/2411676133 shutdown_connections
2024-04-25T14:54:01.558 INFO:teuthology.orchestra.run.smithi019.stdout:/usr/bin/ceph: stderr
2024-04-25T14:54:00.836+0000 7f4a83e00700 1 --2- 172.21.15.19:0/2411676133 >> [v2:172.21.15.19:6800/983233775,v1:172.21.15.19:6801/983233775] conn(0x7f4a68039600 0x7f4a6803bac0 unknown :-1 s=CLOSED pgs=8 cs=0 l=1 rev1=1 crypto rx=0 tx=0 comp rx=0 tx=0).stop
2024-04-25T14:54:01.558 INFO:teuthology.orchestra.run.smithi019.stdout:/usr/bin/ceph: stderr
2024-04-25T14:54:00.836+0000 7f4a83e00700 1 --2- 172.21.15.19:0/2411676133 >> [v2:172.21.15.19:3300/0,v1:172.21.15.19:6789/0] conn(0x7f4a8407cd50 0x7f4a8419e480 unknown :-1 s=CLOSED pgs=73 cs=0 l=1 rev1=1 crypto rx=0 tx=0 comp rx=0 tx=0).stop
2024-04-25T14:54:01.558 INFO:teuthology.orchestra.run.smithi019.stdout:/usr/bin/ceph: stderr
2024-04-25T14:54:00.836+0000 7f4a83e00700 1 -- 172.21.15.19:0/2411676133 >> 172.21.15.19:0/2411676133 conn(0x7f4a84103a00 msgr2=0x7f4a841044d0 unknown :-1 s=STATE_NONE l=0).mark_down
2024-04-25T14:54:01.558 INFO:teuthology.orchestra.run.smithi019.stdout:/usr/bin/ceph: stderr
2024-04-25T14:54:00.836+0000 7f4a83e00700 1 -- 172.21.15.19:0/2411676133 shutdown_connections
2024-04-25T14:54:01.558 INFO:teuthology.orchestra.run.smithi019.stdout:/usr/bin/ceph: stderr
2024-04-25T14:54:00.836+0000 7f4a83e00700 1 -- 172.21.15.19:0/2411676133 wait complete.
2024-04-25T14:54:01.558 INFO:teuthology.orchestra.run.smithi019.stdout:Fetching dashboard port number...
2024-04-25T14:54:02.967 INFO:journalctl@ceph.mon.a.smithi019.stdout:Apr 25 14:54:02 smithi019 ceph-mon[28090]: from='mgr.14152 172.21.15.19:0/2454946404' entity='mgr.x'
2024-04-25T14:54:02.967 INFO:journalctl@ceph.mon.a.smithi019.stdout:Apr 25 14:54:02 smithi019 ceph-mon[28090]: from='client.? 172.21.15.19:0/3666702027' entity='client.admin' cmd=[{"prefix": "config get", "who": "mgr", "key": "mgr/dashboard/ssl_server_port"}]: dispatch
2024-04-25T14:54:03.248 INFO:teuthology.orchestra.run.smithi019.stdout:/usr/bin/ceph: stdout 8443
2024-04-25T14:54:03.248 INFO:teuthology.orchestra.run.smithi019.stdout:/usr/bin/ceph: stderr
2024-04-25T14:54:02.163+0000 7fbcec600700 1 Processor -- start
2024-04-25T14:54:03.250 INFO:teuthology.orchestra.run.smithi019.stdout:/usr/bin/ceph: stderr
2024-04-25T14:54:02.163+0000 7fbcec600700 1 -- start start
2024-04-25T14:54:03.250 INFO:teuthology.orchestra.run.smithi019.stdout:/usr/bin/ceph: stderr
2024-04-25T14:54:02.163+0000 7fbcec600700 1 --2- >> [v2:172.21.15.19:3300/0,v1:172.21.15.19:6789/0] conn(0x7fbce407cd70 0x7fbce407b1d0 unknown :-1 s=NONE pgs=0 cs=0 l=0 rev1=0 crypto rx=0 tx=0 comp rx=0 tx=0).connect
2024-04-25T14:54:03.250 INFO:teuthology.orchestra.run.smithi019.stdout:/usr/bin/ceph: stderr
2024-04-25T14:54:02.164+0000 7fbcec600700 1 -- --> [v2:172.21.15.19:3300/0,v1:172.21.15.19:6789/0] -- mon_getmap magic: 0 -- 0x7fbce407b7a0 con 0x7fbce407cd70
2024-04-25T14:54:03.250 INFO:teuthology.orchestra.run.smithi019.stdout:/usr/bin/ceph: stderr
2024-04-25T14:54:02.164+0000 7fbce9c00700 1 --2- >> [v2:172.21.15.19:3300/0,v1:172.21.15.19:6789/0] conn(0x7fbce407cd70 0x7fbce407b1d0 unknown :-1 s=BANNER_CONNECTING pgs=0 cs=0 l=0 rev1=0 crypto rx=0 tx=0 comp rx=0 tx=0)._handle_peer_banner_payload supported=3 required=0
2024-04-25T14:54:03.250 INFO:teuthology.orchestra.run.smithi019.stdout:/usr/bin/ceph: stderr
2024-04-25T14:54:02.164+0000 7fbce9c00700 1 --2- >> [v2:172.21.15.19:3300/0,v1:172.21.15.19:6789/0] conn(0x7fbce407cd70 0x7fbce407b1d0 unknown :-1 s=HELLO_CONNECTING pgs=0 cs=0 l=0 rev1=1 crypto rx=0 tx=0 comp rx=0 tx=0).handle_hello peer v2:172.21.15.19:3300/0 says I am v2:172.21.15.19:60906/0 (socket says 172.21.15.19:60906)
2024-04-25T14:54:03.250 INFO:teuthology.orchestra.run.smithi019.stdout:/usr/bin/ceph: stderr
2024-04-25T14:54:02.164+0000 7fbce9c00700 1 -- 172.21.15.19:0/2699800028 learned_addr learned my addr 172.21.15.19:0/2699800028 (peer_addr_for_me v2:172.21.15.19:0/0)
2024-04-25T14:54:03.250 INFO:teuthology.orchestra.run.smithi019.stdout:/usr/bin/ceph: stderr
2024-04-25T14:54:02.165+0000 7fbce9c00700 1 -- 172.21.15.19:0/2699800028 --> [v2:172.21.15.19:3300/0,v1:172.21.15.19:6789/0] -- mon_subscribe({config=0+,monmap=0+}) -- 0x7fbce407b920 con 0x7fbce407cd70
