2024-04-25T17:38:04.814+0000 7feb577fe700 1 --2- >> [v2:172.21.15.84:3300/0,v1:172.21.15.84:6789/0] conn(0x7feb58106be0 0x7feb58107000 unknown :-1 s=HELLO_CONNECTING pgs=0 cs=0 l=0 rev1=1 crypto rx=0 tx=0 comp rx=0 tx=0).handle_hello peer v2:172.21.15.84:3300/0 says I am v2:172.21.15.84:39962/0 (socket says 172.21.15.84:39962)
2024-04-25T17:38:06.585 INFO:teuthology.orchestra.run.smithi084.stdout:/usr/bin/ceph: stderr
2024-04-25T17:38:04.814+0000 7feb577fe700 1 -- 172.21.15.84:0/2639768265 learned_addr learned my addr 172.21.15.84:0/2639768265 (peer_addr_for_me v2:172.21.15.84:0/0)
2024-04-25T17:38:06.585 INFO:teuthology.orchestra.run.smithi084.stdout:/usr/bin/ceph: stderr
2024-04-25T17:38:04.814+0000 7feb577fe700 1 -- 172.21.15.84:0/2639768265 --> [v2:172.21.15.84:3300/0,v1:172.21.15.84:6789/0] -- mon_subscribe({config=0+,monmap=0+}) -- 0x7feb58107de0 con 0x7feb58106be0
2024-04-25T17:38:06.585 INFO:teuthology.orchestra.run.smithi084.stdout:/usr/bin/ceph: stderr
2024-04-25T17:38:04.814+0000 7feb577fe700 1 --2- 172.21.15.84:0/2639768265 >> [v2:172.21.15.84:3300/0,v1:172.21.15.84:6789/0] conn(0x7feb58106be0 0x7feb58107000 secure :-1 s=READY pgs=53 cs=0 l=1 rev1=1 crypto rx=0x7feb480098a0 tx=0x7feb48009bb0 comp rx=0 tx=0).ready entity=mon.0 client_cookie=5484ef3df4db3f37 server_cookie=0 in_seq=0 out_seq=0
2024-04-25T17:38:06.585 INFO:teuthology.orchestra.run.smithi084.stdout:/usr/bin/ceph: stderr
2024-04-25T17:38:04.814+0000 7feb567fc700 1 -- 172.21.15.84:0/2639768265 <== mon.0 v2:172.21.15.84:3300/0 1 ==== mon_map magic: 0 ==== 205+0+0 (secure 0 0 0) 0x7feb48004160 con 0x7feb58106be0
2024-04-25T17:38:06.585 INFO:teuthology.orchestra.run.smithi084.stdout:/usr/bin/ceph: stderr
2024-04-25T17:38:04.814+0000 7feb567fc700 1 -- 172.21.15.84:0/2639768265 <== mon.0 v2:172.21.15.84:3300/0 2 ==== config(26 keys) ==== 1101+0+0 (secure 0 0 0) 0x7feb48004300 con 0x7feb58106be0
2024-04-25T17:38:06.585 INFO:teuthology.orchestra.run.smithi084.stdout:/usr/bin/ceph: stderr
2024-04-25T17:38:04.814+0000 7feb567fc700 1 -- 172.21.15.84:0/2639768265 <== mon.0 v2:172.21.15.84:3300/0 3 ==== mon_map magic: 0 ==== 205+0+0 (secure 0 0 0) 0x7feb48011a20 con 0x7feb58106be0
2024-04-25T17:38:06.585 INFO:teuthology.orchestra.run.smithi084.stdout:/usr/bin/ceph: stderr
2024-04-25T17:38:04.815+0000 7feb5dea1700 1 -- 172.21.15.84:0/2639768265 >> [v2:172.21.15.84:3300/0,v1:172.21.15.84:6789/0] conn(0x7feb58106be0 msgr2=0x7feb58107000 secure :-1 s=STATE_CONNECTION_ESTABLISHED l=1).mark_down
2024-04-25T17:38:06.585 INFO:teuthology.orchestra.run.smithi084.stdout:/usr/bin/ceph: stderr
2024-04-25T17:38:04.815+0000 7feb5dea1700 1 --2- 172.21.15.84:0/2639768265 >> [v2:172.21.15.84:3300/0,v1:172.21.15.84:6789/0] conn(0x7feb58106be0 0x7feb58107000 secure :-1 s=READY pgs=53 cs=0 l=1 rev1=1 crypto rx=0x7feb480098a0 tx=0x7feb48009bb0 comp rx=0 tx=0).stop
2024-04-25T17:38:06.585 INFO:teuthology.orchestra.run.smithi084.stdout:/usr/bin/ceph: stderr
2024-04-25T17:38:04.815+0000 7feb5dea1700 1 -- 172.21.15.84:0/2639768265 shutdown_connections
2024-04-25T17:38:06.586 INFO:teuthology.orchestra.run.smithi084.stdout:/usr/bin/ceph: stderr
2024-04-25T17:38:04.815+0000 7feb5dea1700 1 --2- 172.21.15.84:0/2639768265 >> [v2:172.21.15.84:3300/0,v1:172.21.15.84:6789/0] conn(0x7feb58106be0 0x7feb58107000 unknown :-1 s=CLOSED pgs=53 cs=0 l=1 rev1=1 crypto rx=0 tx=0 comp rx=0 tx=0).stop
2024-04-25T17:38:06.586 INFO:teuthology.orchestra.run.smithi084.stdout:/usr/bin/ceph: stderr
2024-04-25T17:38:04.815+0000 7feb5dea1700 1 -- 172.21.15.84:0/2639768265 >> 172.21.15.84:0/2639768265 conn(0x7feb581021a0 msgr2=0x7feb581045c0 unknown :-1 s=STATE_NONE l=0).mark_down
2024-04-25T17:38:06.586 INFO:teuthology.orchestra.run.smithi084.stdout:/usr/bin/ceph: stderr
2024-04-25T17:38:04.815+0000 7feb5dea1700 1 -- 172.21.15.84:0/2639768265 shutdown_connections
2024-04-25T17:38:06.586 INFO:teuthology.orchestra.run.smithi084.stdout:/usr/bin/ceph: stderr
2024-04-25T17:38:04.815+0000 7feb5dea1700 1 -- 172.21.15.84:0/2639768265 wait complete.
2024-04-25T17:38:06.586 INFO:teuthology.orchestra.run.smithi084.stdout:/usr/bin/ceph: stderr
2024-04-25T17:38:04.816+0000 7feb5dea1700 1 Processor -- start
2024-04-25T17:38:06.586 INFO:teuthology.orchestra.run.smithi084.stdout:/usr/bin/ceph: stderr
2024-04-25T17:38:04.816+0000 7feb5dea1700 1 -- start start
2024-04-25T17:38:06.586 INFO:teuthology.orchestra.run.smithi084.stdout:/usr/bin/ceph: stderr
2024-04-25T17:38:04.817+0000 7feb5dea1700 1 --2- >> [v2:172.21.15.84:3300/0,v1:172.21.15.84:6789/0] conn(0x7feb58106be0 0x7feb5819a880 unknown :-1 s=NONE pgs=0 cs=0 l=1 rev1=0 crypto rx=0 tx=0 comp rx=0 tx=0).connect
2024-04-25T17:38:06.586 INFO:teuthology.orchestra.run.smithi084.stdout:/usr/bin/ceph: stderr
2024-04-25T17:38:04.817+0000 7feb5dea1700 1 -- --> [v2:172.21.15.84:3300/0,v1:172.21.15.84:6789/0] -- mon_getmap magic: 0 -- 0x7feb5810b190 con 0x7feb58106be0
2024-04-25T17:38:06.586 INFO:teuthology.orchestra.run.smithi084.stdout:/usr/bin/ceph: stderr
2024-04-25T17:38:04.817+0000 7feb577fe700 1 --2- >> [v2:172.21.15.84:3300/0,v1:172.21.15.84:6789/0] conn(0x7feb58106be0 0x7feb5819a880 unknown :-1 s=BANNER_CONNECTING pgs=0 cs=0 l=1 rev1=0 crypto rx=0 tx=0 comp rx=0 tx=0)._handle_peer_banner_payload supported=3 required=0
2024-04-25T17:38:06.586 INFO:teuthology.orchestra.run.smithi084.stdout:/usr/bin/ceph: stderr
2024-04-25T17:38:04.817+0000 7feb577fe700 1 --2- >> [v2:172.21.15.84:3300/0,v1:172.21.15.84:6789/0] conn(0x7feb58106be0 0x7feb5819a880 unknown :-1 s=HELLO_CONNECTING pgs=0 cs=0 l=1 rev1=1 crypto rx=0 tx=0 comp rx=0 tx=0).handle_hello peer v2:172.21.15.84:3300/0 says I am v2:172.21.15.84:39978/0 (socket says 172.21.15.84:39978)
2024-04-25T17:38:06.586 INFO:teuthology.orchestra.run.smithi084.stdout:/usr/bin/ceph: stderr
2024-04-25T17:38:04.817+0000 7feb577fe700 1 -- 172.21.15.84:0/132003719 learned_addr learned my addr 172.21.15.84:0/132003719 (peer_addr_for_me v2:172.21.15.84:0/0)
2024-04-25T17:38:06.586 INFO:teuthology.orchestra.run.smithi084.stdout:/usr/bin/ceph: stderr
2024-04-25T17:38:04.817+0000 7feb577fe700 1 -- 172.21.15.84:0/132003719 --> [v2:172.21.15.84:3300/0,v1:172.21.15.84:6789/0] -- mon_subscribe({config=0+,monmap=0+}) -- 0x7feb5819adc0 con 0x7feb58106be0
2024-04-25T17:38:06.586 INFO:teuthology.orchestra.run.smithi084.stdout:/usr/bin/ceph: stderr
2024-04-25T17:38:04.817+0000 7feb577fe700 1 --2- 172.21.15.84:0/132003719 >> [v2:172.21.15.84:3300/0,v1:172.21.15.84:6789/0] conn(0x7feb58106be0 0x7feb5819a880 secure :-1 s=READY pgs=54 cs=0 l=1 rev1=1 crypto rx=0x7feb48009520 tx=0x7feb48011aa0 comp rx=0 tx=0).ready entity=mon.0 client_cookie=0 server_cookie=0 in_seq=0 out_seq=0
2024-04-25T17:38:06.586 INFO:teuthology.orchestra.run.smithi084.stdout:/usr/bin/ceph: stderr
2024-04-25T17:38:04.817+0000 7feb54ff9700 1 -- 172.21.15.84:0/132003719 <== mon.0 v2:172.21.15.84:3300/0 1 ==== mon_map magic: 0 ==== 205+0+0 (secure 0 0 0) 0x7feb480039e0 con 0x7feb58106be0
2024-04-25T17:38:06.587 INFO:teuthology.orchestra.run.smithi084.stdout:/usr/bin/ceph: stderr
2024-04-25T17:38:04.817+0000 7feb54ff9700 1 -- 172.21.15.84:0/132003719 <== mon.0 v2:172.21.15.84:3300/0 2 ==== config(26 keys) ==== 1101+0+0 (secure 0 0 0) 0x7feb4801b8f0 con 0x7feb58106be0
2024-04-25T17:38:06.587 INFO:teuthology.orchestra.run.smithi084.stdout:/usr/bin/ceph: stderr
2024-04-25T17:38:04.817+0000 7feb54ff9700 1 -- 172.21.15.84:0/132003719 <== mon.0 v2:172.21.15.84:3300/0 3 ==== mon_map magic: 0 ==== 205+0+0 (secure 0 0 0) 0x7feb48019770 con 0x7feb58106be0
2024-04-25T17:38:06.587 INFO:teuthology.orchestra.run.smithi084.stdout:/usr/bin/ceph: stderr
2024-04-25T17:38:04.817+0000 7feb5dea1700 1 -- 172.21.15.84:0/132003719 --> [v2:172.21.15.84:3300/0,v1:172.21.15.84:6789/0] -- mon_subscribe({mgrmap=0+}) -- 0x7feb5819b050 con 0x7feb58106be0
2024-04-25T17:38:06.587 INFO:teuthology.orchestra.run.smithi084.stdout:/usr/bin/ceph: stderr
2024-04-25T17:38:04.818+0000 7feb5dea1700 1 -- 172.21.15.84:0/132003719 --> [v2:172.21.15.84:3300/0,v1:172.21.15.84:6789/0] -- mon_subscribe({osdmap=0}) -- 0x7feb5819f9a0 con 0x7feb58106be0
2024-04-25T17:38:06.587 INFO:teuthology.orchestra.run.smithi084.stdout:/usr/bin/ceph: stderr
2024-04-25T17:38:04.818+0000 7feb54ff9700 1 -- 172.21.15.84:0/132003719 <== mon.0 v2:172.21.15.84:3300/0 4 ==== mgrmap(e 8) ==== 46558+0+0 (secure 0 0 0) 0x7feb48019a70 con 0x7feb58106be0
2024-04-25T17:38:06.587 INFO:teuthology.orchestra.run.smithi084.stdout:/usr/bin/ceph: stderr
2024-04-25T17:38:04.819+0000 7feb54ff9700 1 --2- 172.21.15.84:0/132003719 >> [v2:172.21.15.84:6800/4185962839,v1:172.21.15.84:6801/4185962839] conn(0x7feb400395b0 0x7feb4003ba70 unknown :-1 s=NONE pgs=0 cs=0 l=1 rev1=0 crypto rx=0 tx=0 comp rx=0 tx=0).connect
2024-04-25T17:38:06.587 INFO:teuthology.orchestra.run.smithi084.stdout:/usr/bin/ceph: stderr
2024-04-25T17:38:04.819+0000 7feb54ff9700 1 -- 172.21.15.84:0/132003719 <== mon.0 v2:172.21.15.84:3300/0 5 ==== osd_map(2..2 src has 1..2) ==== 940+0+0 (secure 0 0 0) 0x7feb4804def0 con 0x7feb58106be0
2024-04-25T17:38:06.587 INFO:teuthology.orchestra.run.smithi084.stdout:/usr/bin/ceph: stderr
2024-04-25T17:38:04.819+0000 7feb5dea1700 1 -- 172.21.15.84:0/132003719 --> [v2:172.21.15.84:3300/0,v1:172.21.15.84:6789/0] -- mon_command({"prefix": "get_command_descriptions"} v 0) -- 0x7feb580640a0 con 0x7feb58106be0
2024-04-25T17:38:06.587 INFO:teuthology.orchestra.run.smithi084.stdout:/usr/bin/ceph: stderr
2024-04-25T17:38:04.819+0000 7feb56ffd700 1 --2- 172.21.15.84:0/132003719 >> [v2:172.21.15.84:6800/4185962839,v1:172.21.15.84:6801/4185962839] conn(0x7feb400395b0 0x7feb4003ba70 unknown :-1 s=BANNER_CONNECTING pgs=0 cs=0 l=1 rev1=0 crypto rx=0 tx=0 comp rx=0 tx=0)._handle_peer_banner_payload supported=3 required=0
2024-04-25T17:38:06.587 INFO:teuthology.orchestra.run.smithi084.stdout:/usr/bin/ceph: stderr
2024-04-25T17:38:04.819+0000 7feb56ffd700 1 --2- 172.21.15.84:0/132003719 >> [v2:172.21.15.84:6800/4185962839,v1:172.21.15.84:6801/4185962839] conn(0x7feb400395b0 0x7feb4003ba70 secure :-1 s=READY pgs=15 cs=0 l=1 rev1=1 crypto rx=0x7feb4c006fd0 tx=0x7feb4c006e40 comp rx=0 tx=0).ready entity=mgr.14120 client_cookie=0 server_cookie=0 in_seq=0 out_seq=0
2024-04-25T17:38:06.587 INFO:teuthology.orchestra.run.smithi084.stdout:/usr/bin/ceph: stderr
2024-04-25T17:38:04.824+0000 7feb54ff9700 1 -- 172.21.15.84:0/132003719 <== mon.0 v2:172.21.15.84:3300/0 6 ==== mon_command_ack([{"prefix": "get_command_descriptions"}]=0 v0) ==== 72+0+188370 (secure 0 0 0) 0x7feb4801f030 con 0x7feb58106be0
2024-04-25T17:38:06.587 INFO:teuthology.orchestra.run.smithi084.stdout:/usr/bin/ceph: stderr
2024-04-25T17:38:05.035+0000 7feb5dea1700 1 -- 172.21.15.84:0/132003719 --> [v2:172.21.15.84:3300/0,v1:172.21.15.84:6789/0] -- mon_command([{prefix=config set, name=mgr/dashboard/ssl_server_port}] v 0) -- 0x7feb5819fe50 con 0x7feb58106be0
2024-04-25T17:38:06.588 INFO:teuthology.orchestra.run.smithi084.stdout:/usr/bin/ceph: stderr
2024-04-25T17:38:05.037+0000 7feb54ff9700 1 -- 172.21.15.84:0/132003719 <== mon.0 v2:172.21.15.84:3300/0 7 ==== mon_command_ack([{prefix=config set, name=mgr/dashboard/ssl_server_port}]=0 v8)=0 v8) ==== 130+0+0 (secure 0 0 0) 0x7feb480172b0 con 0x7feb58106be0
2024-04-25T17:38:06.588 INFO:teuthology.orchestra.run.smithi084.stdout:/usr/bin/ceph: stderr
2024-04-25T17:38:05.040+0000 7feb5dea1700 1 -- 172.21.15.84:0/132003719 >> [v2:172.21.15.84:6800/4185962839,v1:172.21.15.84:6801/4185962839] conn(0x7feb400395b0 msgr2=0x7feb4003ba70 secure :-1 s=STATE_CONNECTION_ESTABLISHED l=1).mark_down
2024-04-25T17:38:06.588 INFO:teuthology.orchestra.run.smithi084.stdout:/usr/bin/ceph: stderr
2024-04-25T17:38:05.040+0000 7feb5dea1700 1 --2- 172.21.15.84:0/132003719 >> [v2:172.21.15.84:6800/4185962839,v1:172.21.15.84:6801/4185962839] conn(0x7feb400395b0 0x7feb4003ba70 secure :-1 s=READY pgs=15 cs=0 l=1 rev1=1 crypto rx=0x7feb4c006fd0 tx=0x7feb4c006e40 comp rx=0 tx=0).stop
2024-04-25T17:38:06.588 INFO:teuthology.orchestra.run.smithi084.stdout:/usr/bin/ceph: stderr
2024-04-25T17:38:05.040+0000 7feb5dea1700 1 -- 172.21.15.84:0/132003719 >> [v2:172.21.15.84:3300/0,v1:172.21.15.84:6789/0] conn(0x7feb58106be0 msgr2=0x7feb5819a880 secure :-1 s=STATE_CONNECTION_ESTABLISHED l=1).mark_down
2024-04-25T17:38:06.588 INFO:teuthology.orchestra.run.smithi084.stdout:/usr/bin/ceph: stderr
2024-04-25T17:38:05.040+0000 7feb5dea1700 1 --2- 172.21.15.84:0/132003719 >> [v2:172.21.15.84:3300/0,v1:172.21.15.84:6789/0] conn(0x7feb58106be0 0x7feb5819a880 secure :-1 s=READY pgs=54 cs=0 l=1 rev1=1 crypto rx=0x7feb48009520 tx=0x7feb48011aa0 comp rx=0 tx=0).stop
2024-04-25T17:38:06.588 INFO:teuthology.orchestra.run.smithi084.stdout:/usr/bin/ceph: stderr
2024-04-25T17:38:05.040+0000 7feb5dea1700 1 -- 172.21.15.84:0/132003719 shutdown_connections
2024-04-25T17:38:06.588 INFO:teuthology.orchestra.run.smithi084.stdout:/usr/bin/ceph: stderr
2024-04-25T17:38:05.040+0000 7feb5dea1700 1 --2- 172.21.15.84:0/132003719 >> [v2:172.21.15.84:6800/4185962839,v1:172.21.15.84:6801/4185962839] conn(0x7feb400395b0 0x7feb4003ba70 unknown :-1 s=CLOSED pgs=15 cs=0 l=1 rev1=1 crypto rx=0 tx=0 comp rx=0 tx=0).stop
2024-04-25T17:38:06.588 INFO:teuthology.orchestra.run.smithi084.stdout:/usr/bin/ceph: stderr
2024-04-25T17:38:05.040+0000 7feb5dea1700 1 --2- 172.21.15.84:0/132003719 >> [v2:172.21.15.84:3300/0,v1:172.21.15.84:6789/0] conn(0x7feb58106be0 0x7feb5819a880 unknown :-1 s=CLOSED pgs=54 cs=0 l=1 rev1=1 crypto rx=0 tx=0 comp rx=0 tx=0).stop
2024-04-25T17:38:06.588 INFO:teuthology.orchestra.run.smithi084.stdout:/usr/bin/ceph: stderr
2024-04-25T17:38:05.040+0000 7feb5dea1700 1 -- 172.21.15.84:0/132003719 >> 172.21.15.84:0/132003719 conn(0x7feb581021a0 msgr2=0x7feb58102b90 unknown :-1 s=STATE_NONE l=0).mark_down
2024-04-25T17:38:06.588 INFO:teuthology.orchestra.run.smithi084.stdout:/usr/bin/ceph: stderr
2024-04-25T17:38:05.040+0000 7feb5dea1700 1 -- 172.21.15.84:0/132003719 shutdown_connections
2024-04-25T17:38:06.588 INFO:teuthology.orchestra.run.smithi084.stdout:/usr/bin/ceph: stderr
2024-04-25T17:38:05.040+0000 7feb5dea1700 1 -- 172.21.15.84:0/132003719 wait complete.
2024-04-25T17:38:06.588 INFO:teuthology.orchestra.run.smithi084.stdout:Enabling the dashboard module...
2024-04-25T17:38:07.662 INFO:journalctl@ceph.mon.a.smithi084.stdout:Apr 25 17:38:07 smithi084 ceph-mon[29138]: from='client.? 172.21.15.84:0/4069902351' entity='client.admin' cmd=[{"prefix": "mgr module enable", "module": "dashboard"}]: dispatch
2024-04-25T17:38:07.662 INFO:journalctl@ceph.mgr.x.smithi084.stdout:Apr 25 17:38:07 smithi084 ceph-50fd3432-032a-11ef-bc93-c7b262605968-mgr-x[29367]: ignoring --setuser ceph since I am not root
2024-04-25T17:38:07.662 INFO:journalctl@ceph.mgr.x.smithi084.stdout:Apr 25 17:38:07 smithi084 ceph-50fd3432-032a-11ef-bc93-c7b262605968-mgr-x[29367]: ignoring --setgroup ceph since I am not root
2024-04-25T17:38:07.662 INFO:journalctl@ceph.mgr.x.smithi084.stdout:Apr 25 17:38:07 smithi084 ceph-50fd3432-032a-11ef-bc93-c7b262605968-mgr-x[29367]:
2024-04-25T17:38:07.492+0000 7ff778749200 -1 mgr[py] Module balancer has missing NOTIFY_TYPES member
2024-04-25T17:38:07.931 INFO:journalctl@ceph.mgr.x.smithi084.stdout:Apr 25 17:38:07 smithi084 ceph-50fd3432-032a-11ef-bc93-c7b262605968-mgr-x[29367]:
2024-04-25T17:38:07.680+0000 7ff778749200 -1 mgr[py] Module orchestrator has missing NOTIFY_TYPES member
2024-04-25T17:38:07.931 INFO:journalctl@ceph.mgr.x.smithi084.stdout:Apr 25 17:38:07 smithi084 ceph-50fd3432-032a-11ef-bc93-c7b262605968-mgr-x[29367]:
2024-04-25T17:38:07.784+0000 7ff778749200 -1 mgr[py] Module snap_schedule has missing NOTIFY_TYPES member
2024-04-25T17:38:07.944 INFO:teuthology.orchestra.run.smithi084.stdout:/usr/bin/ceph: stderr
2024-04-25T17:38:06.999+0000 7f4e8f963700 1 Processor -- start
2024-04-25T17:38:07.944 INFO:teuthology.orchestra.run.smithi084.stdout:/usr/bin/ceph: stderr
2024-04-25T17:38:06.999+0000 7f4e8f963700 1 -- start start
2024-04-25T17:38:07.945 INFO:teuthology.orchestra.run.smithi084.stdout:/usr/bin/ceph: stderr
2024-04-25T17:38:06.999+0000 7f4e8f963700 1 --2- >> [v2:172.21.15.84:3300/0,v1:172.21.15.84:6789/0] conn(0x7f4e8807dea0 0x7f4e8807c350 unknown :-1 s=NONE pgs=0 cs=0 l=0 rev1=0 crypto rx=0 tx=0 comp rx=0 tx=0).connect
2024-04-25T17:38:07.945 INFO:teuthology.orchestra.run.smithi084.stdout:/usr/bin/ceph: stderr
2024-04-25T17:38:06.999+0000 7f4e8f963700 1 -- --> [v2:172.21.15.84:3300/0,v1:172.21.15.84:6789/0] -- mon_getmap magic: 0 -- 0x7f4e8807c920 con 0x7f4e8807dea0
2024-04-25T17:38:07.945 INFO:teuthology.orchestra.run.smithi084.stdout:/usr/bin/ceph: stderr
2024-04-25T17:38:06.999+0000 7f4e8d6ff700 1 --2- >> [v2:172.21.15.84:3300/0,v1:172.21.15.84:6789/0] conn(0x7f4e8807dea0 0x7f4e8807c350 unknown :-1 s=BANNER_CONNECTING pgs=0 cs=0 l=0 rev1=0 crypto rx=0 tx=0 comp rx=0 tx=0)._handle_peer_banner_payload supported=3 required=0
2024-04-25T17:38:07.945 INFO:teuthology.orchestra.run.smithi084.stdout:/usr/bin/ceph: stderr
2024-04-25T17:38:06.999+0000 7f4e8d6ff700 1 --2- >> [v2:172.21.15.84:3300/0,v1:172.21.15.84:6789/0] conn(0x7f4e8807dea0 0x7f4e8807c350 unknown :-1 s=HELLO_CONNECTING pgs=0 cs=0 l=0 rev1=1 crypto rx=0 tx=0 comp rx=0 tx=0).handle_hello peer v2:172.21.15.84:3300/0 says I am v2:172.21.15.84:39456/0 (socket says 172.21.15.84:39456)
2024-04-25T17:38:07.945 INFO:teuthology.orchestra.run.smithi084.stdout:/usr/bin/ceph: stderr
2024-04-25T17:38:06.999+0000 7f4e8d6ff700 1 -- 172.21.15.84:0/3847978573 learned_addr learned my addr 172.21.15.84:0/3847978573 (peer_addr_for_me v2:172.21.15.84:0/0)
2024-04-25T17:38:07.945 INFO:teuthology.orchestra.run.smithi084.stdout:/usr/bin/ceph: stderr
2024-04-25T17:38:07.000+0000 7f4e8d6ff700 1 -- 172.21.15.84:0/3847978573 --> [v2:172.21.15.84:3300/0,v1:172.21.15.84:6789/0] -- mon_subscribe({config=0+,monmap=0+}) -- 0x7f4e8807caa0 con 0x7f4e8807dea0
2024-04-25T17:38:07.946 INFO:teuthology.orchestra.run.smithi084.stdout:/usr/bin/ceph: stderr
2024-04-25T17:38:07.000+0000 7f4e8d6ff700 1 --2- 172.21.15.84:0/3847978573 >> [v2:172.21.15.84:3300/0,v1:172.21.15.84:6789/0] conn(0x7f4e8807dea0 0x7f4e8807c350 secure :-1 s=READY pgs=55 cs=0 l=1 rev1=1 crypto rx=0x7f4e840098a0 tx=0x7f4e84009bb0 comp rx=0 tx=0).ready entity=mon.0 client_cookie=353425cf906cd65a server_cookie=0 in_seq=0 out_seq=0
2024-04-25T17:38:07.946 INFO:teuthology.orchestra.run.smithi084.stdout:/usr/bin/ceph: stderr
2024-04-25T17:38:07.000+0000 7f4e7ffff700 1 -- 172.21.15.84:0/3847978573 <== mon.0 v2:172.21.15.84:3300/0 1 ==== mon_map magic: 0 ==== 205+0+0 (secure 0 0 0) 0x7f4e84004160 con 0x7f4e8807dea0
2024-04-25T17:38:07.946 INFO:teuthology.orchestra.run.smithi084.stdout:/usr/bin/ceph: stderr
2024-04-25T17:38:07.000+0000 7f4e7ffff700 1 -- 172.21.15.84:0/3847978573 <== mon.0 v2:172.21.15.84:3300/0 2 ==== config(26 keys) ==== 1101+0+0 (secure 0 0 0) 0x7f4e84004300 con 0x7f4e8807dea0
2024-04-25T17:38:07.946 INFO:teuthology.orchestra.run.smithi084.stdout:/usr/bin/ceph: stderr
2024-04-25T17:38:07.000+0000 7f4e7ffff700 1 -- 172.21.15.84:0/3847978573 <== mon.0 v2:172.21.15.84:3300/0 3 ==== mon_map magic: 0 ==== 205+0+0 (secure 0 0 0) 0x7f4e84011a20 con 0x7f4e8807dea0
2024-04-25T17:38:07.946 INFO:teuthology.orchestra.run.smithi084.stdout:/usr/bin/ceph: stderr
2024-04-25T17:38:07.001+0000 7f4e8f963700 1 -- 172.21.15.84:0/3847978573 >> [v2:172.21.15.84:3300/0,v1:172.21.15.84:6789/0] conn(0x7f4e8807dea0 msgr2=0x7f4e8807c350 secure :-1 s=STATE_CONNECTION_ESTABLISHED l=1).mark_down
2024-04-25T17:38:07.947 INFO:teuthology.orchestra.run.smithi084.stdout:/usr/bin/ceph: stderr
2024-04-25T17:38:07.001+0000 7f4e8f963700 1 --2- 172.21.15.84:0/3847978573 >> [v2:172.21.15.84:3300/0,v1:172.21.15.84:6789/0] conn(0x7f4e8807dea0 0x7f4e8807c350 secure :-1 s=READY pgs=55 cs=0 l=1 rev1=1 crypto rx=0x7f4e840098a0 tx=0x7f4e84009bb0 comp rx=0 tx=0).stop
2024-04-25T17:38:07.947 INFO:teuthology.orchestra.run.smithi084.stdout:/usr/bin/ceph: stderr
2024-04-25T17:38:07.001+0000 7f4e8f963700 1 -- 172.21.15.84:0/3847978573 shutdown_connections
2024-04-25T17:38:07.947 INFO:teuthology.orchestra.run.smithi084.stdout:/usr/bin/ceph: stderr
2024-04-25T17:38:07.001+0000 7f4e8f963700 1 --2- 172.21.15.84:0/3847978573 >> [v2:172.21.15.84:3300/0,v1:172.21.15.84:6789/0] conn(0x7f4e8807dea0 0x7f4e8807c350 unknown :-1 s=CLOSED pgs=55 cs=0 l=1 rev1=1 crypto rx=0 tx=0 comp rx=0 tx=0).stop
2024-04-25T17:38:07.947 INFO:teuthology.orchestra.run.smithi084.stdout:/usr/bin/ceph: stderr
2024-04-25T17:38:07.001+0000 7f4e8f963700 1 -- 172.21.15.84:0/3847978573 >> 172.21.15.84:0/3847978573 conn(0x7f4e88103b10 msgr2=0x7f4e88105f30 unknown :-1 s=STATE_NONE l=0).mark_down
2024-04-25T17:38:07.947 INFO:teuthology.orchestra.run.smithi084.stdout:/usr/bin/ceph: stderr
2024-04-25T17:38:07.001+0000 7f4e8f963700 1 -- 172.21.15.84:0/3847978573 shutdown_connections
2024-04-25T17:38:07.947 INFO:teuthology.orchestra.run.smithi084.stdout:/usr/bin/ceph: stderr
2024-04-25T17:38:07.001+0000 7f4e8f963700 1 -- 172.21.15.84:0/3847978573 wait complete.
2024-04-25T17:38:07.948 INFO:teuthology.orchestra.run.smithi084.stdout:/usr/bin/ceph: stderr
2024-04-25T17:38:07.001+0000 7f4e8f963700 1 Processor -- start
2024-04-25T17:38:07.948 INFO:teuthology.orchestra.run.smithi084.stdout:/usr/bin/ceph: stderr
2024-04-25T17:38:07.001+0000 7f4e8f963700 1 -- start start
2024-04-25T17:38:07.948 INFO:teuthology.orchestra.run.smithi084.stdout:/usr/bin/ceph: stderr
2024-04-25T17:38:07.001+0000 7f4e8f963700 1 --2- >> [v2:172.21.15.84:3300/0,v1:172.21.15.84:6789/0] conn(0x7f4e8807dea0 0x7f4e8819e620 unknown :-1 s=NONE pgs=0 cs=0 l=1 rev1=0 crypto rx=0 tx=0 comp rx=0 tx=0).connect
2024-04-25T17:38:07.948 INFO:teuthology.orchestra.run.smithi084.stdout:/usr/bin/ceph: stderr
2024-04-25T17:38:07.001+0000 7f4e8f963700 1 -- --> [v2:172.21.15.84:3300/0,v1:172.21.15.84:6789/0] -- mon_getmap magic: 0 -- 0x7f4e8810eb10 con 0x7f4e8807dea0
2024-04-25T17:38:07.948 INFO:teuthology.orchestra.run.smithi084.stdout:/usr/bin/ceph: stderr
2024-04-25T17:38:07.002+0000 7f4e8d6ff700 1 --2- >> [v2:172.21.15.84:3300/0,v1:172.21.15.84:6789/0] conn(0x7f4e8807dea0 0x7f4e8819e620 unknown :-1 s=BANNER_CONNECTING pgs=0 cs=0 l=1 rev1=0 crypto rx=0 tx=0 comp rx=0 tx=0)._handle_peer_banner_payload supported=3 required=0
2024-04-25T17:38:07.949 INFO:teuthology.orchestra.run.smithi084.stdout:/usr/bin/ceph: stderr
2024-04-25T17:38:07.002+0000 7f4e8d6ff700 1 --2- >> [v2:172.21.15.84:3300/0,v1:172.21.15.84:6789/0] conn(0x7f4e8807dea0 0x7f4e8819e620 unknown :-1 s=HELLO_CONNECTING pgs=0 cs=0 l=1 rev1=1 crypto rx=0 tx=0 comp rx=0 tx=0).handle_hello peer v2:172.21.15.84:3300/0 says I am v2:172.21.15.84:39466/0 (socket says 172.21.15.84:39466)
2024-04-25T17:38:07.949 INFO:teuthology.orchestra.run.smithi084.stdout:/usr/bin/ceph: stderr
2024-04-25T17:38:07.002+0000 7f4e8d6ff700 1 -- 172.21.15.84:0/4069902351 learned_addr learned my addr 172.21.15.84:0/4069902351 (peer_addr_for_me v2:172.21.15.84:0/0)
2024-04-25T17:38:07.949 INFO:teuthology.orchestra.run.smithi084.stdout:/usr/bin/ceph: stderr
2024-04-25T17:38:07.002+0000 7f4e8d6ff700 1 -- 172.21.15.84:0/4069902351 --> [v2:172.21.15.84:3300/0,v1:172.21.15.84:6789/0] -- mon_subscribe({config=0+,monmap=0+}) -- 0x7f4e8819eb60 con 0x7f4e8807dea0
2024-04-25T17:38:07.949 INFO:teuthology.orchestra.run.smithi084.stdout:/usr/bin/ceph: stderr
2024-04-25T17:38:07.002+0000 7f4e8d6ff700 1 --2- 172.21.15.84:0/4069902351 >> [v2:172.21.15.84:3300/0,v1:172.21.15.84:6789/0] conn(0x7f4e8807dea0 0x7f4e8819e620 secure :-1 s=READY pgs=56 cs=0 l=1 rev1=1 crypto rx=0x7f4e840116e0 tx=0x7f4e84011aa0 comp rx=0 tx=0).ready entity=mon.0 client_cookie=0 server_cookie=0 in_seq=0 out_seq=0
2024-04-25T17:38:07.949 INFO:teuthology.orchestra.run.smithi084.stdout:/usr/bin/ceph: stderr
2024-04-25T17:38:07.002+0000 7f4e7e7fc700 1 -- 172.21.15.84:0/4069902351 <== mon.0 v2:172.21.15.84:3300/0 1 ==== mon_map magic: 0 ==== 205+0+0 (secure 0 0 0) 0x7f4e84003b20 con 0x7f4e8807dea0
2024-04-25T17:38:07.949 INFO:teuthology.orchestra.run.smithi084.stdout:/usr/bin/ceph: stderr
2024-04-25T17:38:07.002+0000 7f4e7e7fc700 1 -- 172.21.15.84:0/4069902351 <== mon.0 v2:172.21.15.84:3300/0 2 ==== config(26 keys) ==== 1101+0+0 (secure 0 0 0) 0x7f4e8401b8f0 con 0x7f4e8807dea0
2024-04-25T17:38:07.950 INFO:teuthology.orchestra.run.smithi084.stdout:/usr/bin/ceph: stderr
2024-04-25T17:38:07.002+0000 7f4e8f963700 1 -- 172.21.15.84:0/4069902351 --> [v2:172.21.15.84:3300/0,v1:172.21.15.84:6789/0] -- mon_subscribe({mgrmap=0+}) -- 0x7f4e8819edf0 con 0x7f4e8807dea0
2024-04-25T17:38:07.950 INFO:teuthology.orchestra.run.smithi084.stdout:/usr/bin/ceph: stderr
2024-04-25T17:38:07.002+0000 7f4e7e7fc700 1 -- 172.21.15.84:0/4069902351 <== mon.0 v2:172.21.15.84:3300/0 3 ==== mon_map magic: 0 ==== 205+0+0 (secure 0 0 0) 0x7f4e840238c0 con 0x7f4e8807dea0
2024-04-25T17:38:07.950 INFO:teuthology.orchestra.run.smithi084.stdout:/usr/bin/ceph: stderr
2024-04-25T17:38:07.002+0000 7f4e8f963700 1 -- 172.21.15.84:0/4069902351 --> [v2:172.21.15.84:3300/0,v1:172.21.15.84:6789/0] -- mon_subscribe({osdmap=0}) -- 0x7f4e881a1ae0 con 0x7f4e8807dea0
2024-04-25T17:38:07.950 INFO:teuthology.orchestra.run.smithi084.stdout:/usr/bin/ceph: stderr
2024-04-25T17:38:07.003+0000 7f4e8f963700 1 -- 172.21.15.84:0/4069902351 --> [v2:172.21.15.84:3300/0,v1:172.21.15.84:6789/0] -- mon_command({"prefix": "get_command_descriptions"} v 0) -- 0x7f4e880640a0 con 0x7f4e8807dea0
2024-04-25T17:38:07.950 INFO:teuthology.orchestra.run.smithi084.stdout:/usr/bin/ceph: stderr
2024-04-25T17:38:07.003+0000 7f4e7e7fc700 1 -- 172.21.15.84:0/4069902351 <== mon.0 v2:172.21.15.84:3300/0 4 ==== mgrmap(e 8) ==== 46558+0+0 (secure 0 0 0) 0x7f4e8401b440 con 0x7f4e8807dea0
2024-04-25T17:38:07.951 INFO:teuthology.orchestra.run.smithi084.stdout:/usr/bin/ceph: stderr
2024-04-25T17:38:07.003+0000 7f4e7e7fc700 1 --2- 172.21.15.84:0/4069902351 >> [v2:172.21.15.84:6800/4185962839,v1:172.21.15.84:6801/4185962839] conn(0x7f4e740395b0 0x7f4e7403ba70 unknown :-1 s=NONE pgs=0 cs=0 l=1 rev1=0 crypto rx=0 tx=0 comp rx=0 tx=0).connect
2024-04-25T17:38:07.951 INFO:teuthology.orchestra.run.smithi084.stdout:/usr/bin/ceph: stderr
2024-04-25T17:38:07.003+0000 7f4e7e7fc700 1 -- 172.21.15.84:0/4069902351 <== mon.0 v2:172.21.15.84:3300/0 5 ==== osd_map(2..2 src has 1..2) ==== 940+0+0 (secure 0 0 0) 0x7f4e8404e000 con 0x7f4e8807dea0
2024-04-25T17:38:07.951 INFO:teuthology.orchestra.run.smithi084.stdout:/usr/bin/ceph: stderr
2024-04-25T17:38:07.003+0000 7f4e8cefe700 1 --2- 172.21.15.84:0/4069902351 >> [v2:172.21.15.84:6800/4185962839,v1:172.21.15.84:6801/4185962839] conn(0x7f4e740395b0 0x7f4e7403ba70 unknown :-1 s=BANNER_CONNECTING pgs=0 cs=0 l=1 rev1=0 crypto rx=0 tx=0 comp rx=0 tx=0)._handle_peer_banner_payload supported=3 required=0
2024-04-25T17:38:07.951 INFO:teuthology.orchestra.run.smithi084.stdout:/usr/bin/ceph: stderr
2024-04-25T17:38:07.004+0000 7f4e8cefe700 1 --2- 172.21.15.84:0/4069902351 >> [v2:172.21.15.84:6800/4185962839,v1:172.21.15.84:6801/4185962839] conn(0x7f4e740395b0 0x7f4e7403ba70 secure :-1 s=READY pgs=16 cs=0 l=1 rev1=1 crypto rx=0x7f4e78006fd0 tx=0x7f4e78006e40 comp rx=0 tx=0).ready entity=mgr.14120 client_cookie=0 server_cookie=0 in_seq=0 out_seq=0
2024-04-25T17:38:07.951 INFO:teuthology.orchestra.run.smithi084.stdout:/usr/bin/ceph: stderr
2024-04-25T17:38:07.008+0000 7f4e7e7fc700 1 -- 172.21.15.84:0/4069902351 <== mon.0 v2:172.21.15.84:3300/0 6 ==== mon_command_ack([{"prefix": "get_command_descriptions"}]=0 v0) ==== 72+0+188370 (secure 0 0 0) 0x7f4e8401f030 con 0x7f4e8807dea0
2024-04-25T17:38:07.951 INFO:teuthology.orchestra.run.smithi084.stdout:/usr/bin/ceph: stderr
2024-04-25T17:38:07.265+0000 7f4e8f963700 1 -- 172.21.15.84:0/4069902351 --> [v2:172.21.15.84:3300/0,v1:172.21.15.84:6789/0] -- mon_command({"prefix": "mgr module enable", "module": "dashboard"} v 0) -- 0x7f4e881a1cb0 con 0x7f4e8807dea0
2024-04-25T17:38:07.952 INFO:teuthology.orchestra.run.smithi084.stdout:/usr/bin/ceph: stderr
2024-04-25T17:38:07.317+0000 7f4e7e7fc700 1 -- 172.21.15.84:0/4069902351 <== mon.0 v2:172.21.15.84:3300/0 7 ==== mon_command_ack([{"prefix": "mgr module enable", "module": "dashboard"}]=0 v9) ==== 88+0+0 (secure 0 0 0) 0x7f4e84018350 con 0x7f4e8807dea0
2024-04-25T17:38:07.952 INFO:teuthology.orchestra.run.smithi084.stdout:/usr/bin/ceph: stderr
2024-04-25T17:38:07.319+0000 7f4e7e7fc700 1 -- 172.21.15.84:0/4069902351 <== mon.0 v2:172.21.15.84:3300/0 8 ==== mgrmap(e 9) ==== 46571+0+0 (secure 0 0 0) 0x7f4e8401a3d0 con 0x7f4e8807dea0
2024-04-25T17:38:07.952 INFO:teuthology.orchestra.run.smithi084.stdout:/usr/bin/ceph: stderr
2024-04-25T17:38:07.320+0000 7f4e8f963700 1 -- 172.21.15.84:0/4069902351 >> [v2:172.21.15.84:6800/4185962839,v1:172.21.15.84:6801/4185962839] conn(0x7f4e740395b0 msgr2=0x7f4e7403ba70 secure :-1 s=STATE_CONNECTION_ESTABLISHED l=1).mark_down
2024-04-25T17:38:07.952 INFO:teuthology.orchestra.run.smithi084.stdout:/usr/bin/ceph: stderr
2024-04-25T17:38:07.320+0000 7f4e8f963700 1 --2- 172.21.15.84:0/4069902351 >> [v2:172.21.15.84:6800/4185962839,v1:172.21.15.84:6801/4185962839] conn(0x7f4e740395b0 0x7f4e7403ba70 secure :-1 s=READY pgs=16 cs=0 l=1 rev1=1 crypto rx=0x7f4e78006fd0 tx=0x7f4e78006e40 comp rx=0 tx=0).stop
2024-04-25T17:38:07.952 INFO:teuthology.orchestra.run.smithi084.stdout:/usr/bin/ceph: stderr
2024-04-25T17:38:07.320+0000 7f4e8f963700 1 -- 172.21.15.84:0/4069902351 >> [v2:172.21.15.84:3300/0,v1:172.21.15.84:6789/0] conn(0x7f4e8807dea0 msgr2=0x7f4e8819e620 secure :-1 s=STATE_CONNECTION_ESTABLISHED l=1).mark_down
2024-04-25T17:38:07.953 INFO:teuthology.orchestra.run.smithi084.stdout:/usr/bin/ceph: stderr
2024-04-25T17:38:07.320+0000 7f4e8f963700 1 --2- 172.21.15.84:0/4069902351 >> [v2:172.21.15.84:3300/0,v1:172.21.15.84:6789/0] conn(0x7f4e8807dea0 0x7f4e8819e620 secure :-1 s=READY pgs=56 cs=0 l=1 rev1=1 crypto rx=0x7f4e840116e0 tx=0x7f4e84011aa0 comp rx=0 tx=0).stop
2024-04-25T17:38:07.953 INFO:teuthology.orchestra.run.smithi084.stdout:/usr/bin/ceph: stderr
2024-04-25T17:38:07.320+0000 7f4e8f963700 1 -- 172.21.15.84:0/4069902351 shutdown_connections
2024-04-25T17:38:07.953 INFO:teuthology.orchestra.run.smithi084.stdout:/usr/bin/ceph: stderr
2024-04-25T17:38:07.320+0000 7f4e8f963700 1 --2- 172.21.15.84:0/4069902351 >> [v2:172.21.15.84:6800/4185962839,v1:172.21.15.84:6801/4185962839] conn(0x7f4e740395b0 0x7f4e7403ba70 unknown :-1 s=CLOSED pgs=16 cs=0 l=1 rev1=1 crypto rx=0 tx=0 comp rx=0 tx=0).stop
2024-04-25T17:38:07.953 INFO:teuthology.orchestra.run.smithi084.stdout:/usr/bin/ceph: stderr
2024-04-25T17:38:07.320+0000 7f4e8f963700 1 --2- 172.21.15.84:0/4069902351 >> [v2:172.21.15.84:3300/0,v1:172.21.15.84:6789/0] conn(0x7f4e8807dea0 0x7f4e8819e620 unknown :-1 s=CLOSED pgs=56 cs=0 l=1 rev1=1 crypto rx=0 tx=0 comp rx=0 tx=0).stop
2024-04-25T17:38:07.953 INFO:teuthology.orchestra.run.smithi084.stdout:/usr/bin/ceph: stderr
2024-04-25T17:38:07.320+0000 7f4e8f963700 1 -- 172.21.15.84:0/4069902351 >> 172.21.15.84:0/4069902351 conn(0x7f4e88103b10 msgr2=0x7f4e88104660 unknown :-1 s=STATE_NONE l=0).mark_down
2024-04-25T17:38:07.953 INFO:teuthology.orchestra.run.smithi084.stdout:/usr/bin/ceph: stderr
2024-04-25T17:38:07.320+0000 7f4e8f963700 1 -- 172.21.15.84:0/4069902351 shutdown_connections
2024-04-25T17:38:07.954 INFO:teuthology.orchestra.run.smithi084.stdout:/usr/bin/ceph: stderr
2024-04-25T17:38:07.320+0000 7f4e8f963700 1 -- 172.21.15.84:0/4069902351 wait complete.
2024-04-25T17:38:08.186 INFO:journalctl@ceph.mgr.x.smithi084.stdout:Apr 25 17:38:08 smithi084 ceph-50fd3432-032a-11ef-bc93-c7b262605968-mgr-x[29367]:
2024-04-25T17:38:08.101+0000 7ff778749200 -1 mgr[py] Module progress has missing NOTIFY_TYPES member
2024-04-25T17:38:08.480 INFO:journalctl@ceph.mon.a.smithi084.stdout:Apr 25 17:38:08 smithi084 ceph-mon[29138]: from='client.? 172.21.15.84:0/4069902351' entity='client.admin' cmd='[{"prefix": "mgr module enable", "module": "dashboard"}]': finished
2024-04-25T17:38:08.480 INFO:journalctl@ceph.mon.a.smithi084.stdout:Apr 25 17:38:08 smithi084 ceph-mon[29138]: mgrmap e9: x(active, since 19s)
2024-04-25T17:38:08.480 INFO:journalctl@ceph.mgr.x.smithi084.stdout:Apr 25 17:38:08 smithi084 ceph-50fd3432-032a-11ef-bc93-c7b262605968-mgr-x[29367]:
2024-04-25T17:38:08.185+0000 7ff778749200 -1 mgr[py] Module influx has missing NOTIFY_TYPES member
2024-04-25T17:38:09.289 INFO:teuthology.orchestra.run.smithi084.stdout:/usr/bin/ceph: stdout {
2024-04-25T17:38:09.296 INFO:teuthology.orchestra.run.smithi084.stdout:/usr/bin/ceph: stdout "epoch": 9,
2024-04-25T17:38:09.296 INFO:teuthology.orchestra.run.smithi084.stdout:/usr/bin/ceph: stdout "available": true,
2024-04-25T17:38:09.296 INFO:teuthology.orchestra.run.smithi084.stdout:/usr/bin/ceph: stdout "active_name": "x",
2024-04-25T17:38:09.296 INFO:teuthology.orchestra.run.smithi084.stdout:/usr/bin/ceph: stdout "num_standby": 0
2024-04-25T17:38:09.296 INFO:teuthology.orchestra.run.smithi084.stdout:/usr/bin/ceph: stdout }
2024-04-25T17:38:09.296 INFO:teuthology.orchestra.run.smithi084.stdout:/usr/bin/ceph: stderr
2024-04-25T17:38:08.418+0000 7f2e2134d700 1 Processor -- start
2024-04-25T17:38:09.296 INFO:teuthology.orchestra.run.smithi084.stdout:/usr/bin/ceph: stderr
2024-04-25T17:38:08.418+0000 7f2e2134d700 1 -- start start
2024-04-25T17:38:09.296 INFO:teuthology.orchestra.run.smithi084.stdout:/usr/bin/ceph: stderr
2024-04-25T17:38:08.418+0000 7f2e2134d700 1 --2- >> [v2:172.21.15.84:3300/0,v1:172.21.15.84:6789/0] conn(0x7f2e1c107440 0x7f2e1c107860 unknown :-1 s=NONE pgs=0 cs=0 l=0 rev1=0 crypto rx=0 tx=0 comp rx=0 tx=0).connect
2024-04-25T17:38:09.296 INFO:teuthology.orchestra.run.smithi084.stdout:/usr/bin/ceph: stderr
2024-04-25T17:38:08.418+0000 7f2e2134d700 1 -- --> [v2:172.21.15.84:3300/0,v1:172.21.15.84:6789/0] -- mon_getmap magic: 0 -- 0x7f2e1c107e30 con 0x7f2e1c107440
2024-04-25T17:38:09.297 INFO:teuthology.orchestra.run.smithi084.stdout:/usr/bin/ceph: stderr
2024-04-25T17:38:08.419+0000 7f2e1affd700 1 --2- >> [v2:172.21.15.84:3300/0,v1:172.21.15.84:6789/0] conn(0x7f2e1c107440 0x7f2e1c107860 unknown :-1 s=BANNER_CONNECTING pgs=0 cs=0 l=0 rev1=0 crypto rx=0 tx=0 comp rx=0 tx=0)._handle_peer_banner_payload supported=3 required=0
2024-04-25T17:38:09.297 INFO:teuthology.orchestra.run.smithi084.stdout:/usr/bin/ceph: stderr
2024-04-25T17:38:08.419+0000 7f2e1affd700 1 --2- >> [v2:172.21.15.84:3300/0,v1:172.21.15.84:6789/0] conn(0x7f2e1c107440 0x7f2e1c107860 unknown :-1 s=HELLO_CONNECTING pgs=0 cs=0 l=0 rev1=1 crypto rx=0 tx=0 comp rx=0 tx=0).handle_hello peer v2:172.21.15.84:3300/0 says I am v2:172.21.15.84:39514/0 (socket says 172.21.15.84:39514)
2024-04-25T17:38:09.297 INFO:teuthology.orchestra.run.smithi084.stdout:/usr/bin/ceph: stderr
2024-04-25T17:38:08.419+0000 7f2e1affd700 1 -- 172.21.15.84:0/590978834 learned_addr learned my addr 172.21.15.84:0/590978834 (peer_addr_for_me v2:172.21.15.84:0/0)
2024-04-25T17:38:09.297 INFO:teuthology.orchestra.run.smithi084.stdout:/usr/bin/ceph: stderr
2024-04-25T17:38:08.419+0000 7f2e1affd700 1 -- 172.21.15.84:0/590978834 --> [v2:172.21.15.84:3300/0,v1:172.21.15.84:6789/0] -- mon_subscribe({config=0+,monmap=0+}) -- 0x7f2e1c108640 con 0x7f2e1c107440
2024-04-25T17:38:09.297 INFO:teuthology.orchestra.run.smithi084.stdout:/usr/bin/ceph: stderr
2024-04-25T17:38:08.419+0000 7f2e1affd700 1 --2- 172.21.15.84:0/590978834 >> [v2:172.21.15.84:3300/0,v1:172.21.15.84:6789/0] conn(0x7f2e1c107440 0x7f2e1c107860 secure :-1 s=READY pgs=59 cs=0 l=1 rev1=1 crypto rx=0x7f2e1000bb40 tx=0x7f2e1000be50 comp rx=0 tx=0).ready entity=mon.0 client_cookie=49d58b619e0e8104 server_cookie=0 in_seq=0 out_seq=0
2024-04-25T17:38:09.297 INFO:teuthology.orchestra.run.smithi084.stdout:/usr/bin/ceph: stderr
2024-04-25T17:38:08.419+0000 7f2e19ffb700 1 -- 172.21.15.84:0/590978834 <== mon.0 v2:172.21.15.84:3300/0 1 ==== mon_map magic: 0 ==== 205+0+0 (secure 0 0 0) 0x7f2e1000dbe0 con 0x7f2e1c107440
2024-04-25T17:38:09.297 INFO:teuthology.orchestra.run.smithi084.stdout:/usr/bin/ceph: stderr
2024-04-25T17:38:08.419+0000 7f2e19ffb700 1 -- 172.21.15.84:0/590978834 <== mon.0 v2:172.21.15.84:3300/0 2 ==== config(26 keys) ==== 1101+0+0 (secure 0 0 0) 0x7f2e100044e0 con 0x7f2e1c107440
2024-04-25T17:38:09.297 INFO:teuthology.orchestra.run.smithi084.stdout:/usr/bin/ceph: stderr
2024-04-25T17:38:08.419+0000 7f2e19ffb700 1 -- 172.21.15.84:0/590978834 <== mon.0 v2:172.21.15.84:3300/0 3 ==== mon_map magic: 0 ==== 205+0+0 (secure 0 0 0) 0x7f2e10010470 con 0x7f2e1c107440
2024-04-25T17:38:09.297 INFO:teuthology.orchestra.run.smithi084.stdout:/usr/bin/ceph: stderr
2024-04-25T17:38:08.420+0000 7f2e2134d700 1 -- 172.21.15.84:0/590978834 >> [v2:172.21.15.84:3300/0,v1:172.21.15.84:6789/0] conn(0x7f2e1c107440 msgr2=0x7f2e1c107860 secure :-1 s=STATE_CONNECTION_ESTABLISHED l=1).mark_down
2024-04-25T17:38:09.297 INFO:teuthology.orchestra.run.smithi084.stdout:/usr/bin/ceph: stderr
2024-04-25T17:38:08.420+0000 7f2e2134d700 1 --2- 172.21.15.84:0/590978834 >> [v2:172.21.15.84:3300/0,v1:172.21.15.84:6789/0] conn(0x7f2e1c107440 0x7f2e1c107860 secure :-1 s=READY pgs=59 cs=0 l=1 rev1=1 crypto rx=0x7f2e1000bb40 tx=0x7f2e1000be50 comp rx=0 tx=0).stop
2024-04-25T17:38:09.297 INFO:teuthology.orchestra.run.smithi084.stdout:/usr/bin/ceph: stderr
2024-04-25T17:38:08.420+0000 7f2e2134d700 1 -- 172.21.15.84:0/590978834 shutdown_connections
2024-04-25T17:38:09.297 INFO:teuthology.orchestra.run.smithi084.stdout:/usr/bin/ceph: stderr
2024-04-25T17:38:08.420+0000 7f2e2134d700 1 --2- 172.21.15.84:0/590978834 >> [v2:172.21.15.84:3300/0,v1:172.21.15.84:6789/0] conn(0x7f2e1c107440 0x7f2e1c107860 unknown :-1 s=CLOSED pgs=59 cs=0 l=1 rev1=1 crypto rx=0 tx=0 comp rx=0 tx=0).stop
2024-04-25T17:38:09.297 INFO:teuthology.orchestra.run.smithi084.stdout:/usr/bin/ceph: stderr
2024-04-25T17:38:08.420+0000 7f2e2134d700 1 -- 172.21.15.84:0/590978834 >> 172.21.15.84:0/590978834 conn(0x7f2e1c102a40 msgr2=0x7f2e1c104e60 unknown :-1 s=STATE_NONE l=0).mark_down
2024-04-25T17:38:09.297 INFO:teuthology.orchestra.run.smithi084.stdout:/usr/bin/ceph: stderr
2024-04-25T17:38:08.420+0000 7f2e2134d700 1 -- 172.21.15.84:0/590978834 shutdown_connections
2024-04-25T17:38:09.298 INFO:teuthology.orchestra.run.smithi084.stdout:/usr/bin/ceph: stderr
2024-04-25T17:38:08.420+0000 7f2e2134d700 1 -- 172.21.15.84:0/590978834 wait complete.
2024-04-25T17:38:09.298 INFO:teuthology.orchestra.run.smithi084.stdout:/usr/bin/ceph: stderr
2024-04-25T17:38:08.420+0000 7f2e2134d700 1 Processor -- start
2024-04-25T17:38:09.298 INFO:teuthology.orchestra.run.smithi084.stdout:/usr/bin/ceph: stderr
2024-04-25T17:38:08.421+0000 7f2e2134d700 1 -- start start
2024-04-25T17:38:09.298 INFO:teuthology.orchestra.run.smithi084.stdout:/usr/bin/ceph: stderr
2024-04-25T17:38:08.421+0000 7f2e2134d700 1 --2- >> [v2:172.21.15.84:3300/0,v1:172.21.15.84:6789/0] conn(0x7f2e1c107440 0x7f2e1c19e630 unknown :-1 s=NONE pgs=0 cs=0 l=1 rev1=0 crypto rx=0 tx=0 comp rx=0 tx=0).connect
2024-04-25T17:38:09.298 INFO:teuthology.orchestra.run.smithi084.stdout:/usr/bin/ceph: stderr
2024-04-25T17:38:08.421+0000 7f2e2134d700 1 -- --> [v2:172.21.15.84:3300/0,v1:172.21.15.84:6789/0] -- mon_getmap magic: 0 -- 0x7f2e1c062e80 con 0x7f2e1c107440
2024-04-25T17:38:09.298 INFO:teuthology.orchestra.run.smithi084.stdout:/usr/bin/ceph: stderr
2024-04-25T17:38:08.421+0000 7f2e1affd700 1 --2- >> [v2:172.21.15.84:3300/0,v1:172.21.15.84:6789/0] conn(0x7f2e1c107440 0x7f2e1c19e630 unknown :-1 s=BANNER_CONNECTING pgs=0 cs=0 l=1 rev1=0 crypto rx=0 tx=0 comp rx=0 tx=0)._handle_peer_banner_payload supported=3 required=0
2024-04-25T17:38:09.298 INFO:teuthology.orchestra.run.smithi084.stdout:/usr/bin/ceph: stderr
2024-04-25T17:38:08.421+0000 7f2e1affd700 1 --2- >> [v2:172.21.15.84:3300/0,v1:172.21.15.84:6789/0] conn(0x7f2e1c107440 0x7f2e1c19e630 unknown :-1 s=HELLO_CONNECTING pgs=0 cs=0 l=1 rev1=1 crypto rx=0 tx=0 comp rx=0 tx=0).handle_hello peer v2:172.21.15.84:3300/0 says I am v2:172.21.15.84:39520/0 (socket says 172.21.15.84:39520)
2024-04-25T17:38:09.298 INFO:teuthology.orchestra.run.smithi084.stdout:/usr/bin/ceph: stderr
2024-04-25T17:38:08.421+0000 7f2e1affd700 1 -- 172.21.15.84:0/1640257488 learned_addr learned my addr 172.21.15.84:0/1640257488 (peer_addr_for_me v2:172.21.15.84:0/0)
2024-04-25T17:38:09.298 INFO:teuthology.orchestra.run.smithi084.stdout:/usr/bin/ceph: stderr
2024-04-25T17:38:08.421+0000 7f2e1affd700 1 -- 172.21.15.84:0/1640257488 --> [v2:172.21.15.84:3300/0,v1:172.21.15.84:6789/0] -- mon_subscribe({config=0+,monmap=0+}) -- 0x7f2e1c19eb70 con 0x7f2e1c107440
2024-04-25T17:38:09.298 INFO:teuthology.orchestra.run.smithi084.stdout:/usr/bin/ceph: stderr
2024-04-25T17:38:08.421+0000 7f2e1affd700 1 --2- 172.21.15.84:0/1640257488 >> [v2:172.21.15.84:3300/0,v1:172.21.15.84:6789/0] conn(0x7f2e1c107440 0x7f2e1c19e630 secure :-1 s=READY pgs=60 cs=0 l=1 rev1=1 crypto rx=0x7f2e1000d650 tx=0x7f2e10003ff0 comp rx=0 tx=0).ready entity=mon.0 client_cookie=0 server_cookie=0 in_seq=0 out_seq=0
2024-04-25T17:38:09.298 INFO:teuthology.orchestra.run.smithi084.stdout:/usr/bin/ceph: stderr
2024-04-25T17:38:08.421+0000 7f2e03fff700 1 -- 172.21.15.84:0/1640257488 <== mon.0 v2:172.21.15.84:3300/0 1 ==== mon_map magic: 0 ==== 205+0+0 (secure 0 0 0) 0x7f2e10010770 con 0x7f2e1c107440
2024-04-25T17:38:09.298 INFO:teuthology.orchestra.run.smithi084.stdout:/usr/bin/ceph: stderr
2024-04-25T17:38:08.421+0000 7f2e03fff700 1 -- 172.21.15.84:0/1640257488 <== mon.0 v2:172.21.15.84:3300/0 2 ==== config(26 keys) ==== 1101+0+0 (secure 0 0 0) 0x7f2e1001d070 con 0x7f2e1c107440
2024-04-25T17:38:09.298 INFO:teuthology.orchestra.run.smithi084.stdout:/usr/bin/ceph: stderr
2024-04-25T17:38:08.421+0000 7f2e2134d700 1 -- 172.21.15.84:0/1640257488 --> [v2:172.21.15.84:3300/0,v1:172.21.15.84:6789/0] -- mon_subscribe({mgrmap=0+}) -- 0x7f2e1c19ee00 con 0x7f2e1c107440
2024-04-25T17:38:09.298 INFO:teuthology.orchestra.run.smithi084.stdout:/usr/bin/ceph: stderr
2024-04-25T17:38:08.422+0000 7f2e2134d700 1 -- 172.21.15.84:0/1640257488 --> [v2:172.21.15.84:3300/0,v1:172.21.15.84:6789/0] -- mon_subscribe({osdmap=0}) -- 0x7f2e1c1a1af0 con 0x7f2e1c107440
2024-04-25T17:38:09.299 INFO:teuthology.orchestra.run.smithi084.stdout:/usr/bin/ceph: stderr
2024-04-25T17:38:08.422+0000 7f2e03fff700 1 -- 172.21.15.84:0/1640257488 <== mon.0 v2:172.21.15.84:3300/0 3 ==== mon_map magic: 0 ==== 205+0+0 (secure 0 0 0) 0x7f2e10021bf0 con 0x7f2e1c107440
2024-04-25T17:38:09.299 INFO:teuthology.orchestra.run.smithi084.stdout:/usr/bin/ceph: stderr
2024-04-25T17:38:08.423+0000 7f2e03fff700 1 -- 172.21.15.84:0/1640257488 <== mon.0 v2:172.21.15.84:3300/0 4 ==== mgrmap(e 9) ==== 46571+0+0 (secure 0 0 0) 0x7f2e1001f030 con 0x7f2e1c107440
2024-04-25T17:38:09.299 INFO:teuthology.orchestra.run.smithi084.stdout:/usr/bin/ceph: stderr
2024-04-25T17:38:08.423+0000 7f2e2134d700 1 -- 172.21.15.84:0/1640257488 --> [v2:172.21.15.84:3300/0,v1:172.21.15.84:6789/0] -- mon_command({"prefix": "get_command_descriptions"} v 0) -- 0x7f2e08005360 con 0x7f2e1c107440
2024-04-25T17:38:09.299 INFO:teuthology.orchestra.run.smithi084.stdout:/usr/bin/ceph: stderr
2024-04-25T17:38:08.423+0000 7f2e03fff700 1 --2- 172.21.15.84:0/1640257488 >> [v2:172.21.15.84:6800/4185962839,v1:172.21.15.84:6801/4185962839] conn(0x7f2e040395b0 0x7f2e0403ba70 unknown :-1 s=NONE pgs=0 cs=0 l=1 rev1=0 crypto rx=0 tx=0 comp rx=0 tx=0).connect
2024-04-25T17:38:09.299 INFO:teuthology.orchestra.run.smithi084.stdout:/usr/bin/ceph: stderr
2024-04-25T17:38:08.423+0000 7f2e03fff700 1 -- 172.21.15.84:0/1640257488 <== mon.0 v2:172.21.15.84:3300/0 5 ==== osd_map(2..2 src has 1..2) ==== 940+0+0 (secure 0 0 0) 0x7f2e1004da90 con 0x7f2e1c107440
2024-04-25T17:38:09.299 INFO:teuthology.orchestra.run.smithi084.stdout:/usr/bin/ceph: stderr
2024-04-25T17:38:08.423+0000 7f2e1a7fc700 1 -- 172.21.15.84:0/1640257488 >> [v2:172.21.15.84:6800/4185962839,v1:172.21.15.84:6801/4185962839] conn(0x7f2e040395b0 msgr2=0x7f2e0403ba70 unknown :-1 s=STATE_CONNECTING_RE l=1).process reconnect failed to v2:172.21.15.84:6800/4185962839
2024-04-25T17:38:09.299 INFO:teuthology.orchestra.run.smithi084.stdout:/usr/bin/ceph: stderr
2024-04-25T17:38:08.423+0000 7f2e1a7fc700 1 --2- 172.21.15.84:0/1640257488 >> [v2:172.21.15.84:6800/4185962839,v1:172.21.15.84:6801/4185962839] conn(0x7f2e040395b0 0x7f2e0403ba70 unknown :-1 s=START_CONNECT pgs=0 cs=0 l=1 rev1=0 crypto rx=0 tx=0 comp rx=0 tx=0)._fault waiting 0.200000
2024-04-25T17:38:09.299 INFO:teuthology.orchestra.run.smithi084.stdout:/usr/bin/ceph: stderr
2024-04-25T17:38:08.428+0000 7f2e03fff700 1 -- 172.21.15.84:0/1640257488 <== mon.0 v2:172.21.15.84:3300/0 6 ==== mon_command_ack([{"prefix": "get_command_descriptions"}]=0 v0) ==== 72+0+188370 (secure 0 0 0) 0x7f2e10015070 con 0x7f2e1c107440
2024-04-25T17:38:09.299 INFO:teuthology.orchestra.run.smithi084.stdout:/usr/bin/ceph: stderr
2024-04-25T17:38:08.624+0000 7f2e1a7fc700 1 -- 172.21.15.84:0/1640257488 >> [v2:172.21.15.84:6800/4185962839,v1:172.21.15.84:6801/4185962839] conn(0x7f2e040395b0 msgr2=0x7f2e0403ba70 unknown :-1 s=STATE_CONNECTING_RE l=1).process reconnect failed to v2:172.21.15.84:6800/4185962839
2024-04-25T17:38:09.299 INFO:teuthology.orchestra.run.smithi084.stdout:/usr/bin/ceph: stderr
2024-04-25T17:38:08.624+0000 7f2e1a7fc700 1 --2- 172.21.15.84:0/1640257488 >> [v2:172.21.15.84:6800/4185962839,v1:172.21.15.84:6801/4185962839] conn(0x7f2e040395b0 0x7f2e0403ba70 unknown :-1 s=START_CONNECT pgs=0 cs=0 l=1 rev1=0 crypto rx=0 tx=0 comp rx=0 tx=0)._fault waiting 0.400000
2024-04-25T17:38:09.299 INFO:teuthology.orchestra.run.smithi084.stdout:/usr/bin/ceph: stderr
2024-04-25T17:38:08.723+0000 7f2e2134d700 1 -- 172.21.15.84:0/1640257488 --> [v2:172.21.15.84:3300/0,v1:172.21.15.84:6789/0] -- mon_command({"prefix": "mgr stat"} v 0) -- 0x7f2e08005e60 con 0x7f2e1c107440
2024-04-25T17:38:09.299 INFO:teuthology.orchestra.run.smithi084.stdout:/usr/bin/ceph: stderr
2024-04-25T17:38:08.723+0000 7f2e03fff700 1 -- 172.21.15.84:0/1640257488 <== mon.0 v2:172.21.15.84:3300/0 7 ==== mon_command_ack([{"prefix": "mgr stat"}]=0 v9) ==== 56+0+88 (secure 0 0 0) 0x7f2e10026210 con 0x7f2e1c107440
2024-04-25T17:38:09.299 INFO:teuthology.orchestra.run.smithi084.stdout:/usr/bin/ceph: stderr
2024-04-25T17:38:08.725+0000 7f2e2134d700 1 -- 172.21.15.84:0/1640257488 >> [v2:172.21.15.84:6800/4185962839,v1:172.21.15.84:6801/4185962839] conn(0x7f2e040395b0 msgr2=0x7f2e0403ba70 unknown :-1 s=STATE_CONNECTING l=1).mark_down
2024-04-25T17:38:09.299 INFO:teuthology.orchestra.run.smithi084.stdout:/usr/bin/ceph: stderr
2024-04-25T17:38:08.725+0000 7f2e2134d700 1 --2- 172.21.15.84:0/1640257488 >> [v2:172.21.15.84:6800/4185962839,v1:172.21.15.84:6801/4185962839] conn(0x7f2e040395b0 0x7f2e0403ba70 unknown :-1 s=START_CONNECT pgs=0 cs=0 l=1 rev1=0 crypto rx=0 tx=0 comp rx=0 tx=0).stop
2024-04-25T17:38:09.299 INFO:teuthology.orchestra.run.smithi084.stdout:/usr/bin/ceph: stderr
2024-04-25T17:38:08.725+0000 7f2e2134d700 1 -- 172.21.15.84:0/1640257488 >> [v2:172.21.15.84:3300/0,v1:172.21.15.84:6789/0] conn(0x7f2e1c107440 msgr2=0x7f2e1c19e630 secure :-1 s=STATE_CONNECTION_ESTABLISHED l=1).mark_down
2024-04-25T17:38:09.300 INFO:teuthology.orchestra.run.smithi084.stdout:/usr/bin/ceph: stderr
2024-04-25T17:38:08.725+0000 7f2e2134d700 1 --2- 172.21.15.84:0/1640257488 >> [v2:172.21.15.84:3300/0,v1:172.21.15.84:6789/0] conn(0x7f2e1c107440 0x7f2e1c19e630 secure :-1 s=READY pgs=60 cs=0 l=1 rev1=1 crypto rx=0x7f2e1000d650 tx=0x7f2e10003ff0 comp rx=0 tx=0).stop
2024-04-25T17:38:09.300 INFO:teuthology.orchestra.run.smithi084.stdout:/usr/bin/ceph: stderr
2024-04-25T17:38:08.725+0000 7f2e2134d700 1 -- 172.21.15.84:0/1640257488 shutdown_connections
2024-04-25T17:38:09.300 INFO:teuthology.orchestra.run.smithi084.stdout:/usr/bin/ceph: stderr
2024-04-25T17:38:08.725+0000 7f2e2134d700 1 --2- 172.21.15.84:0/1640257488 >> [v2:172.21.15.84:6800/4185962839,v1:172.21.15.84:6801/4185962839] conn(0x7f2e040395b0 0x7f2e0403ba70 unknown :-1 s=CLOSED pgs=0 cs=0 l=1 rev1=0 crypto rx=0 tx=0 comp rx=0 tx=0).stop
2024-04-25T17:38:09.300 INFO:teuthology.orchestra.run.smithi084.stdout:/usr/bin/ceph: stderr
2024-04-25T17:38:08.725+0000 7f2e2134d700 1 --2- 172.21.15.84:0/1640257488 >> [v2:172.21.15.84:3300/0,v1:172.21.15.84:6789/0] conn(0x7f2e1c107440 0x7f2e1c19e630 unknown :-1 s=CLOSED pgs=60 cs=0 l=1 rev1=1 crypto rx=0 tx=0 comp rx=0 tx=0).stop
2024-04-25T17:38:09.300 INFO:teuthology.orchestra.run.smithi084.stdout:/usr/bin/ceph: stderr
2024-04-25T17:38:08.725+0000 7f2e2134d700 1 -- 172.21.15.84:0/1640257488 >> 172.21.15.84:0/1640257488 conn(0x7f2e1c102a40 msgr2=0x7f2e1c194c70 unknown :-1 s=STATE_NONE l=0).mark_down
2024-04-25T17:38:09.300 INFO:teuthology.orchestra.run.smithi084.stdout:/usr/bin/ceph: stderr
2024-04-25T17:38:08.725+0000 7f2e2134d700 1 -- 172.21.15.84:0/1640257488 shutdown_connections
2024-04-25T17:38:09.300 INFO:teuthology.orchestra.run.smithi084.stdout:/usr/bin/ceph: stderr
2024-04-25T17:38:08.725+0000 7f2e2134d700 1 -- 172.21.15.84:0/1640257488 wait complete.
2024-04-25T17:38:09.300 INFO:teuthology.orchestra.run.smithi084.stdout:Waiting for the mgr to restart...
2024-04-25T17:38:09.300 INFO:teuthology.orchestra.run.smithi084.stdout:Waiting for mgr epoch 9...
2024-04-25T17:38:09.614 INFO:journalctl@ceph.mon.a.smithi084.stdout:Apr 25 17:38:09 smithi084 ceph-mon[29138]: from='client.? 172.21.15.84:0/1640257488' entity='client.admin' cmd=[{"prefix": "mgr stat"}]: dispatch
2024-04-25T17:38:09.615 INFO:journalctl@ceph.mgr.x.smithi084.stdout:Apr 25 17:38:09 smithi084 ceph-50fd3432-032a-11ef-bc93-c7b262605968-mgr-x[29367]:
2024-04-25T17:38:09.392+0000 7ff778749200 -1 mgr[py] Module telegraf has missing NOTIFY_TYPES member
2024-04-25T17:38:09.615 INFO:journalctl@ceph.mgr.x.smithi084.stdout:Apr 25 17:38:09 smithi084 ceph-50fd3432-032a-11ef-bc93-c7b262605968-mgr-x[29367]:
2024-04-25T17:38:09.570+0000 7ff778749200 -1 mgr[py] Module osd_support has missing NOTIFY_TYPES member
2024-04-25T17:38:09.921 INFO:journalctl@ceph.mgr.x.smithi084.stdout:Apr 25 17:38:09 smithi084 ceph-50fd3432-032a-11ef-bc93-c7b262605968-mgr-x[29367]:
2024-04-25T17:38:09.745+0000 7ff778749200 -1 mgr[py] Module iostat has missing NOTIFY_TYPES member
