2024-04-25T17:37:41.250 INFO:teuthology.orchestra.run.smithi084.stdout:/usr/bin/ceph: stderr
2024-04-25T17:37:40.281+0000 7f2fa4f8d700 1 --2- >> [v2:172.21.15.84:3300/0,v1:172.21.15.84:6789/0] conn(0x7f2fa0108ff0 0x7f2fa010b3e0 unknown :-1 s=HELLO_CONNECTING pgs=0 cs=0 l=0 rev1=1 crypto rx=0 tx=0 comp rx=0 tx=0).handle_hello peer v2:172.21.15.84:3300/0 says I am v2:172.21.15.84:58316/0 (socket says 172.21.15.84:58316)
2024-04-25T17:37:41.250 INFO:teuthology.orchestra.run.smithi084.stdout:/usr/bin/ceph: stderr
2024-04-25T17:37:40.281+0000 7f2fa4f8d700 1 -- 172.21.15.84:0/702978421 learned_addr learned my addr 172.21.15.84:0/702978421 (peer_addr_for_me v2:172.21.15.84:0/0)
2024-04-25T17:37:41.250 INFO:teuthology.orchestra.run.smithi084.stdout:/usr/bin/ceph: stderr
2024-04-25T17:37:40.281+0000 7f2fa4f8d700 1 -- 172.21.15.84:0/702978421 --> [v2:172.21.15.84:3300/0,v1:172.21.15.84:6789/0] -- mon_subscribe({config=0+,monmap=0+}) -- 0x7f2fa010b920 con 0x7f2fa0108ff0
2024-04-25T17:37:41.250 INFO:teuthology.orchestra.run.smithi084.stdout:/usr/bin/ceph: stderr
2024-04-25T17:37:40.281+0000 7f2fa4f8d700 1 --2- 172.21.15.84:0/702978421 >> [v2:172.21.15.84:3300/0,v1:172.21.15.84:6789/0] conn(0x7f2fa0108ff0 0x7f2fa010b3e0 secure :-1 s=READY pgs=22 cs=0 l=1 rev1=1 crypto rx=0x7f2f940098a0 tx=0x7f2f94009bb0 comp rx=0 tx=0).ready entity=mon.0 client_cookie=fe6e3ab273ea2637 server_cookie=0 in_seq=0 out_seq=0
2024-04-25T17:37:41.250 INFO:teuthology.orchestra.run.smithi084.stdout:/usr/bin/ceph: stderr
2024-04-25T17:37:40.282+0000 7f2f9f7fe700 1 -- 172.21.15.84:0/702978421 <== mon.0 v2:172.21.15.84:3300/0 1 ==== mon_map magic: 0 ==== 205+0+0 (secure 0 0 0) 0x7f2f94004160 con 0x7f2fa0108ff0
2024-04-25T17:37:41.250 INFO:teuthology.orchestra.run.smithi084.stdout:/usr/bin/ceph: stderr
2024-04-25T17:37:40.282+0000 7f2f9f7fe700 1 -- 172.21.15.84:0/702978421 <== mon.0 v2:172.21.15.84:3300/0 2 ==== config(26 keys) ==== 1070+0+0 (secure 0 0 0) 0x7f2f94004300 con 0x7f2fa0108ff0
2024-04-25T17:37:41.250 INFO:teuthology.orchestra.run.smithi084.stdout:/usr/bin/ceph: stderr
2024-04-25T17:37:40.282+0000 7f2f9f7fe700 1 -- 172.21.15.84:0/702978421 <== mon.0 v2:172.21.15.84:3300/0 3 ==== mon_map magic: 0 ==== 205+0+0 (secure 0 0 0) 0x7f2f94011af0 con 0x7f2fa0108ff0
2024-04-25T17:37:41.251 INFO:teuthology.orchestra.run.smithi084.stdout:/usr/bin/ceph: stderr
2024-04-25T17:37:40.282+0000 7f2fa71f1700 1 -- 172.21.15.84:0/702978421 >> [v2:172.21.15.84:3300/0,v1:172.21.15.84:6789/0] conn(0x7f2fa0108ff0 msgr2=0x7f2fa010b3e0 secure :-1 s=STATE_CONNECTION_ESTABLISHED l=1).mark_down
2024-04-25T17:37:41.251 INFO:teuthology.orchestra.run.smithi084.stdout:/usr/bin/ceph: stderr
2024-04-25T17:37:40.282+0000 7f2fa71f1700 1 --2- 172.21.15.84:0/702978421 >> [v2:172.21.15.84:3300/0,v1:172.21.15.84:6789/0] conn(0x7f2fa0108ff0 0x7f2fa010b3e0 secure :-1 s=READY pgs=22 cs=0 l=1 rev1=1 crypto rx=0x7f2f940098a0 tx=0x7f2f94009bb0 comp rx=0 tx=0).stop
2024-04-25T17:37:41.251 INFO:teuthology.orchestra.run.smithi084.stdout:/usr/bin/ceph: stderr
2024-04-25T17:37:40.282+0000 7f2fa71f1700 1 -- 172.21.15.84:0/702978421 shutdown_connections
2024-04-25T17:37:41.251 INFO:teuthology.orchestra.run.smithi084.stdout:/usr/bin/ceph: stderr
2024-04-25T17:37:40.282+0000 7f2fa71f1700 1 --2- 172.21.15.84:0/702978421 >> [v2:172.21.15.84:3300/0,v1:172.21.15.84:6789/0] conn(0x7f2fa0108ff0 0x7f2fa010b3e0 unknown :-1 s=CLOSED pgs=22 cs=0 l=1 rev1=1 crypto rx=0 tx=0 comp rx=0 tx=0).stop
2024-04-25T17:37:41.251 INFO:teuthology.orchestra.run.smithi084.stdout:/usr/bin/ceph: stderr
2024-04-25T17:37:40.282+0000 7f2fa71f1700 1 -- 172.21.15.84:0/702978421 >> 172.21.15.84:0/702978421 conn(0x7f2fa01029e0 msgr2=0x7f2fa0104e20 unknown :-1 s=STATE_NONE l=0).mark_down
2024-04-25T17:37:41.251 INFO:teuthology.orchestra.run.smithi084.stdout:/usr/bin/ceph: stderr
2024-04-25T17:37:40.282+0000 7f2fa71f1700 1 -- 172.21.15.84:0/702978421 shutdown_connections
2024-04-25T17:37:41.251 INFO:teuthology.orchestra.run.smithi084.stdout:/usr/bin/ceph: stderr
2024-04-25T17:37:40.282+0000 7f2fa71f1700 1 -- 172.21.15.84:0/702978421 wait complete.
2024-04-25T17:37:41.251 INFO:teuthology.orchestra.run.smithi084.stdout:/usr/bin/ceph: stderr
2024-04-25T17:37:40.283+0000 7f2fa71f1700 1 Processor -- start
2024-04-25T17:37:41.251 INFO:teuthology.orchestra.run.smithi084.stdout:/usr/bin/ceph: stderr
2024-04-25T17:37:40.283+0000 7f2fa71f1700 1 -- start start
2024-04-25T17:37:41.251 INFO:teuthology.orchestra.run.smithi084.stdout:/usr/bin/ceph: stderr
2024-04-25T17:37:40.283+0000 7f2fa71f1700 1 --2- >> [v2:172.21.15.84:3300/0,v1:172.21.15.84:6789/0] conn(0x7f2fa0108ff0 0x7f2fa019c4b0 unknown :-1 s=NONE pgs=0 cs=0 l=1 rev1=0 crypto rx=0 tx=0 comp rx=0 tx=0).connect
2024-04-25T17:37:41.251 INFO:teuthology.orchestra.run.smithi084.stdout:/usr/bin/ceph: stderr
2024-04-25T17:37:40.283+0000 7f2fa71f1700 1 -- --> [v2:172.21.15.84:3300/0,v1:172.21.15.84:6789/0] -- mon_getmap magic: 0 -- 0x7f2fa010c8e0 con 0x7f2fa0108ff0
2024-04-25T17:37:41.251 INFO:teuthology.orchestra.run.smithi084.stdout:/usr/bin/ceph: stderr
2024-04-25T17:37:40.283+0000 7f2fa4f8d700 1 --2- >> [v2:172.21.15.84:3300/0,v1:172.21.15.84:6789/0] conn(0x7f2fa0108ff0 0x7f2fa019c4b0 unknown :-1 s=BANNER_CONNECTING pgs=0 cs=0 l=1 rev1=0 crypto rx=0 tx=0 comp rx=0 tx=0)._handle_peer_banner_payload supported=3 required=0
2024-04-25T17:37:41.251 INFO:teuthology.orchestra.run.smithi084.stdout:/usr/bin/ceph: stderr
2024-04-25T17:37:40.283+0000 7f2fa4f8d700 1 --2- >> [v2:172.21.15.84:3300/0,v1:172.21.15.84:6789/0] conn(0x7f2fa0108ff0 0x7f2fa019c4b0 unknown :-1 s=HELLO_CONNECTING pgs=0 cs=0 l=1 rev1=1 crypto rx=0 tx=0 comp rx=0 tx=0).handle_hello peer v2:172.21.15.84:3300/0 says I am v2:172.21.15.84:58324/0 (socket says 172.21.15.84:58324)
2024-04-25T17:37:41.251 INFO:teuthology.orchestra.run.smithi084.stdout:/usr/bin/ceph: stderr
2024-04-25T17:37:40.283+0000 7f2fa4f8d700 1 -- 172.21.15.84:0/3259523926 learned_addr learned my addr 172.21.15.84:0/3259523926 (peer_addr_for_me v2:172.21.15.84:0/0)
2024-04-25T17:37:41.252 INFO:teuthology.orchestra.run.smithi084.stdout:/usr/bin/ceph: stderr
2024-04-25T17:37:40.283+0000 7f2fa4f8d700 1 -- 172.21.15.84:0/3259523926 --> [v2:172.21.15.84:3300/0,v1:172.21.15.84:6789/0] -- mon_subscribe({config=0+,monmap=0+}) -- 0x7f2fa019c9f0 con 0x7f2fa0108ff0
2024-04-25T17:37:41.252 INFO:teuthology.orchestra.run.smithi084.stdout:/usr/bin/ceph: stderr
2024-04-25T17:37:40.283+0000 7f2fa4f8d700 1 --2- 172.21.15.84:0/3259523926 >> [v2:172.21.15.84:3300/0,v1:172.21.15.84:6789/0] conn(0x7f2fa0108ff0 0x7f2fa019c4b0 secure :-1 s=READY pgs=23 cs=0 l=1 rev1=1 crypto rx=0x7f2f94011ac0 tx=0x7f2f94011ba0 comp rx=0 tx=0).ready entity=mon.0 client_cookie=0 server_cookie=0 in_seq=0 out_seq=0
2024-04-25T17:37:41.252 INFO:teuthology.orchestra.run.smithi084.stdout:/usr/bin/ceph: stderr
2024-04-25T17:37:40.283+0000 7f2f9dffb700 1 -- 172.21.15.84:0/3259523926 <== mon.0 v2:172.21.15.84:3300/0 1 ==== mon_map magic: 0 ==== 205+0+0 (secure 0 0 0) 0x7f2f94003970 con 0x7f2fa0108ff0
2024-04-25T17:37:41.252 INFO:teuthology.orchestra.run.smithi084.stdout:/usr/bin/ceph: stderr
2024-04-25T17:37:40.284+0000 7f2fa71f1700 1 -- 172.21.15.84:0/3259523926 --> [v2:172.21.15.84:3300/0,v1:172.21.15.84:6789/0] -- mon_subscribe({mgrmap=0+}) -- 0x7f2fa019cc80 con 0x7f2fa0108ff0
2024-04-25T17:37:41.252 INFO:teuthology.orchestra.run.smithi084.stdout:/usr/bin/ceph: stderr
2024-04-25T17:37:40.284+0000 7f2f9dffb700 1 -- 172.21.15.84:0/3259523926 <== mon.0 v2:172.21.15.84:3300/0 2 ==== config(26 keys) ==== 1070+0+0 (secure 0 0 0) 0x7f2f94003b10 con 0x7f2fa0108ff0
2024-04-25T17:37:41.252 INFO:teuthology.orchestra.run.smithi084.stdout:/usr/bin/ceph: stderr
2024-04-25T17:37:40.284+0000 7f2f9dffb700 1 -- 172.21.15.84:0/3259523926 <== mon.0 v2:172.21.15.84:3300/0 3 ==== mon_map magic: 0 ==== 205+0+0 (secure 0 0 0) 0x7f2f94024610 con 0x7f2fa0108ff0
2024-04-25T17:37:41.252 INFO:teuthology.orchestra.run.smithi084.stdout:/usr/bin/ceph: stderr
2024-04-25T17:37:40.284+0000 7f2fa71f1700 1 -- 172.21.15.84:0/3259523926 --> [v2:172.21.15.84:3300/0,v1:172.21.15.84:6789/0] -- mon_subscribe({osdmap=0}) -- 0x7f2fa019f970 con 0x7f2fa0108ff0
2024-04-25T17:37:41.252 INFO:teuthology.orchestra.run.smithi084.stdout:/usr/bin/ceph: stderr
2024-04-25T17:37:40.284+0000 7f2f9dffb700 1 -- 172.21.15.84:0/3259523926 <== mon.0 v2:172.21.15.84:3300/0 4 ==== mgrmap(e 4) ==== 46547+0+0 (secure 0 0 0) 0x7f2f94024890 con 0x7f2fa0108ff0
2024-04-25T17:37:41.252 INFO:teuthology.orchestra.run.smithi084.stdout:/usr/bin/ceph: stderr
2024-04-25T17:37:40.285+0000 7f2fa71f1700 1 -- 172.21.15.84:0/3259523926 --> [v2:172.21.15.84:3300/0,v1:172.21.15.84:6789/0] -- mon_command({"prefix": "get_command_descriptions"} v 0) -- 0x7f2fa00640a0 con 0x7f2fa0108ff0
2024-04-25T17:37:41.252 INFO:teuthology.orchestra.run.smithi084.stdout:/usr/bin/ceph: stderr
2024-04-25T17:37:40.285+0000 7f2f9dffb700 1 --2- 172.21.15.84:0/3259523926 >> [v2:172.21.15.84:6800/2755738188,v1:172.21.15.84:6801/2755738188] conn(0x7f2f90039560 0x7f2f9003ba20 unknown :-1 s=NONE pgs=0 cs=0 l=1 rev1=0 crypto rx=0 tx=0 comp rx=0 tx=0).connect
2024-04-25T17:37:41.252 INFO:teuthology.orchestra.run.smithi084.stdout:/usr/bin/ceph: stderr
2024-04-25T17:37:40.285+0000 7f2f9dffb700 1 -- 172.21.15.84:0/3259523926 <== mon.0 v2:172.21.15.84:3300/0 5 ==== osd_map(1..1 src has 1..1) ==== 725+0+0 (secure 0 0 0) 0x7f2f9404d8d0 con 0x7f2fa0108ff0
2024-04-25T17:37:41.252 INFO:teuthology.orchestra.run.smithi084.stdout:/usr/bin/ceph: stderr
2024-04-25T17:37:40.285+0000 7f2f9ffff700 1 --2- 172.21.15.84:0/3259523926 >> [v2:172.21.15.84:6800/2755738188,v1:172.21.15.84:6801/2755738188] conn(0x7f2f90039560 0x7f2f9003ba20 unknown :-1 s=BANNER_CONNECTING pgs=0 cs=0 l=1 rev1=0 crypto rx=0 tx=0 comp rx=0 tx=0)._handle_peer_banner_payload supported=3 required=0
2024-04-25T17:37:41.252 INFO:teuthology.orchestra.run.smithi084.stdout:/usr/bin/ceph: stderr
2024-04-25T17:37:40.285+0000 7f2f9ffff700 1 --2- 172.21.15.84:0/3259523926 >> [v2:172.21.15.84:6800/2755738188,v1:172.21.15.84:6801/2755738188] conn(0x7f2f90039560 0x7f2f9003ba20 secure :-1 s=READY pgs=8 cs=0 l=1 rev1=1 crypto rx=0x7f2f8c006fd0 tx=0x7f2f8c006e40 comp rx=0 tx=0).ready entity=mgr.14100 client_cookie=0 server_cookie=0 in_seq=0 out_seq=0
2024-04-25T17:37:41.253 INFO:teuthology.orchestra.run.smithi084.stdout:/usr/bin/ceph: stderr
2024-04-25T17:37:40.290+0000 7f2f9dffb700 1 -- 172.21.15.84:0/3259523926 <== mon.0 v2:172.21.15.84:3300/0 6 ==== mon_command_ack([{"prefix": "get_command_descriptions"}]=0 v0) ==== 72+0+188370 (secure 0 0 0) 0x7f2f94019c70 con 0x7f2fa0108ff0
2024-04-25T17:37:41.253 INFO:teuthology.orchestra.run.smithi084.stdout:/usr/bin/ceph: stderr
2024-04-25T17:37:40.546+0000 7f2fa71f1700 1 -- 172.21.15.84:0/3259523926 --> [v2:172.21.15.84:3300/0,v1:172.21.15.84:6789/0] -- mon_command({"prefix": "mgr module enable", "module": "cephadm"} v 0) -- 0x7f2fa019fb40 con 0x7f2fa0108ff0
2024-04-25T17:37:41.253 INFO:teuthology.orchestra.run.smithi084.stdout:/usr/bin/ceph: stderr
2024-04-25T17:37:40.660+0000 7f2f9dffb700 1 -- 172.21.15.84:0/3259523926 <== mon.0 v2:172.21.15.84:3300/0 7 ==== mon_command_ack([{"prefix": "mgr module enable", "module": "cephadm"}]=0 v5) ==== 86+0+0 (secure 0 0 0) 0x7f2fa019fb40 con 0x7f2fa0108ff0
2024-04-25T17:37:41.253 INFO:teuthology.orchestra.run.smithi084.stdout:/usr/bin/ceph: stderr
2024-04-25T17:37:40.662+0000 7f2f9dffb700 1 -- 172.21.15.84:0/3259523926 <== mon.0 v2:172.21.15.84:3300/0 8 ==== mgrmap(e 5) ==== 46558+0+0 (secure 0 0 0) 0x7f2f9402d910 con 0x7f2fa0108ff0
2024-04-25T17:37:41.253 INFO:teuthology.orchestra.run.smithi084.stdout:/usr/bin/ceph: stderr
2024-04-25T17:37:40.663+0000 7f2fa71f1700 1 -- 172.21.15.84:0/3259523926 >> [v2:172.21.15.84:6800/2755738188,v1:172.21.15.84:6801/2755738188] conn(0x7f2f90039560 msgr2=0x7f2f9003ba20 secure :-1 s=STATE_CONNECTION_ESTABLISHED l=1).mark_down
2024-04-25T17:37:41.253 INFO:teuthology.orchestra.run.smithi084.stdout:/usr/bin/ceph: stderr
2024-04-25T17:37:40.663+0000 7f2fa71f1700 1 --2- 172.21.15.84:0/3259523926 >> [v2:172.21.15.84:6800/2755738188,v1:172.21.15.84:6801/2755738188] conn(0x7f2f90039560 0x7f2f9003ba20 secure :-1 s=READY pgs=8 cs=0 l=1 rev1=1 crypto rx=0x7f2f8c006fd0 tx=0x7f2f8c006e40 comp rx=0 tx=0).stop
2024-04-25T17:37:41.253 INFO:teuthology.orchestra.run.smithi084.stdout:/usr/bin/ceph: stderr
2024-04-25T17:37:40.663+0000 7f2fa71f1700 1 -- 172.21.15.84:0/3259523926 >> [v2:172.21.15.84:3300/0,v1:172.21.15.84:6789/0] conn(0x7f2fa0108ff0 msgr2=0x7f2fa019c4b0 secure :-1 s=STATE_CONNECTION_ESTABLISHED l=1).mark_down
2024-04-25T17:37:41.253 INFO:teuthology.orchestra.run.smithi084.stdout:/usr/bin/ceph: stderr
2024-04-25T17:37:40.663+0000 7f2fa71f1700 1 --2- 172.21.15.84:0/3259523926 >> [v2:172.21.15.84:3300/0,v1:172.21.15.84:6789/0] conn(0x7f2fa0108ff0 0x7f2fa019c4b0 secure :-1 s=READY pgs=23 cs=0 l=1 rev1=1 crypto rx=0x7f2f94011ac0 tx=0x7f2f94011ba0 comp rx=0 tx=0).stop
2024-04-25T17:37:41.253 INFO:teuthology.orchestra.run.smithi084.stdout:/usr/bin/ceph: stderr
2024-04-25T17:37:40.663+0000 7f2fa71f1700 1 -- 172.21.15.84:0/3259523926 shutdown_connections
2024-04-25T17:37:41.253 INFO:teuthology.orchestra.run.smithi084.stdout:/usr/bin/ceph: stderr
2024-04-25T17:37:40.663+0000 7f2fa71f1700 1 --2- 172.21.15.84:0/3259523926 >> [v2:172.21.15.84:6800/2755738188,v1:172.21.15.84:6801/2755738188] conn(0x7f2f90039560 0x7f2f9003ba20 unknown :-1 s=CLOSED pgs=8 cs=0 l=1 rev1=1 crypto rx=0 tx=0 comp rx=0 tx=0).stop
2024-04-25T17:37:41.253 INFO:teuthology.orchestra.run.smithi084.stdout:/usr/bin/ceph: stderr
2024-04-25T17:37:40.663+0000 7f2fa71f1700 1 --2- 172.21.15.84:0/3259523926 >> [v2:172.21.15.84:3300/0,v1:172.21.15.84:6789/0] conn(0x7f2fa0108ff0 0x7f2fa019c4b0 unknown :-1 s=CLOSED pgs=23 cs=0 l=1 rev1=1 crypto rx=0 tx=0 comp rx=0 tx=0).stop
2024-04-25T17:37:41.253 INFO:teuthology.orchestra.run.smithi084.stdout:/usr/bin/ceph: stderr
2024-04-25T17:37:40.663+0000 7f2fa71f1700 1 -- 172.21.15.84:0/3259523926 >> 172.21.15.84:0/3259523926 conn(0x7f2fa01029e0 msgr2=0x7f2fa01035f0 unknown :-1 s=STATE_NONE l=0).mark_down
2024-04-25T17:37:41.253 INFO:teuthology.orchestra.run.smithi084.stdout:/usr/bin/ceph: stderr
2024-04-25T17:37:40.663+0000 7f2fa71f1700 1 -- 172.21.15.84:0/3259523926 shutdown_connections
2024-04-25T17:37:41.253 INFO:teuthology.orchestra.run.smithi084.stdout:/usr/bin/ceph: stderr
2024-04-25T17:37:40.663+0000 7f2fa71f1700 1 -- 172.21.15.84:0/3259523926 wait complete.
2024-04-25T17:37:41.618 INFO:journalctl@ceph.mgr.x.smithi084.stdout:Apr 25 17:37:41 smithi084 ceph-50fd3432-032a-11ef-bc93-c7b262605968-mgr-x[29367]:
2024-04-25T17:37:41.433+0000 7f1d514bf200 -1 mgr[py] Module progress has missing NOTIFY_TYPES member
2024-04-25T17:37:41.619 INFO:journalctl@ceph.mgr.x.smithi084.stdout:Apr 25 17:37:41 smithi084 ceph-50fd3432-032a-11ef-bc93-c7b262605968-mgr-x[29367]:
2024-04-25T17:37:41.523+0000 7f1d514bf200 -1 mgr[py] Module influx has missing NOTIFY_TYPES member
2024-04-25T17:37:41.927 INFO:journalctl@ceph.mon.a.smithi084.stdout:Apr 25 17:37:41 smithi084 ceph-mon[29138]: from='client.? 172.21.15.84:0/3259523926' entity='client.admin' cmd='[{"prefix": "mgr module enable", "module": "cephadm"}]': finished
2024-04-25T17:37:41.927 INFO:journalctl@ceph.mon.a.smithi084.stdout:Apr 25 17:37:41 smithi084 ceph-mon[29138]: mgrmap e5: x(active, since 6s)
2024-04-25T17:37:42.488 INFO:teuthology.orchestra.run.smithi084.stdout:/usr/bin/ceph: stdout {
2024-04-25T17:37:42.489 INFO:teuthology.orchestra.run.smithi084.stdout:/usr/bin/ceph: stdout "epoch": 5,
2024-04-25T17:37:42.489 INFO:teuthology.orchestra.run.smithi084.stdout:/usr/bin/ceph: stdout "available": true,
2024-04-25T17:37:42.489 INFO:teuthology.orchestra.run.smithi084.stdout:/usr/bin/ceph: stdout "active_name": "x",
2024-04-25T17:37:42.489 INFO:teuthology.orchestra.run.smithi084.stdout:/usr/bin/ceph: stdout "num_standby": 0
2024-04-25T17:37:42.489 INFO:teuthology.orchestra.run.smithi084.stdout:/usr/bin/ceph: stdout }
2024-04-25T17:37:42.489 INFO:teuthology.orchestra.run.smithi084.stdout:/usr/bin/ceph: stderr
2024-04-25T17:37:41.642+0000 7f31e7c07700 1 Processor -- start
2024-04-25T17:37:42.489 INFO:teuthology.orchestra.run.smithi084.stdout:/usr/bin/ceph: stderr
2024-04-25T17:37:41.643+0000 7f31e7c07700 1 -- start start
2024-04-25T17:37:42.489 INFO:teuthology.orchestra.run.smithi084.stdout:/usr/bin/ceph: stderr
2024-04-25T17:37:41.643+0000 7f31e7c07700 1 --2- >> [v2:172.21.15.84:3300/0,v1:172.21.15.84:6789/0] conn(0x7f31e0108ff0 0x7f31e010b3e0 unknown :-1 s=NONE pgs=0 cs=0 l=0 rev1=0 crypto rx=0 tx=0 comp rx=0 tx=0).connect
2024-04-25T17:37:42.489 INFO:teuthology.orchestra.run.smithi084.stdout:/usr/bin/ceph: stderr
2024-04-25T17:37:41.643+0000 7f31e7c07700 1 -- --> [v2:172.21.15.84:3300/0,v1:172.21.15.84:6789/0] -- mon_getmap magic: 0 -- 0x7f31e010b920 con 0x7f31e0108ff0
2024-04-25T17:37:42.489 INFO:teuthology.orchestra.run.smithi084.stdout:/usr/bin/ceph: stderr
2024-04-25T17:37:41.643+0000 7f31e59a3700 1 --2- >> [v2:172.21.15.84:3300/0,v1:172.21.15.84:6789/0] conn(0x7f31e0108ff0 0x7f31e010b3e0 unknown :-1 s=BANNER_CONNECTING pgs=0 cs=0 l=0 rev1=0 crypto rx=0 tx=0 comp rx=0 tx=0)._handle_peer_banner_payload supported=3 required=0
2024-04-25T17:37:42.490 INFO:teuthology.orchestra.run.smithi084.stdout:/usr/bin/ceph: stderr
2024-04-25T17:37:41.643+0000 7f31e59a3700 1 --2- >> [v2:172.21.15.84:3300/0,v1:172.21.15.84:6789/0] conn(0x7f31e0108ff0 0x7f31e010b3e0 unknown :-1 s=HELLO_CONNECTING pgs=0 cs=0 l=0 rev1=1 crypto rx=0 tx=0 comp rx=0 tx=0).handle_hello peer v2:172.21.15.84:3300/0 says I am v2:172.21.15.84:58350/0 (socket says 172.21.15.84:58350)
2024-04-25T17:37:42.490 INFO:teuthology.orchestra.run.smithi084.stdout:/usr/bin/ceph: stderr
2024-04-25T17:37:41.643+0000 7f31e59a3700 1 -- 172.21.15.84:0/736951139 learned_addr learned my addr 172.21.15.84:0/736951139 (peer_addr_for_me v2:172.21.15.84:0/0)
2024-04-25T17:37:42.490 INFO:teuthology.orchestra.run.smithi084.stdout:/usr/bin/ceph: stderr
2024-04-25T17:37:41.643+0000 7f31e59a3700 1 -- 172.21.15.84:0/736951139 --> [v2:172.21.15.84:3300/0,v1:172.21.15.84:6789/0] -- mon_subscribe({config=0+,monmap=0+}) -- 0x7f31e010baa0 con 0x7f31e0108ff0
2024-04-25T17:37:42.490 INFO:teuthology.orchestra.run.smithi084.stdout:/usr/bin/ceph: stderr
2024-04-25T17:37:41.643+0000 7f31e59a3700 1 --2- 172.21.15.84:0/736951139 >> [v2:172.21.15.84:3300/0,v1:172.21.15.84:6789/0] conn(0x7f31e0108ff0 0x7f31e010b3e0 secure :-1 s=READY pgs=26 cs=0 l=1 rev1=1 crypto rx=0x7f31dc0098a0 tx=0x7f31dc009bb0 comp rx=0 tx=0).ready entity=mon.0 client_cookie=5d76b8ec44f3e055 server_cookie=0 in_seq=0 out_seq=0
2024-04-25T17:37:42.490 INFO:teuthology.orchestra.run.smithi084.stdout:/usr/bin/ceph: stderr
2024-04-25T17:37:41.644+0000 7f31e49a1700 1 -- 172.21.15.84:0/736951139 <== mon.0 v2:172.21.15.84:3300/0 1 ==== mon_map magic: 0 ==== 205+0+0 (secure 0 0 0) 0x7f31dc004160 con 0x7f31e0108ff0
2024-04-25T17:37:42.490 INFO:teuthology.orchestra.run.smithi084.stdout:/usr/bin/ceph: stderr
2024-04-25T17:37:41.644+0000 7f31e49a1700 1 -- 172.21.15.84:0/736951139 <== mon.0 v2:172.21.15.84:3300/0 2 ==== config(26 keys) ==== 1070+0+0 (secure 0 0 0) 0x7f31dc004300 con 0x7f31e0108ff0
2024-04-25T17:37:42.490 INFO:teuthology.orchestra.run.smithi084.stdout:/usr/bin/ceph: stderr
2024-04-25T17:37:41.644+0000 7f31e49a1700 1 -- 172.21.15.84:0/736951139 <== mon.0 v2:172.21.15.84:3300/0 3 ==== mon_map magic: 0 ==== 205+0+0 (secure 0 0 0) 0x7f31dc011af0 con 0x7f31e0108ff0
2024-04-25T17:37:42.490 INFO:teuthology.orchestra.run.smithi084.stdout:/usr/bin/ceph: stderr
2024-04-25T17:37:41.644+0000 7f31e7c07700 1 -- 172.21.15.84:0/736951139 >> [v2:172.21.15.84:3300/0,v1:172.21.15.84:6789/0] conn(0x7f31e0108ff0 msgr2=0x7f31e010b3e0 secure :-1 s=STATE_CONNECTION_ESTABLISHED l=1).mark_down
2024-04-25T17:37:42.490 INFO:teuthology.orchestra.run.smithi084.stdout:/usr/bin/ceph: stderr
2024-04-25T17:37:41.644+0000 7f31e7c07700 1 --2- 172.21.15.84:0/736951139 >> [v2:172.21.15.84:3300/0,v1:172.21.15.84:6789/0] conn(0x7f31e0108ff0 0x7f31e010b3e0 secure :-1 s=READY pgs=26 cs=0 l=1 rev1=1 crypto rx=0x7f31dc0098a0 tx=0x7f31dc009bb0 comp rx=0 tx=0).stop
2024-04-25T17:37:42.490 INFO:teuthology.orchestra.run.smithi084.stdout:/usr/bin/ceph: stderr
2024-04-25T17:37:41.644+0000 7f31e7c07700 1 -- 172.21.15.84:0/736951139 shutdown_connections
2024-04-25T17:37:42.490 INFO:teuthology.orchestra.run.smithi084.stdout:/usr/bin/ceph: stderr
2024-04-25T17:37:41.644+0000 7f31e7c07700 1 --2- 172.21.15.84:0/736951139 >> [v2:172.21.15.84:3300/0,v1:172.21.15.84:6789/0] conn(0x7f31e0108ff0 0x7f31e010b3e0 unknown :-1 s=CLOSED pgs=26 cs=0 l=1 rev1=1 crypto rx=0 tx=0 comp rx=0 tx=0).stop
2024-04-25T17:37:42.490 INFO:teuthology.orchestra.run.smithi084.stdout:/usr/bin/ceph: stderr
2024-04-25T17:37:41.644+0000 7f31e7c07700 1 -- 172.21.15.84:0/736951139 >> 172.21.15.84:0/736951139 conn(0x7f31e0102a60 msgr2=0x7f31e0104e80 unknown :-1 s=STATE_NONE l=0).mark_down
2024-04-25T17:37:42.490 INFO:teuthology.orchestra.run.smithi084.stdout:/usr/bin/ceph: stderr
2024-04-25T17:37:41.644+0000 7f31e7c07700 1 -- 172.21.15.84:0/736951139 shutdown_connections
2024-04-25T17:37:42.490 INFO:teuthology.orchestra.run.smithi084.stdout:/usr/bin/ceph: stderr
2024-04-25T17:37:41.645+0000 7f31e7c07700 1 -- 172.21.15.84:0/736951139 wait complete.
2024-04-25T17:37:42.490 INFO:teuthology.orchestra.run.smithi084.stdout:/usr/bin/ceph: stderr
2024-04-25T17:37:41.645+0000 7f31e7c07700 1 Processor -- start
2024-04-25T17:37:42.491 INFO:teuthology.orchestra.run.smithi084.stdout:/usr/bin/ceph: stderr
2024-04-25T17:37:41.645+0000 7f31e7c07700 1 -- start start
2024-04-25T17:37:42.491 INFO:teuthology.orchestra.run.smithi084.stdout:/usr/bin/ceph: stderr
2024-04-25T17:37:41.645+0000 7f31e7c07700 1 --2- >> [v2:172.21.15.84:3300/0,v1:172.21.15.84:6789/0] conn(0x7f31e0108ff0 0x7f31e019e7e0 unknown :-1 s=NONE pgs=0 cs=0 l=1 rev1=0 crypto rx=0 tx=0 comp rx=0 tx=0).connect
2024-04-25T17:37:42.491 INFO:teuthology.orchestra.run.smithi084.stdout:/usr/bin/ceph: stderr
2024-04-25T17:37:41.645+0000 7f31e7c07700 1 -- --> [v2:172.21.15.84:3300/0,v1:172.21.15.84:6789/0] -- mon_getmap magic: 0 -- 0x7f31e010c9b0 con 0x7f31e0108ff0
2024-04-25T17:37:42.491 INFO:teuthology.orchestra.run.smithi084.stdout:/usr/bin/ceph: stderr
2024-04-25T17:37:41.645+0000 7f31e59a3700 1 --2- >> [v2:172.21.15.84:3300/0,v1:172.21.15.84:6789/0] conn(0x7f31e0108ff0 0x7f31e019e7e0 unknown :-1 s=BANNER_CONNECTING pgs=0 cs=0 l=1 rev1=0 crypto rx=0 tx=0 comp rx=0 tx=0)._handle_peer_banner_payload supported=3 required=0
2024-04-25T17:37:42.491 INFO:teuthology.orchestra.run.smithi084.stdout:/usr/bin/ceph: stderr
2024-04-25T17:37:41.645+0000 7f31e59a3700 1 --2- >> [v2:172.21.15.84:3300/0,v1:172.21.15.84:6789/0] conn(0x7f31e0108ff0 0x7f31e019e7e0 unknown :-1 s=HELLO_CONNECTING pgs=0 cs=0 l=1 rev1=1 crypto rx=0 tx=0 comp rx=0 tx=0).handle_hello peer v2:172.21.15.84:3300/0 says I am v2:172.21.15.84:58358/0 (socket says 172.21.15.84:58358)
2024-04-25T17:37:42.491 INFO:teuthology.orchestra.run.smithi084.stdout:/usr/bin/ceph: stderr
2024-04-25T17:37:41.645+0000 7f31e59a3700 1 -- 172.21.15.84:0/103219038 learned_addr learned my addr 172.21.15.84:0/103219038 (peer_addr_for_me v2:172.21.15.84:0/0)
2024-04-25T17:37:42.491 INFO:teuthology.orchestra.run.smithi084.stdout:/usr/bin/ceph: stderr
2024-04-25T17:37:41.646+0000 7f31e59a3700 1 -- 172.21.15.84:0/103219038 --> [v2:172.21.15.84:3300/0,v1:172.21.15.84:6789/0] -- mon_subscribe({config=0+,monmap=0+}) -- 0x7f31e019ed20 con 0x7f31e0108ff0
2024-04-25T17:37:42.491 INFO:teuthology.orchestra.run.smithi084.stdout:/usr/bin/ceph: stderr
2024-04-25T17:37:41.646+0000 7f31e59a3700 1 --2- 172.21.15.84:0/103219038 >> [v2:172.21.15.84:3300/0,v1:172.21.15.84:6789/0] conn(0x7f31e0108ff0 0x7f31e019e7e0 secure :-1 s=READY pgs=27 cs=0 l=1 rev1=1 crypto rx=0x7f31dc009fb0 tx=0x7f31dc011940 comp rx=0 tx=0).ready entity=mon.0 client_cookie=0 server_cookie=0 in_seq=0 out_seq=0
2024-04-25T17:37:42.491 INFO:teuthology.orchestra.run.smithi084.stdout:/usr/bin/ceph: stderr
2024-04-25T17:37:41.646+0000 7f31d6ffd700 1 -- 172.21.15.84:0/103219038 <== mon.0 v2:172.21.15.84:3300/0 1 ==== mon_map magic: 0 ==== 205+0+0 (secure 0 0 0) 0x7f31dc0036a0 con 0x7f31e0108ff0
2024-04-25T17:37:42.491 INFO:teuthology.orchestra.run.smithi084.stdout:/usr/bin/ceph: stderr
2024-04-25T17:37:41.646+0000 7f31e7c07700 1 -- 172.21.15.84:0/103219038 --> [v2:172.21.15.84:3300/0,v1:172.21.15.84:6789/0] -- mon_subscribe({mgrmap=0+}) -- 0x7f31e019efb0 con 0x7f31e0108ff0
2024-04-25T17:37:42.491 INFO:teuthology.orchestra.run.smithi084.stdout:/usr/bin/ceph: stderr
2024-04-25T17:37:41.646+0000 7f31d6ffd700 1 -- 172.21.15.84:0/103219038 <== mon.0 v2:172.21.15.84:3300/0 2 ==== config(26 keys) ==== 1070+0+0 (secure 0 0 0) 0x7f31dc01a430 con 0x7f31e0108ff0
2024-04-25T17:37:42.491 INFO:teuthology.orchestra.run.smithi084.stdout:/usr/bin/ceph: stderr
2024-04-25T17:37:41.646+0000 7f31d6ffd700 1 -- 172.21.15.84:0/103219038 <== mon.0 v2:172.21.15.84:3300/0 3 ==== mon_map magic: 0 ==== 205+0+0 (secure 0 0 0) 0x7f31dc019550 con 0x7f31e0108ff0
2024-04-25T17:37:42.491 INFO:teuthology.orchestra.run.smithi084.stdout:/usr/bin/ceph: stderr
2024-04-25T17:37:41.646+0000 7f31e7c07700 1 -- 172.21.15.84:0/103219038 --> [v2:172.21.15.84:3300/0,v1:172.21.15.84:6789/0] -- mon_subscribe({osdmap=0}) -- 0x7f31e01a1ca0 con 0x7f31e0108ff0
2024-04-25T17:37:42.491 INFO:teuthology.orchestra.run.smithi084.stdout:/usr/bin/ceph: stderr
2024-04-25T17:37:41.647+0000 7f31d6ffd700 1 -- 172.21.15.84:0/103219038 <== mon.0 v2:172.21.15.84:3300/0 4 ==== mgrmap(e 5) ==== 46558+0+0 (secure 0 0 0) 0x7f31dc019850 con 0x7f31e0108ff0
2024-04-25T17:37:42.491 INFO:teuthology.orchestra.run.smithi084.stdout:/usr/bin/ceph: stderr
2024-04-25T17:37:41.647+0000 7f31e7c07700 1 -- 172.21.15.84:0/103219038 --> [v2:172.21.15.84:3300/0,v1:172.21.15.84:6789/0] -- mon_command({"prefix": "get_command_descriptions"} v 0) -- 0x7f31e00640a0 con 0x7f31e0108ff0
2024-04-25T17:37:42.492 INFO:teuthology.orchestra.run.smithi084.stdout:/usr/bin/ceph: stderr
2024-04-25T17:37:41.647+0000 7f31d6ffd700 1 --2- 172.21.15.84:0/103219038 >> [v2:172.21.15.84:6800/2755738188,v1:172.21.15.84:6801/2755738188] conn(0x7f31cc039560 0x7f31cc03ba20 unknown :-1 s=NONE pgs=0 cs=0 l=1 rev1=0 crypto rx=0 tx=0 comp rx=0 tx=0).connect
2024-04-25T17:37:42.492 INFO:teuthology.orchestra.run.smithi084.stdout:/usr/bin/ceph: stderr
2024-04-25T17:37:41.647+0000 7f31d6ffd700 1 -- 172.21.15.84:0/103219038 <== mon.0 v2:172.21.15.84:3300/0 5 ==== osd_map(1..1 src has 1..1) ==== 725+0+0 (secure 0 0 0) 0x7f31dc04d930 con 0x7f31e0108ff0
2024-04-25T17:37:42.492 INFO:teuthology.orchestra.run.smithi084.stdout:/usr/bin/ceph: stderr
2024-04-25T17:37:41.647+0000 7f31e51a2700 1 -- 172.21.15.84:0/103219038 >> [v2:172.21.15.84:6800/2755738188,v1:172.21.15.84:6801/2755738188] conn(0x7f31cc039560 msgr2=0x7f31cc03ba20 unknown :-1 s=STATE_CONNECTING_RE l=1).process reconnect failed to v2:172.21.15.84:6800/2755738188
2024-04-25T17:37:42.492 INFO:teuthology.orchestra.run.smithi084.stdout:/usr/bin/ceph: stderr
2024-04-25T17:37:41.647+0000 7f31e51a2700 1 --2- 172.21.15.84:0/103219038 >> [v2:172.21.15.84:6800/2755738188,v1:172.21.15.84:6801/2755738188] conn(0x7f31cc039560 0x7f31cc03ba20 unknown :-1 s=START_CONNECT pgs=0 cs=0 l=1 rev1=0 crypto rx=0 tx=0 comp rx=0 tx=0)._fault waiting 0.200000
2024-04-25T17:37:42.492 INFO:teuthology.orchestra.run.smithi084.stdout:/usr/bin/ceph: stderr
2024-04-25T17:37:41.656+0000 7f31d6ffd700 1 -- 172.21.15.84:0/103219038 <== mon.0 v2:172.21.15.84:3300/0 6 ==== mon_command_ack([{"prefix": "get_command_descriptions"}]=0 v0) ==== 72+0+188370 (secure 0 0 0) 0x7f31dc00bc40 con 0x7f31e0108ff0
2024-04-25T17:37:42.492 INFO:teuthology.orchestra.run.smithi084.stdout:/usr/bin/ceph: stderr
2024-04-25T17:37:41.848+0000 7f31e51a2700 1 -- 172.21.15.84:0/103219038 >> [v2:172.21.15.84:6800/2755738188,v1:172.21.15.84:6801/2755738188] conn(0x7f31cc039560 msgr2=0x7f31cc03ba20 unknown :-1 s=STATE_CONNECTING_RE l=1).process reconnect failed to v2:172.21.15.84:6800/2755738188
2024-04-25T17:37:42.492 INFO:teuthology.orchestra.run.smithi084.stdout:/usr/bin/ceph: stderr
2024-04-25T17:37:41.848+0000 7f31e51a2700 1 --2- 172.21.15.84:0/103219038 >> [v2:172.21.15.84:6800/2755738188,v1:172.21.15.84:6801/2755738188] conn(0x7f31cc039560 0x7f31cc03ba20 unknown :-1 s=START_CONNECT pgs=0 cs=0 l=1 rev1=0 crypto rx=0 tx=0 comp rx=0 tx=0)._fault waiting 0.400000
2024-04-25T17:37:42.492 INFO:teuthology.orchestra.run.smithi084.stdout:/usr/bin/ceph: stderr
2024-04-25T17:37:41.927+0000 7f31e7c07700 1 -- 172.21.15.84:0/103219038 --> [v2:172.21.15.84:3300/0,v1:172.21.15.84:6789/0] -- mon_command({"prefix": "mgr stat"} v 0) -- 0x7f31e01a1e70 con 0x7f31e0108ff0
2024-04-25T17:37:42.492 INFO:teuthology.orchestra.run.smithi084.stdout:/usr/bin/ceph: stderr
2024-04-25T17:37:41.928+0000 7f31d6ffd700 1 -- 172.21.15.84:0/103219038 <== mon.0 v2:172.21.15.84:3300/0 7 ==== mon_command_ack([{"prefix": "mgr stat"}]=0 v5) ==== 56+0+88 (secure 0 0 0) 0x7f31dc04d350 con 0x7f31e0108ff0
2024-04-25T17:37:42.492 INFO:teuthology.orchestra.run.smithi084.stdout:/usr/bin/ceph: stderr
2024-04-25T17:37:41.931+0000 7f31e7c07700 1 -- 172.21.15.84:0/103219038 >> [v2:172.21.15.84:6800/2755738188,v1:172.21.15.84:6801/2755738188] conn(0x7f31cc039560 msgr2=0x7f31cc03ba20 unknown :-1 s=STATE_CONNECTING l=1).mark_down
2024-04-25T17:37:42.492 INFO:teuthology.orchestra.run.smithi084.stdout:/usr/bin/ceph: stderr
2024-04-25T17:37:41.931+0000 7f31e7c07700 1 --2- 172.21.15.84:0/103219038 >> [v2:172.21.15.84:6800/2755738188,v1:172.21.15.84:6801/2755738188] conn(0x7f31cc039560 0x7f31cc03ba20 unknown :-1 s=START_CONNECT pgs=0 cs=0 l=1 rev1=0 crypto rx=0 tx=0 comp rx=0 tx=0).stop
2024-04-25T17:37:42.492 INFO:teuthology.orchestra.run.smithi084.stdout:/usr/bin/ceph: stderr
2024-04-25T17:37:41.931+0000 7f31e7c07700 1 -- 172.21.15.84:0/103219038 >> [v2:172.21.15.84:3300/0,v1:172.21.15.84:6789/0] conn(0x7f31e0108ff0 msgr2=0x7f31e019e7e0 secure :-1 s=STATE_CONNECTION_ESTABLISHED l=1).mark_down
2024-04-25T17:37:42.492 INFO:teuthology.orchestra.run.smithi084.stdout:/usr/bin/ceph: stderr
2024-04-25T17:37:41.931+0000 7f31e7c07700 1 --2- 172.21.15.84:0/103219038 >> [v2:172.21.15.84:3300/0,v1:172.21.15.84:6789/0] conn(0x7f31e0108ff0 0x7f31e019e7e0 secure :-1 s=READY pgs=27 cs=0 l=1 rev1=1 crypto rx=0x7f31dc009fb0 tx=0x7f31dc011940 comp rx=0 tx=0).stop
2024-04-25T17:37:42.492 INFO:teuthology.orchestra.run.smithi084.stdout:/usr/bin/ceph: stderr
2024-04-25T17:37:41.931+0000 7f31e7c07700 1 -- 172.21.15.84:0/103219038 shutdown_connections
2024-04-25T17:37:42.493 INFO:teuthology.orchestra.run.smithi084.stdout:/usr/bin/ceph: stderr
2024-04-25T17:37:41.931+0000 7f31e7c07700 1 --2- 172.21.15.84:0/103219038 >> [v2:172.21.15.84:6800/2755738188,v1:172.21.15.84:6801/2755738188] conn(0x7f31cc039560 0x7f31cc03ba20 unknown :-1 s=CLOSED pgs=0 cs=0 l=1 rev1=0 crypto rx=0 tx=0 comp rx=0 tx=0).stop
2024-04-25T17:37:42.493 INFO:teuthology.orchestra.run.smithi084.stdout:/usr/bin/ceph: stderr
2024-04-25T17:37:41.931+0000 7f31e7c07700 1 --2- 172.21.15.84:0/103219038 >> [v2:172.21.15.84:3300/0,v1:172.21.15.84:6789/0] conn(0x7f31e0108ff0 0x7f31e019e7e0 unknown :-1 s=CLOSED pgs=27 cs=0 l=1 rev1=1 crypto rx=0 tx=0 comp rx=0 tx=0).stop
2024-04-25T17:37:42.493 INFO:teuthology.orchestra.run.smithi084.stdout:/usr/bin/ceph: stderr
2024-04-25T17:37:41.931+0000 7f31e7c07700 1 -- 172.21.15.84:0/103219038 >> 172.21.15.84:0/103219038 conn(0x7f31e0102a60 msgr2=0x7f31e0103520 unknown :-1 s=STATE_NONE l=0).mark_down
2024-04-25T17:37:42.493 INFO:teuthology.orchestra.run.smithi084.stdout:/usr/bin/ceph: stderr
2024-04-25T17:37:41.934+0000 7f31e7c07700 1 -- 172.21.15.84:0/103219038 shutdown_connections
2024-04-25T17:37:42.493 INFO:teuthology.orchestra.run.smithi084.stdout:/usr/bin/ceph: stderr
2024-04-25T17:37:41.934+0000 7f31e7c07700 1 -- 172.21.15.84:0/103219038 wait complete.
2024-04-25T17:37:42.493 INFO:teuthology.orchestra.run.smithi084.stdout:Waiting for the mgr to restart...
2024-04-25T17:37:42.493 INFO:teuthology.orchestra.run.smithi084.stdout:Waiting for mgr epoch 5...
2024-04-25T17:37:42.740 INFO:journalctl@ceph.mon.a.smithi084.stdout:Apr 25 17:37:42 smithi084 ceph-mon[29138]: from='client.? 172.21.15.84:0/103219038' entity='client.admin' cmd=[{"prefix": "mgr stat"}]: dispatch
2024-04-25T17:37:42.740 INFO:journalctl@ceph.mgr.x.smithi084.stdout:Apr 25 17:37:42 smithi084 ceph-50fd3432-032a-11ef-bc93-c7b262605968-mgr-x[29367]:
2024-04-25T17:37:42.720+0000 7f1d514bf200 -1 mgr[py] Module telegraf has missing NOTIFY_TYPES member
2024-04-25T17:37:43.067 INFO:journalctl@ceph.mgr.x.smithi084.stdout:Apr 25 17:37:42 smithi084 ceph-50fd3432-032a-11ef-bc93-c7b262605968-mgr-x[29367]:
2024-04-25T17:37:42.897+0000 7f1d514bf200 -1 mgr[py] Module osd_support has missing NOTIFY_TYPES member
2024-04-25T17:37:43.067 INFO:journalctl@ceph.mgr.x.smithi084.stdout:Apr 25 17:37:43 smithi084 ceph-50fd3432-032a-11ef-bc93-c7b262605968-mgr-x[29367]:
2024-04-25T17:37:43.066+0000 7f1d514bf200 -1 mgr[py] Module iostat has missing NOTIFY_TYPES member
2024-04-25T17:37:43.637 INFO:journalctl@ceph.mgr.x.smithi084.stdout:Apr 25 17:37:43 smithi084 ceph-50fd3432-032a-11ef-bc93-c7b262605968-mgr-x[29367]:
2024-04-25T17:37:43.348+0000 7f1d514bf200 -1 mgr[py] Module alerts has missing NOTIFY_TYPES member
2024-04-25T17:37:43.637 INFO:journalctl@ceph.mgr.x.smithi084.stdout:Apr 25 17:37:43 smithi084 ceph-50fd3432-032a-11ef-bc93-c7b262605968-mgr-x[29367]:
2024-04-25T17:37:43.438+0000 7f1d514bf200 -1 mgr[py] Module selftest has missing NOTIFY_TYPES member
2024-04-25T17:37:43.637 INFO:journalctl@ceph.mgr.x.smithi084.stdout:Apr 25 17:37:43 smithi084 ceph-50fd3432-032a-11ef-bc93-c7b262605968-mgr-x[29367]:
2024-04-25T17:37:43.636+0000 7f1d514bf200 -1 mgr[py] Module pg_autoscaler has missing NOTIFY_TYPES member
2024-04-25T17:37:43.980 INFO:journalctl@ceph.mgr.x.smithi084.stdout:Apr 25 17:37:43 smithi084 ceph-50fd3432-032a-11ef-bc93-c7b262605968-mgr-x[29367]:
2024-04-25T17:37:43.825+0000 7f1d514bf200 -1 mgr[py] Module test_orchestrator has missing NOTIFY_TYPES member
2024-04-25T17:37:44.730 INFO:journalctl@ceph.mgr.x.smithi084.stdout:Apr 25 17:37:44 smithi084 ceph-50fd3432-032a-11ef-bc93-c7b262605968-mgr-x[29367]:
2024-04-25T17:37:44.408+0000 7f1d514bf200 -1 mgr[py] Module rook has missing NOTIFY_TYPES member
2024-04-25T17:37:45.107 INFO:journalctl@ceph.mgr.x.smithi084.stdout:Apr 25 17:37:44 smithi084 ceph-50fd3432-032a-11ef-bc93-c7b262605968-mgr-x[29367]:
2024-04-25T17:37:44.817+0000 7f1d514bf200 -1 mgr[py] Module volumes has missing NOTIFY_TYPES member
2024-04-25T17:37:45.107 INFO:journalctl@ceph.mgr.x.smithi084.stdout:Apr 25 17:37:44 smithi084 ceph-50fd3432-032a-11ef-bc93-c7b262605968-mgr-x[29367]:
2024-04-25T17:37:44.910+0000 7f1d514bf200 -1 mgr[py] Module crash has missing NOTIFY_TYPES member
2024-04-25T17:37:45.107 INFO:journalctl@ceph.mgr.x.smithi084.stdout:Apr 25 17:37:45 smithi084 ceph-50fd3432-032a-11ef-bc93-c7b262605968-mgr-x[29367]:
2024-04-25T17:37:45.106+0000 7f1d514bf200 -1 mgr[py] Module rgw has missing NOTIFY_TYPES member
2024-04-25T17:37:45.942 INFO:journalctl@ceph.mgr.x.smithi084.stdout:Apr 25 17:37:45 smithi084 ceph-50fd3432-032a-11ef-bc93-c7b262605968-mgr-x[29367]:
2024-04-25T17:37:45.615+0000 7f1d514bf200 -1 mgr[py] Module prometheus has missing NOTIFY_TYPES member
2024-04-25T17:37:45.943 INFO:journalctl@ceph.mgr.x.smithi084.stdout:Apr 25 17:37:45 smithi084 ceph-50fd3432-032a-11ef-bc93-c7b262605968-mgr-x[29367]:
2024-04-25T17:37:45.704+0000 7f1d514bf200 -1 mgr[py] Module devicehealth has missing NOTIFY_TYPES member
2024-04-25T17:37:46.230 INFO:journalctl@ceph.mgr.x.smithi084.stdout:Apr 25 17:37:45 smithi084 ceph-50fd3432-032a-11ef-bc93-c7b262605968-mgr-x[29367]:
2024-04-25T17:37:45.942+0000 7f1d514bf200 -1 mgr[py] Module telemetry has missing NOTIFY_TYPES member
2024-04-25T17:37:46.230 INFO:journalctl@ceph.mgr.x.smithi084.stdout:Apr 25 17:37:46 smithi084 ceph-50fd3432-032a-11ef-bc93-c7b262605968-mgr-x[29367]:
2024-04-25T17:37:46.073+0000 7f1d514bf200 -1 mgr[py] Module diskprediction_local has missing NOTIFY_TYPES member
2024-04-25T17:37:46.230 INFO:journalctl@ceph.mgr.x.smithi084.stdout:Apr 25 17:37:46 smithi084 ceph-50fd3432-032a-11ef-bc93-c7b262605968-mgr-x[29367]:
2024-04-25T17:37:46.166+0000 7f1d514bf200 -1 mgr[py] Module osd_perf_query has missing NOTIFY_TYPES member
2024-04-25T17:37:46.576 INFO:journalctl@ceph.mgr.x.smithi084.stdout:Apr 25 17:37:46 smithi084 ceph-50fd3432-032a-11ef-bc93-c7b262605968-mgr-x[29367]:
2024-04-25T17:37:46.280+0000 7f1d514bf200 -1 mgr[py] Module rbd_support has missing NOTIFY_TYPES member
2024-04-25T17:37:46.576 INFO:journalctl@ceph.mgr.x.smithi084.stdout:Apr 25 17:37:46 smithi084 ceph-50fd3432-032a-11ef-bc93-c7b262605968-mgr-x[29367]:
2024-04-25T17:37:46.575+0000 7f1d514bf200 -1 mgr[py] Module zabbix has missing NOTIFY_TYPES member
2024-04-25T17:37:47.434 INFO:journalctl@ceph.mgr.x.smithi084.stdout:Apr 25 17:37:47 smithi084 ceph-50fd3432-032a-11ef-bc93-c7b262605968-mgr-x[29367]:
2024-04-25T17:37:47.169+0000 7f1d514bf200 -1 mgr[py] Module status has missing NOTIFY_TYPES member
2024-04-25T17:37:47.434 INFO:journalctl@ceph.mgr.x.smithi084.stdout:Apr 25 17:37:47 smithi084 ceph-50fd3432-032a-11ef-bc93-c7b262605968-mgr-x[29367]:
2024-04-25T17:37:47.381+0000 7f1d514bf200 -1 mgr[py] Module nfs has missing NOTIFY_TYPES member
2024-04-25T17:37:47.730 INFO:journalctl@ceph.mon.a.smithi084.stdout:Apr 25 17:37:47 smithi084 ceph-mon[29138]: Active manager daemon x restarted
2024-04-25T17:37:47.730 INFO:journalctl@ceph.mon.a.smithi084.stdout:Apr 25 17:37:47 smithi084 ceph-mon[29138]: Activating manager daemon x
2024-04-25T17:37:47.730 INFO:journalctl@ceph.mon.a.smithi084.stdout:Apr 25 17:37:47 smithi084 ceph-mon[29138]: osdmap e2: 0 total, 0 up, 0 in
2024-04-25T17:37:47.730 INFO:journalctl@ceph.mon.a.smithi084.stdout:Apr 25 17:37:47 smithi084 ceph-mon[29138]: mgrmap e6: x(active, starting, since 0.00347964s)
2024-04-25T17:37:47.730 INFO:journalctl@ceph.mon.a.smithi084.stdout:Apr 25 17:37:47 smithi084 ceph-mon[29138]: from='mgr.14120 172.21.15.84:0/2367822956' entity='mgr.x' cmd=[{"prefix": "mon metadata", "id": "a"}]: dispatch
2024-04-25T17:37:47.730 INFO:journalctl@ceph.mon.a.smithi084.stdout:Apr 25 17:37:47 smithi084 ceph-mon[29138]: from='mgr.14120 172.21.15.84:0/2367822956' entity='mgr.x' cmd=[{"prefix": "mgr metadata", "who": "x", "id": "x"}]: dispatch
2024-04-25T17:37:47.730 INFO:journalctl@ceph.mon.a.smithi084.stdout:Apr 25 17:37:47 smithi084 ceph-mon[29138]: from='mgr.14120 172.21.15.84:0/2367822956' entity='mgr.x' cmd=[{"prefix": "mds metadata"}]: dispatch
2024-04-25T17:37:47.730 INFO:journalctl@ceph.mon.a.smithi084.stdout:Apr 25 17:37:47 smithi084 ceph-mon[29138]: from='mgr.14120 172.21.15.84:0/2367822956' entity='mgr.x' cmd=[{"prefix": "osd metadata"}]: dispatch
2024-04-25T17:37:47.731 INFO:journalctl@ceph.mon.a.smithi084.stdout:Apr 25 17:37:47 smithi084 ceph-mon[29138]: from='mgr.14120 172.21.15.84:0/2367822956' entity='mgr.x' cmd=[{"prefix": "mon metadata"}]: dispatch
2024-04-25T17:37:47.731 INFO:journalctl@ceph.mon.a.smithi084.stdout:Apr 25 17:37:47 smithi084 ceph-mon[29138]: Manager daemon x is now available
2024-04-25T17:37:47.731 INFO:journalctl@ceph.mon.a.smithi084.stdout:Apr 25 17:37:47 smithi084 ceph-mon[29138]: from='mgr.14120 172.21.15.84:0/2367822956' entity='mgr.x'
2024-04-25T17:37:47.731 INFO:journalctl@ceph.mon.a.smithi084.stdout:Apr 25 17:37:47 smithi084 ceph-mon[29138]: from='mgr.14120 172.21.15.84:0/2367822956' entity='mgr.x'
2024-04-25T17:37:47.731 INFO:journalctl@ceph.mon.a.smithi084.stdout:Apr 25 17:37:47 smithi084 ceph-mon[29138]: from='mgr.14120 172.21.15.84:0/2367822956' entity='mgr.x' cmd=[{"prefix": "config dump", "format": "json"}]: dispatch
2024-04-25T17:37:47.731 INFO:journalctl@ceph.mon.a.smithi084.stdout:Apr 25 17:37:47 smithi084 ceph-mon[29138]: from='mgr.14120 172.21.15.84:0/2367822956' entity='mgr.x' cmd=[{"prefix": "config dump", "format": "json"}]: dispatch
2024-04-25T17:37:47.731 INFO:journalctl@ceph.mon.a.smithi084.stdout:Apr 25 17:37:47 smithi084 ceph-mon[29138]: from='mgr.14120 172.21.15.84:0/2367822956' entity='mgr.x' cmd=[{"prefix":"config rm","who":"mgr","name":"mgr/rbd_support/x/mirror_snapshot_schedule"}]: dispatch
2024-04-25T17:37:47.731 INFO:journalctl@ceph.mon.a.smithi084.stdout:Apr 25 17:37:47 smithi084 ceph-mon[29138]: from='mgr.14120 172.21.15.84:0/2367822956' entity='mgr.x' cmd=[{"prefix":"config rm","who":"mgr","name":"mgr/rbd_support/x/trash_purge_schedule"}]: dispatch
2024-04-25T17:37:48.730 INFO:journalctl@ceph.mon.a.smithi084.stdout:Apr 25 17:37:48 smithi084 ceph-mon[29138]: Found migration_current of "None". Setting to last migration.
2024-04-25T17:37:48.730 INFO:journalctl@ceph.mon.a.smithi084.stdout:Apr 25 17:37:48 smithi084 ceph-mon[29138]: from='mgr.14120 172.21.15.84:0/2367822956' entity='mgr.x'
2024-04-25T17:37:48.730 INFO:journalctl@ceph.mon.a.smithi084.stdout:Apr 25 17:37:48 smithi084 ceph-mon[29138]: from='mgr.14120 172.21.15.84:0/2367822956' entity='mgr.x'
2024-04-25T17:37:48.730 INFO:journalctl@ceph.mon.a.smithi084.stdout:Apr 25 17:37:48 smithi084 ceph-mon[29138]: from='mgr.14120 172.21.15.84:0/2367822956' entity='mgr.x' cmd=[{"prefix": "config dump", "format": "json"}]: dispatch
2024-04-25T17:37:48.730 INFO:journalctl@ceph.mon.a.smithi084.stdout:Apr 25 17:37:48 smithi084 ceph-mon[29138]: mgrmap e7: x(active, since 1.00606s)
2024-04-25T17:37:48.921 INFO:teuthology.orchestra.run.smithi084.stdout:/usr/bin/ceph: stdout {
2024-04-25T17:37:48.921 INFO:teuthology.orchestra.run.smithi084.stdout:/usr/bin/ceph: stdout "mgrmap_epoch": 7,
2024-04-25T17:37:48.921 INFO:teuthology.orchestra.run.smithi084.stdout:/usr/bin/ceph: stdout "initialized": true
2024-04-25T17:37:48.921 INFO:teuthology.orchestra.run.smithi084.stdout:/usr/bin/ceph: stdout }
2024-04-25T17:37:48.921 INFO:teuthology.orchestra.run.smithi084.stdout:/usr/bin/ceph: stderr
2024-04-25T17:37:42.950+0000 7fbbdd68b700 1 Processor -- start
2024-04-25T17:37:48.921 INFO:teuthology.orchestra.run.smithi084.stdout:/usr/bin/ceph: stderr
2024-04-25T17:37:42.950+0000 7fbbdd68b700 1 -- start start
2024-04-25T17:37:48.921 INFO:teuthology.orchestra.run.smithi084.stdout:/usr/bin/ceph: stderr
2024-04-25T17:37:42.950+0000 7fbbdd68b700 1 --2- >> [v2:172.21.15.84:3300/0,v1:172.21.15.84:6789/0] conn(0x7fbbd8109020 0x7fbbd810b410 unknown :-1 s=NONE pgs=0 cs=0 l=0 rev1=0 crypto rx=0 tx=0 comp rx=0 tx=0).connect
2024-04-25T17:37:48.921 INFO:teuthology.orchestra.run.smithi084.stdout:/usr/bin/ceph: stderr
2024-04-25T17:37:42.950+0000 7fbbdd68b700 1 -- --> [v2:172.21.15.84:3300/0,v1:172.21.15.84:6789/0] -- mon_getmap magic: 0 -- 0x7fbbd807be60 con 0x7fbbd8109020
2024-04-25T17:37:48.921 INFO:teuthology.orchestra.run.smithi084.stdout:/usr/bin/ceph: stderr
2024-04-25T17:37:42.950+0000 7fbbd6ffd700 1 --2- >> [v2:172.21.15.84:3300/0,v1:172.21.15.84:6789/0] conn(0x7fbbd8109020 0x7fbbd810b410 unknown :-1 s=BANNER_CONNECTING pgs=0 cs=0 l=0 rev1=0 crypto rx=0 tx=0 comp rx=0 tx=0)._handle_peer_banner_payload supported=3 required=0
2024-04-25T17:37:48.921 INFO:teuthology.orchestra.run.smithi084.stdout:/usr/bin/ceph: stderr
2024-04-25T17:37:42.950+0000 7fbbd6ffd700 1 --2- >> [v2:172.21.15.84:3300/0,v1:172.21.15.84:6789/0] conn(0x7fbbd8109020 0x7fbbd810b410 unknown :-1 s=HELLO_CONNECTING pgs=0 cs=0 l=0 rev1=1 crypto rx=0 tx=0 comp rx=0 tx=0).handle_hello peer v2:172.21.15.84:3300/0 says I am v2:172.21.15.84:58374/0 (socket says 172.21.15.84:58374)
2024-04-25T17:37:48.921 INFO:teuthology.orchestra.run.smithi084.stdout:/usr/bin/ceph: stderr
2024-04-25T17:37:42.950+0000 7fbbd6ffd700 1 -- 172.21.15.84:0/1981848433 learned_addr learned my addr 172.21.15.84:0/1981848433 (peer_addr_for_me v2:172.21.15.84:0/0)
2024-04-25T17:37:48.921 INFO:teuthology.orchestra.run.smithi084.stdout:/usr/bin/ceph: stderr
2024-04-25T17:37:42.951+0000 7fbbd6ffd700 1 -- 172.21.15.84:0/1981848433 --> [v2:172.21.15.84:3300/0,v1:172.21.15.84:6789/0] -- mon_subscribe({config=0+,monmap=0+}) -- 0x7fbbd810b950 con 0x7fbbd8109020
2024-04-25T17:37:48.922 INFO:teuthology.orchestra.run.smithi084.stdout:/usr/bin/ceph: stderr
2024-04-25T17:37:42.951+0000 7fbbd6ffd700 1 --2- 172.21.15.84:0/1981848433 >> [v2:172.21.15.84:3300/0,v1:172.21.15.84:6789/0] conn(0x7fbbd8109020 0x7fbbd810b410 secure :-1 s=READY pgs=28 cs=0 l=1 rev1=1 crypto rx=0x7fbbc00098a0 tx=0x7fbbc0009bb0 comp rx=0 tx=0).ready entity=mon.0 client_cookie=4d719d2c064648c1 server_cookie=0 in_seq=0 out_seq=0
2024-04-25T17:37:48.922 INFO:teuthology.orchestra.run.smithi084.stdout:/usr/bin/ceph: stderr
2024-04-25T17:37:42.951+0000 7fbbd5ffb700 1 -- 172.21.15.84:0/1981848433 <== mon.0 v2:172.21.15.84:3300/0 1 ==== mon_map magic: 0 ==== 205+0+0 (secure 0 0 0) 0x7fbbc0004160 con 0x7fbbd8109020
2024-04-25T17:37:48.922 INFO:teuthology.orchestra.run.smithi084.stdout:/usr/bin/ceph: stderr
2024-04-25T17:37:42.951+0000 7fbbd5ffb700 1 -- 172.21.15.84:0/1981848433 <== mon.0 v2:172.21.15.84:3300/0 2 ==== config(26 keys) ==== 1070+0+0 (secure 0 0 0) 0x7fbbc0004300 con 0x7fbbd8109020
2024-04-25T17:37:48.922 INFO:teuthology.orchestra.run.smithi084.stdout:/usr/bin/ceph: stderr
2024-04-25T17:37:42.951+0000 7fbbd5ffb700 1 -- 172.21.15.84:0/1981848433 <== mon.0 v2:172.21.15.84:3300/0 3 ==== mon_map magic: 0 ==== 205+0+0 (secure 0 0 0) 0x7fbbc0011af0 con 0x7fbbd8109020
2024-04-25T17:37:48.922 INFO:teuthology.orchestra.run.smithi084.stdout:/usr/bin/ceph: stderr
2024-04-25T17:37:42.952+0000 7fbbdd68b700 1 -- 172.21.15.84:0/1981848433 >> [v2:172.21.15.84:3300/0,v1:172.21.15.84:6789/0] conn(0x7fbbd8109020 msgr2=0x7fbbd810b410 secure :-1 s=STATE_CONNECTION_ESTABLISHED l=1).mark_down
2024-04-25T17:37:48.922 INFO:teuthology.orchestra.run.smithi084.stdout:/usr/bin/ceph: stderr
2024-04-25T17:37:42.952+0000 7fbbdd68b700 1 --2- 172.21.15.84:0/1981848433 >> [v2:172.21.15.84:3300/0,v1:172.21.15.84:6789/0] conn(0x7fbbd8109020 0x7fbbd810b410 secure :-1 s=READY pgs=28 cs=0 l=1 rev1=1 crypto rx=0x7fbbc00098a0 tx=0x7fbbc0009bb0 comp rx=0 tx=0).stop
2024-04-25T17:37:48.922 INFO:teuthology.orchestra.run.smithi084.stdout:/usr/bin/ceph: stderr
2024-04-25T17:37:42.952+0000 7fbbdd68b700 1 -- 172.21.15.84:0/1981848433 shutdown_connections
2024-04-25T17:37:48.922 INFO:teuthology.orchestra.run.smithi084.stdout:/usr/bin/ceph: stderr
2024-04-25T17:37:42.952+0000 7fbbdd68b700 1 --2- 172.21.15.84:0/1981848433 >> [v2:172.21.15.84:3300/0,v1:172.21.15.84:6789/0] conn(0x7fbbd8109020 0x7fbbd810b410 unknown :-1 s=CLOSED pgs=28 cs=0 l=1 rev1=1 crypto rx=0 tx=0 comp rx=0 tx=0).stop
2024-04-25T17:37:48.922 INFO:teuthology.orchestra.run.smithi084.stdout:/usr/bin/ceph: stderr
2024-04-25T17:37:42.952+0000 7fbbdd68b700 1 -- 172.21.15.84:0/1981848433 >> 172.21.15.84:0/1981848433 conn(0x7fbbd8102a50 msgr2=0x7fbbd8104e70 unknown :-1 s=STATE_NONE l=0).mark_down
2024-04-25T17:37:48.922 INFO:teuthology.orchestra.run.smithi084.stdout:/usr/bin/ceph: stderr
2024-04-25T17:37:42.952+0000 7fbbdd68b700 1 -- 172.21.15.84:0/1981848433 shutdown_connections
2024-04-25T17:37:48.922 INFO:teuthology.orchestra.run.smithi084.stdout:/usr/bin/ceph: stderr
2024-04-25T17:37:42.952+0000 7fbbdd68b700 1 -- 172.21.15.84:0/1981848433 wait complete.
2024-04-25T17:37:48.922 INFO:teuthology.orchestra.run.smithi084.stdout:/usr/bin/ceph: stderr
2024-04-25T17:37:42.953+0000 7fbbdd68b700 1 Processor -- start
2024-04-25T17:37:48.922 INFO:teuthology.orchestra.run.smithi084.stdout:/usr/bin/ceph: stderr
2024-04-25T17:37:42.953+0000 7fbbdd68b700 1 -- start start
2024-04-25T17:37:48.923 INFO:teuthology.orchestra.run.smithi084.stdout:/usr/bin/ceph: stderr
2024-04-25T17:37:42.953+0000 7fbbdd68b700 1 --2- >> [v2:172.21.15.84:3300/0,v1:172.21.15.84:6789/0] conn(0x7fbbd8109020 0x7fbbd819c4c0 unknown :-1 s=NONE pgs=0 cs=0 l=1 rev1=0 crypto rx=0 tx=0 comp rx=0 tx=0).connect
2024-04-25T17:37:48.923 INFO:teuthology.orchestra.run.smithi084.stdout:/usr/bin/ceph: stderr
2024-04-25T17:37:42.953+0000 7fbbdd68b700 1 -- --> [v2:172.21.15.84:3300/0,v1:172.21.15.84:6789/0] -- mon_getmap magic: 0 -- 0x7fbbd810c8c0 con 0x7fbbd8109020
2024-04-25T17:37:48.923 INFO:teuthology.orchestra.run.smithi084.stdout:/usr/bin/ceph: stderr
2024-04-25T17:37:42.953+0000 7fbbd6ffd700 1 --2- >> [v2:172.21.15.84:3300/0,v1:172.21.15.84:6789/0] conn(0x7fbbd8109020 0x7fbbd819c4c0 unknown :-1 s=BANNER_CONNECTING pgs=0 cs=0 l=1 rev1=0 crypto rx=0 tx=0 comp rx=0 tx=0)._handle_peer_banner_payload supported=3 required=0
2024-04-25T17:37:48.923 INFO:teuthology.orchestra.run.smithi084.stdout:/usr/bin/ceph: stderr
2024-04-25T17:37:42.953+0000 7fbbd6ffd700 1 --2- >> [v2:172.21.15.84:3300/0,v1:172.21.15.84:6789/0] conn(0x7fbbd8109020 0x7fbbd819c4c0 unknown :-1 s=HELLO_CONNECTING pgs=0 cs=0 l=1 rev1=1 crypto rx=0 tx=0 comp rx=0 tx=0).handle_hello peer v2:172.21.15.84:3300/0 says I am v2:172.21.15.84:58386/0 (socket says 172.21.15.84:58386)
2024-04-25T17:37:48.923 INFO:teuthology.orchestra.run.smithi084.stdout:/usr/bin/ceph: stderr
2024-04-25T17:37:42.953+0000 7fbbd6ffd700 1 -- 172.21.15.84:0/387002778 learned_addr learned my addr 172.21.15.84:0/387002778 (peer_addr_for_me v2:172.21.15.84:0/0)
2024-04-25T17:37:48.923 INFO:teuthology.orchestra.run.smithi084.stdout:/usr/bin/ceph: stderr
2024-04-25T17:37:42.954+0000 7fbbd6ffd700 1 -- 172.21.15.84:0/387002778 --> [v2:172.21.15.84:3300/0,v1:172.21.15.84:6789/0] -- mon_subscribe({config=0+,monmap=0+}) -- 0x7fbbd819ca00 con 0x7fbbd8109020
2024-04-25T17:37:48.923 INFO:teuthology.orchestra.run.smithi084.stdout:/usr/bin/ceph: stderr
2024-04-25T17:37:42.954+0000 7fbbd6ffd700 1 --2- 172.21.15.84:0/387002778 >> [v2:172.21.15.84:3300/0,v1:172.21.15.84:6789/0] conn(0x7fbbd8109020 0x7fbbd819c4c0 secure :-1 s=READY pgs=29 cs=0 l=1 rev1=1 crypto rx=0x7fbbc0009fb0 tx=0x7fbbc0011940 comp rx=0 tx=0).ready entity=mon.0 client_cookie=0 server_cookie=0 in_seq=0 out_seq=0
2024-04-25T17:37:48.923 INFO:teuthology.orchestra.run.smithi084.stdout:/usr/bin/ceph: stderr
