2024-04-25T18:08:05.051+0000 7f59a2ffd700 1 -- 172.21.15.146:0/2508195786 learned_addr learned my addr 172.21.15.146:0/2508195786 (peer_addr_for_me v2:172.21.15.146:0/0)
2024-04-25T18:08:10.107 INFO:teuthology.orchestra.run.smithi146.stdout:/usr/bin/ceph: stderr
2024-04-25T18:08:05.051+0000 7f59a2ffd700 1 -- 172.21.15.146:0/2508195786 --> [v2:172.21.15.146:3300/0,v1:172.21.15.146:6789/0] -- mon_subscribe({config=0+,monmap=0+}) -- 0x7f59a4108550 con 0x7f59a4107350
2024-04-25T18:08:10.108 INFO:teuthology.orchestra.run.smithi146.stdout:/usr/bin/ceph: stderr
2024-04-25T18:08:05.051+0000 7f59a2ffd700 1 --2- 172.21.15.146:0/2508195786 >> [v2:172.21.15.146:3300/0,v1:172.21.15.146:6789/0] conn(0x7f59a4107350 0x7f59a4107770 secure :-1 s=READY pgs=24 cs=0 l=1 rev1=1 crypto rx=0x7f59980098a0 tx=0x7f5998009bb0 comp rx=0 tx=0).ready entity=mon.0 client_cookie=c29defc3935bb121 server_cookie=0 in_seq=0 out_seq=0
2024-04-25T18:08:10.108 INFO:teuthology.orchestra.run.smithi146.stdout:/usr/bin/ceph: stderr
2024-04-25T18:08:05.051+0000 7f59a1ffb700 1 -- 172.21.15.146:0/2508195786 <== mon.0 v2:172.21.15.146:3300/0 1 ==== mon_map magic: 0 ==== 205+0+0 (secure 0 0 0) 0x7f5998004160 con 0x7f59a4107350
2024-04-25T18:08:10.108 INFO:teuthology.orchestra.run.smithi146.stdout:/usr/bin/ceph: stderr
2024-04-25T18:08:05.051+0000 7f59a1ffb700 1 -- 172.21.15.146:0/2508195786 <== mon.0 v2:172.21.15.146:3300/0 2 ==== config(26 keys) ==== 1070+0+0 (secure 0 0 0) 0x7f5998004300 con 0x7f59a4107350
2024-04-25T18:08:10.108 INFO:teuthology.orchestra.run.smithi146.stdout:/usr/bin/ceph: stderr
2024-04-25T18:08:05.051+0000 7f59a1ffb700 1 -- 172.21.15.146:0/2508195786 <== mon.0 v2:172.21.15.146:3300/0 3 ==== mon_map magic: 0 ==== 205+0+0 (secure 0 0 0) 0x7f5998011af0 con 0x7f59a4107350
2024-04-25T18:08:10.108 INFO:teuthology.orchestra.run.smithi146.stdout:/usr/bin/ceph: stderr
2024-04-25T18:08:05.052+0000 7f59a9689700 1 -- 172.21.15.146:0/2508195786 >> [v2:172.21.15.146:3300/0,v1:172.21.15.146:6789/0] conn(0x7f59a4107350 msgr2=0x7f59a4107770 secure :-1 s=STATE_CONNECTION_ESTABLISHED l=1).mark_down
2024-04-25T18:08:10.108 INFO:teuthology.orchestra.run.smithi146.stdout:/usr/bin/ceph: stderr
2024-04-25T18:08:05.052+0000 7f59a9689700 1 --2- 172.21.15.146:0/2508195786 >> [v2:172.21.15.146:3300/0,v1:172.21.15.146:6789/0] conn(0x7f59a4107350 0x7f59a4107770 secure :-1 s=READY pgs=24 cs=0 l=1 rev1=1 crypto rx=0x7f59980098a0 tx=0x7f5998009bb0 comp rx=0 tx=0).stop
2024-04-25T18:08:10.108 INFO:teuthology.orchestra.run.smithi146.stdout:/usr/bin/ceph: stderr
2024-04-25T18:08:05.052+0000 7f59a9689700 1 -- 172.21.15.146:0/2508195786 shutdown_connections
2024-04-25T18:08:10.108 INFO:teuthology.orchestra.run.smithi146.stdout:/usr/bin/ceph: stderr
2024-04-25T18:08:05.052+0000 7f59a9689700 1 --2- 172.21.15.146:0/2508195786 >> [v2:172.21.15.146:3300/0,v1:172.21.15.146:6789/0] conn(0x7f59a4107350 0x7f59a4107770 unknown :-1 s=CLOSED pgs=24 cs=0 l=1 rev1=1 crypto rx=0 tx=0 comp rx=0 tx=0).stop
2024-04-25T18:08:10.108 INFO:teuthology.orchestra.run.smithi146.stdout:/usr/bin/ceph: stderr
2024-04-25T18:08:05.052+0000 7f59a9689700 1 -- 172.21.15.146:0/2508195786 >> 172.21.15.146:0/2508195786 conn(0x7f59a4102970 msgr2=0x7f59a4104d90 unknown :-1 s=STATE_NONE l=0).mark_down
2024-04-25T18:08:10.108 INFO:teuthology.orchestra.run.smithi146.stdout:/usr/bin/ceph: stderr
2024-04-25T18:08:05.052+0000 7f59a9689700 1 -- 172.21.15.146:0/2508195786 shutdown_connections
2024-04-25T18:08:10.109 INFO:teuthology.orchestra.run.smithi146.stdout:/usr/bin/ceph: stderr
2024-04-25T18:08:05.052+0000 7f59a9689700 1 -- 172.21.15.146:0/2508195786 wait complete.
2024-04-25T18:08:10.109 INFO:teuthology.orchestra.run.smithi146.stdout:/usr/bin/ceph: stderr
2024-04-25T18:08:05.052+0000 7f59a9689700 1 Processor -- start
2024-04-25T18:08:10.109 INFO:teuthology.orchestra.run.smithi146.stdout:/usr/bin/ceph: stderr
2024-04-25T18:08:05.053+0000 7f59a9689700 1 -- start start
2024-04-25T18:08:10.109 INFO:teuthology.orchestra.run.smithi146.stdout:/usr/bin/ceph: stderr
2024-04-25T18:08:05.053+0000 7f59a9689700 1 --2- >> [v2:172.21.15.146:3300/0,v1:172.21.15.146:6789/0] conn(0x7f59a4107350 0x7f59a419c410 unknown :-1 s=NONE pgs=0 cs=0 l=1 rev1=0 crypto rx=0 tx=0 comp rx=0 tx=0).connect
2024-04-25T18:08:10.109 INFO:teuthology.orchestra.run.smithi146.stdout:/usr/bin/ceph: stderr
2024-04-25T18:08:05.053+0000 7f59a9689700 1 -- --> [v2:172.21.15.146:3300/0,v1:172.21.15.146:6789/0] -- mon_getmap magic: 0 -- 0x7f59a410b900 con 0x7f59a4107350
2024-04-25T18:08:10.109 INFO:teuthology.orchestra.run.smithi146.stdout:/usr/bin/ceph: stderr
2024-04-25T18:08:05.053+0000 7f59a2ffd700 1 --2- >> [v2:172.21.15.146:3300/0,v1:172.21.15.146:6789/0] conn(0x7f59a4107350 0x7f59a419c410 unknown :-1 s=BANNER_CONNECTING pgs=0 cs=0 l=1 rev1=0 crypto rx=0 tx=0 comp rx=0 tx=0)._handle_peer_banner_payload supported=3 required=0
2024-04-25T18:08:10.109 INFO:teuthology.orchestra.run.smithi146.stdout:/usr/bin/ceph: stderr
2024-04-25T18:08:05.053+0000 7f59a2ffd700 1 --2- >> [v2:172.21.15.146:3300/0,v1:172.21.15.146:6789/0] conn(0x7f59a4107350 0x7f59a419c410 unknown :-1 s=HELLO_CONNECTING pgs=0 cs=0 l=1 rev1=1 crypto rx=0 tx=0 comp rx=0 tx=0).handle_hello peer v2:172.21.15.146:3300/0 says I am v2:172.21.15.146:54586/0 (socket says 172.21.15.146:54586)
2024-04-25T18:08:10.109 INFO:teuthology.orchestra.run.smithi146.stdout:/usr/bin/ceph: stderr
2024-04-25T18:08:05.053+0000 7f59a2ffd700 1 -- 172.21.15.146:0/1973686628 learned_addr learned my addr 172.21.15.146:0/1973686628 (peer_addr_for_me v2:172.21.15.146:0/0)
2024-04-25T18:08:10.109 INFO:teuthology.orchestra.run.smithi146.stdout:/usr/bin/ceph: stderr
2024-04-25T18:08:05.053+0000 7f59a2ffd700 1 -- 172.21.15.146:0/1973686628 --> [v2:172.21.15.146:3300/0,v1:172.21.15.146:6789/0] -- mon_subscribe({config=0+,monmap=0+}) -- 0x7f59a419c950 con 0x7f59a4107350
2024-04-25T18:08:10.109 INFO:teuthology.orchestra.run.smithi146.stdout:/usr/bin/ceph: stderr
2024-04-25T18:08:05.053+0000 7f59a2ffd700 1 --2- 172.21.15.146:0/1973686628 >> [v2:172.21.15.146:3300/0,v1:172.21.15.146:6789/0] conn(0x7f59a4107350 0x7f59a419c410 secure :-1 s=READY pgs=25 cs=0 l=1 rev1=1 crypto rx=0x7f5998009fb0 tx=0x7f5998011940 comp rx=0 tx=0).ready entity=mon.0 client_cookie=0 server_cookie=0 in_seq=0 out_seq=0
2024-04-25T18:08:10.109 INFO:teuthology.orchestra.run.smithi146.stdout:/usr/bin/ceph: stderr
2024-04-25T18:08:05.053+0000 7f598bfff700 1 -- 172.21.15.146:0/1973686628 <== mon.0 v2:172.21.15.146:3300/0 1 ==== mon_map magic: 0 ==== 205+0+0 (secure 0 0 0) 0x7f59980036a0 con 0x7f59a4107350
2024-04-25T18:08:10.109 INFO:teuthology.orchestra.run.smithi146.stdout:/usr/bin/ceph: stderr
2024-04-25T18:08:05.054+0000 7f598bfff700 1 -- 172.21.15.146:0/1973686628 <== mon.0 v2:172.21.15.146:3300/0 2 ==== config(26 keys) ==== 1070+0+0 (secure 0 0 0) 0x7f599801a430 con 0x7f59a4107350
2024-04-25T18:08:10.109 INFO:teuthology.orchestra.run.smithi146.stdout:/usr/bin/ceph: stderr
2024-04-25T18:08:05.054+0000 7f59a9689700 1 -- 172.21.15.146:0/1973686628 --> [v2:172.21.15.146:3300/0,v1:172.21.15.146:6789/0] -- mon_subscribe({mgrmap=0+}) -- 0x7f59a419cbe0 con 0x7f59a4107350
2024-04-25T18:08:10.109 INFO:teuthology.orchestra.run.smithi146.stdout:/usr/bin/ceph: stderr
2024-04-25T18:08:05.054+0000 7f598bfff700 1 -- 172.21.15.146:0/1973686628 <== mon.0 v2:172.21.15.146:3300/0 3 ==== mon_map magic: 0 ==== 205+0+0 (secure 0 0 0) 0x7f5998019550 con 0x7f59a4107350
2024-04-25T18:08:10.109 INFO:teuthology.orchestra.run.smithi146.stdout:/usr/bin/ceph: stderr
2024-04-25T18:08:05.054+0000 7f59a9689700 1 -- 172.21.15.146:0/1973686628 --> [v2:172.21.15.146:3300/0,v1:172.21.15.146:6789/0] -- mon_subscribe({osdmap=0}) -- 0x7f59a419f8d0 con 0x7f59a4107350
2024-04-25T18:08:10.110 INFO:teuthology.orchestra.run.smithi146.stdout:/usr/bin/ceph: stderr
2024-04-25T18:08:05.055+0000 7f598bfff700 1 -- 172.21.15.146:0/1973686628 <== mon.0 v2:172.21.15.146:3300/0 4 ==== mgrmap(e 5) ==== 46558+0+0 (secure 0 0 0) 0x7f5998003840 con 0x7f59a4107350
2024-04-25T18:08:10.110 INFO:teuthology.orchestra.run.smithi146.stdout:/usr/bin/ceph: stderr
2024-04-25T18:08:05.055+0000 7f598bfff700 1 --2- 172.21.15.146:0/1973686628 >> [v2:172.21.15.146:6800/2403828978,v1:172.21.15.146:6801/2403828978] conn(0x7f598c0395b0 0x7f598c03ba70 unknown :-1 s=NONE pgs=0 cs=0 l=1 rev1=0 crypto rx=0 tx=0 comp rx=0 tx=0).connect
2024-04-25T18:08:10.110 INFO:teuthology.orchestra.run.smithi146.stdout:/usr/bin/ceph: stderr
2024-04-25T18:08:05.055+0000 7f598bfff700 1 -- 172.21.15.146:0/1973686628 --> [v2:172.21.15.146:6800/2403828978,v1:172.21.15.146:6801/2403828978] -- command(tid 0: {"prefix": "get_command_descriptions"}) -- 0x7f598c03c180 con 0x7f598c0395b0
2024-04-25T18:08:10.110 INFO:teuthology.orchestra.run.smithi146.stdout:/usr/bin/ceph: stderr
2024-04-25T18:08:05.055+0000 7f598bfff700 1 -- 172.21.15.146:0/1973686628 <== mon.0 v2:172.21.15.146:3300/0 5 ==== osd_map(1..1 src has 1..1) ==== 725+0+0 (secure 0 0 0) 0x7f599804d850 con 0x7f59a4107350
2024-04-25T18:08:10.110 INFO:teuthology.orchestra.run.smithi146.stdout:/usr/bin/ceph: stderr
2024-04-25T18:08:05.055+0000 7f59a27fc700 1 -- 172.21.15.146:0/1973686628 >> [v2:172.21.15.146:6800/2403828978,v1:172.21.15.146:6801/2403828978] conn(0x7f598c0395b0 msgr2=0x7f598c03ba70 unknown :-1 s=STATE_CONNECTING_RE l=1).process reconnect failed to v2:172.21.15.146:6800/2403828978
2024-04-25T18:08:10.110 INFO:teuthology.orchestra.run.smithi146.stdout:/usr/bin/ceph: stderr
2024-04-25T18:08:05.055+0000 7f59a27fc700 1 --2- 172.21.15.146:0/1973686628 >> [v2:172.21.15.146:6800/2403828978,v1:172.21.15.146:6801/2403828978] conn(0x7f598c0395b0 0x7f598c03ba70 unknown :-1 s=START_CONNECT pgs=0 cs=0 l=1 rev1=0 crypto rx=0 tx=0 comp rx=0 tx=0)._fault waiting 0.200000
2024-04-25T18:08:10.110 INFO:teuthology.orchestra.run.smithi146.stdout:/usr/bin/ceph: stderr
2024-04-25T18:08:05.256+0000 7f59a27fc700 1 -- 172.21.15.146:0/1973686628 >> [v2:172.21.15.146:6800/2403828978,v1:172.21.15.146:6801/2403828978] conn(0x7f598c0395b0 msgr2=0x7f598c03ba70 unknown :-1 s=STATE_CONNECTING_RE l=1).process reconnect failed to v2:172.21.15.146:6800/2403828978
2024-04-25T18:08:10.110 INFO:teuthology.orchestra.run.smithi146.stdout:/usr/bin/ceph: stderr
2024-04-25T18:08:05.256+0000 7f59a27fc700 1 --2- 172.21.15.146:0/1973686628 >> [v2:172.21.15.146:6800/2403828978,v1:172.21.15.146:6801/2403828978] conn(0x7f598c0395b0 0x7f598c03ba70 unknown :-1 s=START_CONNECT pgs=0 cs=0 l=1 rev1=0 crypto rx=0 tx=0 comp rx=0 tx=0)._fault waiting 0.400000
2024-04-25T18:08:10.110 INFO:teuthology.orchestra.run.smithi146.stdout:/usr/bin/ceph: stderr
2024-04-25T18:08:05.657+0000 7f59a27fc700 1 -- 172.21.15.146:0/1973686628 >> [v2:172.21.15.146:6800/2403828978,v1:172.21.15.146:6801/2403828978] conn(0x7f598c0395b0 msgr2=0x7f598c03ba70 unknown :-1 s=STATE_CONNECTING_RE l=1).process reconnect failed to v2:172.21.15.146:6800/2403828978
2024-04-25T18:08:10.110 INFO:teuthology.orchestra.run.smithi146.stdout:/usr/bin/ceph: stderr
2024-04-25T18:08:05.657+0000 7f59a27fc700 1 --2- 172.21.15.146:0/1973686628 >> [v2:172.21.15.146:6800/2403828978,v1:172.21.15.146:6801/2403828978] conn(0x7f598c0395b0 0x7f598c03ba70 unknown :-1 s=START_CONNECT pgs=0 cs=0 l=1 rev1=0 crypto rx=0 tx=0 comp rx=0 tx=0)._fault waiting 0.800000
2024-04-25T18:08:10.110 INFO:teuthology.orchestra.run.smithi146.stdout:/usr/bin/ceph: stderr
2024-04-25T18:08:06.458+0000 7f59a27fc700 1 -- 172.21.15.146:0/1973686628 >> [v2:172.21.15.146:6800/2403828978,v1:172.21.15.146:6801/2403828978] conn(0x7f598c0395b0 msgr2=0x7f598c03ba70 unknown :-1 s=STATE_CONNECTING_RE l=1).process reconnect failed to v2:172.21.15.146:6800/2403828978
2024-04-25T18:08:10.110 INFO:teuthology.orchestra.run.smithi146.stdout:/usr/bin/ceph: stderr
2024-04-25T18:08:06.458+0000 7f59a27fc700 1 --2- 172.21.15.146:0/1973686628 >> [v2:172.21.15.146:6800/2403828978,v1:172.21.15.146:6801/2403828978] conn(0x7f598c0395b0 0x7f598c03ba70 unknown :-1 s=START_CONNECT pgs=0 cs=0 l=1 rev1=0 crypto rx=0 tx=0 comp rx=0 tx=0)._fault waiting 1.600000
2024-04-25T18:08:10.110 INFO:teuthology.orchestra.run.smithi146.stdout:/usr/bin/ceph: stderr
2024-04-25T18:08:08.059+0000 7f59a27fc700 1 -- 172.21.15.146:0/1973686628 >> [v2:172.21.15.146:6800/2403828978,v1:172.21.15.146:6801/2403828978] conn(0x7f598c0395b0 msgr2=0x7f598c03ba70 unknown :-1 s=STATE_CONNECTING_RE l=1).process reconnect failed to v2:172.21.15.146:6800/2403828978
2024-04-25T18:08:10.111 INFO:teuthology.orchestra.run.smithi146.stdout:/usr/bin/ceph: stderr
2024-04-25T18:08:08.059+0000 7f59a27fc700 1 --2- 172.21.15.146:0/1973686628 >> [v2:172.21.15.146:6800/2403828978,v1:172.21.15.146:6801/2403828978] conn(0x7f598c0395b0 0x7f598c03ba70 unknown :-1 s=START_CONNECT pgs=0 cs=0 l=1 rev1=0 crypto rx=0 tx=0 comp rx=0 tx=0)._fault waiting 3.200000
2024-04-25T18:08:10.111 INFO:teuthology.orchestra.run.smithi146.stdout:/usr/bin/ceph: stderr
2024-04-25T18:08:08.514+0000 7f598bfff700 1 -- 172.21.15.146:0/1973686628 <== mon.0 v2:172.21.15.146:3300/0 6 ==== mgrmap(e 6) ==== 46325+0+0 (secure 0 0 0) 0x7f5998023390 con 0x7f59a4107350
2024-04-25T18:08:10.111 INFO:teuthology.orchestra.run.smithi146.stdout:/usr/bin/ceph: stderr
2024-04-25T18:08:08.514+0000 7f598bfff700 1 -- 172.21.15.146:0/1973686628 >> [v2:172.21.15.146:6800/2403828978,v1:172.21.15.146:6801/2403828978] conn(0x7f598c0395b0 msgr2=0x7f598c03ba70 unknown :-1 s=STATE_CONNECTING l=1).mark_down
2024-04-25T18:08:10.111 INFO:teuthology.orchestra.run.smithi146.stdout:/usr/bin/ceph: stderr
2024-04-25T18:08:08.514+0000 7f598bfff700 1 --2- 172.21.15.146:0/1973686628 >> [v2:172.21.15.146:6800/2403828978,v1:172.21.15.146:6801/2403828978] conn(0x7f598c0395b0 0x7f598c03ba70 unknown :-1 s=START_CONNECT pgs=0 cs=0 l=1 rev1=0 crypto rx=0 tx=0 comp rx=0 tx=0).stop
2024-04-25T18:08:10.111 INFO:teuthology.orchestra.run.smithi146.stdout:/usr/bin/ceph: stderr
2024-04-25T18:08:09.515+0000 7f598bfff700 1 -- 172.21.15.146:0/1973686628 <== mon.0 v2:172.21.15.146:3300/0 7 ==== mgrmap(e 7) ==== 46452+0+0 (secure 0 0 0) 0x7f59980238e0 con 0x7f59a4107350
2024-04-25T18:08:10.111 INFO:teuthology.orchestra.run.smithi146.stdout:/usr/bin/ceph: stderr
2024-04-25T18:08:09.515+0000 7f598bfff700 1 --2- 172.21.15.146:0/1973686628 >> [v2:172.21.15.146:6800/1086940668,v1:172.21.15.146:6801/1086940668] conn(0x7f598c03cea0 0x7f598c03f290 unknown :-1 s=NONE pgs=0 cs=0 l=1 rev1=0 crypto rx=0 tx=0 comp rx=0 tx=0).connect
2024-04-25T18:08:10.111 INFO:teuthology.orchestra.run.smithi146.stdout:/usr/bin/ceph: stderr
2024-04-25T18:08:09.515+0000 7f598bfff700 1 -- 172.21.15.146:0/1973686628 --> [v2:172.21.15.146:6800/1086940668,v1:172.21.15.146:6801/1086940668] -- command(tid 0: {"prefix": "get_command_descriptions"}) -- 0x7f5998029b30 con 0x7f598c03cea0
2024-04-25T18:08:10.111 INFO:teuthology.orchestra.run.smithi146.stdout:/usr/bin/ceph: stderr
2024-04-25T18:08:09.516+0000 7f59a27fc700 1 --2- 172.21.15.146:0/1973686628 >> [v2:172.21.15.146:6800/1086940668,v1:172.21.15.146:6801/1086940668] conn(0x7f598c03cea0 0x7f598c03f290 unknown :-1 s=BANNER_CONNECTING pgs=0 cs=0 l=1 rev1=0 crypto rx=0 tx=0 comp rx=0 tx=0)._handle_peer_banner_payload supported=3 required=0
2024-04-25T18:08:10.111 INFO:teuthology.orchestra.run.smithi146.stdout:/usr/bin/ceph: stderr
2024-04-25T18:08:09.516+0000 7f59a27fc700 1 --2- 172.21.15.146:0/1973686628 >> [v2:172.21.15.146:6800/1086940668,v1:172.21.15.146:6801/1086940668] conn(0x7f598c03cea0 0x7f598c03f290 secure :-1 s=READY pgs=3 cs=0 l=1 rev1=1 crypto rx=0x7f5994003a10 tx=0x7f59940092b0 comp rx=0 tx=0).ready entity=mgr.14116 client_cookie=0 server_cookie=0 in_seq=0 out_seq=0
2024-04-25T18:08:10.111 INFO:teuthology.orchestra.run.smithi146.stdout:/usr/bin/ceph: stderr
2024-04-25T18:08:09.517+0000 7f598bfff700 1 -- 172.21.15.146:0/1973686628 <== mgr.14116 v2:172.21.15.146:6800/1086940668 1 ==== command_reply(tid 0: 0 ) ==== 8+0+7774 (secure 0 0 0) 0x7f5998029b30 con 0x7f598c03cea0
2024-04-25T18:08:10.111 INFO:teuthology.orchestra.run.smithi146.stdout:/usr/bin/ceph: stderr
2024-04-25T18:08:09.523+0000 7f59a9689700 1 -- 172.21.15.146:0/1973686628 --> [v2:172.21.15.146:6800/1086940668,v1:172.21.15.146:6801/1086940668] -- command(tid 1: {"prefix": "mgr_status"}) -- 0x7f59a4069b80 con 0x7f598c03cea0
2024-04-25T18:08:10.111 INFO:teuthology.orchestra.run.smithi146.stdout:/usr/bin/ceph: stderr
2024-04-25T18:08:09.523+0000 7f598bfff700 1 -- 172.21.15.146:0/1973686628 <== mgr.14116 v2:172.21.15.146:6800/1086940668 2 ==== command_reply(tid 1: 0 ) ==== 8+0+51 (secure 0 0 0) 0x7f59a4069b80 con 0x7f598c03cea0
2024-04-25T18:08:10.112 INFO:teuthology.orchestra.run.smithi146.stdout:/usr/bin/ceph: stderr
2024-04-25T18:08:09.524+0000 7f59a9689700 1 -- 172.21.15.146:0/1973686628 >> [v2:172.21.15.146:6800/1086940668,v1:172.21.15.146:6801/1086940668] conn(0x7f598c03cea0 msgr2=0x7f598c03f290 secure :-1 s=STATE_CONNECTION_ESTABLISHED l=1).mark_down
2024-04-25T18:08:10.112 INFO:teuthology.orchestra.run.smithi146.stdout:/usr/bin/ceph: stderr
2024-04-25T18:08:09.524+0000 7f59a9689700 1 --2- 172.21.15.146:0/1973686628 >> [v2:172.21.15.146:6800/1086940668,v1:172.21.15.146:6801/1086940668] conn(0x7f598c03cea0 0x7f598c03f290 secure :-1 s=READY pgs=3 cs=0 l=1 rev1=1 crypto rx=0x7f5994003a10 tx=0x7f59940092b0 comp rx=0 tx=0).stop
2024-04-25T18:08:10.112 INFO:teuthology.orchestra.run.smithi146.stdout:/usr/bin/ceph: stderr
2024-04-25T18:08:09.524+0000 7f59a9689700 1 -- 172.21.15.146:0/1973686628 >> [v2:172.21.15.146:3300/0,v1:172.21.15.146:6789/0] conn(0x7f59a4107350 msgr2=0x7f59a419c410 secure :-1 s=STATE_CONNECTION_ESTABLISHED l=1).mark_down
2024-04-25T18:08:10.112 INFO:teuthology.orchestra.run.smithi146.stdout:/usr/bin/ceph: stderr
2024-04-25T18:08:09.524+0000 7f59a9689700 1 --2- 172.21.15.146:0/1973686628 >> [v2:172.21.15.146:3300/0,v1:172.21.15.146:6789/0] conn(0x7f59a4107350 0x7f59a419c410 secure :-1 s=READY pgs=25 cs=0 l=1 rev1=1 crypto rx=0x7f5998009fb0 tx=0x7f5998011940 comp rx=0 tx=0).stop
2024-04-25T18:08:10.112 INFO:teuthology.orchestra.run.smithi146.stdout:/usr/bin/ceph: stderr
2024-04-25T18:08:09.524+0000 7f59a9689700 1 -- 172.21.15.146:0/1973686628 shutdown_connections
2024-04-25T18:08:10.112 INFO:teuthology.orchestra.run.smithi146.stdout:/usr/bin/ceph: stderr
2024-04-25T18:08:09.524+0000 7f59a9689700 1 --2- 172.21.15.146:0/1973686628 >> [v2:172.21.15.146:6800/1086940668,v1:172.21.15.146:6801/1086940668] conn(0x7f598c03cea0 0x7f598c03f290 unknown :-1 s=CLOSED pgs=3 cs=0 l=1 rev1=1 crypto rx=0 tx=0 comp rx=0 tx=0).stop
2024-04-25T18:08:10.112 INFO:teuthology.orchestra.run.smithi146.stdout:/usr/bin/ceph: stderr
2024-04-25T18:08:09.524+0000 7f59a9689700 1 --2- 172.21.15.146:0/1973686628 >> [v2:172.21.15.146:3300/0,v1:172.21.15.146:6789/0] conn(0x7f59a4107350 0x7f59a419c410 unknown :-1 s=CLOSED pgs=25 cs=0 l=1 rev1=1 crypto rx=0 tx=0 comp rx=0 tx=0).stop
2024-04-25T18:08:10.112 INFO:teuthology.orchestra.run.smithi146.stdout:/usr/bin/ceph: stderr
2024-04-25T18:08:09.524+0000 7f59a9689700 1 --2- 172.21.15.146:0/1973686628 >> [v2:172.21.15.146:6800/2403828978,v1:172.21.15.146:6801/2403828978] conn(0x7f598c0395b0 0x7f598c03ba70 unknown :-1 s=CLOSED pgs=0 cs=0 l=1 rev1=0 crypto rx=0 tx=0 comp rx=0 tx=0).stop
2024-04-25T18:08:10.112 INFO:teuthology.orchestra.run.smithi146.stdout:/usr/bin/ceph: stderr
2024-04-25T18:08:09.524+0000 7f59a9689700 1 -- 172.21.15.146:0/1973686628 >> 172.21.15.146:0/1973686628 conn(0x7f59a4102970 msgr2=0x7f59a4103840 unknown :-1 s=STATE_NONE l=0).mark_down
2024-04-25T18:08:10.112 INFO:teuthology.orchestra.run.smithi146.stdout:/usr/bin/ceph: stderr
2024-04-25T18:08:09.524+0000 7f59a9689700 1 -- 172.21.15.146:0/1973686628 shutdown_connections
2024-04-25T18:08:10.112 INFO:teuthology.orchestra.run.smithi146.stdout:/usr/bin/ceph: stderr
2024-04-25T18:08:09.524+0000 7f59a9689700 1 -- 172.21.15.146:0/1973686628 wait complete.
2024-04-25T18:08:10.112 INFO:teuthology.orchestra.run.smithi146.stdout:mgr epoch 5 is available
2024-04-25T18:08:10.112 INFO:teuthology.orchestra.run.smithi146.stdout:Setting orchestrator backend to cephadm...
2024-04-25T18:08:10.748 INFO:journalctl@ceph.mon.a.smithi146.stdout:Apr 25 18:08:10 smithi146 ceph-mon[29142]: from='client.14120 -' entity='client.admin' cmd=[{"prefix": "get_command_descriptions"}]: dispatch
2024-04-25T18:08:10.749 INFO:journalctl@ceph.mon.a.smithi146.stdout:Apr 25 18:08:10 smithi146 ceph-mon[29142]: from='client.14120 -' entity='client.admin' cmd=[{"prefix": "mgr_status"}]: dispatch
2024-04-25T18:08:11.361 INFO:teuthology.orchestra.run.smithi146.stdout:/usr/bin/ceph: stderr
2024-04-25T18:08:10.525+0000 7fcba126d700 1 Processor -- start
2024-04-25T18:08:11.361 INFO:teuthology.orchestra.run.smithi146.stdout:/usr/bin/ceph: stderr
2024-04-25T18:08:10.525+0000 7fcba126d700 1 -- start start
2024-04-25T18:08:11.361 INFO:teuthology.orchestra.run.smithi146.stdout:/usr/bin/ceph: stderr
2024-04-25T18:08:10.525+0000 7fcba126d700 1 --2- >> [v2:172.21.15.146:3300/0,v1:172.21.15.146:6789/0] conn(0x7fcb9c107360 0x7fcb9c107780 unknown :-1 s=NONE pgs=0 cs=0 l=0 rev1=0 crypto rx=0 tx=0 comp rx=0 tx=0).connect
2024-04-25T18:08:11.361 INFO:teuthology.orchestra.run.smithi146.stdout:/usr/bin/ceph: stderr
2024-04-25T18:08:10.525+0000 7fcba126d700 1 -- --> [v2:172.21.15.146:3300/0,v1:172.21.15.146:6789/0] -- mon_getmap magic: 0 -- 0x7fcb9c107d50 con 0x7fcb9c107360
2024-04-25T18:08:11.361 INFO:teuthology.orchestra.run.smithi146.stdout:/usr/bin/ceph: stderr
2024-04-25T18:08:10.525+0000 7fcb9affd700 1 --2- >> [v2:172.21.15.146:3300/0,v1:172.21.15.146:6789/0] conn(0x7fcb9c107360 0x7fcb9c107780 unknown :-1 s=BANNER_CONNECTING pgs=0 cs=0 l=0 rev1=0 crypto rx=0 tx=0 comp rx=0 tx=0)._handle_peer_banner_payload supported=3 required=0
2024-04-25T18:08:11.361 INFO:teuthology.orchestra.run.smithi146.stdout:/usr/bin/ceph: stderr
2024-04-25T18:08:10.525+0000 7fcb9affd700 1 --2- >> [v2:172.21.15.146:3300/0,v1:172.21.15.146:6789/0] conn(0x7fcb9c107360 0x7fcb9c107780 unknown :-1 s=HELLO_CONNECTING pgs=0 cs=0 l=0 rev1=1 crypto rx=0 tx=0 comp rx=0 tx=0).handle_hello peer v2:172.21.15.146:3300/0 says I am v2:172.21.15.146:40968/0 (socket says 172.21.15.146:40968)
2024-04-25T18:08:11.361 INFO:teuthology.orchestra.run.smithi146.stdout:/usr/bin/ceph: stderr
2024-04-25T18:08:10.525+0000 7fcb9affd700 1 -- 172.21.15.146:0/3703146904 learned_addr learned my addr 172.21.15.146:0/3703146904 (peer_addr_for_me v2:172.21.15.146:0/0)
2024-04-25T18:08:11.361 INFO:teuthology.orchestra.run.smithi146.stdout:/usr/bin/ceph: stderr
2024-04-25T18:08:10.525+0000 7fcb9affd700 1 -- 172.21.15.146:0/3703146904 --> [v2:172.21.15.146:3300/0,v1:172.21.15.146:6789/0] -- mon_subscribe({config=0+,monmap=0+}) -- 0x7fcb9c108560 con 0x7fcb9c107360
2024-04-25T18:08:11.361 INFO:teuthology.orchestra.run.smithi146.stdout:/usr/bin/ceph: stderr
2024-04-25T18:08:10.525+0000 7fcb9affd700 1 --2- 172.21.15.146:0/3703146904 >> [v2:172.21.15.146:3300/0,v1:172.21.15.146:6789/0] conn(0x7fcb9c107360 0x7fcb9c107780 secure :-1 s=READY pgs=33 cs=0 l=1 rev1=1 crypto rx=0x7fcb8c0098a0 tx=0x7fcb8c009bb0 comp rx=0 tx=0).ready entity=mon.0 client_cookie=950118d9a20adfc1 server_cookie=0 in_seq=0 out_seq=0
2024-04-25T18:08:11.361 INFO:teuthology.orchestra.run.smithi146.stdout:/usr/bin/ceph: stderr
2024-04-25T18:08:10.526+0000 7fcb99ffb700 1 -- 172.21.15.146:0/3703146904 <== mon.0 v2:172.21.15.146:3300/0 1 ==== mon_map magic: 0 ==== 205+0+0 (secure 0 0 0) 0x7fcb8c004160 con 0x7fcb9c107360
2024-04-25T18:08:11.361 INFO:teuthology.orchestra.run.smithi146.stdout:/usr/bin/ceph: stderr
2024-04-25T18:08:10.526+0000 7fcb99ffb700 1 -- 172.21.15.146:0/3703146904 <== mon.0 v2:172.21.15.146:3300/0 2 ==== config(26 keys) ==== 1070+0+0 (secure 0 0 0) 0x7fcb8c004300 con 0x7fcb9c107360
2024-04-25T18:08:11.362 INFO:teuthology.orchestra.run.smithi146.stdout:/usr/bin/ceph: stderr
2024-04-25T18:08:10.526+0000 7fcb99ffb700 1 -- 172.21.15.146:0/3703146904 <== mon.0 v2:172.21.15.146:3300/0 3 ==== mon_map magic: 0 ==== 205+0+0 (secure 0 0 0) 0x7fcb8c011af0 con 0x7fcb9c107360
2024-04-25T18:08:11.362 INFO:teuthology.orchestra.run.smithi146.stdout:/usr/bin/ceph: stderr
2024-04-25T18:08:10.526+0000 7fcba126d700 1 -- 172.21.15.146:0/3703146904 >> [v2:172.21.15.146:3300/0,v1:172.21.15.146:6789/0] conn(0x7fcb9c107360 msgr2=0x7fcb9c107780 secure :-1 s=STATE_CONNECTION_ESTABLISHED l=1).mark_down
2024-04-25T18:08:11.362 INFO:teuthology.orchestra.run.smithi146.stdout:/usr/bin/ceph: stderr
2024-04-25T18:08:10.526+0000 7fcba126d700 1 --2- 172.21.15.146:0/3703146904 >> [v2:172.21.15.146:3300/0,v1:172.21.15.146:6789/0] conn(0x7fcb9c107360 0x7fcb9c107780 secure :-1 s=READY pgs=33 cs=0 l=1 rev1=1 crypto rx=0x7fcb8c0098a0 tx=0x7fcb8c009bb0 comp rx=0 tx=0).stop
2024-04-25T18:08:11.362 INFO:teuthology.orchestra.run.smithi146.stdout:/usr/bin/ceph: stderr
2024-04-25T18:08:10.526+0000 7fcba126d700 1 -- 172.21.15.146:0/3703146904 shutdown_connections
2024-04-25T18:08:11.362 INFO:teuthology.orchestra.run.smithi146.stdout:/usr/bin/ceph: stderr
2024-04-25T18:08:10.526+0000 7fcba126d700 1 --2- 172.21.15.146:0/3703146904 >> [v2:172.21.15.146:3300/0,v1:172.21.15.146:6789/0] conn(0x7fcb9c107360 0x7fcb9c107780 unknown :-1 s=CLOSED pgs=33 cs=0 l=1 rev1=1 crypto rx=0 tx=0 comp rx=0 tx=0).stop
2024-04-25T18:08:11.362 INFO:teuthology.orchestra.run.smithi146.stdout:/usr/bin/ceph: stderr
2024-04-25T18:08:10.526+0000 7fcba126d700 1 -- 172.21.15.146:0/3703146904 >> 172.21.15.146:0/3703146904 conn(0x7fcb9c102940 msgr2=0x7fcb9c104d60 unknown :-1 s=STATE_NONE l=0).mark_down
2024-04-25T18:08:11.362 INFO:teuthology.orchestra.run.smithi146.stdout:/usr/bin/ceph: stderr
2024-04-25T18:08:10.526+0000 7fcba126d700 1 -- 172.21.15.146:0/3703146904 shutdown_connections
2024-04-25T18:08:11.362 INFO:teuthology.orchestra.run.smithi146.stdout:/usr/bin/ceph: stderr
2024-04-25T18:08:10.526+0000 7fcba126d700 1 -- 172.21.15.146:0/3703146904 wait complete.
2024-04-25T18:08:11.362 INFO:teuthology.orchestra.run.smithi146.stdout:/usr/bin/ceph: stderr
2024-04-25T18:08:10.527+0000 7fcba126d700 1 Processor -- start
2024-04-25T18:08:11.362 INFO:teuthology.orchestra.run.smithi146.stdout:/usr/bin/ceph: stderr
2024-04-25T18:08:10.527+0000 7fcba126d700 1 -- start start
2024-04-25T18:08:11.362 INFO:teuthology.orchestra.run.smithi146.stdout:/usr/bin/ceph: stderr
2024-04-25T18:08:10.527+0000 7fcba126d700 1 --2- >> [v2:172.21.15.146:3300/0,v1:172.21.15.146:6789/0] conn(0x7fcb9c107360 0x7fcb9c07ba70 unknown :-1 s=NONE pgs=0 cs=0 l=1 rev1=0 crypto rx=0 tx=0 comp rx=0 tx=0).connect
2024-04-25T18:08:11.362 INFO:teuthology.orchestra.run.smithi146.stdout:/usr/bin/ceph: stderr
2024-04-25T18:08:10.527+0000 7fcba126d700 1 -- --> [v2:172.21.15.146:3300/0,v1:172.21.15.146:6789/0] -- mon_getmap magic: 0 -- 0x7fcb9c10b910 con 0x7fcb9c107360
2024-04-25T18:08:11.362 INFO:teuthology.orchestra.run.smithi146.stdout:/usr/bin/ceph: stderr
2024-04-25T18:08:10.527+0000 7fcb9affd700 1 --2- >> [v2:172.21.15.146:3300/0,v1:172.21.15.146:6789/0] conn(0x7fcb9c107360 0x7fcb9c07ba70 unknown :-1 s=BANNER_CONNECTING pgs=0 cs=0 l=1 rev1=0 crypto rx=0 tx=0 comp rx=0 tx=0)._handle_peer_banner_payload supported=3 required=0
2024-04-25T18:08:11.362 INFO:teuthology.orchestra.run.smithi146.stdout:/usr/bin/ceph: stderr
2024-04-25T18:08:10.527+0000 7fcb9affd700 1 --2- >> [v2:172.21.15.146:3300/0,v1:172.21.15.146:6789/0] conn(0x7fcb9c107360 0x7fcb9c07ba70 unknown :-1 s=HELLO_CONNECTING pgs=0 cs=0 l=1 rev1=1 crypto rx=0 tx=0 comp rx=0 tx=0).handle_hello peer v2:172.21.15.146:3300/0 says I am v2:172.21.15.146:40980/0 (socket says 172.21.15.146:40980)
2024-04-25T18:08:11.363 INFO:teuthology.orchestra.run.smithi146.stdout:/usr/bin/ceph: stderr
2024-04-25T18:08:10.527+0000 7fcb9affd700 1 -- 172.21.15.146:0/522316407 learned_addr learned my addr 172.21.15.146:0/522316407 (peer_addr_for_me v2:172.21.15.146:0/0)
2024-04-25T18:08:11.363 INFO:teuthology.orchestra.run.smithi146.stdout:/usr/bin/ceph: stderr
2024-04-25T18:08:10.527+0000 7fcb9affd700 1 -- 172.21.15.146:0/522316407 --> [v2:172.21.15.146:3300/0,v1:172.21.15.146:6789/0] -- mon_subscribe({config=0+,monmap=0+}) -- 0x7fcb9c19f160 con 0x7fcb9c107360
2024-04-25T18:08:11.363 INFO:teuthology.orchestra.run.smithi146.stdout:/usr/bin/ceph: stderr
2024-04-25T18:08:10.528+0000 7fcb9affd700 1 --2- 172.21.15.146:0/522316407 >> [v2:172.21.15.146:3300/0,v1:172.21.15.146:6789/0] conn(0x7fcb9c107360 0x7fcb9c07ba70 secure :-1 s=READY pgs=34 cs=0 l=1 rev1=1 crypto rx=0x7fcb8c0117b0 tx=0x7fcb8c011b70 comp rx=0 tx=0).ready entity=mon.0 client_cookie=0 server_cookie=0 in_seq=0 out_seq=0
2024-04-25T18:08:11.363 INFO:teuthology.orchestra.run.smithi146.stdout:/usr/bin/ceph: stderr
2024-04-25T18:08:10.528+0000 7fcb83fff700 1 -- 172.21.15.146:0/522316407 <== mon.0 v2:172.21.15.146:3300/0 1 ==== mon_map magic: 0 ==== 205+0+0 (secure 0 0 0) 0x7fcb8c003af0 con 0x7fcb9c107360
2024-04-25T18:08:11.363 INFO:teuthology.orchestra.run.smithi146.stdout:/usr/bin/ceph: stderr
2024-04-25T18:08:10.528+0000 7fcb83fff700 1 -- 172.21.15.146:0/522316407 <== mon.0 v2:172.21.15.146:3300/0 2 ==== config(26 keys) ==== 1070+0+0 (secure 0 0 0) 0x7fcb8c020070 con 0x7fcb9c107360
2024-04-25T18:08:11.363 INFO:teuthology.orchestra.run.smithi146.stdout:/usr/bin/ceph: stderr
2024-04-25T18:08:10.528+0000 7fcba126d700 1 -- 172.21.15.146:0/522316407 --> [v2:172.21.15.146:3300/0,v1:172.21.15.146:6789/0] -- mon_subscribe({mgrmap=0+}) -- 0x7fcb9c19f330 con 0x7fcb9c107360
2024-04-25T18:08:11.363 INFO:teuthology.orchestra.run.smithi146.stdout:/usr/bin/ceph: stderr
2024-04-25T18:08:10.528+0000 7fcb83fff700 1 -- 172.21.15.146:0/522316407 <== mon.0 v2:172.21.15.146:3300/0 3 ==== mon_map magic: 0 ==== 205+0+0 (secure 0 0 0) 0x7fcb8c019630 con 0x7fcb9c107360
2024-04-25T18:08:11.363 INFO:teuthology.orchestra.run.smithi146.stdout:/usr/bin/ceph: stderr
2024-04-25T18:08:10.528+0000 7fcba126d700 1 -- 172.21.15.146:0/522316407 --> [v2:172.21.15.146:3300/0,v1:172.21.15.146:6789/0] -- mon_subscribe({osdmap=0}) -- 0x7fcb9c19f6d0 con 0x7fcb9c107360
2024-04-25T18:08:11.363 INFO:teuthology.orchestra.run.smithi146.stdout:/usr/bin/ceph: stderr
2024-04-25T18:08:10.529+0000 7fcba126d700 1 -- 172.21.15.146:0/522316407 --> [v2:172.21.15.146:3300/0,v1:172.21.15.146:6789/0] -- mon_command({"prefix": "get_command_descriptions"} v 0) -- 0x7fcb9c0640a0 con 0x7fcb9c107360
2024-04-25T18:08:11.363 INFO:teuthology.orchestra.run.smithi146.stdout:/usr/bin/ceph: stderr
2024-04-25T18:08:10.529+0000 7fcb83fff700 1 -- 172.21.15.146:0/522316407 <== mon.0 v2:172.21.15.146:3300/0 4 ==== mgrmap(e 7) ==== 46452+0+0 (secure 0 0 0) 0x7fcb8c0198f0 con 0x7fcb9c107360
2024-04-25T18:08:11.363 INFO:teuthology.orchestra.run.smithi146.stdout:/usr/bin/ceph: stderr
2024-04-25T18:08:10.529+0000 7fcb83fff700 1 --2- 172.21.15.146:0/522316407 >> [v2:172.21.15.146:6800/1086940668,v1:172.21.15.146:6801/1086940668] conn(0x7fcb84039490 0x7fcb8403b950 unknown :-1 s=NONE pgs=0 cs=0 l=1 rev1=0 crypto rx=0 tx=0 comp rx=0 tx=0).connect
2024-04-25T18:08:11.363 INFO:teuthology.orchestra.run.smithi146.stdout:/usr/bin/ceph: stderr
2024-04-25T18:08:10.529+0000 7fcb83fff700 1 -- 172.21.15.146:0/522316407 <== mon.0 v2:172.21.15.146:3300/0 5 ==== osd_map(2..2 src has 1..2) ==== 940+0+0 (secure 0 0 0) 0x7fcb8c04da10 con 0x7fcb9c107360
2024-04-25T18:08:11.363 INFO:teuthology.orchestra.run.smithi146.stdout:/usr/bin/ceph: stderr
2024-04-25T18:08:10.529+0000 7fcb9a7fc700 1 --2- 172.21.15.146:0/522316407 >> [v2:172.21.15.146:6800/1086940668,v1:172.21.15.146:6801/1086940668] conn(0x7fcb84039490 0x7fcb8403b950 unknown :-1 s=BANNER_CONNECTING pgs=0 cs=0 l=1 rev1=0 crypto rx=0 tx=0 comp rx=0 tx=0)._handle_peer_banner_payload supported=3 required=0
2024-04-25T18:08:11.363 INFO:teuthology.orchestra.run.smithi146.stdout:/usr/bin/ceph: stderr
2024-04-25T18:08:10.529+0000 7fcb9a7fc700 1 --2- 172.21.15.146:0/522316407 >> [v2:172.21.15.146:6800/1086940668,v1:172.21.15.146:6801/1086940668] conn(0x7fcb84039490 0x7fcb8403b950 secure :-1 s=READY pgs=7 cs=0 l=1 rev1=1 crypto rx=0x7fcb90006fd0 tx=0x7fcb90006e40 comp rx=0 tx=0).ready entity=mgr.14116 client_cookie=0 server_cookie=0 in_seq=0 out_seq=0
2024-04-25T18:08:11.364 INFO:teuthology.orchestra.run.smithi146.stdout:/usr/bin/ceph: stderr
2024-04-25T18:08:10.534+0000 7fcb83fff700 1 -- 172.21.15.146:0/522316407 <== mon.0 v2:172.21.15.146:3300/0 6 ==== mon_command_ack([{"prefix": "get_command_descriptions"}]=0 v0) ==== 72+0+188370 (secure 0 0 0) 0x7fcb8c00e260 con 0x7fcb9c107360
2024-04-25T18:08:11.364 INFO:teuthology.orchestra.run.smithi146.stdout:/usr/bin/ceph: stderr
2024-04-25T18:08:10.575+0000 7fcb83fff700 1 -- 172.21.15.146:0/522316407 <== mon.0 v2:172.21.15.146:3300/0 7 ==== mgrmap(e 8) ==== 46558+0+0 (secure 0 0 0) 0x7fcb8c01a9c0 con 0x7fcb9c107360
2024-04-25T18:08:11.364 INFO:teuthology.orchestra.run.smithi146.stdout:/usr/bin/ceph: stderr
2024-04-25T18:08:10.749+0000 7fcba126d700 1 -- 172.21.15.146:0/522316407 --> [v2:172.21.15.146:6800/1086940668,v1:172.21.15.146:6801/1086940668] -- mgr_command(tid 0: {"prefix": "orch set backend", "module_name": "cephadm", "target": ["mon-mgr", ""]}) -- 0x7fcb9c103c00 con 0x7fcb84039490
2024-04-25T18:08:11.364 INFO:teuthology.orchestra.run.smithi146.stdout:/usr/bin/ceph: stderr
2024-04-25T18:08:10.754+0000 7fcb83fff700 1 -- 172.21.15.146:0/522316407 <== mgr.14116 v2:172.21.15.146:6800/1086940668 1 ==== mgr_command_reply(tid 0: 0 ) ==== 8+0+0 (secure 0 0 0) 0x7fcb9c103c00 con 0x7fcb84039490
2024-04-25T18:08:11.364 INFO:teuthology.orchestra.run.smithi146.stdout:/usr/bin/ceph: stderr
2024-04-25T18:08:10.757+0000 7fcba126d700 1 -- 172.21.15.146:0/522316407 >> [v2:172.21.15.146:6800/1086940668,v1:172.21.15.146:6801/1086940668] conn(0x7fcb84039490 msgr2=0x7fcb8403b950 secure :-1 s=STATE_CONNECTION_ESTABLISHED l=1).mark_down
2024-04-25T18:08:11.364 INFO:teuthology.orchestra.run.smithi146.stdout:/usr/bin/ceph: stderr
2024-04-25T18:08:10.757+0000 7fcba126d700 1 --2- 172.21.15.146:0/522316407 >> [v2:172.21.15.146:6800/1086940668,v1:172.21.15.146:6801/1086940668] conn(0x7fcb84039490 0x7fcb8403b950 secure :-1 s=READY pgs=7 cs=0 l=1 rev1=1 crypto rx=0x7fcb90006fd0 tx=0x7fcb90006e40 comp rx=0 tx=0).stop
2024-04-25T18:08:11.364 INFO:teuthology.orchestra.run.smithi146.stdout:/usr/bin/ceph: stderr
2024-04-25T18:08:10.757+0000 7fcba126d700 1 -- 172.21.15.146:0/522316407 >> [v2:172.21.15.146:3300/0,v1:172.21.15.146:6789/0] conn(0x7fcb9c107360 msgr2=0x7fcb9c07ba70 secure :-1 s=STATE_CONNECTION_ESTABLISHED l=1).mark_down
2024-04-25T18:08:11.364 INFO:teuthology.orchestra.run.smithi146.stdout:/usr/bin/ceph: stderr
2024-04-25T18:08:10.757+0000 7fcba126d700 1 --2- 172.21.15.146:0/522316407 >> [v2:172.21.15.146:3300/0,v1:172.21.15.146:6789/0] conn(0x7fcb9c107360 0x7fcb9c07ba70 secure :-1 s=READY pgs=34 cs=0 l=1 rev1=1 crypto rx=0x7fcb8c0117b0 tx=0x7fcb8c011b70 comp rx=0 tx=0).stop
2024-04-25T18:08:11.364 INFO:teuthology.orchestra.run.smithi146.stdout:/usr/bin/ceph: stderr
2024-04-25T18:08:10.757+0000 7fcba126d700 1 -- 172.21.15.146:0/522316407 shutdown_connections
2024-04-25T18:08:11.364 INFO:teuthology.orchestra.run.smithi146.stdout:/usr/bin/ceph: stderr
2024-04-25T18:08:10.757+0000 7fcba126d700 1 --2- 172.21.15.146:0/522316407 >> [v2:172.21.15.146:6800/1086940668,v1:172.21.15.146:6801/1086940668] conn(0x7fcb84039490 0x7fcb8403b950 unknown :-1 s=CLOSED pgs=7 cs=0 l=1 rev1=1 crypto rx=0 tx=0 comp rx=0 tx=0).stop
2024-04-25T18:08:11.364 INFO:teuthology.orchestra.run.smithi146.stdout:/usr/bin/ceph: stderr
2024-04-25T18:08:10.757+0000 7fcba126d700 1 --2- 172.21.15.146:0/522316407 >> [v2:172.21.15.146:3300/0,v1:172.21.15.146:6789/0] conn(0x7fcb9c107360 0x7fcb9c07ba70 unknown :-1 s=CLOSED pgs=34 cs=0 l=1 rev1=1 crypto rx=0 tx=0 comp rx=0 tx=0).stop
2024-04-25T18:08:11.364 INFO:teuthology.orchestra.run.smithi146.stdout:/usr/bin/ceph: stderr
2024-04-25T18:08:10.757+0000 7fcba126d700 1 -- 172.21.15.146:0/522316407 >> 172.21.15.146:0/522316407 conn(0x7fcb9c102940 msgr2=0x7fcb9c1034f0 unknown :-1 s=STATE_NONE l=0).mark_down
2024-04-25T18:08:11.364 INFO:teuthology.orchestra.run.smithi146.stdout:/usr/bin/ceph: stderr
2024-04-25T18:08:10.757+0000 7fcba126d700 1 -- 172.21.15.146:0/522316407 shutdown_connections
2024-04-25T18:08:11.364 INFO:teuthology.orchestra.run.smithi146.stdout:/usr/bin/ceph: stderr
2024-04-25T18:08:10.757+0000 7fcba126d700 1 -- 172.21.15.146:0/522316407 wait complete.
2024-04-25T18:08:11.657 INFO:journalctl@ceph.mon.a.smithi146.stdout:Apr 25 18:08:11 smithi146 ceph-mon[29142]: [25/Apr/2024:18:08:10] ENGINE Bus STARTING
2024-04-25T18:08:11.657 INFO:journalctl@ceph.mon.a.smithi146.stdout:Apr 25 18:08:11 smithi146 ceph-mon[29142]: [25/Apr/2024:18:08:10] ENGINE Serving on http://172.21.15.146:8765
2024-04-25T18:08:11.657 INFO:journalctl@ceph.mon.a.smithi146.stdout:Apr 25 18:08:11 smithi146 ceph-mon[29142]: [25/Apr/2024:18:08:10] ENGINE Serving on https://172.21.15.146:7150
2024-04-25T18:08:11.657 INFO:journalctl@ceph.mon.a.smithi146.stdout:Apr 25 18:08:11 smithi146 ceph-mon[29142]: [25/Apr/2024:18:08:10] ENGINE Bus STARTED
2024-04-25T18:08:11.657 INFO:journalctl@ceph.mon.a.smithi146.stdout:Apr 25 18:08:11 smithi146 ceph-mon[29142]: mgrmap e8: x(active, since 2s)
2024-04-25T18:08:11.657 INFO:journalctl@ceph.mon.a.smithi146.stdout:Apr 25 18:08:11 smithi146 ceph-mon[29142]: from='mgr.14116 172.21.15.146:0/2259256448' entity='mgr.x' cmd=[{"prefix": "config dump", "format": "json"}]: dispatch
2024-04-25T18:08:11.657 INFO:journalctl@ceph.mon.a.smithi146.stdout:Apr 25 18:08:11 smithi146 ceph-mon[29142]: from='mgr.14116 172.21.15.146:0/2259256448' entity='mgr.x'
2024-04-25T18:08:11.657 INFO:journalctl@ceph.mon.a.smithi146.stdout:Apr 25 18:08:11 smithi146 ceph-mon[29142]: from='mgr.14116 172.21.15.146:0/2259256448' entity='mgr.x' cmd=[{"prefix": "config dump", "format": "json"}]: dispatch
2024-04-25T18:08:12.576 INFO:teuthology.orchestra.run.smithi146.stdout:/usr/bin/ceph: stdout value unchanged
2024-04-25T18:08:12.576 INFO:teuthology.orchestra.run.smithi146.stdout:/usr/bin/ceph: stderr
2024-04-25T18:08:11.818+0000 7f81c886f700 1 Processor -- start
2024-04-25T18:08:12.576 INFO:teuthology.orchestra.run.smithi146.stdout:/usr/bin/ceph: stderr
2024-04-25T18:08:11.818+0000 7f81c886f700 1 -- start start
2024-04-25T18:08:12.576 INFO:teuthology.orchestra.run.smithi146.stdout:/usr/bin/ceph: stderr
2024-04-25T18:08:11.818+0000 7f81c886f700 1 --2- >> [v2:172.21.15.146:3300/0,v1:172.21.15.146:6789/0] conn(0x7f81c4108ea0 0x7f81c410b290 unknown :-1 s=NONE pgs=0 cs=0 l=0 rev1=0 crypto rx=0 tx=0 comp rx=0 tx=0).connect
2024-04-25T18:08:12.576 INFO:teuthology.orchestra.run.smithi146.stdout:/usr/bin/ceph: stderr
2024-04-25T18:08:11.818+0000 7f81c886f700 1 -- --> [v2:172.21.15.146:3300/0,v1:172.21.15.146:6789/0] -- mon_getmap magic: 0 -- 0x7f81c407be90 con 0x7f81c4108ea0
2024-04-25T18:08:12.576 INFO:teuthology.orchestra.run.smithi146.stdout:/usr/bin/ceph: stderr
2024-04-25T18:08:11.818+0000 7f81c259c700 1 --2- >> [v2:172.21.15.146:3300/0,v1:172.21.15.146:6789/0] conn(0x7f81c4108ea0 0x7f81c410b290 unknown :-1 s=BANNER_CONNECTING pgs=0 cs=0 l=0 rev1=0 crypto rx=0 tx=0 comp rx=0 tx=0)._handle_peer_banner_payload supported=3 required=0
2024-04-25T18:08:12.576 INFO:teuthology.orchestra.run.smithi146.stdout:/usr/bin/ceph: stderr
2024-04-25T18:08:11.818+0000 7f81c259c700 1 --2- >> [v2:172.21.15.146:3300/0,v1:172.21.15.146:6789/0] conn(0x7f81c4108ea0 0x7f81c410b290 unknown :-1 s=HELLO_CONNECTING pgs=0 cs=0 l=0 rev1=1 crypto rx=0 tx=0 comp rx=0 tx=0).handle_hello peer v2:172.21.15.146:3300/0 says I am v2:172.21.15.146:40986/0 (socket says 172.21.15.146:40986)
2024-04-25T18:08:12.577 INFO:teuthology.orchestra.run.smithi146.stdout:/usr/bin/ceph: stderr
2024-04-25T18:08:11.818+0000 7f81c259c700 1 -- 172.21.15.146:0/2239979718 learned_addr learned my addr 172.21.15.146:0/2239979718 (peer_addr_for_me v2:172.21.15.146:0/0)
2024-04-25T18:08:12.577 INFO:teuthology.orchestra.run.smithi146.stdout:/usr/bin/ceph: stderr
2024-04-25T18:08:11.818+0000 7f81c259c700 1 -- 172.21.15.146:0/2239979718 --> [v2:172.21.15.146:3300/0,v1:172.21.15.146:6789/0] -- mon_subscribe({config=0+,monmap=0+}) -- 0x7f81c410b7d0 con 0x7f81c4108ea0
2024-04-25T18:08:12.577 INFO:teuthology.orchestra.run.smithi146.stdout:/usr/bin/ceph: stderr
2024-04-25T18:08:11.819+0000 7f81c259c700 1 --2- 172.21.15.146:0/2239979718 >> [v2:172.21.15.146:3300/0,v1:172.21.15.146:6789/0] conn(0x7f81c4108ea0 0x7f81c410b290 secure :-1 s=READY pgs=35 cs=0 l=1 rev1=1 crypto rx=0x7f81b40098a0 tx=0x7f81b4009bb0 comp rx=0 tx=0).ready entity=mon.0 client_cookie=35450081b5356585 server_cookie=0 in_seq=0 out_seq=0
2024-04-25T18:08:12.577 INFO:teuthology.orchestra.run.smithi146.stdout:/usr/bin/ceph: stderr
2024-04-25T18:08:11.819+0000 7f81c159a700 1 -- 172.21.15.146:0/2239979718 <== mon.0 v2:172.21.15.146:3300/0 1 ==== mon_map magic: 0 ==== 205+0+0 (secure 0 0 0) 0x7f81b4004160 con 0x7f81c4108ea0
2024-04-25T18:08:12.577 INFO:teuthology.orchestra.run.smithi146.stdout:/usr/bin/ceph: stderr
2024-04-25T18:08:11.819+0000 7f81c159a700 1 -- 172.21.15.146:0/2239979718 <== mon.0 v2:172.21.15.146:3300/0 2 ==== config(26 keys) ==== 1070+0+0 (secure 0 0 0) 0x7f81b4004300 con 0x7f81c4108ea0
2024-04-25T18:08:12.577 INFO:teuthology.orchestra.run.smithi146.stdout:/usr/bin/ceph: stderr
2024-04-25T18:08:11.819+0000 7f81c159a700 1 -- 172.21.15.146:0/2239979718 <== mon.0 v2:172.21.15.146:3300/0 3 ==== mon_map magic: 0 ==== 205+0+0 (secure 0 0 0) 0x7f81b4011af0 con 0x7f81c4108ea0
2024-04-25T18:08:12.577 INFO:teuthology.orchestra.run.smithi146.stdout:/usr/bin/ceph: stderr
2024-04-25T18:08:11.819+0000 7f81c886f700 1 -- 172.21.15.146:0/2239979718 >> [v2:172.21.15.146:3300/0,v1:172.21.15.146:6789/0] conn(0x7f81c4108ea0 msgr2=0x7f81c410b290 secure :-1 s=STATE_CONNECTION_ESTABLISHED l=1).mark_down
2024-04-25T18:08:12.577 INFO:teuthology.orchestra.run.smithi146.stdout:/usr/bin/ceph: stderr
2024-04-25T18:08:11.819+0000 7f81c886f700 1 --2- 172.21.15.146:0/2239979718 >> [v2:172.21.15.146:3300/0,v1:172.21.15.146:6789/0] conn(0x7f81c4108ea0 0x7f81c410b290 secure :-1 s=READY pgs=35 cs=0 l=1 rev1=1 crypto rx=0x7f81b40098a0 tx=0x7f81b4009bb0 comp rx=0 tx=0).stop
2024-04-25T18:08:12.577 INFO:teuthology.orchestra.run.smithi146.stdout:/usr/bin/ceph: stderr
2024-04-25T18:08:11.820+0000 7f81c886f700 1 -- 172.21.15.146:0/2239979718 shutdown_connections
2024-04-25T18:08:12.577 INFO:teuthology.orchestra.run.smithi146.stdout:/usr/bin/ceph: stderr
2024-04-25T18:08:11.820+0000 7f81c886f700 1 --2- 172.21.15.146:0/2239979718 >> [v2:172.21.15.146:3300/0,v1:172.21.15.146:6789/0] conn(0x7f81c4108ea0 0x7f81c410b290 unknown :-1 s=CLOSED pgs=35 cs=0 l=1 rev1=1 crypto rx=0 tx=0 comp rx=0 tx=0).stop
2024-04-25T18:08:12.577 INFO:teuthology.orchestra.run.smithi146.stdout:/usr/bin/ceph: stderr
2024-04-25T18:08:11.820+0000 7f81c886f700 1 -- 172.21.15.146:0/2239979718 >> 172.21.15.146:0/2239979718 conn(0x7f81c4102890 msgr2=0x7f81c4104cd0 unknown :-1 s=STATE_NONE l=0).mark_down
2024-04-25T18:08:12.577 INFO:teuthology.orchestra.run.smithi146.stdout:/usr/bin/ceph: stderr
2024-04-25T18:08:11.820+0000 7f81c886f700 1 -- 172.21.15.146:0/2239979718 shutdown_connections
2024-04-25T18:08:12.577 INFO:teuthology.orchestra.run.smithi146.stdout:/usr/bin/ceph: stderr
2024-04-25T18:08:11.820+0000 7f81c886f700 1 -- 172.21.15.146:0/2239979718 wait complete.
2024-04-25T18:08:12.577 INFO:teuthology.orchestra.run.smithi146.stdout:/usr/bin/ceph: stderr
2024-04-25T18:08:11.820+0000 7f81c886f700 1 Processor -- start
2024-04-25T18:08:12.578 INFO:teuthology.orchestra.run.smithi146.stdout:/usr/bin/ceph: stderr
2024-04-25T18:08:11.820+0000 7f81c886f700 1 -- start start
2024-04-25T18:08:12.578 INFO:teuthology.orchestra.run.smithi146.stdout:/usr/bin/ceph: stderr
2024-04-25T18:08:11.821+0000 7f81c886f700 1 --2- >> [v2:172.21.15.146:3300/0,v1:172.21.15.146:6789/0] conn(0x7f81c4108ea0 0x7f81c419c3b0 unknown :-1 s=NONE pgs=0 cs=0 l=1 rev1=0 crypto rx=0 tx=0 comp rx=0 tx=0).connect
2024-04-25T18:08:12.578 INFO:teuthology.orchestra.run.smithi146.stdout:/usr/bin/ceph: stderr
2024-04-25T18:08:11.821+0000 7f81c886f700 1 -- --> [v2:172.21.15.146:3300/0,v1:172.21.15.146:6789/0] -- mon_getmap magic: 0 -- 0x7f81c410c790 con 0x7f81c4108ea0
2024-04-25T18:08:12.578 INFO:teuthology.orchestra.run.smithi146.stdout:/usr/bin/ceph: stderr
2024-04-25T18:08:11.821+0000 7f81c259c700 1 --2- >> [v2:172.21.15.146:3300/0,v1:172.21.15.146:6789/0] conn(0x7f81c4108ea0 0x7f81c419c3b0 unknown :-1 s=BANNER_CONNECTING pgs=0 cs=0 l=1 rev1=0 crypto rx=0 tx=0 comp rx=0 tx=0)._handle_peer_banner_payload supported=3 required=0
2024-04-25T18:08:12.578 INFO:teuthology.orchestra.run.smithi146.stdout:/usr/bin/ceph: stderr
2024-04-25T18:08:11.821+0000 7f81c259c700 1 --2- >> [v2:172.21.15.146:3300/0,v1:172.21.15.146:6789/0] conn(0x7f81c4108ea0 0x7f81c419c3b0 unknown :-1 s=HELLO_CONNECTING pgs=0 cs=0 l=1 rev1=1 crypto rx=0 tx=0 comp rx=0 tx=0).handle_hello peer v2:172.21.15.146:3300/0 says I am v2:172.21.15.146:40998/0 (socket says 172.21.15.146:40998)
2024-04-25T18:08:12.578 INFO:teuthology.orchestra.run.smithi146.stdout:/usr/bin/ceph: stderr
2024-04-25T18:08:11.821+0000 7f81c259c700 1 -- 172.21.15.146:0/2042804900 learned_addr learned my addr 172.21.15.146:0/2042804900 (peer_addr_for_me v2:172.21.15.146:0/0)
2024-04-25T18:08:12.578 INFO:teuthology.orchestra.run.smithi146.stdout:/usr/bin/ceph: stderr
2024-04-25T18:08:11.821+0000 7f81c259c700 1 -- 172.21.15.146:0/2042804900 --> [v2:172.21.15.146:3300/0,v1:172.21.15.146:6789/0] -- mon_subscribe({config=0+,monmap=0+}) -- 0x7f81c419c8f0 con 0x7f81c4108ea0
2024-04-25T18:08:12.578 INFO:teuthology.orchestra.run.smithi146.stdout:/usr/bin/ceph: stderr
2024-04-25T18:08:11.821+0000 7f81c259c700 1 --2- 172.21.15.146:0/2042804900 >> [v2:172.21.15.146:3300/0,v1:172.21.15.146:6789/0] conn(0x7f81c4108ea0 0x7f81c419c3b0 secure :-1 s=READY pgs=36 cs=0 l=1 rev1=1 crypto rx=0x7f81b4009fb0 tx=0x7f81b4011940 comp rx=0 tx=0).ready entity=mon.0 client_cookie=0 server_cookie=0 in_seq=0 out_seq=0
2024-04-25T18:08:12.578 INFO:teuthology.orchestra.run.smithi146.stdout:/usr/bin/ceph: stderr
2024-04-25T18:08:11.821+0000 7f81b37fe700 1 -- 172.21.15.146:0/2042804900 <== mon.0 v2:172.21.15.146:3300/0 1 ==== mon_map magic: 0 ==== 205+0+0 (secure 0 0 0) 0x7f81b40036a0 con 0x7f81c4108ea0
2024-04-25T18:08:12.578 INFO:teuthology.orchestra.run.smithi146.stdout:/usr/bin/ceph: stderr
2024-04-25T18:08:11.821+0000 7f81b37fe700 1 -- 172.21.15.146:0/2042804900 <== mon.0 v2:172.21.15.146:3300/0 2 ==== config(26 keys) ==== 1070+0+0 (secure 0 0 0) 0x7f81b401a430 con 0x7f81c4108ea0
2024-04-25T18:08:12.578 INFO:teuthology.orchestra.run.smithi146.stdout:/usr/bin/ceph: stderr
2024-04-25T18:08:11.821+0000 7f81c886f700 1 -- 172.21.15.146:0/2042804900 --> [v2:172.21.15.146:3300/0,v1:172.21.15.146:6789/0] -- mon_subscribe({mgrmap=0+}) -- 0x7f81c419cb80 con 0x7f81c4108ea0
2024-04-25T18:08:12.578 INFO:teuthology.orchestra.run.smithi146.stdout:/usr/bin/ceph: stderr
2024-04-25T18:08:11.821+0000 7f81b37fe700 1 -- 172.21.15.146:0/2042804900 <== mon.0 v2:172.21.15.146:3300/0 3 ==== mon_map magic: 0 ==== 205+0+0 (secure 0 0 0) 0x7f81b4019550 con 0x7f81c4108ea0
2024-04-25T18:08:12.578 INFO:teuthology.orchestra.run.smithi146.stdout:/usr/bin/ceph: stderr
2024-04-25T18:08:11.821+0000 7f81c886f700 1 -- 172.21.15.146:0/2042804900 --> [v2:172.21.15.146:3300/0,v1:172.21.15.146:6789/0] -- mon_subscribe({osdmap=0}) -- 0x7f81c419f870 con 0x7f81c4108ea0
2024-04-25T18:08:12.578 INFO:teuthology.orchestra.run.smithi146.stdout:/usr/bin/ceph: stderr
2024-04-25T18:08:11.822+0000 7f81b37fe700 1 -- 172.21.15.146:0/2042804900 <== mon.0 v2:172.21.15.146:3300/0 4 ==== mgrmap(e 8) ==== 46558+0+0 (secure 0 0 0) 0x7f81b4019850 con 0x7f81c4108ea0
2024-04-25T18:08:12.579 INFO:teuthology.orchestra.run.smithi146.stdout:/usr/bin/ceph: stderr
2024-04-25T18:08:11.822+0000 7f81b37fe700 1 --2- 172.21.15.146:0/2042804900 >> [v2:172.21.15.146:6800/1086940668,v1:172.21.15.146:6801/1086940668] conn(0x7f81ac039560 0x7f81ac03ba20 unknown :-1 s=NONE pgs=0 cs=0 l=1 rev1=0 crypto rx=0 tx=0 comp rx=0 tx=0).connect
2024-04-25T18:08:12.579 INFO:teuthology.orchestra.run.smithi146.stdout:/usr/bin/ceph: stderr
2024-04-25T18:08:11.822+0000 7f81b37fe700 1 -- 172.21.15.146:0/2042804900 <== mon.0 v2:172.21.15.146:3300/0 5 ==== osd_map(2..2 src has 1..2) ==== 940+0+0 (secure 0 0 0) 0x7f81b404da00 con 0x7f81c4108ea0
2024-04-25T18:08:12.579 INFO:teuthology.orchestra.run.smithi146.stdout:/usr/bin/ceph: stderr
2024-04-25T18:08:11.822+0000 7f81c1d9b700 1 --2- 172.21.15.146:0/2042804900 >> [v2:172.21.15.146:6800/1086940668,v1:172.21.15.146:6801/1086940668] conn(0x7f81ac039560 0x7f81ac03ba20 unknown :-1 s=BANNER_CONNECTING pgs=0 cs=0 l=1 rev1=0 crypto rx=0 tx=0 comp rx=0 tx=0)._handle_peer_banner_payload supported=3 required=0
2024-04-25T18:08:12.579 INFO:teuthology.orchestra.run.smithi146.stdout:/usr/bin/ceph: stderr
2024-04-25T18:08:11.822+0000 7f81c886f700 1 -- 172.21.15.146:0/2042804900 --> [v2:172.21.15.146:3300/0,v1:172.21.15.146:6789/0] -- mon_command({"prefix": "get_command_descriptions"} v 0) -- 0x7f81c4069b80 con 0x7f81c4108ea0
2024-04-25T18:08:12.579 INFO:teuthology.orchestra.run.smithi146.stdout:/usr/bin/ceph: stderr
2024-04-25T18:08:11.823+0000 7f81c1d9b700 1 --2- 172.21.15.146:0/2042804900 >> [v2:172.21.15.146:6800/1086940668,v1:172.21.15.146:6801/1086940668] conn(0x7f81ac039560 0x7f81ac03ba20 secure :-1 s=READY pgs=8 cs=0 l=1 rev1=1 crypto rx=0x7f81b8006fd0 tx=0x7f81b8006e40 comp rx=0 tx=0).ready entity=mgr.14116 client_cookie=0 server_cookie=0 in_seq=0 out_seq=0
2024-04-25T18:08:12.579 INFO:teuthology.orchestra.run.smithi146.stdout:/usr/bin/ceph: stderr
2024-04-25T18:08:11.827+0000 7f81b37fe700 1 -- 172.21.15.146:0/2042804900 <== mon.0 v2:172.21.15.146:3300/0 6 ==== mon_command_ack([{"prefix": "get_command_descriptions"}]=0 v0) ==== 72+0+188370 (secure 0 0 0) 0x7f81b4023c90 con 0x7f81c4108ea0
2024-04-25T18:08:12.579 INFO:teuthology.orchestra.run.smithi146.stdout:/usr/bin/ceph: stderr
