2024-04-25T18:17:36.384+0000 7f770ca00700 1 --2- >> [v2:172.21.15.6:3300/0,v1:172.21.15.6:6789/0] conn(0x7f770807cd70 0x7f770807b1d0 unknown :-1 s=BANNER_CONNECTING pgs=0 cs=0 l=0 rev1=0 crypto rx=0 tx=0 comp rx=0 tx=0)._handle_peer_banner_payload supported=3 required=0
2024-04-25T18:17:37.398 INFO:teuthology.orchestra.run.smithi006.stdout:/usr/bin/ceph: stderr
2024-04-25T18:17:36.384+0000 7f770ca00700 1 --2- >> [v2:172.21.15.6:3300/0,v1:172.21.15.6:6789/0] conn(0x7f770807cd70 0x7f770807b1d0 unknown :-1 s=HELLO_CONNECTING pgs=0 cs=0 l=0 rev1=1 crypto rx=0 tx=0 comp rx=0 tx=0).handle_hello peer v2:172.21.15.6:3300/0 says I am v2:172.21.15.6:52796/0 (socket says 172.21.15.6:52796)
2024-04-25T18:17:37.398 INFO:teuthology.orchestra.run.smithi006.stdout:/usr/bin/ceph: stderr
2024-04-25T18:17:36.384+0000 7f770ca00700 1 -- 172.21.15.6:0/2665349807 learned_addr learned my addr 172.21.15.6:0/2665349807 (peer_addr_for_me v2:172.21.15.6:0/0)
2024-04-25T18:17:37.398 INFO:teuthology.orchestra.run.smithi006.stdout:/usr/bin/ceph: stderr
2024-04-25T18:17:36.385+0000 7f770ca00700 1 -- 172.21.15.6:0/2665349807 --> [v2:172.21.15.6:3300/0,v1:172.21.15.6:6789/0] -- mon_subscribe({config=0+,monmap=0+}) -- 0x7f770807b920 con 0x7f770807cd70
2024-04-25T18:17:37.398 INFO:teuthology.orchestra.run.smithi006.stdout:/usr/bin/ceph: stderr
2024-04-25T18:17:36.385+0000 7f770ca00700 1 --2- 172.21.15.6:0/2665349807 >> [v2:172.21.15.6:3300/0,v1:172.21.15.6:6789/0] conn(0x7f770807cd70 0x7f770807b1d0 secure :-1 s=READY pgs=26 cs=0 l=1 rev1=1 crypto rx=0x7f76ec0098a0 tx=0x7f76ec009bb0 comp rx=0 tx=0).ready entity=mon.0 client_cookie=f728c61ecf2ef19f server_cookie=0 in_seq=0 out_seq=0
2024-04-25T18:17:37.398 INFO:teuthology.orchestra.run.smithi006.stdout:/usr/bin/ceph: stderr
2024-04-25T18:17:36.385+0000 7f7707e00700 1 -- 172.21.15.6:0/2665349807 <== mon.0 v2:172.21.15.6:3300/0 1 ==== mon_map magic: 0 ==== 205+0+0 (secure 0 0 0) 0x7f76ec004160 con 0x7f770807cd70
2024-04-25T18:17:37.398 INFO:teuthology.orchestra.run.smithi006.stdout:/usr/bin/ceph: stderr
2024-04-25T18:17:36.385+0000 7f7707e00700 1 -- 172.21.15.6:0/2665349807 <== mon.0 v2:172.21.15.6:3300/0 2 ==== config(26 keys) ==== 1070+0+0 (secure 0 0 0) 0x7f76ec004300 con 0x7f770807cd70
2024-04-25T18:17:37.398 INFO:teuthology.orchestra.run.smithi006.stdout:/usr/bin/ceph: stderr
2024-04-25T18:17:36.385+0000 7f7707e00700 1 -- 172.21.15.6:0/2665349807 <== mon.0 v2:172.21.15.6:3300/0 3 ==== mon_map magic: 0 ==== 205+0+0 (secure 0 0 0) 0x7f76ec011af0 con 0x7f770807cd70
2024-04-25T18:17:37.398 INFO:teuthology.orchestra.run.smithi006.stdout:/usr/bin/ceph: stderr
2024-04-25T18:17:36.386+0000 7f770f400700 1 -- 172.21.15.6:0/2665349807 >> [v2:172.21.15.6:3300/0,v1:172.21.15.6:6789/0] conn(0x7f770807cd70 msgr2=0x7f770807b1d0 secure :-1 s=STATE_CONNECTION_ESTABLISHED l=1).mark_down
2024-04-25T18:17:37.398 INFO:teuthology.orchestra.run.smithi006.stdout:/usr/bin/ceph: stderr
2024-04-25T18:17:36.386+0000 7f770f400700 1 --2- 172.21.15.6:0/2665349807 >> [v2:172.21.15.6:3300/0,v1:172.21.15.6:6789/0] conn(0x7f770807cd70 0x7f770807b1d0 secure :-1 s=READY pgs=26 cs=0 l=1 rev1=1 crypto rx=0x7f76ec0098a0 tx=0x7f76ec009bb0 comp rx=0 tx=0).stop
2024-04-25T18:17:37.398 INFO:teuthology.orchestra.run.smithi006.stdout:/usr/bin/ceph: stderr
2024-04-25T18:17:36.386+0000 7f770f400700 1 -- 172.21.15.6:0/2665349807 shutdown_connections
2024-04-25T18:17:37.398 INFO:teuthology.orchestra.run.smithi006.stdout:/usr/bin/ceph: stderr
2024-04-25T18:17:36.386+0000 7f770f400700 1 --2- 172.21.15.6:0/2665349807 >> [v2:172.21.15.6:3300/0,v1:172.21.15.6:6789/0] conn(0x7f770807cd70 0x7f770807b1d0 unknown :-1 s=CLOSED pgs=26 cs=0 l=1 rev1=1 crypto rx=0 tx=0 comp rx=0 tx=0).stop
2024-04-25T18:17:37.398 INFO:teuthology.orchestra.run.smithi006.stdout:/usr/bin/ceph: stderr
2024-04-25T18:17:36.386+0000 7f770f400700 1 -- 172.21.15.6:0/2665349807 >> 172.21.15.6:0/2665349807 conn(0x7f7708103be0 msgr2=0x7f7708106000 unknown :-1 s=STATE_NONE l=0).mark_down
2024-04-25T18:17:37.399 INFO:teuthology.orchestra.run.smithi006.stdout:/usr/bin/ceph: stderr
2024-04-25T18:17:36.386+0000 7f770f400700 1 -- 172.21.15.6:0/2665349807 shutdown_connections
2024-04-25T18:17:37.399 INFO:teuthology.orchestra.run.smithi006.stdout:/usr/bin/ceph: stderr
2024-04-25T18:17:36.386+0000 7f770f400700 1 -- 172.21.15.6:0/2665349807 wait complete.
2024-04-25T18:17:37.399 INFO:teuthology.orchestra.run.smithi006.stdout:/usr/bin/ceph: stderr
2024-04-25T18:17:36.387+0000 7f770f400700 1 Processor -- start
2024-04-25T18:17:37.399 INFO:teuthology.orchestra.run.smithi006.stdout:/usr/bin/ceph: stderr
2024-04-25T18:17:36.387+0000 7f770f400700 1 -- start start
2024-04-25T18:17:37.399 INFO:teuthology.orchestra.run.smithi006.stdout:/usr/bin/ceph: stderr
2024-04-25T18:17:36.388+0000 7f770f400700 1 --2- >> [v2:172.21.15.6:3300/0,v1:172.21.15.6:6789/0] conn(0x7f770807cd70 0x7f770819e740 unknown :-1 s=NONE pgs=0 cs=0 l=1 rev1=0 crypto rx=0 tx=0 comp rx=0 tx=0).connect
2024-04-25T18:17:37.399 INFO:teuthology.orchestra.run.smithi006.stdout:/usr/bin/ceph: stderr
2024-04-25T18:17:36.388+0000 7f770f400700 1 -- --> [v2:172.21.15.6:3300/0,v1:172.21.15.6:6789/0] -- mon_getmap magic: 0 -- 0x7f770810eb10 con 0x7f770807cd70
2024-04-25T18:17:37.399 INFO:teuthology.orchestra.run.smithi006.stdout:/usr/bin/ceph: stderr
2024-04-25T18:17:36.388+0000 7f770ca00700 1 --2- >> [v2:172.21.15.6:3300/0,v1:172.21.15.6:6789/0] conn(0x7f770807cd70 0x7f770819e740 unknown :-1 s=BANNER_CONNECTING pgs=0 cs=0 l=1 rev1=0 crypto rx=0 tx=0 comp rx=0 tx=0)._handle_peer_banner_payload supported=3 required=0
2024-04-25T18:17:37.399 INFO:teuthology.orchestra.run.smithi006.stdout:/usr/bin/ceph: stderr
2024-04-25T18:17:36.388+0000 7f770ca00700 1 --2- >> [v2:172.21.15.6:3300/0,v1:172.21.15.6:6789/0] conn(0x7f770807cd70 0x7f770819e740 unknown :-1 s=HELLO_CONNECTING pgs=0 cs=0 l=1 rev1=1 crypto rx=0 tx=0 comp rx=0 tx=0).handle_hello peer v2:172.21.15.6:3300/0 says I am v2:172.21.15.6:52798/0 (socket says 172.21.15.6:52798)
2024-04-25T18:17:37.399 INFO:teuthology.orchestra.run.smithi006.stdout:/usr/bin/ceph: stderr
2024-04-25T18:17:36.388+0000 7f770ca00700 1 -- 172.21.15.6:0/3416688311 learned_addr learned my addr 172.21.15.6:0/3416688311 (peer_addr_for_me v2:172.21.15.6:0/0)
2024-04-25T18:17:37.399 INFO:teuthology.orchestra.run.smithi006.stdout:/usr/bin/ceph: stderr
2024-04-25T18:17:36.388+0000 7f770ca00700 1 -- 172.21.15.6:0/3416688311 --> [v2:172.21.15.6:3300/0,v1:172.21.15.6:6789/0] -- mon_subscribe({config=0+,monmap=0+}) -- 0x7f770819ec80 con 0x7f770807cd70
2024-04-25T18:17:37.399 INFO:teuthology.orchestra.run.smithi006.stdout:/usr/bin/ceph: stderr
2024-04-25T18:17:36.389+0000 7f770ca00700 1 --2- 172.21.15.6:0/3416688311 >> [v2:172.21.15.6:3300/0,v1:172.21.15.6:6789/0] conn(0x7f770807cd70 0x7f770819e740 secure :-1 s=READY pgs=27 cs=0 l=1 rev1=1 crypto rx=0x7f76ec0117b0 tx=0x7f76ec011b70 comp rx=0 tx=0).ready entity=mon.0 client_cookie=0 server_cookie=0 in_seq=0 out_seq=0
2024-04-25T18:17:37.399 INFO:teuthology.orchestra.run.smithi006.stdout:/usr/bin/ceph: stderr
2024-04-25T18:17:36.389+0000 7f7706000700 1 -- 172.21.15.6:0/3416688311 <== mon.0 v2:172.21.15.6:3300/0 1 ==== mon_map magic: 0 ==== 205+0+0 (secure 0 0 0) 0x7f76ec003af0 con 0x7f770807cd70
2024-04-25T18:17:37.399 INFO:teuthology.orchestra.run.smithi006.stdout:/usr/bin/ceph: stderr
2024-04-25T18:17:36.389+0000 7f7706000700 1 -- 172.21.15.6:0/3416688311 <== mon.0 v2:172.21.15.6:3300/0 2 ==== config(26 keys) ==== 1070+0+0 (secure 0 0 0) 0x7f76ec020070 con 0x7f770807cd70
2024-04-25T18:17:37.399 INFO:teuthology.orchestra.run.smithi006.stdout:/usr/bin/ceph: stderr
2024-04-25T18:17:36.389+0000 7f7706000700 1 -- 172.21.15.6:0/3416688311 <== mon.0 v2:172.21.15.6:3300/0 3 ==== mon_map magic: 0 ==== 205+0+0 (secure 0 0 0) 0x7f76ec019630 con 0x7f770807cd70
2024-04-25T18:17:37.399 INFO:teuthology.orchestra.run.smithi006.stdout:/usr/bin/ceph: stderr
2024-04-25T18:17:36.389+0000 7f770f400700 1 -- 172.21.15.6:0/3416688311 --> [v2:172.21.15.6:3300/0,v1:172.21.15.6:6789/0] -- mon_subscribe({mgrmap=0+}) -- 0x7f770819ef10 con 0x7f770807cd70
2024-04-25T18:17:37.400 INFO:teuthology.orchestra.run.smithi006.stdout:/usr/bin/ceph: stderr
2024-04-25T18:17:36.389+0000 7f770f400700 1 -- 172.21.15.6:0/3416688311 --> [v2:172.21.15.6:3300/0,v1:172.21.15.6:6789/0] -- mon_subscribe({osdmap=0}) -- 0x7f77081a1c00 con 0x7f770807cd70
2024-04-25T18:17:37.400 INFO:teuthology.orchestra.run.smithi006.stdout:/usr/bin/ceph: stderr
2024-04-25T18:17:36.390+0000 7f7706000700 1 -- 172.21.15.6:0/3416688311 <== mon.0 v2:172.21.15.6:3300/0 4 ==== mgrmap(e 5) ==== 46558+0+0 (secure 0 0 0) 0x7f76ec01a430 con 0x7f770807cd70
2024-04-25T18:17:37.400 INFO:teuthology.orchestra.run.smithi006.stdout:/usr/bin/ceph: stderr
2024-04-25T18:17:36.390+0000 7f770f400700 1 -- 172.21.15.6:0/3416688311 --> [v2:172.21.15.6:3300/0,v1:172.21.15.6:6789/0] -- mon_command({"prefix": "get_command_descriptions"} v 0) -- 0x7f77080640a0 con 0x7f770807cd70
2024-04-25T18:17:37.400 INFO:teuthology.orchestra.run.smithi006.stdout:/usr/bin/ceph: stderr
2024-04-25T18:17:36.391+0000 7f7706000700 1 --2- 172.21.15.6:0/3416688311 >> [v2:172.21.15.6:6800/3562997861,v1:172.21.15.6:6801/3562997861] conn(0x7f76e4039600 0x7f76e403bac0 unknown :-1 s=NONE pgs=0 cs=0 l=1 rev1=0 crypto rx=0 tx=0 comp rx=0 tx=0).connect
2024-04-25T18:17:37.400 INFO:teuthology.orchestra.run.smithi006.stdout:/usr/bin/ceph: stderr
2024-04-25T18:17:36.391+0000 7f7706000700 1 -- 172.21.15.6:0/3416688311 <== mon.0 v2:172.21.15.6:3300/0 5 ==== osd_map(1..1 src has 1..1) ==== 725+0+0 (secure 0 0 0) 0x7f76ec04dac0 con 0x7f770807cd70
2024-04-25T18:17:37.400 INFO:teuthology.orchestra.run.smithi006.stdout:/usr/bin/ceph: stderr
2024-04-25T18:17:36.391+0000 7f76ffe00700 1 -- 172.21.15.6:0/3416688311 >> [v2:172.21.15.6:6800/3562997861,v1:172.21.15.6:6801/3562997861] conn(0x7f76e4039600 msgr2=0x7f76e403bac0 unknown :-1 s=STATE_CONNECTING_RE l=1).process reconnect failed to v2:172.21.15.6:6800/3562997861
2024-04-25T18:17:37.400 INFO:teuthology.orchestra.run.smithi006.stdout:/usr/bin/ceph: stderr
2024-04-25T18:17:36.391+0000 7f76ffe00700 1 --2- 172.21.15.6:0/3416688311 >> [v2:172.21.15.6:6800/3562997861,v1:172.21.15.6:6801/3562997861] conn(0x7f76e4039600 0x7f76e403bac0 unknown :-1 s=START_CONNECT pgs=0 cs=0 l=1 rev1=0 crypto rx=0 tx=0 comp rx=0 tx=0)._fault waiting 0.200000
2024-04-25T18:17:37.400 INFO:teuthology.orchestra.run.smithi006.stdout:/usr/bin/ceph: stderr
2024-04-25T18:17:36.396+0000 7f7706000700 1 -- 172.21.15.6:0/3416688311 <== mon.0 v2:172.21.15.6:3300/0 6 ==== mon_command_ack([{"prefix": "get_command_descriptions"}]=0 v0) ==== 72+0+188370 (secure 0 0 0) 0x7f76ec00e260 con 0x7f770807cd70
2024-04-25T18:17:37.400 INFO:teuthology.orchestra.run.smithi006.stdout:/usr/bin/ceph: stderr
2024-04-25T18:17:36.592+0000 7f76ffe00700 1 -- 172.21.15.6:0/3416688311 >> [v2:172.21.15.6:6800/3562997861,v1:172.21.15.6:6801/3562997861] conn(0x7f76e4039600 msgr2=0x7f76e403bac0 unknown :-1 s=STATE_CONNECTING_RE l=1).process reconnect failed to v2:172.21.15.6:6800/3562997861
2024-04-25T18:17:37.400 INFO:teuthology.orchestra.run.smithi006.stdout:/usr/bin/ceph: stderr
2024-04-25T18:17:36.592+0000 7f76ffe00700 1 --2- 172.21.15.6:0/3416688311 >> [v2:172.21.15.6:6800/3562997861,v1:172.21.15.6:6801/3562997861] conn(0x7f76e4039600 0x7f76e403bac0 unknown :-1 s=START_CONNECT pgs=0 cs=0 l=1 rev1=0 crypto rx=0 tx=0 comp rx=0 tx=0)._fault waiting 0.400000
2024-04-25T18:17:37.400 INFO:teuthology.orchestra.run.smithi006.stdout:/usr/bin/ceph: stderr
2024-04-25T18:17:36.691+0000 7f770f400700 1 -- 172.21.15.6:0/3416688311 --> [v2:172.21.15.6:3300/0,v1:172.21.15.6:6789/0] -- mon_command({"prefix": "mgr stat"} v 0) -- 0x7f77081a1dd0 con 0x7f770807cd70
2024-04-25T18:17:37.400 INFO:teuthology.orchestra.run.smithi006.stdout:/usr/bin/ceph: stderr
2024-04-25T18:17:36.692+0000 7f7706000700 1 -- 172.21.15.6:0/3416688311 <== mon.0 v2:172.21.15.6:3300/0 7 ==== mon_command_ack([{"prefix": "mgr stat"}]=0 v5) ==== 56+0+88 (secure 0 0 0) 0x7f76ec024e50 con 0x7f770807cd70
2024-04-25T18:17:37.400 INFO:teuthology.orchestra.run.smithi006.stdout:/usr/bin/ceph: stderr
2024-04-25T18:17:36.695+0000 7f770f400700 1 -- 172.21.15.6:0/3416688311 >> [v2:172.21.15.6:6800/3562997861,v1:172.21.15.6:6801/3562997861] conn(0x7f76e4039600 msgr2=0x7f76e403bac0 unknown :-1 s=STATE_CONNECTING l=1).mark_down
2024-04-25T18:17:37.400 INFO:teuthology.orchestra.run.smithi006.stdout:/usr/bin/ceph: stderr
2024-04-25T18:17:36.695+0000 7f770f400700 1 --2- 172.21.15.6:0/3416688311 >> [v2:172.21.15.6:6800/3562997861,v1:172.21.15.6:6801/3562997861] conn(0x7f76e4039600 0x7f76e403bac0 unknown :-1 s=START_CONNECT pgs=0 cs=0 l=1 rev1=0 crypto rx=0 tx=0 comp rx=0 tx=0).stop
2024-04-25T18:17:37.400 INFO:teuthology.orchestra.run.smithi006.stdout:/usr/bin/ceph: stderr
2024-04-25T18:17:36.695+0000 7f770f400700 1 -- 172.21.15.6:0/3416688311 >> [v2:172.21.15.6:3300/0,v1:172.21.15.6:6789/0] conn(0x7f770807cd70 msgr2=0x7f770819e740 secure :-1 s=STATE_CONNECTION_ESTABLISHED l=1).mark_down
2024-04-25T18:17:37.400 INFO:teuthology.orchestra.run.smithi006.stdout:/usr/bin/ceph: stderr
2024-04-25T18:17:36.695+0000 7f770f400700 1 --2- 172.21.15.6:0/3416688311 >> [v2:172.21.15.6:3300/0,v1:172.21.15.6:6789/0] conn(0x7f770807cd70 0x7f770819e740 secure :-1 s=READY pgs=27 cs=0 l=1 rev1=1 crypto rx=0x7f76ec0117b0 tx=0x7f76ec011b70 comp rx=0 tx=0).stop
2024-04-25T18:17:37.401 INFO:teuthology.orchestra.run.smithi006.stdout:/usr/bin/ceph: stderr
2024-04-25T18:17:36.695+0000 7f770f400700 1 -- 172.21.15.6:0/3416688311 shutdown_connections
2024-04-25T18:17:37.401 INFO:teuthology.orchestra.run.smithi006.stdout:/usr/bin/ceph: stderr
2024-04-25T18:17:36.695+0000 7f770f400700 1 --2- 172.21.15.6:0/3416688311 >> [v2:172.21.15.6:6800/3562997861,v1:172.21.15.6:6801/3562997861] conn(0x7f76e4039600 0x7f76e403bac0 unknown :-1 s=CLOSED pgs=0 cs=0 l=1 rev1=0 crypto rx=0 tx=0 comp rx=0 tx=0).stop
2024-04-25T18:17:37.401 INFO:teuthology.orchestra.run.smithi006.stdout:/usr/bin/ceph: stderr
2024-04-25T18:17:36.695+0000 7f770f400700 1 --2- 172.21.15.6:0/3416688311 >> [v2:172.21.15.6:3300/0,v1:172.21.15.6:6789/0] conn(0x7f770807cd70 0x7f770819e740 unknown :-1 s=CLOSED pgs=27 cs=0 l=1 rev1=1 crypto rx=0 tx=0 comp rx=0 tx=0).stop
2024-04-25T18:17:37.401 INFO:teuthology.orchestra.run.smithi006.stdout:/usr/bin/ceph: stderr
2024-04-25T18:17:36.695+0000 7f770f400700 1 -- 172.21.15.6:0/3416688311 >> 172.21.15.6:0/3416688311 conn(0x7f7708103be0 msgr2=0x7f77081047b0 unknown :-1 s=STATE_NONE l=0).mark_down
2024-04-25T18:17:37.401 INFO:teuthology.orchestra.run.smithi006.stdout:/usr/bin/ceph: stderr
2024-04-25T18:17:36.695+0000 7f770f400700 1 -- 172.21.15.6:0/3416688311 shutdown_connections
2024-04-25T18:17:37.401 INFO:teuthology.orchestra.run.smithi006.stdout:/usr/bin/ceph: stderr
2024-04-25T18:17:36.695+0000 7f770f400700 1 -- 172.21.15.6:0/3416688311 wait complete.
2024-04-25T18:17:37.401 INFO:teuthology.orchestra.run.smithi006.stdout:Waiting for the mgr to restart...
2024-04-25T18:17:37.401 INFO:teuthology.orchestra.run.smithi006.stdout:Waiting for mgr epoch 5...
2024-04-25T18:17:37.964 INFO:journalctl@ceph.mgr.x.smithi006.stdout:Apr 25 18:17:37 smithi006 ceph-d25460e6-032f-11ef-bc93-c7b262605968-mgr-x[28353]:
2024-04-25T18:17:37.847+0000 7f5387180200 -1 mgr[py] Module telegraf has missing NOTIFY_TYPES member
2024-04-25T18:17:38.307 INFO:journalctl@ceph.mgr.x.smithi006.stdout:Apr 25 18:17:38 smithi006 ceph-d25460e6-032f-11ef-bc93-c7b262605968-mgr-x[28353]:
2024-04-25T18:17:38.086+0000 7f5387180200 -1 mgr[py] Module osd_support has missing NOTIFY_TYPES member
2024-04-25T18:17:38.307 INFO:journalctl@ceph.mgr.x.smithi006.stdout:Apr 25 18:17:38 smithi006 ceph-d25460e6-032f-11ef-bc93-c7b262605968-mgr-x[28353]:
2024-04-25T18:17:38.305+0000 7f5387180200 -1 mgr[py] Module iostat has missing NOTIFY_TYPES member
2024-04-25T18:17:39.083 INFO:journalctl@ceph.mgr.x.smithi006.stdout:Apr 25 18:17:38 smithi006 ceph-d25460e6-032f-11ef-bc93-c7b262605968-mgr-x[28353]:
2024-04-25T18:17:38.700+0000 7f5387180200 -1 mgr[py] Module alerts has missing NOTIFY_TYPES member
2024-04-25T18:17:39.084 INFO:journalctl@ceph.mgr.x.smithi006.stdout:Apr 25 18:17:38 smithi006 ceph-d25460e6-032f-11ef-bc93-c7b262605968-mgr-x[28353]:
2024-04-25T18:17:38.825+0000 7f5387180200 -1 mgr[py] Module selftest has missing NOTIFY_TYPES member
2024-04-25T18:17:39.340 INFO:journalctl@ceph.mgr.x.smithi006.stdout:Apr 25 18:17:39 smithi006 ceph-d25460e6-032f-11ef-bc93-c7b262605968-mgr-x[28353]:
2024-04-25T18:17:39.082+0000 7f5387180200 -1 mgr[py] Module pg_autoscaler has missing NOTIFY_TYPES member
2024-04-25T18:17:39.840 INFO:journalctl@ceph.mgr.x.smithi006.stdout:Apr 25 18:17:39 smithi006 ceph-d25460e6-032f-11ef-bc93-c7b262605968-mgr-x[28353]:
2024-04-25T18:17:39.344+0000 7f5387180200 -1 mgr[py] Module test_orchestrator has missing NOTIFY_TYPES member
2024-04-25T18:17:40.590 INFO:journalctl@ceph.mgr.x.smithi006.stdout:Apr 25 18:17:40 smithi006 ceph-d25460e6-032f-11ef-bc93-c7b262605968-mgr-x[28353]:
2024-04-25T18:17:40.154+0000 7f5387180200 -1 mgr[py] Module rook has missing NOTIFY_TYPES member
2024-04-25T18:17:41.005 INFO:journalctl@ceph.mgr.x.smithi006.stdout:Apr 25 18:17:40 smithi006 ceph-d25460e6-032f-11ef-bc93-c7b262605968-mgr-x[28353]:
2024-04-25T18:17:40.726+0000 7f5387180200 -1 mgr[py] Module volumes has missing NOTIFY_TYPES member
2024-04-25T18:17:41.005 INFO:journalctl@ceph.mgr.x.smithi006.stdout:Apr 25 18:17:40 smithi006 ceph-d25460e6-032f-11ef-bc93-c7b262605968-mgr-x[28353]:
2024-04-25T18:17:40.857+0000 7f5387180200 -1 mgr[py] Module crash has missing NOTIFY_TYPES member
2024-04-25T18:17:41.340 INFO:journalctl@ceph.mgr.x.smithi006.stdout:Apr 25 18:17:41 smithi006 ceph-d25460e6-032f-11ef-bc93-c7b262605968-mgr-x[28353]:
2024-04-25T18:17:41.132+0000 7f5387180200 -1 mgr[py] Module rgw has missing NOTIFY_TYPES member
2024-04-25T18:17:42.090 INFO:journalctl@ceph.mgr.x.smithi006.stdout:Apr 25 18:17:41 smithi006 ceph-d25460e6-032f-11ef-bc93-c7b262605968-mgr-x[28353]:
2024-04-25T18:17:41.797+0000 7f5387180200 -1 mgr[py] Module prometheus has missing NOTIFY_TYPES member
2024-04-25T18:17:42.090 INFO:journalctl@ceph.mgr.x.smithi006.stdout:Apr 25 18:17:41 smithi006 ceph-d25460e6-032f-11ef-bc93-c7b262605968-mgr-x[28353]:
2024-04-25T18:17:41.925+0000 7f5387180200 -1 mgr[py] Module devicehealth has missing NOTIFY_TYPES member
2024-04-25T18:17:42.571 INFO:journalctl@ceph.mgr.x.smithi006.stdout:Apr 25 18:17:42 smithi006 ceph-d25460e6-032f-11ef-bc93-c7b262605968-mgr-x[28353]:
2024-04-25T18:17:42.256+0000 7f5387180200 -1 mgr[py] Module telemetry has missing NOTIFY_TYPES member
2024-04-25T18:17:42.571 INFO:journalctl@ceph.mgr.x.smithi006.stdout:Apr 25 18:17:42 smithi006 ceph-d25460e6-032f-11ef-bc93-c7b262605968-mgr-x[28353]:
2024-04-25T18:17:42.441+0000 7f5387180200 -1 mgr[py] Module diskprediction_local has missing NOTIFY_TYPES member
2024-04-25T18:17:42.572 INFO:journalctl@ceph.mgr.x.smithi006.stdout:Apr 25 18:17:42 smithi006 ceph-d25460e6-032f-11ef-bc93-c7b262605968-mgr-x[28353]:
2024-04-25T18:17:42.570+0000 7f5387180200 -1 mgr[py] Module osd_perf_query has missing NOTIFY_TYPES member
2024-04-25T18:17:42.840 INFO:journalctl@ceph.mgr.x.smithi006.stdout:Apr 25 18:17:42 smithi006 ceph-d25460e6-032f-11ef-bc93-c7b262605968-mgr-x[28353]:
2024-04-25T18:17:42.726+0000 7f5387180200 -1 mgr[py] Module rbd_support has missing NOTIFY_TYPES member
2024-04-25T18:17:43.590 INFO:journalctl@ceph.mgr.x.smithi006.stdout:Apr 25 18:17:43 smithi006 ceph-d25460e6-032f-11ef-bc93-c7b262605968-mgr-x[28353]:
2024-04-25T18:17:43.100+0000 7f5387180200 -1 mgr[py] Module zabbix has missing NOTIFY_TYPES member
2024-04-25T18:17:44.180 INFO:journalctl@ceph.mgr.x.smithi006.stdout:Apr 25 18:17:43 smithi006 ceph-d25460e6-032f-11ef-bc93-c7b262605968-mgr-x[28353]:
2024-04-25T18:17:43.886+0000 7f5387180200 -1 mgr[py] Module status has missing NOTIFY_TYPES member
2024-04-25T18:17:44.590 INFO:journalctl@ceph.mgr.x.smithi006.stdout:Apr 25 18:17:44 smithi006 ceph-d25460e6-032f-11ef-bc93-c7b262605968-mgr-x[28353]:
2024-04-25T18:17:44.178+0000 7f5387180200 -1 mgr[py] Module nfs has missing NOTIFY_TYPES member
2024-04-25T18:17:44.590 INFO:journalctl@ceph.mon.a.smithi006.stdout:Apr 25 18:17:44 smithi006 ceph-mon[28123]: Active manager daemon x restarted
2024-04-25T18:17:44.590 INFO:journalctl@ceph.mon.a.smithi006.stdout:Apr 25 18:17:44 smithi006 ceph-mon[28123]: Activating manager daemon x
2024-04-25T18:17:44.590 INFO:journalctl@ceph.mon.a.smithi006.stdout:Apr 25 18:17:44 smithi006 ceph-mon[28123]: osdmap e2: 0 total, 0 up, 0 in
2024-04-25T18:17:44.590 INFO:journalctl@ceph.mon.a.smithi006.stdout:Apr 25 18:17:44 smithi006 ceph-mon[28123]: mgrmap e6: x(active, starting, since 0.00492006s)
2024-04-25T18:17:44.591 INFO:journalctl@ceph.mon.a.smithi006.stdout:Apr 25 18:17:44 smithi006 ceph-mon[28123]: from='mgr.14120 172.21.15.6:0/812435314' entity='mgr.x' cmd=[{"prefix": "mon metadata", "id": "a"}]: dispatch
2024-04-25T18:17:44.591 INFO:journalctl@ceph.mon.a.smithi006.stdout:Apr 25 18:17:44 smithi006 ceph-mon[28123]: from='mgr.14120 172.21.15.6:0/812435314' entity='mgr.x' cmd=[{"prefix": "mgr metadata", "who": "x", "id": "x"}]: dispatch
2024-04-25T18:17:44.591 INFO:journalctl@ceph.mon.a.smithi006.stdout:Apr 25 18:17:44 smithi006 ceph-mon[28123]: from='mgr.14120 172.21.15.6:0/812435314' entity='mgr.x' cmd=[{"prefix": "mds metadata"}]: dispatch
2024-04-25T18:17:44.591 INFO:journalctl@ceph.mon.a.smithi006.stdout:Apr 25 18:17:44 smithi006 ceph-mon[28123]: from='mgr.14120 172.21.15.6:0/812435314' entity='mgr.x' cmd=[{"prefix": "osd metadata"}]: dispatch
2024-04-25T18:17:44.591 INFO:journalctl@ceph.mon.a.smithi006.stdout:Apr 25 18:17:44 smithi006 ceph-mon[28123]: from='mgr.14120 172.21.15.6:0/812435314' entity='mgr.x' cmd=[{"prefix": "mon metadata"}]: dispatch
2024-04-25T18:17:44.591 INFO:journalctl@ceph.mon.a.smithi006.stdout:Apr 25 18:17:44 smithi006 ceph-mon[28123]: Manager daemon x is now available
2024-04-25T18:17:44.591 INFO:journalctl@ceph.mon.a.smithi006.stdout:Apr 25 18:17:44 smithi006 ceph-mon[28123]: from='mgr.14120 172.21.15.6:0/812435314' entity='mgr.x'
2024-04-25T18:17:45.590 INFO:journalctl@ceph.mon.a.smithi006.stdout:Apr 25 18:17:45 smithi006 ceph-mon[28123]: Found migration_current of "None". Setting to last migration.
2024-04-25T18:17:45.590 INFO:journalctl@ceph.mon.a.smithi006.stdout:Apr 25 18:17:45 smithi006 ceph-mon[28123]: from='mgr.14120 172.21.15.6:0/812435314' entity='mgr.x'
2024-04-25T18:17:45.591 INFO:journalctl@ceph.mon.a.smithi006.stdout:Apr 25 18:17:45 smithi006 ceph-mon[28123]: from='mgr.14120 172.21.15.6:0/812435314' entity='mgr.x' cmd=[{"prefix": "config dump", "format": "json"}]: dispatch
2024-04-25T18:17:45.591 INFO:journalctl@ceph.mon.a.smithi006.stdout:Apr 25 18:17:45 smithi006 ceph-mon[28123]: from='mgr.14120 172.21.15.6:0/812435314' entity='mgr.x' cmd=[{"prefix": "config dump", "format": "json"}]: dispatch
2024-04-25T18:17:45.591 INFO:journalctl@ceph.mon.a.smithi006.stdout:Apr 25 18:17:45 smithi006 ceph-mon[28123]: from='mgr.14120 172.21.15.6:0/812435314' entity='mgr.x' cmd=[{"prefix":"config rm","who":"mgr","name":"mgr/rbd_support/x/mirror_snapshot_schedule"}]: dispatch
2024-04-25T18:17:45.591 INFO:journalctl@ceph.mon.a.smithi006.stdout:Apr 25 18:17:45 smithi006 ceph-mon[28123]: from='mgr.14120 172.21.15.6:0/812435314' entity='mgr.x' cmd=[{"prefix":"config rm","who":"mgr","name":"mgr/rbd_support/x/trash_purge_schedule"}]: dispatch
2024-04-25T18:17:45.591 INFO:journalctl@ceph.mon.a.smithi006.stdout:Apr 25 18:17:45 smithi006 ceph-mon[28123]: from='mgr.14120 172.21.15.6:0/812435314' entity='mgr.x'
2024-04-25T18:17:45.591 INFO:journalctl@ceph.mon.a.smithi006.stdout:Apr 25 18:17:45 smithi006 ceph-mon[28123]: from='mgr.14120 172.21.15.6:0/812435314' entity='mgr.x'
2024-04-25T18:17:45.591 INFO:journalctl@ceph.mon.a.smithi006.stdout:Apr 25 18:17:45 smithi006 ceph-mon[28123]: mgrmap e7: x(active, since 1.01569s)
2024-04-25T18:17:45.975 INFO:teuthology.orchestra.run.smithi006.stdout:/usr/bin/ceph: stdout {
2024-04-25T18:17:45.976 INFO:teuthology.orchestra.run.smithi006.stdout:/usr/bin/ceph: stdout "mgrmap_epoch": 7,
2024-04-25T18:17:45.976 INFO:teuthology.orchestra.run.smithi006.stdout:/usr/bin/ceph: stdout "initialized": true
2024-04-25T18:17:45.976 INFO:teuthology.orchestra.run.smithi006.stdout:/usr/bin/ceph: stdout }
2024-04-25T18:17:45.976 INFO:teuthology.orchestra.run.smithi006.stdout:/usr/bin/ceph: stderr
2024-04-25T18:17:37.991+0000 7f4cf0e00700 1 Processor -- start
2024-04-25T18:17:45.976 INFO:teuthology.orchestra.run.smithi006.stdout:/usr/bin/ceph: stderr
2024-04-25T18:17:37.991+0000 7f4cf0e00700 1 -- start start
2024-04-25T18:17:45.976 INFO:teuthology.orchestra.run.smithi006.stdout:/usr/bin/ceph: stderr
2024-04-25T18:17:37.992+0000 7f4cf0e00700 1 --2- >> [v2:172.21.15.6:3300/0,v1:172.21.15.6:6789/0] conn(0x7f4cec1085c0 0x7f4cec1089e0 unknown :-1 s=NONE pgs=0 cs=0 l=0 rev1=0 crypto rx=0 tx=0 comp rx=0 tx=0).connect
2024-04-25T18:17:45.976 INFO:teuthology.orchestra.run.smithi006.stdout:/usr/bin/ceph: stderr
2024-04-25T18:17:37.992+0000 7f4cf0e00700 1 -- --> [v2:172.21.15.6:3300/0,v1:172.21.15.6:6789/0] -- mon_getmap magic: 0 -- 0x7f4cec108fb0 con 0x7f4cec1085c0
2024-04-25T18:17:45.976 INFO:teuthology.orchestra.run.smithi006.stdout:/usr/bin/ceph: stderr
2024-04-25T18:17:37.992+0000 7f4ce9e00700 1 --2- >> [v2:172.21.15.6:3300/0,v1:172.21.15.6:6789/0] conn(0x7f4cec1085c0 0x7f4cec1089e0 unknown :-1 s=BANNER_CONNECTING pgs=0 cs=0 l=0 rev1=0 crypto rx=0 tx=0 comp rx=0 tx=0)._handle_peer_banner_payload supported=3 required=0
2024-04-25T18:17:45.976 INFO:teuthology.orchestra.run.smithi006.stdout:/usr/bin/ceph: stderr
2024-04-25T18:17:37.992+0000 7f4ce9e00700 1 --2- >> [v2:172.21.15.6:3300/0,v1:172.21.15.6:6789/0] conn(0x7f4cec1085c0 0x7f4cec1089e0 unknown :-1 s=HELLO_CONNECTING pgs=0 cs=0 l=0 rev1=1 crypto rx=0 tx=0 comp rx=0 tx=0).handle_hello peer v2:172.21.15.6:3300/0 says I am v2:172.21.15.6:52806/0 (socket says 172.21.15.6:52806)
2024-04-25T18:17:45.976 INFO:teuthology.orchestra.run.smithi006.stdout:/usr/bin/ceph: stderr
2024-04-25T18:17:37.992+0000 7f4ce9e00700 1 -- 172.21.15.6:0/4283861786 learned_addr learned my addr 172.21.15.6:0/4283861786 (peer_addr_for_me v2:172.21.15.6:0/0)
2024-04-25T18:17:45.976 INFO:teuthology.orchestra.run.smithi006.stdout:/usr/bin/ceph: stderr
2024-04-25T18:17:37.993+0000 7f4ce9e00700 1 -- 172.21.15.6:0/4283861786 --> [v2:172.21.15.6:3300/0,v1:172.21.15.6:6789/0] -- mon_subscribe({config=0+,monmap=0+}) -- 0x7f4cec1097c0 con 0x7f4cec1085c0
2024-04-25T18:17:45.976 INFO:teuthology.orchestra.run.smithi006.stdout:/usr/bin/ceph: stderr
2024-04-25T18:17:37.993+0000 7f4ce9e00700 1 --2- 172.21.15.6:0/4283861786 >> [v2:172.21.15.6:3300/0,v1:172.21.15.6:6789/0] conn(0x7f4cec1085c0 0x7f4cec1089e0 secure :-1 s=READY pgs=28 cs=0 l=1 rev1=1 crypto rx=0x7f4cdc0098a0 tx=0x7f4cdc009bb0 comp rx=0 tx=0).ready entity=mon.0 client_cookie=768f1b95807d3b92 server_cookie=0 in_seq=0 out_seq=0
2024-04-25T18:17:45.976 INFO:teuthology.orchestra.run.smithi006.stdout:/usr/bin/ceph: stderr
2024-04-25T18:17:37.993+0000 7f4ce8a00700 1 -- 172.21.15.6:0/4283861786 <== mon.0 v2:172.21.15.6:3300/0 1 ==== mon_map magic: 0 ==== 205+0+0 (secure 0 0 0) 0x7f4cdc004160 con 0x7f4cec1085c0
2024-04-25T18:17:45.976 INFO:teuthology.orchestra.run.smithi006.stdout:/usr/bin/ceph: stderr
2024-04-25T18:17:37.993+0000 7f4ce8a00700 1 -- 172.21.15.6:0/4283861786 <== mon.0 v2:172.21.15.6:3300/0 2 ==== config(26 keys) ==== 1070+0+0 (secure 0 0 0) 0x7f4cdc004300 con 0x7f4cec1085c0
2024-04-25T18:17:45.977 INFO:teuthology.orchestra.run.smithi006.stdout:/usr/bin/ceph: stderr
2024-04-25T18:17:37.993+0000 7f4ce8a00700 1 -- 172.21.15.6:0/4283861786 <== mon.0 v2:172.21.15.6:3300/0 3 ==== mon_map magic: 0 ==== 205+0+0 (secure 0 0 0) 0x7f4cdc011af0 con 0x7f4cec1085c0
2024-04-25T18:17:45.977 INFO:teuthology.orchestra.run.smithi006.stdout:/usr/bin/ceph: stderr
2024-04-25T18:17:37.994+0000 7f4cf0e00700 1 -- 172.21.15.6:0/4283861786 >> [v2:172.21.15.6:3300/0,v1:172.21.15.6:6789/0] conn(0x7f4cec1085c0 msgr2=0x7f4cec1089e0 secure :-1 s=STATE_CONNECTION_ESTABLISHED l=1).mark_down
2024-04-25T18:17:45.977 INFO:teuthology.orchestra.run.smithi006.stdout:/usr/bin/ceph: stderr
2024-04-25T18:17:37.994+0000 7f4cf0e00700 1 --2- 172.21.15.6:0/4283861786 >> [v2:172.21.15.6:3300/0,v1:172.21.15.6:6789/0] conn(0x7f4cec1085c0 0x7f4cec1089e0 secure :-1 s=READY pgs=28 cs=0 l=1 rev1=1 crypto rx=0x7f4cdc0098a0 tx=0x7f4cdc009bb0 comp rx=0 tx=0).stop
2024-04-25T18:17:45.977 INFO:teuthology.orchestra.run.smithi006.stdout:/usr/bin/ceph: stderr
2024-04-25T18:17:37.994+0000 7f4cf0e00700 1 -- 172.21.15.6:0/4283861786 shutdown_connections
2024-04-25T18:17:45.977 INFO:teuthology.orchestra.run.smithi006.stdout:/usr/bin/ceph: stderr
2024-04-25T18:17:37.994+0000 7f4cf0e00700 1 --2- 172.21.15.6:0/4283861786 >> [v2:172.21.15.6:3300/0,v1:172.21.15.6:6789/0] conn(0x7f4cec1085c0 0x7f4cec1089e0 unknown :-1 s=CLOSED pgs=28 cs=0 l=1 rev1=1 crypto rx=0 tx=0 comp rx=0 tx=0).stop
2024-04-25T18:17:45.977 INFO:teuthology.orchestra.run.smithi006.stdout:/usr/bin/ceph: stderr
2024-04-25T18:17:37.994+0000 7f4cf0e00700 1 -- 172.21.15.6:0/4283861786 >> 172.21.15.6:0/4283861786 conn(0x7f4cec103be0 msgr2=0x7f4cec106000 unknown :-1 s=STATE_NONE l=0).mark_down
2024-04-25T18:17:45.977 INFO:teuthology.orchestra.run.smithi006.stdout:/usr/bin/ceph: stderr
2024-04-25T18:17:37.994+0000 7f4cf0e00700 1 -- 172.21.15.6:0/4283861786 shutdown_connections
2024-04-25T18:17:45.977 INFO:teuthology.orchestra.run.smithi006.stdout:/usr/bin/ceph: stderr
2024-04-25T18:17:37.994+0000 7f4cf0e00700 1 -- 172.21.15.6:0/4283861786 wait complete.
2024-04-25T18:17:45.977 INFO:teuthology.orchestra.run.smithi006.stdout:/usr/bin/ceph: stderr
2024-04-25T18:17:37.995+0000 7f4cf0e00700 1 Processor -- start
2024-04-25T18:17:45.977 INFO:teuthology.orchestra.run.smithi006.stdout:/usr/bin/ceph: stderr
2024-04-25T18:17:37.995+0000 7f4cf0e00700 1 -- start start
2024-04-25T18:17:45.977 INFO:teuthology.orchestra.run.smithi006.stdout:/usr/bin/ceph: stderr
2024-04-25T18:17:37.996+0000 7f4cf0e00700 1 --2- >> [v2:172.21.15.6:3300/0,v1:172.21.15.6:6789/0] conn(0x7f4cec1085c0 0x7f4cec19e720 unknown :-1 s=NONE pgs=0 cs=0 l=1 rev1=0 crypto rx=0 tx=0 comp rx=0 tx=0).connect
2024-04-25T18:17:45.977 INFO:teuthology.orchestra.run.smithi006.stdout:/usr/bin/ceph: stderr
2024-04-25T18:17:37.996+0000 7f4cf0e00700 1 -- --> [v2:172.21.15.6:3300/0,v1:172.21.15.6:6789/0] -- mon_getmap magic: 0 -- 0x7f4cec10c9f0 con 0x7f4cec1085c0
2024-04-25T18:17:45.977 INFO:teuthology.orchestra.run.smithi006.stdout:/usr/bin/ceph: stderr
2024-04-25T18:17:37.996+0000 7f4ce9e00700 1 --2- >> [v2:172.21.15.6:3300/0,v1:172.21.15.6:6789/0] conn(0x7f4cec1085c0 0x7f4cec19e720 unknown :-1 s=BANNER_CONNECTING pgs=0 cs=0 l=1 rev1=0 crypto rx=0 tx=0 comp rx=0 tx=0)._handle_peer_banner_payload supported=3 required=0
2024-04-25T18:17:45.977 INFO:teuthology.orchestra.run.smithi006.stdout:/usr/bin/ceph: stderr
2024-04-25T18:17:37.996+0000 7f4ce9e00700 1 --2- >> [v2:172.21.15.6:3300/0,v1:172.21.15.6:6789/0] conn(0x7f4cec1085c0 0x7f4cec19e720 unknown :-1 s=HELLO_CONNECTING pgs=0 cs=0 l=1 rev1=1 crypto rx=0 tx=0 comp rx=0 tx=0).handle_hello peer v2:172.21.15.6:3300/0 says I am v2:172.21.15.6:52808/0 (socket says 172.21.15.6:52808)
2024-04-25T18:17:45.978 INFO:teuthology.orchestra.run.smithi006.stdout:/usr/bin/ceph: stderr
2024-04-25T18:17:37.996+0000 7f4ce9e00700 1 -- 172.21.15.6:0/4208714325 learned_addr learned my addr 172.21.15.6:0/4208714325 (peer_addr_for_me v2:172.21.15.6:0/0)
2024-04-25T18:17:45.978 INFO:teuthology.orchestra.run.smithi006.stdout:/usr/bin/ceph: stderr
2024-04-25T18:17:37.996+0000 7f4ce9e00700 1 -- 172.21.15.6:0/4208714325 --> [v2:172.21.15.6:3300/0,v1:172.21.15.6:6789/0] -- mon_subscribe({config=0+,monmap=0+}) -- 0x7f4cec19ec60 con 0x7f4cec1085c0
2024-04-25T18:17:45.978 INFO:teuthology.orchestra.run.smithi006.stdout:/usr/bin/ceph: stderr
2024-04-25T18:17:37.997+0000 7f4ce9e00700 1 --2- 172.21.15.6:0/4208714325 >> [v2:172.21.15.6:3300/0,v1:172.21.15.6:6789/0] conn(0x7f4cec1085c0 0x7f4cec19e720 secure :-1 s=READY pgs=29 cs=0 l=1 rev1=1 crypto rx=0x7f4cdc0117b0 tx=0x7f4cdc011b70 comp rx=0 tx=0).ready entity=mon.0 client_cookie=0 server_cookie=0 in_seq=0 out_seq=0
2024-04-25T18:17:45.978 INFO:teuthology.orchestra.run.smithi006.stdout:/usr/bin/ceph: stderr
2024-04-25T18:17:37.997+0000 7f4ce2a00700 1 -- 172.21.15.6:0/4208714325 <== mon.0 v2:172.21.15.6:3300/0 1 ==== mon_map magic: 0 ==== 205+0+0 (secure 0 0 0) 0x7f4cdc003af0 con 0x7f4cec1085c0
2024-04-25T18:17:45.978 INFO:teuthology.orchestra.run.smithi006.stdout:/usr/bin/ceph: stderr
2024-04-25T18:17:37.997+0000 7f4ce2a00700 1 -- 172.21.15.6:0/4208714325 <== mon.0 v2:172.21.15.6:3300/0 2 ==== config(26 keys) ==== 1070+0+0 (secure 0 0 0) 0x7f4cdc020070 con 0x7f4cec1085c0
2024-04-25T18:17:45.978 INFO:teuthology.orchestra.run.smithi006.stdout:/usr/bin/ceph: stderr
2024-04-25T18:17:37.997+0000 7f4cf0e00700 1 -- 172.21.15.6:0/4208714325 --> [v2:172.21.15.6:3300/0,v1:172.21.15.6:6789/0] -- mon_subscribe({mgrmap=0+}) -- 0x7f4cec19eef0 con 0x7f4cec1085c0
2024-04-25T18:17:45.978 INFO:teuthology.orchestra.run.smithi006.stdout:/usr/bin/ceph: stderr
2024-04-25T18:17:37.997+0000 7f4ce2a00700 1 -- 172.21.15.6:0/4208714325 <== mon.0 v2:172.21.15.6:3300/0 3 ==== mon_map magic: 0 ==== 205+0+0 (secure 0 0 0) 0x7f4cdc019630 con 0x7f4cec1085c0
2024-04-25T18:17:45.978 INFO:teuthology.orchestra.run.smithi006.stdout:/usr/bin/ceph: stderr
2024-04-25T18:17:37.997+0000 7f4cf0e00700 1 -- 172.21.15.6:0/4208714325 --> [v2:172.21.15.6:3300/0,v1:172.21.15.6:6789/0] -- mon_subscribe({osdmap=0}) -- 0x7f4cec1a1be0 con 0x7f4cec1085c0
2024-04-25T18:17:45.978 INFO:teuthology.orchestra.run.smithi006.stdout:/usr/bin/ceph: stderr
2024-04-25T18:17:37.999+0000 7f4ce2a00700 1 -- 172.21.15.6:0/4208714325 <== mon.0 v2:172.21.15.6:3300/0 4 ==== mgrmap(e 5) ==== 46558+0+0 (secure 0 0 0) 0x7f4cdc01a9c0 con 0x7f4cec1085c0
2024-04-25T18:17:45.978 INFO:teuthology.orchestra.run.smithi006.stdout:/usr/bin/ceph: stderr
2024-04-25T18:17:37.999+0000 7f4ce2a00700 1 --2- 172.21.15.6:0/4208714325 >> [v2:172.21.15.6:6800/3562997861,v1:172.21.15.6:6801/3562997861] conn(0x7f4cd00395b0 0x7f4cd003ba70 unknown :-1 s=NONE pgs=0 cs=0 l=1 rev1=0 crypto rx=0 tx=0 comp rx=0 tx=0).connect
2024-04-25T18:17:45.978 INFO:teuthology.orchestra.run.smithi006.stdout:/usr/bin/ceph: stderr
2024-04-25T18:17:37.999+0000 7f4ce2a00700 1 -- 172.21.15.6:0/4208714325 --> [v2:172.21.15.6:6800/3562997861,v1:172.21.15.6:6801/3562997861] -- command(tid 0: {"prefix": "get_command_descriptions"}) -- 0x7f4cd003c180 con 0x7f4cd00395b0
2024-04-25T18:17:45.978 INFO:teuthology.orchestra.run.smithi006.stdout:/usr/bin/ceph: stderr
2024-04-25T18:17:37.999+0000 7f4ce2a00700 1 -- 172.21.15.6:0/4208714325 <== mon.0 v2:172.21.15.6:3300/0 5 ==== osd_map(1..1 src has 1..1) ==== 725+0+0 (secure 0 0 0) 0x7f4cdc04db30 con 0x7f4cec1085c0
2024-04-25T18:17:45.978 INFO:teuthology.orchestra.run.smithi006.stdout:/usr/bin/ceph: stderr
2024-04-25T18:17:37.999+0000 7f4ce9400700 1 -- 172.21.15.6:0/4208714325 >> [v2:172.21.15.6:6800/3562997861,v1:172.21.15.6:6801/3562997861] conn(0x7f4cd00395b0 msgr2=0x7f4cd003ba70 unknown :-1 s=STATE_CONNECTING_RE l=1).process reconnect failed to v2:172.21.15.6:6800/3562997861
2024-04-25T18:17:45.978 INFO:teuthology.orchestra.run.smithi006.stdout:/usr/bin/ceph: stderr
2024-04-25T18:17:37.999+0000 7f4ce9400700 1 --2- 172.21.15.6:0/4208714325 >> [v2:172.21.15.6:6800/3562997861,v1:172.21.15.6:6801/3562997861] conn(0x7f4cd00395b0 0x7f4cd003ba70 unknown :-1 s=START_CONNECT pgs=0 cs=0 l=1 rev1=0 crypto rx=0 tx=0 comp rx=0 tx=0)._fault waiting 0.200000
2024-04-25T18:17:45.979 INFO:teuthology.orchestra.run.smithi006.stdout:/usr/bin/ceph: stderr
2024-04-25T18:17:38.200+0000 7f4ce9400700 1 -- 172.21.15.6:0/4208714325 >> [v2:172.21.15.6:6800/3562997861,v1:172.21.15.6:6801/3562997861] conn(0x7f4cd00395b0 msgr2=0x7f4cd003ba70 unknown :-1 s=STATE_CONNECTING_RE l=1).process reconnect failed to v2:172.21.15.6:6800/3562997861
2024-04-25T18:17:45.979 INFO:teuthology.orchestra.run.smithi006.stdout:/usr/bin/ceph: stderr
2024-04-25T18:17:38.200+0000 7f4ce9400700 1 --2- 172.21.15.6:0/4208714325 >> [v2:172.21.15.6:6800/3562997861,v1:172.21.15.6:6801/3562997861] conn(0x7f4cd00395b0 0x7f4cd003ba70 unknown :-1 s=START_CONNECT pgs=0 cs=0 l=1 rev1=0 crypto rx=0 tx=0 comp rx=0 tx=0)._fault waiting 0.400000
2024-04-25T18:17:45.979 INFO:teuthology.orchestra.run.smithi006.stdout:/usr/bin/ceph: stderr
2024-04-25T18:17:38.601+0000 7f4ce9400700 1 -- 172.21.15.6:0/4208714325 >> [v2:172.21.15.6:6800/3562997861,v1:172.21.15.6:6801/3562997861] conn(0x7f4cd00395b0 msgr2=0x7f4cd003ba70 unknown :-1 s=STATE_CONNECTING_RE l=1).process reconnect failed to v2:172.21.15.6:6800/3562997861
2024-04-25T18:17:45.979 INFO:teuthology.orchestra.run.smithi006.stdout:/usr/bin/ceph: stderr
2024-04-25T18:17:38.601+0000 7f4ce9400700 1 --2- 172.21.15.6:0/4208714325 >> [v2:172.21.15.6:6800/3562997861,v1:172.21.15.6:6801/3562997861] conn(0x7f4cd00395b0 0x7f4cd003ba70 unknown :-1 s=START_CONNECT pgs=0 cs=0 l=1 rev1=0 crypto rx=0 tx=0 comp rx=0 tx=0)._fault waiting 0.800000
2024-04-25T18:17:45.979 INFO:teuthology.orchestra.run.smithi006.stdout:/usr/bin/ceph: stderr
2024-04-25T18:17:39.402+0000 7f4ce9400700 1 -- 172.21.15.6:0/4208714325 >> [v2:172.21.15.6:6800/3562997861,v1:172.21.15.6:6801/3562997861] conn(0x7f4cd00395b0 msgr2=0x7f4cd003ba70 unknown :-1 s=STATE_CONNECTING_RE l=1).process reconnect failed to v2:172.21.15.6:6800/3562997861
2024-04-25T18:17:45.979 INFO:teuthology.orchestra.run.smithi006.stdout:/usr/bin/ceph: stderr
2024-04-25T18:17:39.402+0000 7f4ce9400700 1 --2- 172.21.15.6:0/4208714325 >> [v2:172.21.15.6:6800/3562997861,v1:172.21.15.6:6801/3562997861] conn(0x7f4cd00395b0 0x7f4cd003ba70 unknown :-1 s=START_CONNECT pgs=0 cs=0 l=1 rev1=0 crypto rx=0 tx=0 comp rx=0 tx=0)._fault waiting 1.600000
2024-04-25T18:17:45.979 INFO:teuthology.orchestra.run.smithi006.stdout:/usr/bin/ceph: stderr
2024-04-25T18:17:41.004+0000 7f4ce9400700 1 -- 172.21.15.6:0/4208714325 >> [v2:172.21.15.6:6800/3562997861,v1:172.21.15.6:6801/3562997861] conn(0x7f4cd00395b0 msgr2=0x7f4cd003ba70 unknown :-1 s=STATE_CONNECTING_RE l=1).process reconnect failed to v2:172.21.15.6:6800/3562997861
2024-04-25T18:17:45.979 INFO:teuthology.orchestra.run.smithi006.stdout:/usr/bin/ceph: stderr
2024-04-25T18:17:41.004+0000 7f4ce9400700 1 --2- 172.21.15.6:0/4208714325 >> [v2:172.21.15.6:6800/3562997861,v1:172.21.15.6:6801/3562997861] conn(0x7f4cd00395b0 0x7f4cd003ba70 unknown :-1 s=START_CONNECT pgs=0 cs=0 l=1 rev1=0 crypto rx=0 tx=0 comp rx=0 tx=0)._fault waiting 3.200000
2024-04-25T18:17:45.979 INFO:teuthology.orchestra.run.smithi006.stdout:/usr/bin/ceph: stderr
2024-04-25T18:17:44.187+0000 7f4ce2a00700 1 -- 172.21.15.6:0/4208714325 <== mon.0 v2:172.21.15.6:3300/0 6 ==== mgrmap(e 6) ==== 46325+0+0 (secure 0 0 0) 0x7f4cdc0198f0 con 0x7f4cec1085c0
2024-04-25T18:17:45.979 INFO:teuthology.orchestra.run.smithi006.stdout:/usr/bin/ceph: stderr
2024-04-25T18:17:44.187+0000 7f4ce2a00700 1 -- 172.21.15.6:0/4208714325 >> [v2:172.21.15.6:6800/3562997861,v1:172.21.15.6:6801/3562997861] conn(0x7f4cd00395b0 msgr2=0x7f4cd003ba70 unknown :-1 s=STATE_CONNECTING l=1).mark_down
2024-04-25T18:17:45.979 INFO:teuthology.orchestra.run.smithi006.stdout:/usr/bin/ceph: stderr
2024-04-25T18:17:44.187+0000 7f4ce2a00700 1 --2- 172.21.15.6:0/4208714325 >> [v2:172.21.15.6:6800/3562997861,v1:172.21.15.6:6801/3562997861] conn(0x7f4cd00395b0 0x7f4cd003ba70 unknown :-1 s=START_CONNECT pgs=0 cs=0 l=1 rev1=0 crypto rx=0 tx=0 comp rx=0 tx=0).stop
2024-04-25T18:17:45.979 INFO:teuthology.orchestra.run.smithi006.stdout:/usr/bin/ceph: stderr
2024-04-25T18:17:45.192+0000 7f4ce2a00700 1 -- 172.21.15.6:0/4208714325 <== mon.0 v2:172.21.15.6:3300/0 7 ==== mgrmap(e 7) ==== 46452+0+0 (secure 0 0 0) 0x7f4cdc04f850 con 0x7f4cec1085c0
2024-04-25T18:17:45.979 INFO:teuthology.orchestra.run.smithi006.stdout:/usr/bin/ceph: stderr
2024-04-25T18:17:45.193+0000 7f4ce2a00700 1 --2- 172.21.15.6:0/4208714325 >> [v2:172.21.15.6:6800/163557267,v1:172.21.15.6:6801/163557267] conn(0x7f4cd003cea0 0x7f4cd003f290 unknown :-1 s=NONE pgs=0 cs=0 l=1 rev1=0 crypto rx=0 tx=0 comp rx=0 tx=0).connect
2024-04-25T18:17:45.979 INFO:teuthology.orchestra.run.smithi006.stdout:/usr/bin/ceph: stderr
2024-04-25T18:17:45.193+0000 7f4ce2a00700 1 -- 172.21.15.6:0/4208714325 --> [v2:172.21.15.6:6800/163557267,v1:172.21.15.6:6801/163557267] -- command(tid 0: {"prefix": "get_command_descriptions"}) -- 0x7f4cd003c180 con 0x7f4cd003cea0
2024-04-25T18:17:45.979 INFO:teuthology.orchestra.run.smithi006.stdout:/usr/bin/ceph: stderr
2024-04-25T18:17:45.194+0000 7f4ce9400700 1 --2- 172.21.15.6:0/4208714325 >> [v2:172.21.15.6:6800/163557267,v1:172.21.15.6:6801/163557267] conn(0x7f4cd003cea0 0x7f4cd003f290 unknown :-1 s=BANNER_CONNECTING pgs=0 cs=0 l=1 rev1=0 crypto rx=0 tx=0 comp rx=0 tx=0)._handle_peer_banner_payload supported=3 required=0
2024-04-25T18:17:45.980 INFO:teuthology.orchestra.run.smithi006.stdout:/usr/bin/ceph: stderr
2024-04-25T18:17:45.196+0000 7f4ce9400700 1 --2- 172.21.15.6:0/4208714325 >> [v2:172.21.15.6:6800/163557267,v1:172.21.15.6:6801/163557267] conn(0x7f4cd003cea0 0x7f4cd003f290 secure :-1 s=READY pgs=1 cs=0 l=1 rev1=1 crypto rx=0x7f4cd8003a10 tx=0x7f4cd8009290 comp rx=0 tx=0).ready entity=mgr.14120 client_cookie=0 server_cookie=0 in_seq=0 out_seq=0
2024-04-25T18:17:45.980 INFO:teuthology.orchestra.run.smithi006.stdout:/usr/bin/ceph: stderr
2024-04-25T18:17:45.198+0000 7f4ce2a00700 1 -- 172.21.15.6:0/4208714325 <== mgr.14120 v2:172.21.15.6:6800/163557267 1 ==== command_reply(tid 0: 0 ) ==== 8+0+7774 (secure 0 0 0) 0x7f4cd003c180 con 0x7f4cd003cea0
2024-04-25T18:17:45.980 INFO:teuthology.orchestra.run.smithi006.stdout:/usr/bin/ceph: stderr
2024-04-25T18:17:45.207+0000 7f4cf0e00700 1 -- 172.21.15.6:0/4208714325 --> [v2:172.21.15.6:6800/163557267,v1:172.21.15.6:6801/163557267] -- command(tid 1: {"prefix": "mgr_status"}) -- 0x7f4cec19f3d0 con 0x7f4cd003cea0
2024-04-25T18:17:45.980 INFO:teuthology.orchestra.run.smithi006.stdout:/usr/bin/ceph: stderr
2024-04-25T18:17:45.208+0000 7f4ce2a00700 1 -- 172.21.15.6:0/4208714325 <== mgr.14120 v2:172.21.15.6:6800/163557267 2 ==== command_reply(tid 1: 0 ) ==== 8+0+51 (secure 0 0 0) 0x7f4cec19f3d0 con 0x7f4cd003cea0
2024-04-25T18:17:45.980 INFO:teuthology.orchestra.run.smithi006.stdout:/usr/bin/ceph: stderr
2024-04-25T18:17:45.208+0000 7f4cf0e00700 1 -- 172.21.15.6:0/4208714325 >> [v2:172.21.15.6:6800/163557267,v1:172.21.15.6:6801/163557267] conn(0x7f4cd003cea0 msgr2=0x7f4cd003f290 secure :-1 s=STATE_CONNECTION_ESTABLISHED l=1).mark_down
2024-04-25T18:17:45.980 INFO:teuthology.orchestra.run.smithi006.stdout:/usr/bin/ceph: stderr
2024-04-25T18:17:45.208+0000 7f4cf0e00700 1 --2- 172.21.15.6:0/4208714325 >> [v2:172.21.15.6:6800/163557267,v1:172.21.15.6:6801/163557267] conn(0x7f4cd003cea0 0x7f4cd003f290 secure :-1 s=READY pgs=1 cs=0 l=1 rev1=1 crypto rx=0x7f4cd8003a10 tx=0x7f4cd8009290 comp rx=0 tx=0).stop
2024-04-25T18:17:45.980 INFO:teuthology.orchestra.run.smithi006.stdout:/usr/bin/ceph: stderr
2024-04-25T18:17:45.208+0000 7f4cf0e00700 1 -- 172.21.15.6:0/4208714325 >> [v2:172.21.15.6:3300/0,v1:172.21.15.6:6789/0] conn(0x7f4cec1085c0 msgr2=0x7f4cec19e720 secure :-1 s=STATE_CONNECTION_ESTABLISHED l=1).mark_down
2024-04-25T18:17:45.980 INFO:teuthology.orchestra.run.smithi006.stdout:/usr/bin/ceph: stderr
2024-04-25T18:17:45.208+0000 7f4cf0e00700 1 --2- 172.21.15.6:0/4208714325 >> [v2:172.21.15.6:3300/0,v1:172.21.15.6:6789/0] conn(0x7f4cec1085c0 0x7f4cec19e720 secure :-1 s=READY pgs=29 cs=0 l=1 rev1=1 crypto rx=0x7f4cdc0117b0 tx=0x7f4cdc011b70 comp rx=0 tx=0).stop
2024-04-25T18:17:45.980 INFO:teuthology.orchestra.run.smithi006.stdout:/usr/bin/ceph: stderr
2024-04-25T18:17:45.208+0000 7f4cf0e00700 1 -- 172.21.15.6:0/4208714325 shutdown_connections
2024-04-25T18:17:45.980 INFO:teuthology.orchestra.run.smithi006.stdout:/usr/bin/ceph: stderr
2024-04-25T18:17:45.208+0000 7f4cf0e00700 1 --2- 172.21.15.6:0/4208714325 >> [v2:172.21.15.6:6800/163557267,v1:172.21.15.6:6801/163557267] conn(0x7f4cd003cea0 0x7f4cd003f290 unknown :-1 s=CLOSED pgs=1 cs=0 l=1 rev1=1 crypto rx=0 tx=0 comp rx=0 tx=0).stop
2024-04-25T18:17:45.980 INFO:teuthology.orchestra.run.smithi006.stdout:/usr/bin/ceph: stderr
2024-04-25T18:17:45.208+0000 7f4cf0e00700 1 --2- 172.21.15.6:0/4208714325 >> [v2:172.21.15.6:3300/0,v1:172.21.15.6:6789/0] conn(0x7f4cec1085c0 0x7f4cec19e720 unknown :-1 s=CLOSED pgs=29 cs=0 l=1 rev1=1 crypto rx=0 tx=0 comp rx=0 tx=0).stop
2024-04-25T18:17:45.980 INFO:teuthology.orchestra.run.smithi006.stdout:/usr/bin/ceph: stderr
2024-04-25T18:17:45.208+0000 7f4cf0e00700 1 --2- 172.21.15.6:0/4208714325 >> [v2:172.21.15.6:6800/3562997861,v1:172.21.15.6:6801/3562997861] conn(0x7f4cd00395b0 0x7f4cd003ba70 unknown :-1 s=CLOSED pgs=0 cs=0 l=1 rev1=0 crypto rx=0 tx=0 comp rx=0 tx=0).stop
2024-04-25T18:17:45.980 INFO:teuthology.orchestra.run.smithi006.stdout:/usr/bin/ceph: stderr
2024-04-25T18:17:45.208+0000 7f4cf0e00700 1 -- 172.21.15.6:0/4208714325 >> 172.21.15.6:0/4208714325 conn(0x7f4cec103be0 msgr2=0x7f4cec104790 unknown :-1 s=STATE_NONE l=0).mark_down
2024-04-25T18:17:45.980 INFO:teuthology.orchestra.run.smithi006.stdout:/usr/bin/ceph: stderr
2024-04-25T18:17:45.209+0000 7f4cf0e00700 1 -- 172.21.15.6:0/4208714325 shutdown_connections
2024-04-25T18:17:45.980 INFO:teuthology.orchestra.run.smithi006.stdout:/usr/bin/ceph: stderr
2024-04-25T18:17:45.209+0000 7f4cf0e00700 1 -- 172.21.15.6:0/4208714325 wait complete.
2024-04-25T18:17:45.980 INFO:teuthology.orchestra.run.smithi006.stdout:mgr epoch 5 is available
2024-04-25T18:17:45.981 INFO:teuthology.orchestra.run.smithi006.stdout:Setting orchestrator backend to cephadm...
2024-04-25T18:17:46.537 INFO:journalctl@ceph.mon.a.smithi006.stdout:Apr 25 18:17:46 smithi006 ceph-mon[28123]: from='client.14124 -' entity='client.admin' cmd=[{"prefix": "get_command_descriptions"}]: dispatch
2024-04-25T18:17:46.537 INFO:journalctl@ceph.mon.a.smithi006.stdout:Apr 25 18:17:46 smithi006 ceph-mon[28123]: from='client.14124 -' entity='client.admin' cmd=[{"prefix": "mgr_status"}]: dispatch
2024-04-25T18:17:46.537 INFO:journalctl@ceph.mon.a.smithi006.stdout:Apr 25 18:17:46 smithi006 ceph-mon[28123]: [25/Apr/2024:18:17:45] ENGINE Bus STARTING
2024-04-25T18:17:46.537 INFO:journalctl@ceph.mon.a.smithi006.stdout:Apr 25 18:17:46 smithi006 ceph-mon[28123]: [25/Apr/2024:18:17:46] ENGINE Serving on https://172.21.15.6:7150
2024-04-25T18:17:46.538 INFO:journalctl@ceph.mon.a.smithi006.stdout:Apr 25 18:17:46 smithi006 ceph-mon[28123]: from='mgr.14120 172.21.15.6:0/812435314' entity='mgr.x' cmd=[{"prefix": "config dump", "format": "json"}]: dispatch
2024-04-25T18:17:47.582 INFO:journalctl@ceph.mon.a.smithi006.stdout:Apr 25 18:17:47 smithi006 ceph-mon[28123]: [25/Apr/2024:18:17:46] ENGINE Serving on http://172.21.15.6:8765
2024-04-25T18:17:47.582 INFO:journalctl@ceph.mon.a.smithi006.stdout:Apr 25 18:17:47 smithi006 ceph-mon[28123]: [25/Apr/2024:18:17:46] ENGINE Bus STARTED
2024-04-25T18:17:47.582 INFO:journalctl@ceph.mon.a.smithi006.stdout:Apr 25 18:17:47 smithi006 ceph-mon[28123]: mgrmap e8: x(active, since 2s)
2024-04-25T18:17:47.582 INFO:journalctl@ceph.mon.a.smithi006.stdout:Apr 25 18:17:47 smithi006 ceph-mon[28123]: from='client.14132 -' entity='client.admin' cmd=[{"prefix": "orch set backend", "module_name": "cephadm", "target": ["mon-mgr", ""]}]: dispatch
2024-04-25T18:17:47.582 INFO:journalctl@ceph.mon.a.smithi006.stdout:Apr 25 18:17:47 smithi006 ceph-mon[28123]: from='mgr.14120 172.21.15.6:0/812435314' entity='mgr.x'
2024-04-25T18:17:47.582 INFO:journalctl@ceph.mon.a.smithi006.stdout:Apr 25 18:17:47 smithi006 ceph-mon[28123]: from='mgr.14120 172.21.15.6:0/812435314' entity='mgr.x' cmd=[{"prefix": "config dump", "format": "json"}]: dispatch
2024-04-25T18:17:47.594 INFO:teuthology.orchestra.run.smithi006.stdout:/usr/bin/ceph: stderr
2024-04-25T18:17:46.623+0000 7f2717c00700 1 Processor -- start
2024-04-25T18:17:47.595 INFO:teuthology.orchestra.run.smithi006.stdout:/usr/bin/ceph: stderr
2024-04-25T18:17:46.623+0000 7f2717c00700 1 -- start start
2024-04-25T18:17:47.595 INFO:teuthology.orchestra.run.smithi006.stdout:/usr/bin/ceph: stderr
2024-04-25T18:17:46.623+0000 7f2717c00700 1 --2- >> [v2:172.21.15.6:3300/0,v1:172.21.15.6:6789/0] conn(0x7f271010f040 0x7f271010f460 unknown :-1 s=NONE pgs=0 cs=0 l=0 rev1=0 crypto rx=0 tx=0 comp rx=0 tx=0).connect
2024-04-25T18:17:47.595 INFO:teuthology.orchestra.run.smithi006.stdout:/usr/bin/ceph: stderr
2024-04-25T18:17:46.623+0000 7f2717c00700 1 -- --> [v2:172.21.15.6:3300/0,v1:172.21.15.6:6789/0] -- mon_getmap magic: 0 -- 0x7f271010fa30 con 0x7f271010f040
2024-04-25T18:17:47.595 INFO:teuthology.orchestra.run.smithi006.stdout:/usr/bin/ceph: stderr
2024-04-25T18:17:46.624+0000 7f2715200700 1 --2- >> [v2:172.21.15.6:3300/0,v1:172.21.15.6:6789/0] conn(0x7f271010f040 0x7f271010f460 unknown :-1 s=BANNER_CONNECTING pgs=0 cs=0 l=0 rev1=0 crypto rx=0 tx=0 comp rx=0 tx=0)._handle_peer_banner_payload supported=3 required=0
2024-04-25T18:17:47.600 INFO:teuthology.orchestra.run.smithi006.stdout:/usr/bin/ceph: stderr
2024-04-25T18:17:46.624+0000 7f2715200700 1 --2- >> [v2:172.21.15.6:3300/0,v1:172.21.15.6:6789/0] conn(0x7f271010f040 0x7f271010f460 unknown :-1 s=HELLO_CONNECTING pgs=0 cs=0 l=0 rev1=1 crypto rx=0 tx=0 comp rx=0 tx=0).handle_hello peer v2:172.21.15.6:3300/0 says I am v2:172.21.15.6:47412/0 (socket says 172.21.15.6:47412)
2024-04-25T18:17:47.600 INFO:teuthology.orchestra.run.smithi006.stdout:/usr/bin/ceph: stderr
2024-04-25T18:17:46.624+0000 7f2715200700 1 -- 172.21.15.6:0/1332557846 learned_addr learned my addr 172.21.15.6:0/1332557846 (peer_addr_for_me v2:172.21.15.6:0/0)
2024-04-25T18:17:47.600 INFO:teuthology.orchestra.run.smithi006.stdout:/usr/bin/ceph: stderr
