2024-04-25T18:16:26.227 INFO:teuthology.orchestra.run.smithi116.stdout:/usr/bin/ceph: stderr
2024-04-25T18:16:25.515+0000 7ff351a00700 1 --2- 172.21.15.116:0/2466514486 >> [v2:172.21.15.116:3300/0,v1:172.21.15.116:6789/0] conn(0x7ff34c108340 0x7ff34c07db60 secure :-1 s=READY pgs=42 cs=0 l=1 rev1=1 crypto rx=0x7ff33c000c00 tx=0x7ff33c011b70 comp rx=0 tx=0).stop
2024-04-25T18:16:26.228 INFO:teuthology.orchestra.run.smithi116.stdout:/usr/bin/ceph: stderr
2024-04-25T18:16:25.515+0000 7ff351a00700 1 -- 172.21.15.116:0/2466514486 shutdown_connections
2024-04-25T18:16:26.228 INFO:teuthology.orchestra.run.smithi116.stdout:/usr/bin/ceph: stderr
2024-04-25T18:16:25.515+0000 7ff351a00700 1 --2- 172.21.15.116:0/2466514486 >> [v2:172.21.15.116:6800/4179230975,v1:172.21.15.116:6801/4179230975] conn(0x7ff3300396c0 0x7ff33003bb80 unknown :-1 s=CLOSED pgs=9 cs=0 l=1 rev1=1 crypto rx=0 tx=0 comp rx=0 tx=0).stop
2024-04-25T18:16:26.228 INFO:teuthology.orchestra.run.smithi116.stdout:/usr/bin/ceph: stderr
2024-04-25T18:16:25.515+0000 7ff351a00700 1 --2- 172.21.15.116:0/2466514486 >> [v2:172.21.15.116:3300/0,v1:172.21.15.116:6789/0] conn(0x7ff34c108340 0x7ff34c07db60 unknown :-1 s=CLOSED pgs=42 cs=0 l=1 rev1=1 crypto rx=0 tx=0 comp rx=0 tx=0).stop
2024-04-25T18:16:26.228 INFO:teuthology.orchestra.run.smithi116.stdout:/usr/bin/ceph: stderr
2024-04-25T18:16:25.515+0000 7ff351a00700 1 -- 172.21.15.116:0/2466514486 >> 172.21.15.116:0/2466514486 conn(0x7ff34c1038e0 msgr2=0x7ff34c1043f0 unknown :-1 s=STATE_NONE l=0).mark_down
2024-04-25T18:16:26.228 INFO:teuthology.orchestra.run.smithi116.stdout:/usr/bin/ceph: stderr
2024-04-25T18:16:25.515+0000 7ff351a00700 1 -- 172.21.15.116:0/2466514486 shutdown_connections
2024-04-25T18:16:26.228 INFO:teuthology.orchestra.run.smithi116.stdout:/usr/bin/ceph: stderr
2024-04-25T18:16:25.515+0000 7ff351a00700 1 -- 172.21.15.116:0/2466514486 wait complete.
2024-04-25T18:16:26.829 INFO:journalctl@ceph.mon.a.smithi116.stdout:Apr 25 18:16:26 smithi116 ceph-mon[27950]: from='client.14136 -' entity='client.admin' cmd=[{"prefix": "cephadm generate-key", "target": ["mon-mgr", ""]}]: dispatch
2024-04-25T18:16:26.829 INFO:journalctl@ceph.mon.a.smithi116.stdout:Apr 25 18:16:26 smithi116 ceph-mon[27950]: Generating ssh key...
2024-04-25T18:16:26.830 INFO:journalctl@ceph.mon.a.smithi116.stdout:Apr 25 18:16:26 smithi116 ceph-mon[27950]: from='mgr.14120 172.21.15.116:0/398334230' entity='mgr.x'
2024-04-25T18:16:26.830 INFO:journalctl@ceph.mon.a.smithi116.stdout:Apr 25 18:16:26 smithi116 ceph-mon[27950]: from='mgr.14120 172.21.15.116:0/398334230' entity='mgr.x'
2024-04-25T18:16:27.780 INFO:teuthology.orchestra.run.smithi116.stdout:/usr/bin/ceph: stdout ssh-rsa AAAAB3NzaC1yc2EAAAADAQABAAABgQCZAGSl2NGwxwalIO+V8Gjn27tGBMR+xXoS9FD1p2FjXHg/nmz7AHYe9SQIjCJsYP8rZHo81JzpotTJflQVGykvq70vVz59JASQATxoQ6kOTxijYiXtwXlFN9yi7GJfIycIsuvZPO7S7TTFaD3Eefnqqma76QWoM3TyDP/cqIlG2iKJqbVsXhzj24mFB9/Plc1YQak2Re8pQGatgLaDz44d7oT0NX2isGm6mqG1ax6enIjKDYu0nACDnU7WMqk/wt+7M/ZKm9sgBOo7Cs7AsVzP0SVI7HKdcyMgzGcL3KBr00eOsZ8oCebjcBaOL3Pfd//9h8ZbHmcVO31+CYl3tYuHLxhAKCbLhtE2lB4x6f2V8OkD/Mbm7s2CYYHvmtXqlIxNaFkF6secZXPyocTT7s+Hbl64cPhFA3fJx13HVmzLTWHIEnetoZffrcIXVogsXlTssbjAN+WrX6W7c+q+fsX9KZ1Z18m6znUb+RRocvdklzFuEp7R2JRwqLjCsYQg4CU= ceph-a36b7b20-032f-11ef-bc93-c7b262605968
2024-04-25T18:16:27.780 INFO:teuthology.orchestra.run.smithi116.stdout:/usr/bin/ceph: stderr
2024-04-25T18:16:26.828+0000 7ff513e00700 1 Processor -- start
2024-04-25T18:16:27.780 INFO:teuthology.orchestra.run.smithi116.stdout:/usr/bin/ceph: stderr
2024-04-25T18:16:26.829+0000 7ff513e00700 1 -- start start
2024-04-25T18:16:27.780 INFO:teuthology.orchestra.run.smithi116.stdout:/usr/bin/ceph: stderr
2024-04-25T18:16:26.829+0000 7ff513e00700 1 --2- >> [v2:172.21.15.116:3300/0,v1:172.21.15.116:6789/0] conn(0x7ff50c07ded0 0x7ff50c07c330 unknown :-1 s=NONE pgs=0 cs=0 l=0 rev1=0 crypto rx=0 tx=0 comp rx=0 tx=0).connect
2024-04-25T18:16:27.780 INFO:teuthology.orchestra.run.smithi116.stdout:/usr/bin/ceph: stderr
2024-04-25T18:16:26.829+0000 7ff513e00700 1 -- --> [v2:172.21.15.116:3300/0,v1:172.21.15.116:6789/0] -- mon_getmap magic: 0 -- 0x7ff50c07c900 con 0x7ff50c07ded0
2024-04-25T18:16:27.780 INFO:teuthology.orchestra.run.smithi116.stdout:/usr/bin/ceph: stderr
2024-04-25T18:16:26.829+0000 7ff511400700 1 --2- >> [v2:172.21.15.116:3300/0,v1:172.21.15.116:6789/0] conn(0x7ff50c07ded0 0x7ff50c07c330 unknown :-1 s=BANNER_CONNECTING pgs=0 cs=0 l=0 rev1=0 crypto rx=0 tx=0 comp rx=0 tx=0)._handle_peer_banner_payload supported=3 required=0
2024-04-25T18:16:27.780 INFO:teuthology.orchestra.run.smithi116.stdout:/usr/bin/ceph: stderr
2024-04-25T18:16:26.830+0000 7ff511400700 1 --2- >> [v2:172.21.15.116:3300/0,v1:172.21.15.116:6789/0] conn(0x7ff50c07ded0 0x7ff50c07c330 unknown :-1 s=HELLO_CONNECTING pgs=0 cs=0 l=0 rev1=1 crypto rx=0 tx=0 comp rx=0 tx=0).handle_hello peer v2:172.21.15.116:3300/0 says I am v2:172.21.15.116:44622/0 (socket says 172.21.15.116:44622)
2024-04-25T18:16:27.780 INFO:teuthology.orchestra.run.smithi116.stdout:/usr/bin/ceph: stderr
2024-04-25T18:16:26.830+0000 7ff511400700 1 -- 172.21.15.116:0/2101300940 learned_addr learned my addr 172.21.15.116:0/2101300940 (peer_addr_for_me v2:172.21.15.116:0/0)
2024-04-25T18:16:27.780 INFO:teuthology.orchestra.run.smithi116.stdout:/usr/bin/ceph: stderr
2024-04-25T18:16:26.830+0000 7ff511400700 1 -- 172.21.15.116:0/2101300940 --> [v2:172.21.15.116:3300/0,v1:172.21.15.116:6789/0] -- mon_subscribe({config=0+,monmap=0+}) -- 0x7ff50c07ca80 con 0x7ff50c07ded0
2024-04-25T18:16:27.780 INFO:teuthology.orchestra.run.smithi116.stdout:/usr/bin/ceph: stderr
2024-04-25T18:16:26.830+0000 7ff511400700 1 --2- 172.21.15.116:0/2101300940 >> [v2:172.21.15.116:3300/0,v1:172.21.15.116:6789/0] conn(0x7ff50c07ded0 0x7ff50c07c330 secure :-1 s=READY pgs=43 cs=0 l=1 rev1=1 crypto rx=0x7ff5000098a0 tx=0x7ff500009bb0 comp rx=0 tx=0).ready entity=mon.0 client_cookie=5bf9f2fe7d99de02 server_cookie=0 in_seq=0 out_seq=0
2024-04-25T18:16:27.781 INFO:teuthology.orchestra.run.smithi116.stdout:/usr/bin/ceph: stderr
2024-04-25T18:16:26.831+0000 7ff50be00700 1 -- 172.21.15.116:0/2101300940 <== mon.0 v2:172.21.15.116:3300/0 1 ==== mon_map magic: 0 ==== 205+0+0 (secure 0 0 0) 0x7ff500004160 con 0x7ff50c07ded0
2024-04-25T18:16:27.781 INFO:teuthology.orchestra.run.smithi116.stdout:/usr/bin/ceph: stderr
2024-04-25T18:16:26.831+0000 7ff50be00700 1 -- 172.21.15.116:0/2101300940 <== mon.0 v2:172.21.15.116:3300/0 2 ==== config(26 keys) ==== 1070+0+0 (secure 0 0 0) 0x7ff500004300 con 0x7ff50c07ded0
2024-04-25T18:16:27.781 INFO:teuthology.orchestra.run.smithi116.stdout:/usr/bin/ceph: stderr
2024-04-25T18:16:26.831+0000 7ff50be00700 1 -- 172.21.15.116:0/2101300940 <== mon.0 v2:172.21.15.116:3300/0 3 ==== mon_map magic: 0 ==== 205+0+0 (secure 0 0 0) 0x7ff500011af0 con 0x7ff50c07ded0
2024-04-25T18:16:27.781 INFO:teuthology.orchestra.run.smithi116.stdout:/usr/bin/ceph: stderr
2024-04-25T18:16:26.831+0000 7ff513e00700 1 -- 172.21.15.116:0/2101300940 >> [v2:172.21.15.116:3300/0,v1:172.21.15.116:6789/0] conn(0x7ff50c07ded0 msgr2=0x7ff50c07c330 secure :-1 s=STATE_CONNECTION_ESTABLISHED l=1).mark_down
2024-04-25T18:16:27.781 INFO:teuthology.orchestra.run.smithi116.stdout:/usr/bin/ceph: stderr
2024-04-25T18:16:26.831+0000 7ff513e00700 1 --2- 172.21.15.116:0/2101300940 >> [v2:172.21.15.116:3300/0,v1:172.21.15.116:6789/0] conn(0x7ff50c07ded0 0x7ff50c07c330 secure :-1 s=READY pgs=43 cs=0 l=1 rev1=1 crypto rx=0x7ff5000098a0 tx=0x7ff500009bb0 comp rx=0 tx=0).stop
2024-04-25T18:16:27.781 INFO:teuthology.orchestra.run.smithi116.stdout:/usr/bin/ceph: stderr
2024-04-25T18:16:26.832+0000 7ff513e00700 1 -- 172.21.15.116:0/2101300940 shutdown_connections
2024-04-25T18:16:27.781 INFO:teuthology.orchestra.run.smithi116.stdout:/usr/bin/ceph: stderr
2024-04-25T18:16:26.832+0000 7ff513e00700 1 --2- 172.21.15.116:0/2101300940 >> [v2:172.21.15.116:3300/0,v1:172.21.15.116:6789/0] conn(0x7ff50c07ded0 0x7ff50c07c330 unknown :-1 s=CLOSED pgs=43 cs=0 l=1 rev1=1 crypto rx=0 tx=0 comp rx=0 tx=0).stop
2024-04-25T18:16:27.781 INFO:teuthology.orchestra.run.smithi116.stdout:/usr/bin/ceph: stderr
2024-04-25T18:16:26.832+0000 7ff513e00700 1 -- 172.21.15.116:0/2101300940 >> 172.21.15.116:0/2101300940 conn(0x7ff50c103930 msgr2=0x7ff50c105d50 unknown :-1 s=STATE_NONE l=0).mark_down
2024-04-25T18:16:27.781 INFO:teuthology.orchestra.run.smithi116.stdout:/usr/bin/ceph: stderr
2024-04-25T18:16:26.832+0000 7ff513e00700 1 -- 172.21.15.116:0/2101300940 shutdown_connections
2024-04-25T18:16:27.781 INFO:teuthology.orchestra.run.smithi116.stdout:/usr/bin/ceph: stderr
2024-04-25T18:16:26.832+0000 7ff513e00700 1 -- 172.21.15.116:0/2101300940 wait complete.
2024-04-25T18:16:27.781 INFO:teuthology.orchestra.run.smithi116.stdout:/usr/bin/ceph: stderr
2024-04-25T18:16:26.833+0000 7ff513e00700 1 Processor -- start
2024-04-25T18:16:27.781 INFO:teuthology.orchestra.run.smithi116.stdout:/usr/bin/ceph: stderr
2024-04-25T18:16:26.833+0000 7ff513e00700 1 -- start start
2024-04-25T18:16:27.782 INFO:teuthology.orchestra.run.smithi116.stdout:/usr/bin/ceph: stderr
2024-04-25T18:16:26.833+0000 7ff513e00700 1 --2- >> [v2:172.21.15.116:3300/0,v1:172.21.15.116:6789/0] conn(0x7ff50c07ded0 0x7ff50c1a2800 unknown :-1 s=NONE pgs=0 cs=0 l=1 rev1=0 crypto rx=0 tx=0 comp rx=0 tx=0).connect
2024-04-25T18:16:27.782 INFO:teuthology.orchestra.run.smithi116.stdout:/usr/bin/ceph: stderr
2024-04-25T18:16:26.833+0000 7ff513e00700 1 -- --> [v2:172.21.15.116:3300/0,v1:172.21.15.116:6789/0] -- mon_getmap magic: 0 -- 0x7ff50c10a500 con 0x7ff50c07ded0
2024-04-25T18:16:27.782 INFO:teuthology.orchestra.run.smithi116.stdout:/usr/bin/ceph: stderr
2024-04-25T18:16:26.834+0000 7ff511400700 1 --2- >> [v2:172.21.15.116:3300/0,v1:172.21.15.116:6789/0] conn(0x7ff50c07ded0 0x7ff50c1a2800 unknown :-1 s=BANNER_CONNECTING pgs=0 cs=0 l=1 rev1=0 crypto rx=0 tx=0 comp rx=0 tx=0)._handle_peer_banner_payload supported=3 required=0
2024-04-25T18:16:27.782 INFO:teuthology.orchestra.run.smithi116.stdout:/usr/bin/ceph: stderr
2024-04-25T18:16:26.834+0000 7ff511400700 1 --2- >> [v2:172.21.15.116:3300/0,v1:172.21.15.116:6789/0] conn(0x7ff50c07ded0 0x7ff50c1a2800 unknown :-1 s=HELLO_CONNECTING pgs=0 cs=0 l=1 rev1=1 crypto rx=0 tx=0 comp rx=0 tx=0).handle_hello peer v2:172.21.15.116:3300/0 says I am v2:172.21.15.116:44628/0 (socket says 172.21.15.116:44628)
2024-04-25T18:16:27.782 INFO:teuthology.orchestra.run.smithi116.stdout:/usr/bin/ceph: stderr
2024-04-25T18:16:26.834+0000 7ff511400700 1 -- 172.21.15.116:0/2617678786 learned_addr learned my addr 172.21.15.116:0/2617678786 (peer_addr_for_me v2:172.21.15.116:0/0)
2024-04-25T18:16:27.782 INFO:teuthology.orchestra.run.smithi116.stdout:/usr/bin/ceph: stderr
2024-04-25T18:16:26.834+0000 7ff511400700 1 -- 172.21.15.116:0/2617678786 --> [v2:172.21.15.116:3300/0,v1:172.21.15.116:6789/0] -- mon_subscribe({config=0+,monmap=0+}) -- 0x7ff50c1a2d40 con 0x7ff50c07ded0
2024-04-25T18:16:27.782 INFO:teuthology.orchestra.run.smithi116.stdout:/usr/bin/ceph: stderr
2024-04-25T18:16:26.834+0000 7ff511400700 1 --2- 172.21.15.116:0/2617678786 >> [v2:172.21.15.116:3300/0,v1:172.21.15.116:6789/0] conn(0x7ff50c07ded0 0x7ff50c1a2800 secure :-1 s=READY pgs=44 cs=0 l=1 rev1=1 crypto rx=0x7ff500000c00 tx=0x7ff500011b70 comp rx=0 tx=0).ready entity=mon.0 client_cookie=0 server_cookie=0 in_seq=0 out_seq=0
2024-04-25T18:16:27.782 INFO:teuthology.orchestra.run.smithi116.stdout:/usr/bin/ceph: stderr
2024-04-25T18:16:26.835+0000 7ff50a000700 1 -- 172.21.15.116:0/2617678786 <== mon.0 v2:172.21.15.116:3300/0 1 ==== mon_map magic: 0 ==== 205+0+0 (secure 0 0 0) 0x7ff500003b20 con 0x7ff50c07ded0
2024-04-25T18:16:27.782 INFO:teuthology.orchestra.run.smithi116.stdout:/usr/bin/ceph: stderr
2024-04-25T18:16:26.835+0000 7ff50a000700 1 -- 172.21.15.116:0/2617678786 <== mon.0 v2:172.21.15.116:3300/0 2 ==== config(26 keys) ==== 1070+0+0 (secure 0 0 0) 0x7ff50001a8c0 con 0x7ff50c07ded0
2024-04-25T18:16:27.782 INFO:teuthology.orchestra.run.smithi116.stdout:/usr/bin/ceph: stderr
2024-04-25T18:16:26.835+0000 7ff50a000700 1 -- 172.21.15.116:0/2617678786 <== mon.0 v2:172.21.15.116:3300/0 3 ==== mon_map magic: 0 ==== 205+0+0 (secure 0 0 0) 0x7ff500024940 con 0x7ff50c07ded0
2024-04-25T18:16:27.782 INFO:teuthology.orchestra.run.smithi116.stdout:/usr/bin/ceph: stderr
2024-04-25T18:16:26.835+0000 7ff513e00700 1 -- 172.21.15.116:0/2617678786 --> [v2:172.21.15.116:3300/0,v1:172.21.15.116:6789/0] -- mon_subscribe({mgrmap=0+}) -- 0x7ff50c1a2fd0 con 0x7ff50c07ded0
2024-04-25T18:16:27.782 INFO:teuthology.orchestra.run.smithi116.stdout:/usr/bin/ceph: stderr
2024-04-25T18:16:26.835+0000 7ff513e00700 1 -- 172.21.15.116:0/2617678786 --> [v2:172.21.15.116:3300/0,v1:172.21.15.116:6789/0] -- mon_subscribe({osdmap=0}) -- 0x7ff50c1a5cc0 con 0x7ff50c07ded0
2024-04-25T18:16:27.783 INFO:teuthology.orchestra.run.smithi116.stdout:/usr/bin/ceph: stderr
2024-04-25T18:16:26.836+0000 7ff513e00700 1 -- 172.21.15.116:0/2617678786 --> [v2:172.21.15.116:3300/0,v1:172.21.15.116:6789/0] -- mon_command({"prefix": "get_command_descriptions"} v 0) -- 0x7ff50c0640a0 con 0x7ff50c07ded0
2024-04-25T18:16:27.783 INFO:teuthology.orchestra.run.smithi116.stdout:/usr/bin/ceph: stderr
2024-04-25T18:16:26.836+0000 7ff50a000700 1 -- 172.21.15.116:0/2617678786 <== mon.0 v2:172.21.15.116:3300/0 4 ==== mgrmap(e 8) ==== 46558+0+0 (secure 0 0 0) 0x7ff500022020 con 0x7ff50c07ded0
2024-04-25T18:16:27.783 INFO:teuthology.orchestra.run.smithi116.stdout:/usr/bin/ceph: stderr
2024-04-25T18:16:26.836+0000 7ff50a000700 1 --2- 172.21.15.116:0/2617678786 >> [v2:172.21.15.116:6800/4179230975,v1:172.21.15.116:6801/4179230975] conn(0x7ff4f40396c0 0x7ff4f403bb80 unknown :-1 s=NONE pgs=0 cs=0 l=1 rev1=0 crypto rx=0 tx=0 comp rx=0 tx=0).connect
2024-04-25T18:16:27.783 INFO:teuthology.orchestra.run.smithi116.stdout:/usr/bin/ceph: stderr
2024-04-25T18:16:26.836+0000 7ff50a000700 1 -- 172.21.15.116:0/2617678786 <== mon.0 v2:172.21.15.116:3300/0 5 ==== osd_map(2..2 src has 1..2) ==== 940+0+0 (secure 0 0 0) 0x7ff50004d8a0 con 0x7ff50c07ded0
2024-04-25T18:16:27.783 INFO:teuthology.orchestra.run.smithi116.stdout:/usr/bin/ceph: stderr
2024-04-25T18:16:26.837+0000 7ff510a00700 1 --2- 172.21.15.116:0/2617678786 >> [v2:172.21.15.116:6800/4179230975,v1:172.21.15.116:6801/4179230975] conn(0x7ff4f40396c0 0x7ff4f403bb80 unknown :-1 s=BANNER_CONNECTING pgs=0 cs=0 l=1 rev1=0 crypto rx=0 tx=0 comp rx=0 tx=0)._handle_peer_banner_payload supported=3 required=0
2024-04-25T18:16:27.783 INFO:teuthology.orchestra.run.smithi116.stdout:/usr/bin/ceph: stderr
2024-04-25T18:16:26.837+0000 7ff510a00700 1 --2- 172.21.15.116:0/2617678786 >> [v2:172.21.15.116:6800/4179230975,v1:172.21.15.116:6801/4179230975] conn(0x7ff4f40396c0 0x7ff4f403bb80 secure :-1 s=READY pgs=10 cs=0 l=1 rev1=1 crypto rx=0x7ff4f8006fd0 tx=0x7ff4f8006e40 comp rx=0 tx=0).ready entity=mgr.14120 client_cookie=0 server_cookie=0 in_seq=0 out_seq=0
2024-04-25T18:16:27.783 INFO:teuthology.orchestra.run.smithi116.stdout:/usr/bin/ceph: stderr
2024-04-25T18:16:26.842+0000 7ff50a000700 1 -- 172.21.15.116:0/2617678786 <== mon.0 v2:172.21.15.116:3300/0 6 ==== mon_command_ack([{"prefix": "get_command_descriptions"}]=0 v0) ==== 72+0+188370 (secure 0 0 0) 0x7ff50000be50 con 0x7ff50c07ded0
2024-04-25T18:16:27.783 INFO:teuthology.orchestra.run.smithi116.stdout:/usr/bin/ceph: stderr
2024-04-25T18:16:27.066+0000 7ff513e00700 1 -- 172.21.15.116:0/2617678786 --> [v2:172.21.15.116:6800/4179230975,v1:172.21.15.116:6801/4179230975] -- mgr_command(tid 0: {"prefix": "cephadm get-pub-key", "target": ["mon-mgr", ""]}) -- 0x7ff50c076600 con 0x7ff4f40396c0
2024-04-25T18:16:27.783 INFO:teuthology.orchestra.run.smithi116.stdout:/usr/bin/ceph: stderr
2024-04-25T18:16:27.068+0000 7ff50a000700 1 -- 172.21.15.116:0/2617678786 <== mgr.14120 v2:172.21.15.116:6800/4179230975 1 ==== mgr_command_reply(tid 0: 0 ) ==== 8+0+595 (secure 0 0 0) 0x7ff50c076600 con 0x7ff4f40396c0
2024-04-25T18:16:27.783 INFO:teuthology.orchestra.run.smithi116.stdout:/usr/bin/ceph: stderr
2024-04-25T18:16:27.070+0000 7ff513e00700 1 -- 172.21.15.116:0/2617678786 >> [v2:172.21.15.116:6800/4179230975,v1:172.21.15.116:6801/4179230975] conn(0x7ff4f40396c0 msgr2=0x7ff4f403bb80 secure :-1 s=STATE_CONNECTION_ESTABLISHED l=1).mark_down
2024-04-25T18:16:27.783 INFO:teuthology.orchestra.run.smithi116.stdout:/usr/bin/ceph: stderr
2024-04-25T18:16:27.070+0000 7ff513e00700 1 --2- 172.21.15.116:0/2617678786 >> [v2:172.21.15.116:6800/4179230975,v1:172.21.15.116:6801/4179230975] conn(0x7ff4f40396c0 0x7ff4f403bb80 secure :-1 s=READY pgs=10 cs=0 l=1 rev1=1 crypto rx=0x7ff4f8006fd0 tx=0x7ff4f8006e40 comp rx=0 tx=0).stop
2024-04-25T18:16:27.783 INFO:teuthology.orchestra.run.smithi116.stdout:/usr/bin/ceph: stderr
2024-04-25T18:16:27.071+0000 7ff513e00700 1 -- 172.21.15.116:0/2617678786 >> [v2:172.21.15.116:3300/0,v1:172.21.15.116:6789/0] conn(0x7ff50c07ded0 msgr2=0x7ff50c1a2800 secure :-1 s=STATE_CONNECTION_ESTABLISHED l=1).mark_down
2024-04-25T18:16:27.783 INFO:teuthology.orchestra.run.smithi116.stdout:/usr/bin/ceph: stderr
2024-04-25T18:16:27.071+0000 7ff513e00700 1 --2- 172.21.15.116:0/2617678786 >> [v2:172.21.15.116:3300/0,v1:172.21.15.116:6789/0] conn(0x7ff50c07ded0 0x7ff50c1a2800 secure :-1 s=READY pgs=44 cs=0 l=1 rev1=1 crypto rx=0x7ff500000c00 tx=0x7ff500011b70 comp rx=0 tx=0).stop
2024-04-25T18:16:27.784 INFO:teuthology.orchestra.run.smithi116.stdout:/usr/bin/ceph: stderr
2024-04-25T18:16:27.071+0000 7ff513e00700 1 -- 172.21.15.116:0/2617678786 shutdown_connections
2024-04-25T18:16:27.784 INFO:teuthology.orchestra.run.smithi116.stdout:/usr/bin/ceph: stderr
2024-04-25T18:16:27.071+0000 7ff513e00700 1 --2- 172.21.15.116:0/2617678786 >> [v2:172.21.15.116:6800/4179230975,v1:172.21.15.116:6801/4179230975] conn(0x7ff4f40396c0 0x7ff4f403bb80 unknown :-1 s=CLOSED pgs=10 cs=0 l=1 rev1=1 crypto rx=0 tx=0 comp rx=0 tx=0).stop
2024-04-25T18:16:27.784 INFO:teuthology.orchestra.run.smithi116.stdout:/usr/bin/ceph: stderr
2024-04-25T18:16:27.071+0000 7ff513e00700 1 --2- 172.21.15.116:0/2617678786 >> [v2:172.21.15.116:3300/0,v1:172.21.15.116:6789/0] conn(0x7ff50c07ded0 0x7ff50c1a2800 unknown :-1 s=CLOSED pgs=44 cs=0 l=1 rev1=1 crypto rx=0 tx=0 comp rx=0 tx=0).stop
2024-04-25T18:16:27.784 INFO:teuthology.orchestra.run.smithi116.stdout:/usr/bin/ceph: stderr
2024-04-25T18:16:27.071+0000 7ff513e00700 1 -- 172.21.15.116:0/2617678786 >> 172.21.15.116:0/2617678786 conn(0x7ff50c103930 msgr2=0x7ff50c105d20 unknown :-1 s=STATE_NONE l=0).mark_down
2024-04-25T18:16:27.784 INFO:teuthology.orchestra.run.smithi116.stdout:/usr/bin/ceph: stderr
2024-04-25T18:16:27.071+0000 7ff513e00700 1 -- 172.21.15.116:0/2617678786 shutdown_connections
2024-04-25T18:16:27.784 INFO:teuthology.orchestra.run.smithi116.stdout:/usr/bin/ceph: stderr
2024-04-25T18:16:27.071+0000 7ff513e00700 1 -- 172.21.15.116:0/2617678786 wait complete.
2024-04-25T18:16:27.784 INFO:teuthology.orchestra.run.smithi116.stdout:Wrote public SSH key to /home/ubuntu/cephtest/ceph.pub
2024-04-25T18:16:27.784 INFO:teuthology.orchestra.run.smithi116.stdout:Adding key to root@localhost authorized_keys...
2024-04-25T18:16:27.793 INFO:teuthology.orchestra.run.smithi116.stdout:Adding host smithi116...
2024-04-25T18:16:28.380 INFO:journalctl@ceph.mon.a.smithi116.stdout:Apr 25 18:16:28 smithi116 ceph-mon[27950]: from='client.14138 -' entity='client.admin' cmd=[{"prefix": "cephadm get-pub-key", "target": ["mon-mgr", ""]}]: dispatch
2024-04-25T18:16:29.244 INFO:journalctl@ceph.mon.a.smithi116.stdout:Apr 25 18:16:29 smithi116 ceph-mon[27950]: from='client.14140 -' entity='client.admin' cmd=[{"prefix": "orch host add", "hostname": "smithi116", "addr": "172.21.15.116", "target": ["mon-mgr", ""]}]: dispatch
2024-04-25T18:16:30.399 INFO:journalctl@ceph.mon.a.smithi116.stdout:Apr 25 18:16:30 smithi116 ceph-mon[27950]: Deploying cephadm binary to smithi116
2024-04-25T18:16:35.178 INFO:teuthology.orchestra.run.smithi116.stdout:/usr/bin/ceph: stdout Added host 'smithi116' with addr '172.21.15.116'
2024-04-25T18:16:35.179 INFO:teuthology.orchestra.run.smithi116.stdout:/usr/bin/ceph: stderr
2024-04-25T18:16:28.379+0000 7f75b5200700 1 Processor -- start
2024-04-25T18:16:35.179 INFO:teuthology.orchestra.run.smithi116.stdout:/usr/bin/ceph: stderr
2024-04-25T18:16:28.380+0000 7f75b5200700 1 -- start start
2024-04-25T18:16:35.179 INFO:teuthology.orchestra.run.smithi116.stdout:/usr/bin/ceph: stderr
2024-04-25T18:16:28.380+0000 7f75b5200700 1 --2- >> [v2:172.21.15.116:3300/0,v1:172.21.15.116:6789/0] conn(0x7f75b010a580 0x7f75b010a9a0 unknown :-1 s=NONE pgs=0 cs=0 l=0 rev1=0 crypto rx=0 tx=0 comp rx=0 tx=0).connect
2024-04-25T18:16:35.179 INFO:teuthology.orchestra.run.smithi116.stdout:/usr/bin/ceph: stderr
2024-04-25T18:16:28.380+0000 7f75b5200700 1 -- --> [v2:172.21.15.116:3300/0,v1:172.21.15.116:6789/0] -- mon_getmap magic: 0 -- 0x7f75b010af70 con 0x7f75b010a580
2024-04-25T18:16:35.179 INFO:teuthology.orchestra.run.smithi116.stdout:/usr/bin/ceph: stderr
2024-04-25T18:16:28.380+0000 7f75ade00700 1 --2- >> [v2:172.21.15.116:3300/0,v1:172.21.15.116:6789/0] conn(0x7f75b010a580 0x7f75b010a9a0 unknown :-1 s=BANNER_CONNECTING pgs=0 cs=0 l=0 rev1=0 crypto rx=0 tx=0 comp rx=0 tx=0)._handle_peer_banner_payload supported=3 required=0
2024-04-25T18:16:35.179 INFO:teuthology.orchestra.run.smithi116.stdout:/usr/bin/ceph: stderr
2024-04-25T18:16:28.381+0000 7f75ade00700 1 --2- >> [v2:172.21.15.116:3300/0,v1:172.21.15.116:6789/0] conn(0x7f75b010a580 0x7f75b010a9a0 unknown :-1 s=HELLO_CONNECTING pgs=0 cs=0 l=0 rev1=1 crypto rx=0 tx=0 comp rx=0 tx=0).handle_hello peer v2:172.21.15.116:3300/0 says I am v2:172.21.15.116:44632/0 (socket says 172.21.15.116:44632)
2024-04-25T18:16:35.179 INFO:teuthology.orchestra.run.smithi116.stdout:/usr/bin/ceph: stderr
2024-04-25T18:16:28.381+0000 7f75ade00700 1 -- 172.21.15.116:0/896663086 learned_addr learned my addr 172.21.15.116:0/896663086 (peer_addr_for_me v2:172.21.15.116:0/0)
2024-04-25T18:16:35.179 INFO:teuthology.orchestra.run.smithi116.stdout:/usr/bin/ceph: stderr
2024-04-25T18:16:28.381+0000 7f75ade00700 1 -- 172.21.15.116:0/896663086 --> [v2:172.21.15.116:3300/0,v1:172.21.15.116:6789/0] -- mon_subscribe({config=0+,monmap=0+}) -- 0x7f75b010b780 con 0x7f75b010a580
2024-04-25T18:16:35.179 INFO:teuthology.orchestra.run.smithi116.stdout:/usr/bin/ceph: stderr
2024-04-25T18:16:28.381+0000 7f75ade00700 1 --2- 172.21.15.116:0/896663086 >> [v2:172.21.15.116:3300/0,v1:172.21.15.116:6789/0] conn(0x7f75b010a580 0x7f75b010a9a0 secure :-1 s=READY pgs=45 cs=0 l=1 rev1=1 crypto rx=0x7f75a0009e80 tx=0x7f75a000b330 comp rx=0 tx=0).ready entity=mon.0 client_cookie=88d0b3ba584e79a5 server_cookie=0 in_seq=0 out_seq=0
2024-04-25T18:16:35.179 INFO:teuthology.orchestra.run.smithi116.stdout:/usr/bin/ceph: stderr
2024-04-25T18:16:28.381+0000 7f75aca00700 1 -- 172.21.15.116:0/896663086 <== mon.0 v2:172.21.15.116:3300/0 1 ==== mon_map magic: 0 ==== 205+0+0 (secure 0 0 0) 0x7f75a0017070 con 0x7f75b010a580
2024-04-25T18:16:35.180 INFO:teuthology.orchestra.run.smithi116.stdout:/usr/bin/ceph: stderr
2024-04-25T18:16:28.382+0000 7f75aca00700 1 -- 172.21.15.116:0/896663086 <== mon.0 v2:172.21.15.116:3300/0 2 ==== config(26 keys) ==== 1070+0+0 (secure 0 0 0) 0x7f75a000b8c0 con 0x7f75b010a580
2024-04-25T18:16:35.180 INFO:teuthology.orchestra.run.smithi116.stdout:/usr/bin/ceph: stderr
2024-04-25T18:16:28.382+0000 7f75aca00700 1 -- 172.21.15.116:0/896663086 <== mon.0 v2:172.21.15.116:3300/0 3 ==== mon_map magic: 0 ==== 205+0+0 (secure 0 0 0) 0x7f75a0004490 con 0x7f75b010a580
2024-04-25T18:16:35.180 INFO:teuthology.orchestra.run.smithi116.stdout:/usr/bin/ceph: stderr
2024-04-25T18:16:28.382+0000 7f75b5200700 1 -- 172.21.15.116:0/896663086 >> [v2:172.21.15.116:3300/0,v1:172.21.15.116:6789/0] conn(0x7f75b010a580 msgr2=0x7f75b010a9a0 secure :-1 s=STATE_CONNECTION_ESTABLISHED l=1).mark_down
2024-04-25T18:16:35.180 INFO:teuthology.orchestra.run.smithi116.stdout:/usr/bin/ceph: stderr
2024-04-25T18:16:28.382+0000 7f75b5200700 1 --2- 172.21.15.116:0/896663086 >> [v2:172.21.15.116:3300/0,v1:172.21.15.116:6789/0] conn(0x7f75b010a580 0x7f75b010a9a0 secure :-1 s=READY pgs=45 cs=0 l=1 rev1=1 crypto rx=0x7f75a0009e80 tx=0x7f75a000b330 comp rx=0 tx=0).stop
2024-04-25T18:16:35.180 INFO:teuthology.orchestra.run.smithi116.stdout:/usr/bin/ceph: stderr
2024-04-25T18:16:28.382+0000 7f75b5200700 1 -- 172.21.15.116:0/896663086 shutdown_connections
2024-04-25T18:16:35.180 INFO:teuthology.orchestra.run.smithi116.stdout:/usr/bin/ceph: stderr
2024-04-25T18:16:28.382+0000 7f75b5200700 1 --2- 172.21.15.116:0/896663086 >> [v2:172.21.15.116:3300/0,v1:172.21.15.116:6789/0] conn(0x7f75b010a580 0x7f75b010a9a0 unknown :-1 s=CLOSED pgs=45 cs=0 l=1 rev1=1 crypto rx=0 tx=0 comp rx=0 tx=0).stop
2024-04-25T18:16:35.180 INFO:teuthology.orchestra.run.smithi116.stdout:/usr/bin/ceph: stderr
2024-04-25T18:16:28.382+0000 7f75b5200700 1 -- 172.21.15.116:0/896663086 >> 172.21.15.116:0/896663086 conn(0x7f75b007da10 msgr2=0x7f75b01084c0 unknown :-1 s=STATE_NONE l=0).mark_down
2024-04-25T18:16:35.180 INFO:teuthology.orchestra.run.smithi116.stdout:/usr/bin/ceph: stderr
2024-04-25T18:16:28.382+0000 7f75b5200700 1 -- 172.21.15.116:0/896663086 shutdown_connections
2024-04-25T18:16:35.180 INFO:teuthology.orchestra.run.smithi116.stdout:/usr/bin/ceph: stderr
2024-04-25T18:16:28.382+0000 7f75b5200700 1 -- 172.21.15.116:0/896663086 wait complete.
2024-04-25T18:16:35.180 INFO:teuthology.orchestra.run.smithi116.stdout:/usr/bin/ceph: stderr
2024-04-25T18:16:28.383+0000 7f75b5200700 1 Processor -- start
2024-04-25T18:16:35.180 INFO:teuthology.orchestra.run.smithi116.stdout:/usr/bin/ceph: stderr
2024-04-25T18:16:28.384+0000 7f75b5200700 1 -- start start
2024-04-25T18:16:35.180 INFO:teuthology.orchestra.run.smithi116.stdout:/usr/bin/ceph: stderr
2024-04-25T18:16:28.384+0000 7f75b5200700 1 --2- >> [v2:172.21.15.116:3300/0,v1:172.21.15.116:6789/0] conn(0x7f75b010a580 0x7f75b019e440 unknown :-1 s=NONE pgs=0 cs=0 l=1 rev1=0 crypto rx=0 tx=0 comp rx=0 tx=0).connect
2024-04-25T18:16:35.181 INFO:teuthology.orchestra.run.smithi116.stdout:/usr/bin/ceph: stderr
2024-04-25T18:16:28.384+0000 7f75b5200700 1 -- --> [v2:172.21.15.116:3300/0,v1:172.21.15.116:6789/0] -- mon_getmap magic: 0 -- 0x7f75b010eb30 con 0x7f75b010a580
2024-04-25T18:16:35.181 INFO:teuthology.orchestra.run.smithi116.stdout:/usr/bin/ceph: stderr
2024-04-25T18:16:28.384+0000 7f75ade00700 1 --2- >> [v2:172.21.15.116:3300/0,v1:172.21.15.116:6789/0] conn(0x7f75b010a580 0x7f75b019e440 unknown :-1 s=BANNER_CONNECTING pgs=0 cs=0 l=1 rev1=0 crypto rx=0 tx=0 comp rx=0 tx=0)._handle_peer_banner_payload supported=3 required=0
2024-04-25T18:16:35.181 INFO:teuthology.orchestra.run.smithi116.stdout:/usr/bin/ceph: stderr
2024-04-25T18:16:28.384+0000 7f75ade00700 1 --2- >> [v2:172.21.15.116:3300/0,v1:172.21.15.116:6789/0] conn(0x7f75b010a580 0x7f75b019e440 unknown :-1 s=HELLO_CONNECTING pgs=0 cs=0 l=1 rev1=1 crypto rx=0 tx=0 comp rx=0 tx=0).handle_hello peer v2:172.21.15.116:3300/0 says I am v2:172.21.15.116:44636/0 (socket says 172.21.15.116:44636)
2024-04-25T18:16:35.181 INFO:teuthology.orchestra.run.smithi116.stdout:/usr/bin/ceph: stderr
2024-04-25T18:16:28.384+0000 7f75ade00700 1 -- 172.21.15.116:0/3095317577 learned_addr learned my addr 172.21.15.116:0/3095317577 (peer_addr_for_me v2:172.21.15.116:0/0)
2024-04-25T18:16:35.181 INFO:teuthology.orchestra.run.smithi116.stdout:/usr/bin/ceph: stderr
2024-04-25T18:16:28.385+0000 7f75ade00700 1 -- 172.21.15.116:0/3095317577 --> [v2:172.21.15.116:3300/0,v1:172.21.15.116:6789/0] -- mon_subscribe({config=0+,monmap=0+}) -- 0x7f75b019e980 con 0x7f75b010a580
2024-04-25T18:16:35.181 INFO:teuthology.orchestra.run.smithi116.stdout:/usr/bin/ceph: stderr
2024-04-25T18:16:28.385+0000 7f75ade00700 1 --2- 172.21.15.116:0/3095317577 >> [v2:172.21.15.116:3300/0,v1:172.21.15.116:6789/0] conn(0x7f75b010a580 0x7f75b019e440 secure :-1 s=READY pgs=46 cs=0 l=1 rev1=1 crypto rx=0x7f75a000b7b0 tx=0x7f75a000be20 comp rx=0 tx=0).ready entity=mon.0 client_cookie=0 server_cookie=0 in_seq=0 out_seq=0
2024-04-25T18:16:35.181 INFO:teuthology.orchestra.run.smithi116.stdout:/usr/bin/ceph: stderr
2024-04-25T18:16:28.385+0000 7f75a6a00700 1 -- 172.21.15.116:0/3095317577 <== mon.0 v2:172.21.15.116:3300/0 1 ==== mon_map magic: 0 ==== 205+0+0 (secure 0 0 0) 0x7f75a0020020 con 0x7f75b010a580
2024-04-25T18:16:35.181 INFO:teuthology.orchestra.run.smithi116.stdout:/usr/bin/ceph: stderr
2024-04-25T18:16:28.385+0000 7f75a6a00700 1 -- 172.21.15.116:0/3095317577 <== mon.0 v2:172.21.15.116:3300/0 2 ==== config(26 keys) ==== 1070+0+0 (secure 0 0 0) 0x7f75a0012430 con 0x7f75b010a580
2024-04-25T18:16:35.181 INFO:teuthology.orchestra.run.smithi116.stdout:/usr/bin/ceph: stderr
2024-04-25T18:16:28.385+0000 7f75b5200700 1 -- 172.21.15.116:0/3095317577 --> [v2:172.21.15.116:3300/0,v1:172.21.15.116:6789/0] -- mon_subscribe({mgrmap=0+}) -- 0x7f75b019ec10 con 0x7f75b010a580
2024-04-25T18:16:35.181 INFO:teuthology.orchestra.run.smithi116.stdout:/usr/bin/ceph: stderr
2024-04-25T18:16:28.385+0000 7f75a6a00700 1 -- 172.21.15.116:0/3095317577 <== mon.0 v2:172.21.15.116:3300/0 3 ==== mon_map magic: 0 ==== 205+0+0 (secure 0 0 0) 0x7f75a0017040 con 0x7f75b010a580
2024-04-25T18:16:35.181 INFO:teuthology.orchestra.run.smithi116.stdout:/usr/bin/ceph: stderr
2024-04-25T18:16:28.385+0000 7f75b5200700 1 -- 172.21.15.116:0/3095317577 --> [v2:172.21.15.116:3300/0,v1:172.21.15.116:6789/0] -- mon_subscribe({osdmap=0}) -- 0x7f75b01a1900 con 0x7f75b010a580
2024-04-25T18:16:35.181 INFO:teuthology.orchestra.run.smithi116.stdout:/usr/bin/ceph: stderr
2024-04-25T18:16:28.386+0000 7f75a6a00700 1 -- 172.21.15.116:0/3095317577 <== mon.0 v2:172.21.15.116:3300/0 4 ==== mgrmap(e 8) ==== 46558+0+0 (secure 0 0 0) 0x7f75a0023020 con 0x7f75b010a580
2024-04-25T18:16:35.181 INFO:teuthology.orchestra.run.smithi116.stdout:/usr/bin/ceph: stderr
2024-04-25T18:16:28.386+0000 7f75b5200700 1 -- 172.21.15.116:0/3095317577 --> [v2:172.21.15.116:3300/0,v1:172.21.15.116:6789/0] -- mon_command({"prefix": "get_command_descriptions"} v 0) -- 0x7f75b00640a0 con 0x7f75b010a580
2024-04-25T18:16:35.181 INFO:teuthology.orchestra.run.smithi116.stdout:/usr/bin/ceph: stderr
2024-04-25T18:16:28.387+0000 7f75a6a00700 1 --2- 172.21.15.116:0/3095317577 >> [v2:172.21.15.116:6800/4179230975,v1:172.21.15.116:6801/4179230975] conn(0x7f7594039620 0x7f759403bae0 unknown :-1 s=NONE pgs=0 cs=0 l=1 rev1=0 crypto rx=0 tx=0 comp rx=0 tx=0).connect
2024-04-25T18:16:35.182 INFO:teuthology.orchestra.run.smithi116.stdout:/usr/bin/ceph: stderr
2024-04-25T18:16:28.387+0000 7f75a6a00700 1 -- 172.21.15.116:0/3095317577 <== mon.0 v2:172.21.15.116:3300/0 5 ==== osd_map(2..2 src has 1..2) ==== 940+0+0 (secure 0 0 0) 0x7f75a000f050 con 0x7f75b010a580
2024-04-25T18:16:35.182 INFO:teuthology.orchestra.run.smithi116.stdout:/usr/bin/ceph: stderr
2024-04-25T18:16:28.387+0000 7f75ad400700 1 --2- 172.21.15.116:0/3095317577 >> [v2:172.21.15.116:6800/4179230975,v1:172.21.15.116:6801/4179230975] conn(0x7f7594039620 0x7f759403bae0 unknown :-1 s=BANNER_CONNECTING pgs=0 cs=0 l=1 rev1=0 crypto rx=0 tx=0 comp rx=0 tx=0)._handle_peer_banner_payload supported=3 required=0
2024-04-25T18:16:35.182 INFO:teuthology.orchestra.run.smithi116.stdout:/usr/bin/ceph: stderr
2024-04-25T18:16:28.388+0000 7f75ad400700 1 --2- 172.21.15.116:0/3095317577 >> [v2:172.21.15.116:6800/4179230975,v1:172.21.15.116:6801/4179230975] conn(0x7f7594039620 0x7f759403bae0 secure :-1 s=READY pgs=11 cs=0 l=1 rev1=1 crypto rx=0x7f759c006fd0 tx=0x7f759c006e40 comp rx=0 tx=0).ready entity=mgr.14120 client_cookie=0 server_cookie=0 in_seq=0 out_seq=0
2024-04-25T18:16:35.182 INFO:teuthology.orchestra.run.smithi116.stdout:/usr/bin/ceph: stderr
2024-04-25T18:16:28.392+0000 7f75a6a00700 1 -- 172.21.15.116:0/3095317577 <== mon.0 v2:172.21.15.116:3300/0 6 ==== mon_command_ack([{"prefix": "get_command_descriptions"}]=0 v0) ==== 72+0+188370 (secure 0 0 0) 0x7f75a002a020 con 0x7f75b010a580
2024-04-25T18:16:35.182 INFO:teuthology.orchestra.run.smithi116.stdout:/usr/bin/ceph: stderr
2024-04-25T18:16:28.620+0000 7f75b5200700 1 -- 172.21.15.116:0/3095317577 --> [v2:172.21.15.116:6800/4179230975,v1:172.21.15.116:6801/4179230975] -- mgr_command(tid 0: {"prefix": "orch host add", "hostname": "smithi116", "addr": "172.21.15.116", "target": ["mon-mgr", ""]}) -- 0x7f75b01082f0 con 0x7f7594039620
2024-04-25T18:16:35.182 INFO:teuthology.orchestra.run.smithi116.stdout:/usr/bin/ceph: stderr
2024-04-25T18:16:34.449+0000 7f75a6a00700 1 -- 172.21.15.116:0/3095317577 <== mgr.14120 v2:172.21.15.116:6800/4179230975 1 ==== mgr_command_reply(tid 0: 0 ) ==== 8+0+49 (secure 0 0 0) 0x7f75b01082f0 con 0x7f7594039620
2024-04-25T18:16:35.182 INFO:teuthology.orchestra.run.smithi116.stdout:/usr/bin/ceph: stderr
2024-04-25T18:16:34.452+0000 7f75b5200700 1 -- 172.21.15.116:0/3095317577 >> [v2:172.21.15.116:6800/4179230975,v1:172.21.15.116:6801/4179230975] conn(0x7f7594039620 msgr2=0x7f759403bae0 secure :-1 s=STATE_CONNECTION_ESTABLISHED l=1).mark_down
2024-04-25T18:16:35.182 INFO:teuthology.orchestra.run.smithi116.stdout:/usr/bin/ceph: stderr
2024-04-25T18:16:34.452+0000 7f75b5200700 1 --2- 172.21.15.116:0/3095317577 >> [v2:172.21.15.116:6800/4179230975,v1:172.21.15.116:6801/4179230975] conn(0x7f7594039620 0x7f759403bae0 secure :-1 s=READY pgs=11 cs=0 l=1 rev1=1 crypto rx=0x7f759c006fd0 tx=0x7f759c006e40 comp rx=0 tx=0).stop
2024-04-25T18:16:35.182 INFO:teuthology.orchestra.run.smithi116.stdout:/usr/bin/ceph: stderr
2024-04-25T18:16:34.452+0000 7f75b5200700 1 -- 172.21.15.116:0/3095317577 >> [v2:172.21.15.116:3300/0,v1:172.21.15.116:6789/0] conn(0x7f75b010a580 msgr2=0x7f75b019e440 secure :-1 s=STATE_CONNECTION_ESTABLISHED l=1).mark_down
2024-04-25T18:16:35.182 INFO:teuthology.orchestra.run.smithi116.stdout:/usr/bin/ceph: stderr
2024-04-25T18:16:34.452+0000 7f75b5200700 1 --2- 172.21.15.116:0/3095317577 >> [v2:172.21.15.116:3300/0,v1:172.21.15.116:6789/0] conn(0x7f75b010a580 0x7f75b019e440 secure :-1 s=READY pgs=46 cs=0 l=1 rev1=1 crypto rx=0x7f75a000b7b0 tx=0x7f75a000be20 comp rx=0 tx=0).stop
2024-04-25T18:16:35.182 INFO:teuthology.orchestra.run.smithi116.stdout:/usr/bin/ceph: stderr
2024-04-25T18:16:34.452+0000 7f75b5200700 1 -- 172.21.15.116:0/3095317577 shutdown_connections
2024-04-25T18:16:35.183 INFO:teuthology.orchestra.run.smithi116.stdout:/usr/bin/ceph: stderr
2024-04-25T18:16:34.452+0000 7f75b5200700 1 --2- 172.21.15.116:0/3095317577 >> [v2:172.21.15.116:6800/4179230975,v1:172.21.15.116:6801/4179230975] conn(0x7f7594039620 0x7f759403bae0 unknown :-1 s=CLOSED pgs=11 cs=0 l=1 rev1=1 crypto rx=0 tx=0 comp rx=0 tx=0).stop
2024-04-25T18:16:35.183 INFO:teuthology.orchestra.run.smithi116.stdout:/usr/bin/ceph: stderr
2024-04-25T18:16:34.452+0000 7f75b5200700 1 --2- 172.21.15.116:0/3095317577 >> [v2:172.21.15.116:3300/0,v1:172.21.15.116:6789/0] conn(0x7f75b010a580 0x7f75b019e440 unknown :-1 s=CLOSED pgs=46 cs=0 l=1 rev1=1 crypto rx=0 tx=0 comp rx=0 tx=0).stop
2024-04-25T18:16:35.183 INFO:teuthology.orchestra.run.smithi116.stdout:/usr/bin/ceph: stderr
2024-04-25T18:16:34.452+0000 7f75b5200700 1 -- 172.21.15.116:0/3095317577 >> 172.21.15.116:0/3095317577 conn(0x7f75b007da10 msgr2=0x7f75b0107be0 unknown :-1 s=STATE_NONE l=0).mark_down
2024-04-25T18:16:35.183 INFO:teuthology.orchestra.run.smithi116.stdout:/usr/bin/ceph: stderr
2024-04-25T18:16:34.452+0000 7f75b5200700 1 -- 172.21.15.116:0/3095317577 shutdown_connections
2024-04-25T18:16:35.183 INFO:teuthology.orchestra.run.smithi116.stdout:/usr/bin/ceph: stderr
2024-04-25T18:16:34.452+0000 7f75b5200700 1 -- 172.21.15.116:0/3095317577 wait complete.
2024-04-25T18:16:35.183 INFO:teuthology.orchestra.run.smithi116.stdout:Deploying unmanaged mon service...
2024-04-25T18:16:35.744 INFO:journalctl@ceph.mon.a.smithi116.stdout:Apr 25 18:16:35 smithi116 ceph-mon[27950]: from='mgr.14120 172.21.15.116:0/398334230' entity='mgr.x'
2024-04-25T18:16:35.745 INFO:journalctl@ceph.mon.a.smithi116.stdout:Apr 25 18:16:35 smithi116 ceph-mon[27950]: Added host smithi116
2024-04-25T18:16:35.745 INFO:journalctl@ceph.mon.a.smithi116.stdout:Apr 25 18:16:35 smithi116 ceph-mon[27950]: from='mgr.14120 172.21.15.116:0/398334230' entity='mgr.x' cmd=[{"prefix": "config dump", "format": "json"}]: dispatch
2024-04-25T18:16:36.900 INFO:teuthology.orchestra.run.smithi116.stdout:/usr/bin/ceph: stdout Scheduled mon update...
2024-04-25T18:16:36.906 INFO:teuthology.orchestra.run.smithi116.stdout:/usr/bin/ceph: stderr
2024-04-25T18:16:35.835+0000 7f034b200700 1 Processor -- start
2024-04-25T18:16:36.907 INFO:teuthology.orchestra.run.smithi116.stdout:/usr/bin/ceph: stderr
2024-04-25T18:16:35.835+0000 7f034b200700 1 -- start start
2024-04-25T18:16:36.907 INFO:teuthology.orchestra.run.smithi116.stdout:/usr/bin/ceph: stderr
2024-04-25T18:16:35.835+0000 7f034b200700 1 --2- >> [v2:172.21.15.116:3300/0,v1:172.21.15.116:6789/0] conn(0x7f034c1081b0 0x7f034c1085d0 unknown :-1 s=NONE pgs=0 cs=0 l=0 rev1=0 crypto rx=0 tx=0 comp rx=0 tx=0).connect
2024-04-25T18:16:36.907 INFO:teuthology.orchestra.run.smithi116.stdout:/usr/bin/ceph: stderr
2024-04-25T18:16:35.835+0000 7f034b200700 1 -- --> [v2:172.21.15.116:3300/0,v1:172.21.15.116:6789/0] -- mon_getmap magic: 0 -- 0x7f034c108ba0 con 0x7f034c1081b0
2024-04-25T18:16:36.907 INFO:teuthology.orchestra.run.smithi116.stdout:/usr/bin/ceph: stderr
2024-04-25T18:16:35.835+0000 7f0349e00700 1 --2- >> [v2:172.21.15.116:3300/0,v1:172.21.15.116:6789/0] conn(0x7f034c1081b0 0x7f034c1085d0 unknown :-1 s=BANNER_CONNECTING pgs=0 cs=0 l=0 rev1=0 crypto rx=0 tx=0 comp rx=0 tx=0)._handle_peer_banner_payload supported=3 required=0
2024-04-25T18:16:36.907 INFO:teuthology.orchestra.run.smithi116.stdout:/usr/bin/ceph: stderr
2024-04-25T18:16:35.835+0000 7f0349e00700 1 --2- >> [v2:172.21.15.116:3300/0,v1:172.21.15.116:6789/0] conn(0x7f034c1081b0 0x7f034c1085d0 unknown :-1 s=HELLO_CONNECTING pgs=0 cs=0 l=0 rev1=1 crypto rx=0 tx=0 comp rx=0 tx=0).handle_hello peer v2:172.21.15.116:3300/0 says I am v2:172.21.15.116:54742/0 (socket says 172.21.15.116:54742)
2024-04-25T18:16:36.907 INFO:teuthology.orchestra.run.smithi116.stdout:/usr/bin/ceph: stderr
2024-04-25T18:16:35.835+0000 7f0349e00700 1 -- 172.21.15.116:0/3448360779 learned_addr learned my addr 172.21.15.116:0/3448360779 (peer_addr_for_me v2:172.21.15.116:0/0)
2024-04-25T18:16:36.907 INFO:teuthology.orchestra.run.smithi116.stdout:/usr/bin/ceph: stderr
2024-04-25T18:16:35.835+0000 7f0349e00700 1 -- 172.21.15.116:0/3448360779 --> [v2:172.21.15.116:3300/0,v1:172.21.15.116:6789/0] -- mon_subscribe({config=0+,monmap=0+}) -- 0x7f034c1093b0 con 0x7f034c1081b0
2024-04-25T18:16:36.907 INFO:teuthology.orchestra.run.smithi116.stdout:/usr/bin/ceph: stderr
2024-04-25T18:16:35.836+0000 7f0349e00700 1 --2- 172.21.15.116:0/3448360779 >> [v2:172.21.15.116:3300/0,v1:172.21.15.116:6789/0] conn(0x7f034c1081b0 0x7f034c1085d0 secure :-1 s=READY pgs=47 cs=0 l=1 rev1=1 crypto rx=0x7f033c0098a0 tx=0x7f033c009bb0 comp rx=0 tx=0).ready entity=mon.0 client_cookie=7eae4288ca6d20ca server_cookie=0 in_seq=0 out_seq=0
2024-04-25T18:16:36.907 INFO:teuthology.orchestra.run.smithi116.stdout:/usr/bin/ceph: stderr
2024-04-25T18:16:35.836+0000 7f0348a00700 1 -- 172.21.15.116:0/3448360779 <== mon.0 v2:172.21.15.116:3300/0 1 ==== mon_map magic: 0 ==== 205+0+0 (secure 0 0 0) 0x7f033c004160 con 0x7f034c1081b0
2024-04-25T18:16:36.907 INFO:teuthology.orchestra.run.smithi116.stdout:/usr/bin/ceph: stderr
2024-04-25T18:16:35.836+0000 7f0348a00700 1 -- 172.21.15.116:0/3448360779 <== mon.0 v2:172.21.15.116:3300/0 2 ==== config(26 keys) ==== 1070+0+0 (secure 0 0 0) 0x7f033c004300 con 0x7f034c1081b0
2024-04-25T18:16:36.907 INFO:teuthology.orchestra.run.smithi116.stdout:/usr/bin/ceph: stderr
2024-04-25T18:16:35.836+0000 7f0348a00700 1 -- 172.21.15.116:0/3448360779 <== mon.0 v2:172.21.15.116:3300/0 3 ==== mon_map magic: 0 ==== 205+0+0 (secure 0 0 0) 0x7f033c011af0 con 0x7f034c1081b0
2024-04-25T18:16:36.907 INFO:teuthology.orchestra.run.smithi116.stdout:/usr/bin/ceph: stderr
2024-04-25T18:16:35.837+0000 7f034b200700 1 -- 172.21.15.116:0/3448360779 >> [v2:172.21.15.116:3300/0,v1:172.21.15.116:6789/0] conn(0x7f034c1081b0 msgr2=0x7f034c1085d0 secure :-1 s=STATE_CONNECTION_ESTABLISHED l=1).mark_down
2024-04-25T18:16:36.908 INFO:teuthology.orchestra.run.smithi116.stdout:/usr/bin/ceph: stderr
2024-04-25T18:16:35.837+0000 7f034b200700 1 --2- 172.21.15.116:0/3448360779 >> [v2:172.21.15.116:3300/0,v1:172.21.15.116:6789/0] conn(0x7f034c1081b0 0x7f034c1085d0 secure :-1 s=READY pgs=47 cs=0 l=1 rev1=1 crypto rx=0x7f033c0098a0 tx=0x7f033c009bb0 comp rx=0 tx=0).stop
2024-04-25T18:16:36.908 INFO:teuthology.orchestra.run.smithi116.stdout:/usr/bin/ceph: stderr
2024-04-25T18:16:35.837+0000 7f034b200700 1 -- 172.21.15.116:0/3448360779 shutdown_connections
2024-04-25T18:16:36.908 INFO:teuthology.orchestra.run.smithi116.stdout:/usr/bin/ceph: stderr
2024-04-25T18:16:35.837+0000 7f034b200700 1 --2- 172.21.15.116:0/3448360779 >> [v2:172.21.15.116:3300/0,v1:172.21.15.116:6789/0] conn(0x7f034c1081b0 0x7f034c1085d0 unknown :-1 s=CLOSED pgs=47 cs=0 l=1 rev1=1 crypto rx=0 tx=0 comp rx=0 tx=0).stop
2024-04-25T18:16:36.908 INFO:teuthology.orchestra.run.smithi116.stdout:/usr/bin/ceph: stderr
2024-04-25T18:16:35.837+0000 7f034b200700 1 -- 172.21.15.116:0/3448360779 >> 172.21.15.116:0/3448360779 conn(0x7f034c103750 msgr2=0x7f034c105b90 unknown :-1 s=STATE_NONE l=0).mark_down
2024-04-25T18:16:36.908 INFO:teuthology.orchestra.run.smithi116.stdout:/usr/bin/ceph: stderr
2024-04-25T18:16:35.837+0000 7f034b200700 1 -- 172.21.15.116:0/3448360779 shutdown_connections
2024-04-25T18:16:36.908 INFO:teuthology.orchestra.run.smithi116.stdout:/usr/bin/ceph: stderr
2024-04-25T18:16:35.837+0000 7f034b200700 1 -- 172.21.15.116:0/3448360779 wait complete.
2024-04-25T18:16:36.908 INFO:teuthology.orchestra.run.smithi116.stdout:/usr/bin/ceph: stderr
2024-04-25T18:16:35.838+0000 7f034b200700 1 Processor -- start
2024-04-25T18:16:36.908 INFO:teuthology.orchestra.run.smithi116.stdout:/usr/bin/ceph: stderr
2024-04-25T18:16:35.838+0000 7f034b200700 1 -- start start
2024-04-25T18:16:36.908 INFO:teuthology.orchestra.run.smithi116.stdout:/usr/bin/ceph: stderr
2024-04-25T18:16:35.838+0000 7f034b200700 1 --2- >> [v2:172.21.15.116:3300/0,v1:172.21.15.116:6789/0] conn(0x7f034c1081b0 0x7f034c19c0d0 unknown :-1 s=NONE pgs=0 cs=0 l=1 rev1=0 crypto rx=0 tx=0 comp rx=0 tx=0).connect
2024-04-25T18:16:36.908 INFO:teuthology.orchestra.run.smithi116.stdout:/usr/bin/ceph: stderr
2024-04-25T18:16:35.838+0000 7f034b200700 1 -- --> [v2:172.21.15.116:3300/0,v1:172.21.15.116:6789/0] -- mon_getmap magic: 0 -- 0x7f034c10c760 con 0x7f034c1081b0
2024-04-25T18:16:36.908 INFO:teuthology.orchestra.run.smithi116.stdout:/usr/bin/ceph: stderr
2024-04-25T18:16:35.839+0000 7f0349e00700 1 --2- >> [v2:172.21.15.116:3300/0,v1:172.21.15.116:6789/0] conn(0x7f034c1081b0 0x7f034c19c0d0 unknown :-1 s=BANNER_CONNECTING pgs=0 cs=0 l=1 rev1=0 crypto rx=0 tx=0 comp rx=0 tx=0)._handle_peer_banner_payload supported=3 required=0
2024-04-25T18:16:36.909 INFO:teuthology.orchestra.run.smithi116.stdout:/usr/bin/ceph: stderr
2024-04-25T18:16:35.839+0000 7f0349e00700 1 --2- >> [v2:172.21.15.116:3300/0,v1:172.21.15.116:6789/0] conn(0x7f034c1081b0 0x7f034c19c0d0 unknown :-1 s=HELLO_CONNECTING pgs=0 cs=0 l=1 rev1=1 crypto rx=0 tx=0 comp rx=0 tx=0).handle_hello peer v2:172.21.15.116:3300/0 says I am v2:172.21.15.116:54750/0 (socket says 172.21.15.116:54750)
2024-04-25T18:16:36.909 INFO:teuthology.orchestra.run.smithi116.stdout:/usr/bin/ceph: stderr
2024-04-25T18:16:35.839+0000 7f0349e00700 1 -- 172.21.15.116:0/797415686 learned_addr learned my addr 172.21.15.116:0/797415686 (peer_addr_for_me v2:172.21.15.116:0/0)
2024-04-25T18:16:36.909 INFO:teuthology.orchestra.run.smithi116.stdout:/usr/bin/ceph: stderr
2024-04-25T18:16:35.839+0000 7f0349e00700 1 -- 172.21.15.116:0/797415686 --> [v2:172.21.15.116:3300/0,v1:172.21.15.116:6789/0] -- mon_subscribe({config=0+,monmap=0+}) -- 0x7f034c19c610 con 0x7f034c1081b0
2024-04-25T18:16:36.909 INFO:teuthology.orchestra.run.smithi116.stdout:/usr/bin/ceph: stderr
2024-04-25T18:16:35.839+0000 7f0349e00700 1 --2- 172.21.15.116:0/797415686 >> [v2:172.21.15.116:3300/0,v1:172.21.15.116:6789/0] conn(0x7f034c1081b0 0x7f034c19c0d0 secure :-1 s=READY pgs=48 cs=0 l=1 rev1=1 crypto rx=0x7f033c009fb0 tx=0x7f033c011940 comp rx=0 tx=0).ready entity=mon.0 client_cookie=0 server_cookie=0 in_seq=0 out_seq=0
2024-04-25T18:16:36.909 INFO:teuthology.orchestra.run.smithi116.stdout:/usr/bin/ceph: stderr
2024-04-25T18:16:35.839+0000 7f0342a00700 1 -- 172.21.15.116:0/797415686 <== mon.0 v2:172.21.15.116:3300/0 1 ==== mon_map magic: 0 ==== 205+0+0 (secure 0 0 0) 0x7f033c0036a0 con 0x7f034c1081b0
2024-04-25T18:16:36.909 INFO:teuthology.orchestra.run.smithi116.stdout:/usr/bin/ceph: stderr
2024-04-25T18:16:35.839+0000 7f0342a00700 1 -- 172.21.15.116:0/797415686 <== mon.0 v2:172.21.15.116:3300/0 2 ==== config(26 keys) ==== 1070+0+0 (secure 0 0 0) 0x7f033c01a430 con 0x7f034c1081b0
2024-04-25T18:16:36.909 INFO:teuthology.orchestra.run.smithi116.stdout:/usr/bin/ceph: stderr
2024-04-25T18:16:35.839+0000 7f0342a00700 1 -- 172.21.15.116:0/797415686 <== mon.0 v2:172.21.15.116:3300/0 3 ==== mon_map magic: 0 ==== 205+0+0 (secure 0 0 0) 0x7f033c019550 con 0x7f034c1081b0
2024-04-25T18:16:36.909 INFO:teuthology.orchestra.run.smithi116.stdout:/usr/bin/ceph: stderr
2024-04-25T18:16:35.839+0000 7f034b200700 1 -- 172.21.15.116:0/797415686 --> [v2:172.21.15.116:3300/0,v1:172.21.15.116:6789/0] -- mon_subscribe({mgrmap=0+}) -- 0x7f034c19c8a0 con 0x7f034c1081b0
2024-04-25T18:16:36.909 INFO:teuthology.orchestra.run.smithi116.stdout:/usr/bin/ceph: stderr
2024-04-25T18:16:35.840+0000 7f034b200700 1 -- 172.21.15.116:0/797415686 --> [v2:172.21.15.116:3300/0,v1:172.21.15.116:6789/0] -- mon_subscribe({osdmap=0}) -- 0x7f034c19f590 con 0x7f034c1081b0
2024-04-25T18:16:36.909 INFO:teuthology.orchestra.run.smithi116.stdout:/usr/bin/ceph: stderr
2024-04-25T18:16:35.841+0000 7f0342a00700 1 -- 172.21.15.116:0/797415686 <== mon.0 v2:172.21.15.116:3300/0 4 ==== mgrmap(e 8) ==== 46558+0+0 (secure 0 0 0) 0x7f033c01a8e0 con 0x7f034c1081b0
2024-04-25T18:16:36.909 INFO:teuthology.orchestra.run.smithi116.stdout:/usr/bin/ceph: stderr
2024-04-25T18:16:35.841+0000 7f034b200700 1 -- 172.21.15.116:0/797415686 --> [v2:172.21.15.116:3300/0,v1:172.21.15.116:6789/0] -- mon_command({"prefix": "get_command_descriptions"} v 0) -- 0x7f034c069b50 con 0x7f034c1081b0
2024-04-25T18:16:36.909 INFO:teuthology.orchestra.run.smithi116.stdout:/usr/bin/ceph: stderr
2024-04-25T18:16:35.841+0000 7f0342a00700 1 --2- 172.21.15.116:0/797415686 >> [v2:172.21.15.116:6800/4179230975,v1:172.21.15.116:6801/4179230975] conn(0x7f0330039670 0x7f033003bb30 unknown :-1 s=NONE pgs=0 cs=0 l=1 rev1=0 crypto rx=0 tx=0 comp rx=0 tx=0).connect
2024-04-25T18:16:36.909 INFO:teuthology.orchestra.run.smithi116.stdout:/usr/bin/ceph: stderr
2024-04-25T18:16:35.841+0000 7f0342a00700 1 -- 172.21.15.116:0/797415686 <== mon.0 v2:172.21.15.116:3300/0 5 ==== osd_map(2..2 src has 1..2) ==== 940+0+0 (secure 0 0 0) 0x7f033c04d8d0 con 0x7f034c1081b0
2024-04-25T18:16:36.910 INFO:teuthology.orchestra.run.smithi116.stdout:/usr/bin/ceph: stderr
2024-04-25T18:16:35.842+0000 7f0349400700 1 --2- 172.21.15.116:0/797415686 >> [v2:172.21.15.116:6800/4179230975,v1:172.21.15.116:6801/4179230975] conn(0x7f0330039670 0x7f033003bb30 unknown :-1 s=BANNER_CONNECTING pgs=0 cs=0 l=1 rev1=0 crypto rx=0 tx=0 comp rx=0 tx=0)._handle_peer_banner_payload supported=3 required=0
2024-04-25T18:16:36.910 INFO:teuthology.orchestra.run.smithi116.stdout:/usr/bin/ceph: stderr
2024-04-25T18:16:35.842+0000 7f0349400700 1 --2- 172.21.15.116:0/797415686 >> [v2:172.21.15.116:6800/4179230975,v1:172.21.15.116:6801/4179230975] conn(0x7f0330039670 0x7f033003bb30 secure :-1 s=READY pgs=12 cs=0 l=1 rev1=1 crypto rx=0x7f0338006fd0 tx=0x7f0338006e40 comp rx=0 tx=0).ready entity=mgr.14120 client_cookie=0 server_cookie=0 in_seq=0 out_seq=0
2024-04-25T18:16:36.910 INFO:teuthology.orchestra.run.smithi116.stdout:/usr/bin/ceph: stderr
2024-04-25T18:16:35.847+0000 7f0342a00700 1 -- 172.21.15.116:0/797415686 <== mon.0 v2:172.21.15.116:3300/0 6 ==== mon_command_ack([{"prefix": "get_command_descriptions"}]=0 v0) ==== 72+0+188370 (secure 0 0 0) 0x7f033c01a690 con 0x7f034c1081b0
2024-04-25T18:16:36.910 INFO:teuthology.orchestra.run.smithi116.stdout:/usr/bin/ceph: stderr
2024-04-25T18:16:36.096+0000 7f034b200700 1 -- 172.21.15.116:0/797415686 --> [v2:172.21.15.116:6800/4179230975,v1:172.21.15.116:6801/4179230975] -- mgr_command(tid 0: {"prefix": "orch apply", "service_type": "mon", "unmanaged": true, "target": ["mon-mgr", ""]}) -- 0x7f034c104950 con 0x7f0330039670
2024-04-25T18:16:36.910 INFO:teuthology.orchestra.run.smithi116.stdout:/usr/bin/ceph: stderr
2024-04-25T18:16:36.106+0000 7f0342a00700 1 -- 172.21.15.116:0/797415686 <== mgr.14120 v2:172.21.15.116:6800/4179230975 1 ==== mgr_command_reply(tid 0: 0 ) ==== 8+0+24 (secure 0 0 0) 0x7f034c104950 con 0x7f0330039670
2024-04-25T18:16:36.910 INFO:teuthology.orchestra.run.smithi116.stdout:/usr/bin/ceph: stderr
2024-04-25T18:16:36.109+0000 7f034b200700 1 -- 172.21.15.116:0/797415686 >> [v2:172.21.15.116:6800/4179230975,v1:172.21.15.116:6801/4179230975] conn(0x7f0330039670 msgr2=0x7f033003bb30 secure :-1 s=STATE_CONNECTION_ESTABLISHED l=1).mark_down
2024-04-25T18:16:36.910 INFO:teuthology.orchestra.run.smithi116.stdout:/usr/bin/ceph: stderr
2024-04-25T18:16:36.109+0000 7f034b200700 1 --2- 172.21.15.116:0/797415686 >> [v2:172.21.15.116:6800/4179230975,v1:172.21.15.116:6801/4179230975] conn(0x7f0330039670 0x7f033003bb30 secure :-1 s=READY pgs=12 cs=0 l=1 rev1=1 crypto rx=0x7f0338006fd0 tx=0x7f0338006e40 comp rx=0 tx=0).stop
2024-04-25T18:16:36.910 INFO:teuthology.orchestra.run.smithi116.stdout:/usr/bin/ceph: stderr
2024-04-25T18:16:36.109+0000 7f034b200700 1 -- 172.21.15.116:0/797415686 >> [v2:172.21.15.116:3300/0,v1:172.21.15.116:6789/0] conn(0x7f034c1081b0 msgr2=0x7f034c19c0d0 secure :-1 s=STATE_CONNECTION_ESTABLISHED l=1).mark_down
