2024-04-25T18:16:08.563 INFO:teuthology.orchestra.run.smithi116.stdout:/usr/bin/ceph: stderr
2024-04-25T18:16:07.628+0000 7f6778a00700 1 -- start start
2024-04-25T18:16:08.563 INFO:teuthology.orchestra.run.smithi116.stdout:/usr/bin/ceph: stderr
2024-04-25T18:16:07.628+0000 7f6778a00700 1 --2- >> [v2:172.21.15.116:3300/0,v1:172.21.15.116:6789/0] conn(0x7f677407deb0 0x7f677407c310 unknown :-1 s=NONE pgs=0 cs=0 l=0 rev1=0 crypto rx=0 tx=0 comp rx=0 tx=0).connect
2024-04-25T18:16:08.563 INFO:teuthology.orchestra.run.smithi116.stdout:/usr/bin/ceph: stderr
2024-04-25T18:16:07.628+0000 7f6778a00700 1 -- --> [v2:172.21.15.116:3300/0,v1:172.21.15.116:6789/0] -- mon_getmap magic: 0 -- 0x7f677407c8e0 con 0x7f677407deb0
2024-04-25T18:16:08.563 INFO:teuthology.orchestra.run.smithi116.stdout:/usr/bin/ceph: stderr
2024-04-25T18:16:07.629+0000 7f6771e00700 1 --2- >> [v2:172.21.15.116:3300/0,v1:172.21.15.116:6789/0] conn(0x7f677407deb0 0x7f677407c310 unknown :-1 s=BANNER_CONNECTING pgs=0 cs=0 l=0 rev1=0 crypto rx=0 tx=0 comp rx=0 tx=0)._handle_peer_banner_payload supported=3 required=0
2024-04-25T18:16:08.563 INFO:teuthology.orchestra.run.smithi116.stdout:/usr/bin/ceph: stderr
2024-04-25T18:16:07.629+0000 7f6771e00700 1 --2- >> [v2:172.21.15.116:3300/0,v1:172.21.15.116:6789/0] conn(0x7f677407deb0 0x7f677407c310 unknown :-1 s=HELLO_CONNECTING pgs=0 cs=0 l=0 rev1=1 crypto rx=0 tx=0 comp rx=0 tx=0).handle_hello peer v2:172.21.15.116:3300/0 says I am v2:172.21.15.116:47248/0 (socket says 172.21.15.116:47248)
2024-04-25T18:16:08.563 INFO:teuthology.orchestra.run.smithi116.stdout:/usr/bin/ceph: stderr
2024-04-25T18:16:07.629+0000 7f6771e00700 1 -- 172.21.15.116:0/1220739244 learned_addr learned my addr 172.21.15.116:0/1220739244 (peer_addr_for_me v2:172.21.15.116:0/0)
2024-04-25T18:16:08.563 INFO:teuthology.orchestra.run.smithi116.stdout:/usr/bin/ceph: stderr
2024-04-25T18:16:07.629+0000 7f6771e00700 1 -- 172.21.15.116:0/1220739244 --> [v2:172.21.15.116:3300/0,v1:172.21.15.116:6789/0] -- mon_subscribe({config=0+,monmap=0+}) -- 0x7f677407ca60 con 0x7f677407deb0
2024-04-25T18:16:08.564 INFO:teuthology.orchestra.run.smithi116.stdout:/usr/bin/ceph: stderr
2024-04-25T18:16:07.629+0000 7f6771e00700 1 --2- 172.21.15.116:0/1220739244 >> [v2:172.21.15.116:3300/0,v1:172.21.15.116:6789/0] conn(0x7f677407deb0 0x7f677407c310 secure :-1 s=READY pgs=18 cs=0 l=1 rev1=1 crypto rx=0x7f67640098a0 tx=0x7f6764009bb0 comp rx=0 tx=0).ready entity=mon.0 client_cookie=30410b66bba373ec server_cookie=0 in_seq=0 out_seq=0
2024-04-25T18:16:08.564 INFO:teuthology.orchestra.run.smithi116.stdout:/usr/bin/ceph: stderr
2024-04-25T18:16:07.630+0000 7f6771400700 1 -- 172.21.15.116:0/1220739244 <== mon.0 v2:172.21.15.116:3300/0 1 ==== mon_map magic: 0 ==== 205+0+0 (secure 0 0 0) 0x7f6764004160 con 0x7f677407deb0
2024-04-25T18:16:08.564 INFO:teuthology.orchestra.run.smithi116.stdout:/usr/bin/ceph: stderr
2024-04-25T18:16:07.630+0000 7f6771400700 1 -- 172.21.15.116:0/1220739244 <== mon.0 v2:172.21.15.116:3300/0 2 ==== config(26 keys) ==== 1070+0+0 (secure 0 0 0) 0x7f6764004300 con 0x7f677407deb0
2024-04-25T18:16:08.564 INFO:teuthology.orchestra.run.smithi116.stdout:/usr/bin/ceph: stderr
2024-04-25T18:16:07.630+0000 7f6771400700 1 -- 172.21.15.116:0/1220739244 <== mon.0 v2:172.21.15.116:3300/0 3 ==== mon_map magic: 0 ==== 205+0+0 (secure 0 0 0) 0x7f6764011af0 con 0x7f677407deb0
2024-04-25T18:16:08.564 INFO:teuthology.orchestra.run.smithi116.stdout:/usr/bin/ceph: stderr
2024-04-25T18:16:07.631+0000 7f6778a00700 1 -- 172.21.15.116:0/1220739244 >> [v2:172.21.15.116:3300/0,v1:172.21.15.116:6789/0] conn(0x7f677407deb0 msgr2=0x7f677407c310 secure :-1 s=STATE_CONNECTION_ESTABLISHED l=1).mark_down
2024-04-25T18:16:08.564 INFO:teuthology.orchestra.run.smithi116.stdout:/usr/bin/ceph: stderr
2024-04-25T18:16:07.631+0000 7f6778a00700 1 --2- 172.21.15.116:0/1220739244 >> [v2:172.21.15.116:3300/0,v1:172.21.15.116:6789/0] conn(0x7f677407deb0 0x7f677407c310 secure :-1 s=READY pgs=18 cs=0 l=1 rev1=1 crypto rx=0x7f67640098a0 tx=0x7f6764009bb0 comp rx=0 tx=0).stop
2024-04-25T18:16:08.564 INFO:teuthology.orchestra.run.smithi116.stdout:/usr/bin/ceph: stderr
2024-04-25T18:16:07.631+0000 7f6778a00700 1 -- 172.21.15.116:0/1220739244 shutdown_connections
2024-04-25T18:16:08.564 INFO:teuthology.orchestra.run.smithi116.stdout:/usr/bin/ceph: stderr
2024-04-25T18:16:07.631+0000 7f6778a00700 1 --2- 172.21.15.116:0/1220739244 >> [v2:172.21.15.116:3300/0,v1:172.21.15.116:6789/0] conn(0x7f677407deb0 0x7f677407c310 unknown :-1 s=CLOSED pgs=18 cs=0 l=1 rev1=1 crypto rx=0 tx=0 comp rx=0 tx=0).stop
2024-04-25T18:16:08.564 INFO:teuthology.orchestra.run.smithi116.stdout:/usr/bin/ceph: stderr
2024-04-25T18:16:07.631+0000 7f6778a00700 1 -- 172.21.15.116:0/1220739244 >> 172.21.15.116:0/1220739244 conn(0x7f67741038e0 msgr2=0x7f6774105d00 unknown :-1 s=STATE_NONE l=0).mark_down
2024-04-25T18:16:08.564 INFO:teuthology.orchestra.run.smithi116.stdout:/usr/bin/ceph: stderr
2024-04-25T18:16:07.631+0000 7f6778a00700 1 -- 172.21.15.116:0/1220739244 shutdown_connections
2024-04-25T18:16:08.564 INFO:teuthology.orchestra.run.smithi116.stdout:/usr/bin/ceph: stderr
2024-04-25T18:16:07.631+0000 7f6778a00700 1 -- 172.21.15.116:0/1220739244 wait complete.
2024-04-25T18:16:08.564 INFO:teuthology.orchestra.run.smithi116.stdout:/usr/bin/ceph: stderr
2024-04-25T18:16:07.632+0000 7f6778a00700 1 Processor -- start
2024-04-25T18:16:08.564 INFO:teuthology.orchestra.run.smithi116.stdout:/usr/bin/ceph: stderr
2024-04-25T18:16:07.632+0000 7f6778a00700 1 -- start start
2024-04-25T18:16:08.564 INFO:teuthology.orchestra.run.smithi116.stdout:/usr/bin/ceph: stderr
2024-04-25T18:16:07.632+0000 7f6778a00700 1 --2- >> [v2:172.21.15.116:3300/0,v1:172.21.15.116:6789/0] conn(0x7f677407deb0 0x7f677419e3b0 unknown :-1 s=NONE pgs=0 cs=0 l=1 rev1=0 crypto rx=0 tx=0 comp rx=0 tx=0).connect
2024-04-25T18:16:08.564 INFO:teuthology.orchestra.run.smithi116.stdout:/usr/bin/ceph: stderr
2024-04-25T18:16:07.632+0000 7f6778a00700 1 -- --> [v2:172.21.15.116:3300/0,v1:172.21.15.116:6789/0] -- mon_getmap magic: 0 -- 0x7f677410e890 con 0x7f677407deb0
2024-04-25T18:16:08.565 INFO:teuthology.orchestra.run.smithi116.stdout:/usr/bin/ceph: stderr
2024-04-25T18:16:07.633+0000 7f6771e00700 1 --2- >> [v2:172.21.15.116:3300/0,v1:172.21.15.116:6789/0] conn(0x7f677407deb0 0x7f677419e3b0 unknown :-1 s=BANNER_CONNECTING pgs=0 cs=0 l=1 rev1=0 crypto rx=0 tx=0 comp rx=0 tx=0)._handle_peer_banner_payload supported=3 required=0
2024-04-25T18:16:08.565 INFO:teuthology.orchestra.run.smithi116.stdout:/usr/bin/ceph: stderr
2024-04-25T18:16:07.633+0000 7f6771e00700 1 --2- >> [v2:172.21.15.116:3300/0,v1:172.21.15.116:6789/0] conn(0x7f677407deb0 0x7f677419e3b0 unknown :-1 s=HELLO_CONNECTING pgs=0 cs=0 l=1 rev1=1 crypto rx=0 tx=0 comp rx=0 tx=0).handle_hello peer v2:172.21.15.116:3300/0 says I am v2:172.21.15.116:47258/0 (socket says 172.21.15.116:47258)
2024-04-25T18:16:08.565 INFO:teuthology.orchestra.run.smithi116.stdout:/usr/bin/ceph: stderr
2024-04-25T18:16:07.633+0000 7f6771e00700 1 -- 172.21.15.116:0/1534747 learned_addr learned my addr 172.21.15.116:0/1534747 (peer_addr_for_me v2:172.21.15.116:0/0)
2024-04-25T18:16:08.565 INFO:teuthology.orchestra.run.smithi116.stdout:/usr/bin/ceph: stderr
2024-04-25T18:16:07.633+0000 7f6771e00700 1 -- 172.21.15.116:0/1534747 --> [v2:172.21.15.116:3300/0,v1:172.21.15.116:6789/0] -- mon_subscribe({config=0+,monmap=0+}) -- 0x7f677419e8f0 con 0x7f677407deb0
2024-04-25T18:16:08.565 INFO:teuthology.orchestra.run.smithi116.stdout:/usr/bin/ceph: stderr
2024-04-25T18:16:07.633+0000 7f6771e00700 1 --2- 172.21.15.116:0/1534747 >> [v2:172.21.15.116:3300/0,v1:172.21.15.116:6789/0] conn(0x7f677407deb0 0x7f677419e3b0 secure :-1 s=READY pgs=19 cs=0 l=1 rev1=1 crypto rx=0x7f6764003f40 tx=0x7f6764011890 comp rx=0 tx=0).ready entity=mon.0 client_cookie=0 server_cookie=0 in_seq=0 out_seq=0
2024-04-25T18:16:08.565 INFO:teuthology.orchestra.run.smithi116.stdout:/usr/bin/ceph: stderr
2024-04-25T18:16:07.634+0000 7f676aa00700 1 -- 172.21.15.116:0/1534747 <== mon.0 v2:172.21.15.116:3300/0 1 ==== mon_map magic: 0 ==== 205+0+0 (secure 0 0 0) 0x7f67640038b0 con 0x7f677407deb0
2024-04-25T18:16:08.565 INFO:teuthology.orchestra.run.smithi116.stdout:/usr/bin/ceph: stderr
2024-04-25T18:16:07.634+0000 7f676aa00700 1 -- 172.21.15.116:0/1534747 <== mon.0 v2:172.21.15.116:3300/0 2 ==== config(26 keys) ==== 1070+0+0 (secure 0 0 0) 0x7f6764003a50 con 0x7f677407deb0
2024-04-25T18:16:08.565 INFO:teuthology.orchestra.run.smithi116.stdout:/usr/bin/ceph: stderr
2024-04-25T18:16:07.634+0000 7f6778a00700 1 -- 172.21.15.116:0/1534747 --> [v2:172.21.15.116:3300/0,v1:172.21.15.116:6789/0] -- mon_subscribe({mgrmap=0+}) -- 0x7f677419eb80 con 0x7f677407deb0
2024-04-25T18:16:08.565 INFO:teuthology.orchestra.run.smithi116.stdout:/usr/bin/ceph: stderr
2024-04-25T18:16:07.634+0000 7f676aa00700 1 -- 172.21.15.116:0/1534747 <== mon.0 v2:172.21.15.116:3300/0 3 ==== mon_map magic: 0 ==== 205+0+0 (secure 0 0 0) 0x7f676401a5c0 con 0x7f677407deb0
2024-04-25T18:16:08.565 INFO:teuthology.orchestra.run.smithi116.stdout:/usr/bin/ceph: stderr
2024-04-25T18:16:07.634+0000 7f6778a00700 1 -- 172.21.15.116:0/1534747 --> [v2:172.21.15.116:3300/0,v1:172.21.15.116:6789/0] -- mon_subscribe({osdmap=0}) -- 0x7f67741a1870 con 0x7f677407deb0
2024-04-25T18:16:08.565 INFO:teuthology.orchestra.run.smithi116.stdout:/usr/bin/ceph: stderr
2024-04-25T18:16:07.635+0000 7f676aa00700 1 -- 172.21.15.116:0/1534747 <== mon.0 v2:172.21.15.116:3300/0 4 ==== mgrmap(e 4) ==== 46547+0+0 (secure 0 0 0) 0x7f6764024430 con 0x7f677407deb0
2024-04-25T18:16:08.565 INFO:teuthology.orchestra.run.smithi116.stdout:/usr/bin/ceph: stderr
2024-04-25T18:16:07.635+0000 7f6778a00700 1 -- 172.21.15.116:0/1534747 --> [v2:172.21.15.116:3300/0,v1:172.21.15.116:6789/0] -- mon_command({"prefix": "get_command_descriptions"} v 0) -- 0x7f67740640a0 con 0x7f677407deb0
2024-04-25T18:16:08.565 INFO:teuthology.orchestra.run.smithi116.stdout:/usr/bin/ceph: stderr
2024-04-25T18:16:07.635+0000 7f676aa00700 1 --2- 172.21.15.116:0/1534747 >> [v2:172.21.15.116:6800/2772711006,v1:172.21.15.116:6801/2772711006] conn(0x7f6758039620 0x7f675803bae0 unknown :-1 s=NONE pgs=0 cs=0 l=1 rev1=0 crypto rx=0 tx=0 comp rx=0 tx=0).connect
2024-04-25T18:16:08.565 INFO:teuthology.orchestra.run.smithi116.stdout:/usr/bin/ceph: stderr
2024-04-25T18:16:07.636+0000 7f676aa00700 1 -- 172.21.15.116:0/1534747 <== mon.0 v2:172.21.15.116:3300/0 5 ==== osd_map(1..1 src has 1..1) ==== 725+0+0 (secure 0 0 0) 0x7f676404daa0 con 0x7f677407deb0
2024-04-25T18:16:08.566 INFO:teuthology.orchestra.run.smithi116.stdout:/usr/bin/ceph: stderr
2024-04-25T18:16:07.636+0000 7f676be00700 1 --2- 172.21.15.116:0/1534747 >> [v2:172.21.15.116:6800/2772711006,v1:172.21.15.116:6801/2772711006] conn(0x7f6758039620 0x7f675803bae0 unknown :-1 s=BANNER_CONNECTING pgs=0 cs=0 l=1 rev1=0 crypto rx=0 tx=0 comp rx=0 tx=0)._handle_peer_banner_payload supported=3 required=0
2024-04-25T18:16:08.566 INFO:teuthology.orchestra.run.smithi116.stdout:/usr/bin/ceph: stderr
2024-04-25T18:16:07.636+0000 7f676be00700 1 --2- 172.21.15.116:0/1534747 >> [v2:172.21.15.116:6800/2772711006,v1:172.21.15.116:6801/2772711006] conn(0x7f6758039620 0x7f675803bae0 secure :-1 s=READY pgs=6 cs=0 l=1 rev1=1 crypto rx=0x7f675c006fd0 tx=0x7f675c006e40 comp rx=0 tx=0).ready entity=mgr.14100 client_cookie=0 server_cookie=0 in_seq=0 out_seq=0
2024-04-25T18:16:08.566 INFO:teuthology.orchestra.run.smithi116.stdout:/usr/bin/ceph: stderr
2024-04-25T18:16:07.644+0000 7f676aa00700 1 -- 172.21.15.116:0/1534747 <== mon.0 v2:172.21.15.116:3300/0 6 ==== mon_command_ack([{"prefix": "get_command_descriptions"}]=0 v0) ==== 72+0+188370 (secure 0 0 0) 0x7f676404d4c0 con 0x7f677407deb0
2024-04-25T18:16:08.566 INFO:teuthology.orchestra.run.smithi116.stdout:/usr/bin/ceph: stderr
2024-04-25T18:16:07.950+0000 7f6778a00700 1 -- 172.21.15.116:0/1534747 --> [v2:172.21.15.116:3300/0,v1:172.21.15.116:6789/0] -- mon_command({"prefix": "status", "format": "json-pretty"} v 0) -- 0x7f67741a1a40 con 0x7f677407deb0
2024-04-25T18:16:08.566 INFO:teuthology.orchestra.run.smithi116.stdout:/usr/bin/ceph: stderr
2024-04-25T18:16:07.951+0000 7f676aa00700 1 -- 172.21.15.116:0/1534747 <== mon.0 v2:172.21.15.116:3300/0 7 ==== mon_command_ack([{"prefix": "status", "format": "json-pretty"}]=0 v0) ==== 79+0+1239 (secure 0 0 0) 0x7f67741a1a40 con 0x7f677407deb0
2024-04-25T18:16:08.566 INFO:teuthology.orchestra.run.smithi116.stdout:/usr/bin/ceph: stderr
2024-04-25T18:16:07.954+0000 7f6778a00700 1 -- 172.21.15.116:0/1534747 >> [v2:172.21.15.116:6800/2772711006,v1:172.21.15.116:6801/2772711006] conn(0x7f6758039620 msgr2=0x7f675803bae0 secure :-1 s=STATE_CONNECTION_ESTABLISHED l=1).mark_down
2024-04-25T18:16:08.566 INFO:teuthology.orchestra.run.smithi116.stdout:/usr/bin/ceph: stderr
2024-04-25T18:16:07.954+0000 7f6778a00700 1 --2- 172.21.15.116:0/1534747 >> [v2:172.21.15.116:6800/2772711006,v1:172.21.15.116:6801/2772711006] conn(0x7f6758039620 0x7f675803bae0 secure :-1 s=READY pgs=6 cs=0 l=1 rev1=1 crypto rx=0x7f675c006fd0 tx=0x7f675c006e40 comp rx=0 tx=0).stop
2024-04-25T18:16:08.566 INFO:teuthology.orchestra.run.smithi116.stdout:/usr/bin/ceph: stderr
2024-04-25T18:16:07.954+0000 7f6778a00700 1 -- 172.21.15.116:0/1534747 >> [v2:172.21.15.116:3300/0,v1:172.21.15.116:6789/0] conn(0x7f677407deb0 msgr2=0x7f677419e3b0 secure :-1 s=STATE_CONNECTION_ESTABLISHED l=1).mark_down
2024-04-25T18:16:08.566 INFO:teuthology.orchestra.run.smithi116.stdout:/usr/bin/ceph: stderr
2024-04-25T18:16:07.954+0000 7f6778a00700 1 --2- 172.21.15.116:0/1534747 >> [v2:172.21.15.116:3300/0,v1:172.21.15.116:6789/0] conn(0x7f677407deb0 0x7f677419e3b0 secure :-1 s=READY pgs=19 cs=0 l=1 rev1=1 crypto rx=0x7f6764003f40 tx=0x7f6764011890 comp rx=0 tx=0).stop
2024-04-25T18:16:08.566 INFO:teuthology.orchestra.run.smithi116.stdout:/usr/bin/ceph: stderr
2024-04-25T18:16:07.954+0000 7f6778a00700 1 -- 172.21.15.116:0/1534747 shutdown_connections
2024-04-25T18:16:08.566 INFO:teuthology.orchestra.run.smithi116.stdout:/usr/bin/ceph: stderr
2024-04-25T18:16:07.954+0000 7f6778a00700 1 --2- 172.21.15.116:0/1534747 >> [v2:172.21.15.116:6800/2772711006,v1:172.21.15.116:6801/2772711006] conn(0x7f6758039620 0x7f675803bae0 unknown :-1 s=CLOSED pgs=6 cs=0 l=1 rev1=1 crypto rx=0 tx=0 comp rx=0 tx=0).stop
2024-04-25T18:16:08.566 INFO:teuthology.orchestra.run.smithi116.stdout:/usr/bin/ceph: stderr
2024-04-25T18:16:07.954+0000 7f6778a00700 1 --2- 172.21.15.116:0/1534747 >> [v2:172.21.15.116:3300/0,v1:172.21.15.116:6789/0] conn(0x7f677407deb0 0x7f677419e3b0 unknown :-1 s=CLOSED pgs=19 cs=0 l=1 rev1=1 crypto rx=0 tx=0 comp rx=0 tx=0).stop
2024-04-25T18:16:08.566 INFO:teuthology.orchestra.run.smithi116.stdout:/usr/bin/ceph: stderr
2024-04-25T18:16:07.954+0000 7f6778a00700 1 -- 172.21.15.116:0/1534747 >> 172.21.15.116:0/1534747 conn(0x7f67741038e0 msgr2=0x7f6774104390 unknown :-1 s=STATE_NONE l=0).mark_down
2024-04-25T18:16:08.566 INFO:teuthology.orchestra.run.smithi116.stdout:/usr/bin/ceph: stderr
2024-04-25T18:16:07.955+0000 7f6778a00700 1 -- 172.21.15.116:0/1534747 shutdown_connections
2024-04-25T18:16:08.567 INFO:teuthology.orchestra.run.smithi116.stdout:/usr/bin/ceph: stderr
2024-04-25T18:16:07.955+0000 7f6778a00700 1 -- 172.21.15.116:0/1534747 wait complete.
2024-04-25T18:16:08.567 INFO:teuthology.orchestra.run.smithi116.stdout:mgr is available
2024-04-25T18:16:09.705 INFO:journalctl@ceph.mon.a.smithi116.stdout:Apr 25 18:16:09 smithi116 ceph-mon[27950]: from='client.? 172.21.15.116:0/2267496910' entity='client.admin' cmd=[{"prefix": "config assimilate-conf"}]: dispatch
2024-04-25T18:16:10.010 INFO:teuthology.orchestra.run.smithi116.stdout:/usr/bin/ceph: stdout
2024-04-25T18:16:10.011 INFO:teuthology.orchestra.run.smithi116.stdout:/usr/bin/ceph: stdout [global]
2024-04-25T18:16:10.011 INFO:teuthology.orchestra.run.smithi116.stdout:/usr/bin/ceph: stdout fsid = a36b7b20-032f-11ef-bc93-c7b262605968
2024-04-25T18:16:10.011 INFO:teuthology.orchestra.run.smithi116.stdout:/usr/bin/ceph: stdout mon_cluster_log_file_level = debug
2024-04-25T18:16:10.011 INFO:teuthology.orchestra.run.smithi116.stdout:/usr/bin/ceph: stdout mon_osd_allow_pg_remap = true
2024-04-25T18:16:10.011 INFO:teuthology.orchestra.run.smithi116.stdout:/usr/bin/ceph: stdout mon_osd_allow_primary_affinity = true
2024-04-25T18:16:10.011 INFO:teuthology.orchestra.run.smithi116.stdout:/usr/bin/ceph: stdout mon_warn_on_no_sortbitwise = false
2024-04-25T18:16:10.011 INFO:teuthology.orchestra.run.smithi116.stdout:/usr/bin/ceph: stdout osd_crush_chooseleaf_type = 0
2024-04-25T18:16:10.011 INFO:teuthology.orchestra.run.smithi116.stdout:/usr/bin/ceph: stdout
2024-04-25T18:16:10.011 INFO:teuthology.orchestra.run.smithi116.stdout:/usr/bin/ceph: stdout [mgr]
2024-04-25T18:16:10.011 INFO:teuthology.orchestra.run.smithi116.stdout:/usr/bin/ceph: stdout mgr/telemetry/nag = false
2024-04-25T18:16:10.011 INFO:teuthology.orchestra.run.smithi116.stdout:/usr/bin/ceph: stdout
2024-04-25T18:16:10.011 INFO:teuthology.orchestra.run.smithi116.stdout:/usr/bin/ceph: stdout [osd]
2024-04-25T18:16:10.011 INFO:teuthology.orchestra.run.smithi116.stdout:/usr/bin/ceph: stdout mon_osd_backfillfull_ratio = 0.85
2024-04-25T18:16:10.011 INFO:teuthology.orchestra.run.smithi116.stdout:/usr/bin/ceph: stdout mon_osd_full_ratio = 0.9
2024-04-25T18:16:10.011 INFO:teuthology.orchestra.run.smithi116.stdout:/usr/bin/ceph: stdout mon_osd_nearfull_ratio = 0.8
2024-04-25T18:16:10.012 INFO:teuthology.orchestra.run.smithi116.stdout:/usr/bin/ceph: stdout osd_map_max_advance = 10
2024-04-25T18:16:10.012 INFO:teuthology.orchestra.run.smithi116.stdout:/usr/bin/ceph: stdout osd_sloppy_crc = true
2024-04-25T18:16:10.012 INFO:teuthology.orchestra.run.smithi116.stdout:/usr/bin/ceph: stderr
2024-04-25T18:16:09.179+0000 7fda2ea00700 1 Processor -- start
2024-04-25T18:16:10.012 INFO:teuthology.orchestra.run.smithi116.stdout:/usr/bin/ceph: stderr
2024-04-25T18:16:09.179+0000 7fda2ea00700 1 -- start start
2024-04-25T18:16:10.012 INFO:teuthology.orchestra.run.smithi116.stdout:/usr/bin/ceph: stderr
2024-04-25T18:16:09.180+0000 7fda2ea00700 1 --2- >> [v2:172.21.15.116:3300/0,v1:172.21.15.116:6789/0] conn(0x7fda281070a0 0x7fda281074c0 unknown :-1 s=NONE pgs=0 cs=0 l=0 rev1=0 crypto rx=0 tx=0 comp rx=0 tx=0).connect
2024-04-25T18:16:10.012 INFO:teuthology.orchestra.run.smithi116.stdout:/usr/bin/ceph: stderr
2024-04-25T18:16:09.180+0000 7fda2ea00700 1 -- --> [v2:172.21.15.116:3300/0,v1:172.21.15.116:6789/0] -- mon_getmap magic: 0 -- 0x7fda28107a90 con 0x7fda281070a0
2024-04-25T18:16:10.012 INFO:teuthology.orchestra.run.smithi116.stdout:/usr/bin/ceph: stderr
2024-04-25T18:16:09.180+0000 7fda2d600700 1 --2- >> [v2:172.21.15.116:3300/0,v1:172.21.15.116:6789/0] conn(0x7fda281070a0 0x7fda281074c0 unknown :-1 s=BANNER_CONNECTING pgs=0 cs=0 l=0 rev1=0 crypto rx=0 tx=0 comp rx=0 tx=0)._handle_peer_banner_payload supported=3 required=0
2024-04-25T18:16:10.012 INFO:teuthology.orchestra.run.smithi116.stdout:/usr/bin/ceph: stderr
2024-04-25T18:16:09.180+0000 7fda2d600700 1 --2- >> [v2:172.21.15.116:3300/0,v1:172.21.15.116:6789/0] conn(0x7fda281070a0 0x7fda281074c0 unknown :-1 s=HELLO_CONNECTING pgs=0 cs=0 l=0 rev1=1 crypto rx=0 tx=0 comp rx=0 tx=0).handle_hello peer v2:172.21.15.116:3300/0 says I am v2:172.21.15.116:52260/0 (socket says 172.21.15.116:52260)
2024-04-25T18:16:10.012 INFO:teuthology.orchestra.run.smithi116.stdout:/usr/bin/ceph: stderr
2024-04-25T18:16:09.180+0000 7fda2d600700 1 -- 172.21.15.116:0/4027908215 learned_addr learned my addr 172.21.15.116:0/4027908215 (peer_addr_for_me v2:172.21.15.116:0/0)
2024-04-25T18:16:10.012 INFO:teuthology.orchestra.run.smithi116.stdout:/usr/bin/ceph: stderr
2024-04-25T18:16:09.181+0000 7fda2d600700 1 -- 172.21.15.116:0/4027908215 --> [v2:172.21.15.116:3300/0,v1:172.21.15.116:6789/0] -- mon_subscribe({config=0+,monmap=0+}) -- 0x7fda281082a0 con 0x7fda281070a0
2024-04-25T18:16:10.012 INFO:teuthology.orchestra.run.smithi116.stdout:/usr/bin/ceph: stderr
2024-04-25T18:16:09.181+0000 7fda2d600700 1 --2- 172.21.15.116:0/4027908215 >> [v2:172.21.15.116:3300/0,v1:172.21.15.116:6789/0] conn(0x7fda281070a0 0x7fda281074c0 secure :-1 s=READY pgs=20 cs=0 l=1 rev1=1 crypto rx=0x7fda1c0098a0 tx=0x7fda1c009bb0 comp rx=0 tx=0).ready entity=mon.0 client_cookie=b5f1dc745bbc1eff server_cookie=0 in_seq=0 out_seq=0
2024-04-25T18:16:10.012 INFO:teuthology.orchestra.run.smithi116.stdout:/usr/bin/ceph: stderr
2024-04-25T18:16:09.181+0000 7fda27e00700 1 -- 172.21.15.116:0/4027908215 <== mon.0 v2:172.21.15.116:3300/0 1 ==== mon_map magic: 0 ==== 205+0+0 (secure 0 0 0) 0x7fda1c004160 con 0x7fda281070a0
2024-04-25T18:16:10.012 INFO:teuthology.orchestra.run.smithi116.stdout:/usr/bin/ceph: stderr
2024-04-25T18:16:09.181+0000 7fda27e00700 1 -- 172.21.15.116:0/4027908215 <== mon.0 v2:172.21.15.116:3300/0 2 ==== config(26 keys) ==== 1070+0+0 (secure 0 0 0) 0x7fda1c004300 con 0x7fda281070a0
2024-04-25T18:16:10.013 INFO:teuthology.orchestra.run.smithi116.stdout:/usr/bin/ceph: stderr
2024-04-25T18:16:09.181+0000 7fda27e00700 1 -- 172.21.15.116:0/4027908215 <== mon.0 v2:172.21.15.116:3300/0 3 ==== mon_map magic: 0 ==== 205+0+0 (secure 0 0 0) 0x7fda1c011af0 con 0x7fda281070a0
2024-04-25T18:16:10.013 INFO:teuthology.orchestra.run.smithi116.stdout:/usr/bin/ceph: stderr
2024-04-25T18:16:09.182+0000 7fda2ea00700 1 -- 172.21.15.116:0/4027908215 >> [v2:172.21.15.116:3300/0,v1:172.21.15.116:6789/0] conn(0x7fda281070a0 msgr2=0x7fda281074c0 secure :-1 s=STATE_CONNECTION_ESTABLISHED l=1).mark_down
2024-04-25T18:16:10.013 INFO:teuthology.orchestra.run.smithi116.stdout:/usr/bin/ceph: stderr
2024-04-25T18:16:09.182+0000 7fda2ea00700 1 --2- 172.21.15.116:0/4027908215 >> [v2:172.21.15.116:3300/0,v1:172.21.15.116:6789/0] conn(0x7fda281070a0 0x7fda281074c0 secure :-1 s=READY pgs=20 cs=0 l=1 rev1=1 crypto rx=0x7fda1c0098a0 tx=0x7fda1c009bb0 comp rx=0 tx=0).stop
2024-04-25T18:16:10.013 INFO:teuthology.orchestra.run.smithi116.stdout:/usr/bin/ceph: stderr
2024-04-25T18:16:09.182+0000 7fda2ea00700 1 -- 172.21.15.116:0/4027908215 shutdown_connections
2024-04-25T18:16:10.013 INFO:teuthology.orchestra.run.smithi116.stdout:/usr/bin/ceph: stderr
2024-04-25T18:16:09.182+0000 7fda2ea00700 1 --2- 172.21.15.116:0/4027908215 >> [v2:172.21.15.116:3300/0,v1:172.21.15.116:6789/0] conn(0x7fda281070a0 0x7fda281074c0 unknown :-1 s=CLOSED pgs=20 cs=0 l=1 rev1=1 crypto rx=0 tx=0 comp rx=0 tx=0).stop
2024-04-25T18:16:10.013 INFO:teuthology.orchestra.run.smithi116.stdout:/usr/bin/ceph: stderr
2024-04-25T18:16:09.182+0000 7fda2ea00700 1 -- 172.21.15.116:0/4027908215 >> 172.21.15.116:0/4027908215 conn(0x7fda281026c0 msgr2=0x7fda28104ae0 unknown :-1 s=STATE_NONE l=0).mark_down
2024-04-25T18:16:10.013 INFO:teuthology.orchestra.run.smithi116.stdout:/usr/bin/ceph: stderr
2024-04-25T18:16:09.182+0000 7fda2ea00700 1 -- 172.21.15.116:0/4027908215 shutdown_connections
2024-04-25T18:16:10.013 INFO:teuthology.orchestra.run.smithi116.stdout:/usr/bin/ceph: stderr
2024-04-25T18:16:09.182+0000 7fda2ea00700 1 -- 172.21.15.116:0/4027908215 wait complete.
2024-04-25T18:16:10.013 INFO:teuthology.orchestra.run.smithi116.stdout:/usr/bin/ceph: stderr
2024-04-25T18:16:09.184+0000 7fda2ea00700 1 Processor -- start
2024-04-25T18:16:10.013 INFO:teuthology.orchestra.run.smithi116.stdout:/usr/bin/ceph: stderr
2024-04-25T18:16:09.184+0000 7fda2ea00700 1 -- start start
2024-04-25T18:16:10.013 INFO:teuthology.orchestra.run.smithi116.stdout:/usr/bin/ceph: stderr
2024-04-25T18:16:09.184+0000 7fda2ea00700 1 --2- >> [v2:172.21.15.116:3300/0,v1:172.21.15.116:6789/0] conn(0x7fda281070a0 0x7fda2819e290 unknown :-1 s=NONE pgs=0 cs=0 l=1 rev1=0 crypto rx=0 tx=0 comp rx=0 tx=0).connect
2024-04-25T18:16:10.013 INFO:teuthology.orchestra.run.smithi116.stdout:/usr/bin/ceph: stderr
2024-04-25T18:16:09.184+0000 7fda2ea00700 1 -- --> [v2:172.21.15.116:3300/0,v1:172.21.15.116:6789/0] -- mon_getmap magic: 0 -- 0x7fda2810b650 con 0x7fda281070a0
2024-04-25T18:16:10.013 INFO:teuthology.orchestra.run.smithi116.stdout:/usr/bin/ceph: stderr
2024-04-25T18:16:09.184+0000 7fda2d600700 1 --2- >> [v2:172.21.15.116:3300/0,v1:172.21.15.116:6789/0] conn(0x7fda281070a0 0x7fda2819e290 unknown :-1 s=BANNER_CONNECTING pgs=0 cs=0 l=1 rev1=0 crypto rx=0 tx=0 comp rx=0 tx=0)._handle_peer_banner_payload supported=3 required=0
2024-04-25T18:16:10.014 INFO:teuthology.orchestra.run.smithi116.stdout:/usr/bin/ceph: stderr
2024-04-25T18:16:09.184+0000 7fda2d600700 1 --2- >> [v2:172.21.15.116:3300/0,v1:172.21.15.116:6789/0] conn(0x7fda281070a0 0x7fda2819e290 unknown :-1 s=HELLO_CONNECTING pgs=0 cs=0 l=1 rev1=1 crypto rx=0 tx=0 comp rx=0 tx=0).handle_hello peer v2:172.21.15.116:3300/0 says I am v2:172.21.15.116:52270/0 (socket says 172.21.15.116:52270)
2024-04-25T18:16:10.014 INFO:teuthology.orchestra.run.smithi116.stdout:/usr/bin/ceph: stderr
2024-04-25T18:16:09.184+0000 7fda2d600700 1 -- 172.21.15.116:0/2267496910 learned_addr learned my addr 172.21.15.116:0/2267496910 (peer_addr_for_me v2:172.21.15.116:0/0)
2024-04-25T18:16:10.014 INFO:teuthology.orchestra.run.smithi116.stdout:/usr/bin/ceph: stderr
2024-04-25T18:16:09.185+0000 7fda2d600700 1 -- 172.21.15.116:0/2267496910 --> [v2:172.21.15.116:3300/0,v1:172.21.15.116:6789/0] -- mon_subscribe({config=0+,monmap=0+}) -- 0x7fda2819e7d0 con 0x7fda281070a0
2024-04-25T18:16:10.014 INFO:teuthology.orchestra.run.smithi116.stdout:/usr/bin/ceph: stderr
2024-04-25T18:16:09.185+0000 7fda2d600700 1 --2- 172.21.15.116:0/2267496910 >> [v2:172.21.15.116:3300/0,v1:172.21.15.116:6789/0] conn(0x7fda281070a0 0x7fda2819e290 secure :-1 s=READY pgs=21 cs=0 l=1 rev1=1 crypto rx=0x7fda1c000c00 tx=0x7fda1c011b70 comp rx=0 tx=0).ready entity=mon.0 client_cookie=0 server_cookie=0 in_seq=0 out_seq=0
2024-04-25T18:16:10.014 INFO:teuthology.orchestra.run.smithi116.stdout:/usr/bin/ceph: stderr
2024-04-25T18:16:09.185+0000 7fda26000700 1 -- 172.21.15.116:0/2267496910 <== mon.0 v2:172.21.15.116:3300/0 1 ==== mon_map magic: 0 ==== 205+0+0 (secure 0 0 0) 0x7fda1c003b20 con 0x7fda281070a0
2024-04-25T18:16:10.014 INFO:teuthology.orchestra.run.smithi116.stdout:/usr/bin/ceph: stderr
2024-04-25T18:16:09.186+0000 7fda26000700 1 -- 172.21.15.116:0/2267496910 <== mon.0 v2:172.21.15.116:3300/0 2 ==== config(26 keys) ==== 1070+0+0 (secure 0 0 0) 0x7fda1c01a8c0 con 0x7fda281070a0
2024-04-25T18:16:10.014 INFO:teuthology.orchestra.run.smithi116.stdout:/usr/bin/ceph: stderr
2024-04-25T18:16:09.186+0000 7fda2ea00700 1 -- 172.21.15.116:0/2267496910 --> [v2:172.21.15.116:3300/0,v1:172.21.15.116:6789/0] -- mon_subscribe({mgrmap=0+}) -- 0x7fda2819ea60 con 0x7fda281070a0
2024-04-25T18:16:10.014 INFO:teuthology.orchestra.run.smithi116.stdout:/usr/bin/ceph: stderr
2024-04-25T18:16:09.186+0000 7fda26000700 1 -- 172.21.15.116:0/2267496910 <== mon.0 v2:172.21.15.116:3300/0 3 ==== mon_map magic: 0 ==== 205+0+0 (secure 0 0 0) 0x7fda1c024940 con 0x7fda281070a0
2024-04-25T18:16:10.014 INFO:teuthology.orchestra.run.smithi116.stdout:/usr/bin/ceph: stderr
2024-04-25T18:16:09.186+0000 7fda2ea00700 1 -- 172.21.15.116:0/2267496910 --> [v2:172.21.15.116:3300/0,v1:172.21.15.116:6789/0] -- mon_subscribe({osdmap=0}) -- 0x7fda281a1750 con 0x7fda281070a0
2024-04-25T18:16:10.014 INFO:teuthology.orchestra.run.smithi116.stdout:/usr/bin/ceph: stderr
2024-04-25T18:16:09.187+0000 7fda26000700 1 -- 172.21.15.116:0/2267496910 <== mon.0 v2:172.21.15.116:3300/0 4 ==== mgrmap(e 4) ==== 46547+0+0 (secure 0 0 0) 0x7fda1c022020 con 0x7fda281070a0
2024-04-25T18:16:10.014 INFO:teuthology.orchestra.run.smithi116.stdout:/usr/bin/ceph: stderr
2024-04-25T18:16:09.187+0000 7fda2ea00700 1 -- 172.21.15.116:0/2267496910 --> [v2:172.21.15.116:3300/0,v1:172.21.15.116:6789/0] -- mon_command({"prefix": "get_command_descriptions"} v 0) -- 0x7fda28069b50 con 0x7fda281070a0
2024-04-25T18:16:10.014 INFO:teuthology.orchestra.run.smithi116.stdout:/usr/bin/ceph: stderr
2024-04-25T18:16:09.187+0000 7fda26000700 1 --2- 172.21.15.116:0/2267496910 >> [v2:172.21.15.116:6800/2772711006,v1:172.21.15.116:6801/2772711006] conn(0x7fda10039620 0x7fda1003bae0 unknown :-1 s=NONE pgs=0 cs=0 l=1 rev1=0 crypto rx=0 tx=0 comp rx=0 tx=0).connect
2024-04-25T18:16:10.015 INFO:teuthology.orchestra.run.smithi116.stdout:/usr/bin/ceph: stderr
2024-04-25T18:16:09.187+0000 7fda26000700 1 -- 172.21.15.116:0/2267496910 <== mon.0 v2:172.21.15.116:3300/0 5 ==== osd_map(1..1 src has 1..1) ==== 725+0+0 (secure 0 0 0) 0x7fda1c04d5d0 con 0x7fda281070a0
2024-04-25T18:16:10.015 INFO:teuthology.orchestra.run.smithi116.stdout:/usr/bin/ceph: stderr
2024-04-25T18:16:09.188+0000 7fda2cc00700 1 --2- 172.21.15.116:0/2267496910 >> [v2:172.21.15.116:6800/2772711006,v1:172.21.15.116:6801/2772711006] conn(0x7fda10039620 0x7fda1003bae0 unknown :-1 s=BANNER_CONNECTING pgs=0 cs=0 l=1 rev1=0 crypto rx=0 tx=0 comp rx=0 tx=0)._handle_peer_banner_payload supported=3 required=0
2024-04-25T18:16:10.015 INFO:teuthology.orchestra.run.smithi116.stdout:/usr/bin/ceph: stderr
2024-04-25T18:16:09.188+0000 7fda2cc00700 1 --2- 172.21.15.116:0/2267496910 >> [v2:172.21.15.116:6800/2772711006,v1:172.21.15.116:6801/2772711006] conn(0x7fda10039620 0x7fda1003bae0 secure :-1 s=READY pgs=7 cs=0 l=1 rev1=1 crypto rx=0x7fda14006fd0 tx=0x7fda14006e40 comp rx=0 tx=0).ready entity=mgr.14100 client_cookie=0 server_cookie=0 in_seq=0 out_seq=0
2024-04-25T18:16:10.015 INFO:teuthology.orchestra.run.smithi116.stdout:/usr/bin/ceph: stderr
2024-04-25T18:16:09.193+0000 7fda26000700 1 -- 172.21.15.116:0/2267496910 <== mon.0 v2:172.21.15.116:3300/0 6 ==== mon_command_ack([{"prefix": "get_command_descriptions"}]=0 v0) ==== 72+0+188370 (secure 0 0 0) 0x7fda1c0042a0 con 0x7fda281070a0
2024-04-25T18:16:10.015 INFO:teuthology.orchestra.run.smithi116.stdout:/usr/bin/ceph: stderr
2024-04-25T18:16:09.419+0000 7fda2ea00700 1 -- 172.21.15.116:0/2267496910 --> [v2:172.21.15.116:3300/0,v1:172.21.15.116:6789/0] -- mon_command({"prefix": "config assimilate-conf"} v 0) -- 0x7fda28076600 con 0x7fda281070a0
2024-04-25T18:16:10.015 INFO:teuthology.orchestra.run.smithi116.stdout:/usr/bin/ceph: stderr
2024-04-25T18:16:09.420+0000 7fda26000700 1 -- 172.21.15.116:0/2267496910 <== mon.0 v2:172.21.15.116:3300/0 7 ==== mon_command_ack([{"prefix": "config assimilate-conf"}]=0 v3) ==== 70+0+409 (secure 0 0 0) 0x7fda1c01aae0 con 0x7fda281070a0
2024-04-25T18:16:10.015 INFO:teuthology.orchestra.run.smithi116.stdout:/usr/bin/ceph: stderr
2024-04-25T18:16:09.423+0000 7fda2ea00700 1 -- 172.21.15.116:0/2267496910 >> [v2:172.21.15.116:6800/2772711006,v1:172.21.15.116:6801/2772711006] conn(0x7fda10039620 msgr2=0x7fda1003bae0 secure :-1 s=STATE_CONNECTION_ESTABLISHED l=1).mark_down
2024-04-25T18:16:10.015 INFO:teuthology.orchestra.run.smithi116.stdout:/usr/bin/ceph: stderr
2024-04-25T18:16:09.423+0000 7fda2ea00700 1 --2- 172.21.15.116:0/2267496910 >> [v2:172.21.15.116:6800/2772711006,v1:172.21.15.116:6801/2772711006] conn(0x7fda10039620 0x7fda1003bae0 secure :-1 s=READY pgs=7 cs=0 l=1 rev1=1 crypto rx=0x7fda14006fd0 tx=0x7fda14006e40 comp rx=0 tx=0).stop
2024-04-25T18:16:10.015 INFO:teuthology.orchestra.run.smithi116.stdout:/usr/bin/ceph: stderr
2024-04-25T18:16:09.423+0000 7fda2ea00700 1 -- 172.21.15.116:0/2267496910 >> [v2:172.21.15.116:3300/0,v1:172.21.15.116:6789/0] conn(0x7fda281070a0 msgr2=0x7fda2819e290 secure :-1 s=STATE_CONNECTION_ESTABLISHED l=1).mark_down
2024-04-25T18:16:10.015 INFO:teuthology.orchestra.run.smithi116.stdout:/usr/bin/ceph: stderr
2024-04-25T18:16:09.423+0000 7fda2ea00700 1 --2- 172.21.15.116:0/2267496910 >> [v2:172.21.15.116:3300/0,v1:172.21.15.116:6789/0] conn(0x7fda281070a0 0x7fda2819e290 secure :-1 s=READY pgs=21 cs=0 l=1 rev1=1 crypto rx=0x7fda1c000c00 tx=0x7fda1c011b70 comp rx=0 tx=0).stop
2024-04-25T18:16:10.015 INFO:teuthology.orchestra.run.smithi116.stdout:/usr/bin/ceph: stderr
2024-04-25T18:16:09.423+0000 7fda2ea00700 1 -- 172.21.15.116:0/2267496910 shutdown_connections
2024-04-25T18:16:10.015 INFO:teuthology.orchestra.run.smithi116.stdout:/usr/bin/ceph: stderr
2024-04-25T18:16:09.423+0000 7fda2ea00700 1 --2- 172.21.15.116:0/2267496910 >> [v2:172.21.15.116:6800/2772711006,v1:172.21.15.116:6801/2772711006] conn(0x7fda10039620 0x7fda1003bae0 unknown :-1 s=CLOSED pgs=7 cs=0 l=1 rev1=1 crypto rx=0 tx=0 comp rx=0 tx=0).stop
2024-04-25T18:16:10.015 INFO:teuthology.orchestra.run.smithi116.stdout:/usr/bin/ceph: stderr
2024-04-25T18:16:09.423+0000 7fda2ea00700 1 --2- 172.21.15.116:0/2267496910 >> [v2:172.21.15.116:3300/0,v1:172.21.15.116:6789/0] conn(0x7fda281070a0 0x7fda2819e290 unknown :-1 s=CLOSED pgs=21 cs=0 l=1 rev1=1 crypto rx=0 tx=0 comp rx=0 tx=0).stop
2024-04-25T18:16:10.015 INFO:teuthology.orchestra.run.smithi116.stdout:/usr/bin/ceph: stderr
2024-04-25T18:16:09.423+0000 7fda2ea00700 1 -- 172.21.15.116:0/2267496910 >> 172.21.15.116:0/2267496910 conn(0x7fda281026c0 msgr2=0x7fda281034c0 unknown :-1 s=STATE_NONE l=0).mark_down
2024-04-25T18:16:10.015 INFO:teuthology.orchestra.run.smithi116.stdout:/usr/bin/ceph: stderr
2024-04-25T18:16:09.424+0000 7fda2ea00700 1 -- 172.21.15.116:0/2267496910 shutdown_connections
2024-04-25T18:16:10.016 INFO:teuthology.orchestra.run.smithi116.stdout:/usr/bin/ceph: stderr
2024-04-25T18:16:09.424+0000 7fda2ea00700 1 -- 172.21.15.116:0/2267496910 wait complete.
2024-04-25T18:16:10.016 INFO:teuthology.orchestra.run.smithi116.stdout:Enabling cephadm module...
2024-04-25T18:16:11.229 INFO:journalctl@ceph.mgr.x.smithi116.stdout:Apr 25 18:16:11 smithi116 ceph-a36b7b20-032f-11ef-bc93-c7b262605968-mgr-x[28179]: ignoring --setuser ceph since I am not root
2024-04-25T18:16:11.229 INFO:journalctl@ceph.mgr.x.smithi116.stdout:Apr 25 18:16:11 smithi116 ceph-a36b7b20-032f-11ef-bc93-c7b262605968-mgr-x[28179]: ignoring --setgroup ceph since I am not root
2024-04-25T18:16:11.230 INFO:journalctl@ceph.mon.a.smithi116.stdout:Apr 25 18:16:10 smithi116 ceph-mon[27950]: from='client.? 172.21.15.116:0/3588352782' entity='client.admin' cmd=[{"prefix": "mgr module enable", "module": "cephadm"}]: dispatch
2024-04-25T18:16:11.494 INFO:journalctl@ceph.mgr.x.smithi116.stdout:Apr 25 18:16:11 smithi116 ceph-a36b7b20-032f-11ef-bc93-c7b262605968-mgr-x[28179]:
2024-04-25T18:16:11.228+0000 7f22bb03b200 -1 mgr[py] Module balancer has missing NOTIFY_TYPES member
2024-04-25T18:16:11.494 INFO:journalctl@ceph.mgr.x.smithi116.stdout:Apr 25 18:16:11 smithi116 ceph-a36b7b20-032f-11ef-bc93-c7b262605968-mgr-x[28179]:
2024-04-25T18:16:11.467+0000 7f22bb03b200 -1 mgr[py] Module orchestrator has missing NOTIFY_TYPES member
2024-04-25T18:16:11.671 INFO:teuthology.orchestra.run.smithi116.stdout:/usr/bin/ceph: stderr
2024-04-25T18:16:10.583+0000 7fd053e00700 1 Processor -- start
2024-04-25T18:16:11.671 INFO:teuthology.orchestra.run.smithi116.stdout:/usr/bin/ceph: stderr
2024-04-25T18:16:10.583+0000 7fd053e00700 1 -- start start
2024-04-25T18:16:11.671 INFO:teuthology.orchestra.run.smithi116.stdout:/usr/bin/ceph: stderr
2024-04-25T18:16:10.583+0000 7fd053e00700 1 --2- >> [v2:172.21.15.116:3300/0,v1:172.21.15.116:6789/0] conn(0x7fd05410ef20 0x7fd05410f340 unknown :-1 s=NONE pgs=0 cs=0 l=0 rev1=0 crypto rx=0 tx=0 comp rx=0 tx=0).connect
2024-04-25T18:16:11.671 INFO:teuthology.orchestra.run.smithi116.stdout:/usr/bin/ceph: stderr
2024-04-25T18:16:10.583+0000 7fd053e00700 1 -- --> [v2:172.21.15.116:3300/0,v1:172.21.15.116:6789/0] -- mon_getmap magic: 0 -- 0x7fd05410f910 con 0x7fd05410ef20
2024-04-25T18:16:11.671 INFO:teuthology.orchestra.run.smithi116.stdout:/usr/bin/ceph: stderr
2024-04-25T18:16:10.584+0000 7fd052a00700 1 --2- >> [v2:172.21.15.116:3300/0,v1:172.21.15.116:6789/0] conn(0x7fd05410ef20 0x7fd05410f340 unknown :-1 s=BANNER_CONNECTING pgs=0 cs=0 l=0 rev1=0 crypto rx=0 tx=0 comp rx=0 tx=0)._handle_peer_banner_payload supported=3 required=0
2024-04-25T18:16:11.672 INFO:teuthology.orchestra.run.smithi116.stdout:/usr/bin/ceph: stderr
2024-04-25T18:16:10.584+0000 7fd052a00700 1 --2- >> [v2:172.21.15.116:3300/0,v1:172.21.15.116:6789/0] conn(0x7fd05410ef20 0x7fd05410f340 unknown :-1 s=HELLO_CONNECTING pgs=0 cs=0 l=0 rev1=1 crypto rx=0 tx=0 comp rx=0 tx=0).handle_hello peer v2:172.21.15.116:3300/0 says I am v2:172.21.15.116:52278/0 (socket says 172.21.15.116:52278)
2024-04-25T18:16:11.672 INFO:teuthology.orchestra.run.smithi116.stdout:/usr/bin/ceph: stderr
2024-04-25T18:16:10.584+0000 7fd052a00700 1 -- 172.21.15.116:0/746116195 learned_addr learned my addr 172.21.15.116:0/746116195 (peer_addr_for_me v2:172.21.15.116:0/0)
2024-04-25T18:16:11.672 INFO:teuthology.orchestra.run.smithi116.stdout:/usr/bin/ceph: stderr
2024-04-25T18:16:10.584+0000 7fd052a00700 1 -- 172.21.15.116:0/746116195 --> [v2:172.21.15.116:3300/0,v1:172.21.15.116:6789/0] -- mon_subscribe({config=0+,monmap=0+}) -- 0x7fd05410fa90 con 0x7fd05410ef20
2024-04-25T18:16:11.672 INFO:teuthology.orchestra.run.smithi116.stdout:/usr/bin/ceph: stderr
2024-04-25T18:16:10.584+0000 7fd052a00700 1 --2- 172.21.15.116:0/746116195 >> [v2:172.21.15.116:3300/0,v1:172.21.15.116:6789/0] conn(0x7fd05410ef20 0x7fd05410f340 secure :-1 s=READY pgs=22 cs=0 l=1 rev1=1 crypto rx=0x7fd0440098a0 tx=0x7fd044009bb0 comp rx=0 tx=0).ready entity=mon.0 client_cookie=6028eb2c3c2d2999 server_cookie=0 in_seq=0 out_seq=0
2024-04-25T18:16:11.672 INFO:teuthology.orchestra.run.smithi116.stdout:/usr/bin/ceph: stderr
2024-04-25T18:16:10.585+0000 7fd051600700 1 -- 172.21.15.116:0/746116195 <== mon.0 v2:172.21.15.116:3300/0 1 ==== mon_map magic: 0 ==== 205+0+0 (secure 0 0 0) 0x7fd044004160 con 0x7fd05410ef20
2024-04-25T18:16:11.672 INFO:teuthology.orchestra.run.smithi116.stdout:/usr/bin/ceph: stderr
2024-04-25T18:16:10.585+0000 7fd051600700 1 -- 172.21.15.116:0/746116195 <== mon.0 v2:172.21.15.116:3300/0 2 ==== config(26 keys) ==== 1070+0+0 (secure 0 0 0) 0x7fd044004300 con 0x7fd05410ef20
2024-04-25T18:16:11.672 INFO:teuthology.orchestra.run.smithi116.stdout:/usr/bin/ceph: stderr
2024-04-25T18:16:10.585+0000 7fd051600700 1 -- 172.21.15.116:0/746116195 <== mon.0 v2:172.21.15.116:3300/0 3 ==== mon_map magic: 0 ==== 205+0+0 (secure 0 0 0) 0x7fd044011af0 con 0x7fd05410ef20
2024-04-25T18:16:11.672 INFO:teuthology.orchestra.run.smithi116.stdout:/usr/bin/ceph: stderr
2024-04-25T18:16:10.585+0000 7fd053e00700 1 -- 172.21.15.116:0/746116195 >> [v2:172.21.15.116:3300/0,v1:172.21.15.116:6789/0] conn(0x7fd05410ef20 msgr2=0x7fd05410f340 secure :-1 s=STATE_CONNECTION_ESTABLISHED l=1).mark_down
2024-04-25T18:16:11.672 INFO:teuthology.orchestra.run.smithi116.stdout:/usr/bin/ceph: stderr
2024-04-25T18:16:10.585+0000 7fd053e00700 1 --2- 172.21.15.116:0/746116195 >> [v2:172.21.15.116:3300/0,v1:172.21.15.116:6789/0] conn(0x7fd05410ef20 0x7fd05410f340 secure :-1 s=READY pgs=22 cs=0 l=1 rev1=1 crypto rx=0x7fd0440098a0 tx=0x7fd044009bb0 comp rx=0 tx=0).stop
2024-04-25T18:16:11.672 INFO:teuthology.orchestra.run.smithi116.stdout:/usr/bin/ceph: stderr
2024-04-25T18:16:10.586+0000 7fd053e00700 1 -- 172.21.15.116:0/746116195 shutdown_connections
2024-04-25T18:16:11.672 INFO:teuthology.orchestra.run.smithi116.stdout:/usr/bin/ceph: stderr
2024-04-25T18:16:10.586+0000 7fd053e00700 1 --2- 172.21.15.116:0/746116195 >> [v2:172.21.15.116:3300/0,v1:172.21.15.116:6789/0] conn(0x7fd05410ef20 0x7fd05410f340 unknown :-1 s=CLOSED pgs=22 cs=0 l=1 rev1=1 crypto rx=0 tx=0 comp rx=0 tx=0).stop
2024-04-25T18:16:11.672 INFO:teuthology.orchestra.run.smithi116.stdout:/usr/bin/ceph: stderr
2024-04-25T18:16:10.586+0000 7fd053e00700 1 -- 172.21.15.116:0/746116195 >> 172.21.15.116:0/746116195 conn(0x7fd05407d970 msgr2=0x7fd05407fd90 unknown :-1 s=STATE_NONE l=0).mark_down
2024-04-25T18:16:11.672 INFO:teuthology.orchestra.run.smithi116.stdout:/usr/bin/ceph: stderr
2024-04-25T18:16:10.586+0000 7fd053e00700 1 -- 172.21.15.116:0/746116195 shutdown_connections
2024-04-25T18:16:11.672 INFO:teuthology.orchestra.run.smithi116.stdout:/usr/bin/ceph: stderr
2024-04-25T18:16:10.586+0000 7fd053e00700 1 -- 172.21.15.116:0/746116195 wait complete.
2024-04-25T18:16:11.672 INFO:teuthology.orchestra.run.smithi116.stdout:/usr/bin/ceph: stderr
2024-04-25T18:16:10.587+0000 7fd053e00700 1 Processor -- start
2024-04-25T18:16:11.673 INFO:teuthology.orchestra.run.smithi116.stdout:/usr/bin/ceph: stderr
2024-04-25T18:16:10.587+0000 7fd053e00700 1 -- start start
2024-04-25T18:16:11.673 INFO:teuthology.orchestra.run.smithi116.stdout:/usr/bin/ceph: stderr
2024-04-25T18:16:10.587+0000 7fd053e00700 1 --2- >> [v2:172.21.15.116:3300/0,v1:172.21.15.116:6789/0] conn(0x7fd05410ef20 0x7fd0541a25e0 unknown :-1 s=NONE pgs=0 cs=0 l=1 rev1=0 crypto rx=0 tx=0 comp rx=0 tx=0).connect
2024-04-25T18:16:11.673 INFO:teuthology.orchestra.run.smithi116.stdout:/usr/bin/ceph: stderr
2024-04-25T18:16:10.587+0000 7fd053e00700 1 -- --> [v2:172.21.15.116:3300/0,v1:172.21.15.116:6789/0] -- mon_getmap magic: 0 -- 0x7fd054112aa0 con 0x7fd05410ef20
2024-04-25T18:16:11.673 INFO:teuthology.orchestra.run.smithi116.stdout:/usr/bin/ceph: stderr
2024-04-25T18:16:10.587+0000 7fd052a00700 1 --2- >> [v2:172.21.15.116:3300/0,v1:172.21.15.116:6789/0] conn(0x7fd05410ef20 0x7fd0541a25e0 unknown :-1 s=BANNER_CONNECTING pgs=0 cs=0 l=1 rev1=0 crypto rx=0 tx=0 comp rx=0 tx=0)._handle_peer_banner_payload supported=3 required=0
2024-04-25T18:16:11.673 INFO:teuthology.orchestra.run.smithi116.stdout:/usr/bin/ceph: stderr
2024-04-25T18:16:10.587+0000 7fd052a00700 1 --2- >> [v2:172.21.15.116:3300/0,v1:172.21.15.116:6789/0] conn(0x7fd05410ef20 0x7fd0541a25e0 unknown :-1 s=HELLO_CONNECTING pgs=0 cs=0 l=1 rev1=1 crypto rx=0 tx=0 comp rx=0 tx=0).handle_hello peer v2:172.21.15.116:3300/0 says I am v2:172.21.15.116:52284/0 (socket says 172.21.15.116:52284)
2024-04-25T18:16:11.673 INFO:teuthology.orchestra.run.smithi116.stdout:/usr/bin/ceph: stderr
2024-04-25T18:16:10.587+0000 7fd052a00700 1 -- 172.21.15.116:0/3588352782 learned_addr learned my addr 172.21.15.116:0/3588352782 (peer_addr_for_me v2:172.21.15.116:0/0)
2024-04-25T18:16:11.673 INFO:teuthology.orchestra.run.smithi116.stdout:/usr/bin/ceph: stderr
2024-04-25T18:16:10.588+0000 7fd052a00700 1 -- 172.21.15.116:0/3588352782 --> [v2:172.21.15.116:3300/0,v1:172.21.15.116:6789/0] -- mon_subscribe({config=0+,monmap=0+}) -- 0x7fd0541a2b20 con 0x7fd05410ef20
2024-04-25T18:16:11.673 INFO:teuthology.orchestra.run.smithi116.stdout:/usr/bin/ceph: stderr
2024-04-25T18:16:10.588+0000 7fd052a00700 1 --2- 172.21.15.116:0/3588352782 >> [v2:172.21.15.116:3300/0,v1:172.21.15.116:6789/0] conn(0x7fd05410ef20 0x7fd0541a25e0 secure :-1 s=READY pgs=23 cs=0 l=1 rev1=1 crypto rx=0x7fd044011ac0 tx=0x7fd044011ba0 comp rx=0 tx=0).ready entity=mon.0 client_cookie=0 server_cookie=0 in_seq=0 out_seq=0
2024-04-25T18:16:11.673 INFO:teuthology.orchestra.run.smithi116.stdout:/usr/bin/ceph: stderr
2024-04-25T18:16:10.588+0000 7fd04b400700 1 -- 172.21.15.116:0/3588352782 <== mon.0 v2:172.21.15.116:3300/0 1 ==== mon_map magic: 0 ==== 205+0+0 (secure 0 0 0) 0x7fd044003970 con 0x7fd05410ef20
2024-04-25T18:16:11.673 INFO:teuthology.orchestra.run.smithi116.stdout:/usr/bin/ceph: stderr
2024-04-25T18:16:10.588+0000 7fd04b400700 1 -- 172.21.15.116:0/3588352782 <== mon.0 v2:172.21.15.116:3300/0 2 ==== config(26 keys) ==== 1070+0+0 (secure 0 0 0) 0x7fd044003b10 con 0x7fd05410ef20
2024-04-25T18:16:11.673 INFO:teuthology.orchestra.run.smithi116.stdout:/usr/bin/ceph: stderr
2024-04-25T18:16:10.588+0000 7fd053e00700 1 -- 172.21.15.116:0/3588352782 --> [v2:172.21.15.116:3300/0,v1:172.21.15.116:6789/0] -- mon_subscribe({mgrmap=0+}) -- 0x7fd0541a2e10 con 0x7fd05410ef20
2024-04-25T18:16:11.673 INFO:teuthology.orchestra.run.smithi116.stdout:/usr/bin/ceph: stderr
2024-04-25T18:16:10.588+0000 7fd04b400700 1 -- 172.21.15.116:0/3588352782 <== mon.0 v2:172.21.15.116:3300/0 3 ==== mon_map magic: 0 ==== 205+0+0 (secure 0 0 0) 0x7fd044024610 con 0x7fd05410ef20
2024-04-25T18:16:11.673 INFO:teuthology.orchestra.run.smithi116.stdout:/usr/bin/ceph: stderr
2024-04-25T18:16:10.588+0000 7fd053e00700 1 -- 172.21.15.116:0/3588352782 --> [v2:172.21.15.116:3300/0,v1:172.21.15.116:6789/0] -- mon_subscribe({osdmap=0}) -- 0x7fd0541a5aa0 con 0x7fd05410ef20
2024-04-25T18:16:11.673 INFO:teuthology.orchestra.run.smithi116.stdout:/usr/bin/ceph: stderr
2024-04-25T18:16:10.589+0000 7fd04b400700 1 -- 172.21.15.116:0/3588352782 <== mon.0 v2:172.21.15.116:3300/0 4 ==== mgrmap(e 4) ==== 46547+0+0 (secure 0 0 0) 0x7fd04401a9e0 con 0x7fd05410ef20
2024-04-25T18:16:11.673 INFO:teuthology.orchestra.run.smithi116.stdout:/usr/bin/ceph: stderr
2024-04-25T18:16:10.590+0000 7fd053e00700 1 -- 172.21.15.116:0/3588352782 --> [v2:172.21.15.116:3300/0,v1:172.21.15.116:6789/0] -- mon_command({"prefix": "get_command_descriptions"} v 0) -- 0x7fd054069b50 con 0x7fd05410ef20
2024-04-25T18:16:11.674 INFO:teuthology.orchestra.run.smithi116.stdout:/usr/bin/ceph: stderr
2024-04-25T18:16:10.590+0000 7fd04b400700 1 --2- 172.21.15.116:0/3588352782 >> [v2:172.21.15.116:6800/2772711006,v1:172.21.15.116:6801/2772711006] conn(0x7fd038039670 0x7fd03803bb30 unknown :-1 s=NONE pgs=0 cs=0 l=1 rev1=0 crypto rx=0 tx=0 comp rx=0 tx=0).connect
2024-04-25T18:16:11.674 INFO:teuthology.orchestra.run.smithi116.stdout:/usr/bin/ceph: stderr
2024-04-25T18:16:10.590+0000 7fd04b400700 1 -- 172.21.15.116:0/3588352782 <== mon.0 v2:172.21.15.116:3300/0 5 ==== osd_map(1..1 src has 1..1) ==== 725+0+0 (secure 0 0 0) 0x7fd04404d810 con 0x7fd05410ef20
2024-04-25T18:16:11.674 INFO:teuthology.orchestra.run.smithi116.stdout:/usr/bin/ceph: stderr
2024-04-25T18:16:10.590+0000 7fd052000700 1 --2- 172.21.15.116:0/3588352782 >> [v2:172.21.15.116:6800/2772711006,v1:172.21.15.116:6801/2772711006] conn(0x7fd038039670 0x7fd03803bb30 unknown :-1 s=BANNER_CONNECTING pgs=0 cs=0 l=1 rev1=0 crypto rx=0 tx=0 comp rx=0 tx=0)._handle_peer_banner_payload supported=3 required=0
2024-04-25T18:16:11.674 INFO:teuthology.orchestra.run.smithi116.stdout:/usr/bin/ceph: stderr
2024-04-25T18:16:10.591+0000 7fd052000700 1 --2- 172.21.15.116:0/3588352782 >> [v2:172.21.15.116:6800/2772711006,v1:172.21.15.116:6801/2772711006] conn(0x7fd038039670 0x7fd03803bb30 secure :-1 s=READY pgs=8 cs=0 l=1 rev1=1 crypto rx=0x7fd040006fd0 tx=0x7fd040006e40 comp rx=0 tx=0).ready entity=mgr.14100 client_cookie=0 server_cookie=0 in_seq=0 out_seq=0
2024-04-25T18:16:11.674 INFO:teuthology.orchestra.run.smithi116.stdout:/usr/bin/ceph: stderr
2024-04-25T18:16:10.596+0000 7fd04b400700 1 -- 172.21.15.116:0/3588352782 <== mon.0 v2:172.21.15.116:3300/0 6 ==== mon_command_ack([{"prefix": "get_command_descriptions"}]=0 v0) ==== 72+0+188370 (secure 0 0 0) 0x7fd04400b3e0 con 0x7fd05410ef20
2024-04-25T18:16:11.674 INFO:teuthology.orchestra.run.smithi116.stdout:/usr/bin/ceph: stderr
2024-04-25T18:16:10.883+0000 7fd053e00700 1 -- 172.21.15.116:0/3588352782 --> [v2:172.21.15.116:3300/0,v1:172.21.15.116:6789/0] -- mon_command({"prefix": "mgr module enable", "module": "cephadm"} v 0) -- 0x7fd0541a6250 con 0x7fd05410ef20
2024-04-25T18:16:11.674 INFO:teuthology.orchestra.run.smithi116.stdout:/usr/bin/ceph: stderr
2024-04-25T18:16:10.937+0000 7fd04b400700 1 -- 172.21.15.116:0/3588352782 <== mon.0 v2:172.21.15.116:3300/0 7 ==== mon_command_ack([{"prefix": "mgr module enable", "module": "cephadm"}]=0 v5) ==== 86+0+0 (secure 0 0 0) 0x7fd04404d230 con 0x7fd05410ef20
2024-04-25T18:16:11.674 INFO:teuthology.orchestra.run.smithi116.stdout:/usr/bin/ceph: stderr
2024-04-25T18:16:10.940+0000 7fd053e00700 1 -- 172.21.15.116:0/3588352782 >> [v2:172.21.15.116:6800/2772711006,v1:172.21.15.116:6801/2772711006] conn(0x7fd038039670 msgr2=0x7fd03803bb30 secure :-1 s=STATE_CONNECTION_ESTABLISHED l=1).mark_down
2024-04-25T18:16:11.674 INFO:teuthology.orchestra.run.smithi116.stdout:/usr/bin/ceph: stderr
2024-04-25T18:16:10.940+0000 7fd053e00700 1 --2- 172.21.15.116:0/3588352782 >> [v2:172.21.15.116:6800/2772711006,v1:172.21.15.116:6801/2772711006] conn(0x7fd038039670 0x7fd03803bb30 secure :-1 s=READY pgs=8 cs=0 l=1 rev1=1 crypto rx=0x7fd040006fd0 tx=0x7fd040006e40 comp rx=0 tx=0).stop
2024-04-25T18:16:11.674 INFO:teuthology.orchestra.run.smithi116.stdout:/usr/bin/ceph: stderr
2024-04-25T18:16:10.940+0000 7fd04b400700 1 -- 172.21.15.116:0/3588352782 <== mon.0 v2:172.21.15.116:3300/0 8 ==== mgrmap(e 5) ==== 46558+0+0 (secure 0 0 0) 0x7fd04402c350 con 0x7fd05410ef20
2024-04-25T18:16:11.674 INFO:teuthology.orchestra.run.smithi116.stdout:/usr/bin/ceph: stderr
2024-04-25T18:16:10.940+0000 7fd053e00700 1 -- 172.21.15.116:0/3588352782 >> [v2:172.21.15.116:3300/0,v1:172.21.15.116:6789/0] conn(0x7fd05410ef20 msgr2=0x7fd0541a25e0 secure :-1 s=STATE_CONNECTION_ESTABLISHED l=1).mark_down
2024-04-25T18:16:11.674 INFO:teuthology.orchestra.run.smithi116.stdout:/usr/bin/ceph: stderr
2024-04-25T18:16:10.940+0000 7fd053e00700 1 --2- 172.21.15.116:0/3588352782 >> [v2:172.21.15.116:3300/0,v1:172.21.15.116:6789/0] conn(0x7fd05410ef20 0x7fd0541a25e0 secure :-1 s=READY pgs=23 cs=0 l=1 rev1=1 crypto rx=0x7fd044011ac0 tx=0x7fd044011ba0 comp rx=0 tx=0).stop
2024-04-25T18:16:11.674 INFO:teuthology.orchestra.run.smithi116.stdout:/usr/bin/ceph: stderr
2024-04-25T18:16:10.941+0000 7fd053e00700 1 -- 172.21.15.116:0/3588352782 shutdown_connections
2024-04-25T18:16:11.675 INFO:teuthology.orchestra.run.smithi116.stdout:/usr/bin/ceph: stderr
2024-04-25T18:16:10.941+0000 7fd053e00700 1 --2- 172.21.15.116:0/3588352782 >> [v2:172.21.15.116:6800/2772711006,v1:172.21.15.116:6801/2772711006] conn(0x7fd038039670 0x7fd03803bb30 unknown :-1 s=CLOSED pgs=8 cs=0 l=1 rev1=1 crypto rx=0 tx=0 comp rx=0 tx=0).stop
2024-04-25T18:16:11.675 INFO:teuthology.orchestra.run.smithi116.stdout:/usr/bin/ceph: stderr
2024-04-25T18:16:10.941+0000 7fd053e00700 1 --2- 172.21.15.116:0/3588352782 >> [v2:172.21.15.116:3300/0,v1:172.21.15.116:6789/0] conn(0x7fd05410ef20 0x7fd0541a25e0 unknown :-1 s=CLOSED pgs=23 cs=0 l=1 rev1=1 crypto rx=0 tx=0 comp rx=0 tx=0).stop
2024-04-25T18:16:11.675 INFO:teuthology.orchestra.run.smithi116.stdout:/usr/bin/ceph: stderr
2024-04-25T18:16:10.941+0000 7fd053e00700 1 -- 172.21.15.116:0/3588352782 >> 172.21.15.116:0/3588352782 conn(0x7fd05407d970 msgr2=0x7fd05407f430 unknown :-1 s=STATE_NONE l=0).mark_down
2024-04-25T18:16:11.675 INFO:teuthology.orchestra.run.smithi116.stdout:/usr/bin/ceph: stderr
