2024-04-25T18:34:01.619 INFO:teuthology.orchestra.run.smithi063.stdout:/usr/bin/ceph: stderr
2024-04-25T18:34:00.115+0000 7f724be00700 1 --2- >> [v2:172.21.15.63:3300/0,v1:172.21.15.63:6789/0] conn(0x7f724c108ff0 0x7f724c10b3e0 unknown :-1 s=BANNER_CONNECTING pgs=0 cs=0 l=0 rev1=0 crypto rx=0 tx=0 comp rx=0 tx=0)._handle_peer_banner_payload supported=3 required=0
2024-04-25T18:34:01.620 INFO:teuthology.orchestra.run.smithi063.stdout:/usr/bin/ceph: stderr
2024-04-25T18:34:00.115+0000 7f724be00700 1 --2- >> [v2:172.21.15.63:3300/0,v1:172.21.15.63:6789/0] conn(0x7f724c108ff0 0x7f724c10b3e0 unknown :-1 s=HELLO_CONNECTING pgs=0 cs=0 l=0 rev1=1 crypto rx=0 tx=0 comp rx=0 tx=0).handle_hello peer v2:172.21.15.63:3300/0 says I am v2:172.21.15.63:46546/0 (socket says 172.21.15.63:46546)
2024-04-25T18:34:01.620 INFO:teuthology.orchestra.run.smithi063.stdout:/usr/bin/ceph: stderr
2024-04-25T18:34:00.115+0000 7f724be00700 1 -- 172.21.15.63:0/1543306020 learned_addr learned my addr 172.21.15.63:0/1543306020 (peer_addr_for_me v2:172.21.15.63:0/0)
2024-04-25T18:34:01.620 INFO:teuthology.orchestra.run.smithi063.stdout:/usr/bin/ceph: stderr
2024-04-25T18:34:00.115+0000 7f724be00700 1 -- 172.21.15.63:0/1543306020 --> [v2:172.21.15.63:3300/0,v1:172.21.15.63:6789/0] -- mon_subscribe({config=0+,monmap=0+}) -- 0x7f724c10b920 con 0x7f724c108ff0
2024-04-25T18:34:01.620 INFO:teuthology.orchestra.run.smithi063.stdout:/usr/bin/ceph: stderr
2024-04-25T18:34:00.115+0000 7f724be00700 1 --2- 172.21.15.63:0/1543306020 >> [v2:172.21.15.63:3300/0,v1:172.21.15.63:6789/0] conn(0x7f724c108ff0 0x7f724c10b3e0 secure :-1 s=READY pgs=74 cs=0 l=1 rev1=1 crypto rx=0x7f723c0098a0 tx=0x7f723c009bb0 comp rx=0 tx=0).ready entity=mon.0 client_cookie=f259b4b6f56baca0 server_cookie=0 in_seq=0 out_seq=0
2024-04-25T18:34:01.620 INFO:teuthology.orchestra.run.smithi063.stdout:/usr/bin/ceph: stderr
2024-04-25T18:34:00.116+0000 7f724b400700 1 -- 172.21.15.63:0/1543306020 <== mon.0 v2:172.21.15.63:3300/0 1 ==== mon_map magic: 0 ==== 205+0+0 (secure 0 0 0) 0x7f723c004160 con 0x7f724c108ff0
2024-04-25T18:34:01.620 INFO:teuthology.orchestra.run.smithi063.stdout:/usr/bin/ceph: stderr
2024-04-25T18:34:00.116+0000 7f724b400700 1 -- 172.21.15.63:0/1543306020 <== mon.0 v2:172.21.15.63:3300/0 2 ==== config(26 keys) ==== 1101+0+0 (secure 0 0 0) 0x7f723c004300 con 0x7f724c108ff0
2024-04-25T18:34:01.621 INFO:teuthology.orchestra.run.smithi063.stdout:/usr/bin/ceph: stderr
2024-04-25T18:34:00.116+0000 7f724b400700 1 -- 172.21.15.63:0/1543306020 <== mon.0 v2:172.21.15.63:3300/0 3 ==== mon_map magic: 0 ==== 205+0+0 (secure 0 0 0) 0x7f723c011a20 con 0x7f724c108ff0
2024-04-25T18:34:01.621 INFO:teuthology.orchestra.run.smithi063.stdout:/usr/bin/ceph: stderr
2024-04-25T18:34:00.117+0000 7f7253200700 1 -- 172.21.15.63:0/1543306020 >> [v2:172.21.15.63:3300/0,v1:172.21.15.63:6789/0] conn(0x7f724c108ff0 msgr2=0x7f724c10b3e0 secure :-1 s=STATE_CONNECTION_ESTABLISHED l=1).mark_down
2024-04-25T18:34:01.621 INFO:teuthology.orchestra.run.smithi063.stdout:/usr/bin/ceph: stderr
2024-04-25T18:34:00.117+0000 7f7253200700 1 --2- 172.21.15.63:0/1543306020 >> [v2:172.21.15.63:3300/0,v1:172.21.15.63:6789/0] conn(0x7f724c108ff0 0x7f724c10b3e0 secure :-1 s=READY pgs=74 cs=0 l=1 rev1=1 crypto rx=0x7f723c0098a0 tx=0x7f723c009bb0 comp rx=0 tx=0).stop
2024-04-25T18:34:01.621 INFO:teuthology.orchestra.run.smithi063.stdout:/usr/bin/ceph: stderr
2024-04-25T18:34:00.117+0000 7f7253200700 1 -- 172.21.15.63:0/1543306020 shutdown_connections
2024-04-25T18:34:01.621 INFO:teuthology.orchestra.run.smithi063.stdout:/usr/bin/ceph: stderr
2024-04-25T18:34:00.117+0000 7f7253200700 1 --2- 172.21.15.63:0/1543306020 >> [v2:172.21.15.63:3300/0,v1:172.21.15.63:6789/0] conn(0x7f724c108ff0 0x7f724c10b3e0 unknown :-1 s=CLOSED pgs=74 cs=0 l=1 rev1=1 crypto rx=0 tx=0 comp rx=0 tx=0).stop
2024-04-25T18:34:01.621 INFO:teuthology.orchestra.run.smithi063.stdout:/usr/bin/ceph: stderr
2024-04-25T18:34:00.117+0000 7f7253200700 1 -- 172.21.15.63:0/1543306020 >> 172.21.15.63:0/1543306020 conn(0x7f724c102a40 msgr2=0x7f724c104e60 unknown :-1 s=STATE_NONE l=0).mark_down
2024-04-25T18:34:01.622 INFO:teuthology.orchestra.run.smithi063.stdout:/usr/bin/ceph: stderr
2024-04-25T18:34:00.117+0000 7f7253200700 1 -- 172.21.15.63:0/1543306020 shutdown_connections
2024-04-25T18:34:01.622 INFO:teuthology.orchestra.run.smithi063.stdout:/usr/bin/ceph: stderr
2024-04-25T18:34:00.117+0000 7f7253200700 1 -- 172.21.15.63:0/1543306020 wait complete.
2024-04-25T18:34:01.622 INFO:teuthology.orchestra.run.smithi063.stdout:/usr/bin/ceph: stderr
2024-04-25T18:34:00.118+0000 7f7253200700 1 Processor -- start
2024-04-25T18:34:01.622 INFO:teuthology.orchestra.run.smithi063.stdout:/usr/bin/ceph: stderr
2024-04-25T18:34:00.118+0000 7f7253200700 1 -- start start
2024-04-25T18:34:01.622 INFO:teuthology.orchestra.run.smithi063.stdout:/usr/bin/ceph: stderr
2024-04-25T18:34:00.119+0000 7f7253200700 1 --2- >> [v2:172.21.15.63:3300/0,v1:172.21.15.63:6789/0] conn(0x7f724c108ff0 0x7f724c19c3e0 unknown :-1 s=NONE pgs=0 cs=0 l=1 rev1=0 crypto rx=0 tx=0 comp rx=0 tx=0).connect
2024-04-25T18:34:01.622 INFO:teuthology.orchestra.run.smithi063.stdout:/usr/bin/ceph: stderr
2024-04-25T18:34:00.119+0000 7f7253200700 1 -- --> [v2:172.21.15.63:3300/0,v1:172.21.15.63:6789/0] -- mon_getmap magic: 0 -- 0x7f724c10c920 con 0x7f724c108ff0
2024-04-25T18:34:01.623 INFO:teuthology.orchestra.run.smithi063.stdout:/usr/bin/ceph: stderr
2024-04-25T18:34:00.119+0000 7f724be00700 1 --2- >> [v2:172.21.15.63:3300/0,v1:172.21.15.63:6789/0] conn(0x7f724c108ff0 0x7f724c19c3e0 unknown :-1 s=BANNER_CONNECTING pgs=0 cs=0 l=1 rev1=0 crypto rx=0 tx=0 comp rx=0 tx=0)._handle_peer_banner_payload supported=3 required=0
2024-04-25T18:34:01.623 INFO:teuthology.orchestra.run.smithi063.stdout:/usr/bin/ceph: stderr
2024-04-25T18:34:00.119+0000 7f724be00700 1 --2- >> [v2:172.21.15.63:3300/0,v1:172.21.15.63:6789/0] conn(0x7f724c108ff0 0x7f724c19c3e0 unknown :-1 s=HELLO_CONNECTING pgs=0 cs=0 l=1 rev1=1 crypto rx=0 tx=0 comp rx=0 tx=0).handle_hello peer v2:172.21.15.63:3300/0 says I am v2:172.21.15.63:46560/0 (socket says 172.21.15.63:46560)
2024-04-25T18:34:01.623 INFO:teuthology.orchestra.run.smithi063.stdout:/usr/bin/ceph: stderr
2024-04-25T18:34:00.119+0000 7f724be00700 1 -- 172.21.15.63:0/640441175 learned_addr learned my addr 172.21.15.63:0/640441175 (peer_addr_for_me v2:172.21.15.63:0/0)
2024-04-25T18:34:01.623 INFO:teuthology.orchestra.run.smithi063.stdout:/usr/bin/ceph: stderr
2024-04-25T18:34:00.119+0000 7f724be00700 1 -- 172.21.15.63:0/640441175 --> [v2:172.21.15.63:3300/0,v1:172.21.15.63:6789/0] -- mon_subscribe({config=0+,monmap=0+}) -- 0x7f724c19c920 con 0x7f724c108ff0
2024-04-25T18:34:01.624 INFO:teuthology.orchestra.run.smithi063.stdout:/usr/bin/ceph: stderr
2024-04-25T18:34:00.120+0000 7f724be00700 1 --2- 172.21.15.63:0/640441175 >> [v2:172.21.15.63:3300/0,v1:172.21.15.63:6789/0] conn(0x7f724c108ff0 0x7f724c19c3e0 secure :-1 s=READY pgs=75 cs=0 l=1 rev1=1 crypto rx=0x7f723c000c00 tx=0x7f723c011aa0 comp rx=0 tx=0).ready entity=mon.0 client_cookie=0 server_cookie=0 in_seq=0 out_seq=0
2024-04-25T18:34:01.624 INFO:teuthology.orchestra.run.smithi063.stdout:/usr/bin/ceph: stderr
2024-04-25T18:34:00.120+0000 7f7249600700 1 -- 172.21.15.63:0/640441175 <== mon.0 v2:172.21.15.63:3300/0 1 ==== mon_map magic: 0 ==== 205+0+0 (secure 0 0 0) 0x7f723c003aa0 con 0x7f724c108ff0
2024-04-25T18:34:01.624 INFO:teuthology.orchestra.run.smithi063.stdout:/usr/bin/ceph: stderr
2024-04-25T18:34:00.120+0000 7f7249600700 1 -- 172.21.15.63:0/640441175 <== mon.0 v2:172.21.15.63:3300/0 2 ==== config(26 keys) ==== 1101+0+0 (secure 0 0 0) 0x7f723c01b8f0 con 0x7f724c108ff0
2024-04-25T18:34:01.624 INFO:teuthology.orchestra.run.smithi063.stdout:/usr/bin/ceph: stderr
2024-04-25T18:34:00.120+0000 7f7249600700 1 -- 172.21.15.63:0/640441175 <== mon.0 v2:172.21.15.63:3300/0 3 ==== mon_map magic: 0 ==== 205+0+0 (secure 0 0 0) 0x7f723c023870 con 0x7f724c108ff0
2024-04-25T18:34:01.624 INFO:teuthology.orchestra.run.smithi063.stdout:/usr/bin/ceph: stderr
2024-04-25T18:34:00.120+0000 7f7253200700 1 -- 172.21.15.63:0/640441175 --> [v2:172.21.15.63:3300/0,v1:172.21.15.63:6789/0] -- mon_subscribe({mgrmap=0+}) -- 0x7f724c19cbb0 con 0x7f724c108ff0
2024-04-25T18:34:01.625 INFO:teuthology.orchestra.run.smithi063.stdout:/usr/bin/ceph: stderr
2024-04-25T18:34:00.120+0000 7f7253200700 1 -- 172.21.15.63:0/640441175 --> [v2:172.21.15.63:3300/0,v1:172.21.15.63:6789/0] -- mon_subscribe({osdmap=0}) -- 0x7f724c19f8a0 con 0x7f724c108ff0
2024-04-25T18:34:01.625 INFO:teuthology.orchestra.run.smithi063.stdout:/usr/bin/ceph: stderr
2024-04-25T18:34:00.122+0000 7f7253200700 1 -- 172.21.15.63:0/640441175 --> [v2:172.21.15.63:3300/0,v1:172.21.15.63:6789/0] -- mon_command({"prefix": "get_command_descriptions"} v 0) -- 0x7f724c0640a0 con 0x7f724c108ff0
2024-04-25T18:34:01.625 INFO:teuthology.orchestra.run.smithi063.stdout:/usr/bin/ceph: stderr
2024-04-25T18:34:00.122+0000 7f7249600700 1 -- 172.21.15.63:0/640441175 <== mon.0 v2:172.21.15.63:3300/0 4 ==== mgrmap(e 13) ==== 46614+0+0 (secure 0 0 0) 0x7f723c023b70 con 0x7f724c108ff0
2024-04-25T18:34:01.625 INFO:teuthology.orchestra.run.smithi063.stdout:/usr/bin/ceph: stderr
2024-04-25T18:34:00.122+0000 7f7249600700 1 --2- 172.21.15.63:0/640441175 >> [v2:172.21.15.63:6800/3659595029,v1:172.21.15.63:6801/3659595029] conn(0x7f72300396a0 0x7f723003bb60 unknown :-1 s=NONE pgs=0 cs=0 l=1 rev1=0 crypto rx=0 tx=0 comp rx=0 tx=0).connect
2024-04-25T18:34:01.626 INFO:teuthology.orchestra.run.smithi063.stdout:/usr/bin/ceph: stderr
2024-04-25T18:34:00.122+0000 7f7249600700 1 -- 172.21.15.63:0/640441175 <== mon.0 v2:172.21.15.63:3300/0 5 ==== osd_map(3..3 src has 1..3) ==== 1155+0+0 (secure 0 0 0) 0x7f723c04e170 con 0x7f724c108ff0
2024-04-25T18:34:01.626 INFO:teuthology.orchestra.run.smithi063.stdout:/usr/bin/ceph: stderr
2024-04-25T18:34:00.123+0000 7f7243e00700 1 --2- 172.21.15.63:0/640441175 >> [v2:172.21.15.63:6800/3659595029,v1:172.21.15.63:6801/3659595029] conn(0x7f72300396a0 0x7f723003bb60 unknown :-1 s=BANNER_CONNECTING pgs=0 cs=0 l=1 rev1=0 crypto rx=0 tx=0 comp rx=0 tx=0)._handle_peer_banner_payload supported=3 required=0
2024-04-25T18:34:01.626 INFO:teuthology.orchestra.run.smithi063.stdout:/usr/bin/ceph: stderr
2024-04-25T18:34:00.124+0000 7f7243e00700 1 --2- 172.21.15.63:0/640441175 >> [v2:172.21.15.63:6800/3659595029,v1:172.21.15.63:6801/3659595029] conn(0x7f72300396a0 0x7f723003bb60 secure :-1 s=READY pgs=9 cs=0 l=1 rev1=1 crypto rx=0x7f7234006fd0 tx=0x7f7234006e40 comp rx=0 tx=0).ready entity=mgr.14152 client_cookie=0 server_cookie=0 in_seq=0 out_seq=0
2024-04-25T18:34:01.626 INFO:teuthology.orchestra.run.smithi063.stdout:/usr/bin/ceph: stderr
2024-04-25T18:34:00.129+0000 7f7249600700 1 -- 172.21.15.63:0/640441175 <== mon.0 v2:172.21.15.63:3300/0 6 ==== mon_command_ack([{"prefix": "get_command_descriptions"}]=0 v0) ==== 72+0+188370 (secure 0 0 0) 0x7f723c01f030 con 0x7f724c108ff0
2024-04-25T18:34:01.627 INFO:teuthology.orchestra.run.smithi063.stdout:/usr/bin/ceph: stderr
2024-04-25T18:34:00.363+0000 7f7253200700 1 -- 172.21.15.63:0/640441175 --> [v2:172.21.15.63:3300/0,v1:172.21.15.63:6789/0] -- mon_command({"prefix": "config get", "who": "mgr", "key": "mgr/dashboard/ssl_server_port"} v 0) -- 0x7f724c19fe90 con 0x7f724c108ff0
2024-04-25T18:34:01.627 INFO:teuthology.orchestra.run.smithi063.stdout:/usr/bin/ceph: stderr
2024-04-25T18:34:00.363+0000 7f7249600700 1 -- 172.21.15.63:0/640441175 <== mon.0 v2:172.21.15.63:3300/0 7 ==== mon_command_ack([{"prefix": "config get", "who": "mgr", "key": "mgr/dashboard/ssl_server_port"}]=0 v8) ==== 112+0+5 (secure 0 0 0) 0x7f723c0292a0 con 0x7f724c108ff0
2024-04-25T18:34:01.627 INFO:teuthology.orchestra.run.smithi063.stdout:/usr/bin/ceph: stderr
2024-04-25T18:34:00.367+0000 7f7253200700 1 -- 172.21.15.63:0/640441175 >> [v2:172.21.15.63:6800/3659595029,v1:172.21.15.63:6801/3659595029] conn(0x7f72300396a0 msgr2=0x7f723003bb60 secure :-1 s=STATE_CONNECTION_ESTABLISHED l=1).mark_down
2024-04-25T18:34:01.627 INFO:teuthology.orchestra.run.smithi063.stdout:/usr/bin/ceph: stderr
2024-04-25T18:34:00.367+0000 7f7253200700 1 --2- 172.21.15.63:0/640441175 >> [v2:172.21.15.63:6800/3659595029,v1:172.21.15.63:6801/3659595029] conn(0x7f72300396a0 0x7f723003bb60 secure :-1 s=READY pgs=9 cs=0 l=1 rev1=1 crypto rx=0x7f7234006fd0 tx=0x7f7234006e40 comp rx=0 tx=0).stop
2024-04-25T18:34:01.627 INFO:teuthology.orchestra.run.smithi063.stdout:/usr/bin/ceph: stderr
2024-04-25T18:34:00.367+0000 7f7253200700 1 -- 172.21.15.63:0/640441175 >> [v2:172.21.15.63:3300/0,v1:172.21.15.63:6789/0] conn(0x7f724c108ff0 msgr2=0x7f724c19c3e0 secure :-1 s=STATE_CONNECTION_ESTABLISHED l=1).mark_down
2024-04-25T18:34:01.627 INFO:teuthology.orchestra.run.smithi063.stdout:/usr/bin/ceph: stderr
2024-04-25T18:34:00.367+0000 7f7253200700 1 --2- 172.21.15.63:0/640441175 >> [v2:172.21.15.63:3300/0,v1:172.21.15.63:6789/0] conn(0x7f724c108ff0 0x7f724c19c3e0 secure :-1 s=READY pgs=75 cs=0 l=1 rev1=1 crypto rx=0x7f723c000c00 tx=0x7f723c011aa0 comp rx=0 tx=0).stop
2024-04-25T18:34:01.628 INFO:teuthology.orchestra.run.smithi063.stdout:/usr/bin/ceph: stderr
2024-04-25T18:34:00.367+0000 7f7253200700 1 -- 172.21.15.63:0/640441175 shutdown_connections
2024-04-25T18:34:01.628 INFO:teuthology.orchestra.run.smithi063.stdout:/usr/bin/ceph: stderr
2024-04-25T18:34:00.367+0000 7f7253200700 1 --2- 172.21.15.63:0/640441175 >> [v2:172.21.15.63:6800/3659595029,v1:172.21.15.63:6801/3659595029] conn(0x7f72300396a0 0x7f723003bb60 unknown :-1 s=CLOSED pgs=9 cs=0 l=1 rev1=1 crypto rx=0 tx=0 comp rx=0 tx=0).stop
2024-04-25T18:34:01.628 INFO:teuthology.orchestra.run.smithi063.stdout:/usr/bin/ceph: stderr
2024-04-25T18:34:00.367+0000 7f7253200700 1 --2- 172.21.15.63:0/640441175 >> [v2:172.21.15.63:3300/0,v1:172.21.15.63:6789/0] conn(0x7f724c108ff0 0x7f724c19c3e0 unknown :-1 s=CLOSED pgs=75 cs=0 l=1 rev1=1 crypto rx=0 tx=0 comp rx=0 tx=0).stop
2024-04-25T18:34:01.628 INFO:teuthology.orchestra.run.smithi063.stdout:/usr/bin/ceph: stderr
2024-04-25T18:34:00.367+0000 7f7253200700 1 -- 172.21.15.63:0/640441175 >> 172.21.15.63:0/640441175 conn(0x7f724c102a40 msgr2=0x7f724c1034b0 unknown :-1 s=STATE_NONE l=0).mark_down
2024-04-25T18:34:01.629 INFO:teuthology.orchestra.run.smithi063.stdout:/usr/bin/ceph: stderr
2024-04-25T18:34:00.367+0000 7f7253200700 1 -- 172.21.15.63:0/640441175 shutdown_connections
2024-04-25T18:34:01.629 INFO:teuthology.orchestra.run.smithi063.stdout:/usr/bin/ceph: stderr
2024-04-25T18:34:00.368+0000 7f7253200700 1 -- 172.21.15.63:0/640441175 wait complete.
2024-04-25T18:34:01.652 INFO:teuthology.orchestra.run.smithi063.stdout:Non-zero exit code 1 from systemctl is-enabled firewalld.service
2024-04-25T18:34:01.652 INFO:teuthology.orchestra.run.smithi063.stdout:systemctl: stdout disabled
2024-04-25T18:34:01.676 INFO:teuthology.orchestra.run.smithi063.stdout:Non-zero exit code 3 from systemctl is-active firewalld.service
2024-04-25T18:34:01.677 INFO:teuthology.orchestra.run.smithi063.stdout:systemctl: stdout inactive
2024-04-25T18:34:01.677 INFO:teuthology.orchestra.run.smithi063.stdout:firewalld.service is not enabled
2024-04-25T18:34:01.677 INFO:teuthology.orchestra.run.smithi063.stdout:Not possible to open ports <[8443]>. firewalld.service is not available
2024-04-25T18:34:01.679 INFO:teuthology.orchestra.run.smithi063.stdout:Ceph Dashboard is now available at:
2024-04-25T18:34:01.680 INFO:teuthology.orchestra.run.smithi063.stdout:
2024-04-25T18:34:01.680 INFO:teuthology.orchestra.run.smithi063.stdout: URL: https://smithi063.front.sepia.ceph.com:8443/
2024-04-25T18:34:01.680 INFO:teuthology.orchestra.run.smithi063.stdout: User: admin
2024-04-25T18:34:01.680 INFO:teuthology.orchestra.run.smithi063.stdout: Password: 6g8dn09qg4
2024-04-25T18:34:01.680 INFO:teuthology.orchestra.run.smithi063.stdout:
2024-04-25T18:34:01.681 INFO:teuthology.orchestra.run.smithi063.stdout:Saving cluster configuration to /var/lib/ceph/e90c993c-0331-11ef-bc93-c7b262605968/config directory
2024-04-25T18:34:01.682 INFO:teuthology.orchestra.run.smithi063.stdout:Enabling autotune for osd_memory_target
2024-04-25T18:34:03.695 INFO:teuthology.orchestra.run.smithi063.stdout:/usr/bin/ceph: stderr
2024-04-25T18:34:02.722+0000 7ff86fa00700 1 Processor -- start
2024-04-25T18:34:03.695 INFO:teuthology.orchestra.run.smithi063.stdout:/usr/bin/ceph: stderr
2024-04-25T18:34:02.722+0000 7ff86fa00700 1 -- start start
2024-04-25T18:34:03.695 INFO:teuthology.orchestra.run.smithi063.stdout:/usr/bin/ceph: stderr
2024-04-25T18:34:02.723+0000 7ff86fa00700 1 --2- >> [v2:172.21.15.63:3300/0,v1:172.21.15.63:6789/0] conn(0x7ff86807cd60 0x7ff86807b1c0 unknown :-1 s=NONE pgs=0 cs=0 l=0 rev1=0 crypto rx=0 tx=0 comp rx=0 tx=0).connect
2024-04-25T18:34:03.695 INFO:teuthology.orchestra.run.smithi063.stdout:/usr/bin/ceph: stderr
2024-04-25T18:34:02.723+0000 7ff86fa00700 1 -- --> [v2:172.21.15.63:3300/0,v1:172.21.15.63:6789/0] -- mon_getmap magic: 0 -- 0x7ff86807b790 con 0x7ff86807cd60
2024-04-25T18:34:03.695 INFO:teuthology.orchestra.run.smithi063.stdout:/usr/bin/ceph: stderr
2024-04-25T18:34:02.723+0000 7ff86d000700 1 --2- >> [v2:172.21.15.63:3300/0,v1:172.21.15.63:6789/0] conn(0x7ff86807cd60 0x7ff86807b1c0 unknown :-1 s=BANNER_CONNECTING pgs=0 cs=0 l=0 rev1=0 crypto rx=0 tx=0 comp rx=0 tx=0)._handle_peer_banner_payload supported=3 required=0
2024-04-25T18:34:03.695 INFO:teuthology.orchestra.run.smithi063.stdout:/usr/bin/ceph: stderr
2024-04-25T18:34:02.723+0000 7ff86d000700 1 --2- >> [v2:172.21.15.63:3300/0,v1:172.21.15.63:6789/0] conn(0x7ff86807cd60 0x7ff86807b1c0 unknown :-1 s=HELLO_CONNECTING pgs=0 cs=0 l=0 rev1=1 crypto rx=0 tx=0 comp rx=0 tx=0).handle_hello peer v2:172.21.15.63:3300/0 says I am v2:172.21.15.63:46564/0 (socket says 172.21.15.63:46564)
2024-04-25T18:34:03.695 INFO:teuthology.orchestra.run.smithi063.stdout:/usr/bin/ceph: stderr
2024-04-25T18:34:02.723+0000 7ff86d000700 1 -- 172.21.15.63:0/828949204 learned_addr learned my addr 172.21.15.63:0/828949204 (peer_addr_for_me v2:172.21.15.63:0/0)
2024-04-25T18:34:03.695 INFO:teuthology.orchestra.run.smithi063.stdout:/usr/bin/ceph: stderr
2024-04-25T18:34:02.724+0000 7ff86d000700 1 -- 172.21.15.63:0/828949204 --> [v2:172.21.15.63:3300/0,v1:172.21.15.63:6789/0] -- mon_subscribe({config=0+,monmap=0+}) -- 0x7ff86807b910 con 0x7ff86807cd60
2024-04-25T18:34:03.695 INFO:teuthology.orchestra.run.smithi063.stdout:/usr/bin/ceph: stderr
2024-04-25T18:34:02.724+0000 7ff86d000700 1 --2- 172.21.15.63:0/828949204 >> [v2:172.21.15.63:3300/0,v1:172.21.15.63:6789/0] conn(0x7ff86807cd60 0x7ff86807b1c0 secure :-1 s=READY pgs=76 cs=0 l=1 rev1=1 crypto rx=0x7ff8580098a0 tx=0x7ff858009bb0 comp rx=0 tx=0).ready entity=mon.0 client_cookie=1277b45a97e4c641 server_cookie=0 in_seq=0 out_seq=0
2024-04-25T18:34:03.695 INFO:teuthology.orchestra.run.smithi063.stdout:/usr/bin/ceph: stderr
2024-04-25T18:34:02.724+0000 7ff867e00700 1 -- 172.21.15.63:0/828949204 <== mon.0 v2:172.21.15.63:3300/0 1 ==== mon_map magic: 0 ==== 205+0+0 (secure 0 0 0) 0x7ff858004160 con 0x7ff86807cd60
2024-04-25T18:34:03.695 INFO:teuthology.orchestra.run.smithi063.stdout:/usr/bin/ceph: stderr
2024-04-25T18:34:02.724+0000 7ff867e00700 1 -- 172.21.15.63:0/828949204 <== mon.0 v2:172.21.15.63:3300/0 2 ==== config(26 keys) ==== 1101+0+0 (secure 0 0 0) 0x7ff858004300 con 0x7ff86807cd60
2024-04-25T18:34:03.695 INFO:teuthology.orchestra.run.smithi063.stdout:/usr/bin/ceph: stderr
2024-04-25T18:34:02.724+0000 7ff867e00700 1 -- 172.21.15.63:0/828949204 <== mon.0 v2:172.21.15.63:3300/0 3 ==== mon_map magic: 0 ==== 205+0+0 (secure 0 0 0) 0x7ff858011a20 con 0x7ff86807cd60
2024-04-25T18:34:03.696 INFO:teuthology.orchestra.run.smithi063.stdout:/usr/bin/ceph: stderr
2024-04-25T18:34:02.725+0000 7ff86fa00700 1 -- 172.21.15.63:0/828949204 >> [v2:172.21.15.63:3300/0,v1:172.21.15.63:6789/0] conn(0x7ff86807cd60 msgr2=0x7ff86807b1c0 secure :-1 s=STATE_CONNECTION_ESTABLISHED l=1).mark_down
2024-04-25T18:34:03.696 INFO:teuthology.orchestra.run.smithi063.stdout:/usr/bin/ceph: stderr
2024-04-25T18:34:02.725+0000 7ff86fa00700 1 --2- 172.21.15.63:0/828949204 >> [v2:172.21.15.63:3300/0,v1:172.21.15.63:6789/0] conn(0x7ff86807cd60 0x7ff86807b1c0 secure :-1 s=READY pgs=76 cs=0 l=1 rev1=1 crypto rx=0x7ff8580098a0 tx=0x7ff858009bb0 comp rx=0 tx=0).stop
2024-04-25T18:34:03.696 INFO:teuthology.orchestra.run.smithi063.stdout:/usr/bin/ceph: stderr
2024-04-25T18:34:02.725+0000 7ff86fa00700 1 -- 172.21.15.63:0/828949204 shutdown_connections
2024-04-25T18:34:03.696 INFO:teuthology.orchestra.run.smithi063.stdout:/usr/bin/ceph: stderr
2024-04-25T18:34:02.725+0000 7ff86fa00700 1 --2- 172.21.15.63:0/828949204 >> [v2:172.21.15.63:3300/0,v1:172.21.15.63:6789/0] conn(0x7ff86807cd60 0x7ff86807b1c0 unknown :-1 s=CLOSED pgs=76 cs=0 l=1 rev1=1 crypto rx=0 tx=0 comp rx=0 tx=0).stop
2024-04-25T18:34:03.696 INFO:teuthology.orchestra.run.smithi063.stdout:/usr/bin/ceph: stderr
2024-04-25T18:34:02.725+0000 7ff86fa00700 1 -- 172.21.15.63:0/828949204 >> 172.21.15.63:0/828949204 conn(0x7ff868103b50 msgr2=0x7ff868105f70 unknown :-1 s=STATE_NONE l=0).mark_down
2024-04-25T18:34:03.696 INFO:teuthology.orchestra.run.smithi063.stdout:/usr/bin/ceph: stderr
2024-04-25T18:34:02.725+0000 7ff86fa00700 1 -- 172.21.15.63:0/828949204 shutdown_connections
2024-04-25T18:34:03.696 INFO:teuthology.orchestra.run.smithi063.stdout:/usr/bin/ceph: stderr
2024-04-25T18:34:02.725+0000 7ff86fa00700 1 -- 172.21.15.63:0/828949204 wait complete.
2024-04-25T18:34:03.696 INFO:teuthology.orchestra.run.smithi063.stdout:/usr/bin/ceph: stderr
2024-04-25T18:34:02.726+0000 7ff86fa00700 1 Processor -- start
2024-04-25T18:34:03.696 INFO:teuthology.orchestra.run.smithi063.stdout:/usr/bin/ceph: stderr
2024-04-25T18:34:02.726+0000 7ff86fa00700 1 -- start start
2024-04-25T18:34:03.696 INFO:teuthology.orchestra.run.smithi063.stdout:/usr/bin/ceph: stderr
2024-04-25T18:34:02.727+0000 7ff86fa00700 1 --2- >> [v2:172.21.15.63:3300/0,v1:172.21.15.63:6789/0] conn(0x7ff86807cd60 0x7ff86819e5d0 unknown :-1 s=NONE pgs=0 cs=0 l=1 rev1=0 crypto rx=0 tx=0 comp rx=0 tx=0).connect
2024-04-25T18:34:03.696 INFO:teuthology.orchestra.run.smithi063.stdout:/usr/bin/ceph: stderr
2024-04-25T18:34:02.727+0000 7ff86fa00700 1 -- --> [v2:172.21.15.63:3300/0,v1:172.21.15.63:6789/0] -- mon_getmap magic: 0 -- 0x7ff86810eb10 con 0x7ff86807cd60
2024-04-25T18:34:03.696 INFO:teuthology.orchestra.run.smithi063.stdout:/usr/bin/ceph: stderr
2024-04-25T18:34:02.727+0000 7ff86d000700 1 --2- >> [v2:172.21.15.63:3300/0,v1:172.21.15.63:6789/0] conn(0x7ff86807cd60 0x7ff86819e5d0 unknown :-1 s=BANNER_CONNECTING pgs=0 cs=0 l=1 rev1=0 crypto rx=0 tx=0 comp rx=0 tx=0)._handle_peer_banner_payload supported=3 required=0
2024-04-25T18:34:03.696 INFO:teuthology.orchestra.run.smithi063.stdout:/usr/bin/ceph: stderr
2024-04-25T18:34:02.727+0000 7ff86d000700 1 --2- >> [v2:172.21.15.63:3300/0,v1:172.21.15.63:6789/0] conn(0x7ff86807cd60 0x7ff86819e5d0 unknown :-1 s=HELLO_CONNECTING pgs=0 cs=0 l=1 rev1=1 crypto rx=0 tx=0 comp rx=0 tx=0).handle_hello peer v2:172.21.15.63:3300/0 says I am v2:172.21.15.63:46568/0 (socket says 172.21.15.63:46568)
2024-04-25T18:34:03.696 INFO:teuthology.orchestra.run.smithi063.stdout:/usr/bin/ceph: stderr
2024-04-25T18:34:02.727+0000 7ff86d000700 1 -- 172.21.15.63:0/1751666131 learned_addr learned my addr 172.21.15.63:0/1751666131 (peer_addr_for_me v2:172.21.15.63:0/0)
2024-04-25T18:34:03.696 INFO:teuthology.orchestra.run.smithi063.stdout:/usr/bin/ceph: stderr
2024-04-25T18:34:02.727+0000 7ff86d000700 1 -- 172.21.15.63:0/1751666131 --> [v2:172.21.15.63:3300/0,v1:172.21.15.63:6789/0] -- mon_subscribe({config=0+,monmap=0+}) -- 0x7ff86819eb10 con 0x7ff86807cd60
2024-04-25T18:34:03.697 INFO:teuthology.orchestra.run.smithi063.stdout:/usr/bin/ceph: stderr
2024-04-25T18:34:02.728+0000 7ff86d000700 1 --2- 172.21.15.63:0/1751666131 >> [v2:172.21.15.63:3300/0,v1:172.21.15.63:6789/0] conn(0x7ff86807cd60 0x7ff86819e5d0 secure :-1 s=READY pgs=77 cs=0 l=1 rev1=1 crypto rx=0x7ff858000c00 tx=0x7ff858011aa0 comp rx=0 tx=0).ready entity=mon.0 client_cookie=0 server_cookie=0 in_seq=0 out_seq=0
2024-04-25T18:34:03.697 INFO:teuthology.orchestra.run.smithi063.stdout:/usr/bin/ceph: stderr
2024-04-25T18:34:02.728+0000 7ff866000700 1 -- 172.21.15.63:0/1751666131 <== mon.0 v2:172.21.15.63:3300/0 1 ==== mon_map magic: 0 ==== 205+0+0 (secure 0 0 0) 0x7ff858003aa0 con 0x7ff86807cd60
2024-04-25T18:34:03.697 INFO:teuthology.orchestra.run.smithi063.stdout:/usr/bin/ceph: stderr
2024-04-25T18:34:02.728+0000 7ff866000700 1 -- 172.21.15.63:0/1751666131 <== mon.0 v2:172.21.15.63:3300/0 2 ==== config(26 keys) ==== 1101+0+0 (secure 0 0 0) 0x7ff85801b8f0 con 0x7ff86807cd60
2024-04-25T18:34:03.697 INFO:teuthology.orchestra.run.smithi063.stdout:/usr/bin/ceph: stderr
2024-04-25T18:34:02.728+0000 7ff866000700 1 -- 172.21.15.63:0/1751666131 <== mon.0 v2:172.21.15.63:3300/0 3 ==== mon_map magic: 0 ==== 205+0+0 (secure 0 0 0) 0x7ff858023870 con 0x7ff86807cd60
2024-04-25T18:34:03.697 INFO:teuthology.orchestra.run.smithi063.stdout:/usr/bin/ceph: stderr
2024-04-25T18:34:02.728+0000 7ff86fa00700 1 -- 172.21.15.63:0/1751666131 --> [v2:172.21.15.63:3300/0,v1:172.21.15.63:6789/0] -- mon_subscribe({mgrmap=0+}) -- 0x7ff86819eda0 con 0x7ff86807cd60
2024-04-25T18:34:03.697 INFO:teuthology.orchestra.run.smithi063.stdout:/usr/bin/ceph: stderr
2024-04-25T18:34:02.728+0000 7ff86fa00700 1 -- 172.21.15.63:0/1751666131 --> [v2:172.21.15.63:3300/0,v1:172.21.15.63:6789/0] -- mon_subscribe({osdmap=0}) -- 0x7ff8681a1a90 con 0x7ff86807cd60
2024-04-25T18:34:03.697 INFO:teuthology.orchestra.run.smithi063.stdout:/usr/bin/ceph: stderr
2024-04-25T18:34:02.729+0000 7ff866000700 1 -- 172.21.15.63:0/1751666131 <== mon.0 v2:172.21.15.63:3300/0 4 ==== mgrmap(e 13) ==== 46614+0+0 (secure 0 0 0) 0x7ff85801b440 con 0x7ff86807cd60
2024-04-25T18:34:03.697 INFO:teuthology.orchestra.run.smithi063.stdout:/usr/bin/ceph: stderr
2024-04-25T18:34:02.729+0000 7ff86fa00700 1 -- 172.21.15.63:0/1751666131 --> [v2:172.21.15.63:3300/0,v1:172.21.15.63:6789/0] -- mon_command({"prefix": "get_command_descriptions"} v 0) -- 0x7ff8680640a0 con 0x7ff86807cd60
2024-04-25T18:34:03.697 INFO:teuthology.orchestra.run.smithi063.stdout:/usr/bin/ceph: stderr
2024-04-25T18:34:02.730+0000 7ff866000700 1 --2- 172.21.15.63:0/1751666131 >> [v2:172.21.15.63:6800/3659595029,v1:172.21.15.63:6801/3659595029] conn(0x7ff84c039700 0x7ff84c03bbc0 unknown :-1 s=NONE pgs=0 cs=0 l=1 rev1=0 crypto rx=0 tx=0 comp rx=0 tx=0).connect
2024-04-25T18:34:03.697 INFO:teuthology.orchestra.run.smithi063.stdout:/usr/bin/ceph: stderr
2024-04-25T18:34:02.730+0000 7ff866000700 1 -- 172.21.15.63:0/1751666131 <== mon.0 v2:172.21.15.63:3300/0 5 ==== osd_map(3..3 src has 1..3) ==== 1155+0+0 (secure 0 0 0) 0x7ff85804e090 con 0x7ff86807cd60
2024-04-25T18:34:03.697 INFO:teuthology.orchestra.run.smithi063.stdout:/usr/bin/ceph: stderr
2024-04-25T18:34:02.730+0000 7ff85fe00700 1 --2- 172.21.15.63:0/1751666131 >> [v2:172.21.15.63:6800/3659595029,v1:172.21.15.63:6801/3659595029] conn(0x7ff84c039700 0x7ff84c03bbc0 unknown :-1 s=BANNER_CONNECTING pgs=0 cs=0 l=1 rev1=0 crypto rx=0 tx=0 comp rx=0 tx=0)._handle_peer_banner_payload supported=3 required=0
2024-04-25T18:34:03.697 INFO:teuthology.orchestra.run.smithi063.stdout:/usr/bin/ceph: stderr
2024-04-25T18:34:02.731+0000 7ff85fe00700 1 --2- 172.21.15.63:0/1751666131 >> [v2:172.21.15.63:6800/3659595029,v1:172.21.15.63:6801/3659595029] conn(0x7ff84c039700 0x7ff84c03bbc0 secure :-1 s=READY pgs=10 cs=0 l=1 rev1=1 crypto rx=0x7ff850006fd0 tx=0x7ff850006e40 comp rx=0 tx=0).ready entity=mgr.14152 client_cookie=0 server_cookie=0 in_seq=0 out_seq=0
2024-04-25T18:34:03.697 INFO:teuthology.orchestra.run.smithi063.stdout:/usr/bin/ceph: stderr
2024-04-25T18:34:02.736+0000 7ff866000700 1 -- 172.21.15.63:0/1751666131 <== mon.0 v2:172.21.15.63:3300/0 6 ==== mon_command_ack([{"prefix": "get_command_descriptions"}]=0 v0) ==== 72+0+188370 (secure 0 0 0) 0x7ff85801f030 con 0x7ff86807cd60
2024-04-25T18:34:03.697 INFO:teuthology.orchestra.run.smithi063.stdout:/usr/bin/ceph: stderr
2024-04-25T18:34:02.966+0000 7ff86fa00700 1 -- 172.21.15.63:0/1751666131 --> [v2:172.21.15.63:3300/0,v1:172.21.15.63:6789/0] -- mon_command([{prefix=config set, name=osd_memory_target_autotune}] v 0) -- 0x7ff8681a20f0 con 0x7ff86807cd60
2024-04-25T18:34:03.698 INFO:teuthology.orchestra.run.smithi063.stdout:/usr/bin/ceph: stderr
2024-04-25T18:34:02.967+0000 7ff866000700 1 -- 172.21.15.63:0/1751666131 <== mon.0 v2:172.21.15.63:3300/0 7 ==== mon_command_ack([{prefix=config set, name=osd_memory_target_autotune}]=0 v8)=0 v8) ==== 127+0+0 (secure 0 0 0) 0x7ff85800e260 con 0x7ff86807cd60
2024-04-25T18:34:03.698 INFO:teuthology.orchestra.run.smithi063.stdout:/usr/bin/ceph: stderr
2024-04-25T18:34:02.969+0000 7ff86fa00700 1 -- 172.21.15.63:0/1751666131 >> [v2:172.21.15.63:6800/3659595029,v1:172.21.15.63:6801/3659595029] conn(0x7ff84c039700 msgr2=0x7ff84c03bbc0 secure :-1 s=STATE_CONNECTION_ESTABLISHED l=1).mark_down
2024-04-25T18:34:03.698 INFO:teuthology.orchestra.run.smithi063.stdout:/usr/bin/ceph: stderr
2024-04-25T18:34:02.969+0000 7ff86fa00700 1 --2- 172.21.15.63:0/1751666131 >> [v2:172.21.15.63:6800/3659595029,v1:172.21.15.63:6801/3659595029] conn(0x7ff84c039700 0x7ff84c03bbc0 secure :-1 s=READY pgs=10 cs=0 l=1 rev1=1 crypto rx=0x7ff850006fd0 tx=0x7ff850006e40 comp rx=0 tx=0).stop
2024-04-25T18:34:03.698 INFO:teuthology.orchestra.run.smithi063.stdout:/usr/bin/ceph: stderr
2024-04-25T18:34:02.969+0000 7ff86fa00700 1 -- 172.21.15.63:0/1751666131 >> [v2:172.21.15.63:3300/0,v1:172.21.15.63:6789/0] conn(0x7ff86807cd60 msgr2=0x7ff86819e5d0 secure :-1 s=STATE_CONNECTION_ESTABLISHED l=1).mark_down
2024-04-25T18:34:03.698 INFO:teuthology.orchestra.run.smithi063.stdout:/usr/bin/ceph: stderr
2024-04-25T18:34:02.969+0000 7ff86fa00700 1 --2- 172.21.15.63:0/1751666131 >> [v2:172.21.15.63:3300/0,v1:172.21.15.63:6789/0] conn(0x7ff86807cd60 0x7ff86819e5d0 secure :-1 s=READY pgs=77 cs=0 l=1 rev1=1 crypto rx=0x7ff858000c00 tx=0x7ff858011aa0 comp rx=0 tx=0).stop
2024-04-25T18:34:03.698 INFO:teuthology.orchestra.run.smithi063.stdout:/usr/bin/ceph: stderr
2024-04-25T18:34:02.969+0000 7ff86fa00700 1 -- 172.21.15.63:0/1751666131 shutdown_connections
2024-04-25T18:34:03.698 INFO:teuthology.orchestra.run.smithi063.stdout:/usr/bin/ceph: stderr
2024-04-25T18:34:02.969+0000 7ff86fa00700 1 --2- 172.21.15.63:0/1751666131 >> [v2:172.21.15.63:6800/3659595029,v1:172.21.15.63:6801/3659595029] conn(0x7ff84c039700 0x7ff84c03bbc0 unknown :-1 s=CLOSED pgs=10 cs=0 l=1 rev1=1 crypto rx=0 tx=0 comp rx=0 tx=0).stop
2024-04-25T18:34:03.698 INFO:teuthology.orchestra.run.smithi063.stdout:/usr/bin/ceph: stderr
2024-04-25T18:34:02.969+0000 7ff86fa00700 1 --2- 172.21.15.63:0/1751666131 >> [v2:172.21.15.63:3300/0,v1:172.21.15.63:6789/0] conn(0x7ff86807cd60 0x7ff86819e5d0 unknown :-1 s=CLOSED pgs=77 cs=0 l=1 rev1=1 crypto rx=0 tx=0 comp rx=0 tx=0).stop
2024-04-25T18:34:03.698 INFO:teuthology.orchestra.run.smithi063.stdout:/usr/bin/ceph: stderr
2024-04-25T18:34:02.969+0000 7ff86fa00700 1 -- 172.21.15.63:0/1751666131 >> 172.21.15.63:0/1751666131 conn(0x7ff868103b50 msgr2=0x7ff8681045a0 unknown :-1 s=STATE_NONE l=0).mark_down
2024-04-25T18:34:03.698 INFO:teuthology.orchestra.run.smithi063.stdout:/usr/bin/ceph: stderr
2024-04-25T18:34:02.970+0000 7ff86fa00700 1 -- 172.21.15.63:0/1751666131 shutdown_connections
2024-04-25T18:34:03.698 INFO:teuthology.orchestra.run.smithi063.stdout:/usr/bin/ceph: stderr
2024-04-25T18:34:02.970+0000 7ff86fa00700 1 -- 172.21.15.63:0/1751666131 wait complete.
2024-04-25T18:34:05.488 INFO:teuthology.orchestra.run.smithi063.stdout:/usr/bin/ceph: stderr
2024-04-25T18:34:04.368+0000 7f0ceda00700 1 Processor -- start
2024-04-25T18:34:05.588 INFO:teuthology.orchestra.run.smithi063.stdout:/usr/bin/ceph: stderr
2024-04-25T18:34:04.368+0000 7f0ceda00700 1 -- start start
2024-04-25T18:34:05.588 INFO:teuthology.orchestra.run.smithi063.stdout:/usr/bin/ceph: stderr
2024-04-25T18:34:04.368+0000 7f0ceda00700 1 --2- >> [v2:172.21.15.63:3300/0,v1:172.21.15.63:6789/0] conn(0x7f0ce810be00 0x7f0ce810c220 unknown :-1 s=NONE pgs=0 cs=0 l=0 rev1=0 crypto rx=0 tx=0 comp rx=0 tx=0).connect
2024-04-25T18:34:05.588 INFO:teuthology.orchestra.run.smithi063.stdout:/usr/bin/ceph: stderr
2024-04-25T18:34:04.368+0000 7f0ceda00700 1 -- --> [v2:172.21.15.63:3300/0,v1:172.21.15.63:6789/0] -- mon_getmap magic: 0 -- 0x7f0ce810a390 con 0x7f0ce810be00
2024-04-25T18:34:05.588 INFO:teuthology.orchestra.run.smithi063.stdout:/usr/bin/ceph: stderr
2024-04-25T18:34:04.369+0000 7f0ce6a00700 1 --2- >> [v2:172.21.15.63:3300/0,v1:172.21.15.63:6789/0] conn(0x7f0ce810be00 0x7f0ce810c220 unknown :-1 s=BANNER_CONNECTING pgs=0 cs=0 l=0 rev1=0 crypto rx=0 tx=0 comp rx=0 tx=0)._handle_peer_banner_payload supported=3 required=0
2024-04-25T18:34:05.589 INFO:teuthology.orchestra.run.smithi063.stdout:/usr/bin/ceph: stderr
2024-04-25T18:34:04.369+0000 7f0ce6a00700 1 --2- >> [v2:172.21.15.63:3300/0,v1:172.21.15.63:6789/0] conn(0x7f0ce810be00 0x7f0ce810c220 unknown :-1 s=HELLO_CONNECTING pgs=0 cs=0 l=0 rev1=1 crypto rx=0 tx=0 comp rx=0 tx=0).handle_hello peer v2:172.21.15.63:3300/0 says I am v2:172.21.15.63:46578/0 (socket says 172.21.15.63:46578)
2024-04-25T18:34:05.589 INFO:teuthology.orchestra.run.smithi063.stdout:/usr/bin/ceph: stderr
2024-04-25T18:34:04.369+0000 7f0ce6a00700 1 -- 172.21.15.63:0/2624766087 learned_addr learned my addr 172.21.15.63:0/2624766087 (peer_addr_for_me v2:172.21.15.63:0/0)
2024-04-25T18:34:05.589 INFO:teuthology.orchestra.run.smithi063.stdout:/usr/bin/ceph: stderr
2024-04-25T18:34:04.369+0000 7f0ce6a00700 1 -- 172.21.15.63:0/2624766087 --> [v2:172.21.15.63:3300/0,v1:172.21.15.63:6789/0] -- mon_subscribe({config=0+,monmap=0+}) -- 0x7f0ce810a510 con 0x7f0ce810be00
2024-04-25T18:34:05.589 INFO:teuthology.orchestra.run.smithi063.stdout:/usr/bin/ceph: stderr
2024-04-25T18:34:04.370+0000 7f0ce6a00700 1 --2- 172.21.15.63:0/2624766087 >> [v2:172.21.15.63:3300/0,v1:172.21.15.63:6789/0] conn(0x7f0ce810be00 0x7f0ce810c220 secure :-1 s=READY pgs=78 cs=0 l=1 rev1=1 crypto rx=0x7f0cd80098a0 tx=0x7f0cd8009bb0 comp rx=0 tx=0).ready entity=mon.0 client_cookie=fe6d410af3e1454b server_cookie=0 in_seq=0 out_seq=0
2024-04-25T18:34:05.589 INFO:teuthology.orchestra.run.smithi063.stdout:/usr/bin/ceph: stderr
2024-04-25T18:34:04.370+0000 7f0ce5600700 1 -- 172.21.15.63:0/2624766087 <== mon.0 v2:172.21.15.63:3300/0 1 ==== mon_map magic: 0 ==== 205+0+0 (secure 0 0 0) 0x7f0cd8004160 con 0x7f0ce810be00
2024-04-25T18:34:05.589 INFO:teuthology.orchestra.run.smithi063.stdout:/usr/bin/ceph: stderr
2024-04-25T18:34:04.370+0000 7f0ce5600700 1 -- 172.21.15.63:0/2624766087 <== mon.0 v2:172.21.15.63:3300/0 2 ==== config(26 keys) ==== 1101+0+0 (secure 0 0 0) 0x7f0cd8004300 con 0x7f0ce810be00
2024-04-25T18:34:05.589 INFO:teuthology.orchestra.run.smithi063.stdout:/usr/bin/ceph: stderr
2024-04-25T18:34:04.370+0000 7f0ce5600700 1 -- 172.21.15.63:0/2624766087 <== mon.0 v2:172.21.15.63:3300/0 3 ==== mon_map magic: 0 ==== 205+0+0 (secure 0 0 0) 0x7f0cd8011a20 con 0x7f0ce810be00
2024-04-25T18:34:05.589 INFO:teuthology.orchestra.run.smithi063.stdout:/usr/bin/ceph: stderr
2024-04-25T18:34:04.371+0000 7f0ceda00700 1 -- 172.21.15.63:0/2624766087 >> [v2:172.21.15.63:3300/0,v1:172.21.15.63:6789/0] conn(0x7f0ce810be00 msgr2=0x7f0ce810c220 secure :-1 s=STATE_CONNECTION_ESTABLISHED l=1).mark_down
2024-04-25T18:34:05.589 INFO:teuthology.orchestra.run.smithi063.stdout:/usr/bin/ceph: stderr
2024-04-25T18:34:04.371+0000 7f0ceda00700 1 --2- 172.21.15.63:0/2624766087 >> [v2:172.21.15.63:3300/0,v1:172.21.15.63:6789/0] conn(0x7f0ce810be00 0x7f0ce810c220 secure :-1 s=READY pgs=78 cs=0 l=1 rev1=1 crypto rx=0x7f0cd80098a0 tx=0x7f0cd8009bb0 comp rx=0 tx=0).stop
2024-04-25T18:34:05.590 INFO:teuthology.orchestra.run.smithi063.stdout:/usr/bin/ceph: stderr
2024-04-25T18:34:04.371+0000 7f0ceda00700 1 -- 172.21.15.63:0/2624766087 shutdown_connections
2024-04-25T18:34:05.590 INFO:teuthology.orchestra.run.smithi063.stdout:/usr/bin/ceph: stderr
2024-04-25T18:34:04.371+0000 7f0ceda00700 1 --2- 172.21.15.63:0/2624766087 >> [v2:172.21.15.63:3300/0,v1:172.21.15.63:6789/0] conn(0x7f0ce810be00 0x7f0ce810c220 unknown :-1 s=CLOSED pgs=78 cs=0 l=1 rev1=1 crypto rx=0 tx=0 comp rx=0 tx=0).stop
2024-04-25T18:34:05.590 INFO:teuthology.orchestra.run.smithi063.stdout:/usr/bin/ceph: stderr
2024-04-25T18:34:04.371+0000 7f0ceda00700 1 -- 172.21.15.63:0/2624766087 >> 172.21.15.63:0/2624766087 conn(0x7f0ce807dc00 msgr2=0x7f0ce81084e0 unknown :-1 s=STATE_NONE l=0).mark_down
2024-04-25T18:34:05.595 INFO:teuthology.orchestra.run.smithi063.stdout:/usr/bin/ceph: stderr
2024-04-25T18:34:04.371+0000 7f0ceda00700 1 -- 172.21.15.63:0/2624766087 shutdown_connections
2024-04-25T18:34:05.596 INFO:teuthology.orchestra.run.smithi063.stdout:/usr/bin/ceph: stderr
2024-04-25T18:34:04.371+0000 7f0ceda00700 1 -- 172.21.15.63:0/2624766087 wait complete.
2024-04-25T18:34:05.596 INFO:teuthology.orchestra.run.smithi063.stdout:/usr/bin/ceph: stderr
2024-04-25T18:34:04.372+0000 7f0ceda00700 1 Processor -- start
2024-04-25T18:34:05.596 INFO:teuthology.orchestra.run.smithi063.stdout:/usr/bin/ceph: stderr
2024-04-25T18:34:04.372+0000 7f0ceda00700 1 -- start start
2024-04-25T18:34:05.596 INFO:teuthology.orchestra.run.smithi063.stdout:/usr/bin/ceph: stderr
2024-04-25T18:34:04.373+0000 7f0ceda00700 1 --2- >> [v2:172.21.15.63:3300/0,v1:172.21.15.63:6789/0] conn(0x7f0ce810be00 0x7f0ce819e750 unknown :-1 s=NONE pgs=0 cs=0 l=1 rev1=0 crypto rx=0 tx=0 comp rx=0 tx=0).connect
2024-04-25T18:34:05.596 INFO:teuthology.orchestra.run.smithi063.stdout:/usr/bin/ceph: stderr
2024-04-25T18:34:04.373+0000 7f0ceda00700 1 -- --> [v2:172.21.15.63:3300/0,v1:172.21.15.63:6789/0] -- mon_getmap magic: 0 -- 0x7f0ce810ecd0 con 0x7f0ce810be00
2024-04-25T18:34:05.596 INFO:teuthology.orchestra.run.smithi063.stdout:/usr/bin/ceph: stderr
2024-04-25T18:34:04.373+0000 7f0ce6a00700 1 --2- >> [v2:172.21.15.63:3300/0,v1:172.21.15.63:6789/0] conn(0x7f0ce810be00 0x7f0ce819e750 unknown :-1 s=BANNER_CONNECTING pgs=0 cs=0 l=1 rev1=0 crypto rx=0 tx=0 comp rx=0 tx=0)._handle_peer_banner_payload supported=3 required=0
2024-04-25T18:34:05.596 INFO:teuthology.orchestra.run.smithi063.stdout:/usr/bin/ceph: stderr
2024-04-25T18:34:04.373+0000 7f0ce6a00700 1 --2- >> [v2:172.21.15.63:3300/0,v1:172.21.15.63:6789/0] conn(0x7f0ce810be00 0x7f0ce819e750 unknown :-1 s=HELLO_CONNECTING pgs=0 cs=0 l=1 rev1=1 crypto rx=0 tx=0 comp rx=0 tx=0).handle_hello peer v2:172.21.15.63:3300/0 says I am v2:172.21.15.63:46582/0 (socket says 172.21.15.63:46582)
2024-04-25T18:34:05.596 INFO:teuthology.orchestra.run.smithi063.stdout:/usr/bin/ceph: stderr
2024-04-25T18:34:04.373+0000 7f0ce6a00700 1 -- 172.21.15.63:0/1196339258 learned_addr learned my addr 172.21.15.63:0/1196339258 (peer_addr_for_me v2:172.21.15.63:0/0)
2024-04-25T18:34:05.596 INFO:teuthology.orchestra.run.smithi063.stdout:/usr/bin/ceph: stderr
2024-04-25T18:34:04.373+0000 7f0ce6a00700 1 -- 172.21.15.63:0/1196339258 --> [v2:172.21.15.63:3300/0,v1:172.21.15.63:6789/0] -- mon_subscribe({config=0+,monmap=0+}) -- 0x7f0ce819ec90 con 0x7f0ce810be00
2024-04-25T18:34:05.596 INFO:teuthology.orchestra.run.smithi063.stdout:/usr/bin/ceph: stderr
2024-04-25T18:34:04.374+0000 7f0ce6a00700 1 --2- 172.21.15.63:0/1196339258 >> [v2:172.21.15.63:3300/0,v1:172.21.15.63:6789/0] conn(0x7f0ce810be00 0x7f0ce819e750 secure :-1 s=READY pgs=79 cs=0 l=1 rev1=1 crypto rx=0x7f0cd8000c00 tx=0x7f0cd8011aa0 comp rx=0 tx=0).ready entity=mon.0 client_cookie=0 server_cookie=0 in_seq=0 out_seq=0
2024-04-25T18:34:05.596 INFO:teuthology.orchestra.run.smithi063.stdout:/usr/bin/ceph: stderr
2024-04-25T18:34:04.374+0000 7f0cdf400700 1 -- 172.21.15.63:0/1196339258 <== mon.0 v2:172.21.15.63:3300/0 1 ==== mon_map magic: 0 ==== 205+0+0 (secure 0 0 0) 0x7f0cd8003aa0 con 0x7f0ce810be00
2024-04-25T18:34:05.597 INFO:teuthology.orchestra.run.smithi063.stdout:/usr/bin/ceph: stderr
2024-04-25T18:34:04.374+0000 7f0cdf400700 1 -- 172.21.15.63:0/1196339258 <== mon.0 v2:172.21.15.63:3300/0 2 ==== config(26 keys) ==== 1101+0+0 (secure 0 0 0) 0x7f0cd801b8f0 con 0x7f0ce810be00
2024-04-25T18:34:05.597 INFO:teuthology.orchestra.run.smithi063.stdout:/usr/bin/ceph: stderr
2024-04-25T18:34:04.374+0000 7f0ceda00700 1 -- 172.21.15.63:0/1196339258 --> [v2:172.21.15.63:3300/0,v1:172.21.15.63:6789/0] -- mon_subscribe({mgrmap=0+}) -- 0x7f0ce819ef20 con 0x7f0ce810be00
2024-04-25T18:34:05.597 INFO:teuthology.orchestra.run.smithi063.stdout:/usr/bin/ceph: stderr
2024-04-25T18:34:04.374+0000 7f0cdf400700 1 -- 172.21.15.63:0/1196339258 <== mon.0 v2:172.21.15.63:3300/0 3 ==== mon_map magic: 0 ==== 205+0+0 (secure 0 0 0) 0x7f0cd8023890 con 0x7f0ce810be00
2024-04-25T18:34:05.597 INFO:teuthology.orchestra.run.smithi063.stdout:/usr/bin/ceph: stderr
2024-04-25T18:34:04.374+0000 7f0ceda00700 1 -- 172.21.15.63:0/1196339258 --> [v2:172.21.15.63:3300/0,v1:172.21.15.63:6789/0] -- mon_subscribe({osdmap=0}) -- 0x7f0ce81a1c10 con 0x7f0ce810be00
2024-04-25T18:34:05.597 INFO:teuthology.orchestra.run.smithi063.stdout:/usr/bin/ceph: stderr
2024-04-25T18:34:04.375+0000 7f0ceda00700 1 -- 172.21.15.63:0/1196339258 --> [v2:172.21.15.63:3300/0,v1:172.21.15.63:6789/0] -- mon_command({"prefix": "get_command_descriptions"} v 0) -- 0x7f0ce810ee50 con 0x7f0ce810be00
2024-04-25T18:34:05.597 INFO:teuthology.orchestra.run.smithi063.stdout:/usr/bin/ceph: stderr
2024-04-25T18:34:04.375+0000 7f0cdf400700 1 -- 172.21.15.63:0/1196339258 <== mon.0 v2:172.21.15.63:3300/0 4 ==== mgrmap(e 13) ==== 46614+0+0 (secure 0 0 0) 0x7f0cd801b440 con 0x7f0ce810be00
2024-04-25T18:34:05.597 INFO:teuthology.orchestra.run.smithi063.stdout:/usr/bin/ceph: stderr
2024-04-25T18:34:04.376+0000 7f0cdf400700 1 --2- 172.21.15.63:0/1196339258 >> [v2:172.21.15.63:6800/3659595029,v1:172.21.15.63:6801/3659595029] conn(0x7f0ccc039700 0x7f0ccc03bbc0 unknown :-1 s=NONE pgs=0 cs=0 l=1 rev1=0 crypto rx=0 tx=0 comp rx=0 tx=0).connect
2024-04-25T18:34:05.597 INFO:teuthology.orchestra.run.smithi063.stdout:/usr/bin/ceph: stderr
2024-04-25T18:34:04.376+0000 7f0cdf400700 1 -- 172.21.15.63:0/1196339258 <== mon.0 v2:172.21.15.63:3300/0 5 ==== osd_map(3..3 src has 1..3) ==== 1155+0+0 (secure 0 0 0) 0x7f0cd804e070 con 0x7f0ce810be00
2024-04-25T18:34:05.597 INFO:teuthology.orchestra.run.smithi063.stdout:/usr/bin/ceph: stderr
2024-04-25T18:34:04.376+0000 7f0ce6000700 1 --2- 172.21.15.63:0/1196339258 >> [v2:172.21.15.63:6800/3659595029,v1:172.21.15.63:6801/3659595029] conn(0x7f0ccc039700 0x7f0ccc03bbc0 unknown :-1 s=BANNER_CONNECTING pgs=0 cs=0 l=1 rev1=0 crypto rx=0 tx=0 comp rx=0 tx=0)._handle_peer_banner_payload supported=3 required=0
2024-04-25T18:34:05.597 INFO:teuthology.orchestra.run.smithi063.stdout:/usr/bin/ceph: stderr
2024-04-25T18:34:04.377+0000 7f0ce6000700 1 --2- 172.21.15.63:0/1196339258 >> [v2:172.21.15.63:6800/3659595029,v1:172.21.15.63:6801/3659595029] conn(0x7f0ccc039700 0x7f0ccc03bbc0 secure :-1 s=READY pgs=11 cs=0 l=1 rev1=1 crypto rx=0x7f0cd4006fd0 tx=0x7f0cd4006e40 comp rx=0 tx=0).ready entity=mgr.14152 client_cookie=0 server_cookie=0 in_seq=0 out_seq=0
2024-04-25T18:34:05.598 INFO:teuthology.orchestra.run.smithi063.stdout:/usr/bin/ceph: stderr
2024-04-25T18:34:04.382+0000 7f0cdf400700 1 -- 172.21.15.63:0/1196339258 <== mon.0 v2:172.21.15.63:3300/0 6 ==== mon_command_ack([{"prefix": "get_command_descriptions"}]=0 v0) ==== 72+0+188370 (secure 0 0 0) 0x7f0cd801f030 con 0x7f0ce810be00
2024-04-25T18:34:05.598 INFO:teuthology.orchestra.run.smithi063.stdout:/usr/bin/ceph: stderr
2024-04-25T18:34:04.738+0000 7f0ceda00700 1 -- 172.21.15.63:0/1196339258 --> [v2:172.21.15.63:3300/0,v1:172.21.15.63:6789/0] -- mon_command([{prefix=config-key set, key=mgr/dashboard/cluster/status}] v 0) -- 0x7f0ce81a1de0 con 0x7f0ce810be00
2024-04-25T18:34:05.598 INFO:teuthology.orchestra.run.smithi063.stdout:/usr/bin/ceph: stderr
2024-04-25T18:34:04.743+0000 7f0cdf400700 1 -- 172.21.15.63:0/1196339258 <== mon.0 v2:172.21.15.63:3300/0 7 ==== mon_command_ack([{prefix=config-key set, key=mgr/dashboard/cluster/status}]=0 set mgr/dashboard/cluster/status v28)=0 set mgr/dashboard/cluster/status v28) ==== 153+0+0 (secure 0 0 0) 0x7f0cd8016260 con 0x7f0ce810be00
2024-04-25T18:34:05.598 INFO:teuthology.orchestra.run.smithi063.stdout:/usr/bin/ceph: stderr
2024-04-25T18:34:04.746+0000 7f0ceda00700 1 -- 172.21.15.63:0/1196339258 >> [v2:172.21.15.63:6800/3659595029,v1:172.21.15.63:6801/3659595029] conn(0x7f0ccc039700 msgr2=0x7f0ccc03bbc0 secure :-1 s=STATE_CONNECTION_ESTABLISHED l=1).mark_down
2024-04-25T18:34:05.598 INFO:teuthology.orchestra.run.smithi063.stdout:/usr/bin/ceph: stderr
2024-04-25T18:34:04.746+0000 7f0ceda00700 1 --2- 172.21.15.63:0/1196339258 >> [v2:172.21.15.63:6800/3659595029,v1:172.21.15.63:6801/3659595029] conn(0x7f0ccc039700 0x7f0ccc03bbc0 secure :-1 s=READY pgs=11 cs=0 l=1 rev1=1 crypto rx=0x7f0cd4006fd0 tx=0x7f0cd4006e40 comp rx=0 tx=0).stop
2024-04-25T18:34:05.598 INFO:teuthology.orchestra.run.smithi063.stdout:/usr/bin/ceph: stderr
2024-04-25T18:34:04.746+0000 7f0ceda00700 1 -- 172.21.15.63:0/1196339258 >> [v2:172.21.15.63:3300/0,v1:172.21.15.63:6789/0] conn(0x7f0ce810be00 msgr2=0x7f0ce819e750 secure :-1 s=STATE_CONNECTION_ESTABLISHED l=1).mark_down
2024-04-25T18:34:05.598 INFO:teuthology.orchestra.run.smithi063.stdout:/usr/bin/ceph: stderr
2024-04-25T18:34:04.746+0000 7f0ceda00700 1 --2- 172.21.15.63:0/1196339258 >> [v2:172.21.15.63:3300/0,v1:172.21.15.63:6789/0] conn(0x7f0ce810be00 0x7f0ce819e750 secure :-1 s=READY pgs=79 cs=0 l=1 rev1=1 crypto rx=0x7f0cd8000c00 tx=0x7f0cd8011aa0 comp rx=0 tx=0).stop
2024-04-25T18:34:05.598 INFO:teuthology.orchestra.run.smithi063.stdout:/usr/bin/ceph: stderr
2024-04-25T18:34:04.746+0000 7f0ceda00700 1 -- 172.21.15.63:0/1196339258 shutdown_connections
2024-04-25T18:34:05.598 INFO:teuthology.orchestra.run.smithi063.stdout:/usr/bin/ceph: stderr
2024-04-25T18:34:04.746+0000 7f0ceda00700 1 --2- 172.21.15.63:0/1196339258 >> [v2:172.21.15.63:6800/3659595029,v1:172.21.15.63:6801/3659595029] conn(0x7f0ccc039700 0x7f0ccc03bbc0 unknown :-1 s=CLOSED pgs=11 cs=0 l=1 rev1=1 crypto rx=0 tx=0 comp rx=0 tx=0).stop
2024-04-25T18:34:05.598 INFO:teuthology.orchestra.run.smithi063.stdout:/usr/bin/ceph: stderr
2024-04-25T18:34:04.746+0000 7f0ceda00700 1 --2- 172.21.15.63:0/1196339258 >> [v2:172.21.15.63:3300/0,v1:172.21.15.63:6789/0] conn(0x7f0ce810be00 0x7f0ce819e750 unknown :-1 s=CLOSED pgs=79 cs=0 l=1 rev1=1 crypto rx=0 tx=0 comp rx=0 tx=0).stop
2024-04-25T18:34:05.598 INFO:teuthology.orchestra.run.smithi063.stdout:/usr/bin/ceph: stderr
2024-04-25T18:34:04.746+0000 7f0ceda00700 1 -- 172.21.15.63:0/1196339258 >> 172.21.15.63:0/1196339258 conn(0x7f0ce807dc00 msgr2=0x7f0ce8107bd0 unknown :-1 s=STATE_NONE l=0).mark_down
2024-04-25T18:34:05.598 INFO:teuthology.orchestra.run.smithi063.stdout:/usr/bin/ceph: stderr
2024-04-25T18:34:04.746+0000 7f0ceda00700 1 -- 172.21.15.63:0/1196339258 shutdown_connections
2024-04-25T18:34:05.598 INFO:teuthology.orchestra.run.smithi063.stdout:/usr/bin/ceph: stderr
2024-04-25T18:34:04.746+0000 7f0ceda00700 1 -- 172.21.15.63:0/1196339258 wait complete.
2024-04-25T18:34:05.599 INFO:teuthology.orchestra.run.smithi063.stdout:/usr/bin/ceph: stderr set mgr/dashboard/cluster/status
2024-04-25T18:34:05.599 INFO:teuthology.orchestra.run.smithi063.stdout:You can access the Ceph CLI as following in case of multi-cluster or non-default config:
2024-04-25T18:34:05.599 INFO:teuthology.orchestra.run.smithi063.stdout:
2024-04-25T18:34:05.599 INFO:teuthology.orchestra.run.smithi063.stdout: sudo /home/ubuntu/cephtest/cephadm shell --fsid e90c993c-0331-11ef-bc93-c7b262605968 -c /etc/ceph/ceph.conf -k /etc/ceph/ceph.client.admin.keyring
2024-04-25T18:34:05.599 INFO:teuthology.orchestra.run.smithi063.stdout:
2024-04-25T18:34:05.599 INFO:teuthology.orchestra.run.smithi063.stdout:Or, if you are only running a single cluster on this host:
2024-04-25T18:34:05.599 INFO:teuthology.orchestra.run.smithi063.stdout:
2024-04-25T18:34:05.599 INFO:teuthology.orchestra.run.smithi063.stdout: sudo /home/ubuntu/cephtest/cephadm shell
2024-04-25T18:34:05.599 INFO:teuthology.orchestra.run.smithi063.stdout:
2024-04-25T18:34:05.599 INFO:teuthology.orchestra.run.smithi063.stdout:Please consider enabling telemetry to help improve Ceph:
2024-04-25T18:34:05.599 INFO:teuthology.orchestra.run.smithi063.stdout:
2024-04-25T18:34:05.599 INFO:teuthology.orchestra.run.smithi063.stdout: ceph telemetry on
2024-04-25T18:34:05.599 INFO:teuthology.orchestra.run.smithi063.stdout:
2024-04-25T18:34:05.599 INFO:teuthology.orchestra.run.smithi063.stdout:For more information see:
2024-04-25T18:34:05.600 INFO:teuthology.orchestra.run.smithi063.stdout:
2024-04-25T18:34:05.600 INFO:teuthology.orchestra.run.smithi063.stdout: https://docs.ceph.com/en/latest/mgr/telemetry/
2024-04-25T18:34:05.600 INFO:teuthology.orchestra.run.smithi063.stdout:
2024-04-25T18:34:05.600 INFO:teuthology.orchestra.run.smithi063.stdout:Bootstrap complete.
2024-04-25T18:34:05.603 INFO:tasks.cephadm:Fetching config...
2024-04-25T18:34:05.604 DEBUG:teuthology.orchestra.run.smithi063:> set -ex
2024-04-25T18:34:05.604 DEBUG:teuthology.orchestra.run.smithi063:> dd if=/etc/ceph/ceph.conf of=/dev/stdout
2024-04-25T18:34:05.695 INFO:tasks.cephadm:Fetching client.admin keyring...
2024-04-25T18:34:05.695 DEBUG:teuthology.orchestra.run.smithi063:> set -ex
2024-04-25T18:34:05.695 DEBUG:teuthology.orchestra.run.smithi063:> dd if=/etc/ceph/ceph.client.admin.keyring of=/dev/stdout
2024-04-25T18:34:05.737 INFO:tasks.cephadm:Fetching mon keyring...
2024-04-25T18:34:05.738 DEBUG:teuthology.orchestra.run.smithi063:> set -ex
2024-04-25T18:34:05.738 DEBUG:teuthology.orchestra.run.smithi063:> sudo dd if=/var/lib/ceph/e90c993c-0331-11ef-bc93-c7b262605968/mon.a/keyring of=/dev/stdout
2024-04-25T18:34:05.861 INFO:tasks.cephadm:Fetching pub ssh key...
2024-04-25T18:34:05.861 DEBUG:teuthology.orchestra.run.smithi063:> set -ex
2024-04-25T18:34:05.861 DEBUG:teuthology.orchestra.run.smithi063:> dd if=/home/ubuntu/cephtest/ceph.pub of=/dev/stdout
