2024-04-25T18:33:44.627 INFO:journalctl@ceph.mgr.x.smithi063.stdout:Apr 25 18:33:44 smithi063 ceph-e90c993c-0331-11ef-bc93-c7b262605968-mgr-x[28246]:
2024-04-25T18:33:44.271+0000 7f1dd10c8200 -1 mgr[py] Module orchestrator has missing NOTIFY_TYPES member
2024-04-25T18:33:44.627 INFO:journalctl@ceph.mgr.x.smithi063.stdout:Apr 25 18:33:44 smithi063 ceph-e90c993c-0331-11ef-bc93-c7b262605968-mgr-x[28246]:
2024-04-25T18:33:44.406+0000 7f1dd10c8200 -1 mgr[py] Module snap_schedule has missing NOTIFY_TYPES member
2024-04-25T18:33:44.934 INFO:journalctl@ceph.mgr.x.smithi063.stdout:Apr 25 18:33:44 smithi063 ceph-e90c993c-0331-11ef-bc93-c7b262605968-mgr-x[28246]:
2024-04-25T18:33:44.816+0000 7f1dd10c8200 -1 mgr[py] Module progress has missing NOTIFY_TYPES member
2024-04-25T18:33:44.935 INFO:journalctl@ceph.mon.a.smithi063.stdout:Apr 25 18:33:44 smithi063 ceph-mon[28006]: from='client.? 172.21.15.63:0/2736811523' entity='client.admin' cmd='[{"prefix": "mgr module enable", "module": "dashboard"}]': finished
2024-04-25T18:33:44.935 INFO:journalctl@ceph.mon.a.smithi063.stdout:Apr 25 18:33:44 smithi063 ceph-mon[28006]: mgrmap e9: x(active, since 26s)
2024-04-25T18:33:45.003 INFO:teuthology.orchestra.run.smithi063.stdout:/usr/bin/ceph: stderr
2024-04-25T18:33:42.969+0000 7f9495800700 1 Processor -- start
2024-04-25T18:33:45.004 INFO:teuthology.orchestra.run.smithi063.stdout:/usr/bin/ceph: stderr
2024-04-25T18:33:42.970+0000 7f9495800700 1 -- start start
2024-04-25T18:33:45.005 INFO:teuthology.orchestra.run.smithi063.stdout:/usr/bin/ceph: stderr
2024-04-25T18:33:42.970+0000 7f9495800700 1 --2- >> [v2:172.21.15.63:3300/0,v1:172.21.15.63:6789/0] conn(0x7f9490108dd0 0x7f949010b1c0 unknown :-1 s=NONE pgs=0 cs=0 l=0 rev1=0 crypto rx=0 tx=0 comp rx=0 tx=0).connect
2024-04-25T18:33:45.005 INFO:teuthology.orchestra.run.smithi063.stdout:/usr/bin/ceph: stderr
2024-04-25T18:33:42.970+0000 7f9495800700 1 -- --> [v2:172.21.15.63:3300/0,v1:172.21.15.63:6789/0] -- mon_getmap magic: 0 -- 0x7f9490063d60 con 0x7f9490108dd0
2024-04-25T18:33:45.005 INFO:teuthology.orchestra.run.smithi063.stdout:/usr/bin/ceph: stderr
2024-04-25T18:33:42.970+0000 7f948fe00700 1 --2- >> [v2:172.21.15.63:3300/0,v1:172.21.15.63:6789/0] conn(0x7f9490108dd0 0x7f949010b1c0 unknown :-1 s=BANNER_CONNECTING pgs=0 cs=0 l=0 rev1=0 crypto rx=0 tx=0 comp rx=0 tx=0)._handle_peer_banner_payload supported=3 required=0
2024-04-25T18:33:45.005 INFO:teuthology.orchestra.run.smithi063.stdout:/usr/bin/ceph: stderr
2024-04-25T18:33:42.971+0000 7f948fe00700 1 --2- >> [v2:172.21.15.63:3300/0,v1:172.21.15.63:6789/0] conn(0x7f9490108dd0 0x7f949010b1c0 unknown :-1 s=HELLO_CONNECTING pgs=0 cs=0 l=0 rev1=1 crypto rx=0 tx=0 comp rx=0 tx=0).handle_hello peer v2:172.21.15.63:3300/0 says I am v2:172.21.15.63:49846/0 (socket says 172.21.15.63:49846)
2024-04-25T18:33:45.005 INFO:teuthology.orchestra.run.smithi063.stdout:/usr/bin/ceph: stderr
2024-04-25T18:33:42.971+0000 7f948fe00700 1 -- 172.21.15.63:0/1210964881 learned_addr learned my addr 172.21.15.63:0/1210964881 (peer_addr_for_me v2:172.21.15.63:0/0)
2024-04-25T18:33:45.005 INFO:teuthology.orchestra.run.smithi063.stdout:/usr/bin/ceph: stderr
2024-04-25T18:33:42.971+0000 7f948fe00700 1 -- 172.21.15.63:0/1210964881 --> [v2:172.21.15.63:3300/0,v1:172.21.15.63:6789/0] -- mon_subscribe({config=0+,monmap=0+}) -- 0x7f949010b700 con 0x7f9490108dd0
2024-04-25T18:33:45.005 INFO:teuthology.orchestra.run.smithi063.stdout:/usr/bin/ceph: stderr
2024-04-25T18:33:42.971+0000 7f948fe00700 1 --2- 172.21.15.63:0/1210964881 >> [v2:172.21.15.63:3300/0,v1:172.21.15.63:6789/0] conn(0x7f9490108dd0 0x7f949010b1c0 secure :-1 s=READY pgs=55 cs=0 l=1 rev1=1 crypto rx=0x7f94800098a0 tx=0x7f9480009bb0 comp rx=0 tx=0).ready entity=mon.0 client_cookie=caf8bce7f494b3c0 server_cookie=0 in_seq=0 out_seq=0
2024-04-25T18:33:45.005 INFO:teuthology.orchestra.run.smithi063.stdout:/usr/bin/ceph: stderr
2024-04-25T18:33:42.972+0000 7f948ea00700 1 -- 172.21.15.63:0/1210964881 <== mon.0 v2:172.21.15.63:3300/0 1 ==== mon_map magic: 0 ==== 205+0+0 (secure 0 0 0) 0x7f9480004160 con 0x7f9490108dd0
2024-04-25T18:33:45.005 INFO:teuthology.orchestra.run.smithi063.stdout:/usr/bin/ceph: stderr
2024-04-25T18:33:42.972+0000 7f948ea00700 1 -- 172.21.15.63:0/1210964881 <== mon.0 v2:172.21.15.63:3300/0 2 ==== config(26 keys) ==== 1101+0+0 (secure 0 0 0) 0x7f9480004300 con 0x7f9490108dd0
2024-04-25T18:33:45.005 INFO:teuthology.orchestra.run.smithi063.stdout:/usr/bin/ceph: stderr
2024-04-25T18:33:42.972+0000 7f948ea00700 1 -- 172.21.15.63:0/1210964881 <== mon.0 v2:172.21.15.63:3300/0 3 ==== mon_map magic: 0 ==== 205+0+0 (secure 0 0 0) 0x7f9480011a20 con 0x7f9490108dd0
2024-04-25T18:33:45.009 INFO:teuthology.orchestra.run.smithi063.stdout:/usr/bin/ceph: stderr
2024-04-25T18:33:42.973+0000 7f9495800700 1 -- 172.21.15.63:0/1210964881 >> [v2:172.21.15.63:3300/0,v1:172.21.15.63:6789/0] conn(0x7f9490108dd0 msgr2=0x7f949010b1c0 secure :-1 s=STATE_CONNECTION_ESTABLISHED l=1).mark_down
2024-04-25T18:33:45.009 INFO:teuthology.orchestra.run.smithi063.stdout:/usr/bin/ceph: stderr
2024-04-25T18:33:42.973+0000 7f9495800700 1 --2- 172.21.15.63:0/1210964881 >> [v2:172.21.15.63:3300/0,v1:172.21.15.63:6789/0] conn(0x7f9490108dd0 0x7f949010b1c0 secure :-1 s=READY pgs=55 cs=0 l=1 rev1=1 crypto rx=0x7f94800098a0 tx=0x7f9480009bb0 comp rx=0 tx=0).stop
2024-04-25T18:33:45.009 INFO:teuthology.orchestra.run.smithi063.stdout:/usr/bin/ceph: stderr
2024-04-25T18:33:42.973+0000 7f9495800700 1 -- 172.21.15.63:0/1210964881 shutdown_connections
2024-04-25T18:33:45.010 INFO:teuthology.orchestra.run.smithi063.stdout:/usr/bin/ceph: stderr
2024-04-25T18:33:42.973+0000 7f9495800700 1 --2- 172.21.15.63:0/1210964881 >> [v2:172.21.15.63:3300/0,v1:172.21.15.63:6789/0] conn(0x7f9490108dd0 0x7f949010b1c0 unknown :-1 s=CLOSED pgs=55 cs=0 l=1 rev1=1 crypto rx=0 tx=0 comp rx=0 tx=0).stop
2024-04-25T18:33:45.010 INFO:teuthology.orchestra.run.smithi063.stdout:/usr/bin/ceph: stderr
2024-04-25T18:33:42.973+0000 7f9495800700 1 -- 172.21.15.63:0/1210964881 >> 172.21.15.63:0/1210964881 conn(0x7f9490102820 msgr2=0x7f9490104c40 unknown :-1 s=STATE_NONE l=0).mark_down
2024-04-25T18:33:45.010 INFO:teuthology.orchestra.run.smithi063.stdout:/usr/bin/ceph: stderr
2024-04-25T18:33:42.973+0000 7f9495800700 1 -- 172.21.15.63:0/1210964881 shutdown_connections
2024-04-25T18:33:45.010 INFO:teuthology.orchestra.run.smithi063.stdout:/usr/bin/ceph: stderr
2024-04-25T18:33:42.973+0000 7f9495800700 1 -- 172.21.15.63:0/1210964881 wait complete.
2024-04-25T18:33:45.010 INFO:teuthology.orchestra.run.smithi063.stdout:/usr/bin/ceph: stderr
2024-04-25T18:33:42.974+0000 7f9495800700 1 Processor -- start
2024-04-25T18:33:45.010 INFO:teuthology.orchestra.run.smithi063.stdout:/usr/bin/ceph: stderr
2024-04-25T18:33:42.974+0000 7f9495800700 1 -- start start
2024-04-25T18:33:45.010 INFO:teuthology.orchestra.run.smithi063.stdout:/usr/bin/ceph: stderr
2024-04-25T18:33:42.975+0000 7f9495800700 1 --2- >> [v2:172.21.15.63:3300/0,v1:172.21.15.63:6789/0] conn(0x7f9490108dd0 0x7f949019e4d0 unknown :-1 s=NONE pgs=0 cs=0 l=1 rev1=0 crypto rx=0 tx=0 comp rx=0 tx=0).connect
2024-04-25T18:33:45.010 INFO:teuthology.orchestra.run.smithi063.stdout:/usr/bin/ceph: stderr
2024-04-25T18:33:42.975+0000 7f9495800700 1 -- --> [v2:172.21.15.63:3300/0,v1:172.21.15.63:6789/0] -- mon_getmap magic: 0 -- 0x7f949010c710 con 0x7f9490108dd0
2024-04-25T18:33:45.010 INFO:teuthology.orchestra.run.smithi063.stdout:/usr/bin/ceph: stderr
2024-04-25T18:33:42.975+0000 7f948fe00700 1 --2- >> [v2:172.21.15.63:3300/0,v1:172.21.15.63:6789/0] conn(0x7f9490108dd0 0x7f949019e4d0 unknown :-1 s=BANNER_CONNECTING pgs=0 cs=0 l=1 rev1=0 crypto rx=0 tx=0 comp rx=0 tx=0)._handle_peer_banner_payload supported=3 required=0
2024-04-25T18:33:45.010 INFO:teuthology.orchestra.run.smithi063.stdout:/usr/bin/ceph: stderr
2024-04-25T18:33:42.975+0000 7f948fe00700 1 --2- >> [v2:172.21.15.63:3300/0,v1:172.21.15.63:6789/0] conn(0x7f9490108dd0 0x7f949019e4d0 unknown :-1 s=HELLO_CONNECTING pgs=0 cs=0 l=1 rev1=1 crypto rx=0 tx=0 comp rx=0 tx=0).handle_hello peer v2:172.21.15.63:3300/0 says I am v2:172.21.15.63:49860/0 (socket says 172.21.15.63:49860)
2024-04-25T18:33:45.010 INFO:teuthology.orchestra.run.smithi063.stdout:/usr/bin/ceph: stderr
2024-04-25T18:33:42.975+0000 7f948fe00700 1 -- 172.21.15.63:0/2736811523 learned_addr learned my addr 172.21.15.63:0/2736811523 (peer_addr_for_me v2:172.21.15.63:0/0)
2024-04-25T18:33:45.010 INFO:teuthology.orchestra.run.smithi063.stdout:/usr/bin/ceph: stderr
2024-04-25T18:33:42.975+0000 7f948fe00700 1 -- 172.21.15.63:0/2736811523 --> [v2:172.21.15.63:3300/0,v1:172.21.15.63:6789/0] -- mon_subscribe({config=0+,monmap=0+}) -- 0x7f949019ea10 con 0x7f9490108dd0
2024-04-25T18:33:45.010 INFO:teuthology.orchestra.run.smithi063.stdout:/usr/bin/ceph: stderr
2024-04-25T18:33:42.976+0000 7f948fe00700 1 --2- 172.21.15.63:0/2736811523 >> [v2:172.21.15.63:3300/0,v1:172.21.15.63:6789/0] conn(0x7f9490108dd0 0x7f949019e4d0 secure :-1 s=READY pgs=56 cs=0 l=1 rev1=1 crypto rx=0x7f9480004660 tx=0x7f9480011aa0 comp rx=0 tx=0).ready entity=mon.0 client_cookie=0 server_cookie=0 in_seq=0 out_seq=0
2024-04-25T18:33:45.010 INFO:teuthology.orchestra.run.smithi063.stdout:/usr/bin/ceph: stderr
2024-04-25T18:33:42.976+0000 7f948cc00700 1 -- 172.21.15.63:0/2736811523 <== mon.0 v2:172.21.15.63:3300/0 1 ==== mon_map magic: 0 ==== 205+0+0 (secure 0 0 0) 0x7f9480003aa0 con 0x7f9490108dd0
2024-04-25T18:33:45.010 INFO:teuthology.orchestra.run.smithi063.stdout:/usr/bin/ceph: stderr
2024-04-25T18:33:42.976+0000 7f948cc00700 1 -- 172.21.15.63:0/2736811523 <== mon.0 v2:172.21.15.63:3300/0 2 ==== config(26 keys) ==== 1101+0+0 (secure 0 0 0) 0x7f948001b8f0 con 0x7f9490108dd0
2024-04-25T18:33:45.011 INFO:teuthology.orchestra.run.smithi063.stdout:/usr/bin/ceph: stderr
2024-04-25T18:33:42.976+0000 7f948cc00700 1 -- 172.21.15.63:0/2736811523 <== mon.0 v2:172.21.15.63:3300/0 3 ==== mon_map magic: 0 ==== 205+0+0 (secure 0 0 0) 0x7f9480023900 con 0x7f9490108dd0
2024-04-25T18:33:45.011 INFO:teuthology.orchestra.run.smithi063.stdout:/usr/bin/ceph: stderr
2024-04-25T18:33:42.976+0000 7f9495800700 1 -- 172.21.15.63:0/2736811523 --> [v2:172.21.15.63:3300/0,v1:172.21.15.63:6789/0] -- mon_subscribe({mgrmap=0+}) -- 0x7f949019eca0 con 0x7f9490108dd0
2024-04-25T18:33:45.011 INFO:teuthology.orchestra.run.smithi063.stdout:/usr/bin/ceph: stderr
2024-04-25T18:33:42.977+0000 7f9495800700 1 -- 172.21.15.63:0/2736811523 --> [v2:172.21.15.63:3300/0,v1:172.21.15.63:6789/0] -- mon_subscribe({osdmap=0}) -- 0x7f94901a1990 con 0x7f9490108dd0
2024-04-25T18:33:45.011 INFO:teuthology.orchestra.run.smithi063.stdout:/usr/bin/ceph: stderr
2024-04-25T18:33:42.978+0000 7f948cc00700 1 -- 172.21.15.63:0/2736811523 <== mon.0 v2:172.21.15.63:3300/0 4 ==== mgrmap(e 8) ==== 46558+0+0 (secure 0 0 0) 0x7f948001baa0 con 0x7f9490108dd0
2024-04-25T18:33:45.011 INFO:teuthology.orchestra.run.smithi063.stdout:/usr/bin/ceph: stderr
2024-04-25T18:33:42.978+0000 7f9495800700 1 -- 172.21.15.63:0/2736811523 --> [v2:172.21.15.63:3300/0,v1:172.21.15.63:6789/0] -- mon_command({"prefix": "get_command_descriptions"} v 0) -- 0x7f9490069ba0 con 0x7f9490108dd0
2024-04-25T18:33:45.011 INFO:teuthology.orchestra.run.smithi063.stdout:/usr/bin/ceph: stderr
2024-04-25T18:33:42.978+0000 7f948cc00700 1 --2- 172.21.15.63:0/2736811523 >> [v2:172.21.15.63:6800/3403991527,v1:172.21.15.63:6801/3403991527] conn(0x7f94740395b0 0x7f947403ba70 unknown :-1 s=NONE pgs=0 cs=0 l=1 rev1=0 crypto rx=0 tx=0 comp rx=0 tx=0).connect
2024-04-25T18:33:45.011 INFO:teuthology.orchestra.run.smithi063.stdout:/usr/bin/ceph: stderr
2024-04-25T18:33:42.979+0000 7f948cc00700 1 -- 172.21.15.63:0/2736811523 <== mon.0 v2:172.21.15.63:3300/0 5 ==== osd_map(2..2 src has 1..2) ==== 940+0+0 (secure 0 0 0) 0x7f948004df70 con 0x7f9490108dd0
2024-04-25T18:33:45.011 INFO:teuthology.orchestra.run.smithi063.stdout:/usr/bin/ceph: stderr
2024-04-25T18:33:42.979+0000 7f948f400700 1 --2- 172.21.15.63:0/2736811523 >> [v2:172.21.15.63:6800/3403991527,v1:172.21.15.63:6801/3403991527] conn(0x7f94740395b0 0x7f947403ba70 unknown :-1 s=BANNER_CONNECTING pgs=0 cs=0 l=1 rev1=0 crypto rx=0 tx=0 comp rx=0 tx=0)._handle_peer_banner_payload supported=3 required=0
2024-04-25T18:33:45.011 INFO:teuthology.orchestra.run.smithi063.stdout:/usr/bin/ceph: stderr
2024-04-25T18:33:42.980+0000 7f948f400700 1 --2- 172.21.15.63:0/2736811523 >> [v2:172.21.15.63:6800/3403991527,v1:172.21.15.63:6801/3403991527] conn(0x7f94740395b0 0x7f947403ba70 secure :-1 s=READY pgs=16 cs=0 l=1 rev1=1 crypto rx=0x7f947c006fd0 tx=0x7f947c006e40 comp rx=0 tx=0).ready entity=mgr.14120 client_cookie=0 server_cookie=0 in_seq=0 out_seq=0
2024-04-25T18:33:45.011 INFO:teuthology.orchestra.run.smithi063.stdout:/usr/bin/ceph: stderr
2024-04-25T18:33:42.984+0000 7f948cc00700 1 -- 172.21.15.63:0/2736811523 <== mon.0 v2:172.21.15.63:3300/0 6 ==== mon_command_ack([{"prefix": "get_command_descriptions"}]=0 v0) ==== 72+0+188370 (secure 0 0 0) 0x7f948001f030 con 0x7f9490108dd0
2024-04-25T18:33:45.011 INFO:teuthology.orchestra.run.smithi063.stdout:/usr/bin/ceph: stderr
2024-04-25T18:33:43.278+0000 7f9495800700 1 -- 172.21.15.63:0/2736811523 --> [v2:172.21.15.63:3300/0,v1:172.21.15.63:6789/0] -- mon_command({"prefix": "mgr module enable", "module": "dashboard"} v 0) -- 0x7f94901a1f80 con 0x7f9490108dd0
2024-04-25T18:33:45.011 INFO:teuthology.orchestra.run.smithi063.stdout:/usr/bin/ceph: stderr
2024-04-25T18:33:43.710+0000 7f948cc00700 1 -- 172.21.15.63:0/2736811523 <== mon.0 v2:172.21.15.63:3300/0 7 ==== mon_command_ack([{"prefix": "mgr module enable", "module": "dashboard"}]=0 v9) ==== 88+0+0 (secure 0 0 0) 0x7f948001a3d0 con 0x7f9490108dd0
2024-04-25T18:33:45.011 INFO:teuthology.orchestra.run.smithi063.stdout:/usr/bin/ceph: stderr
2024-04-25T18:33:43.714+0000 7f948cc00700 1 -- 172.21.15.63:0/2736811523 <== mon.0 v2:172.21.15.63:3300/0 8 ==== mgrmap(e 9) ==== 46571+0+0 (secure 0 0 0) 0x7f9480016ca0 con 0x7f9490108dd0
2024-04-25T18:33:45.011 INFO:teuthology.orchestra.run.smithi063.stdout:/usr/bin/ceph: stderr
2024-04-25T18:33:43.714+0000 7f9495800700 1 -- 172.21.15.63:0/2736811523 >> [v2:172.21.15.63:6800/3403991527,v1:172.21.15.63:6801/3403991527] conn(0x7f94740395b0 msgr2=0x7f947403ba70 secure :-1 s=STATE_CONNECTION_ESTABLISHED l=1).mark_down
2024-04-25T18:33:45.011 INFO:teuthology.orchestra.run.smithi063.stdout:/usr/bin/ceph: stderr
2024-04-25T18:33:43.714+0000 7f9495800700 1 --2- 172.21.15.63:0/2736811523 >> [v2:172.21.15.63:6800/3403991527,v1:172.21.15.63:6801/3403991527] conn(0x7f94740395b0 0x7f947403ba70 secure :-1 s=READY pgs=16 cs=0 l=1 rev1=1 crypto rx=0x7f947c006fd0 tx=0x7f947c006e40 comp rx=0 tx=0).stop
2024-04-25T18:33:45.011 INFO:teuthology.orchestra.run.smithi063.stdout:/usr/bin/ceph: stderr
2024-04-25T18:33:43.714+0000 7f9495800700 1 -- 172.21.15.63:0/2736811523 >> [v2:172.21.15.63:3300/0,v1:172.21.15.63:6789/0] conn(0x7f9490108dd0 msgr2=0x7f949019e4d0 secure :-1 s=STATE_CONNECTION_ESTABLISHED l=1).mark_down
2024-04-25T18:33:45.012 INFO:teuthology.orchestra.run.smithi063.stdout:/usr/bin/ceph: stderr
2024-04-25T18:33:43.714+0000 7f9495800700 1 --2- 172.21.15.63:0/2736811523 >> [v2:172.21.15.63:3300/0,v1:172.21.15.63:6789/0] conn(0x7f9490108dd0 0x7f949019e4d0 secure :-1 s=READY pgs=56 cs=0 l=1 rev1=1 crypto rx=0x7f9480004660 tx=0x7f9480011aa0 comp rx=0 tx=0).stop
2024-04-25T18:33:45.012 INFO:teuthology.orchestra.run.smithi063.stdout:/usr/bin/ceph: stderr
2024-04-25T18:33:43.715+0000 7f9495800700 1 -- 172.21.15.63:0/2736811523 shutdown_connections
2024-04-25T18:33:45.012 INFO:teuthology.orchestra.run.smithi063.stdout:/usr/bin/ceph: stderr
2024-04-25T18:33:43.715+0000 7f9495800700 1 --2- 172.21.15.63:0/2736811523 >> [v2:172.21.15.63:6800/3403991527,v1:172.21.15.63:6801/3403991527] conn(0x7f94740395b0 0x7f947403ba70 unknown :-1 s=CLOSED pgs=16 cs=0 l=1 rev1=1 crypto rx=0 tx=0 comp rx=0 tx=0).stop
2024-04-25T18:33:45.012 INFO:teuthology.orchestra.run.smithi063.stdout:/usr/bin/ceph: stderr
2024-04-25T18:33:43.715+0000 7f9495800700 1 --2- 172.21.15.63:0/2736811523 >> [v2:172.21.15.63:3300/0,v1:172.21.15.63:6789/0] conn(0x7f9490108dd0 0x7f949019e4d0 unknown :-1 s=CLOSED pgs=56 cs=0 l=1 rev1=1 crypto rx=0 tx=0 comp rx=0 tx=0).stop
2024-04-25T18:33:45.012 INFO:teuthology.orchestra.run.smithi063.stdout:/usr/bin/ceph: stderr
2024-04-25T18:33:43.715+0000 7f9495800700 1 -- 172.21.15.63:0/2736811523 >> 172.21.15.63:0/2736811523 conn(0x7f9490102820 msgr2=0x7f94901032a0 unknown :-1 s=STATE_NONE l=0).mark_down
2024-04-25T18:33:45.012 INFO:teuthology.orchestra.run.smithi063.stdout:/usr/bin/ceph: stderr
2024-04-25T18:33:43.717+0000 7f9495800700 1 -- 172.21.15.63:0/2736811523 shutdown_connections
2024-04-25T18:33:45.012 INFO:teuthology.orchestra.run.smithi063.stdout:/usr/bin/ceph: stderr
2024-04-25T18:33:43.717+0000 7f9495800700 1 -- 172.21.15.63:0/2736811523 wait complete.
2024-04-25T18:33:45.186 INFO:journalctl@ceph.mgr.x.smithi063.stdout:Apr 25 18:33:44 smithi063 ceph-e90c993c-0331-11ef-bc93-c7b262605968-mgr-x[28246]:
2024-04-25T18:33:44.932+0000 7f1dd10c8200 -1 mgr[py] Module influx has missing NOTIFY_TYPES member
2024-04-25T18:33:46.772 INFO:journalctl@ceph.mgr.x.smithi063.stdout:Apr 25 18:33:46 smithi063 ceph-e90c993c-0331-11ef-bc93-c7b262605968-mgr-x[28246]:
2024-04-25T18:33:46.586+0000 7f1dd10c8200 -1 mgr[py] Module telegraf has missing NOTIFY_TYPES member
2024-04-25T18:33:46.773 INFO:journalctl@ceph.mon.a.smithi063.stdout:Apr 25 18:33:46 smithi063 ceph-mon[28006]: from='client.? 172.21.15.63:0/4000667936' entity='client.admin' cmd=[{"prefix": "mgr stat"}]: dispatch
2024-04-25T18:33:47.047 INFO:journalctl@ceph.mgr.x.smithi063.stdout:Apr 25 18:33:46 smithi063 ceph-e90c993c-0331-11ef-bc93-c7b262605968-mgr-x[28246]:
2024-04-25T18:33:46.824+0000 7f1dd10c8200 -1 mgr[py] Module osd_support has missing NOTIFY_TYPES member
2024-04-25T18:33:47.047 INFO:journalctl@ceph.mgr.x.smithi063.stdout:Apr 25 18:33:47 smithi063 ceph-e90c993c-0331-11ef-bc93-c7b262605968-mgr-x[28246]:
2024-04-25T18:33:47.044+0000 7f1dd10c8200 -1 mgr[py] Module iostat has missing NOTIFY_TYPES member
2024-04-25T18:33:47.088 INFO:teuthology.orchestra.run.smithi063.stdout:/usr/bin/ceph: stdout {
2024-04-25T18:33:47.089 INFO:teuthology.orchestra.run.smithi063.stdout:/usr/bin/ceph: stdout "epoch": 9,
2024-04-25T18:33:47.089 INFO:teuthology.orchestra.run.smithi063.stdout:/usr/bin/ceph: stdout "available": true,
2024-04-25T18:33:47.089 INFO:teuthology.orchestra.run.smithi063.stdout:/usr/bin/ceph: stdout "active_name": "x",
2024-04-25T18:33:47.094 INFO:teuthology.orchestra.run.smithi063.stdout:/usr/bin/ceph: stdout "num_standby": 0
2024-04-25T18:33:47.094 INFO:teuthology.orchestra.run.smithi063.stdout:/usr/bin/ceph: stdout }
2024-04-25T18:33:47.094 INFO:teuthology.orchestra.run.smithi063.stdout:/usr/bin/ceph: stderr
2024-04-25T18:33:46.074+0000 7f1c73400700 1 Processor -- start
2024-04-25T18:33:47.094 INFO:teuthology.orchestra.run.smithi063.stdout:/usr/bin/ceph: stderr
2024-04-25T18:33:46.075+0000 7f1c73400700 1 -- start start
2024-04-25T18:33:47.094 INFO:teuthology.orchestra.run.smithi063.stdout:/usr/bin/ceph: stderr
2024-04-25T18:33:46.075+0000 7f1c73400700 1 --2- >> [v2:172.21.15.63:3300/0,v1:172.21.15.63:6789/0] conn(0x7f1c6c108fd0 0x7f1c6c10b3c0 unknown :-1 s=NONE pgs=0 cs=0 l=0 rev1=0 crypto rx=0 tx=0 comp rx=0 tx=0).connect
2024-04-25T18:33:47.094 INFO:teuthology.orchestra.run.smithi063.stdout:/usr/bin/ceph: stderr
2024-04-25T18:33:46.075+0000 7f1c73400700 1 -- --> [v2:172.21.15.63:3300/0,v1:172.21.15.63:6789/0] -- mon_getmap magic: 0 -- 0x7f1c6c063d40 con 0x7f1c6c108fd0
2024-04-25T18:33:47.094 INFO:teuthology.orchestra.run.smithi063.stdout:/usr/bin/ceph: stderr
2024-04-25T18:33:46.076+0000 7f1c70a00700 1 --2- >> [v2:172.21.15.63:3300/0,v1:172.21.15.63:6789/0] conn(0x7f1c6c108fd0 0x7f1c6c10b3c0 unknown :-1 s=BANNER_CONNECTING pgs=0 cs=0 l=0 rev1=0 crypto rx=0 tx=0 comp rx=0 tx=0)._handle_peer_banner_payload supported=3 required=0
2024-04-25T18:33:47.094 INFO:teuthology.orchestra.run.smithi063.stdout:/usr/bin/ceph: stderr
2024-04-25T18:33:46.076+0000 7f1c70a00700 1 --2- >> [v2:172.21.15.63:3300/0,v1:172.21.15.63:6789/0] conn(0x7f1c6c108fd0 0x7f1c6c10b3c0 unknown :-1 s=HELLO_CONNECTING pgs=0 cs=0 l=0 rev1=1 crypto rx=0 tx=0 comp rx=0 tx=0).handle_hello peer v2:172.21.15.63:3300/0 says I am v2:172.21.15.63:49890/0 (socket says 172.21.15.63:49890)
2024-04-25T18:33:47.095 INFO:teuthology.orchestra.run.smithi063.stdout:/usr/bin/ceph: stderr
2024-04-25T18:33:46.076+0000 7f1c70a00700 1 -- 172.21.15.63:0/1540325404 learned_addr learned my addr 172.21.15.63:0/1540325404 (peer_addr_for_me v2:172.21.15.63:0/0)
2024-04-25T18:33:47.095 INFO:teuthology.orchestra.run.smithi063.stdout:/usr/bin/ceph: stderr
2024-04-25T18:33:46.076+0000 7f1c70a00700 1 -- 172.21.15.63:0/1540325404 --> [v2:172.21.15.63:3300/0,v1:172.21.15.63:6789/0] -- mon_subscribe({config=0+,monmap=0+}) -- 0x7f1c6c10b900 con 0x7f1c6c108fd0
2024-04-25T18:33:47.095 INFO:teuthology.orchestra.run.smithi063.stdout:/usr/bin/ceph: stderr
2024-04-25T18:33:46.077+0000 7f1c70a00700 1 --2- 172.21.15.63:0/1540325404 >> [v2:172.21.15.63:3300/0,v1:172.21.15.63:6789/0] conn(0x7f1c6c108fd0 0x7f1c6c10b3c0 secure :-1 s=READY pgs=59 cs=0 l=1 rev1=1 crypto rx=0x7f1c600098a0 tx=0x7f1c60009bb0 comp rx=0 tx=0).ready entity=mon.0 client_cookie=a996830c0a93c09d server_cookie=0 in_seq=0 out_seq=0
2024-04-25T18:33:47.095 INFO:teuthology.orchestra.run.smithi063.stdout:/usr/bin/ceph: stderr
2024-04-25T18:33:46.077+0000 7f1c6b400700 1 -- 172.21.15.63:0/1540325404 <== mon.0 v2:172.21.15.63:3300/0 1 ==== mon_map magic: 0 ==== 205+0+0 (secure 0 0 0) 0x7f1c60004160 con 0x7f1c6c108fd0
2024-04-25T18:33:47.095 INFO:teuthology.orchestra.run.smithi063.stdout:/usr/bin/ceph: stderr
2024-04-25T18:33:46.077+0000 7f1c6b400700 1 -- 172.21.15.63:0/1540325404 <== mon.0 v2:172.21.15.63:3300/0 2 ==== config(26 keys) ==== 1101+0+0 (secure 0 0 0) 0x7f1c60004300 con 0x7f1c6c108fd0
2024-04-25T18:33:47.095 INFO:teuthology.orchestra.run.smithi063.stdout:/usr/bin/ceph: stderr
2024-04-25T18:33:46.077+0000 7f1c6b400700 1 -- 172.21.15.63:0/1540325404 <== mon.0 v2:172.21.15.63:3300/0 3 ==== mon_map magic: 0 ==== 205+0+0 (secure 0 0 0) 0x7f1c60011a20 con 0x7f1c6c108fd0
2024-04-25T18:33:47.095 INFO:teuthology.orchestra.run.smithi063.stdout:/usr/bin/ceph: stderr
2024-04-25T18:33:46.078+0000 7f1c73400700 1 -- 172.21.15.63:0/1540325404 >> [v2:172.21.15.63:3300/0,v1:172.21.15.63:6789/0] conn(0x7f1c6c108fd0 msgr2=0x7f1c6c10b3c0 secure :-1 s=STATE_CONNECTION_ESTABLISHED l=1).mark_down
2024-04-25T18:33:47.095 INFO:teuthology.orchestra.run.smithi063.stdout:/usr/bin/ceph: stderr
2024-04-25T18:33:46.078+0000 7f1c73400700 1 --2- 172.21.15.63:0/1540325404 >> [v2:172.21.15.63:3300/0,v1:172.21.15.63:6789/0] conn(0x7f1c6c108fd0 0x7f1c6c10b3c0 secure :-1 s=READY pgs=59 cs=0 l=1 rev1=1 crypto rx=0x7f1c600098a0 tx=0x7f1c60009bb0 comp rx=0 tx=0).stop
2024-04-25T18:33:47.095 INFO:teuthology.orchestra.run.smithi063.stdout:/usr/bin/ceph: stderr
2024-04-25T18:33:46.078+0000 7f1c73400700 1 -- 172.21.15.63:0/1540325404 shutdown_connections
2024-04-25T18:33:47.095 INFO:teuthology.orchestra.run.smithi063.stdout:/usr/bin/ceph: stderr
2024-04-25T18:33:46.078+0000 7f1c73400700 1 --2- 172.21.15.63:0/1540325404 >> [v2:172.21.15.63:3300/0,v1:172.21.15.63:6789/0] conn(0x7f1c6c108fd0 0x7f1c6c10b3c0 unknown :-1 s=CLOSED pgs=59 cs=0 l=1 rev1=1 crypto rx=0 tx=0 comp rx=0 tx=0).stop
2024-04-25T18:33:47.095 INFO:teuthology.orchestra.run.smithi063.stdout:/usr/bin/ceph: stderr
2024-04-25T18:33:46.078+0000 7f1c73400700 1 -- 172.21.15.63:0/1540325404 >> 172.21.15.63:0/1540325404 conn(0x7f1c6c102a40 msgr2=0x7f1c6c104e60 unknown :-1 s=STATE_NONE l=0).mark_down
2024-04-25T18:33:47.095 INFO:teuthology.orchestra.run.smithi063.stdout:/usr/bin/ceph: stderr
2024-04-25T18:33:46.078+0000 7f1c73400700 1 -- 172.21.15.63:0/1540325404 shutdown_connections
2024-04-25T18:33:47.095 INFO:teuthology.orchestra.run.smithi063.stdout:/usr/bin/ceph: stderr
2024-04-25T18:33:46.078+0000 7f1c73400700 1 -- 172.21.15.63:0/1540325404 wait complete.
2024-04-25T18:33:47.095 INFO:teuthology.orchestra.run.smithi063.stdout:/usr/bin/ceph: stderr
2024-04-25T18:33:46.080+0000 7f1c73400700 1 Processor -- start
2024-04-25T18:33:47.095 INFO:teuthology.orchestra.run.smithi063.stdout:/usr/bin/ceph: stderr
2024-04-25T18:33:46.080+0000 7f1c73400700 1 -- start start
2024-04-25T18:33:47.096 INFO:teuthology.orchestra.run.smithi063.stdout:/usr/bin/ceph: stderr
2024-04-25T18:33:46.080+0000 7f1c73400700 1 --2- >> [v2:172.21.15.63:3300/0,v1:172.21.15.63:6789/0] conn(0x7f1c6c108fd0 0x7f1c6c19e5d0 unknown :-1 s=NONE pgs=0 cs=0 l=1 rev1=0 crypto rx=0 tx=0 comp rx=0 tx=0).connect
2024-04-25T18:33:47.096 INFO:teuthology.orchestra.run.smithi063.stdout:/usr/bin/ceph: stderr
2024-04-25T18:33:46.080+0000 7f1c73400700 1 -- --> [v2:172.21.15.63:3300/0,v1:172.21.15.63:6789/0] -- mon_getmap magic: 0 -- 0x7f1c6c10c8a0 con 0x7f1c6c108fd0
2024-04-25T18:33:47.096 INFO:teuthology.orchestra.run.smithi063.stdout:/usr/bin/ceph: stderr
2024-04-25T18:33:46.081+0000 7f1c70a00700 1 --2- >> [v2:172.21.15.63:3300/0,v1:172.21.15.63:6789/0] conn(0x7f1c6c108fd0 0x7f1c6c19e5d0 unknown :-1 s=BANNER_CONNECTING pgs=0 cs=0 l=1 rev1=0 crypto rx=0 tx=0 comp rx=0 tx=0)._handle_peer_banner_payload supported=3 required=0
2024-04-25T18:33:47.096 INFO:teuthology.orchestra.run.smithi063.stdout:/usr/bin/ceph: stderr
2024-04-25T18:33:46.081+0000 7f1c70a00700 1 --2- >> [v2:172.21.15.63:3300/0,v1:172.21.15.63:6789/0] conn(0x7f1c6c108fd0 0x7f1c6c19e5d0 unknown :-1 s=HELLO_CONNECTING pgs=0 cs=0 l=1 rev1=1 crypto rx=0 tx=0 comp rx=0 tx=0).handle_hello peer v2:172.21.15.63:3300/0 says I am v2:172.21.15.63:49902/0 (socket says 172.21.15.63:49902)
2024-04-25T18:33:47.096 INFO:teuthology.orchestra.run.smithi063.stdout:/usr/bin/ceph: stderr
2024-04-25T18:33:46.081+0000 7f1c70a00700 1 -- 172.21.15.63:0/4000667936 learned_addr learned my addr 172.21.15.63:0/4000667936 (peer_addr_for_me v2:172.21.15.63:0/0)
2024-04-25T18:33:47.096 INFO:teuthology.orchestra.run.smithi063.stdout:/usr/bin/ceph: stderr
2024-04-25T18:33:46.081+0000 7f1c70a00700 1 -- 172.21.15.63:0/4000667936 --> [v2:172.21.15.63:3300/0,v1:172.21.15.63:6789/0] -- mon_subscribe({config=0+,monmap=0+}) -- 0x7f1c6c19eb10 con 0x7f1c6c108fd0
2024-04-25T18:33:47.096 INFO:teuthology.orchestra.run.smithi063.stdout:/usr/bin/ceph: stderr
2024-04-25T18:33:46.081+0000 7f1c70a00700 1 --2- 172.21.15.63:0/4000667936 >> [v2:172.21.15.63:3300/0,v1:172.21.15.63:6789/0] conn(0x7f1c6c108fd0 0x7f1c6c19e5d0 secure :-1 s=READY pgs=60 cs=0 l=1 rev1=1 crypto rx=0x7f1c60000c00 tx=0x7f1c60011aa0 comp rx=0 tx=0).ready entity=mon.0 client_cookie=0 server_cookie=0 in_seq=0 out_seq=0
2024-04-25T18:33:47.096 INFO:teuthology.orchestra.run.smithi063.stdout:/usr/bin/ceph: stderr
2024-04-25T18:33:46.082+0000 7f1c69600700 1 -- 172.21.15.63:0/4000667936 <== mon.0 v2:172.21.15.63:3300/0 1 ==== mon_map magic: 0 ==== 205+0+0 (secure 0 0 0) 0x7f1c60003aa0 con 0x7f1c6c108fd0
2024-04-25T18:33:47.096 INFO:teuthology.orchestra.run.smithi063.stdout:/usr/bin/ceph: stderr
2024-04-25T18:33:46.082+0000 7f1c69600700 1 -- 172.21.15.63:0/4000667936 <== mon.0 v2:172.21.15.63:3300/0 2 ==== config(26 keys) ==== 1101+0+0 (secure 0 0 0) 0x7f1c6001b8f0 con 0x7f1c6c108fd0
2024-04-25T18:33:47.096 INFO:teuthology.orchestra.run.smithi063.stdout:/usr/bin/ceph: stderr
2024-04-25T18:33:46.082+0000 7f1c69600700 1 -- 172.21.15.63:0/4000667936 <== mon.0 v2:172.21.15.63:3300/0 3 ==== mon_map magic: 0 ==== 205+0+0 (secure 0 0 0) 0x7f1c60023870 con 0x7f1c6c108fd0
2024-04-25T18:33:47.096 INFO:teuthology.orchestra.run.smithi063.stdout:/usr/bin/ceph: stderr
2024-04-25T18:33:46.082+0000 7f1c73400700 1 -- 172.21.15.63:0/4000667936 --> [v2:172.21.15.63:3300/0,v1:172.21.15.63:6789/0] -- mon_subscribe({mgrmap=0+}) -- 0x7f1c6c19ee00 con 0x7f1c6c108fd0
2024-04-25T18:33:47.096 INFO:teuthology.orchestra.run.smithi063.stdout:/usr/bin/ceph: stderr
2024-04-25T18:33:46.082+0000 7f1c73400700 1 -- 172.21.15.63:0/4000667936 --> [v2:172.21.15.63:3300/0,v1:172.21.15.63:6789/0] -- mon_subscribe({osdmap=0}) -- 0x7f1c6c1a1a90 con 0x7f1c6c108fd0
2024-04-25T18:33:47.096 INFO:teuthology.orchestra.run.smithi063.stdout:/usr/bin/ceph: stderr
2024-04-25T18:33:46.083+0000 7f1c69600700 1 -- 172.21.15.63:0/4000667936 <== mon.0 v2:172.21.15.63:3300/0 4 ==== mgrmap(e 9) ==== 46571+0+0 (secure 0 0 0) 0x7f1c6001b440 con 0x7f1c6c108fd0
2024-04-25T18:33:47.096 INFO:teuthology.orchestra.run.smithi063.stdout:/usr/bin/ceph: stderr
2024-04-25T18:33:46.083+0000 7f1c69600700 1 --2- 172.21.15.63:0/4000667936 >> [v2:172.21.15.63:6800/3403991527,v1:172.21.15.63:6801/3403991527] conn(0x7f1c54039660 0x7f1c5403bb20 unknown :-1 s=NONE pgs=0 cs=0 l=1 rev1=0 crypto rx=0 tx=0 comp rx=0 tx=0).connect
2024-04-25T18:33:47.096 INFO:teuthology.orchestra.run.smithi063.stdout:/usr/bin/ceph: stderr
2024-04-25T18:33:46.083+0000 7f1c73400700 1 -- 172.21.15.63:0/4000667936 --> [v2:172.21.15.63:3300/0,v1:172.21.15.63:6789/0] -- mon_command({"prefix": "get_command_descriptions"} v 0) -- 0x7f1c6c0640a0 con 0x7f1c6c108fd0
2024-04-25T18:33:47.097 INFO:teuthology.orchestra.run.smithi063.stdout:/usr/bin/ceph: stderr
2024-04-25T18:33:46.083+0000 7f1c6be00700 1 -- 172.21.15.63:0/4000667936 >> [v2:172.21.15.63:6800/3403991527,v1:172.21.15.63:6801/3403991527] conn(0x7f1c54039660 msgr2=0x7f1c5403bb20 unknown :-1 s=STATE_CONNECTING_RE l=1).process reconnect failed to v2:172.21.15.63:6800/3403991527
2024-04-25T18:33:47.097 INFO:teuthology.orchestra.run.smithi063.stdout:/usr/bin/ceph: stderr
2024-04-25T18:33:46.084+0000 7f1c69600700 1 -- 172.21.15.63:0/4000667936 <== mon.0 v2:172.21.15.63:3300/0 5 ==== osd_map(2..2 src has 1..2) ==== 940+0+0 (secure 0 0 0) 0x7f1c6004e350 con 0x7f1c6c108fd0
2024-04-25T18:33:47.099 INFO:teuthology.orchestra.run.smithi063.stdout:/usr/bin/ceph: stderr
2024-04-25T18:33:46.084+0000 7f1c6be00700 1 --2- 172.21.15.63:0/4000667936 >> [v2:172.21.15.63:6800/3403991527,v1:172.21.15.63:6801/3403991527] conn(0x7f1c54039660 0x7f1c5403bb20 unknown :-1 s=START_CONNECT pgs=0 cs=0 l=1 rev1=0 crypto rx=0 tx=0 comp rx=0 tx=0)._fault waiting 0.200000
2024-04-25T18:33:47.099 INFO:teuthology.orchestra.run.smithi063.stdout:/usr/bin/ceph: stderr
2024-04-25T18:33:46.090+0000 7f1c69600700 1 -- 172.21.15.63:0/4000667936 <== mon.0 v2:172.21.15.63:3300/0 6 ==== mon_command_ack([{"prefix": "get_command_descriptions"}]=0 v0) ==== 72+0+188370 (secure 0 0 0) 0x7f1c6001f030 con 0x7f1c6c108fd0
2024-04-25T18:33:47.099 INFO:teuthology.orchestra.run.smithi063.stdout:/usr/bin/ceph: stderr
2024-04-25T18:33:46.285+0000 7f1c6be00700 1 -- 172.21.15.63:0/4000667936 >> [v2:172.21.15.63:6800/3403991527,v1:172.21.15.63:6801/3403991527] conn(0x7f1c54039660 msgr2=0x7f1c5403bb20 unknown :-1 s=STATE_CONNECTING_RE l=1).process reconnect failed to v2:172.21.15.63:6800/3403991527
2024-04-25T18:33:47.099 INFO:teuthology.orchestra.run.smithi063.stdout:/usr/bin/ceph: stderr
2024-04-25T18:33:46.285+0000 7f1c6be00700 1 --2- 172.21.15.63:0/4000667936 >> [v2:172.21.15.63:6800/3403991527,v1:172.21.15.63:6801/3403991527] conn(0x7f1c54039660 0x7f1c5403bb20 unknown :-1 s=START_CONNECT pgs=0 cs=0 l=1 rev1=0 crypto rx=0 tx=0 comp rx=0 tx=0)._fault waiting 0.400000
2024-04-25T18:33:47.099 INFO:teuthology.orchestra.run.smithi063.stdout:/usr/bin/ceph: stderr
2024-04-25T18:33:46.405+0000 7f1c73400700 1 -- 172.21.15.63:0/4000667936 --> [v2:172.21.15.63:3300/0,v1:172.21.15.63:6789/0] -- mon_command({"prefix": "mgr stat"} v 0) -- 0x7f1c6c1a21f0 con 0x7f1c6c108fd0
2024-04-25T18:33:47.099 INFO:teuthology.orchestra.run.smithi063.stdout:/usr/bin/ceph: stderr
2024-04-25T18:33:46.406+0000 7f1c69600700 1 -- 172.21.15.63:0/4000667936 <== mon.0 v2:172.21.15.63:3300/0 7 ==== mon_command_ack([{"prefix": "mgr stat"}]=0 v9) ==== 56+0+88 (secure 0 0 0) 0x7f1c60023ad0 con 0x7f1c6c108fd0
2024-04-25T18:33:47.099 INFO:teuthology.orchestra.run.smithi063.stdout:/usr/bin/ceph: stderr
2024-04-25T18:33:46.408+0000 7f1c73400700 1 -- 172.21.15.63:0/4000667936 >> [v2:172.21.15.63:6800/3403991527,v1:172.21.15.63:6801/3403991527] conn(0x7f1c54039660 msgr2=0x7f1c5403bb20 unknown :-1 s=STATE_CONNECTING l=1).mark_down
2024-04-25T18:33:47.099 INFO:teuthology.orchestra.run.smithi063.stdout:/usr/bin/ceph: stderr
2024-04-25T18:33:46.408+0000 7f1c73400700 1 --2- 172.21.15.63:0/4000667936 >> [v2:172.21.15.63:6800/3403991527,v1:172.21.15.63:6801/3403991527] conn(0x7f1c54039660 0x7f1c5403bb20 unknown :-1 s=START_CONNECT pgs=0 cs=0 l=1 rev1=0 crypto rx=0 tx=0 comp rx=0 tx=0).stop
2024-04-25T18:33:47.099 INFO:teuthology.orchestra.run.smithi063.stdout:/usr/bin/ceph: stderr
2024-04-25T18:33:46.408+0000 7f1c73400700 1 -- 172.21.15.63:0/4000667936 >> [v2:172.21.15.63:3300/0,v1:172.21.15.63:6789/0] conn(0x7f1c6c108fd0 msgr2=0x7f1c6c19e5d0 secure :-1 s=STATE_CONNECTION_ESTABLISHED l=1).mark_down
2024-04-25T18:33:47.099 INFO:teuthology.orchestra.run.smithi063.stdout:/usr/bin/ceph: stderr
2024-04-25T18:33:46.408+0000 7f1c73400700 1 --2- 172.21.15.63:0/4000667936 >> [v2:172.21.15.63:3300/0,v1:172.21.15.63:6789/0] conn(0x7f1c6c108fd0 0x7f1c6c19e5d0 secure :-1 s=READY pgs=60 cs=0 l=1 rev1=1 crypto rx=0x7f1c60000c00 tx=0x7f1c60011aa0 comp rx=0 tx=0).stop
2024-04-25T18:33:47.099 INFO:teuthology.orchestra.run.smithi063.stdout:/usr/bin/ceph: stderr
2024-04-25T18:33:46.409+0000 7f1c73400700 1 -- 172.21.15.63:0/4000667936 shutdown_connections
2024-04-25T18:33:47.099 INFO:teuthology.orchestra.run.smithi063.stdout:/usr/bin/ceph: stderr
2024-04-25T18:33:46.409+0000 7f1c73400700 1 --2- 172.21.15.63:0/4000667936 >> [v2:172.21.15.63:6800/3403991527,v1:172.21.15.63:6801/3403991527] conn(0x7f1c54039660 0x7f1c5403bb20 unknown :-1 s=CLOSED pgs=0 cs=0 l=1 rev1=0 crypto rx=0 tx=0 comp rx=0 tx=0).stop
2024-04-25T18:33:47.099 INFO:teuthology.orchestra.run.smithi063.stdout:/usr/bin/ceph: stderr
2024-04-25T18:33:46.409+0000 7f1c73400700 1 --2- 172.21.15.63:0/4000667936 >> [v2:172.21.15.63:3300/0,v1:172.21.15.63:6789/0] conn(0x7f1c6c108fd0 0x7f1c6c19e5d0 unknown :-1 s=CLOSED pgs=60 cs=0 l=1 rev1=1 crypto rx=0 tx=0 comp rx=0 tx=0).stop
2024-04-25T18:33:47.100 INFO:teuthology.orchestra.run.smithi063.stdout:/usr/bin/ceph: stderr
2024-04-25T18:33:46.409+0000 7f1c73400700 1 -- 172.21.15.63:0/4000667936 >> 172.21.15.63:0/4000667936 conn(0x7f1c6c102a40 msgr2=0x7f1c6c103430 unknown :-1 s=STATE_NONE l=0).mark_down
2024-04-25T18:33:47.100 INFO:teuthology.orchestra.run.smithi063.stdout:/usr/bin/ceph: stderr
2024-04-25T18:33:46.409+0000 7f1c73400700 1 -- 172.21.15.63:0/4000667936 shutdown_connections
2024-04-25T18:33:47.100 INFO:teuthology.orchestra.run.smithi063.stdout:/usr/bin/ceph: stderr
2024-04-25T18:33:46.409+0000 7f1c73400700 1 -- 172.21.15.63:0/4000667936 wait complete.
2024-04-25T18:33:47.100 INFO:teuthology.orchestra.run.smithi063.stdout:Waiting for the mgr to restart...
2024-04-25T18:33:47.100 INFO:teuthology.orchestra.run.smithi063.stdout:Waiting for mgr epoch 9...
2024-04-25T18:33:47.680 INFO:journalctl@ceph.mgr.x.smithi063.stdout:Apr 25 18:33:47 smithi063 ceph-e90c993c-0331-11ef-bc93-c7b262605968-mgr-x[28246]:
2024-04-25T18:33:47.446+0000 7f1dd10c8200 -1 mgr[py] Module alerts has missing NOTIFY_TYPES member
2024-04-25T18:33:47.681 INFO:journalctl@ceph.mgr.x.smithi063.stdout:Apr 25 18:33:47 smithi063 ceph-e90c993c-0331-11ef-bc93-c7b262605968-mgr-x[28246]:
2024-04-25T18:33:47.572+0000 7f1dd10c8200 -1 mgr[py] Module selftest has missing NOTIFY_TYPES member
2024-04-25T18:33:47.962 INFO:journalctl@ceph.mgr.x.smithi063.stdout:Apr 25 18:33:47 smithi063 ceph-e90c993c-0331-11ef-bc93-c7b262605968-mgr-x[28246]:
2024-04-25T18:33:47.834+0000 7f1dd10c8200 -1 mgr[py] Module pg_autoscaler has missing NOTIFY_TYPES member
2024-04-25T18:33:48.363 INFO:journalctl@ceph.mgr.x.smithi063.stdout:Apr 25 18:33:48 smithi063 ceph-e90c993c-0331-11ef-bc93-c7b262605968-mgr-x[28246]:
2024-04-25T18:33:48.096+0000 7f1dd10c8200 -1 mgr[py] Module test_orchestrator has missing NOTIFY_TYPES member
2024-04-25T18:33:49.164 INFO:journalctl@ceph.mgr.x.smithi063.stdout:Apr 25 18:33:48 smithi063 ceph-e90c993c-0331-11ef-bc93-c7b262605968-mgr-x[28246]:
2024-04-25T18:33:48.903+0000 7f1dd10c8200 -1 mgr[py] Module rook has missing NOTIFY_TYPES member
2024-04-25T18:33:49.876 INFO:journalctl@ceph.mgr.x.smithi063.stdout:Apr 25 18:33:49 smithi063 ceph-e90c993c-0331-11ef-bc93-c7b262605968-mgr-x[28246]:
2024-04-25T18:33:49.476+0000 7f1dd10c8200 -1 mgr[py] Module volumes has missing NOTIFY_TYPES member
2024-04-25T18:33:49.877 INFO:journalctl@ceph.mgr.x.smithi063.stdout:Apr 25 18:33:49 smithi063 ceph-e90c993c-0331-11ef-bc93-c7b262605968-mgr-x[28246]:
2024-04-25T18:33:49.610+0000 7f1dd10c8200 -1 mgr[py] Module crash has missing NOTIFY_TYPES member
2024-04-25T18:33:50.377 INFO:journalctl@ceph.mgr.x.smithi063.stdout:Apr 25 18:33:49 smithi063 ceph-e90c993c-0331-11ef-bc93-c7b262605968-mgr-x[28246]:
2024-04-25T18:33:49.892+0000 7f1dd10c8200 -1 mgr[py] Module rgw has missing NOTIFY_TYPES member
2024-04-25T18:33:50.877 INFO:journalctl@ceph.mgr.x.smithi063.stdout:Apr 25 18:33:50 smithi063 ceph-e90c993c-0331-11ef-bc93-c7b262605968-mgr-x[28246]:
2024-04-25T18:33:50.569+0000 7f1dd10c8200 -1 mgr[py] Module prometheus has missing NOTIFY_TYPES member
2024-04-25T18:33:50.877 INFO:journalctl@ceph.mgr.x.smithi063.stdout:Apr 25 18:33:50 smithi063 ceph-e90c993c-0331-11ef-bc93-c7b262605968-mgr-x[28246]:
2024-04-25T18:33:50.697+0000 7f1dd10c8200 -1 mgr[py] Module devicehealth has missing NOTIFY_TYPES member
2024-04-25T18:33:51.349 INFO:journalctl@ceph.mgr.x.smithi063.stdout:Apr 25 18:33:51 smithi063 ceph-e90c993c-0331-11ef-bc93-c7b262605968-mgr-x[28246]:
2024-04-25T18:33:51.033+0000 7f1dd10c8200 -1 mgr[py] Module telemetry has missing NOTIFY_TYPES member
2024-04-25T18:33:51.349 INFO:journalctl@ceph.mgr.x.smithi063.stdout:Apr 25 18:33:51 smithi063 ceph-e90c993c-0331-11ef-bc93-c7b262605968-mgr-x[28246]:
2024-04-25T18:33:51.216+0000 7f1dd10c8200 -1 mgr[py] Module diskprediction_local has missing NOTIFY_TYPES member
2024-04-25T18:33:51.627 INFO:journalctl@ceph.mgr.x.smithi063.stdout:Apr 25 18:33:51 smithi063 ceph-e90c993c-0331-11ef-bc93-c7b262605968-mgr-x[28246]:
2024-04-25T18:33:51.347+0000 7f1dd10c8200 -1 mgr[py] Module osd_perf_query has missing NOTIFY_TYPES member
2024-04-25T18:33:51.627 INFO:journalctl@ceph.mgr.x.smithi063.stdout:Apr 25 18:33:51 smithi063 ceph-e90c993c-0331-11ef-bc93-c7b262605968-mgr-x[28246]:
2024-04-25T18:33:51.503+0000 7f1dd10c8200 -1 mgr[py] Module rbd_support has missing NOTIFY_TYPES member
2024-04-25T18:33:52.377 INFO:journalctl@ceph.mgr.x.smithi063.stdout:Apr 25 18:33:51 smithi063 ceph-e90c993c-0331-11ef-bc93-c7b262605968-mgr-x[28246]:
2024-04-25T18:33:51.877+0000 7f1dd10c8200 -1 mgr[py] Module zabbix has missing NOTIFY_TYPES member
2024-04-25T18:33:52.957 INFO:journalctl@ceph.mgr.x.smithi063.stdout:Apr 25 18:33:52 smithi063 ceph-e90c993c-0331-11ef-bc93-c7b262605968-mgr-x[28246]:
2024-04-25T18:33:52.662+0000 7f1dd10c8200 -1 mgr[py] Module status has missing NOTIFY_TYPES member
2024-04-25T18:33:53.377 INFO:journalctl@ceph.mgr.x.smithi063.stdout:Apr 25 18:33:52 smithi063 ceph-e90c993c-0331-11ef-bc93-c7b262605968-mgr-x[28246]:
2024-04-25T18:33:52.955+0000 7f1dd10c8200 -1 mgr[py] Module nfs has missing NOTIFY_TYPES member
2024-04-25T18:33:53.377 INFO:journalctl@ceph.mon.a.smithi063.stdout:Apr 25 18:33:53 smithi063 ceph-mon[28006]: Active manager daemon x restarted
2024-04-25T18:33:53.377 INFO:journalctl@ceph.mon.a.smithi063.stdout:Apr 25 18:33:53 smithi063 ceph-mon[28006]: Activating manager daemon x
2024-04-25T18:33:53.377 INFO:journalctl@ceph.mon.a.smithi063.stdout:Apr 25 18:33:53 smithi063 ceph-mon[28006]: osdmap e3: 0 total, 0 up, 0 in
2024-04-25T18:33:53.377 INFO:journalctl@ceph.mon.a.smithi063.stdout:Apr 25 18:33:53 smithi063 ceph-mon[28006]: mgrmap e10: x(active, starting, since 0.010913s)
2024-04-25T18:33:53.377 INFO:journalctl@ceph.mon.a.smithi063.stdout:Apr 25 18:33:53 smithi063 ceph-mon[28006]: from='mgr.14152 172.21.15.63:0/2266872602' entity='mgr.x' cmd=[{"prefix": "mon metadata", "id": "a"}]: dispatch
2024-04-25T18:33:53.377 INFO:journalctl@ceph.mon.a.smithi063.stdout:Apr 25 18:33:53 smithi063 ceph-mon[28006]: from='mgr.14152 172.21.15.63:0/2266872602' entity='mgr.x' cmd=[{"prefix": "mgr metadata", "who": "x", "id": "x"}]: dispatch
2024-04-25T18:33:53.377 INFO:journalctl@ceph.mon.a.smithi063.stdout:Apr 25 18:33:53 smithi063 ceph-mon[28006]: from='mgr.14152 172.21.15.63:0/2266872602' entity='mgr.x' cmd=[{"prefix": "mds metadata"}]: dispatch
2024-04-25T18:33:53.378 INFO:journalctl@ceph.mon.a.smithi063.stdout:Apr 25 18:33:53 smithi063 ceph-mon[28006]: from='mgr.14152 172.21.15.63:0/2266872602' entity='mgr.x' cmd=[{"prefix": "osd metadata"}]: dispatch
2024-04-25T18:33:53.378 INFO:journalctl@ceph.mon.a.smithi063.stdout:Apr 25 18:33:53 smithi063 ceph-mon[28006]: from='mgr.14152 172.21.15.63:0/2266872602' entity='mgr.x' cmd=[{"prefix": "mon metadata"}]: dispatch
2024-04-25T18:33:53.378 INFO:journalctl@ceph.mon.a.smithi063.stdout:Apr 25 18:33:53 smithi063 ceph-mon[28006]: Manager daemon x is now available
2024-04-25T18:33:54.339 INFO:journalctl@ceph.mon.a.smithi063.stdout:Apr 25 18:33:54 smithi063 ceph-mon[28006]: from='mgr.14152 172.21.15.63:0/2266872602' entity='mgr.x' cmd=[{"prefix": "config dump", "format": "json"}]: dispatch
2024-04-25T18:33:54.339 INFO:journalctl@ceph.mon.a.smithi063.stdout:Apr 25 18:33:54 smithi063 ceph-mon[28006]: from='mgr.14152 172.21.15.63:0/2266872602' entity='mgr.x' cmd=[{"prefix":"config rm","who":"mgr","name":"mgr/rbd_support/x/mirror_snapshot_schedule"}]: dispatch
2024-04-25T18:33:54.339 INFO:journalctl@ceph.mon.a.smithi063.stdout:Apr 25 18:33:54 smithi063 ceph-mon[28006]: from='mgr.14152 172.21.15.63:0/2266872602' entity='mgr.x' cmd=[{"prefix":"config rm","who":"mgr","name":"mgr/rbd_support/x/trash_purge_schedule"}]: dispatch
2024-04-25T18:33:54.339 INFO:journalctl@ceph.mon.a.smithi063.stdout:Apr 25 18:33:54 smithi063 ceph-mon[28006]: [25/Apr/2024:18:33:53] ENGINE Bus STARTING
2024-04-25T18:33:54.339 INFO:journalctl@ceph.mon.a.smithi063.stdout:Apr 25 18:33:54 smithi063 ceph-mon[28006]: [25/Apr/2024:18:33:53] ENGINE Serving on http://172.21.15.63:8765
2024-04-25T18:33:54.339 INFO:journalctl@ceph.mon.a.smithi063.stdout:Apr 25 18:33:54 smithi063 ceph-mon[28006]: [25/Apr/2024:18:33:53] ENGINE Serving on https://172.21.15.63:7150
2024-04-25T18:33:54.339 INFO:journalctl@ceph.mon.a.smithi063.stdout:Apr 25 18:33:54 smithi063 ceph-mon[28006]: [25/Apr/2024:18:33:53] ENGINE Bus STARTED
2024-04-25T18:33:54.339 INFO:journalctl@ceph.mon.a.smithi063.stdout:Apr 25 18:33:54 smithi063 ceph-mon[28006]: mgrmap e11: x(active, since 1.01636s)
2024-04-25T18:33:54.719 INFO:teuthology.orchestra.run.smithi063.stdout:/usr/bin/ceph: stdout {
2024-04-25T18:33:54.719 INFO:teuthology.orchestra.run.smithi063.stdout:/usr/bin/ceph: stdout "mgrmap_epoch": 11,
2024-04-25T18:33:54.719 INFO:teuthology.orchestra.run.smithi063.stdout:/usr/bin/ceph: stdout "initialized": true
2024-04-25T18:33:54.720 INFO:teuthology.orchestra.run.smithi063.stdout:/usr/bin/ceph: stdout }
2024-04-25T18:33:54.720 INFO:teuthology.orchestra.run.smithi063.stdout:/usr/bin/ceph: stderr
2024-04-25T18:33:47.751+0000 7f08bb000700 1 Processor -- start
2024-04-25T18:33:54.720 INFO:teuthology.orchestra.run.smithi063.stdout:/usr/bin/ceph: stderr
2024-04-25T18:33:47.751+0000 7f08bb000700 1 -- start start
2024-04-25T18:33:54.720 INFO:teuthology.orchestra.run.smithi063.stdout:/usr/bin/ceph: stderr
2024-04-25T18:33:47.751+0000 7f08bb000700 1 --2- >> [v2:172.21.15.63:3300/0,v1:172.21.15.63:6789/0] conn(0x7f08b407cda0 0x7f08b407b200 unknown :-1 s=NONE pgs=0 cs=0 l=0 rev1=0 crypto rx=0 tx=0 comp rx=0 tx=0).connect
2024-04-25T18:33:54.720 INFO:teuthology.orchestra.run.smithi063.stdout:/usr/bin/ceph: stderr
2024-04-25T18:33:47.752+0000 7f08bb000700 1 -- --> [v2:172.21.15.63:3300/0,v1:172.21.15.63:6789/0] -- mon_getmap magic: 0 -- 0x7f08b407b7d0 con 0x7f08b407cda0
2024-04-25T18:33:54.720 INFO:teuthology.orchestra.run.smithi063.stdout:/usr/bin/ceph: stderr
2024-04-25T18:33:47.752+0000 7f08b3e00700 1 --2- >> [v2:172.21.15.63:3300/0,v1:172.21.15.63:6789/0] conn(0x7f08b407cda0 0x7f08b407b200 unknown :-1 s=BANNER_CONNECTING pgs=0 cs=0 l=0 rev1=0 crypto rx=0 tx=0 comp rx=0 tx=0)._handle_peer_banner_payload supported=3 required=0
2024-04-25T18:33:54.722 INFO:teuthology.orchestra.run.smithi063.stdout:/usr/bin/ceph: stderr
2024-04-25T18:33:47.752+0000 7f08b3e00700 1 --2- >> [v2:172.21.15.63:3300/0,v1:172.21.15.63:6789/0] conn(0x7f08b407cda0 0x7f08b407b200 unknown :-1 s=HELLO_CONNECTING pgs=0 cs=0 l=0 rev1=1 crypto rx=0 tx=0 comp rx=0 tx=0).handle_hello peer v2:172.21.15.63:3300/0 says I am v2:172.21.15.63:36386/0 (socket says 172.21.15.63:36386)
2024-04-25T18:33:54.722 INFO:teuthology.orchestra.run.smithi063.stdout:/usr/bin/ceph: stderr
2024-04-25T18:33:47.752+0000 7f08b3e00700 1 -- 172.21.15.63:0/1161312686 learned_addr learned my addr 172.21.15.63:0/1161312686 (peer_addr_for_me v2:172.21.15.63:0/0)
2024-04-25T18:33:54.722 INFO:teuthology.orchestra.run.smithi063.stdout:/usr/bin/ceph: stderr
2024-04-25T18:33:47.752+0000 7f08b3e00700 1 -- 172.21.15.63:0/1161312686 --> [v2:172.21.15.63:3300/0,v1:172.21.15.63:6789/0] -- mon_subscribe({config=0+,monmap=0+}) -- 0x7f08b407b950 con 0x7f08b407cda0
2024-04-25T18:33:54.722 INFO:teuthology.orchestra.run.smithi063.stdout:/usr/bin/ceph: stderr
2024-04-25T18:33:47.753+0000 7f08b3e00700 1 --2- 172.21.15.63:0/1161312686 >> [v2:172.21.15.63:3300/0,v1:172.21.15.63:6789/0] conn(0x7f08b407cda0 0x7f08b407b200 secure :-1 s=READY pgs=61 cs=0 l=1 rev1=1 crypto rx=0x7f08a40098a0 tx=0x7f08a4009bb0 comp rx=0 tx=0).ready entity=mon.0 client_cookie=a2b37370de497 server_cookie=0 in_seq=0 out_seq=0
2024-04-25T18:33:54.722 INFO:teuthology.orchestra.run.smithi063.stdout:/usr/bin/ceph: stderr
2024-04-25T18:33:47.753+0000 7f08b2a00700 1 -- 172.21.15.63:0/1161312686 <== mon.0 v2:172.21.15.63:3300/0 1 ==== mon_map magic: 0 ==== 205+0+0 (secure 0 0 0) 0x7f08a4004160 con 0x7f08b407cda0
2024-04-25T18:33:54.722 INFO:teuthology.orchestra.run.smithi063.stdout:/usr/bin/ceph: stderr
2024-04-25T18:33:47.753+0000 7f08b2a00700 1 -- 172.21.15.63:0/1161312686 <== mon.0 v2:172.21.15.63:3300/0 2 ==== config(26 keys) ==== 1101+0+0 (secure 0 0 0) 0x7f08a4004300 con 0x7f08b407cda0
2024-04-25T18:33:54.722 INFO:teuthology.orchestra.run.smithi063.stdout:/usr/bin/ceph: stderr
2024-04-25T18:33:47.753+0000 7f08b2a00700 1 -- 172.21.15.63:0/1161312686 <== mon.0 v2:172.21.15.63:3300/0 3 ==== mon_map magic: 0 ==== 205+0+0 (secure 0 0 0) 0x7f08a4011a20 con 0x7f08b407cda0
2024-04-25T18:33:54.722 INFO:teuthology.orchestra.run.smithi063.stdout:/usr/bin/ceph: stderr
2024-04-25T18:33:47.754+0000 7f08bb000700 1 -- 172.21.15.63:0/1161312686 >> [v2:172.21.15.63:3300/0,v1:172.21.15.63:6789/0] conn(0x7f08b407cda0 msgr2=0x7f08b407b200 secure :-1 s=STATE_CONNECTION_ESTABLISHED l=1).mark_down
2024-04-25T18:33:54.722 INFO:teuthology.orchestra.run.smithi063.stdout:/usr/bin/ceph: stderr
2024-04-25T18:33:47.754+0000 7f08bb000700 1 --2- 172.21.15.63:0/1161312686 >> [v2:172.21.15.63:3300/0,v1:172.21.15.63:6789/0] conn(0x7f08b407cda0 0x7f08b407b200 secure :-1 s=READY pgs=61 cs=0 l=1 rev1=1 crypto rx=0x7f08a40098a0 tx=0x7f08a4009bb0 comp rx=0 tx=0).stop
2024-04-25T18:33:54.722 INFO:teuthology.orchestra.run.smithi063.stdout:/usr/bin/ceph: stderr
2024-04-25T18:33:47.754+0000 7f08bb000700 1 -- 172.21.15.63:0/1161312686 shutdown_connections
2024-04-25T18:33:54.726 INFO:teuthology.orchestra.run.smithi063.stdout:/usr/bin/ceph: stderr
2024-04-25T18:33:47.754+0000 7f08bb000700 1 --2- 172.21.15.63:0/1161312686 >> [v2:172.21.15.63:3300/0,v1:172.21.15.63:6789/0] conn(0x7f08b407cda0 0x7f08b407b200 unknown :-1 s=CLOSED pgs=61 cs=0 l=1 rev1=1 crypto rx=0 tx=0 comp rx=0 tx=0).stop
2024-04-25T18:33:54.726 INFO:teuthology.orchestra.run.smithi063.stdout:/usr/bin/ceph: stderr
2024-04-25T18:33:47.754+0000 7f08bb000700 1 -- 172.21.15.63:0/1161312686 >> 172.21.15.63:0/1161312686 conn(0x7f08b4103b50 msgr2=0x7f08b4105f70 unknown :-1 s=STATE_NONE l=0).mark_down
2024-04-25T18:33:54.726 INFO:teuthology.orchestra.run.smithi063.stdout:/usr/bin/ceph: stderr
2024-04-25T18:33:47.754+0000 7f08bb000700 1 -- 172.21.15.63:0/1161312686 shutdown_connections
2024-04-25T18:33:54.726 INFO:teuthology.orchestra.run.smithi063.stdout:/usr/bin/ceph: stderr
2024-04-25T18:33:47.754+0000 7f08bb000700 1 -- 172.21.15.63:0/1161312686 wait complete.
2024-04-25T18:33:54.726 INFO:teuthology.orchestra.run.smithi063.stdout:/usr/bin/ceph: stderr
2024-04-25T18:33:47.755+0000 7f08bb000700 1 Processor -- start
2024-04-25T18:33:54.726 INFO:teuthology.orchestra.run.smithi063.stdout:/usr/bin/ceph: stderr
2024-04-25T18:33:47.755+0000 7f08bb000700 1 -- start start
2024-04-25T18:33:54.726 INFO:teuthology.orchestra.run.smithi063.stdout:/usr/bin/ceph: stderr
2024-04-25T18:33:47.755+0000 7f08bb000700 1 --2- >> [v2:172.21.15.63:3300/0,v1:172.21.15.63:6789/0] conn(0x7f08b407cda0 0x7f08b419e600 unknown :-1 s=NONE pgs=0 cs=0 l=1 rev1=0 crypto rx=0 tx=0 comp rx=0 tx=0).connect
2024-04-25T18:33:54.726 INFO:teuthology.orchestra.run.smithi063.stdout:/usr/bin/ceph: stderr
2024-04-25T18:33:47.755+0000 7f08bb000700 1 -- --> [v2:172.21.15.63:3300/0,v1:172.21.15.63:6789/0] -- mon_getmap magic: 0 -- 0x7f08b410eb30 con 0x7f08b407cda0
2024-04-25T18:33:54.726 INFO:teuthology.orchestra.run.smithi063.stdout:/usr/bin/ceph: stderr
2024-04-25T18:33:47.756+0000 7f08b3e00700 1 --2- >> [v2:172.21.15.63:3300/0,v1:172.21.15.63:6789/0] conn(0x7f08b407cda0 0x7f08b419e600 unknown :-1 s=BANNER_CONNECTING pgs=0 cs=0 l=1 rev1=0 crypto rx=0 tx=0 comp rx=0 tx=0)._handle_peer_banner_payload supported=3 required=0
2024-04-25T18:33:54.727 INFO:teuthology.orchestra.run.smithi063.stdout:/usr/bin/ceph: stderr
