2024-04-25T18:32:55.583 INFO:teuthology.orchestra.run.smithi096.stdout:/usr/bin/ceph: stderr
2024-04-25T18:32:54.317+0000 7feb1a000700 1 -- 172.21.15.96:0/4082891930 <== mon.0 v2:172.21.15.96:3300/0 3 ==== mon_map magic: 0 ==== 205+0+0 (secure 0 0 0) 0x7feb0c011b20 con 0x7feb1c07de60
2024-04-25T18:32:55.583 INFO:teuthology.orchestra.run.smithi096.stdout:/usr/bin/ceph: stderr
2024-04-25T18:32:54.317+0000 7feb1be00700 1 -- 172.21.15.96:0/4082891930 >> [v2:172.21.15.96:3300/0,v1:172.21.15.96:6789/0] conn(0x7feb1c07de60 msgr2=0x7feb1c07c310 secure :-1 s=STATE_CONNECTION_ESTABLISHED l=1).mark_down
2024-04-25T18:32:55.583 INFO:teuthology.orchestra.run.smithi096.stdout:/usr/bin/ceph: stderr
2024-04-25T18:32:54.317+0000 7feb1be00700 1 --2- 172.21.15.96:0/4082891930 >> [v2:172.21.15.96:3300/0,v1:172.21.15.96:6789/0] conn(0x7feb1c07de60 0x7feb1c07c310 secure :-1 s=READY pgs=18 cs=0 l=1 rev1=1 crypto rx=0x7feb0c0098a0 tx=0x7feb0c009bb0 comp rx=0 tx=0).stop
2024-04-25T18:32:55.583 INFO:teuthology.orchestra.run.smithi096.stdout:/usr/bin/ceph: stderr
2024-04-25T18:32:54.318+0000 7feb1be00700 1 -- 172.21.15.96:0/4082891930 shutdown_connections
2024-04-25T18:32:55.583 INFO:teuthology.orchestra.run.smithi096.stdout:/usr/bin/ceph: stderr
2024-04-25T18:32:54.318+0000 7feb1be00700 1 --2- 172.21.15.96:0/4082891930 >> [v2:172.21.15.96:3300/0,v1:172.21.15.96:6789/0] conn(0x7feb1c07de60 0x7feb1c07c310 unknown :-1 s=CLOSED pgs=18 cs=0 l=1 rev1=1 crypto rx=0 tx=0 comp rx=0 tx=0).stop
2024-04-25T18:32:55.583 INFO:teuthology.orchestra.run.smithi096.stdout:/usr/bin/ceph: stderr
2024-04-25T18:32:54.318+0000 7feb1be00700 1 -- 172.21.15.96:0/4082891930 >> 172.21.15.96:0/4082891930 conn(0x7feb1c103a90 msgr2=0x7feb1c105eb0 unknown :-1 s=STATE_NONE l=0).mark_down
2024-04-25T18:32:55.584 INFO:teuthology.orchestra.run.smithi096.stdout:/usr/bin/ceph: stderr
2024-04-25T18:32:54.318+0000 7feb1be00700 1 -- 172.21.15.96:0/4082891930 shutdown_connections
2024-04-25T18:32:55.584 INFO:teuthology.orchestra.run.smithi096.stdout:/usr/bin/ceph: stderr
2024-04-25T18:32:54.318+0000 7feb1be00700 1 -- 172.21.15.96:0/4082891930 wait complete.
2024-04-25T18:32:55.584 INFO:teuthology.orchestra.run.smithi096.stdout:/usr/bin/ceph: stderr
2024-04-25T18:32:54.319+0000 7feb1be00700 1 Processor -- start
2024-04-25T18:32:55.584 INFO:teuthology.orchestra.run.smithi096.stdout:/usr/bin/ceph: stderr
2024-04-25T18:32:54.319+0000 7feb1be00700 1 -- start start
2024-04-25T18:32:55.584 INFO:teuthology.orchestra.run.smithi096.stdout:/usr/bin/ceph: stderr
2024-04-25T18:32:54.319+0000 7feb1be00700 1 --2- >> [v2:172.21.15.96:3300/0,v1:172.21.15.96:6789/0] conn(0x7feb1c07de60 0x7feb1c10b6a0 unknown :-1 s=NONE pgs=0 cs=0 l=1 rev1=0 crypto rx=0 tx=0 comp rx=0 tx=0).connect
2024-04-25T18:32:55.584 INFO:teuthology.orchestra.run.smithi096.stdout:/usr/bin/ceph: stderr
2024-04-25T18:32:54.319+0000 7feb1be00700 1 -- --> [v2:172.21.15.96:3300/0,v1:172.21.15.96:6789/0] -- mon_getmap magic: 0 -- 0x7feb1c10e9c0 con 0x7feb1c07de60
2024-04-25T18:32:55.584 INFO:teuthology.orchestra.run.smithi096.stdout:/usr/bin/ceph: stderr
2024-04-25T18:32:54.320+0000 7feb1aa00700 1 --2- >> [v2:172.21.15.96:3300/0,v1:172.21.15.96:6789/0] conn(0x7feb1c07de60 0x7feb1c10b6a0 unknown :-1 s=BANNER_CONNECTING pgs=0 cs=0 l=1 rev1=0 crypto rx=0 tx=0 comp rx=0 tx=0)._handle_peer_banner_payload supported=3 required=0
2024-04-25T18:32:55.584 INFO:teuthology.orchestra.run.smithi096.stdout:/usr/bin/ceph: stderr
2024-04-25T18:32:54.320+0000 7feb1aa00700 1 --2- >> [v2:172.21.15.96:3300/0,v1:172.21.15.96:6789/0] conn(0x7feb1c07de60 0x7feb1c10b6a0 unknown :-1 s=HELLO_CONNECTING pgs=0 cs=0 l=1 rev1=1 crypto rx=0 tx=0 comp rx=0 tx=0).handle_hello peer v2:172.21.15.96:3300/0 says I am v2:172.21.15.96:51660/0 (socket says 172.21.15.96:51660)
2024-04-25T18:32:55.584 INFO:teuthology.orchestra.run.smithi096.stdout:/usr/bin/ceph: stderr
2024-04-25T18:32:54.320+0000 7feb1aa00700 1 -- 172.21.15.96:0/355335305 learned_addr learned my addr 172.21.15.96:0/355335305 (peer_addr_for_me v2:172.21.15.96:0/0)
2024-04-25T18:32:55.584 INFO:teuthology.orchestra.run.smithi096.stdout:/usr/bin/ceph: stderr
2024-04-25T18:32:54.320+0000 7feb1aa00700 1 -- 172.21.15.96:0/355335305 --> [v2:172.21.15.96:3300/0,v1:172.21.15.96:6789/0] -- mon_subscribe({config=0+,monmap=0+}) -- 0x7feb1c10bbe0 con 0x7feb1c07de60
2024-04-25T18:32:55.584 INFO:teuthology.orchestra.run.smithi096.stdout:/usr/bin/ceph: stderr
2024-04-25T18:32:54.320+0000 7feb1aa00700 1 --2- 172.21.15.96:0/355335305 >> [v2:172.21.15.96:3300/0,v1:172.21.15.96:6789/0] conn(0x7feb1c07de60 0x7feb1c10b6a0 secure :-1 s=READY pgs=19 cs=0 l=1 rev1=1 crypto rx=0x7feb0c006af0 tx=0x7feb0c011ce0 comp rx=0 tx=0).ready entity=mon.0 client_cookie=0 server_cookie=0 in_seq=0 out_seq=0
2024-04-25T18:32:55.584 INFO:teuthology.orchestra.run.smithi096.stdout:/usr/bin/ceph: stderr
2024-04-25T18:32:54.321+0000 7feb20a00700 1 -- 172.21.15.96:0/355335305 <== mon.0 v2:172.21.15.96:3300/0 1 ==== mon_map magic: 0 ==== 205+0+0 (secure 0 0 0) 0x7feb0c003b90 con 0x7feb1c07de60
2024-04-25T18:32:55.584 INFO:teuthology.orchestra.run.smithi096.stdout:/usr/bin/ceph: stderr
2024-04-25T18:32:54.321+0000 7feb20a00700 1 -- 172.21.15.96:0/355335305 <== mon.0 v2:172.21.15.96:3300/0 2 ==== config(27 keys) ==== 1104+0+0 (secure 0 0 0) 0x7feb0c003d30 con 0x7feb1c07de60
2024-04-25T18:32:55.584 INFO:teuthology.orchestra.run.smithi096.stdout:/usr/bin/ceph: stderr
2024-04-25T18:32:54.321+0000 7feb1be00700 1 -- 172.21.15.96:0/355335305 --> [v2:172.21.15.96:3300/0,v1:172.21.15.96:6789/0] -- mon_subscribe({mgrmap=0+}) -- 0x7feb1c10be70 con 0x7feb1c07de60
2024-04-25T18:32:55.584 INFO:teuthology.orchestra.run.smithi096.stdout:/usr/bin/ceph: stderr
2024-04-25T18:32:54.321+0000 7feb20a00700 1 -- 172.21.15.96:0/355335305 <== mon.0 v2:172.21.15.96:3300/0 3 ==== mon_map magic: 0 ==== 205+0+0 (secure 0 0 0) 0x7feb0c0197c0 con 0x7feb1c07de60
2024-04-25T18:32:55.584 INFO:teuthology.orchestra.run.smithi096.stdout:/usr/bin/ceph: stderr
2024-04-25T18:32:54.321+0000 7feb1be00700 1 -- 172.21.15.96:0/355335305 --> [v2:172.21.15.96:3300/0,v1:172.21.15.96:6789/0] -- mon_subscribe({osdmap=0}) -- 0x7feb1c1083b0 con 0x7feb1c07de60
2024-04-25T18:32:55.585 INFO:teuthology.orchestra.run.smithi096.stdout:/usr/bin/ceph: stderr
2024-04-25T18:32:54.322+0000 7feb20a00700 1 -- 172.21.15.96:0/355335305 <== mon.0 v2:172.21.15.96:3300/0 4 ==== mgrmap(e 3) ==== 46441+0+0 (secure 0 0 0) 0x7feb0c022020 con 0x7feb1c07de60
2024-04-25T18:32:55.585 INFO:teuthology.orchestra.run.smithi096.stdout:/usr/bin/ceph: stderr
2024-04-25T18:32:54.322+0000 7feb1be00700 1 -- 172.21.15.96:0/355335305 --> [v2:172.21.15.96:3300/0,v1:172.21.15.96:6789/0] -- mon_command({"prefix": "get_command_descriptions"} v 0) -- 0x7feb1c10c040 con 0x7feb1c07de60
2024-04-25T18:32:55.585 INFO:teuthology.orchestra.run.smithi096.stdout:/usr/bin/ceph: stderr
2024-04-25T18:32:54.323+0000 7feb20a00700 1 --2- 172.21.15.96:0/355335305 >> [v2:172.21.15.96:6800/2242682943,v1:172.21.15.96:6801/2242682943] conn(0x7feb00039550 0x7feb0003ba10 unknown :-1 s=NONE pgs=0 cs=0 l=1 rev1=0 crypto rx=0 tx=0 comp rx=0 tx=0).connect
2024-04-25T18:32:55.585 INFO:teuthology.orchestra.run.smithi096.stdout:/usr/bin/ceph: stderr
2024-04-25T18:32:54.323+0000 7feb20a00700 1 -- 172.21.15.96:0/355335305 <== mon.0 v2:172.21.15.96:3300/0 5 ==== osd_map(1..1 src has 1..1) ==== 725+0+0 (secure 0 0 0) 0x7feb0c04d380 con 0x7feb1c07de60
2024-04-25T18:32:55.585 INFO:teuthology.orchestra.run.smithi096.stdout:/usr/bin/ceph: stderr
2024-04-25T18:32:54.323+0000 7feb13e00700 1 --2- 172.21.15.96:0/355335305 >> [v2:172.21.15.96:6800/2242682943,v1:172.21.15.96:6801/2242682943] conn(0x7feb00039550 0x7feb0003ba10 unknown :-1 s=BANNER_CONNECTING pgs=0 cs=0 l=1 rev1=0 crypto rx=0 tx=0 comp rx=0 tx=0)._handle_peer_banner_payload supported=3 required=0
2024-04-25T18:32:55.585 INFO:teuthology.orchestra.run.smithi096.stdout:/usr/bin/ceph: stderr
2024-04-25T18:32:54.324+0000 7feb13e00700 1 --2- 172.21.15.96:0/355335305 >> [v2:172.21.15.96:6800/2242682943,v1:172.21.15.96:6801/2242682943] conn(0x7feb00039550 0x7feb0003ba10 secure :-1 s=READY pgs=6 cs=0 l=1 rev1=1 crypto rx=0x7feb04006fd0 tx=0x7feb04006e40 comp rx=0 tx=0).ready entity=mgr.14100 client_cookie=0 server_cookie=0 in_seq=0 out_seq=0
2024-04-25T18:32:55.585 INFO:teuthology.orchestra.run.smithi096.stdout:/usr/bin/ceph: stderr
2024-04-25T18:32:54.329+0000 7feb20a00700 1 -- 172.21.15.96:0/355335305 <== mon.0 v2:172.21.15.96:3300/0 6 ==== mon_command_ack([{"prefix": "get_command_descriptions"}]=0 v0) ==== 72+0+188370 (secure 0 0 0) 0x7feb1c10c040 con 0x7feb1c07de60
2024-04-25T18:32:55.585 INFO:teuthology.orchestra.run.smithi096.stdout:/usr/bin/ceph: stderr
2024-04-25T18:32:54.599+0000 7feb20a00700 1 -- 172.21.15.96:0/355335305 <== mon.0 v2:172.21.15.96:3300/0 7 ==== mgrmap(e 4) ==== 46547+0+0 (secure 0 0 0) 0x7feb0c01a430 con 0x7feb1c07de60
2024-04-25T18:32:55.585 INFO:teuthology.orchestra.run.smithi096.stdout:/usr/bin/ceph: stderr
2024-04-25T18:32:54.645+0000 7feb1be00700 1 -- 172.21.15.96:0/355335305 --> [v2:172.21.15.96:3300/0,v1:172.21.15.96:6789/0] -- mon_command({"prefix": "status", "format": "json-pretty"} v 0) -- 0x7feb1c108a60 con 0x7feb1c07de60
2024-04-25T18:32:55.585 INFO:teuthology.orchestra.run.smithi096.stdout:/usr/bin/ceph: stderr
2024-04-25T18:32:54.646+0000 7feb20a00700 1 -- 172.21.15.96:0/355335305 <== mon.0 v2:172.21.15.96:3300/0 8 ==== mon_command_ack([{"prefix": "status", "format": "json-pretty"}]=0 v0) ==== 79+0+1239 (secure 0 0 0) 0x7feb0c01f1c0 con 0x7feb1c07de60
2024-04-25T18:32:55.585 INFO:teuthology.orchestra.run.smithi096.stdout:/usr/bin/ceph: stderr
2024-04-25T18:32:54.648+0000 7feb1be00700 1 -- 172.21.15.96:0/355335305 >> [v2:172.21.15.96:6800/2242682943,v1:172.21.15.96:6801/2242682943] conn(0x7feb00039550 msgr2=0x7feb0003ba10 secure :-1 s=STATE_CONNECTION_ESTABLISHED l=1).mark_down
2024-04-25T18:32:55.585 INFO:teuthology.orchestra.run.smithi096.stdout:/usr/bin/ceph: stderr
2024-04-25T18:32:54.648+0000 7feb1be00700 1 --2- 172.21.15.96:0/355335305 >> [v2:172.21.15.96:6800/2242682943,v1:172.21.15.96:6801/2242682943] conn(0x7feb00039550 0x7feb0003ba10 secure :-1 s=READY pgs=6 cs=0 l=1 rev1=1 crypto rx=0x7feb04006fd0 tx=0x7feb04006e40 comp rx=0 tx=0).stop
2024-04-25T18:32:55.585 INFO:teuthology.orchestra.run.smithi096.stdout:/usr/bin/ceph: stderr
2024-04-25T18:32:54.648+0000 7feb1be00700 1 -- 172.21.15.96:0/355335305 >> [v2:172.21.15.96:3300/0,v1:172.21.15.96:6789/0] conn(0x7feb1c07de60 msgr2=0x7feb1c10b6a0 secure :-1 s=STATE_CONNECTION_ESTABLISHED l=1).mark_down
2024-04-25T18:32:55.585 INFO:teuthology.orchestra.run.smithi096.stdout:/usr/bin/ceph: stderr
2024-04-25T18:32:54.648+0000 7feb1be00700 1 --2- 172.21.15.96:0/355335305 >> [v2:172.21.15.96:3300/0,v1:172.21.15.96:6789/0] conn(0x7feb1c07de60 0x7feb1c10b6a0 secure :-1 s=READY pgs=19 cs=0 l=1 rev1=1 crypto rx=0x7feb0c006af0 tx=0x7feb0c011ce0 comp rx=0 tx=0).stop
2024-04-25T18:32:55.586 INFO:teuthology.orchestra.run.smithi096.stdout:/usr/bin/ceph: stderr
2024-04-25T18:32:54.648+0000 7feb1be00700 1 -- 172.21.15.96:0/355335305 shutdown_connections
2024-04-25T18:32:55.586 INFO:teuthology.orchestra.run.smithi096.stdout:/usr/bin/ceph: stderr
2024-04-25T18:32:54.648+0000 7feb1be00700 1 --2- 172.21.15.96:0/355335305 >> [v2:172.21.15.96:6800/2242682943,v1:172.21.15.96:6801/2242682943] conn(0x7feb00039550 0x7feb0003ba10 unknown :-1 s=CLOSED pgs=6 cs=0 l=1 rev1=1 crypto rx=0 tx=0 comp rx=0 tx=0).stop
2024-04-25T18:32:55.586 INFO:teuthology.orchestra.run.smithi096.stdout:/usr/bin/ceph: stderr
2024-04-25T18:32:54.648+0000 7feb1be00700 1 --2- 172.21.15.96:0/355335305 >> [v2:172.21.15.96:3300/0,v1:172.21.15.96:6789/0] conn(0x7feb1c07de60 0x7feb1c10b6a0 unknown :-1 s=CLOSED pgs=19 cs=0 l=1 rev1=1 crypto rx=0 tx=0 comp rx=0 tx=0).stop
2024-04-25T18:32:55.586 INFO:teuthology.orchestra.run.smithi096.stdout:/usr/bin/ceph: stderr
2024-04-25T18:32:54.648+0000 7feb1be00700 1 -- 172.21.15.96:0/355335305 >> 172.21.15.96:0/355335305 conn(0x7feb1c103a90 msgr2=0x7feb1c1044c0 unknown :-1 s=STATE_NONE l=0).mark_down
2024-04-25T18:32:55.586 INFO:teuthology.orchestra.run.smithi096.stdout:/usr/bin/ceph: stderr
2024-04-25T18:32:54.649+0000 7feb1be00700 1 -- 172.21.15.96:0/355335305 shutdown_connections
2024-04-25T18:32:55.586 INFO:teuthology.orchestra.run.smithi096.stdout:/usr/bin/ceph: stderr
2024-04-25T18:32:54.649+0000 7feb1be00700 1 -- 172.21.15.96:0/355335305 wait complete.
2024-04-25T18:32:55.586 INFO:teuthology.orchestra.run.smithi096.stdout:mgr is available
2024-04-25T18:32:55.846 INFO:journalctl@ceph.mon.a.smithi096.stdout:Apr 25 18:32:55 smithi096 ceph-mon[27755]: mgrmap e4: x(active, since 2s)
2024-04-25T18:32:55.847 INFO:journalctl@ceph.mon.a.smithi096.stdout:Apr 25 18:32:55 smithi096 ceph-mon[27755]: from='client.? 172.21.15.96:0/355335305' entity='client.admin' cmd=[{"prefix": "status", "format": "json-pretty"}]: dispatch
2024-04-25T18:32:56.718 INFO:journalctl@ceph.mon.a.smithi096.stdout:Apr 25 18:32:56 smithi096 ceph-mon[27755]: from='client.? 172.21.15.96:0/4206753222' entity='client.admin' cmd=[{"prefix": "config assimilate-conf"}]: dispatch
2024-04-25T18:32:57.040 INFO:teuthology.orchestra.run.smithi096.stdout:/usr/bin/ceph: stdout
2024-04-25T18:32:57.040 INFO:teuthology.orchestra.run.smithi096.stdout:/usr/bin/ceph: stdout [global]
2024-04-25T18:32:57.040 INFO:teuthology.orchestra.run.smithi096.stdout:/usr/bin/ceph: stdout fsid = f6ccb142-0331-11ef-bc93-c7b262605968
2024-04-25T18:32:57.040 INFO:teuthology.orchestra.run.smithi096.stdout:/usr/bin/ceph: stdout mon_cluster_log_file_level = debug
2024-04-25T18:32:57.040 INFO:teuthology.orchestra.run.smithi096.stdout:/usr/bin/ceph: stdout mon_osd_allow_pg_remap = true
2024-04-25T18:32:57.040 INFO:teuthology.orchestra.run.smithi096.stdout:/usr/bin/ceph: stdout mon_osd_allow_primary_affinity = true
2024-04-25T18:32:57.040 INFO:teuthology.orchestra.run.smithi096.stdout:/usr/bin/ceph: stdout mon_warn_on_no_sortbitwise = false
2024-04-25T18:32:57.041 INFO:teuthology.orchestra.run.smithi096.stdout:/usr/bin/ceph: stdout osd_crush_chooseleaf_type = 0
2024-04-25T18:32:57.041 INFO:teuthology.orchestra.run.smithi096.stdout:/usr/bin/ceph: stdout
2024-04-25T18:32:57.041 INFO:teuthology.orchestra.run.smithi096.stdout:/usr/bin/ceph: stdout [mgr]
2024-04-25T18:32:57.041 INFO:teuthology.orchestra.run.smithi096.stdout:/usr/bin/ceph: stdout mgr/telemetry/nag = false
2024-04-25T18:32:57.041 INFO:teuthology.orchestra.run.smithi096.stdout:/usr/bin/ceph: stdout
2024-04-25T18:32:57.041 INFO:teuthology.orchestra.run.smithi096.stdout:/usr/bin/ceph: stdout [osd]
2024-04-25T18:32:57.041 INFO:teuthology.orchestra.run.smithi096.stdout:/usr/bin/ceph: stdout mon_osd_backfillfull_ratio = 0.85
2024-04-25T18:32:57.041 INFO:teuthology.orchestra.run.smithi096.stdout:/usr/bin/ceph: stdout mon_osd_full_ratio = 0.9
2024-04-25T18:32:57.041 INFO:teuthology.orchestra.run.smithi096.stdout:/usr/bin/ceph: stdout mon_osd_nearfull_ratio = 0.8
2024-04-25T18:32:57.041 INFO:teuthology.orchestra.run.smithi096.stdout:/usr/bin/ceph: stdout osd_map_max_advance = 10
2024-04-25T18:32:57.041 INFO:teuthology.orchestra.run.smithi096.stdout:/usr/bin/ceph: stdout osd_sloppy_crc = true
2024-04-25T18:32:57.041 INFO:teuthology.orchestra.run.smithi096.stdout:/usr/bin/ceph: stderr
2024-04-25T18:32:56.142+0000 7f2bc1800700 1 Processor -- start
2024-04-25T18:32:57.041 INFO:teuthology.orchestra.run.smithi096.stdout:/usr/bin/ceph: stderr
2024-04-25T18:32:56.142+0000 7f2bc1800700 1 -- start start
2024-04-25T18:32:57.041 INFO:teuthology.orchestra.run.smithi096.stdout:/usr/bin/ceph: stderr
2024-04-25T18:32:56.142+0000 7f2bc1800700 1 --2- >> [v2:172.21.15.96:3300/0,v1:172.21.15.96:6789/0] conn(0x7f2bbc10f050 0x7f2bbc10f470 unknown :-1 s=NONE pgs=0 cs=0 l=0 rev1=0 crypto rx=0 tx=0 comp rx=0 tx=0).connect
2024-04-25T18:32:57.041 INFO:teuthology.orchestra.run.smithi096.stdout:/usr/bin/ceph: stderr
2024-04-25T18:32:56.142+0000 7f2bc1800700 1 -- --> [v2:172.21.15.96:3300/0,v1:172.21.15.96:6789/0] -- mon_getmap magic: 0 -- 0x7f2bbc10fa40 con 0x7f2bbc10f050
2024-04-25T18:32:57.042 INFO:teuthology.orchestra.run.smithi096.stdout:/usr/bin/ceph: stderr
2024-04-25T18:32:56.143+0000 7f2bbaa00700 1 --2- >> [v2:172.21.15.96:3300/0,v1:172.21.15.96:6789/0] conn(0x7f2bbc10f050 0x7f2bbc10f470 unknown :-1 s=BANNER_CONNECTING pgs=0 cs=0 l=0 rev1=0 crypto rx=0 tx=0 comp rx=0 tx=0)._handle_peer_banner_payload supported=3 required=0
2024-04-25T18:32:57.042 INFO:teuthology.orchestra.run.smithi096.stdout:/usr/bin/ceph: stderr
2024-04-25T18:32:56.143+0000 7f2bbaa00700 1 --2- >> [v2:172.21.15.96:3300/0,v1:172.21.15.96:6789/0] conn(0x7f2bbc10f050 0x7f2bbc10f470 unknown :-1 s=HELLO_CONNECTING pgs=0 cs=0 l=0 rev1=1 crypto rx=0 tx=0 comp rx=0 tx=0).handle_hello peer v2:172.21.15.96:3300/0 says I am v2:172.21.15.96:51674/0 (socket says 172.21.15.96:51674)
2024-04-25T18:32:57.042 INFO:teuthology.orchestra.run.smithi096.stdout:/usr/bin/ceph: stderr
2024-04-25T18:32:56.143+0000 7f2bbaa00700 1 -- 172.21.15.96:0/3652380730 learned_addr learned my addr 172.21.15.96:0/3652380730 (peer_addr_for_me v2:172.21.15.96:0/0)
2024-04-25T18:32:57.042 INFO:teuthology.orchestra.run.smithi096.stdout:/usr/bin/ceph: stderr
2024-04-25T18:32:56.143+0000 7f2bbaa00700 1 -- 172.21.15.96:0/3652380730 --> [v2:172.21.15.96:3300/0,v1:172.21.15.96:6789/0] -- mon_subscribe({config=0+,monmap=0+}) -- 0x7f2bbc10fdd0 con 0x7f2bbc10f050
2024-04-25T18:32:57.042 INFO:teuthology.orchestra.run.smithi096.stdout:/usr/bin/ceph: stderr
2024-04-25T18:32:56.143+0000 7f2bbaa00700 1 --2- 172.21.15.96:0/3652380730 >> [v2:172.21.15.96:3300/0,v1:172.21.15.96:6789/0] conn(0x7f2bbc10f050 0x7f2bbc10f470 secure :-1 s=READY pgs=20 cs=0 l=1 rev1=1 crypto rx=0x7f2bac0098a0 tx=0x7f2bac009bb0 comp rx=0 tx=0).ready entity=mon.0 client_cookie=8004e53c82ba87d9 server_cookie=0 in_seq=0 out_seq=0
2024-04-25T18:32:57.042 INFO:teuthology.orchestra.run.smithi096.stdout:/usr/bin/ceph: stderr
2024-04-25T18:32:56.144+0000 7f2bba000700 1 -- 172.21.15.96:0/3652380730 <== mon.0 v2:172.21.15.96:3300/0 1 ==== mon_map magic: 0 ==== 205+0+0 (secure 0 0 0) 0x7f2bac004160 con 0x7f2bbc10f050
2024-04-25T18:32:57.042 INFO:teuthology.orchestra.run.smithi096.stdout:/usr/bin/ceph: stderr
2024-04-25T18:32:56.144+0000 7f2bba000700 1 -- 172.21.15.96:0/3652380730 <== mon.0 v2:172.21.15.96:3300/0 2 ==== config(27 keys) ==== 1104+0+0 (secure 0 0 0) 0x7f2bac004300 con 0x7f2bbc10f050
2024-04-25T18:32:57.042 INFO:teuthology.orchestra.run.smithi096.stdout:/usr/bin/ceph: stderr
2024-04-25T18:32:56.144+0000 7f2bba000700 1 -- 172.21.15.96:0/3652380730 <== mon.0 v2:172.21.15.96:3300/0 3 ==== mon_map magic: 0 ==== 205+0+0 (secure 0 0 0) 0x7f2bac011b20 con 0x7f2bbc10f050
2024-04-25T18:32:57.042 INFO:teuthology.orchestra.run.smithi096.stdout:/usr/bin/ceph: stderr
2024-04-25T18:32:56.144+0000 7f2bc1800700 1 -- 172.21.15.96:0/3652380730 >> [v2:172.21.15.96:3300/0,v1:172.21.15.96:6789/0] conn(0x7f2bbc10f050 msgr2=0x7f2bbc10f470 secure :-1 s=STATE_CONNECTION_ESTABLISHED l=1).mark_down
2024-04-25T18:32:57.042 INFO:teuthology.orchestra.run.smithi096.stdout:/usr/bin/ceph: stderr
2024-04-25T18:32:56.144+0000 7f2bc1800700 1 --2- 172.21.15.96:0/3652380730 >> [v2:172.21.15.96:3300/0,v1:172.21.15.96:6789/0] conn(0x7f2bbc10f050 0x7f2bbc10f470 secure :-1 s=READY pgs=20 cs=0 l=1 rev1=1 crypto rx=0x7f2bac0098a0 tx=0x7f2bac009bb0 comp rx=0 tx=0).stop
2024-04-25T18:32:57.042 INFO:teuthology.orchestra.run.smithi096.stdout:/usr/bin/ceph: stderr
2024-04-25T18:32:56.144+0000 7f2bc1800700 1 -- 172.21.15.96:0/3652380730 shutdown_connections
2024-04-25T18:32:57.042 INFO:teuthology.orchestra.run.smithi096.stdout:/usr/bin/ceph: stderr
2024-04-25T18:32:56.144+0000 7f2bc1800700 1 --2- 172.21.15.96:0/3652380730 >> [v2:172.21.15.96:3300/0,v1:172.21.15.96:6789/0] conn(0x7f2bbc10f050 0x7f2bbc10f470 unknown :-1 s=CLOSED pgs=20 cs=0 l=1 rev1=1 crypto rx=0 tx=0 comp rx=0 tx=0).stop
2024-04-25T18:32:57.042 INFO:teuthology.orchestra.run.smithi096.stdout:/usr/bin/ceph: stderr
2024-04-25T18:32:56.144+0000 7f2bc1800700 1 -- 172.21.15.96:0/3652380730 >> 172.21.15.96:0/3652380730 conn(0x7f2bbc07de00 msgr2=0x7f2bbc080220 unknown :-1 s=STATE_NONE l=0).mark_down
2024-04-25T18:32:57.043 INFO:teuthology.orchestra.run.smithi096.stdout:/usr/bin/ceph: stderr
2024-04-25T18:32:56.145+0000 7f2bc1800700 1 -- 172.21.15.96:0/3652380730 shutdown_connections
2024-04-25T18:32:57.043 INFO:teuthology.orchestra.run.smithi096.stdout:/usr/bin/ceph: stderr
2024-04-25T18:32:56.145+0000 7f2bc1800700 1 -- 172.21.15.96:0/3652380730 wait complete.
2024-04-25T18:32:57.043 INFO:teuthology.orchestra.run.smithi096.stdout:/usr/bin/ceph: stderr
2024-04-25T18:32:56.145+0000 7f2bc1800700 1 Processor -- start
2024-04-25T18:32:57.043 INFO:teuthology.orchestra.run.smithi096.stdout:/usr/bin/ceph: stderr
2024-04-25T18:32:56.146+0000 7f2bc1800700 1 -- start start
2024-04-25T18:32:57.043 INFO:teuthology.orchestra.run.smithi096.stdout:/usr/bin/ceph: stderr
2024-04-25T18:32:56.146+0000 7f2bc1800700 1 --2- >> [v2:172.21.15.96:3300/0,v1:172.21.15.96:6789/0] conn(0x7f2bbc10f050 0x7f2bbc1a29d0 unknown :-1 s=NONE pgs=0 cs=0 l=1 rev1=0 crypto rx=0 tx=0 comp rx=0 tx=0).connect
2024-04-25T18:32:57.043 INFO:teuthology.orchestra.run.smithi096.stdout:/usr/bin/ceph: stderr
2024-04-25T18:32:56.146+0000 7f2bc1800700 1 -- --> [v2:172.21.15.96:3300/0,v1:172.21.15.96:6789/0] -- mon_getmap magic: 0 -- 0x7f2bbc113180 con 0x7f2bbc10f050
2024-04-25T18:32:57.043 INFO:teuthology.orchestra.run.smithi096.stdout:/usr/bin/ceph: stderr
2024-04-25T18:32:56.146+0000 7f2bbaa00700 1 --2- >> [v2:172.21.15.96:3300/0,v1:172.21.15.96:6789/0] conn(0x7f2bbc10f050 0x7f2bbc1a29d0 unknown :-1 s=BANNER_CONNECTING pgs=0 cs=0 l=1 rev1=0 crypto rx=0 tx=0 comp rx=0 tx=0)._handle_peer_banner_payload supported=3 required=0
2024-04-25T18:32:57.043 INFO:teuthology.orchestra.run.smithi096.stdout:/usr/bin/ceph: stderr
2024-04-25T18:32:56.146+0000 7f2bbaa00700 1 --2- >> [v2:172.21.15.96:3300/0,v1:172.21.15.96:6789/0] conn(0x7f2bbc10f050 0x7f2bbc1a29d0 unknown :-1 s=HELLO_CONNECTING pgs=0 cs=0 l=1 rev1=1 crypto rx=0 tx=0 comp rx=0 tx=0).handle_hello peer v2:172.21.15.96:3300/0 says I am v2:172.21.15.96:51678/0 (socket says 172.21.15.96:51678)
2024-04-25T18:32:57.043 INFO:teuthology.orchestra.run.smithi096.stdout:/usr/bin/ceph: stderr
2024-04-25T18:32:56.146+0000 7f2bbaa00700 1 -- 172.21.15.96:0/4206753222 learned_addr learned my addr 172.21.15.96:0/4206753222 (peer_addr_for_me v2:172.21.15.96:0/0)
2024-04-25T18:32:57.046 INFO:teuthology.orchestra.run.smithi096.stdout:/usr/bin/ceph: stderr
2024-04-25T18:32:56.146+0000 7f2bbaa00700 1 -- 172.21.15.96:0/4206753222 --> [v2:172.21.15.96:3300/0,v1:172.21.15.96:6789/0] -- mon_subscribe({config=0+,monmap=0+}) -- 0x7f2bbc1a2f10 con 0x7f2bbc10f050
2024-04-25T18:32:57.046 INFO:teuthology.orchestra.run.smithi096.stdout:/usr/bin/ceph: stderr
2024-04-25T18:32:56.147+0000 7f2bbaa00700 1 --2- 172.21.15.96:0/4206753222 >> [v2:172.21.15.96:3300/0,v1:172.21.15.96:6789/0] conn(0x7f2bbc10f050 0x7f2bbc1a29d0 secure :-1 s=READY pgs=21 cs=0 l=1 rev1=1 crypto rx=0x7f2bac0117e0 tx=0x7f2bac011ce0 comp rx=0 tx=0).ready entity=mon.0 client_cookie=0 server_cookie=0 in_seq=0 out_seq=0
2024-04-25T18:32:57.046 INFO:teuthology.orchestra.run.smithi096.stdout:/usr/bin/ceph: stderr
2024-04-25T18:32:56.147+0000 7f2bb3400700 1 -- 172.21.15.96:0/4206753222 <== mon.0 v2:172.21.15.96:3300/0 1 ==== mon_map magic: 0 ==== 205+0+0 (secure 0 0 0) 0x7f2bac003b20 con 0x7f2bbc10f050
2024-04-25T18:32:57.046 INFO:teuthology.orchestra.run.smithi096.stdout:/usr/bin/ceph: stderr
2024-04-25T18:32:56.147+0000 7f2bb3400700 1 -- 172.21.15.96:0/4206753222 <== mon.0 v2:172.21.15.96:3300/0 2 ==== config(27 keys) ==== 1104+0+0 (secure 0 0 0) 0x7f2bac003cc0 con 0x7f2bbc10f050
2024-04-25T18:32:57.046 INFO:teuthology.orchestra.run.smithi096.stdout:/usr/bin/ceph: stderr
2024-04-25T18:32:56.147+0000 7f2bc1800700 1 -- 172.21.15.96:0/4206753222 --> [v2:172.21.15.96:3300/0,v1:172.21.15.96:6789/0] -- mon_subscribe({mgrmap=0+}) -- 0x7f2bbc1a31a0 con 0x7f2bbc10f050
2024-04-25T18:32:57.046 INFO:teuthology.orchestra.run.smithi096.stdout:/usr/bin/ceph: stderr
2024-04-25T18:32:56.147+0000 7f2bb3400700 1 -- 172.21.15.96:0/4206753222 <== mon.0 v2:172.21.15.96:3300/0 3 ==== mon_map magic: 0 ==== 205+0+0 (secure 0 0 0) 0x7f2bac019870 con 0x7f2bbc10f050
2024-04-25T18:32:57.046 INFO:teuthology.orchestra.run.smithi096.stdout:/usr/bin/ceph: stderr
2024-04-25T18:32:56.147+0000 7f2bc1800700 1 -- 172.21.15.96:0/4206753222 --> [v2:172.21.15.96:3300/0,v1:172.21.15.96:6789/0] -- mon_subscribe({osdmap=0}) -- 0x7f2bbc1a3600 con 0x7f2bbc10f050
2024-04-25T18:32:57.046 INFO:teuthology.orchestra.run.smithi096.stdout:/usr/bin/ceph: stderr
2024-04-25T18:32:56.148+0000 7f2bb3400700 1 -- 172.21.15.96:0/4206753222 <== mon.0 v2:172.21.15.96:3300/0 4 ==== mgrmap(e 4) ==== 46547+0+0 (secure 0 0 0) 0x7f2bac01a430 con 0x7f2bbc10f050
2024-04-25T18:32:57.047 INFO:teuthology.orchestra.run.smithi096.stdout:/usr/bin/ceph: stderr
2024-04-25T18:32:56.148+0000 7f2bc1800700 1 -- 172.21.15.96:0/4206753222 --> [v2:172.21.15.96:3300/0,v1:172.21.15.96:6789/0] -- mon_command({"prefix": "get_command_descriptions"} v 0) -- 0x7f2bbc0640a0 con 0x7f2bbc10f050
2024-04-25T18:32:57.047 INFO:teuthology.orchestra.run.smithi096.stdout:/usr/bin/ceph: stderr
2024-04-25T18:32:56.149+0000 7f2bb3400700 1 --2- 172.21.15.96:0/4206753222 >> [v2:172.21.15.96:6800/2242682943,v1:172.21.15.96:6801/2242682943] conn(0x7f2ba0039620 0x7f2ba003bae0 unknown :-1 s=NONE pgs=0 cs=0 l=1 rev1=0 crypto rx=0 tx=0 comp rx=0 tx=0).connect
2024-04-25T18:32:57.047 INFO:teuthology.orchestra.run.smithi096.stdout:/usr/bin/ceph: stderr
2024-04-25T18:32:56.149+0000 7f2bb3400700 1 -- 172.21.15.96:0/4206753222 <== mon.0 v2:172.21.15.96:3300/0 5 ==== osd_map(1..1 src has 1..1) ==== 725+0+0 (secure 0 0 0) 0x7f2bac04dc40 con 0x7f2bbc10f050
2024-04-25T18:32:57.047 INFO:teuthology.orchestra.run.smithi096.stdout:/usr/bin/ceph: stderr
2024-04-25T18:32:56.149+0000 7f2bb3e00700 1 --2- 172.21.15.96:0/4206753222 >> [v2:172.21.15.96:6800/2242682943,v1:172.21.15.96:6801/2242682943] conn(0x7f2ba0039620 0x7f2ba003bae0 unknown :-1 s=BANNER_CONNECTING pgs=0 cs=0 l=1 rev1=0 crypto rx=0 tx=0 comp rx=0 tx=0)._handle_peer_banner_payload supported=3 required=0
2024-04-25T18:32:57.047 INFO:teuthology.orchestra.run.smithi096.stdout:/usr/bin/ceph: stderr
2024-04-25T18:32:56.150+0000 7f2bb3e00700 1 --2- 172.21.15.96:0/4206753222 >> [v2:172.21.15.96:6800/2242682943,v1:172.21.15.96:6801/2242682943] conn(0x7f2ba0039620 0x7f2ba003bae0 secure :-1 s=READY pgs=7 cs=0 l=1 rev1=1 crypto rx=0x7f2ba4006fd0 tx=0x7f2ba4006e40 comp rx=0 tx=0).ready entity=mgr.14100 client_cookie=0 server_cookie=0 in_seq=0 out_seq=0
2024-04-25T18:32:57.047 INFO:teuthology.orchestra.run.smithi096.stdout:/usr/bin/ceph: stderr
2024-04-25T18:32:56.154+0000 7f2bb3400700 1 -- 172.21.15.96:0/4206753222 <== mon.0 v2:172.21.15.96:3300/0 6 ==== mon_command_ack([{"prefix": "get_command_descriptions"}]=0 v0) ==== 72+0+188370 (secure 0 0 0) 0x7f2bac011e20 con 0x7f2bbc10f050
2024-04-25T18:32:57.047 INFO:teuthology.orchestra.run.smithi096.stdout:/usr/bin/ceph: stderr
2024-04-25T18:32:56.374+0000 7f2bc1800700 1 -- 172.21.15.96:0/4206753222 --> [v2:172.21.15.96:3300/0,v1:172.21.15.96:6789/0] -- mon_command({"prefix": "config assimilate-conf"} v 0) -- 0x7f2bbc1a6020 con 0x7f2bbc10f050
2024-04-25T18:32:57.047 INFO:teuthology.orchestra.run.smithi096.stdout:/usr/bin/ceph: stderr
2024-04-25T18:32:56.376+0000 7f2bb3400700 1 -- 172.21.15.96:0/4206753222 <== mon.0 v2:172.21.15.96:3300/0 7 ==== mon_command_ack([{"prefix": "config assimilate-conf"}]=0 v3) ==== 70+0+409 (secure 0 0 0) 0x7f2bbc1a6020 con 0x7f2bbc10f050
2024-04-25T18:32:57.047 INFO:teuthology.orchestra.run.smithi096.stdout:/usr/bin/ceph: stderr
2024-04-25T18:32:56.379+0000 7f2bc1800700 1 -- 172.21.15.96:0/4206753222 >> [v2:172.21.15.96:6800/2242682943,v1:172.21.15.96:6801/2242682943] conn(0x7f2ba0039620 msgr2=0x7f2ba003bae0 secure :-1 s=STATE_CONNECTION_ESTABLISHED l=1).mark_down
2024-04-25T18:32:57.047 INFO:teuthology.orchestra.run.smithi096.stdout:/usr/bin/ceph: stderr
2024-04-25T18:32:56.379+0000 7f2bc1800700 1 --2- 172.21.15.96:0/4206753222 >> [v2:172.21.15.96:6800/2242682943,v1:172.21.15.96:6801/2242682943] conn(0x7f2ba0039620 0x7f2ba003bae0 secure :-1 s=READY pgs=7 cs=0 l=1 rev1=1 crypto rx=0x7f2ba4006fd0 tx=0x7f2ba4006e40 comp rx=0 tx=0).stop
2024-04-25T18:32:57.047 INFO:teuthology.orchestra.run.smithi096.stdout:/usr/bin/ceph: stderr
2024-04-25T18:32:56.379+0000 7f2bc1800700 1 -- 172.21.15.96:0/4206753222 >> [v2:172.21.15.96:3300/0,v1:172.21.15.96:6789/0] conn(0x7f2bbc10f050 msgr2=0x7f2bbc1a29d0 secure :-1 s=STATE_CONNECTION_ESTABLISHED l=1).mark_down
2024-04-25T18:32:57.047 INFO:teuthology.orchestra.run.smithi096.stdout:/usr/bin/ceph: stderr
2024-04-25T18:32:56.379+0000 7f2bc1800700 1 --2- 172.21.15.96:0/4206753222 >> [v2:172.21.15.96:3300/0,v1:172.21.15.96:6789/0] conn(0x7f2bbc10f050 0x7f2bbc1a29d0 secure :-1 s=READY pgs=21 cs=0 l=1 rev1=1 crypto rx=0x7f2bac0117e0 tx=0x7f2bac011ce0 comp rx=0 tx=0).stop
2024-04-25T18:32:57.047 INFO:teuthology.orchestra.run.smithi096.stdout:/usr/bin/ceph: stderr
2024-04-25T18:32:56.379+0000 7f2bc1800700 1 -- 172.21.15.96:0/4206753222 shutdown_connections
2024-04-25T18:32:57.047 INFO:teuthology.orchestra.run.smithi096.stdout:/usr/bin/ceph: stderr
2024-04-25T18:32:56.379+0000 7f2bc1800700 1 --2- 172.21.15.96:0/4206753222 >> [v2:172.21.15.96:6800/2242682943,v1:172.21.15.96:6801/2242682943] conn(0x7f2ba0039620 0x7f2ba003bae0 unknown :-1 s=CLOSED pgs=7 cs=0 l=1 rev1=1 crypto rx=0 tx=0 comp rx=0 tx=0).stop
2024-04-25T18:32:57.048 INFO:teuthology.orchestra.run.smithi096.stdout:/usr/bin/ceph: stderr
2024-04-25T18:32:56.379+0000 7f2bc1800700 1 --2- 172.21.15.96:0/4206753222 >> [v2:172.21.15.96:3300/0,v1:172.21.15.96:6789/0] conn(0x7f2bbc10f050 0x7f2bbc1a29d0 unknown :-1 s=CLOSED pgs=21 cs=0 l=1 rev1=1 crypto rx=0 tx=0 comp rx=0 tx=0).stop
2024-04-25T18:32:57.048 INFO:teuthology.orchestra.run.smithi096.stdout:/usr/bin/ceph: stderr
2024-04-25T18:32:56.379+0000 7f2bc1800700 1 -- 172.21.15.96:0/4206753222 >> 172.21.15.96:0/4206753222 conn(0x7f2bbc07de00 msgr2=0x7f2bbc07f800 unknown :-1 s=STATE_NONE l=0).mark_down
2024-04-25T18:32:57.048 INFO:teuthology.orchestra.run.smithi096.stdout:/usr/bin/ceph: stderr
2024-04-25T18:32:56.379+0000 7f2bc1800700 1 -- 172.21.15.96:0/4206753222 shutdown_connections
2024-04-25T18:32:57.048 INFO:teuthology.orchestra.run.smithi096.stdout:/usr/bin/ceph: stderr
2024-04-25T18:32:56.379+0000 7f2bc1800700 1 -- 172.21.15.96:0/4206753222 wait complete.
2024-04-25T18:32:57.048 INFO:teuthology.orchestra.run.smithi096.stdout:Enabling cephadm module...
2024-04-25T18:32:58.257 INFO:journalctl@ceph.mon.a.smithi096.stdout:Apr 25 18:32:58 smithi096 ceph-mon[27755]: from='client.? 172.21.15.96:0/501650696' entity='client.admin' cmd=[{"prefix": "mgr module enable", "module": "cephadm"}]: dispatch
2024-04-25T18:32:58.257 INFO:journalctl@ceph.mgr.x.smithi096.stdout:Apr 25 18:32:58 smithi096 ceph-f6ccb142-0331-11ef-bc93-c7b262605968-mgr-x[27981]: ignoring --setuser ceph since I am not root
2024-04-25T18:32:58.257 INFO:journalctl@ceph.mgr.x.smithi096.stdout:Apr 25 18:32:58 smithi096 ceph-f6ccb142-0331-11ef-bc93-c7b262605968-mgr-x[27981]: ignoring --setgroup ceph since I am not root
2024-04-25T18:32:58.687 INFO:journalctl@ceph.mgr.x.smithi096.stdout:Apr 25 18:32:58 smithi096 ceph-f6ccb142-0331-11ef-bc93-c7b262605968-mgr-x[27981]:
2024-04-25T18:32:58.318+0000 7fd4690c8200 -1 mgr[py] Module balancer has missing NOTIFY_TYPES member
2024-04-25T18:32:58.687 INFO:journalctl@ceph.mgr.x.smithi096.stdout:Apr 25 18:32:58 smithi096 ceph-f6ccb142-0331-11ef-bc93-c7b262605968-mgr-x[27981]:
2024-04-25T18:32:58.560+0000 7fd4690c8200 -1 mgr[py] Module orchestrator has missing NOTIFY_TYPES member
2024-04-25T18:32:58.703 INFO:teuthology.orchestra.run.smithi096.stdout:/usr/bin/ceph: stderr
2024-04-25T18:32:57.678+0000 7f7a2a200700 1 Processor -- start
2024-04-25T18:32:58.703 INFO:teuthology.orchestra.run.smithi096.stdout:/usr/bin/ceph: stderr
2024-04-25T18:32:57.679+0000 7f7a2a200700 1 -- start start
2024-04-25T18:32:58.704 INFO:teuthology.orchestra.run.smithi096.stdout:/usr/bin/ceph: stderr
2024-04-25T18:32:57.679+0000 7f7a2a200700 1 --2- >> [v2:172.21.15.96:3300/0,v1:172.21.15.96:6789/0] conn(0x7f7a2407e850 0x7f7a2407ec70 unknown :-1 s=NONE pgs=0 cs=0 l=0 rev1=0 crypto rx=0 tx=0 comp rx=0 tx=0).connect
2024-04-25T18:32:58.704 INFO:teuthology.orchestra.run.smithi096.stdout:/usr/bin/ceph: stderr
2024-04-25T18:32:57.679+0000 7f7a2a200700 1 -- --> [v2:172.21.15.96:3300/0,v1:172.21.15.96:6789/0] -- mon_getmap magic: 0 -- 0x7f7a2407f240 con 0x7f7a2407e850
2024-04-25T18:32:58.704 INFO:teuthology.orchestra.run.smithi096.stdout:/usr/bin/ceph: stderr
2024-04-25T18:32:57.680+0000 7f7a23400700 1 --2- >> [v2:172.21.15.96:3300/0,v1:172.21.15.96:6789/0] conn(0x7f7a2407e850 0x7f7a2407ec70 unknown :-1 s=BANNER_CONNECTING pgs=0 cs=0 l=0 rev1=0 crypto rx=0 tx=0 comp rx=0 tx=0)._handle_peer_banner_payload supported=3 required=0
2024-04-25T18:32:58.704 INFO:teuthology.orchestra.run.smithi096.stdout:/usr/bin/ceph: stderr
2024-04-25T18:32:57.680+0000 7f7a23400700 1 --2- >> [v2:172.21.15.96:3300/0,v1:172.21.15.96:6789/0] conn(0x7f7a2407e850 0x7f7a2407ec70 unknown :-1 s=HELLO_CONNECTING pgs=0 cs=0 l=0 rev1=1 crypto rx=0 tx=0 comp rx=0 tx=0).handle_hello peer v2:172.21.15.96:3300/0 says I am v2:172.21.15.96:51686/0 (socket says 172.21.15.96:51686)
2024-04-25T18:32:58.704 INFO:teuthology.orchestra.run.smithi096.stdout:/usr/bin/ceph: stderr
2024-04-25T18:32:57.680+0000 7f7a23400700 1 -- 172.21.15.96:0/1209528022 learned_addr learned my addr 172.21.15.96:0/1209528022 (peer_addr_for_me v2:172.21.15.96:0/0)
2024-04-25T18:32:58.704 INFO:teuthology.orchestra.run.smithi096.stdout:/usr/bin/ceph: stderr
2024-04-25T18:32:57.680+0000 7f7a23400700 1 -- 172.21.15.96:0/1209528022 --> [v2:172.21.15.96:3300/0,v1:172.21.15.96:6789/0] -- mon_subscribe({config=0+,monmap=0+}) -- 0x7f7a2407fa50 con 0x7f7a2407e850
2024-04-25T18:32:58.704 INFO:teuthology.orchestra.run.smithi096.stdout:/usr/bin/ceph: stderr
2024-04-25T18:32:57.680+0000 7f7a23400700 1 --2- 172.21.15.96:0/1209528022 >> [v2:172.21.15.96:3300/0,v1:172.21.15.96:6789/0] conn(0x7f7a2407e850 0x7f7a2407ec70 secure :-1 s=READY pgs=22 cs=0 l=1 rev1=1 crypto rx=0x7f7a140098a0 tx=0x7f7a14009bb0 comp rx=0 tx=0).ready entity=mon.0 client_cookie=962fc9a9de04aebd server_cookie=0 in_seq=0 out_seq=0
2024-04-25T18:32:58.704 INFO:teuthology.orchestra.run.smithi096.stdout:/usr/bin/ceph: stderr
2024-04-25T18:32:57.681+0000 7f7a22a00700 1 -- 172.21.15.96:0/1209528022 <== mon.0 v2:172.21.15.96:3300/0 1 ==== mon_map magic: 0 ==== 205+0+0 (secure 0 0 0) 0x7f7a14004160 con 0x7f7a2407e850
2024-04-25T18:32:58.704 INFO:teuthology.orchestra.run.smithi096.stdout:/usr/bin/ceph: stderr
2024-04-25T18:32:57.681+0000 7f7a22a00700 1 -- 172.21.15.96:0/1209528022 <== mon.0 v2:172.21.15.96:3300/0 2 ==== config(27 keys) ==== 1104+0+0 (secure 0 0 0) 0x7f7a14004300 con 0x7f7a2407e850
2024-04-25T18:32:58.704 INFO:teuthology.orchestra.run.smithi096.stdout:/usr/bin/ceph: stderr
2024-04-25T18:32:57.681+0000 7f7a22a00700 1 -- 172.21.15.96:0/1209528022 <== mon.0 v2:172.21.15.96:3300/0 3 ==== mon_map magic: 0 ==== 205+0+0 (secure 0 0 0) 0x7f7a14011b20 con 0x7f7a2407e850
2024-04-25T18:32:58.704 INFO:teuthology.orchestra.run.smithi096.stdout:/usr/bin/ceph: stderr
2024-04-25T18:32:57.681+0000 7f7a2a200700 1 -- 172.21.15.96:0/1209528022 >> [v2:172.21.15.96:3300/0,v1:172.21.15.96:6789/0] conn(0x7f7a2407e850 msgr2=0x7f7a2407ec70 secure :-1 s=STATE_CONNECTION_ESTABLISHED l=1).mark_down
2024-04-25T18:32:58.704 INFO:teuthology.orchestra.run.smithi096.stdout:/usr/bin/ceph: stderr
2024-04-25T18:32:57.681+0000 7f7a2a200700 1 --2- 172.21.15.96:0/1209528022 >> [v2:172.21.15.96:3300/0,v1:172.21.15.96:6789/0] conn(0x7f7a2407e850 0x7f7a2407ec70 secure :-1 s=READY pgs=22 cs=0 l=1 rev1=1 crypto rx=0x7f7a140098a0 tx=0x7f7a14009bb0 comp rx=0 tx=0).stop
2024-04-25T18:32:58.708 INFO:teuthology.orchestra.run.smithi096.stdout:/usr/bin/ceph: stderr
2024-04-25T18:32:57.682+0000 7f7a2a200700 1 -- 172.21.15.96:0/1209528022 shutdown_connections
2024-04-25T18:32:58.708 INFO:teuthology.orchestra.run.smithi096.stdout:/usr/bin/ceph: stderr
2024-04-25T18:32:57.682+0000 7f7a2a200700 1 --2- 172.21.15.96:0/1209528022 >> [v2:172.21.15.96:3300/0,v1:172.21.15.96:6789/0] conn(0x7f7a2407e850 0x7f7a2407ec70 unknown :-1 s=CLOSED pgs=22 cs=0 l=1 rev1=1 crypto rx=0 tx=0 comp rx=0 tx=0).stop
2024-04-25T18:32:58.708 INFO:teuthology.orchestra.run.smithi096.stdout:/usr/bin/ceph: stderr
2024-04-25T18:32:57.682+0000 7f7a2a200700 1 -- 172.21.15.96:0/1209528022 >> 172.21.15.96:0/1209528022 conn(0x7f7a2407dc00 msgr2=0x7f7a241084c0 unknown :-1 s=STATE_NONE l=0).mark_down
2024-04-25T18:32:58.708 INFO:teuthology.orchestra.run.smithi096.stdout:/usr/bin/ceph: stderr
2024-04-25T18:32:57.682+0000 7f7a2a200700 1 -- 172.21.15.96:0/1209528022 shutdown_connections
2024-04-25T18:32:58.708 INFO:teuthology.orchestra.run.smithi096.stdout:/usr/bin/ceph: stderr
2024-04-25T18:32:57.682+0000 7f7a2a200700 1 -- 172.21.15.96:0/1209528022 wait complete.
2024-04-25T18:32:58.709 INFO:teuthology.orchestra.run.smithi096.stdout:/usr/bin/ceph: stderr
2024-04-25T18:32:57.683+0000 7f7a2a200700 1 Processor -- start
2024-04-25T18:32:58.709 INFO:teuthology.orchestra.run.smithi096.stdout:/usr/bin/ceph: stderr
2024-04-25T18:32:57.683+0000 7f7a2a200700 1 -- start start
2024-04-25T18:32:58.709 INFO:teuthology.orchestra.run.smithi096.stdout:/usr/bin/ceph: stderr
2024-04-25T18:32:57.683+0000 7f7a2a200700 1 --2- >> [v2:172.21.15.96:3300/0,v1:172.21.15.96:6789/0] conn(0x7f7a2407e850 0x7f7a241a29d0 unknown :-1 s=NONE pgs=0 cs=0 l=1 rev1=0 crypto rx=0 tx=0 comp rx=0 tx=0).connect
2024-04-25T18:32:58.709 INFO:teuthology.orchestra.run.smithi096.stdout:/usr/bin/ceph: stderr
2024-04-25T18:32:57.683+0000 7f7a2a200700 1 -- --> [v2:172.21.15.96:3300/0,v1:172.21.15.96:6789/0] -- mon_getmap magic: 0 -- 0x7f7a24080e10 con 0x7f7a2407e850
2024-04-25T18:32:58.709 INFO:teuthology.orchestra.run.smithi096.stdout:/usr/bin/ceph: stderr
2024-04-25T18:32:57.683+0000 7f7a23400700 1 --2- >> [v2:172.21.15.96:3300/0,v1:172.21.15.96:6789/0] conn(0x7f7a2407e850 0x7f7a241a29d0 unknown :-1 s=BANNER_CONNECTING pgs=0 cs=0 l=1 rev1=0 crypto rx=0 tx=0 comp rx=0 tx=0)._handle_peer_banner_payload supported=3 required=0
2024-04-25T18:32:58.709 INFO:teuthology.orchestra.run.smithi096.stdout:/usr/bin/ceph: stderr
2024-04-25T18:32:57.684+0000 7f7a23400700 1 --2- >> [v2:172.21.15.96:3300/0,v1:172.21.15.96:6789/0] conn(0x7f7a2407e850 0x7f7a241a29d0 unknown :-1 s=HELLO_CONNECTING pgs=0 cs=0 l=1 rev1=1 crypto rx=0 tx=0 comp rx=0 tx=0).handle_hello peer v2:172.21.15.96:3300/0 says I am v2:172.21.15.96:51692/0 (socket says 172.21.15.96:51692)
2024-04-25T18:32:58.709 INFO:teuthology.orchestra.run.smithi096.stdout:/usr/bin/ceph: stderr
2024-04-25T18:32:57.684+0000 7f7a23400700 1 -- 172.21.15.96:0/501650696 learned_addr learned my addr 172.21.15.96:0/501650696 (peer_addr_for_me v2:172.21.15.96:0/0)
2024-04-25T18:32:58.709 INFO:teuthology.orchestra.run.smithi096.stdout:/usr/bin/ceph: stderr
2024-04-25T18:32:57.684+0000 7f7a23400700 1 -- 172.21.15.96:0/501650696 --> [v2:172.21.15.96:3300/0,v1:172.21.15.96:6789/0] -- mon_subscribe({config=0+,monmap=0+}) -- 0x7f7a241a2f10 con 0x7f7a2407e850
2024-04-25T18:32:58.709 INFO:teuthology.orchestra.run.smithi096.stdout:/usr/bin/ceph: stderr
2024-04-25T18:32:57.684+0000 7f7a23400700 1 --2- 172.21.15.96:0/501650696 >> [v2:172.21.15.96:3300/0,v1:172.21.15.96:6789/0] conn(0x7f7a2407e850 0x7f7a241a29d0 secure :-1 s=READY pgs=23 cs=0 l=1 rev1=1 crypto rx=0x7f7a140117e0 tx=0x7f7a14011ce0 comp rx=0 tx=0).ready entity=mon.0 client_cookie=0 server_cookie=0 in_seq=0 out_seq=0
2024-04-25T18:32:58.709 INFO:teuthology.orchestra.run.smithi096.stdout:/usr/bin/ceph: stderr
2024-04-25T18:32:57.684+0000 7f7a20c00700 1 -- 172.21.15.96:0/501650696 <== mon.0 v2:172.21.15.96:3300/0 1 ==== mon_map magic: 0 ==== 205+0+0 (secure 0 0 0) 0x7f7a14003b30 con 0x7f7a2407e850
2024-04-25T18:32:58.709 INFO:teuthology.orchestra.run.smithi096.stdout:/usr/bin/ceph: stderr
2024-04-25T18:32:57.684+0000 7f7a20c00700 1 -- 172.21.15.96:0/501650696 <== mon.0 v2:172.21.15.96:3300/0 2 ==== config(27 keys) ==== 1104+0+0 (secure 0 0 0) 0x7f7a14003cd0 con 0x7f7a2407e850
2024-04-25T18:32:58.709 INFO:teuthology.orchestra.run.smithi096.stdout:/usr/bin/ceph: stderr
2024-04-25T18:32:57.684+0000 7f7a20c00700 1 -- 172.21.15.96:0/501650696 <== mon.0 v2:172.21.15.96:3300/0 3 ==== mon_map magic: 0 ==== 205+0+0 (secure 0 0 0) 0x7f7a1401a7c0 con 0x7f7a2407e850
2024-04-25T18:32:58.709 INFO:teuthology.orchestra.run.smithi096.stdout:/usr/bin/ceph: stderr
2024-04-25T18:32:57.684+0000 7f7a2a200700 1 -- 172.21.15.96:0/501650696 --> [v2:172.21.15.96:3300/0,v1:172.21.15.96:6789/0] -- mon_subscribe({mgrmap=0+}) -- 0x7f7a241a31a0 con 0x7f7a2407e850
2024-04-25T18:32:58.709 INFO:teuthology.orchestra.run.smithi096.stdout:/usr/bin/ceph: stderr
2024-04-25T18:32:57.685+0000 7f7a2a200700 1 -- 172.21.15.96:0/501650696 --> [v2:172.21.15.96:3300/0,v1:172.21.15.96:6789/0] -- mon_subscribe({osdmap=0}) -- 0x7f7a241a3600 con 0x7f7a2407e850
2024-04-25T18:32:58.709 INFO:teuthology.orchestra.run.smithi096.stdout:/usr/bin/ceph: stderr
2024-04-25T18:32:57.686+0000 7f7a20c00700 1 -- 172.21.15.96:0/501650696 <== mon.0 v2:172.21.15.96:3300/0 4 ==== mgrmap(e 4) ==== 46547+0+0 (secure 0 0 0) 0x7f7a14024ba0 con 0x7f7a2407e850
2024-04-25T18:32:58.710 INFO:teuthology.orchestra.run.smithi096.stdout:/usr/bin/ceph: stderr
2024-04-25T18:32:57.686+0000 7f7a2a200700 1 -- 172.21.15.96:0/501650696 --> [v2:172.21.15.96:3300/0,v1:172.21.15.96:6789/0] -- mon_command({"prefix": "get_command_descriptions"} v 0) -- 0x7f7a240640a0 con 0x7f7a2407e850
2024-04-25T18:32:58.710 INFO:teuthology.orchestra.run.smithi096.stdout:/usr/bin/ceph: stderr
2024-04-25T18:32:57.686+0000 7f7a20c00700 1 --2- 172.21.15.96:0/501650696 >> [v2:172.21.15.96:6800/2242682943,v1:172.21.15.96:6801/2242682943] conn(0x7f7a08039670 0x7f7a0803bb30 unknown :-1 s=NONE pgs=0 cs=0 l=1 rev1=0 crypto rx=0 tx=0 comp rx=0 tx=0).connect
2024-04-25T18:32:58.710 INFO:teuthology.orchestra.run.smithi096.stdout:/usr/bin/ceph: stderr
2024-04-25T18:32:57.686+0000 7f7a20c00700 1 -- 172.21.15.96:0/501650696 <== mon.0 v2:172.21.15.96:3300/0 5 ==== osd_map(1..1 src has 1..1) ==== 725+0+0 (secure 0 0 0) 0x7f7a1404d9d0 con 0x7f7a2407e850
2024-04-25T18:32:58.710 INFO:teuthology.orchestra.run.smithi096.stdout:/usr/bin/ceph: stderr
2024-04-25T18:32:57.687+0000 7f7a1be00700 1 --2- 172.21.15.96:0/501650696 >> [v2:172.21.15.96:6800/2242682943,v1:172.21.15.96:6801/2242682943] conn(0x7f7a08039670 0x7f7a0803bb30 unknown :-1 s=BANNER_CONNECTING pgs=0 cs=0 l=1 rev1=0 crypto rx=0 tx=0 comp rx=0 tx=0)._handle_peer_banner_payload supported=3 required=0
2024-04-25T18:32:58.710 INFO:teuthology.orchestra.run.smithi096.stdout:/usr/bin/ceph: stderr
2024-04-25T18:32:57.688+0000 7f7a1be00700 1 --2- 172.21.15.96:0/501650696 >> [v2:172.21.15.96:6800/2242682943,v1:172.21.15.96:6801/2242682943] conn(0x7f7a08039670 0x7f7a0803bb30 secure :-1 s=READY pgs=8 cs=0 l=1 rev1=1 crypto rx=0x7f7a0c006fd0 tx=0x7f7a0c006e40 comp rx=0 tx=0).ready entity=mgr.14100 client_cookie=0 server_cookie=0 in_seq=0 out_seq=0
2024-04-25T18:32:58.710 INFO:teuthology.orchestra.run.smithi096.stdout:/usr/bin/ceph: stderr
2024-04-25T18:32:57.692+0000 7f7a20c00700 1 -- 172.21.15.96:0/501650696 <== mon.0 v2:172.21.15.96:3300/0 6 ==== mon_command_ack([{"prefix": "get_command_descriptions"}]=0 v0) ==== 72+0+188370 (secure 0 0 0) 0x7f7a1404d3f0 con 0x7f7a2407e850
2024-04-25T18:32:58.710 INFO:teuthology.orchestra.run.smithi096.stdout:/usr/bin/ceph: stderr
2024-04-25T18:32:57.976+0000 7f7a2a200700 1 -- 172.21.15.96:0/501650696 --> [v2:172.21.15.96:3300/0,v1:172.21.15.96:6789/0] -- mon_command({"prefix": "mgr module enable", "module": "cephadm"} v 0) -- 0x7f7a241a6020 con 0x7f7a2407e850
2024-04-25T18:32:58.710 INFO:teuthology.orchestra.run.smithi096.stdout:/usr/bin/ceph: stderr
2024-04-25T18:32:58.030+0000 7f7a20c00700 1 -- 172.21.15.96:0/501650696 <== mon.0 v2:172.21.15.96:3300/0 7 ==== mon_command_ack([{"prefix": "mgr module enable", "module": "cephadm"}]=0 v5) ==== 86+0+0 (secure 0 0 0) 0x7f7a241a6020 con 0x7f7a2407e850
2024-04-25T18:32:58.710 INFO:teuthology.orchestra.run.smithi096.stdout:/usr/bin/ceph: stderr
2024-04-25T18:32:58.033+0000 7f7a20c00700 1 -- 172.21.15.96:0/501650696 <== mon.0 v2:172.21.15.96:3300/0 8 ==== mgrmap(e 5) ==== 46558+0+0 (secure 0 0 0) 0x7f7a1402d3f0 con 0x7f7a2407e850
2024-04-25T18:32:58.710 INFO:teuthology.orchestra.run.smithi096.stdout:/usr/bin/ceph: stderr
2024-04-25T18:32:58.034+0000 7f7a2a200700 1 -- 172.21.15.96:0/501650696 >> [v2:172.21.15.96:6800/2242682943,v1:172.21.15.96:6801/2242682943] conn(0x7f7a08039670 msgr2=0x7f7a0803bb30 secure :-1 s=STATE_CONNECTION_ESTABLISHED l=1).mark_down
2024-04-25T18:32:58.710 INFO:teuthology.orchestra.run.smithi096.stdout:/usr/bin/ceph: stderr
2024-04-25T18:32:58.034+0000 7f7a2a200700 1 --2- 172.21.15.96:0/501650696 >> [v2:172.21.15.96:6800/2242682943,v1:172.21.15.96:6801/2242682943] conn(0x7f7a08039670 0x7f7a0803bb30 secure :-1 s=READY pgs=8 cs=0 l=1 rev1=1 crypto rx=0x7f7a0c006fd0 tx=0x7f7a0c006e40 comp rx=0 tx=0).stop
2024-04-25T18:32:58.710 INFO:teuthology.orchestra.run.smithi096.stdout:/usr/bin/ceph: stderr
2024-04-25T18:32:58.034+0000 7f7a2a200700 1 -- 172.21.15.96:0/501650696 >> [v2:172.21.15.96:3300/0,v1:172.21.15.96:6789/0] conn(0x7f7a2407e850 msgr2=0x7f7a241a29d0 secure :-1 s=STATE_CONNECTION_ESTABLISHED l=1).mark_down
2024-04-25T18:32:58.711 INFO:teuthology.orchestra.run.smithi096.stdout:/usr/bin/ceph: stderr
2024-04-25T18:32:58.034+0000 7f7a2a200700 1 --2- 172.21.15.96:0/501650696 >> [v2:172.21.15.96:3300/0,v1:172.21.15.96:6789/0] conn(0x7f7a2407e850 0x7f7a241a29d0 secure :-1 s=READY pgs=23 cs=0 l=1 rev1=1 crypto rx=0x7f7a140117e0 tx=0x7f7a14011ce0 comp rx=0 tx=0).stop
2024-04-25T18:32:58.711 INFO:teuthology.orchestra.run.smithi096.stdout:/usr/bin/ceph: stderr
2024-04-25T18:32:58.036+0000 7f7a2a200700 1 -- 172.21.15.96:0/501650696 shutdown_connections
2024-04-25T18:32:58.711 INFO:teuthology.orchestra.run.smithi096.stdout:/usr/bin/ceph: stderr
2024-04-25T18:32:58.036+0000 7f7a2a200700 1 --2- 172.21.15.96:0/501650696 >> [v2:172.21.15.96:6800/2242682943,v1:172.21.15.96:6801/2242682943] conn(0x7f7a08039670 0x7f7a0803bb30 unknown :-1 s=CLOSED pgs=8 cs=0 l=1 rev1=1 crypto rx=0 tx=0 comp rx=0 tx=0).stop
2024-04-25T18:32:58.712 INFO:teuthology.orchestra.run.smithi096.stdout:/usr/bin/ceph: stderr
2024-04-25T18:32:58.036+0000 7f7a2a200700 1 --2- 172.21.15.96:0/501650696 >> [v2:172.21.15.96:3300/0,v1:172.21.15.96:6789/0] conn(0x7f7a2407e850 0x7f7a241a29d0 secure :-1 s=CLOSED pgs=23 cs=0 l=1 rev1=1 crypto rx=0x7f7a140117e0 tx=0x7f7a14011ce0 comp rx=0 tx=0).stop
2024-04-25T18:32:58.712 INFO:teuthology.orchestra.run.smithi096.stdout:/usr/bin/ceph: stderr
2024-04-25T18:32:58.036+0000 7f7a2a200700 1 -- 172.21.15.96:0/501650696 >> 172.21.15.96:0/501650696 conn(0x7f7a2407dc00 msgr2=0x7f7a24108e80 unknown :-1 s=STATE_NONE l=0).mark_down
2024-04-25T18:32:58.712 INFO:teuthology.orchestra.run.smithi096.stdout:/usr/bin/ceph: stderr
2024-04-25T18:32:58.036+0000 7f7a2a200700 1 -- 172.21.15.96:0/501650696 shutdown_connections
2024-04-25T18:32:58.712 INFO:teuthology.orchestra.run.smithi096.stdout:/usr/bin/ceph: stderr
2024-04-25T18:32:58.036+0000 7f7a2a200700 1 -- 172.21.15.96:0/501650696 wait complete.
2024-04-25T18:32:59.000 INFO:journalctl@ceph.mgr.x.smithi096.stdout:Apr 25 18:32:58 smithi096 ceph-f6ccb142-0331-11ef-bc93-c7b262605968-mgr-x[27981]:
2024-04-25T18:32:58.692+0000 7fd4690c8200 -1 mgr[py] Module snap_schedule has missing NOTIFY_TYPES member
2024-04-25T18:32:59.256 INFO:journalctl@ceph.mon.a.smithi096.stdout:Apr 25 18:32:59 smithi096 ceph-mon[27755]: from='client.? 172.21.15.96:0/501650696' entity='client.admin' cmd='[{"prefix": "mgr module enable", "module": "cephadm"}]': finished
2024-04-25T18:32:59.257 INFO:journalctl@ceph.mon.a.smithi096.stdout:Apr 25 18:32:59 smithi096 ceph-mon[27755]: mgrmap e5: x(active, since 5s)
2024-04-25T18:32:59.257 INFO:journalctl@ceph.mgr.x.smithi096.stdout:Apr 25 18:32:59 smithi096 ceph-f6ccb142-0331-11ef-bc93-c7b262605968-mgr-x[27981]:
2024-04-25T18:32:59.100+0000 7fd4690c8200 -1 mgr[py] Module progress has missing NOTIFY_TYPES member
2024-04-25T18:32:59.257 INFO:journalctl@ceph.mgr.x.smithi096.stdout:Apr 25 18:32:59 smithi096 ceph-f6ccb142-0331-11ef-bc93-c7b262605968-mgr-x[27981]:
2024-04-25T18:32:59.214+0000 7fd4690c8200 -1 mgr[py] Module influx has missing NOTIFY_TYPES member
2024-04-25T18:33:00.193 INFO:journalctl@ceph.mon.a.smithi096.stdout:Apr 25 18:33:00 smithi096 ceph-mon[27755]: from='client.? 172.21.15.96:0/140834025' entity='client.admin' cmd=[{"prefix": "mgr stat"}]: dispatch
2024-04-25T18:33:00.206 INFO:teuthology.orchestra.run.smithi096.stdout:/usr/bin/ceph: stdout {
2024-04-25T18:33:00.207 INFO:teuthology.orchestra.run.smithi096.stdout:/usr/bin/ceph: stdout "epoch": 5,
2024-04-25T18:33:00.207 INFO:teuthology.orchestra.run.smithi096.stdout:/usr/bin/ceph: stdout "available": true,
2024-04-25T18:33:00.207 INFO:teuthology.orchestra.run.smithi096.stdout:/usr/bin/ceph: stdout "active_name": "x",
2024-04-25T18:33:00.207 INFO:teuthology.orchestra.run.smithi096.stdout:/usr/bin/ceph: stdout "num_standby": 0
2024-04-25T18:33:00.207 INFO:teuthology.orchestra.run.smithi096.stdout:/usr/bin/ceph: stdout }
2024-04-25T18:33:00.207 INFO:teuthology.orchestra.run.smithi096.stdout:/usr/bin/ceph: stderr
2024-04-25T18:32:59.287+0000 7fe1c2600700 1 Processor -- start
2024-04-25T18:33:00.207 INFO:teuthology.orchestra.run.smithi096.stdout:/usr/bin/ceph: stderr
2024-04-25T18:32:59.287+0000 7fe1c2600700 1 -- start start
2024-04-25T18:33:00.207 INFO:teuthology.orchestra.run.smithi096.stdout:/usr/bin/ceph: stderr
