2024-04-25T18:33:09.164+0000 7ff4a1e00700 1 -- 172.21.15.96:0/3508425820 --> [v2:172.21.15.96:3300/0,v1:172.21.15.96:6789/0] -- mon_subscribe({config=0+,monmap=0+}) -- 0x7ff49c1095e0 con 0x7ff49c106c70
2024-04-25T18:33:10.150 INFO:teuthology.orchestra.run.smithi096.stdout:/usr/bin/ceph: stderr
2024-04-25T18:33:09.165+0000 7ff4a1e00700 1 --2- 172.21.15.96:0/3508425820 >> [v2:172.21.15.96:3300/0,v1:172.21.15.96:6789/0] conn(0x7ff49c106c70 0x7ff49c1090a0 secure :-1 s=READY pgs=37 cs=0 l=1 rev1=1 crypto rx=0x7ff4900098a0 tx=0x7ff490009bb0 comp rx=0 tx=0).ready entity=mon.0 client_cookie=34616f5700246d2d server_cookie=0 in_seq=0 out_seq=0
2024-04-25T18:33:10.150 INFO:teuthology.orchestra.run.smithi096.stdout:/usr/bin/ceph: stderr
2024-04-25T18:33:09.165+0000 7ff4a0a00700 1 -- 172.21.15.96:0/3508425820 <== mon.0 v2:172.21.15.96:3300/0 1 ==== mon_map magic: 0 ==== 205+0+0 (secure 0 0 0) 0x7ff490004160 con 0x7ff49c106c70
2024-04-25T18:33:10.150 INFO:teuthology.orchestra.run.smithi096.stdout:/usr/bin/ceph: stderr
2024-04-25T18:33:09.165+0000 7ff4a0a00700 1 -- 172.21.15.96:0/3508425820 <== mon.0 v2:172.21.15.96:3300/0 2 ==== config(27 keys) ==== 1104+0+0 (secure 0 0 0) 0x7ff490004300 con 0x7ff49c106c70
2024-04-25T18:33:10.150 INFO:teuthology.orchestra.run.smithi096.stdout:/usr/bin/ceph: stderr
2024-04-25T18:33:09.165+0000 7ff4a0a00700 1 -- 172.21.15.96:0/3508425820 <== mon.0 v2:172.21.15.96:3300/0 3 ==== mon_map magic: 0 ==== 205+0+0 (secure 0 0 0) 0x7ff490011b20 con 0x7ff49c106c70
2024-04-25T18:33:10.150 INFO:teuthology.orchestra.run.smithi096.stdout:/usr/bin/ceph: stderr
2024-04-25T18:33:09.166+0000 7ff4a3200700 1 -- 172.21.15.96:0/3508425820 >> [v2:172.21.15.96:3300/0,v1:172.21.15.96:6789/0] conn(0x7ff49c106c70 msgr2=0x7ff49c1090a0 secure :-1 s=STATE_CONNECTION_ESTABLISHED l=1).mark_down
2024-04-25T18:33:10.151 INFO:teuthology.orchestra.run.smithi096.stdout:/usr/bin/ceph: stderr
2024-04-25T18:33:09.166+0000 7ff4a3200700 1 --2- 172.21.15.96:0/3508425820 >> [v2:172.21.15.96:3300/0,v1:172.21.15.96:6789/0] conn(0x7ff49c106c70 0x7ff49c1090a0 secure :-1 s=READY pgs=37 cs=0 l=1 rev1=1 crypto rx=0x7ff4900098a0 tx=0x7ff490009bb0 comp rx=0 tx=0).stop
2024-04-25T18:33:10.151 INFO:teuthology.orchestra.run.smithi096.stdout:/usr/bin/ceph: stderr
2024-04-25T18:33:09.166+0000 7ff4a3200700 1 -- 172.21.15.96:0/3508425820 shutdown_connections
2024-04-25T18:33:10.151 INFO:teuthology.orchestra.run.smithi096.stdout:/usr/bin/ceph: stderr
2024-04-25T18:33:09.166+0000 7ff4a3200700 1 --2- 172.21.15.96:0/3508425820 >> [v2:172.21.15.96:3300/0,v1:172.21.15.96:6789/0] conn(0x7ff49c106c70 0x7ff49c1090a0 unknown :-1 s=CLOSED pgs=37 cs=0 l=1 rev1=1 crypto rx=0 tx=0 comp rx=0 tx=0).stop
2024-04-25T18:33:10.151 INFO:teuthology.orchestra.run.smithi096.stdout:/usr/bin/ceph: stderr
2024-04-25T18:33:09.166+0000 7ff4a3200700 1 -- 172.21.15.96:0/3508425820 >> 172.21.15.96:0/3508425820 conn(0x7ff49c1028f0 msgr2=0x7ff49c104d10 unknown :-1 s=STATE_NONE l=0).mark_down
2024-04-25T18:33:10.151 INFO:teuthology.orchestra.run.smithi096.stdout:/usr/bin/ceph: stderr
2024-04-25T18:33:09.166+0000 7ff4a3200700 1 -- 172.21.15.96:0/3508425820 shutdown_connections
2024-04-25T18:33:10.151 INFO:teuthology.orchestra.run.smithi096.stdout:/usr/bin/ceph: stderr
2024-04-25T18:33:09.166+0000 7ff4a3200700 1 -- 172.21.15.96:0/3508425820 wait complete.
2024-04-25T18:33:10.151 INFO:teuthology.orchestra.run.smithi096.stdout:/usr/bin/ceph: stderr
2024-04-25T18:33:09.167+0000 7ff4a3200700 1 Processor -- start
2024-04-25T18:33:10.151 INFO:teuthology.orchestra.run.smithi096.stdout:/usr/bin/ceph: stderr
2024-04-25T18:33:09.167+0000 7ff4a3200700 1 -- start start
2024-04-25T18:33:10.151 INFO:teuthology.orchestra.run.smithi096.stdout:/usr/bin/ceph: stderr
2024-04-25T18:33:09.167+0000 7ff4a3200700 1 --2- >> [v2:172.21.15.96:3300/0,v1:172.21.15.96:6789/0] conn(0x7ff49c106c70 0x7ff49c1a2880 unknown :-1 s=NONE pgs=0 cs=0 l=1 rev1=0 crypto rx=0 tx=0 comp rx=0 tx=0).connect
2024-04-25T18:33:10.151 INFO:teuthology.orchestra.run.smithi096.stdout:/usr/bin/ceph: stderr
2024-04-25T18:33:09.167+0000 7ff4a3200700 1 -- --> [v2:172.21.15.96:3300/0,v1:172.21.15.96:6789/0] -- mon_getmap magic: 0 -- 0x7ff49c10a670 con 0x7ff49c106c70
2024-04-25T18:33:10.151 INFO:teuthology.orchestra.run.smithi096.stdout:/usr/bin/ceph: stderr
2024-04-25T18:33:09.168+0000 7ff4a1e00700 1 --2- >> [v2:172.21.15.96:3300/0,v1:172.21.15.96:6789/0] conn(0x7ff49c106c70 0x7ff49c1a2880 unknown :-1 s=BANNER_CONNECTING pgs=0 cs=0 l=1 rev1=0 crypto rx=0 tx=0 comp rx=0 tx=0)._handle_peer_banner_payload supported=3 required=0
2024-04-25T18:33:10.151 INFO:teuthology.orchestra.run.smithi096.stdout:/usr/bin/ceph: stderr
2024-04-25T18:33:09.168+0000 7ff4a1e00700 1 --2- >> [v2:172.21.15.96:3300/0,v1:172.21.15.96:6789/0] conn(0x7ff49c106c70 0x7ff49c1a2880 unknown :-1 s=HELLO_CONNECTING pgs=0 cs=0 l=1 rev1=1 crypto rx=0 tx=0 comp rx=0 tx=0).handle_hello peer v2:172.21.15.96:3300/0 says I am v2:172.21.15.96:48068/0 (socket says 172.21.15.96:48068)
2024-04-25T18:33:10.152 INFO:teuthology.orchestra.run.smithi096.stdout:/usr/bin/ceph: stderr
2024-04-25T18:33:09.168+0000 7ff4a1e00700 1 -- 172.21.15.96:0/1910361667 learned_addr learned my addr 172.21.15.96:0/1910361667 (peer_addr_for_me v2:172.21.15.96:0/0)
2024-04-25T18:33:10.152 INFO:teuthology.orchestra.run.smithi096.stdout:/usr/bin/ceph: stderr
2024-04-25T18:33:09.168+0000 7ff4a1e00700 1 -- 172.21.15.96:0/1910361667 --> [v2:172.21.15.96:3300/0,v1:172.21.15.96:6789/0] -- mon_subscribe({config=0+,monmap=0+}) -- 0x7ff49c1a2dc0 con 0x7ff49c106c70
2024-04-25T18:33:10.152 INFO:teuthology.orchestra.run.smithi096.stdout:/usr/bin/ceph: stderr
2024-04-25T18:33:09.168+0000 7ff4a1e00700 1 --2- 172.21.15.96:0/1910361667 >> [v2:172.21.15.96:3300/0,v1:172.21.15.96:6789/0] conn(0x7ff49c106c70 0x7ff49c1a2880 secure :-1 s=READY pgs=38 cs=0 l=1 rev1=1 crypto rx=0x7ff490006af0 tx=0x7ff490011ce0 comp rx=0 tx=0).ready entity=mon.0 client_cookie=0 server_cookie=0 in_seq=0 out_seq=0
2024-04-25T18:33:10.152 INFO:teuthology.orchestra.run.smithi096.stdout:/usr/bin/ceph: stderr
2024-04-25T18:33:09.168+0000 7ff496a00700 1 -- 172.21.15.96:0/1910361667 <== mon.0 v2:172.21.15.96:3300/0 1 ==== mon_map magic: 0 ==== 205+0+0 (secure 0 0 0) 0x7ff490003b90 con 0x7ff49c106c70
2024-04-25T18:33:10.152 INFO:teuthology.orchestra.run.smithi096.stdout:/usr/bin/ceph: stderr
2024-04-25T18:33:09.168+0000 7ff496a00700 1 -- 172.21.15.96:0/1910361667 <== mon.0 v2:172.21.15.96:3300/0 2 ==== config(27 keys) ==== 1104+0+0 (secure 0 0 0) 0x7ff490003d30 con 0x7ff49c106c70
2024-04-25T18:33:10.152 INFO:teuthology.orchestra.run.smithi096.stdout:/usr/bin/ceph: stderr
2024-04-25T18:33:09.168+0000 7ff4a3200700 1 -- 172.21.15.96:0/1910361667 --> [v2:172.21.15.96:3300/0,v1:172.21.15.96:6789/0] -- mon_subscribe({mgrmap=0+}) -- 0x7ff49c1a3050 con 0x7ff49c106c70
2024-04-25T18:33:10.152 INFO:teuthology.orchestra.run.smithi096.stdout:/usr/bin/ceph: stderr
2024-04-25T18:33:09.169+0000 7ff496a00700 1 -- 172.21.15.96:0/1910361667 <== mon.0 v2:172.21.15.96:3300/0 3 ==== mon_map magic: 0 ==== 205+0+0 (secure 0 0 0) 0x7ff4900197c0 con 0x7ff49c106c70
2024-04-25T18:33:10.152 INFO:teuthology.orchestra.run.smithi096.stdout:/usr/bin/ceph: stderr
2024-04-25T18:33:09.169+0000 7ff4a3200700 1 -- 172.21.15.96:0/1910361667 --> [v2:172.21.15.96:3300/0,v1:172.21.15.96:6789/0] -- mon_subscribe({osdmap=0}) -- 0x7ff49c1a34b0 con 0x7ff49c106c70
2024-04-25T18:33:10.152 INFO:teuthology.orchestra.run.smithi096.stdout:/usr/bin/ceph: stderr
2024-04-25T18:33:09.170+0000 7ff496a00700 1 -- 172.21.15.96:0/1910361667 <== mon.0 v2:172.21.15.96:3300/0 4 ==== mgrmap(e 8) ==== 46558+0+0 (secure 0 0 0) 0x7ff490022020 con 0x7ff49c106c70
2024-04-25T18:33:10.152 INFO:teuthology.orchestra.run.smithi096.stdout:/usr/bin/ceph: stderr
2024-04-25T18:33:09.170+0000 7ff4a3200700 1 -- 172.21.15.96:0/1910361667 --> [v2:172.21.15.96:3300/0,v1:172.21.15.96:6789/0] -- mon_command({"prefix": "get_command_descriptions"} v 0) -- 0x7ff49c0640a0 con 0x7ff49c106c70
2024-04-25T18:33:10.152 INFO:teuthology.orchestra.run.smithi096.stdout:/usr/bin/ceph: stderr
2024-04-25T18:33:09.170+0000 7ff496a00700 1 --2- 172.21.15.96:0/1910361667 >> [v2:172.21.15.96:6800/2361108400,v1:172.21.15.96:6801/2361108400] conn(0x7ff4840396c0 0x7ff48403bb80 unknown :-1 s=NONE pgs=0 cs=0 l=1 rev1=0 crypto rx=0 tx=0 comp rx=0 tx=0).connect
2024-04-25T18:33:10.152 INFO:teuthology.orchestra.run.smithi096.stdout:/usr/bin/ceph: stderr
2024-04-25T18:33:09.170+0000 7ff496a00700 1 -- 172.21.15.96:0/1910361667 <== mon.0 v2:172.21.15.96:3300/0 5 ==== osd_map(2..2 src has 1..2) ==== 940+0+0 (secure 0 0 0) 0x7ff49004d9e0 con 0x7ff49c106c70
2024-04-25T18:33:10.153 INFO:teuthology.orchestra.run.smithi096.stdout:/usr/bin/ceph: stderr
2024-04-25T18:33:09.170+0000 7ff4a1400700 1 --2- 172.21.15.96:0/1910361667 >> [v2:172.21.15.96:6800/2361108400,v1:172.21.15.96:6801/2361108400] conn(0x7ff4840396c0 0x7ff48403bb80 unknown :-1 s=BANNER_CONNECTING pgs=0 cs=0 l=1 rev1=0 crypto rx=0 tx=0 comp rx=0 tx=0)._handle_peer_banner_payload supported=3 required=0
2024-04-25T18:33:10.153 INFO:teuthology.orchestra.run.smithi096.stdout:/usr/bin/ceph: stderr
2024-04-25T18:33:09.171+0000 7ff4a1400700 1 --2- 172.21.15.96:0/1910361667 >> [v2:172.21.15.96:6800/2361108400,v1:172.21.15.96:6801/2361108400] conn(0x7ff4840396c0 0x7ff48403bb80 secure :-1 s=READY pgs=7 cs=0 l=1 rev1=1 crypto rx=0x7ff48c006fd0 tx=0x7ff48c006e40 comp rx=0 tx=0).ready entity=mgr.14120 client_cookie=0 server_cookie=0 in_seq=0 out_seq=0
2024-04-25T18:33:10.153 INFO:teuthology.orchestra.run.smithi096.stdout:/usr/bin/ceph: stderr
2024-04-25T18:33:09.177+0000 7ff496a00700 1 -- 172.21.15.96:0/1910361667 <== mon.0 v2:172.21.15.96:3300/0 6 ==== mon_command_ack([{"prefix": "get_command_descriptions"}]=0 v0) ==== 72+0+188370 (secure 0 0 0) 0x7ff49004d330 con 0x7ff49c106c70
2024-04-25T18:33:10.153 INFO:teuthology.orchestra.run.smithi096.stdout:/usr/bin/ceph: stderr
2024-04-25T18:33:09.419+0000 7ff4a3200700 1 -- 172.21.15.96:0/1910361667 --> [v2:172.21.15.96:6800/2361108400,v1:172.21.15.96:6801/2361108400] -- mgr_command(tid 0: {"prefix": "orch set backend", "module_name": "cephadm", "target": ["mon-mgr", ""]}) -- 0x7ff49c062e80 con 0x7ff4840396c0
2024-04-25T18:33:10.153 INFO:teuthology.orchestra.run.smithi096.stdout:/usr/bin/ceph: stderr
2024-04-25T18:33:09.425+0000 7ff496a00700 1 -- 172.21.15.96:0/1910361667 <== mgr.14120 v2:172.21.15.96:6800/2361108400 1 ==== mgr_command_reply(tid 0: 0 ) ==== 8+0+0 (secure 0 0 0) 0x7ff49c062e80 con 0x7ff4840396c0
2024-04-25T18:33:10.153 INFO:teuthology.orchestra.run.smithi096.stdout:/usr/bin/ceph: stderr
2024-04-25T18:33:09.428+0000 7ff4a3200700 1 -- 172.21.15.96:0/1910361667 >> [v2:172.21.15.96:6800/2361108400,v1:172.21.15.96:6801/2361108400] conn(0x7ff4840396c0 msgr2=0x7ff48403bb80 secure :-1 s=STATE_CONNECTION_ESTABLISHED l=1).mark_down
2024-04-25T18:33:10.153 INFO:teuthology.orchestra.run.smithi096.stdout:/usr/bin/ceph: stderr
2024-04-25T18:33:09.428+0000 7ff4a3200700 1 --2- 172.21.15.96:0/1910361667 >> [v2:172.21.15.96:6800/2361108400,v1:172.21.15.96:6801/2361108400] conn(0x7ff4840396c0 0x7ff48403bb80 secure :-1 s=READY pgs=7 cs=0 l=1 rev1=1 crypto rx=0x7ff48c006fd0 tx=0x7ff48c006e40 comp rx=0 tx=0).stop
2024-04-25T18:33:10.153 INFO:teuthology.orchestra.run.smithi096.stdout:/usr/bin/ceph: stderr
2024-04-25T18:33:09.428+0000 7ff4a3200700 1 -- 172.21.15.96:0/1910361667 >> [v2:172.21.15.96:3300/0,v1:172.21.15.96:6789/0] conn(0x7ff49c106c70 msgr2=0x7ff49c1a2880 secure :-1 s=STATE_CONNECTION_ESTABLISHED l=1).mark_down
2024-04-25T18:33:10.153 INFO:teuthology.orchestra.run.smithi096.stdout:/usr/bin/ceph: stderr
2024-04-25T18:33:09.428+0000 7ff4a3200700 1 --2- 172.21.15.96:0/1910361667 >> [v2:172.21.15.96:3300/0,v1:172.21.15.96:6789/0] conn(0x7ff49c106c70 0x7ff49c1a2880 secure :-1 s=READY pgs=38 cs=0 l=1 rev1=1 crypto rx=0x7ff490006af0 tx=0x7ff490011ce0 comp rx=0 tx=0).stop
2024-04-25T18:33:10.153 INFO:teuthology.orchestra.run.smithi096.stdout:/usr/bin/ceph: stderr
2024-04-25T18:33:09.429+0000 7ff4a3200700 1 -- 172.21.15.96:0/1910361667 shutdown_connections
2024-04-25T18:33:10.153 INFO:teuthology.orchestra.run.smithi096.stdout:/usr/bin/ceph: stderr
2024-04-25T18:33:09.429+0000 7ff4a3200700 1 --2- 172.21.15.96:0/1910361667 >> [v2:172.21.15.96:6800/2361108400,v1:172.21.15.96:6801/2361108400] conn(0x7ff4840396c0 0x7ff48403bb80 unknown :-1 s=CLOSED pgs=7 cs=0 l=1 rev1=1 crypto rx=0 tx=0 comp rx=0 tx=0).stop
2024-04-25T18:33:10.153 INFO:teuthology.orchestra.run.smithi096.stdout:/usr/bin/ceph: stderr
2024-04-25T18:33:09.429+0000 7ff4a3200700 1 --2- 172.21.15.96:0/1910361667 >> [v2:172.21.15.96:3300/0,v1:172.21.15.96:6789/0] conn(0x7ff49c106c70 0x7ff49c1a2880 unknown :-1 s=CLOSED pgs=38 cs=0 l=1 rev1=1 crypto rx=0 tx=0 comp rx=0 tx=0).stop
2024-04-25T18:33:10.153 INFO:teuthology.orchestra.run.smithi096.stdout:/usr/bin/ceph: stderr
2024-04-25T18:33:09.429+0000 7ff4a3200700 1 -- 172.21.15.96:0/1910361667 >> 172.21.15.96:0/1910361667 conn(0x7ff49c1028f0 msgr2=0x7ff49c104ce0 unknown :-1 s=STATE_NONE l=0).mark_down
2024-04-25T18:33:10.154 INFO:teuthology.orchestra.run.smithi096.stdout:/usr/bin/ceph: stderr
2024-04-25T18:33:09.429+0000 7ff4a3200700 1 -- 172.21.15.96:0/1910361667 shutdown_connections
2024-04-25T18:33:10.154 INFO:teuthology.orchestra.run.smithi096.stdout:/usr/bin/ceph: stderr
2024-04-25T18:33:09.429+0000 7ff4a3200700 1 -- 172.21.15.96:0/1910361667 wait complete.
2024-04-25T18:33:10.991 INFO:journalctl@ceph.mon.a.smithi096.stdout:Apr 25 18:33:10 smithi096 ceph-mon[27755]: [25/Apr/2024:18:33:09] ENGINE Serving on https://172.21.15.96:7150
2024-04-25T18:33:10.991 INFO:journalctl@ceph.mon.a.smithi096.stdout:Apr 25 18:33:10 smithi096 ceph-mon[27755]: [25/Apr/2024:18:33:09] ENGINE Serving on http://172.21.15.96:8765
2024-04-25T18:33:10.991 INFO:journalctl@ceph.mon.a.smithi096.stdout:Apr 25 18:33:10 smithi096 ceph-mon[27755]: [25/Apr/2024:18:33:09] ENGINE Bus STARTED
2024-04-25T18:33:10.991 INFO:journalctl@ceph.mon.a.smithi096.stdout:Apr 25 18:33:10 smithi096 ceph-mon[27755]: from='client.14132 -' entity='client.admin' cmd=[{"prefix": "orch set backend", "module_name": "cephadm", "target": ["mon-mgr", ""]}]: dispatch
2024-04-25T18:33:11.668 INFO:teuthology.orchestra.run.smithi096.stdout:/usr/bin/ceph: stdout value unchanged
2024-04-25T18:33:11.669 INFO:teuthology.orchestra.run.smithi096.stdout:/usr/bin/ceph: stderr
2024-04-25T18:33:10.745+0000 7fda6de00700 1 Processor -- start
2024-04-25T18:33:11.669 INFO:teuthology.orchestra.run.smithi096.stdout:/usr/bin/ceph: stderr
2024-04-25T18:33:10.745+0000 7fda6de00700 1 -- start start
2024-04-25T18:33:11.669 INFO:teuthology.orchestra.run.smithi096.stdout:/usr/bin/ceph: stderr
2024-04-25T18:33:10.746+0000 7fda6de00700 1 --2- >> [v2:172.21.15.96:3300/0,v1:172.21.15.96:6789/0] conn(0x7fda6810f0b0 0x7fda6810f4d0 unknown :-1 s=NONE pgs=0 cs=0 l=0 rev1=0 crypto rx=0 tx=0 comp rx=0 tx=0).connect
2024-04-25T18:33:11.670 INFO:teuthology.orchestra.run.smithi096.stdout:/usr/bin/ceph: stderr
2024-04-25T18:33:10.746+0000 7fda6de00700 1 -- --> [v2:172.21.15.96:3300/0,v1:172.21.15.96:6789/0] -- mon_getmap magic: 0 -- 0x7fda6810faa0 con 0x7fda6810f0b0
2024-04-25T18:33:11.670 INFO:teuthology.orchestra.run.smithi096.stdout:/usr/bin/ceph: stderr
2024-04-25T18:33:10.746+0000 7fda66a00700 1 --2- >> [v2:172.21.15.96:3300/0,v1:172.21.15.96:6789/0] conn(0x7fda6810f0b0 0x7fda6810f4d0 unknown :-1 s=BANNER_CONNECTING pgs=0 cs=0 l=0 rev1=0 crypto rx=0 tx=0 comp rx=0 tx=0)._handle_peer_banner_payload supported=3 required=0
2024-04-25T18:33:11.670 INFO:teuthology.orchestra.run.smithi096.stdout:/usr/bin/ceph: stderr
2024-04-25T18:33:10.746+0000 7fda66a00700 1 --2- >> [v2:172.21.15.96:3300/0,v1:172.21.15.96:6789/0] conn(0x7fda6810f0b0 0x7fda6810f4d0 unknown :-1 s=HELLO_CONNECTING pgs=0 cs=0 l=0 rev1=1 crypto rx=0 tx=0 comp rx=0 tx=0).handle_hello peer v2:172.21.15.96:3300/0 says I am v2:172.21.15.96:48078/0 (socket says 172.21.15.96:48078)
2024-04-25T18:33:11.670 INFO:teuthology.orchestra.run.smithi096.stdout:/usr/bin/ceph: stderr
2024-04-25T18:33:10.746+0000 7fda66a00700 1 -- 172.21.15.96:0/3512117193 learned_addr learned my addr 172.21.15.96:0/3512117193 (peer_addr_for_me v2:172.21.15.96:0/0)
2024-04-25T18:33:11.670 INFO:teuthology.orchestra.run.smithi096.stdout:/usr/bin/ceph: stderr
2024-04-25T18:33:10.747+0000 7fda66a00700 1 -- 172.21.15.96:0/3512117193 --> [v2:172.21.15.96:3300/0,v1:172.21.15.96:6789/0] -- mon_subscribe({config=0+,monmap=0+}) -- 0x7fda6810fdd0 con 0x7fda6810f0b0
2024-04-25T18:33:11.670 INFO:teuthology.orchestra.run.smithi096.stdout:/usr/bin/ceph: stderr
2024-04-25T18:33:10.747+0000 7fda66a00700 1 --2- 172.21.15.96:0/3512117193 >> [v2:172.21.15.96:3300/0,v1:172.21.15.96:6789/0] conn(0x7fda6810f0b0 0x7fda6810f4d0 secure :-1 s=READY pgs=39 cs=0 l=1 rev1=1 crypto rx=0x7fda580098a0 tx=0x7fda58009bb0 comp rx=0 tx=0).ready entity=mon.0 client_cookie=f5c08f50930473a server_cookie=0 in_seq=0 out_seq=0
2024-04-25T18:33:11.671 INFO:teuthology.orchestra.run.smithi096.stdout:/usr/bin/ceph: stderr
2024-04-25T18:33:10.747+0000 7fda65600700 1 -- 172.21.15.96:0/3512117193 <== mon.0 v2:172.21.15.96:3300/0 1 ==== mon_map magic: 0 ==== 205+0+0 (secure 0 0 0) 0x7fda58004160 con 0x7fda6810f0b0
2024-04-25T18:33:11.671 INFO:teuthology.orchestra.run.smithi096.stdout:/usr/bin/ceph: stderr
2024-04-25T18:33:10.747+0000 7fda65600700 1 -- 172.21.15.96:0/3512117193 <== mon.0 v2:172.21.15.96:3300/0 2 ==== config(27 keys) ==== 1104+0+0 (secure 0 0 0) 0x7fda58004300 con 0x7fda6810f0b0
2024-04-25T18:33:11.671 INFO:teuthology.orchestra.run.smithi096.stdout:/usr/bin/ceph: stderr
2024-04-25T18:33:10.747+0000 7fda65600700 1 -- 172.21.15.96:0/3512117193 <== mon.0 v2:172.21.15.96:3300/0 3 ==== mon_map magic: 0 ==== 205+0+0 (secure 0 0 0) 0x7fda58011b20 con 0x7fda6810f0b0
2024-04-25T18:33:11.671 INFO:teuthology.orchestra.run.smithi096.stdout:/usr/bin/ceph: stderr
2024-04-25T18:33:10.748+0000 7fda6de00700 1 -- 172.21.15.96:0/3512117193 >> [v2:172.21.15.96:3300/0,v1:172.21.15.96:6789/0] conn(0x7fda6810f0b0 msgr2=0x7fda6810f4d0 secure :-1 s=STATE_CONNECTION_ESTABLISHED l=1).mark_down
2024-04-25T18:33:11.672 INFO:teuthology.orchestra.run.smithi096.stdout:/usr/bin/ceph: stderr
2024-04-25T18:33:10.748+0000 7fda6de00700 1 --2- 172.21.15.96:0/3512117193 >> [v2:172.21.15.96:3300/0,v1:172.21.15.96:6789/0] conn(0x7fda6810f0b0 0x7fda6810f4d0 secure :-1 s=READY pgs=39 cs=0 l=1 rev1=1 crypto rx=0x7fda580098a0 tx=0x7fda58009bb0 comp rx=0 tx=0).stop
2024-04-25T18:33:11.672 INFO:teuthology.orchestra.run.smithi096.stdout:/usr/bin/ceph: stderr
2024-04-25T18:33:10.748+0000 7fda6de00700 1 -- 172.21.15.96:0/3512117193 shutdown_connections
2024-04-25T18:33:11.672 INFO:teuthology.orchestra.run.smithi096.stdout:/usr/bin/ceph: stderr
2024-04-25T18:33:10.748+0000 7fda6de00700 1 --2- 172.21.15.96:0/3512117193 >> [v2:172.21.15.96:3300/0,v1:172.21.15.96:6789/0] conn(0x7fda6810f0b0 0x7fda6810f4d0 unknown :-1 s=CLOSED pgs=39 cs=0 l=1 rev1=1 crypto rx=0 tx=0 comp rx=0 tx=0).stop
2024-04-25T18:33:11.672 INFO:teuthology.orchestra.run.smithi096.stdout:/usr/bin/ceph: stderr
2024-04-25T18:33:10.748+0000 7fda6de00700 1 -- 172.21.15.96:0/3512117193 >> 172.21.15.96:0/3512117193 conn(0x7fda6807de00 msgr2=0x7fda68080220 unknown :-1 s=STATE_NONE l=0).mark_down
2024-04-25T18:33:11.672 INFO:teuthology.orchestra.run.smithi096.stdout:/usr/bin/ceph: stderr
2024-04-25T18:33:10.748+0000 7fda6de00700 1 -- 172.21.15.96:0/3512117193 shutdown_connections
2024-04-25T18:33:11.673 INFO:teuthology.orchestra.run.smithi096.stdout:/usr/bin/ceph: stderr
2024-04-25T18:33:10.748+0000 7fda6de00700 1 -- 172.21.15.96:0/3512117193 wait complete.
2024-04-25T18:33:11.673 INFO:teuthology.orchestra.run.smithi096.stdout:/usr/bin/ceph: stderr
2024-04-25T18:33:10.749+0000 7fda6de00700 1 Processor -- start
2024-04-25T18:33:11.673 INFO:teuthology.orchestra.run.smithi096.stdout:/usr/bin/ceph: stderr
2024-04-25T18:33:10.750+0000 7fda6de00700 1 -- start start
2024-04-25T18:33:11.674 INFO:teuthology.orchestra.run.smithi096.stdout:/usr/bin/ceph: stderr
2024-04-25T18:33:10.750+0000 7fda6de00700 1 --2- >> [v2:172.21.15.96:3300/0,v1:172.21.15.96:6789/0] conn(0x7fda6810f0b0 0x7fda681a29a0 unknown :-1 s=NONE pgs=0 cs=0 l=1 rev1=0 crypto rx=0 tx=0 comp rx=0 tx=0).connect
2024-04-25T18:33:11.674 INFO:teuthology.orchestra.run.smithi096.stdout:/usr/bin/ceph: stderr
2024-04-25T18:33:10.750+0000 7fda6de00700 1 -- --> [v2:172.21.15.96:3300/0,v1:172.21.15.96:6789/0] -- mon_getmap magic: 0 -- 0x7fda68113180 con 0x7fda6810f0b0
2024-04-25T18:33:11.674 INFO:teuthology.orchestra.run.smithi096.stdout:/usr/bin/ceph: stderr
2024-04-25T18:33:10.750+0000 7fda66a00700 1 --2- >> [v2:172.21.15.96:3300/0,v1:172.21.15.96:6789/0] conn(0x7fda6810f0b0 0x7fda681a29a0 unknown :-1 s=BANNER_CONNECTING pgs=0 cs=0 l=1 rev1=0 crypto rx=0 tx=0 comp rx=0 tx=0)._handle_peer_banner_payload supported=3 required=0
2024-04-25T18:33:11.675 INFO:teuthology.orchestra.run.smithi096.stdout:/usr/bin/ceph: stderr
2024-04-25T18:33:10.750+0000 7fda66a00700 1 --2- >> [v2:172.21.15.96:3300/0,v1:172.21.15.96:6789/0] conn(0x7fda6810f0b0 0x7fda681a29a0 unknown :-1 s=HELLO_CONNECTING pgs=0 cs=0 l=1 rev1=1 crypto rx=0 tx=0 comp rx=0 tx=0).handle_hello peer v2:172.21.15.96:3300/0 says I am v2:172.21.15.96:48086/0 (socket says 172.21.15.96:48086)
2024-04-25T18:33:11.675 INFO:teuthology.orchestra.run.smithi096.stdout:/usr/bin/ceph: stderr
2024-04-25T18:33:10.750+0000 7fda66a00700 1 -- 172.21.15.96:0/4158955840 learned_addr learned my addr 172.21.15.96:0/4158955840 (peer_addr_for_me v2:172.21.15.96:0/0)
2024-04-25T18:33:11.675 INFO:teuthology.orchestra.run.smithi096.stdout:/usr/bin/ceph: stderr
2024-04-25T18:33:10.751+0000 7fda66a00700 1 -- 172.21.15.96:0/4158955840 --> [v2:172.21.15.96:3300/0,v1:172.21.15.96:6789/0] -- mon_subscribe({config=0+,monmap=0+}) -- 0x7fda681a2ee0 con 0x7fda6810f0b0
2024-04-25T18:33:11.675 INFO:teuthology.orchestra.run.smithi096.stdout:/usr/bin/ceph: stderr
2024-04-25T18:33:10.751+0000 7fda66a00700 1 --2- 172.21.15.96:0/4158955840 >> [v2:172.21.15.96:3300/0,v1:172.21.15.96:6789/0] conn(0x7fda6810f0b0 0x7fda681a29a0 secure :-1 s=READY pgs=40 cs=0 l=1 rev1=1 crypto rx=0x7fda58006af0 tx=0x7fda58011ce0 comp rx=0 tx=0).ready entity=mon.0 client_cookie=0 server_cookie=0 in_seq=0 out_seq=0
2024-04-25T18:33:11.675 INFO:teuthology.orchestra.run.smithi096.stdout:/usr/bin/ceph: stderr
2024-04-25T18:33:10.751+0000 7fda6ca00700 1 -- 172.21.15.96:0/4158955840 <== mon.0 v2:172.21.15.96:3300/0 1 ==== mon_map magic: 0 ==== 205+0+0 (secure 0 0 0) 0x7fda580039a0 con 0x7fda6810f0b0
2024-04-25T18:33:11.675 INFO:teuthology.orchestra.run.smithi096.stdout:/usr/bin/ceph: stderr
2024-04-25T18:33:10.751+0000 7fda6ca00700 1 -- 172.21.15.96:0/4158955840 <== mon.0 v2:172.21.15.96:3300/0 2 ==== config(27 keys) ==== 1104+0+0 (secure 0 0 0) 0x7fda58003b40 con 0x7fda6810f0b0
2024-04-25T18:33:11.675 INFO:teuthology.orchestra.run.smithi096.stdout:/usr/bin/ceph: stderr
2024-04-25T18:33:10.751+0000 7fda6de00700 1 -- 172.21.15.96:0/4158955840 --> [v2:172.21.15.96:3300/0,v1:172.21.15.96:6789/0] -- mon_subscribe({mgrmap=0+}) -- 0x7fda681a3170 con 0x7fda6810f0b0
2024-04-25T18:33:11.676 INFO:teuthology.orchestra.run.smithi096.stdout:/usr/bin/ceph: stderr
2024-04-25T18:33:10.751+0000 7fda6ca00700 1 -- 172.21.15.96:0/4158955840 <== mon.0 v2:172.21.15.96:3300/0 3 ==== mon_map magic: 0 ==== 205+0+0 (secure 0 0 0) 0x7fda58019670 con 0x7fda6810f0b0
2024-04-25T18:33:11.676 INFO:teuthology.orchestra.run.smithi096.stdout:/usr/bin/ceph: stderr
2024-04-25T18:33:10.751+0000 7fda6de00700 1 -- 172.21.15.96:0/4158955840 --> [v2:172.21.15.96:3300/0,v1:172.21.15.96:6789/0] -- mon_subscribe({osdmap=0}) -- 0x7fda681a35d0 con 0x7fda6810f0b0
2024-04-25T18:33:11.676 INFO:teuthology.orchestra.run.smithi096.stdout:/usr/bin/ceph: stderr
2024-04-25T18:33:10.752+0000 7fda6ca00700 1 -- 172.21.15.96:0/4158955840 <== mon.0 v2:172.21.15.96:3300/0 4 ==== mgrmap(e 8) ==== 46558+0+0 (secure 0 0 0) 0x7fda5801a430 con 0x7fda6810f0b0
2024-04-25T18:33:11.676 INFO:teuthology.orchestra.run.smithi096.stdout:/usr/bin/ceph: stderr
2024-04-25T18:33:10.752+0000 7fda6de00700 1 -- 172.21.15.96:0/4158955840 --> [v2:172.21.15.96:3300/0,v1:172.21.15.96:6789/0] -- mon_command({"prefix": "get_command_descriptions"} v 0) -- 0x7fda680640a0 con 0x7fda6810f0b0
2024-04-25T18:33:11.677 INFO:teuthology.orchestra.run.smithi096.stdout:/usr/bin/ceph: stderr
2024-04-25T18:33:10.753+0000 7fda6ca00700 1 --2- 172.21.15.96:0/4158955840 >> [v2:172.21.15.96:6800/2361108400,v1:172.21.15.96:6801/2361108400] conn(0x7fda4c039670 0x7fda4c03bb30 unknown :-1 s=NONE pgs=0 cs=0 l=1 rev1=0 crypto rx=0 tx=0 comp rx=0 tx=0).connect
2024-04-25T18:33:11.677 INFO:teuthology.orchestra.run.smithi096.stdout:/usr/bin/ceph: stderr
2024-04-25T18:33:10.753+0000 7fda6ca00700 1 -- 172.21.15.96:0/4158955840 <== mon.0 v2:172.21.15.96:3300/0 5 ==== osd_map(2..2 src has 1..2) ==== 940+0+0 (secure 0 0 0) 0x7fda5804dad0 con 0x7fda6810f0b0
2024-04-25T18:33:11.677 INFO:teuthology.orchestra.run.smithi096.stdout:/usr/bin/ceph: stderr
2024-04-25T18:33:10.753+0000 7fda66000700 1 --2- 172.21.15.96:0/4158955840 >> [v2:172.21.15.96:6800/2361108400,v1:172.21.15.96:6801/2361108400] conn(0x7fda4c039670 0x7fda4c03bb30 unknown :-1 s=BANNER_CONNECTING pgs=0 cs=0 l=1 rev1=0 crypto rx=0 tx=0 comp rx=0 tx=0)._handle_peer_banner_payload supported=3 required=0
2024-04-25T18:33:11.678 INFO:teuthology.orchestra.run.smithi096.stdout:/usr/bin/ceph: stderr
2024-04-25T18:33:10.754+0000 7fda66000700 1 --2- 172.21.15.96:0/4158955840 >> [v2:172.21.15.96:6800/2361108400,v1:172.21.15.96:6801/2361108400] conn(0x7fda4c039670 0x7fda4c03bb30 secure :-1 s=READY pgs=8 cs=0 l=1 rev1=1 crypto rx=0x7fda54006fd0 tx=0x7fda54006e40 comp rx=0 tx=0).ready entity=mgr.14120 client_cookie=0 server_cookie=0 in_seq=0 out_seq=0
2024-04-25T18:33:11.678 INFO:teuthology.orchestra.run.smithi096.stdout:/usr/bin/ceph: stderr
2024-04-25T18:33:10.759+0000 7fda6ca00700 1 -- 172.21.15.96:0/4158955840 <== mon.0 v2:172.21.15.96:3300/0 6 ==== mon_command_ack([{"prefix": "get_command_descriptions"}]=0 v0) ==== 72+0+188370 (secure 0 0 0) 0x7fda58011e20 con 0x7fda6810f0b0
2024-04-25T18:33:11.678 INFO:teuthology.orchestra.run.smithi096.stdout:/usr/bin/ceph: stderr
2024-04-25T18:33:10.989+0000 7fda6de00700 1 -- 172.21.15.96:0/4158955840 --> [v2:172.21.15.96:6800/2361108400,v1:172.21.15.96:6801/2361108400] -- mgr_command(tid 0: {"prefix": "cephadm set-user", "user": "root", "target": ["mon-mgr", ""]}) -- 0x7fda6807ff00 con 0x7fda4c039670
2024-04-25T18:33:11.678 INFO:teuthology.orchestra.run.smithi096.stdout:/usr/bin/ceph: stderr
2024-04-25T18:33:10.992+0000 7fda6ca00700 1 -- 172.21.15.96:0/4158955840 <== mgr.14120 v2:172.21.15.96:6800/2361108400 1 ==== mgr_command_reply(tid 0: 0 ) ==== 8+0+16 (secure 0 0 0) 0x7fda6807ff00 con 0x7fda4c039670
2024-04-25T18:33:11.678 INFO:teuthology.orchestra.run.smithi096.stdout:/usr/bin/ceph: stderr
2024-04-25T18:33:10.995+0000 7fda6de00700 1 -- 172.21.15.96:0/4158955840 >> [v2:172.21.15.96:6800/2361108400,v1:172.21.15.96:6801/2361108400] conn(0x7fda4c039670 msgr2=0x7fda4c03bb30 secure :-1 s=STATE_CONNECTION_ESTABLISHED l=1).mark_down
2024-04-25T18:33:11.678 INFO:teuthology.orchestra.run.smithi096.stdout:/usr/bin/ceph: stderr
2024-04-25T18:33:10.995+0000 7fda6de00700 1 --2- 172.21.15.96:0/4158955840 >> [v2:172.21.15.96:6800/2361108400,v1:172.21.15.96:6801/2361108400] conn(0x7fda4c039670 0x7fda4c03bb30 secure :-1 s=READY pgs=8 cs=0 l=1 rev1=1 crypto rx=0x7fda54006fd0 tx=0x7fda54006e40 comp rx=0 tx=0).stop
2024-04-25T18:33:11.678 INFO:teuthology.orchestra.run.smithi096.stdout:/usr/bin/ceph: stderr
2024-04-25T18:33:10.995+0000 7fda6de00700 1 -- 172.21.15.96:0/4158955840 >> [v2:172.21.15.96:3300/0,v1:172.21.15.96:6789/0] conn(0x7fda6810f0b0 msgr2=0x7fda681a29a0 secure :-1 s=STATE_CONNECTION_ESTABLISHED l=1).mark_down
2024-04-25T18:33:11.679 INFO:teuthology.orchestra.run.smithi096.stdout:/usr/bin/ceph: stderr
2024-04-25T18:33:10.995+0000 7fda6de00700 1 --2- 172.21.15.96:0/4158955840 >> [v2:172.21.15.96:3300/0,v1:172.21.15.96:6789/0] conn(0x7fda6810f0b0 0x7fda681a29a0 secure :-1 s=READY pgs=40 cs=0 l=1 rev1=1 crypto rx=0x7fda58006af0 tx=0x7fda58011ce0 comp rx=0 tx=0).stop
2024-04-25T18:33:11.679 INFO:teuthology.orchestra.run.smithi096.stdout:/usr/bin/ceph: stderr
2024-04-25T18:33:10.995+0000 7fda6de00700 1 -- 172.21.15.96:0/4158955840 shutdown_connections
2024-04-25T18:33:11.679 INFO:teuthology.orchestra.run.smithi096.stdout:/usr/bin/ceph: stderr
2024-04-25T18:33:10.995+0000 7fda6de00700 1 --2- 172.21.15.96:0/4158955840 >> [v2:172.21.15.96:6800/2361108400,v1:172.21.15.96:6801/2361108400] conn(0x7fda4c039670 0x7fda4c03bb30 unknown :-1 s=CLOSED pgs=8 cs=0 l=1 rev1=1 crypto rx=0 tx=0 comp rx=0 tx=0).stop
2024-04-25T18:33:11.679 INFO:teuthology.orchestra.run.smithi096.stdout:/usr/bin/ceph: stderr
2024-04-25T18:33:10.995+0000 7fda6de00700 1 --2- 172.21.15.96:0/4158955840 >> [v2:172.21.15.96:3300/0,v1:172.21.15.96:6789/0] conn(0x7fda6810f0b0 0x7fda681a29a0 unknown :-1 s=CLOSED pgs=40 cs=0 l=1 rev1=1 crypto rx=0 tx=0 comp rx=0 tx=0).stop
2024-04-25T18:33:11.679 INFO:teuthology.orchestra.run.smithi096.stdout:/usr/bin/ceph: stderr
2024-04-25T18:33:10.995+0000 7fda6de00700 1 -- 172.21.15.96:0/4158955840 >> 172.21.15.96:0/4158955840 conn(0x7fda6807de00 msgr2=0x7fda6807f7f0 unknown :-1 s=STATE_NONE l=0).mark_down
2024-04-25T18:33:11.680 INFO:teuthology.orchestra.run.smithi096.stdout:/usr/bin/ceph: stderr
2024-04-25T18:33:10.996+0000 7fda6de00700 1 -- 172.21.15.96:0/4158955840 shutdown_connections
2024-04-25T18:33:11.680 INFO:teuthology.orchestra.run.smithi096.stdout:/usr/bin/ceph: stderr
2024-04-25T18:33:10.996+0000 7fda6de00700 1 -- 172.21.15.96:0/4158955840 wait complete.
2024-04-25T18:33:11.680 INFO:teuthology.orchestra.run.smithi096.stdout:Generating ssh key...
2024-04-25T18:33:12.001 INFO:journalctl@ceph.mon.a.smithi096.stdout:Apr 25 18:33:11 smithi096 ceph-mon[27755]: from='client.14134 -' entity='client.admin' cmd=[{"prefix": "cephadm set-user", "user": "root", "target": ["mon-mgr", ""]}]: dispatch
2024-04-25T18:33:13.439 INFO:journalctl@ceph.mgr.x.smithi096.stdout:Apr 25 18:33:13 smithi096 ceph-f6ccb142-0331-11ef-bc93-c7b262605968-mgr-x[27981]: Generating public/private rsa key pair.
2024-04-25T18:33:13.439 INFO:journalctl@ceph.mgr.x.smithi096.stdout:Apr 25 18:33:13 smithi096 ceph-f6ccb142-0331-11ef-bc93-c7b262605968-mgr-x[27981]: Your identification has been saved in /tmp/tmpk13rj3b9/key.
2024-04-25T18:33:13.439 INFO:journalctl@ceph.mgr.x.smithi096.stdout:Apr 25 18:33:13 smithi096 ceph-f6ccb142-0331-11ef-bc93-c7b262605968-mgr-x[27981]: Your public key has been saved in /tmp/tmpk13rj3b9/key.pub.
2024-04-25T18:33:13.439 INFO:journalctl@ceph.mgr.x.smithi096.stdout:Apr 25 18:33:13 smithi096 ceph-f6ccb142-0331-11ef-bc93-c7b262605968-mgr-x[27981]: The key fingerprint is:
2024-04-25T18:33:13.439 INFO:journalctl@ceph.mgr.x.smithi096.stdout:Apr 25 18:33:13 smithi096 ceph-f6ccb142-0331-11ef-bc93-c7b262605968-mgr-x[27981]: SHA256:DxVEuayokJY9dxit0jakFyJjnP+SvBsbN4FClrNjoLI ceph-f6ccb142-0331-11ef-bc93-c7b262605968
2024-04-25T18:33:13.439 INFO:journalctl@ceph.mgr.x.smithi096.stdout:Apr 25 18:33:13 smithi096 ceph-f6ccb142-0331-11ef-bc93-c7b262605968-mgr-x[27981]: The key's randomart image is:
2024-04-25T18:33:13.439 INFO:journalctl@ceph.mgr.x.smithi096.stdout:Apr 25 18:33:13 smithi096 ceph-f6ccb142-0331-11ef-bc93-c7b262605968-mgr-x[27981]: +---[RSA 3072]----+
2024-04-25T18:33:13.439 INFO:journalctl@ceph.mgr.x.smithi096.stdout:Apr 25 18:33:13 smithi096 ceph-f6ccb142-0331-11ef-bc93-c7b262605968-mgr-x[27981]: | o+. |
2024-04-25T18:33:13.440 INFO:journalctl@ceph.mgr.x.smithi096.stdout:Apr 25 18:33:13 smithi096 ceph-f6ccb142-0331-11ef-bc93-c7b262605968-mgr-x[27981]: | . .. |
2024-04-25T18:33:13.440 INFO:journalctl@ceph.mgr.x.smithi096.stdout:Apr 25 18:33:13 smithi096 ceph-f6ccb142-0331-11ef-bc93-c7b262605968-mgr-x[27981]: |..=. . ... |
2024-04-25T18:33:13.440 INFO:journalctl@ceph.mgr.x.smithi096.stdout:Apr 25 18:33:13 smithi096 ceph-f6ccb142-0331-11ef-bc93-c7b262605968-mgr-x[27981]: |.+*o..+ ..o |
2024-04-25T18:33:13.440 INFO:journalctl@ceph.mgr.x.smithi096.stdout:Apr 25 18:33:13 smithi096 ceph-f6ccb142-0331-11ef-bc93-c7b262605968-mgr-x[27981]: |o.=B.=.*S. |
2024-04-25T18:33:13.440 INFO:journalctl@ceph.mgr.x.smithi096.stdout:Apr 25 18:33:13 smithi096 ceph-f6ccb142-0331-11ef-bc93-c7b262605968-mgr-x[27981]: |.o=o* X.oo |
2024-04-25T18:33:13.440 INFO:journalctl@ceph.mgr.x.smithi096.stdout:Apr 25 18:33:13 smithi096 ceph-f6ccb142-0331-11ef-bc93-c7b262605968-mgr-x[27981]: |E. ooXoo . |
2024-04-25T18:33:13.440 INFO:journalctl@ceph.mgr.x.smithi096.stdout:Apr 25 18:33:13 smithi096 ceph-f6ccb142-0331-11ef-bc93-c7b262605968-mgr-x[27981]: | ==.. |
2024-04-25T18:33:13.440 INFO:journalctl@ceph.mgr.x.smithi096.stdout:Apr 25 18:33:13 smithi096 ceph-f6ccb142-0331-11ef-bc93-c7b262605968-mgr-x[27981]: | ++ |
2024-04-25T18:33:13.440 INFO:journalctl@ceph.mgr.x.smithi096.stdout:Apr 25 18:33:13 smithi096 ceph-f6ccb142-0331-11ef-bc93-c7b262605968-mgr-x[27981]: +----[SHA256]-----+
2024-04-25T18:33:13.741 INFO:teuthology.orchestra.run.smithi096.stdout:/usr/bin/ceph: stderr
2024-04-25T18:33:12.283+0000 7f2229000700 1 Processor -- start
2024-04-25T18:33:13.741 INFO:teuthology.orchestra.run.smithi096.stdout:/usr/bin/ceph: stderr
2024-04-25T18:33:12.283+0000 7f2229000700 1 -- start start
2024-04-25T18:33:13.741 INFO:teuthology.orchestra.run.smithi096.stdout:/usr/bin/ceph: stderr
2024-04-25T18:33:12.283+0000 7f2229000700 1 --2- >> [v2:172.21.15.96:3300/0,v1:172.21.15.96:6789/0] conn(0x7f222410a7f0 0x7f222410ac10 unknown :-1 s=NONE pgs=0 cs=0 l=0 rev1=0 crypto rx=0 tx=0 comp rx=0 tx=0).connect
2024-04-25T18:33:13.741 INFO:teuthology.orchestra.run.smithi096.stdout:/usr/bin/ceph: stderr
2024-04-25T18:33:12.283+0000 7f2229000700 1 -- --> [v2:172.21.15.96:3300/0,v1:172.21.15.96:6789/0] -- mon_getmap magic: 0 -- 0x7f222410b1e0 con 0x7f222410a7f0
2024-04-25T18:33:13.741 INFO:teuthology.orchestra.run.smithi096.stdout:/usr/bin/ceph: stderr
2024-04-25T18:33:12.284+0000 7f2221e00700 1 --2- >> [v2:172.21.15.96:3300/0,v1:172.21.15.96:6789/0] conn(0x7f222410a7f0 0x7f222410ac10 unknown :-1 s=BANNER_CONNECTING pgs=0 cs=0 l=0 rev1=0 crypto rx=0 tx=0 comp rx=0 tx=0)._handle_peer_banner_payload supported=3 required=0
2024-04-25T18:33:13.741 INFO:teuthology.orchestra.run.smithi096.stdout:/usr/bin/ceph: stderr
2024-04-25T18:33:12.284+0000 7f2221e00700 1 --2- >> [v2:172.21.15.96:3300/0,v1:172.21.15.96:6789/0] conn(0x7f222410a7f0 0x7f222410ac10 unknown :-1 s=HELLO_CONNECTING pgs=0 cs=0 l=0 rev1=1 crypto rx=0 tx=0 comp rx=0 tx=0).handle_hello peer v2:172.21.15.96:3300/0 says I am v2:172.21.15.96:48096/0 (socket says 172.21.15.96:48096)
2024-04-25T18:33:13.741 INFO:teuthology.orchestra.run.smithi096.stdout:/usr/bin/ceph: stderr
2024-04-25T18:33:12.284+0000 7f2221e00700 1 -- 172.21.15.96:0/3961313771 learned_addr learned my addr 172.21.15.96:0/3961313771 (peer_addr_for_me v2:172.21.15.96:0/0)
2024-04-25T18:33:13.741 INFO:teuthology.orchestra.run.smithi096.stdout:/usr/bin/ceph: stderr
2024-04-25T18:33:12.284+0000 7f2221e00700 1 -- 172.21.15.96:0/3961313771 --> [v2:172.21.15.96:3300/0,v1:172.21.15.96:6789/0] -- mon_subscribe({config=0+,monmap=0+}) -- 0x7f222410b9a0 con 0x7f222410a7f0
2024-04-25T18:33:13.741 INFO:teuthology.orchestra.run.smithi096.stdout:/usr/bin/ceph: stderr
2024-04-25T18:33:12.285+0000 7f2221e00700 1 --2- 172.21.15.96:0/3961313771 >> [v2:172.21.15.96:3300/0,v1:172.21.15.96:6789/0] conn(0x7f222410a7f0 0x7f222410ac10 secure :-1 s=READY pgs=41 cs=0 l=1 rev1=1 crypto rx=0x7f22140098a0 tx=0x7f2214009bb0 comp rx=0 tx=0).ready entity=mon.0 client_cookie=3587d5e67bb98256 server_cookie=0 in_seq=0 out_seq=0
2024-04-25T18:33:13.742 INFO:teuthology.orchestra.run.smithi096.stdout:/usr/bin/ceph: stderr
2024-04-25T18:33:12.285+0000 7f2221400700 1 -- 172.21.15.96:0/3961313771 <== mon.0 v2:172.21.15.96:3300/0 1 ==== mon_map magic: 0 ==== 205+0+0 (secure 0 0 0) 0x7f2214004160 con 0x7f222410a7f0
2024-04-25T18:33:13.742 INFO:teuthology.orchestra.run.smithi096.stdout:/usr/bin/ceph: stderr
2024-04-25T18:33:12.285+0000 7f2221400700 1 -- 172.21.15.96:0/3961313771 <== mon.0 v2:172.21.15.96:3300/0 2 ==== config(27 keys) ==== 1104+0+0 (secure 0 0 0) 0x7f2214004300 con 0x7f222410a7f0
2024-04-25T18:33:13.742 INFO:teuthology.orchestra.run.smithi096.stdout:/usr/bin/ceph: stderr
2024-04-25T18:33:12.285+0000 7f2221400700 1 -- 172.21.15.96:0/3961313771 <== mon.0 v2:172.21.15.96:3300/0 3 ==== mon_map magic: 0 ==== 205+0+0 (secure 0 0 0) 0x7f2214011b20 con 0x7f222410a7f0
2024-04-25T18:33:13.742 INFO:teuthology.orchestra.run.smithi096.stdout:/usr/bin/ceph: stderr
2024-04-25T18:33:12.285+0000 7f2229000700 1 -- 172.21.15.96:0/3961313771 >> [v2:172.21.15.96:3300/0,v1:172.21.15.96:6789/0] conn(0x7f222410a7f0 msgr2=0x7f222410ac10 secure :-1 s=STATE_CONNECTION_ESTABLISHED l=1).mark_down
2024-04-25T18:33:13.742 INFO:teuthology.orchestra.run.smithi096.stdout:/usr/bin/ceph: stderr
2024-04-25T18:33:12.285+0000 7f2229000700 1 --2- 172.21.15.96:0/3961313771 >> [v2:172.21.15.96:3300/0,v1:172.21.15.96:6789/0] conn(0x7f222410a7f0 0x7f222410ac10 secure :-1 s=READY pgs=41 cs=0 l=1 rev1=1 crypto rx=0x7f22140098a0 tx=0x7f2214009bb0 comp rx=0 tx=0).stop
2024-04-25T18:33:13.742 INFO:teuthology.orchestra.run.smithi096.stdout:/usr/bin/ceph: stderr
2024-04-25T18:33:12.286+0000 7f2229000700 1 -- 172.21.15.96:0/3961313771 shutdown_connections
2024-04-25T18:33:13.742 INFO:teuthology.orchestra.run.smithi096.stdout:/usr/bin/ceph: stderr
2024-04-25T18:33:12.286+0000 7f2229000700 1 --2- 172.21.15.96:0/3961313771 >> [v2:172.21.15.96:3300/0,v1:172.21.15.96:6789/0] conn(0x7f222410a7f0 0x7f222410ac10 unknown :-1 s=CLOSED pgs=41 cs=0 l=1 rev1=1 crypto rx=0 tx=0 comp rx=0 tx=0).stop
2024-04-25T18:33:13.742 INFO:teuthology.orchestra.run.smithi096.stdout:/usr/bin/ceph: stderr
2024-04-25T18:33:12.286+0000 7f2229000700 1 -- 172.21.15.96:0/3961313771 >> 172.21.15.96:0/3961313771 conn(0x7f222407de00 msgr2=0x7f22241084c0 unknown :-1 s=STATE_NONE l=0).mark_down
2024-04-25T18:33:13.742 INFO:teuthology.orchestra.run.smithi096.stdout:/usr/bin/ceph: stderr
2024-04-25T18:33:12.286+0000 7f2229000700 1 -- 172.21.15.96:0/3961313771 shutdown_connections
2024-04-25T18:33:13.742 INFO:teuthology.orchestra.run.smithi096.stdout:/usr/bin/ceph: stderr
2024-04-25T18:33:12.286+0000 7f2229000700 1 -- 172.21.15.96:0/3961313771 wait complete.
2024-04-25T18:33:13.742 INFO:teuthology.orchestra.run.smithi096.stdout:/usr/bin/ceph: stderr
2024-04-25T18:33:12.287+0000 7f2229000700 1 Processor -- start
2024-04-25T18:33:13.742 INFO:teuthology.orchestra.run.smithi096.stdout:/usr/bin/ceph: stderr
2024-04-25T18:33:12.287+0000 7f2229000700 1 -- start start
2024-04-25T18:33:13.742 INFO:teuthology.orchestra.run.smithi096.stdout:/usr/bin/ceph: stderr
2024-04-25T18:33:12.287+0000 7f2229000700 1 --2- >> [v2:172.21.15.96:3300/0,v1:172.21.15.96:6789/0] conn(0x7f222410a7f0 0x7f222419e5b0 unknown :-1 s=NONE pgs=0 cs=0 l=1 rev1=0 crypto rx=0 tx=0 comp rx=0 tx=0).connect
2024-04-25T18:33:13.743 INFO:teuthology.orchestra.run.smithi096.stdout:/usr/bin/ceph: stderr
2024-04-25T18:33:12.287+0000 7f2229000700 1 -- --> [v2:172.21.15.96:3300/0,v1:172.21.15.96:6789/0] -- mon_getmap magic: 0 -- 0x7f222410ed50 con 0x7f222410a7f0
2024-04-25T18:33:13.743 INFO:teuthology.orchestra.run.smithi096.stdout:/usr/bin/ceph: stderr
2024-04-25T18:33:12.288+0000 7f2221e00700 1 --2- >> [v2:172.21.15.96:3300/0,v1:172.21.15.96:6789/0] conn(0x7f222410a7f0 0x7f222419e5b0 unknown :-1 s=BANNER_CONNECTING pgs=0 cs=0 l=1 rev1=0 crypto rx=0 tx=0 comp rx=0 tx=0)._handle_peer_banner_payload supported=3 required=0
2024-04-25T18:33:13.743 INFO:teuthology.orchestra.run.smithi096.stdout:/usr/bin/ceph: stderr
2024-04-25T18:33:12.288+0000 7f2221e00700 1 --2- >> [v2:172.21.15.96:3300/0,v1:172.21.15.96:6789/0] conn(0x7f222410a7f0 0x7f222419e5b0 unknown :-1 s=HELLO_CONNECTING pgs=0 cs=0 l=1 rev1=1 crypto rx=0 tx=0 comp rx=0 tx=0).handle_hello peer v2:172.21.15.96:3300/0 says I am v2:172.21.15.96:48100/0 (socket says 172.21.15.96:48100)
2024-04-25T18:33:13.743 INFO:teuthology.orchestra.run.smithi096.stdout:/usr/bin/ceph: stderr
2024-04-25T18:33:12.288+0000 7f2221e00700 1 -- 172.21.15.96:0/2806640396 learned_addr learned my addr 172.21.15.96:0/2806640396 (peer_addr_for_me v2:172.21.15.96:0/0)
2024-04-25T18:33:13.743 INFO:teuthology.orchestra.run.smithi096.stdout:/usr/bin/ceph: stderr
2024-04-25T18:33:12.288+0000 7f2221e00700 1 -- 172.21.15.96:0/2806640396 --> [v2:172.21.15.96:3300/0,v1:172.21.15.96:6789/0] -- mon_subscribe({config=0+,monmap=0+}) -- 0x7f222419eaf0 con 0x7f222410a7f0
2024-04-25T18:33:13.743 INFO:teuthology.orchestra.run.smithi096.stdout:/usr/bin/ceph: stderr
2024-04-25T18:33:12.288+0000 7f2221e00700 1 --2- 172.21.15.96:0/2806640396 >> [v2:172.21.15.96:3300/0,v1:172.21.15.96:6789/0] conn(0x7f222410a7f0 0x7f222419e5b0 secure :-1 s=READY pgs=42 cs=0 l=1 rev1=1 crypto rx=0x7f22140117e0 tx=0x7f2214011ce0 comp rx=0 tx=0).ready entity=mon.0 client_cookie=0 server_cookie=0 in_seq=0 out_seq=0
2024-04-25T18:33:13.743 INFO:teuthology.orchestra.run.smithi096.stdout:/usr/bin/ceph: stderr
2024-04-25T18:33:12.288+0000 7f221b400700 1 -- 172.21.15.96:0/2806640396 <== mon.0 v2:172.21.15.96:3300/0 1 ==== mon_map magic: 0 ==== 205+0+0 (secure 0 0 0) 0x7f2214003b30 con 0x7f222410a7f0
2024-04-25T18:33:13.743 INFO:teuthology.orchestra.run.smithi096.stdout:/usr/bin/ceph: stderr
2024-04-25T18:33:12.288+0000 7f221b400700 1 -- 172.21.15.96:0/2806640396 <== mon.0 v2:172.21.15.96:3300/0 2 ==== config(27 keys) ==== 1104+0+0 (secure 0 0 0) 0x7f2214003cd0 con 0x7f222410a7f0
2024-04-25T18:33:13.743 INFO:teuthology.orchestra.run.smithi096.stdout:/usr/bin/ceph: stderr
2024-04-25T18:33:12.289+0000 7f2229000700 1 -- 172.21.15.96:0/2806640396 --> [v2:172.21.15.96:3300/0,v1:172.21.15.96:6789/0] -- mon_subscribe({mgrmap=0+}) -- 0x7f222419ed80 con 0x7f222410a7f0
2024-04-25T18:33:13.743 INFO:teuthology.orchestra.run.smithi096.stdout:/usr/bin/ceph: stderr
2024-04-25T18:33:12.289+0000 7f221b400700 1 -- 172.21.15.96:0/2806640396 <== mon.0 v2:172.21.15.96:3300/0 3 ==== mon_map magic: 0 ==== 205+0+0 (secure 0 0 0) 0x7f221401a830 con 0x7f222410a7f0
2024-04-25T18:33:13.743 INFO:teuthology.orchestra.run.smithi096.stdout:/usr/bin/ceph: stderr
2024-04-25T18:33:12.289+0000 7f2229000700 1 -- 172.21.15.96:0/2806640396 --> [v2:172.21.15.96:3300/0,v1:172.21.15.96:6789/0] -- mon_subscribe({osdmap=0}) -- 0x7f222419f1e0 con 0x7f222410a7f0
2024-04-25T18:33:13.743 INFO:teuthology.orchestra.run.smithi096.stdout:/usr/bin/ceph: stderr
2024-04-25T18:33:12.290+0000 7f221b400700 1 -- 172.21.15.96:0/2806640396 <== mon.0 v2:172.21.15.96:3300/0 4 ==== mgrmap(e 8) ==== 46558+0+0 (secure 0 0 0) 0x7f2214024ba0 con 0x7f222410a7f0
2024-04-25T18:33:13.743 INFO:teuthology.orchestra.run.smithi096.stdout:/usr/bin/ceph: stderr
2024-04-25T18:33:12.290+0000 7f2229000700 1 -- 172.21.15.96:0/2806640396 --> [v2:172.21.15.96:3300/0,v1:172.21.15.96:6789/0] -- mon_command({"prefix": "get_command_descriptions"} v 0) -- 0x7f22240640a0 con 0x7f222410a7f0
2024-04-25T18:33:13.743 INFO:teuthology.orchestra.run.smithi096.stdout:/usr/bin/ceph: stderr
2024-04-25T18:33:12.290+0000 7f221b400700 1 --2- 172.21.15.96:0/2806640396 >> [v2:172.21.15.96:6800/2361108400,v1:172.21.15.96:6801/2361108400] conn(0x7f22080396c0 0x7f220803bb80 unknown :-1 s=NONE pgs=0 cs=0 l=1 rev1=0 crypto rx=0 tx=0 comp rx=0 tx=0).connect
2024-04-25T18:33:13.744 INFO:teuthology.orchestra.run.smithi096.stdout:/usr/bin/ceph: stderr
2024-04-25T18:33:12.290+0000 7f221b400700 1 -- 172.21.15.96:0/2806640396 <== mon.0 v2:172.21.15.96:3300/0 5 ==== osd_map(2..2 src has 1..2) ==== 940+0+0 (secure 0 0 0) 0x7f221404dac0 con 0x7f222410a7f0
2024-04-25T18:33:13.744 INFO:teuthology.orchestra.run.smithi096.stdout:/usr/bin/ceph: stderr
2024-04-25T18:33:12.291+0000 7f2219400700 1 --2- 172.21.15.96:0/2806640396 >> [v2:172.21.15.96:6800/2361108400,v1:172.21.15.96:6801/2361108400] conn(0x7f22080396c0 0x7f220803bb80 unknown :-1 s=BANNER_CONNECTING pgs=0 cs=0 l=1 rev1=0 crypto rx=0 tx=0 comp rx=0 tx=0)._handle_peer_banner_payload supported=3 required=0
2024-04-25T18:33:13.744 INFO:teuthology.orchestra.run.smithi096.stdout:/usr/bin/ceph: stderr
2024-04-25T18:33:12.291+0000 7f2219400700 1 --2- 172.21.15.96:0/2806640396 >> [v2:172.21.15.96:6800/2361108400,v1:172.21.15.96:6801/2361108400] conn(0x7f22080396c0 0x7f220803bb80 secure :-1 s=READY pgs=9 cs=0 l=1 rev1=1 crypto rx=0x7f220c006fd0 tx=0x7f220c006e40 comp rx=0 tx=0).ready entity=mgr.14120 client_cookie=0 server_cookie=0 in_seq=0 out_seq=0
2024-04-25T18:33:13.744 INFO:teuthology.orchestra.run.smithi096.stdout:/usr/bin/ceph: stderr
2024-04-25T18:33:12.296+0000 7f221b400700 1 -- 172.21.15.96:0/2806640396 <== mon.0 v2:172.21.15.96:3300/0 6 ==== mon_command_ack([{"prefix": "get_command_descriptions"}]=0 v0) ==== 72+0+188370 (secure 0 0 0) 0x7f221404d410 con 0x7f222410a7f0
2024-04-25T18:33:13.744 INFO:teuthology.orchestra.run.smithi096.stdout:/usr/bin/ceph: stderr
2024-04-25T18:33:12.523+0000 7f2229000700 1 -- 172.21.15.96:0/2806640396 --> [v2:172.21.15.96:6800/2361108400,v1:172.21.15.96:6801/2361108400] -- mgr_command(tid 0: {"prefix": "cephadm generate-key", "target": ["mon-mgr", ""]}) -- 0x7f22241080d0 con 0x7f22080396c0
2024-04-25T18:33:13.744 INFO:teuthology.orchestra.run.smithi096.stdout:/usr/bin/ceph: stderr
2024-04-25T18:33:13.107+0000 7f221b400700 1 -- 172.21.15.96:0/2806640396 <== mgr.14120 v2:172.21.15.96:6800/2361108400 1 ==== mgr_command_reply(tid 0: 0 ) ==== 8+0+0 (secure 0 0 0) 0x7f22241080d0 con 0x7f22080396c0
2024-04-25T18:33:13.744 INFO:teuthology.orchestra.run.smithi096.stdout:/usr/bin/ceph: stderr
2024-04-25T18:33:13.110+0000 7f2229000700 1 -- 172.21.15.96:0/2806640396 >> [v2:172.21.15.96:6800/2361108400,v1:172.21.15.96:6801/2361108400] conn(0x7f22080396c0 msgr2=0x7f220803bb80 secure :-1 s=STATE_CONNECTION_ESTABLISHED l=1).mark_down
2024-04-25T18:33:13.744 INFO:teuthology.orchestra.run.smithi096.stdout:/usr/bin/ceph: stderr
2024-04-25T18:33:13.110+0000 7f2229000700 1 --2- 172.21.15.96:0/2806640396 >> [v2:172.21.15.96:6800/2361108400,v1:172.21.15.96:6801/2361108400] conn(0x7f22080396c0 0x7f220803bb80 secure :-1 s=READY pgs=9 cs=0 l=1 rev1=1 crypto rx=0x7f220c006fd0 tx=0x7f220c006e40 comp rx=0 tx=0).stop
2024-04-25T18:33:13.744 INFO:teuthology.orchestra.run.smithi096.stdout:/usr/bin/ceph: stderr
2024-04-25T18:33:13.110+0000 7f2229000700 1 -- 172.21.15.96:0/2806640396 >> [v2:172.21.15.96:3300/0,v1:172.21.15.96:6789/0] conn(0x7f222410a7f0 msgr2=0x7f222419e5b0 secure :-1 s=STATE_CONNECTION_ESTABLISHED l=1).mark_down
2024-04-25T18:33:13.744 INFO:teuthology.orchestra.run.smithi096.stdout:/usr/bin/ceph: stderr
2024-04-25T18:33:13.110+0000 7f2229000700 1 --2- 172.21.15.96:0/2806640396 >> [v2:172.21.15.96:3300/0,v1:172.21.15.96:6789/0] conn(0x7f222410a7f0 0x7f222419e5b0 secure :-1 s=READY pgs=42 cs=0 l=1 rev1=1 crypto rx=0x7f22140117e0 tx=0x7f2214011ce0 comp rx=0 tx=0).stop
2024-04-25T18:33:13.744 INFO:teuthology.orchestra.run.smithi096.stdout:/usr/bin/ceph: stderr
2024-04-25T18:33:13.110+0000 7f2229000700 1 -- 172.21.15.96:0/2806640396 shutdown_connections
2024-04-25T18:33:13.744 INFO:teuthology.orchestra.run.smithi096.stdout:/usr/bin/ceph: stderr
2024-04-25T18:33:13.110+0000 7f2229000700 1 --2- 172.21.15.96:0/2806640396 >> [v2:172.21.15.96:6800/2361108400,v1:172.21.15.96:6801/2361108400] conn(0x7f22080396c0 0x7f220803bb80 unknown :-1 s=CLOSED pgs=9 cs=0 l=1 rev1=1 crypto rx=0 tx=0 comp rx=0 tx=0).stop
2024-04-25T18:33:13.745 INFO:teuthology.orchestra.run.smithi096.stdout:/usr/bin/ceph: stderr
2024-04-25T18:33:13.110+0000 7f2229000700 1 --2- 172.21.15.96:0/2806640396 >> [v2:172.21.15.96:3300/0,v1:172.21.15.96:6789/0] conn(0x7f222410a7f0 0x7f222419e5b0 unknown :-1 s=CLOSED pgs=42 cs=0 l=1 rev1=1 crypto rx=0 tx=0 comp rx=0 tx=0).stop
2024-04-25T18:33:13.745 INFO:teuthology.orchestra.run.smithi096.stdout:/usr/bin/ceph: stderr
2024-04-25T18:33:13.110+0000 7f2229000700 1 -- 172.21.15.96:0/2806640396 >> 172.21.15.96:0/2806640396 conn(0x7f222407de00 msgr2=0x7f22241079c0 unknown :-1 s=STATE_NONE l=0).mark_down
2024-04-25T18:33:13.745 INFO:teuthology.orchestra.run.smithi096.stdout:/usr/bin/ceph: stderr
2024-04-25T18:33:13.110+0000 7f2229000700 1 -- 172.21.15.96:0/2806640396 shutdown_connections
2024-04-25T18:33:13.745 INFO:teuthology.orchestra.run.smithi096.stdout:/usr/bin/ceph: stderr
2024-04-25T18:33:13.110+0000 7f2229000700 1 -- 172.21.15.96:0/2806640396 wait complete.
2024-04-25T18:33:14.320 INFO:journalctl@ceph.mon.a.smithi096.stdout:Apr 25 18:33:14 smithi096 ceph-mon[27755]: from='client.14136 -' entity='client.admin' cmd=[{"prefix": "cephadm generate-key", "target": ["mon-mgr", ""]}]: dispatch
2024-04-25T18:33:14.320 INFO:journalctl@ceph.mon.a.smithi096.stdout:Apr 25 18:33:14 smithi096 ceph-mon[27755]: Generating ssh key...
2024-04-25T18:33:14.320 INFO:journalctl@ceph.mon.a.smithi096.stdout:Apr 25 18:33:14 smithi096 ceph-mon[27755]: from='mgr.14120 172.21.15.96:0/2562669962' entity='mgr.x'
2024-04-25T18:33:14.320 INFO:journalctl@ceph.mon.a.smithi096.stdout:Apr 25 18:33:14 smithi096 ceph-mon[27755]: from='mgr.14120 172.21.15.96:0/2562669962' entity='mgr.x'
2024-04-25T18:33:15.262 INFO:teuthology.orchestra.run.smithi096.stdout:/usr/bin/ceph: stdout ssh-rsa AAAAB3NzaC1yc2EAAAADAQABAAABgQC51UuyyawbtFRqAhNyS7Xg8HFYugOGaPPJx2fSBQhoTQRp1ipnLzUde4UOTMSNXZ/Z7NDxDn1Tj9bqQGa9dxCBnbYpSQ2BB3/zlI0Nq3C4EGONZljSpwNEhClnW5vDyTF3o8KTnUm6S+EF6M5GafKhBUFHvrIKwElDmszBw5eG92guYHsTaQcKswsf4GLhYJPdnmC9KiJ5W197wLQWcGTz9Q7QKKQGtkuCqtoUWOWYPvzntMvIbFB0bdH2WDmKQNuORpcqeLBkjtioVsPKxSJe18WNLRcmgNn/wOsWUKq6IkhiJSE2EfdBK62sKvPTGPyPzjMPC2p/B1TZIZeRu3y94hdtfzGGURo95DDvMHkEcPXCUxg2u0Kk2sasuymnhRAyNrbj2b7/xDF/g1VnHI+6KSVlHpmJZAEznupuBRzQfqUyUiSc6w/HVpuy3BGzgHkJ+t0SXK1onXLi3XUjK2/jwGfjMoRi8wBreja70xuQJWNWv2DWnIrfbf+jlyeqmx0= ceph-f6ccb142-0331-11ef-bc93-c7b262605968
2024-04-25T18:33:15.262 INFO:teuthology.orchestra.run.smithi096.stdout:/usr/bin/ceph: stderr
