2024-04-25T18:32:59.287+0000 7fe1c2600700 1 --2- >> [v2:172.21.15.96:3300/0,v1:172.21.15.96:6789/0] conn(0x7fe1bc07de80 0x7fe1bc07c330 unknown :-1 s=NONE pgs=0 cs=0 l=0 rev1=0 crypto rx=0 tx=0 comp rx=0 tx=0).connect
2024-04-25T18:33:00.207 INFO:teuthology.orchestra.run.smithi096.stdout:/usr/bin/ceph: stderr
2024-04-25T18:32:59.287+0000 7fe1c2600700 1 -- --> [v2:172.21.15.96:3300/0,v1:172.21.15.96:6789/0] -- mon_getmap magic: 0 -- 0x7fe1bc07c900 con 0x7fe1bc07de80
2024-04-25T18:33:00.207 INFO:teuthology.orchestra.run.smithi096.stdout:/usr/bin/ceph: stderr
2024-04-25T18:32:59.288+0000 7fe1c1200700 1 --2- >> [v2:172.21.15.96:3300/0,v1:172.21.15.96:6789/0] conn(0x7fe1bc07de80 0x7fe1bc07c330 unknown :-1 s=BANNER_CONNECTING pgs=0 cs=0 l=0 rev1=0 crypto rx=0 tx=0 comp rx=0 tx=0)._handle_peer_banner_payload supported=3 required=0
2024-04-25T18:33:00.207 INFO:teuthology.orchestra.run.smithi096.stdout:/usr/bin/ceph: stderr
2024-04-25T18:32:59.288+0000 7fe1c1200700 1 --2- >> [v2:172.21.15.96:3300/0,v1:172.21.15.96:6789/0] conn(0x7fe1bc07de80 0x7fe1bc07c330 unknown :-1 s=HELLO_CONNECTING pgs=0 cs=0 l=0 rev1=1 crypto rx=0 tx=0 comp rx=0 tx=0).handle_hello peer v2:172.21.15.96:3300/0 says I am v2:172.21.15.96:42128/0 (socket says 172.21.15.96:42128)
2024-04-25T18:33:00.207 INFO:teuthology.orchestra.run.smithi096.stdout:/usr/bin/ceph: stderr
2024-04-25T18:32:59.288+0000 7fe1c1200700 1 -- 172.21.15.96:0/51661552 learned_addr learned my addr 172.21.15.96:0/51661552 (peer_addr_for_me v2:172.21.15.96:0/0)
2024-04-25T18:33:00.207 INFO:teuthology.orchestra.run.smithi096.stdout:/usr/bin/ceph: stderr
2024-04-25T18:32:59.289+0000 7fe1c1200700 1 -- 172.21.15.96:0/51661552 --> [v2:172.21.15.96:3300/0,v1:172.21.15.96:6789/0] -- mon_subscribe({config=0+,monmap=0+}) -- 0x7fe1bc07ca80 con 0x7fe1bc07de80
2024-04-25T18:33:00.208 INFO:teuthology.orchestra.run.smithi096.stdout:/usr/bin/ceph: stderr
2024-04-25T18:32:59.289+0000 7fe1c1200700 1 --2- 172.21.15.96:0/51661552 >> [v2:172.21.15.96:3300/0,v1:172.21.15.96:6789/0] conn(0x7fe1bc07de80 0x7fe1bc07c330 secure :-1 s=READY pgs=26 cs=0 l=1 rev1=1 crypto rx=0x7fe1b00098a0 tx=0x7fe1b0009bb0 comp rx=0 tx=0).ready entity=mon.0 client_cookie=c59fa49dd165893a server_cookie=0 in_seq=0 out_seq=0
2024-04-25T18:33:00.208 INFO:teuthology.orchestra.run.smithi096.stdout:/usr/bin/ceph: stderr
2024-04-25T18:32:59.289+0000 7fe1bb400700 1 -- 172.21.15.96:0/51661552 <== mon.0 v2:172.21.15.96:3300/0 1 ==== mon_map magic: 0 ==== 205+0+0 (secure 0 0 0) 0x7fe1b0004160 con 0x7fe1bc07de80
2024-04-25T18:33:00.208 INFO:teuthology.orchestra.run.smithi096.stdout:/usr/bin/ceph: stderr
2024-04-25T18:32:59.289+0000 7fe1bb400700 1 -- 172.21.15.96:0/51661552 <== mon.0 v2:172.21.15.96:3300/0 2 ==== config(27 keys) ==== 1104+0+0 (secure 0 0 0) 0x7fe1b0004300 con 0x7fe1bc07de80
2024-04-25T18:33:00.208 INFO:teuthology.orchestra.run.smithi096.stdout:/usr/bin/ceph: stderr
2024-04-25T18:32:59.289+0000 7fe1bb400700 1 -- 172.21.15.96:0/51661552 <== mon.0 v2:172.21.15.96:3300/0 3 ==== mon_map magic: 0 ==== 205+0+0 (secure 0 0 0) 0x7fe1b0011b20 con 0x7fe1bc07de80
2024-04-25T18:33:00.208 INFO:teuthology.orchestra.run.smithi096.stdout:/usr/bin/ceph: stderr
2024-04-25T18:32:59.290+0000 7fe1c2600700 1 -- 172.21.15.96:0/51661552 >> [v2:172.21.15.96:3300/0,v1:172.21.15.96:6789/0] conn(0x7fe1bc07de80 msgr2=0x7fe1bc07c330 secure :-1 s=STATE_CONNECTION_ESTABLISHED l=1).mark_down
2024-04-25T18:33:00.208 INFO:teuthology.orchestra.run.smithi096.stdout:/usr/bin/ceph: stderr
2024-04-25T18:32:59.290+0000 7fe1c2600700 1 --2- 172.21.15.96:0/51661552 >> [v2:172.21.15.96:3300/0,v1:172.21.15.96:6789/0] conn(0x7fe1bc07de80 0x7fe1bc07c330 secure :-1 s=READY pgs=26 cs=0 l=1 rev1=1 crypto rx=0x7fe1b00098a0 tx=0x7fe1b0009bb0 comp rx=0 tx=0).stop
2024-04-25T18:33:00.208 INFO:teuthology.orchestra.run.smithi096.stdout:/usr/bin/ceph: stderr
2024-04-25T18:32:59.290+0000 7fe1c2600700 1 -- 172.21.15.96:0/51661552 shutdown_connections
2024-04-25T18:33:00.208 INFO:teuthology.orchestra.run.smithi096.stdout:/usr/bin/ceph: stderr
2024-04-25T18:32:59.290+0000 7fe1c2600700 1 --2- 172.21.15.96:0/51661552 >> [v2:172.21.15.96:3300/0,v1:172.21.15.96:6789/0] conn(0x7fe1bc07de80 0x7fe1bc07c330 unknown :-1 s=CLOSED pgs=26 cs=0 l=1 rev1=1 crypto rx=0 tx=0 comp rx=0 tx=0).stop
2024-04-25T18:33:00.208 INFO:teuthology.orchestra.run.smithi096.stdout:/usr/bin/ceph: stderr
2024-04-25T18:32:59.290+0000 7fe1c2600700 1 -- 172.21.15.96:0/51661552 >> 172.21.15.96:0/51661552 conn(0x7fe1bc103a90 msgr2=0x7fe1bc105eb0 unknown :-1 s=STATE_NONE l=0).mark_down
2024-04-25T18:33:00.208 INFO:teuthology.orchestra.run.smithi096.stdout:/usr/bin/ceph: stderr
2024-04-25T18:32:59.290+0000 7fe1c2600700 1 -- 172.21.15.96:0/51661552 shutdown_connections
2024-04-25T18:33:00.208 INFO:teuthology.orchestra.run.smithi096.stdout:/usr/bin/ceph: stderr
2024-04-25T18:32:59.290+0000 7fe1c2600700 1 -- 172.21.15.96:0/51661552 wait complete.
2024-04-25T18:33:00.208 INFO:teuthology.orchestra.run.smithi096.stdout:/usr/bin/ceph: stderr
2024-04-25T18:32:59.291+0000 7fe1c2600700 1 Processor -- start
2024-04-25T18:33:00.208 INFO:teuthology.orchestra.run.smithi096.stdout:/usr/bin/ceph: stderr
2024-04-25T18:32:59.292+0000 7fe1c2600700 1 -- start start
2024-04-25T18:33:00.208 INFO:teuthology.orchestra.run.smithi096.stdout:/usr/bin/ceph: stderr
2024-04-25T18:32:59.292+0000 7fe1c2600700 1 --2- >> [v2:172.21.15.96:3300/0,v1:172.21.15.96:6789/0] conn(0x7fe1bc07de80 0x7fe1bc1a2850 unknown :-1 s=NONE pgs=0 cs=0 l=1 rev1=0 crypto rx=0 tx=0 comp rx=0 tx=0).connect
2024-04-25T18:33:00.209 INFO:teuthology.orchestra.run.smithi096.stdout:/usr/bin/ceph: stderr
2024-04-25T18:32:59.292+0000 7fe1c2600700 1 -- --> [v2:172.21.15.96:3300/0,v1:172.21.15.96:6789/0] -- mon_getmap magic: 0 -- 0x7fe1bc10a5f0 con 0x7fe1bc07de80
2024-04-25T18:33:00.209 INFO:teuthology.orchestra.run.smithi096.stdout:/usr/bin/ceph: stderr
2024-04-25T18:32:59.292+0000 7fe1c1200700 1 --2- >> [v2:172.21.15.96:3300/0,v1:172.21.15.96:6789/0] conn(0x7fe1bc07de80 0x7fe1bc1a2850 unknown :-1 s=BANNER_CONNECTING pgs=0 cs=0 l=1 rev1=0 crypto rx=0 tx=0 comp rx=0 tx=0)._handle_peer_banner_payload supported=3 required=0
2024-04-25T18:33:00.209 INFO:teuthology.orchestra.run.smithi096.stdout:/usr/bin/ceph: stderr
2024-04-25T18:32:59.292+0000 7fe1c1200700 1 --2- >> [v2:172.21.15.96:3300/0,v1:172.21.15.96:6789/0] conn(0x7fe1bc07de80 0x7fe1bc1a2850 unknown :-1 s=HELLO_CONNECTING pgs=0 cs=0 l=1 rev1=1 crypto rx=0 tx=0 comp rx=0 tx=0).handle_hello peer v2:172.21.15.96:3300/0 says I am v2:172.21.15.96:42140/0 (socket says 172.21.15.96:42140)
2024-04-25T18:33:00.209 INFO:teuthology.orchestra.run.smithi096.stdout:/usr/bin/ceph: stderr
2024-04-25T18:32:59.292+0000 7fe1c1200700 1 -- 172.21.15.96:0/140834025 learned_addr learned my addr 172.21.15.96:0/140834025 (peer_addr_for_me v2:172.21.15.96:0/0)
2024-04-25T18:33:00.209 INFO:teuthology.orchestra.run.smithi096.stdout:/usr/bin/ceph: stderr
2024-04-25T18:32:59.293+0000 7fe1c1200700 1 -- 172.21.15.96:0/140834025 --> [v2:172.21.15.96:3300/0,v1:172.21.15.96:6789/0] -- mon_subscribe({config=0+,monmap=0+}) -- 0x7fe1bc1a2d90 con 0x7fe1bc07de80
2024-04-25T18:33:00.209 INFO:teuthology.orchestra.run.smithi096.stdout:/usr/bin/ceph: stderr
2024-04-25T18:32:59.293+0000 7fe1c1200700 1 --2- 172.21.15.96:0/140834025 >> [v2:172.21.15.96:3300/0,v1:172.21.15.96:6789/0] conn(0x7fe1bc07de80 0x7fe1bc1a2850 secure :-1 s=READY pgs=27 cs=0 l=1 rev1=1 crypto rx=0x7fe1b0006af0 tx=0x7fe1b0011ce0 comp rx=0 tx=0).ready entity=mon.0 client_cookie=0 server_cookie=0 in_seq=0 out_seq=0
2024-04-25T18:33:00.209 INFO:teuthology.orchestra.run.smithi096.stdout:/usr/bin/ceph: stderr
2024-04-25T18:32:59.293+0000 7fe1b9600700 1 -- 172.21.15.96:0/140834025 <== mon.0 v2:172.21.15.96:3300/0 1 ==== mon_map magic: 0 ==== 205+0+0 (secure 0 0 0) 0x7fe1b0003b90 con 0x7fe1bc07de80
2024-04-25T18:33:00.209 INFO:teuthology.orchestra.run.smithi096.stdout:/usr/bin/ceph: stderr
2024-04-25T18:32:59.293+0000 7fe1b9600700 1 -- 172.21.15.96:0/140834025 <== mon.0 v2:172.21.15.96:3300/0 2 ==== config(27 keys) ==== 1104+0+0 (secure 0 0 0) 0x7fe1b0003d30 con 0x7fe1bc07de80
2024-04-25T18:33:00.209 INFO:teuthology.orchestra.run.smithi096.stdout:/usr/bin/ceph: stderr
2024-04-25T18:32:59.293+0000 7fe1b9600700 1 -- 172.21.15.96:0/140834025 <== mon.0 v2:172.21.15.96:3300/0 3 ==== mon_map magic: 0 ==== 205+0+0 (secure 0 0 0) 0x7fe1b00197c0 con 0x7fe1bc07de80
2024-04-25T18:33:00.209 INFO:teuthology.orchestra.run.smithi096.stdout:/usr/bin/ceph: stderr
2024-04-25T18:32:59.293+0000 7fe1c2600700 1 -- 172.21.15.96:0/140834025 --> [v2:172.21.15.96:3300/0,v1:172.21.15.96:6789/0] -- mon_subscribe({mgrmap=0+}) -- 0x7fe1bc1a3020 con 0x7fe1bc07de80
2024-04-25T18:33:00.209 INFO:teuthology.orchestra.run.smithi096.stdout:/usr/bin/ceph: stderr
2024-04-25T18:32:59.293+0000 7fe1c2600700 1 -- 172.21.15.96:0/140834025 --> [v2:172.21.15.96:3300/0,v1:172.21.15.96:6789/0] -- mon_subscribe({osdmap=0}) -- 0x7fe1bc1a3480 con 0x7fe1bc07de80
2024-04-25T18:33:00.209 INFO:teuthology.orchestra.run.smithi096.stdout:/usr/bin/ceph: stderr
2024-04-25T18:32:59.294+0000 7fe1b9600700 1 -- 172.21.15.96:0/140834025 <== mon.0 v2:172.21.15.96:3300/0 4 ==== mgrmap(e 5) ==== 46558+0+0 (secure 0 0 0) 0x7fe1b0022020 con 0x7fe1bc07de80
2024-04-25T18:33:00.209 INFO:teuthology.orchestra.run.smithi096.stdout:/usr/bin/ceph: stderr
2024-04-25T18:32:59.295+0000 7fe1c2600700 1 -- 172.21.15.96:0/140834025 --> [v2:172.21.15.96:3300/0,v1:172.21.15.96:6789/0] -- mon_command({"prefix": "get_command_descriptions"} v 0) -- 0x7fe1bc0640a0 con 0x7fe1bc07de80
2024-04-25T18:33:00.209 INFO:teuthology.orchestra.run.smithi096.stdout:/usr/bin/ceph: stderr
2024-04-25T18:32:59.295+0000 7fe1b9600700 1 --2- 172.21.15.96:0/140834025 >> [v2:172.21.15.96:6800/2242682943,v1:172.21.15.96:6801/2242682943] conn(0x7fe1a40396c0 0x7fe1a403bb80 unknown :-1 s=NONE pgs=0 cs=0 l=1 rev1=0 crypto rx=0 tx=0 comp rx=0 tx=0).connect
2024-04-25T18:33:00.210 INFO:teuthology.orchestra.run.smithi096.stdout:/usr/bin/ceph: stderr
2024-04-25T18:32:59.295+0000 7fe1b9600700 1 -- 172.21.15.96:0/140834025 <== mon.0 v2:172.21.15.96:3300/0 5 ==== osd_map(1..1 src has 1..1) ==== 725+0+0 (secure 0 0 0) 0x7fe1b004d630 con 0x7fe1bc07de80
2024-04-25T18:33:00.210 INFO:teuthology.orchestra.run.smithi096.stdout:/usr/bin/ceph: stderr
2024-04-25T18:32:59.295+0000 7fe1bbe00700 1 -- 172.21.15.96:0/140834025 >> [v2:172.21.15.96:6800/2242682943,v1:172.21.15.96:6801/2242682943] conn(0x7fe1a40396c0 msgr2=0x7fe1a403bb80 unknown :-1 s=STATE_CONNECTING_RE l=1).process reconnect failed to v2:172.21.15.96:6800/2242682943
2024-04-25T18:33:00.210 INFO:teuthology.orchestra.run.smithi096.stdout:/usr/bin/ceph: stderr
2024-04-25T18:32:59.295+0000 7fe1bbe00700 1 --2- 172.21.15.96:0/140834025 >> [v2:172.21.15.96:6800/2242682943,v1:172.21.15.96:6801/2242682943] conn(0x7fe1a40396c0 0x7fe1a403bb80 unknown :-1 s=START_CONNECT pgs=0 cs=0 l=1 rev1=0 crypto rx=0 tx=0 comp rx=0 tx=0)._fault waiting 0.200000
2024-04-25T18:33:00.210 INFO:teuthology.orchestra.run.smithi096.stdout:/usr/bin/ceph: stderr
2024-04-25T18:32:59.303+0000 7fe1b9600700 1 -- 172.21.15.96:0/140834025 <== mon.0 v2:172.21.15.96:3300/0 6 ==== mon_command_ack([{"prefix": "get_command_descriptions"}]=0 v0) ==== 72+0+188370 (secure 0 0 0) 0x7fe1b000be40 con 0x7fe1bc07de80
2024-04-25T18:33:00.210 INFO:teuthology.orchestra.run.smithi096.stdout:/usr/bin/ceph: stderr
2024-04-25T18:32:59.496+0000 7fe1bbe00700 1 -- 172.21.15.96:0/140834025 >> [v2:172.21.15.96:6800/2242682943,v1:172.21.15.96:6801/2242682943] conn(0x7fe1a40396c0 msgr2=0x7fe1a403bb80 unknown :-1 s=STATE_CONNECTING_RE l=1).process reconnect failed to v2:172.21.15.96:6800/2242682943
2024-04-25T18:33:00.210 INFO:teuthology.orchestra.run.smithi096.stdout:/usr/bin/ceph: stderr
2024-04-25T18:32:59.496+0000 7fe1bbe00700 1 --2- 172.21.15.96:0/140834025 >> [v2:172.21.15.96:6800/2242682943,v1:172.21.15.96:6801/2242682943] conn(0x7fe1a40396c0 0x7fe1a403bb80 unknown :-1 s=START_CONNECT pgs=0 cs=0 l=1 rev1=0 crypto rx=0 tx=0 comp rx=0 tx=0)._fault waiting 0.400000
2024-04-25T18:33:00.210 INFO:teuthology.orchestra.run.smithi096.stdout:/usr/bin/ceph: stderr
2024-04-25T18:32:59.573+0000 7fe1c2600700 1 -- 172.21.15.96:0/140834025 --> [v2:172.21.15.96:3300/0,v1:172.21.15.96:6789/0] -- mon_command({"prefix": "mgr stat"} v 0) -- 0x7fe1bc063650 con 0x7fe1bc07de80
2024-04-25T18:33:00.210 INFO:teuthology.orchestra.run.smithi096.stdout:/usr/bin/ceph: stderr
2024-04-25T18:32:59.573+0000 7fe1b9600700 1 -- 172.21.15.96:0/140834025 <== mon.0 v2:172.21.15.96:3300/0 7 ==== mon_command_ack([{"prefix": "mgr stat"}]=0 v5) ==== 56+0+88 (secure 0 0 0) 0x7fe1b004d390 con 0x7fe1bc07de80
2024-04-25T18:33:00.210 INFO:teuthology.orchestra.run.smithi096.stdout:/usr/bin/ceph: stderr
2024-04-25T18:32:59.577+0000 7fe1c2600700 1 -- 172.21.15.96:0/140834025 >> [v2:172.21.15.96:6800/2242682943,v1:172.21.15.96:6801/2242682943] conn(0x7fe1a40396c0 msgr2=0x7fe1a403bb80 unknown :-1 s=STATE_CONNECTING l=1).mark_down
2024-04-25T18:33:00.210 INFO:teuthology.orchestra.run.smithi096.stdout:/usr/bin/ceph: stderr
2024-04-25T18:32:59.577+0000 7fe1c2600700 1 --2- 172.21.15.96:0/140834025 >> [v2:172.21.15.96:6800/2242682943,v1:172.21.15.96:6801/2242682943] conn(0x7fe1a40396c0 0x7fe1a403bb80 unknown :-1 s=START_CONNECT pgs=0 cs=0 l=1 rev1=0 crypto rx=0 tx=0 comp rx=0 tx=0).stop
2024-04-25T18:33:00.210 INFO:teuthology.orchestra.run.smithi096.stdout:/usr/bin/ceph: stderr
2024-04-25T18:32:59.577+0000 7fe1c2600700 1 -- 172.21.15.96:0/140834025 >> [v2:172.21.15.96:3300/0,v1:172.21.15.96:6789/0] conn(0x7fe1bc07de80 msgr2=0x7fe1bc1a2850 secure :-1 s=STATE_CONNECTION_ESTABLISHED l=1).mark_down
2024-04-25T18:33:00.210 INFO:teuthology.orchestra.run.smithi096.stdout:/usr/bin/ceph: stderr
2024-04-25T18:32:59.577+0000 7fe1c2600700 1 --2- 172.21.15.96:0/140834025 >> [v2:172.21.15.96:3300/0,v1:172.21.15.96:6789/0] conn(0x7fe1bc07de80 0x7fe1bc1a2850 secure :-1 s=READY pgs=27 cs=0 l=1 rev1=1 crypto rx=0x7fe1b0006af0 tx=0x7fe1b0011ce0 comp rx=0 tx=0).stop
2024-04-25T18:33:00.210 INFO:teuthology.orchestra.run.smithi096.stdout:/usr/bin/ceph: stderr
2024-04-25T18:32:59.578+0000 7fe1c2600700 1 -- 172.21.15.96:0/140834025 shutdown_connections
2024-04-25T18:33:00.210 INFO:teuthology.orchestra.run.smithi096.stdout:/usr/bin/ceph: stderr
2024-04-25T18:32:59.578+0000 7fe1c2600700 1 --2- 172.21.15.96:0/140834025 >> [v2:172.21.15.96:6800/2242682943,v1:172.21.15.96:6801/2242682943] conn(0x7fe1a40396c0 0x7fe1a403bb80 unknown :-1 s=CLOSED pgs=0 cs=0 l=1 rev1=0 crypto rx=0 tx=0 comp rx=0 tx=0).stop
2024-04-25T18:33:00.210 INFO:teuthology.orchestra.run.smithi096.stdout:/usr/bin/ceph: stderr
2024-04-25T18:32:59.578+0000 7fe1c2600700 1 --2- 172.21.15.96:0/140834025 >> [v2:172.21.15.96:3300/0,v1:172.21.15.96:6789/0] conn(0x7fe1bc07de80 0x7fe1bc1a2850 unknown :-1 s=CLOSED pgs=27 cs=0 l=1 rev1=1 crypto rx=0 tx=0 comp rx=0 tx=0).stop
2024-04-25T18:33:00.211 INFO:teuthology.orchestra.run.smithi096.stdout:/usr/bin/ceph: stderr
2024-04-25T18:32:59.578+0000 7fe1c2600700 1 -- 172.21.15.96:0/140834025 >> 172.21.15.96:0/140834025 conn(0x7fe1bc103a90 msgr2=0x7fe1bc105e80 unknown :-1 s=STATE_NONE l=0).mark_down
2024-04-25T18:33:00.211 INFO:teuthology.orchestra.run.smithi096.stdout:/usr/bin/ceph: stderr
2024-04-25T18:32:59.578+0000 7fe1c2600700 1 -- 172.21.15.96:0/140834025 shutdown_connections
2024-04-25T18:33:00.211 INFO:teuthology.orchestra.run.smithi096.stdout:/usr/bin/ceph: stderr
2024-04-25T18:32:59.578+0000 7fe1c2600700 1 -- 172.21.15.96:0/140834025 wait complete.
2024-04-25T18:33:00.211 INFO:teuthology.orchestra.run.smithi096.stdout:Waiting for the mgr to restart...
2024-04-25T18:33:00.211 INFO:teuthology.orchestra.run.smithi096.stdout:Waiting for mgr epoch 5...
2024-04-25T18:33:00.992 INFO:journalctl@ceph.mgr.x.smithi096.stdout:Apr 25 18:33:00 smithi096 ceph-f6ccb142-0331-11ef-bc93-c7b262605968-mgr-x[27981]:
2024-04-25T18:33:00.768+0000 7fd4690c8200 -1 mgr[py] Module telegraf has missing NOTIFY_TYPES member
2024-04-25T18:33:00.992 INFO:journalctl@ceph.mgr.x.smithi096.stdout:Apr 25 18:33:00 smithi096 ceph-f6ccb142-0331-11ef-bc93-c7b262605968-mgr-x[27981]:
2024-04-25T18:33:00.990+0000 7fd4690c8200 -1 mgr[py] Module osd_support has missing NOTIFY_TYPES member
2024-04-25T18:33:01.256 INFO:journalctl@ceph.mgr.x.smithi096.stdout:Apr 25 18:33:01 smithi096 ceph-f6ccb142-0331-11ef-bc93-c7b262605968-mgr-x[27981]:
2024-04-25T18:33:01.201+0000 7fd4690c8200 -1 mgr[py] Module iostat has missing NOTIFY_TYPES member
2024-04-25T18:33:01.695 INFO:journalctl@ceph.mgr.x.smithi096.stdout:Apr 25 18:33:01 smithi096 ceph-f6ccb142-0331-11ef-bc93-c7b262605968-mgr-x[27981]:
2024-04-25T18:33:01.575+0000 7fd4690c8200 -1 mgr[py] Module alerts has missing NOTIFY_TYPES member
2024-04-25T18:33:02.006 INFO:journalctl@ceph.mgr.x.smithi096.stdout:Apr 25 18:33:01 smithi096 ceph-f6ccb142-0331-11ef-bc93-c7b262605968-mgr-x[27981]:
2024-04-25T18:33:01.693+0000 7fd4690c8200 -1 mgr[py] Module selftest has missing NOTIFY_TYPES member
2024-04-25T18:33:02.007 INFO:journalctl@ceph.mgr.x.smithi096.stdout:Apr 25 18:33:01 smithi096 ceph-f6ccb142-0331-11ef-bc93-c7b262605968-mgr-x[27981]:
2024-04-25T18:33:01.941+0000 7fd4690c8200 -1 mgr[py] Module pg_autoscaler has missing NOTIFY_TYPES member
2024-04-25T18:33:02.506 INFO:journalctl@ceph.mgr.x.smithi096.stdout:Apr 25 18:33:02 smithi096 ceph-f6ccb142-0331-11ef-bc93-c7b262605968-mgr-x[27981]:
2024-04-25T18:33:02.189+0000 7fd4690c8200 -1 mgr[py] Module test_orchestrator has missing NOTIFY_TYPES member
2024-04-25T18:33:03.256 INFO:journalctl@ceph.mgr.x.smithi096.stdout:Apr 25 18:33:02 smithi096 ceph-f6ccb142-0331-11ef-bc93-c7b262605968-mgr-x[27981]:
2024-04-25T18:33:02.956+0000 7fd4690c8200 -1 mgr[py] Module rook has missing NOTIFY_TYPES member
2024-04-25T18:33:03.757 INFO:journalctl@ceph.mgr.x.smithi096.stdout:Apr 25 18:33:03 smithi096 ceph-f6ccb142-0331-11ef-bc93-c7b262605968-mgr-x[27981]:
2024-04-25T18:33:03.494+0000 7fd4690c8200 -1 mgr[py] Module volumes has missing NOTIFY_TYPES member
2024-04-25T18:33:03.757 INFO:journalctl@ceph.mgr.x.smithi096.stdout:Apr 25 18:33:03 smithi096 ceph-f6ccb142-0331-11ef-bc93-c7b262605968-mgr-x[27981]:
2024-04-25T18:33:03.618+0000 7fd4690c8200 -1 mgr[py] Module crash has missing NOTIFY_TYPES member
2024-04-25T18:33:04.257 INFO:journalctl@ceph.mgr.x.smithi096.stdout:Apr 25 18:33:03 smithi096 ceph-f6ccb142-0331-11ef-bc93-c7b262605968-mgr-x[27981]:
2024-04-25T18:33:03.876+0000 7fd4690c8200 -1 mgr[py] Module rgw has missing NOTIFY_TYPES member
2024-04-25T18:33:04.958 INFO:journalctl@ceph.mgr.x.smithi096.stdout:Apr 25 18:33:04 smithi096 ceph-f6ccb142-0331-11ef-bc93-c7b262605968-mgr-x[27981]:
2024-04-25T18:33:04.513+0000 7fd4690c8200 -1 mgr[py] Module prometheus has missing NOTIFY_TYPES member
2024-04-25T18:33:04.958 INFO:journalctl@ceph.mgr.x.smithi096.stdout:Apr 25 18:33:04 smithi096 ceph-f6ccb142-0331-11ef-bc93-c7b262605968-mgr-x[27981]:
2024-04-25T18:33:04.636+0000 7fd4690c8200 -1 mgr[py] Module devicehealth has missing NOTIFY_TYPES member
2024-04-25T18:33:04.959 INFO:journalctl@ceph.mgr.x.smithi096.stdout:Apr 25 18:33:04 smithi096 ceph-f6ccb142-0331-11ef-bc93-c7b262605968-mgr-x[27981]:
2024-04-25T18:33:04.956+0000 7fd4690c8200 -1 mgr[py] Module telemetry has missing NOTIFY_TYPES member
2024-04-25T18:33:05.253 INFO:journalctl@ceph.mgr.x.smithi096.stdout:Apr 25 18:33:05 smithi096 ceph-f6ccb142-0331-11ef-bc93-c7b262605968-mgr-x[27981]:
2024-04-25T18:33:05.128+0000 7fd4690c8200 -1 mgr[py] Module diskprediction_local has missing NOTIFY_TYPES member
2024-04-25T18:33:05.253 INFO:journalctl@ceph.mgr.x.smithi096.stdout:Apr 25 18:33:05 smithi096 ceph-f6ccb142-0331-11ef-bc93-c7b262605968-mgr-x[27981]:
2024-04-25T18:33:05.251+0000 7fd4690c8200 -1 mgr[py] Module osd_perf_query has missing NOTIFY_TYPES member
2024-04-25T18:33:05.507 INFO:journalctl@ceph.mgr.x.smithi096.stdout:Apr 25 18:33:05 smithi096 ceph-f6ccb142-0331-11ef-bc93-c7b262605968-mgr-x[27981]:
2024-04-25T18:33:05.399+0000 7fd4690c8200 -1 mgr[py] Module rbd_support has missing NOTIFY_TYPES member
2024-04-25T18:33:06.256 INFO:journalctl@ceph.mgr.x.smithi096.stdout:Apr 25 18:33:05 smithi096 ceph-f6ccb142-0331-11ef-bc93-c7b262605968-mgr-x[27981]:
2024-04-25T18:33:05.759+0000 7fd4690c8200 -1 mgr[py] Module zabbix has missing NOTIFY_TYPES member
2024-04-25T18:33:06.757 INFO:journalctl@ceph.mgr.x.smithi096.stdout:Apr 25 18:33:06 smithi096 ceph-f6ccb142-0331-11ef-bc93-c7b262605968-mgr-x[27981]:
2024-04-25T18:33:06.494+0000 7fd4690c8200 -1 mgr[py] Module status has missing NOTIFY_TYPES member
2024-04-25T18:33:07.257 INFO:journalctl@ceph.mgr.x.smithi096.stdout:Apr 25 18:33:06 smithi096 ceph-f6ccb142-0331-11ef-bc93-c7b262605968-mgr-x[27981]:
2024-04-25T18:33:06.771+0000 7fd4690c8200 -1 mgr[py] Module nfs has missing NOTIFY_TYPES member
2024-04-25T18:33:07.257 INFO:journalctl@ceph.mon.a.smithi096.stdout:Apr 25 18:33:06 smithi096 ceph-mon[27755]: Active manager daemon x restarted
2024-04-25T18:33:07.257 INFO:journalctl@ceph.mon.a.smithi096.stdout:Apr 25 18:33:06 smithi096 ceph-mon[27755]: Activating manager daemon x
2024-04-25T18:33:07.258 INFO:journalctl@ceph.mon.a.smithi096.stdout:Apr 25 18:33:06 smithi096 ceph-mon[27755]: osdmap e2: 0 total, 0 up, 0 in
2024-04-25T18:33:07.258 INFO:journalctl@ceph.mon.a.smithi096.stdout:Apr 25 18:33:06 smithi096 ceph-mon[27755]: mgrmap e6: x(active, starting, since 0.00853852s)
2024-04-25T18:33:07.258 INFO:journalctl@ceph.mon.a.smithi096.stdout:Apr 25 18:33:06 smithi096 ceph-mon[27755]: from='mgr.14120 172.21.15.96:0/2562669962' entity='mgr.x' cmd=[{"prefix": "mon metadata", "id": "a"}]: dispatch
2024-04-25T18:33:07.258 INFO:journalctl@ceph.mon.a.smithi096.stdout:Apr 25 18:33:06 smithi096 ceph-mon[27755]: from='mgr.14120 172.21.15.96:0/2562669962' entity='mgr.x' cmd=[{"prefix": "mgr metadata", "who": "x", "id": "x"}]: dispatch
2024-04-25T18:33:07.258 INFO:journalctl@ceph.mon.a.smithi096.stdout:Apr 25 18:33:06 smithi096 ceph-mon[27755]: from='mgr.14120 172.21.15.96:0/2562669962' entity='mgr.x' cmd=[{"prefix": "mds metadata"}]: dispatch
2024-04-25T18:33:07.258 INFO:journalctl@ceph.mon.a.smithi096.stdout:Apr 25 18:33:06 smithi096 ceph-mon[27755]: from='mgr.14120 172.21.15.96:0/2562669962' entity='mgr.x' cmd=[{"prefix": "osd metadata"}]: dispatch
2024-04-25T18:33:07.258 INFO:journalctl@ceph.mon.a.smithi096.stdout:Apr 25 18:33:06 smithi096 ceph-mon[27755]: from='mgr.14120 172.21.15.96:0/2562669962' entity='mgr.x' cmd=[{"prefix": "mon metadata"}]: dispatch
2024-04-25T18:33:07.258 INFO:journalctl@ceph.mon.a.smithi096.stdout:Apr 25 18:33:06 smithi096 ceph-mon[27755]: Manager daemon x is now available
2024-04-25T18:33:07.258 INFO:journalctl@ceph.mon.a.smithi096.stdout:Apr 25 18:33:06 smithi096 ceph-mon[27755]: from='mgr.14120 172.21.15.96:0/2562669962' entity='mgr.x'
2024-04-25T18:33:07.258 INFO:journalctl@ceph.mon.a.smithi096.stdout:Apr 25 18:33:06 smithi096 ceph-mon[27755]: from='mgr.14120 172.21.15.96:0/2562669962' entity='mgr.x'
2024-04-25T18:33:08.257 INFO:journalctl@ceph.mon.a.smithi096.stdout:Apr 25 18:33:07 smithi096 ceph-mon[27755]: Found migration_current of "None". Setting to last migration.
2024-04-25T18:33:08.257 INFO:journalctl@ceph.mon.a.smithi096.stdout:Apr 25 18:33:07 smithi096 ceph-mon[27755]: from='mgr.14120 172.21.15.96:0/2562669962' entity='mgr.x' cmd=[{"prefix": "config dump", "format": "json"}]: dispatch
2024-04-25T18:33:08.257 INFO:journalctl@ceph.mon.a.smithi096.stdout:Apr 25 18:33:07 smithi096 ceph-mon[27755]: from='mgr.14120 172.21.15.96:0/2562669962' entity='mgr.x' cmd=[{"prefix": "config dump", "format": "json"}]: dispatch
2024-04-25T18:33:08.257 INFO:journalctl@ceph.mon.a.smithi096.stdout:Apr 25 18:33:07 smithi096 ceph-mon[27755]: from='mgr.14120 172.21.15.96:0/2562669962' entity='mgr.x' cmd=[{"prefix":"config rm","who":"mgr","name":"mgr/rbd_support/x/mirror_snapshot_schedule"}]: dispatch
2024-04-25T18:33:08.257 INFO:journalctl@ceph.mon.a.smithi096.stdout:Apr 25 18:33:07 smithi096 ceph-mon[27755]: from='mgr.14120 172.21.15.96:0/2562669962' entity='mgr.x' cmd=[{"prefix":"config rm","who":"mgr","name":"mgr/rbd_support/x/trash_purge_schedule"}]: dispatch
2024-04-25T18:33:08.257 INFO:journalctl@ceph.mon.a.smithi096.stdout:Apr 25 18:33:07 smithi096 ceph-mon[27755]: from='mgr.14120 172.21.15.96:0/2562669962' entity='mgr.x'
2024-04-25T18:33:08.257 INFO:journalctl@ceph.mon.a.smithi096.stdout:Apr 25 18:33:07 smithi096 ceph-mon[27755]: from='mgr.14120 172.21.15.96:0/2562669962' entity='mgr.x'
2024-04-25T18:33:08.257 INFO:journalctl@ceph.mon.a.smithi096.stdout:Apr 25 18:33:07 smithi096 ceph-mon[27755]: mgrmap e7: x(active, since 1.015s)
2024-04-25T18:33:08.588 INFO:teuthology.orchestra.run.smithi096.stdout:/usr/bin/ceph: stdout {
2024-04-25T18:33:08.588 INFO:teuthology.orchestra.run.smithi096.stdout:/usr/bin/ceph: stdout "mgrmap_epoch": 7,
2024-04-25T18:33:08.588 INFO:teuthology.orchestra.run.smithi096.stdout:/usr/bin/ceph: stdout "initialized": true
2024-04-25T18:33:08.589 INFO:teuthology.orchestra.run.smithi096.stdout:/usr/bin/ceph: stdout }
2024-04-25T18:33:08.589 INFO:teuthology.orchestra.run.smithi096.stdout:/usr/bin/ceph: stderr
2024-04-25T18:33:00.722+0000 7fd6f4a00700 1 Processor -- start
2024-04-25T18:33:08.589 INFO:teuthology.orchestra.run.smithi096.stdout:/usr/bin/ceph: stderr
2024-04-25T18:33:00.722+0000 7fd6f4a00700 1 -- start start
2024-04-25T18:33:08.589 INFO:teuthology.orchestra.run.smithi096.stdout:/usr/bin/ceph: stderr
2024-04-25T18:33:00.722+0000 7fd6f4a00700 1 --2- >> [v2:172.21.15.96:3300/0,v1:172.21.15.96:6789/0] conn(0x7fd6f007de20 0x7fd6f007c2d0 unknown :-1 s=NONE pgs=0 cs=0 l=0 rev1=0 crypto rx=0 tx=0 comp rx=0 tx=0).connect
2024-04-25T18:33:08.589 INFO:teuthology.orchestra.run.smithi096.stdout:/usr/bin/ceph: stderr
2024-04-25T18:33:00.722+0000 7fd6f4a00700 1 -- --> [v2:172.21.15.96:3300/0,v1:172.21.15.96:6789/0] -- mon_getmap magic: 0 -- 0x7fd6f007c810 con 0x7fd6f007de20
2024-04-25T18:33:08.589 INFO:teuthology.orchestra.run.smithi096.stdout:/usr/bin/ceph: stderr
2024-04-25T18:33:00.723+0000 7fd6ef400700 1 --2- >> [v2:172.21.15.96:3300/0,v1:172.21.15.96:6789/0] conn(0x7fd6f007de20 0x7fd6f007c2d0 unknown :-1 s=BANNER_CONNECTING pgs=0 cs=0 l=0 rev1=0 crypto rx=0 tx=0 comp rx=0 tx=0)._handle_peer_banner_payload supported=3 required=0
2024-04-25T18:33:08.589 INFO:teuthology.orchestra.run.smithi096.stdout:/usr/bin/ceph: stderr
2024-04-25T18:33:00.723+0000 7fd6ef400700 1 --2- >> [v2:172.21.15.96:3300/0,v1:172.21.15.96:6789/0] conn(0x7fd6f007de20 0x7fd6f007c2d0 unknown :-1 s=HELLO_CONNECTING pgs=0 cs=0 l=0 rev1=1 crypto rx=0 tx=0 comp rx=0 tx=0).handle_hello peer v2:172.21.15.96:3300/0 says I am v2:172.21.15.96:42152/0 (socket says 172.21.15.96:42152)
2024-04-25T18:33:08.589 INFO:teuthology.orchestra.run.smithi096.stdout:/usr/bin/ceph: stderr
2024-04-25T18:33:00.723+0000 7fd6ef400700 1 -- 172.21.15.96:0/2289889826 learned_addr learned my addr 172.21.15.96:0/2289889826 (peer_addr_for_me v2:172.21.15.96:0/0)
2024-04-25T18:33:08.589 INFO:teuthology.orchestra.run.smithi096.stdout:/usr/bin/ceph: stderr
2024-04-25T18:33:00.723+0000 7fd6ef400700 1 -- 172.21.15.96:0/2289889826 --> [v2:172.21.15.96:3300/0,v1:172.21.15.96:6789/0] -- mon_subscribe({config=0+,monmap=0+}) -- 0x7fd6f007c990 con 0x7fd6f007de20
2024-04-25T18:33:08.589 INFO:teuthology.orchestra.run.smithi096.stdout:/usr/bin/ceph: stderr
2024-04-25T18:33:00.724+0000 7fd6ef400700 1 --2- 172.21.15.96:0/2289889826 >> [v2:172.21.15.96:3300/0,v1:172.21.15.96:6789/0] conn(0x7fd6f007de20 0x7fd6f007c2d0 secure :-1 s=READY pgs=28 cs=0 l=1 rev1=1 crypto rx=0x7fd6e00098a0 tx=0x7fd6e0009bb0 comp rx=0 tx=0).ready entity=mon.0 client_cookie=d5f6e944b2c128e9 server_cookie=0 in_seq=0 out_seq=0
2024-04-25T18:33:08.589 INFO:teuthology.orchestra.run.smithi096.stdout:/usr/bin/ceph: stderr
2024-04-25T18:33:00.724+0000 7fd6ee000700 1 -- 172.21.15.96:0/2289889826 <== mon.0 v2:172.21.15.96:3300/0 1 ==== mon_map magic: 0 ==== 205+0+0 (secure 0 0 0) 0x7fd6e0004160 con 0x7fd6f007de20
2024-04-25T18:33:08.589 INFO:teuthology.orchestra.run.smithi096.stdout:/usr/bin/ceph: stderr
2024-04-25T18:33:00.724+0000 7fd6ee000700 1 -- 172.21.15.96:0/2289889826 <== mon.0 v2:172.21.15.96:3300/0 2 ==== config(27 keys) ==== 1104+0+0 (secure 0 0 0) 0x7fd6e0004300 con 0x7fd6f007de20
2024-04-25T18:33:08.590 INFO:teuthology.orchestra.run.smithi096.stdout:/usr/bin/ceph: stderr
2024-04-25T18:33:00.724+0000 7fd6ee000700 1 -- 172.21.15.96:0/2289889826 <== mon.0 v2:172.21.15.96:3300/0 3 ==== mon_map magic: 0 ==== 205+0+0 (secure 0 0 0) 0x7fd6e0011b20 con 0x7fd6f007de20
2024-04-25T18:33:08.590 INFO:teuthology.orchestra.run.smithi096.stdout:/usr/bin/ceph: stderr
2024-04-25T18:33:00.725+0000 7fd6f4a00700 1 -- 172.21.15.96:0/2289889826 >> [v2:172.21.15.96:3300/0,v1:172.21.15.96:6789/0] conn(0x7fd6f007de20 msgr2=0x7fd6f007c2d0 secure :-1 s=STATE_CONNECTION_ESTABLISHED l=1).mark_down
2024-04-25T18:33:08.590 INFO:teuthology.orchestra.run.smithi096.stdout:/usr/bin/ceph: stderr
2024-04-25T18:33:00.725+0000 7fd6f4a00700 1 --2- 172.21.15.96:0/2289889826 >> [v2:172.21.15.96:3300/0,v1:172.21.15.96:6789/0] conn(0x7fd6f007de20 0x7fd6f007c2d0 secure :-1 s=READY pgs=28 cs=0 l=1 rev1=1 crypto rx=0x7fd6e00098a0 tx=0x7fd6e0009bb0 comp rx=0 tx=0).stop
2024-04-25T18:33:08.590 INFO:teuthology.orchestra.run.smithi096.stdout:/usr/bin/ceph: stderr
2024-04-25T18:33:00.725+0000 7fd6f4a00700 1 -- 172.21.15.96:0/2289889826 shutdown_connections
2024-04-25T18:33:08.590 INFO:teuthology.orchestra.run.smithi096.stdout:/usr/bin/ceph: stderr
2024-04-25T18:33:00.725+0000 7fd6f4a00700 1 --2- 172.21.15.96:0/2289889826 >> [v2:172.21.15.96:3300/0,v1:172.21.15.96:6789/0] conn(0x7fd6f007de20 0x7fd6f007c2d0 unknown :-1 s=CLOSED pgs=28 cs=0 l=1 rev1=1 crypto rx=0 tx=0 comp rx=0 tx=0).stop
2024-04-25T18:33:08.590 INFO:teuthology.orchestra.run.smithi096.stdout:/usr/bin/ceph: stderr
2024-04-25T18:33:00.725+0000 7fd6f4a00700 1 -- 172.21.15.96:0/2289889826 >> 172.21.15.96:0/2289889826 conn(0x7fd6f0103a90 msgr2=0x7fd6f0105eb0 unknown :-1 s=STATE_NONE l=0).mark_down
2024-04-25T18:33:08.590 INFO:teuthology.orchestra.run.smithi096.stdout:/usr/bin/ceph: stderr
2024-04-25T18:33:00.725+0000 7fd6f4a00700 1 -- 172.21.15.96:0/2289889826 shutdown_connections
2024-04-25T18:33:08.590 INFO:teuthology.orchestra.run.smithi096.stdout:/usr/bin/ceph: stderr
2024-04-25T18:33:00.725+0000 7fd6f4a00700 1 -- 172.21.15.96:0/2289889826 wait complete.
2024-04-25T18:33:08.590 INFO:teuthology.orchestra.run.smithi096.stdout:/usr/bin/ceph: stderr
2024-04-25T18:33:00.726+0000 7fd6f4a00700 1 Processor -- start
2024-04-25T18:33:08.590 INFO:teuthology.orchestra.run.smithi096.stdout:/usr/bin/ceph: stderr
2024-04-25T18:33:00.726+0000 7fd6f4a00700 1 -- start start
2024-04-25T18:33:08.590 INFO:teuthology.orchestra.run.smithi096.stdout:/usr/bin/ceph: stderr
2024-04-25T18:33:00.727+0000 7fd6f4a00700 1 --2- >> [v2:172.21.15.96:3300/0,v1:172.21.15.96:6789/0] conn(0x7fd6f007de20 0x7fd6f019e470 unknown :-1 s=NONE pgs=0 cs=0 l=1 rev1=0 crypto rx=0 tx=0 comp rx=0 tx=0).connect
2024-04-25T18:33:08.590 INFO:teuthology.orchestra.run.smithi096.stdout:/usr/bin/ceph: stderr
2024-04-25T18:33:00.727+0000 7fd6f4a00700 1 -- --> [v2:172.21.15.96:3300/0,v1:172.21.15.96:6789/0] -- mon_getmap magic: 0 -- 0x7fd6f010ea00 con 0x7fd6f007de20
2024-04-25T18:33:08.591 INFO:teuthology.orchestra.run.smithi096.stdout:/usr/bin/ceph: stderr
2024-04-25T18:33:00.727+0000 7fd6ef400700 1 --2- >> [v2:172.21.15.96:3300/0,v1:172.21.15.96:6789/0] conn(0x7fd6f007de20 0x7fd6f019e470 unknown :-1 s=BANNER_CONNECTING pgs=0 cs=0 l=1 rev1=0 crypto rx=0 tx=0 comp rx=0 tx=0)._handle_peer_banner_payload supported=3 required=0
2024-04-25T18:33:08.591 INFO:teuthology.orchestra.run.smithi096.stdout:/usr/bin/ceph: stderr
2024-04-25T18:33:00.727+0000 7fd6ef400700 1 --2- >> [v2:172.21.15.96:3300/0,v1:172.21.15.96:6789/0] conn(0x7fd6f007de20 0x7fd6f019e470 unknown :-1 s=HELLO_CONNECTING pgs=0 cs=0 l=1 rev1=1 crypto rx=0 tx=0 comp rx=0 tx=0).handle_hello peer v2:172.21.15.96:3300/0 says I am v2:172.21.15.96:42168/0 (socket says 172.21.15.96:42168)
2024-04-25T18:33:08.591 INFO:teuthology.orchestra.run.smithi096.stdout:/usr/bin/ceph: stderr
2024-04-25T18:33:00.727+0000 7fd6ef400700 1 -- 172.21.15.96:0/2646186577 learned_addr learned my addr 172.21.15.96:0/2646186577 (peer_addr_for_me v2:172.21.15.96:0/0)
2024-04-25T18:33:08.591 INFO:teuthology.orchestra.run.smithi096.stdout:/usr/bin/ceph: stderr
2024-04-25T18:33:00.727+0000 7fd6ef400700 1 -- 172.21.15.96:0/2646186577 --> [v2:172.21.15.96:3300/0,v1:172.21.15.96:6789/0] -- mon_subscribe({config=0+,monmap=0+}) -- 0x7fd6f019e9b0 con 0x7fd6f007de20
2024-04-25T18:33:08.591 INFO:teuthology.orchestra.run.smithi096.stdout:/usr/bin/ceph: stderr
2024-04-25T18:33:00.728+0000 7fd6ef400700 1 --2- 172.21.15.96:0/2646186577 >> [v2:172.21.15.96:3300/0,v1:172.21.15.96:6789/0] conn(0x7fd6f007de20 0x7fd6f019e470 secure :-1 s=READY pgs=29 cs=0 l=1 rev1=1 crypto rx=0x7fd6e0006af0 tx=0x7fd6e0011ce0 comp rx=0 tx=0).ready entity=mon.0 client_cookie=0 server_cookie=0 in_seq=0 out_seq=0
2024-04-25T18:33:08.591 INFO:teuthology.orchestra.run.smithi096.stdout:/usr/bin/ceph: stderr
2024-04-25T18:33:00.728+0000 7fd6e7e00700 1 -- 172.21.15.96:0/2646186577 <== mon.0 v2:172.21.15.96:3300/0 1 ==== mon_map magic: 0 ==== 205+0+0 (secure 0 0 0) 0x7fd6e0003b90 con 0x7fd6f007de20
2024-04-25T18:33:08.591 INFO:teuthology.orchestra.run.smithi096.stdout:/usr/bin/ceph: stderr
2024-04-25T18:33:00.728+0000 7fd6e7e00700 1 -- 172.21.15.96:0/2646186577 <== mon.0 v2:172.21.15.96:3300/0 2 ==== config(27 keys) ==== 1104+0+0 (secure 0 0 0) 0x7fd6e0003d30 con 0x7fd6f007de20
2024-04-25T18:33:08.591 INFO:teuthology.orchestra.run.smithi096.stdout:/usr/bin/ceph: stderr
2024-04-25T18:33:00.728+0000 7fd6f4a00700 1 -- 172.21.15.96:0/2646186577 --> [v2:172.21.15.96:3300/0,v1:172.21.15.96:6789/0] -- mon_subscribe({mgrmap=0+}) -- 0x7fd6f019ec40 con 0x7fd6f007de20
2024-04-25T18:33:08.591 INFO:teuthology.orchestra.run.smithi096.stdout:/usr/bin/ceph: stderr
2024-04-25T18:33:00.728+0000 7fd6e7e00700 1 -- 172.21.15.96:0/2646186577 <== mon.0 v2:172.21.15.96:3300/0 3 ==== mon_map magic: 0 ==== 205+0+0 (secure 0 0 0) 0x7fd6e00197c0 con 0x7fd6f007de20
2024-04-25T18:33:08.591 INFO:teuthology.orchestra.run.smithi096.stdout:/usr/bin/ceph: stderr
2024-04-25T18:33:00.728+0000 7fd6f4a00700 1 -- 172.21.15.96:0/2646186577 --> [v2:172.21.15.96:3300/0,v1:172.21.15.96:6789/0] -- mon_subscribe({osdmap=0}) -- 0x7fd6f019f0a0 con 0x7fd6f007de20
2024-04-25T18:33:08.591 INFO:teuthology.orchestra.run.smithi096.stdout:/usr/bin/ceph: stderr
2024-04-25T18:33:00.729+0000 7fd6e7e00700 1 -- 172.21.15.96:0/2646186577 <== mon.0 v2:172.21.15.96:3300/0 4 ==== mgrmap(e 5) ==== 46558+0+0 (secure 0 0 0) 0x7fd6e0022020 con 0x7fd6f007de20
2024-04-25T18:33:08.592 INFO:teuthology.orchestra.run.smithi096.stdout:/usr/bin/ceph: stderr
2024-04-25T18:33:00.730+0000 7fd6e7e00700 1 --2- 172.21.15.96:0/2646186577 >> [v2:172.21.15.96:6800/2242682943,v1:172.21.15.96:6801/2242682943] conn(0x7fd6d4039670 0x7fd6d403bb30 unknown :-1 s=NONE pgs=0 cs=0 l=1 rev1=0 crypto rx=0 tx=0 comp rx=0 tx=0).connect
2024-04-25T18:33:08.592 INFO:teuthology.orchestra.run.smithi096.stdout:/usr/bin/ceph: stderr
2024-04-25T18:33:00.730+0000 7fd6e7e00700 1 -- 172.21.15.96:0/2646186577 --> [v2:172.21.15.96:6800/2242682943,v1:172.21.15.96:6801/2242682943] -- command(tid 0: {"prefix": "get_command_descriptions"}) -- 0x7fd6d403c240 con 0x7fd6d4039670
2024-04-25T18:33:08.592 INFO:teuthology.orchestra.run.smithi096.stdout:/usr/bin/ceph: stderr
2024-04-25T18:33:00.730+0000 7fd6e7e00700 1 -- 172.21.15.96:0/2646186577 <== mon.0 v2:172.21.15.96:3300/0 5 ==== osd_map(1..1 src has 1..1) ==== 725+0+0 (secure 0 0 0) 0x7fd6e004d7b0 con 0x7fd6f007de20
2024-04-25T18:33:08.592 INFO:teuthology.orchestra.run.smithi096.stdout:/usr/bin/ceph: stderr
2024-04-25T18:33:00.730+0000 7fd6eea00700 1 -- 172.21.15.96:0/2646186577 >> [v2:172.21.15.96:6800/2242682943,v1:172.21.15.96:6801/2242682943] conn(0x7fd6d4039670 msgr2=0x7fd6d403bb30 unknown :-1 s=STATE_CONNECTING_RE l=1).process reconnect failed to v2:172.21.15.96:6800/2242682943
2024-04-25T18:33:08.592 INFO:teuthology.orchestra.run.smithi096.stdout:/usr/bin/ceph: stderr
2024-04-25T18:33:00.730+0000 7fd6eea00700 1 --2- 172.21.15.96:0/2646186577 >> [v2:172.21.15.96:6800/2242682943,v1:172.21.15.96:6801/2242682943] conn(0x7fd6d4039670 0x7fd6d403bb30 unknown :-1 s=START_CONNECT pgs=0 cs=0 l=1 rev1=0 crypto rx=0 tx=0 comp rx=0 tx=0)._fault waiting 0.200000
2024-04-25T18:33:08.592 INFO:teuthology.orchestra.run.smithi096.stdout:/usr/bin/ceph: stderr
2024-04-25T18:33:00.931+0000 7fd6eea00700 1 -- 172.21.15.96:0/2646186577 >> [v2:172.21.15.96:6800/2242682943,v1:172.21.15.96:6801/2242682943] conn(0x7fd6d4039670 msgr2=0x7fd6d403bb30 unknown :-1 s=STATE_CONNECTING_RE l=1).process reconnect failed to v2:172.21.15.96:6800/2242682943
2024-04-25T18:33:08.592 INFO:teuthology.orchestra.run.smithi096.stdout:/usr/bin/ceph: stderr
2024-04-25T18:33:00.931+0000 7fd6eea00700 1 --2- 172.21.15.96:0/2646186577 >> [v2:172.21.15.96:6800/2242682943,v1:172.21.15.96:6801/2242682943] conn(0x7fd6d4039670 0x7fd6d403bb30 unknown :-1 s=START_CONNECT pgs=0 cs=0 l=1 rev1=0 crypto rx=0 tx=0 comp rx=0 tx=0)._fault waiting 0.400000
2024-04-25T18:33:08.592 INFO:teuthology.orchestra.run.smithi096.stdout:/usr/bin/ceph: stderr
2024-04-25T18:33:01.332+0000 7fd6eea00700 1 -- 172.21.15.96:0/2646186577 >> [v2:172.21.15.96:6800/2242682943,v1:172.21.15.96:6801/2242682943] conn(0x7fd6d4039670 msgr2=0x7fd6d403bb30 unknown :-1 s=STATE_CONNECTING_RE l=1).process reconnect failed to v2:172.21.15.96:6800/2242682943
2024-04-25T18:33:08.592 INFO:teuthology.orchestra.run.smithi096.stdout:/usr/bin/ceph: stderr
2024-04-25T18:33:01.332+0000 7fd6eea00700 1 --2- 172.21.15.96:0/2646186577 >> [v2:172.21.15.96:6800/2242682943,v1:172.21.15.96:6801/2242682943] conn(0x7fd6d4039670 0x7fd6d403bb30 unknown :-1 s=START_CONNECT pgs=0 cs=0 l=1 rev1=0 crypto rx=0 tx=0 comp rx=0 tx=0)._fault waiting 0.800000
2024-04-25T18:33:08.592 INFO:teuthology.orchestra.run.smithi096.stdout:/usr/bin/ceph: stderr
2024-04-25T18:33:02.133+0000 7fd6eea00700 1 -- 172.21.15.96:0/2646186577 >> [v2:172.21.15.96:6800/2242682943,v1:172.21.15.96:6801/2242682943] conn(0x7fd6d4039670 msgr2=0x7fd6d403bb30 unknown :-1 s=STATE_CONNECTING_RE l=1).process reconnect failed to v2:172.21.15.96:6800/2242682943
2024-04-25T18:33:08.592 INFO:teuthology.orchestra.run.smithi096.stdout:/usr/bin/ceph: stderr
2024-04-25T18:33:02.133+0000 7fd6eea00700 1 --2- 172.21.15.96:0/2646186577 >> [v2:172.21.15.96:6800/2242682943,v1:172.21.15.96:6801/2242682943] conn(0x7fd6d4039670 0x7fd6d403bb30 unknown :-1 s=START_CONNECT pgs=0 cs=0 l=1 rev1=0 crypto rx=0 tx=0 comp rx=0 tx=0)._fault waiting 1.600000
2024-04-25T18:33:08.592 INFO:teuthology.orchestra.run.smithi096.stdout:/usr/bin/ceph: stderr
2024-04-25T18:33:03.735+0000 7fd6eea00700 1 -- 172.21.15.96:0/2646186577 >> [v2:172.21.15.96:6800/2242682943,v1:172.21.15.96:6801/2242682943] conn(0x7fd6d4039670 msgr2=0x7fd6d403bb30 unknown :-1 s=STATE_CONNECTING_RE l=1).process reconnect failed to v2:172.21.15.96:6800/2242682943
2024-04-25T18:33:08.593 INFO:teuthology.orchestra.run.smithi096.stdout:/usr/bin/ceph: stderr
2024-04-25T18:33:03.735+0000 7fd6eea00700 1 --2- 172.21.15.96:0/2646186577 >> [v2:172.21.15.96:6800/2242682943,v1:172.21.15.96:6801/2242682943] conn(0x7fd6d4039670 0x7fd6d403bb30 unknown :-1 s=START_CONNECT pgs=0 cs=0 l=1 rev1=0 crypto rx=0 tx=0 comp rx=0 tx=0)._fault waiting 3.200000
2024-04-25T18:33:08.593 INFO:teuthology.orchestra.run.smithi096.stdout:/usr/bin/ceph: stderr
2024-04-25T18:33:06.780+0000 7fd6e7e00700 1 -- 172.21.15.96:0/2646186577 <== mon.0 v2:172.21.15.96:3300/0 6 ==== mgrmap(e 6) ==== 46325+0+0 (secure 0 0 0) 0x7fd6e0019ac0 con 0x7fd6f007de20
2024-04-25T18:33:08.593 INFO:teuthology.orchestra.run.smithi096.stdout:/usr/bin/ceph: stderr
2024-04-25T18:33:06.780+0000 7fd6e7e00700 1 -- 172.21.15.96:0/2646186577 >> [v2:172.21.15.96:6800/2242682943,v1:172.21.15.96:6801/2242682943] conn(0x7fd6d4039670 msgr2=0x7fd6d403bb30 unknown :-1 s=STATE_CONNECTING l=1).mark_down
2024-04-25T18:33:08.593 INFO:teuthology.orchestra.run.smithi096.stdout:/usr/bin/ceph: stderr
2024-04-25T18:33:06.780+0000 7fd6e7e00700 1 --2- 172.21.15.96:0/2646186577 >> [v2:172.21.15.96:6800/2242682943,v1:172.21.15.96:6801/2242682943] conn(0x7fd6d4039670 0x7fd6d403bb30 unknown :-1 s=START_CONNECT pgs=0 cs=0 l=1 rev1=0 crypto rx=0 tx=0 comp rx=0 tx=0).stop
2024-04-25T18:33:08.593 INFO:teuthology.orchestra.run.smithi096.stdout:/usr/bin/ceph: stderr
2024-04-25T18:33:07.785+0000 7fd6e7e00700 1 -- 172.21.15.96:0/2646186577 <== mon.0 v2:172.21.15.96:3300/0 7 ==== mgrmap(e 7) ==== 46452+0+0 (secure 0 0 0) 0x7fd6e004f380 con 0x7fd6f007de20
2024-04-25T18:33:08.593 INFO:teuthology.orchestra.run.smithi096.stdout:/usr/bin/ceph: stderr
2024-04-25T18:33:07.785+0000 7fd6e7e00700 1 --2- 172.21.15.96:0/2646186577 >> [v2:172.21.15.96:6800/2361108400,v1:172.21.15.96:6801/2361108400] conn(0x7fd6d403cfb0 0x7fd6d403f3a0 unknown :-1 s=NONE pgs=0 cs=0 l=1 rev1=0 crypto rx=0 tx=0 comp rx=0 tx=0).connect
2024-04-25T18:33:08.593 INFO:teuthology.orchestra.run.smithi096.stdout:/usr/bin/ceph: stderr
2024-04-25T18:33:07.785+0000 7fd6e7e00700 1 -- 172.21.15.96:0/2646186577 --> [v2:172.21.15.96:6800/2361108400,v1:172.21.15.96:6801/2361108400] -- command(tid 0: {"prefix": "get_command_descriptions"}) -- 0x7fd6e0022e80 con 0x7fd6d403cfb0
2024-04-25T18:33:08.593 INFO:teuthology.orchestra.run.smithi096.stdout:/usr/bin/ceph: stderr
2024-04-25T18:33:07.787+0000 7fd6eea00700 1 --2- 172.21.15.96:0/2646186577 >> [v2:172.21.15.96:6800/2361108400,v1:172.21.15.96:6801/2361108400] conn(0x7fd6d403cfb0 0x7fd6d403f3a0 unknown :-1 s=BANNER_CONNECTING pgs=0 cs=0 l=1 rev1=0 crypto rx=0 tx=0 comp rx=0 tx=0)._handle_peer_banner_payload supported=3 required=0
2024-04-25T18:33:08.593 INFO:teuthology.orchestra.run.smithi096.stdout:/usr/bin/ceph: stderr
2024-04-25T18:33:07.788+0000 7fd6eea00700 1 --2- 172.21.15.96:0/2646186577 >> [v2:172.21.15.96:6800/2361108400,v1:172.21.15.96:6801/2361108400] conn(0x7fd6d403cfb0 0x7fd6d403f3a0 secure :-1 s=READY pgs=3 cs=0 l=1 rev1=1 crypto rx=0x7fd6dc003a10 tx=0x7fd6dc009290 comp rx=0 tx=0).ready entity=mgr.14120 client_cookie=0 server_cookie=0 in_seq=0 out_seq=0
2024-04-25T18:33:08.593 INFO:teuthology.orchestra.run.smithi096.stdout:/usr/bin/ceph: stderr
2024-04-25T18:33:07.790+0000 7fd6e7e00700 1 -- 172.21.15.96:0/2646186577 <== mgr.14120 v2:172.21.15.96:6800/2361108400 1 ==== command_reply(tid 0: 0 ) ==== 8+0+7774 (secure 0 0 0) 0x7fd6e0022e80 con 0x7fd6d403cfb0
2024-04-25T18:33:08.593 INFO:teuthology.orchestra.run.smithi096.stdout:/usr/bin/ceph: stderr
2024-04-25T18:33:07.798+0000 7fd6f4a00700 1 -- 172.21.15.96:0/2646186577 --> [v2:172.21.15.96:6800/2361108400,v1:172.21.15.96:6801/2361108400] -- command(tid 1: {"prefix": "mgr_status"}) -- 0x7fd6f00640a0 con 0x7fd6d403cfb0
2024-04-25T18:33:08.593 INFO:teuthology.orchestra.run.smithi096.stdout:/usr/bin/ceph: stderr
2024-04-25T18:33:07.799+0000 7fd6e7e00700 1 -- 172.21.15.96:0/2646186577 <== mgr.14120 v2:172.21.15.96:6800/2361108400 2 ==== command_reply(tid 1: 0 ) ==== 8+0+51 (secure 0 0 0) 0x7fd6f00640a0 con 0x7fd6d403cfb0
2024-04-25T18:33:08.594 INFO:teuthology.orchestra.run.smithi096.stdout:/usr/bin/ceph: stderr
2024-04-25T18:33:07.799+0000 7fd6f4a00700 1 -- 172.21.15.96:0/2646186577 >> [v2:172.21.15.96:6800/2361108400,v1:172.21.15.96:6801/2361108400] conn(0x7fd6d403cfb0 msgr2=0x7fd6d403f3a0 secure :-1 s=STATE_CONNECTION_ESTABLISHED l=1).mark_down
2024-04-25T18:33:08.594 INFO:teuthology.orchestra.run.smithi096.stdout:/usr/bin/ceph: stderr
2024-04-25T18:33:07.799+0000 7fd6f4a00700 1 --2- 172.21.15.96:0/2646186577 >> [v2:172.21.15.96:6800/2361108400,v1:172.21.15.96:6801/2361108400] conn(0x7fd6d403cfb0 0x7fd6d403f3a0 secure :-1 s=READY pgs=3 cs=0 l=1 rev1=1 crypto rx=0x7fd6dc003a10 tx=0x7fd6dc009290 comp rx=0 tx=0).stop
2024-04-25T18:33:08.594 INFO:teuthology.orchestra.run.smithi096.stdout:/usr/bin/ceph: stderr
2024-04-25T18:33:07.799+0000 7fd6f4a00700 1 -- 172.21.15.96:0/2646186577 >> [v2:172.21.15.96:3300/0,v1:172.21.15.96:6789/0] conn(0x7fd6f007de20 msgr2=0x7fd6f019e470 secure :-1 s=STATE_CONNECTION_ESTABLISHED l=1).mark_down
2024-04-25T18:33:08.594 INFO:teuthology.orchestra.run.smithi096.stdout:/usr/bin/ceph: stderr
2024-04-25T18:33:07.799+0000 7fd6f4a00700 1 --2- 172.21.15.96:0/2646186577 >> [v2:172.21.15.96:3300/0,v1:172.21.15.96:6789/0] conn(0x7fd6f007de20 0x7fd6f019e470 secure :-1 s=READY pgs=29 cs=0 l=1 rev1=1 crypto rx=0x7fd6e0006af0 tx=0x7fd6e0011ce0 comp rx=0 tx=0).stop
2024-04-25T18:33:08.594 INFO:teuthology.orchestra.run.smithi096.stdout:/usr/bin/ceph: stderr
2024-04-25T18:33:07.799+0000 7fd6f4a00700 1 -- 172.21.15.96:0/2646186577 shutdown_connections
2024-04-25T18:33:08.594 INFO:teuthology.orchestra.run.smithi096.stdout:/usr/bin/ceph: stderr
2024-04-25T18:33:07.799+0000 7fd6f4a00700 1 --2- 172.21.15.96:0/2646186577 >> [v2:172.21.15.96:6800/2361108400,v1:172.21.15.96:6801/2361108400] conn(0x7fd6d403cfb0 0x7fd6d403f3a0 unknown :-1 s=CLOSED pgs=3 cs=0 l=1 rev1=1 crypto rx=0 tx=0 comp rx=0 tx=0).stop
2024-04-25T18:33:08.594 INFO:teuthology.orchestra.run.smithi096.stdout:/usr/bin/ceph: stderr
2024-04-25T18:33:07.799+0000 7fd6f4a00700 1 --2- 172.21.15.96:0/2646186577 >> [v2:172.21.15.96:3300/0,v1:172.21.15.96:6789/0] conn(0x7fd6f007de20 0x7fd6f019e470 unknown :-1 s=CLOSED pgs=29 cs=0 l=1 rev1=1 crypto rx=0 tx=0 comp rx=0 tx=0).stop
2024-04-25T18:33:08.594 INFO:teuthology.orchestra.run.smithi096.stdout:/usr/bin/ceph: stderr
2024-04-25T18:33:07.799+0000 7fd6f4a00700 1 --2- 172.21.15.96:0/2646186577 >> [v2:172.21.15.96:6800/2242682943,v1:172.21.15.96:6801/2242682943] conn(0x7fd6d4039670 0x7fd6d403bb30 unknown :-1 s=CLOSED pgs=0 cs=0 l=1 rev1=0 crypto rx=0 tx=0 comp rx=0 tx=0).stop
2024-04-25T18:33:08.594 INFO:teuthology.orchestra.run.smithi096.stdout:/usr/bin/ceph: stderr
2024-04-25T18:33:07.799+0000 7fd6f4a00700 1 -- 172.21.15.96:0/2646186577 >> 172.21.15.96:0/2646186577 conn(0x7fd6f0103a90 msgr2=0x7fd6f0104470 unknown :-1 s=STATE_NONE l=0).mark_down
2024-04-25T18:33:08.594 INFO:teuthology.orchestra.run.smithi096.stdout:/usr/bin/ceph: stderr
2024-04-25T18:33:07.800+0000 7fd6f4a00700 1 -- 172.21.15.96:0/2646186577 shutdown_connections
2024-04-25T18:33:08.595 INFO:teuthology.orchestra.run.smithi096.stdout:/usr/bin/ceph: stderr
2024-04-25T18:33:07.800+0000 7fd6f4a00700 1 -- 172.21.15.96:0/2646186577 wait complete.
2024-04-25T18:33:08.595 INFO:teuthology.orchestra.run.smithi096.stdout:mgr epoch 5 is available
2024-04-25T18:33:08.595 INFO:teuthology.orchestra.run.smithi096.stdout:Setting orchestrator backend to cephadm...
2024-04-25T18:33:09.093 INFO:journalctl@ceph.mon.a.smithi096.stdout:Apr 25 18:33:08 smithi096 ceph-mon[27755]: from='client.14124 -' entity='client.admin' cmd=[{"prefix": "get_command_descriptions"}]: dispatch
2024-04-25T18:33:09.093 INFO:journalctl@ceph.mon.a.smithi096.stdout:Apr 25 18:33:08 smithi096 ceph-mon[27755]: from='client.14124 -' entity='client.admin' cmd=[{"prefix": "mgr_status"}]: dispatch
2024-04-25T18:33:10.122 INFO:journalctl@ceph.mon.a.smithi096.stdout:Apr 25 18:33:09 smithi096 ceph-mon[27755]: mgrmap e8: x(active, since 2s)
2024-04-25T18:33:10.122 INFO:journalctl@ceph.mon.a.smithi096.stdout:Apr 25 18:33:09 smithi096 ceph-mon[27755]: [25/Apr/2024:18:33:09] ENGINE Bus STARTING
2024-04-25T18:33:10.122 INFO:journalctl@ceph.mon.a.smithi096.stdout:Apr 25 18:33:09 smithi096 ceph-mon[27755]: from='mgr.14120 172.21.15.96:0/2562669962' entity='mgr.x' cmd=[{"prefix": "config dump", "format": "json"}]: dispatch
2024-04-25T18:33:10.123 INFO:journalctl@ceph.mon.a.smithi096.stdout:Apr 25 18:33:09 smithi096 ceph-mon[27755]: from='mgr.14120 172.21.15.96:0/2562669962' entity='mgr.x'
2024-04-25T18:33:10.123 INFO:journalctl@ceph.mon.a.smithi096.stdout:Apr 25 18:33:09 smithi096 ceph-mon[27755]: from='mgr.14120 172.21.15.96:0/2562669962' entity='mgr.x' cmd=[{"prefix": "config dump", "format": "json"}]: dispatch
2024-04-25T18:33:10.142 INFO:teuthology.orchestra.run.smithi096.stdout:/usr/bin/ceph: stderr
2024-04-25T18:33:09.163+0000 7ff4a3200700 1 Processor -- start
2024-04-25T18:33:10.149 INFO:teuthology.orchestra.run.smithi096.stdout:/usr/bin/ceph: stderr
2024-04-25T18:33:09.163+0000 7ff4a3200700 1 -- start start
2024-04-25T18:33:10.149 INFO:teuthology.orchestra.run.smithi096.stdout:/usr/bin/ceph: stderr
2024-04-25T18:33:09.163+0000 7ff4a3200700 1 --2- >> [v2:172.21.15.96:3300/0,v1:172.21.15.96:6789/0] conn(0x7ff49c106c70 0x7ff49c1090a0 unknown :-1 s=NONE pgs=0 cs=0 l=0 rev1=0 crypto rx=0 tx=0 comp rx=0 tx=0).connect
2024-04-25T18:33:10.150 INFO:teuthology.orchestra.run.smithi096.stdout:/usr/bin/ceph: stderr
2024-04-25T18:33:09.163+0000 7ff4a3200700 1 -- --> [v2:172.21.15.96:3300/0,v1:172.21.15.96:6789/0] -- mon_getmap magic: 0 -- 0x7ff49c07bea0 con 0x7ff49c106c70
2024-04-25T18:33:10.150 INFO:teuthology.orchestra.run.smithi096.stdout:/usr/bin/ceph: stderr
2024-04-25T18:33:09.164+0000 7ff4a1e00700 1 --2- >> [v2:172.21.15.96:3300/0,v1:172.21.15.96:6789/0] conn(0x7ff49c106c70 0x7ff49c1090a0 unknown :-1 s=BANNER_CONNECTING pgs=0 cs=0 l=0 rev1=0 crypto rx=0 tx=0 comp rx=0 tx=0)._handle_peer_banner_payload supported=3 required=0
2024-04-25T18:33:10.150 INFO:teuthology.orchestra.run.smithi096.stdout:/usr/bin/ceph: stderr
2024-04-25T18:33:09.164+0000 7ff4a1e00700 1 --2- >> [v2:172.21.15.96:3300/0,v1:172.21.15.96:6789/0] conn(0x7ff49c106c70 0x7ff49c1090a0 unknown :-1 s=HELLO_CONNECTING pgs=0 cs=0 l=0 rev1=1 crypto rx=0 tx=0 comp rx=0 tx=0).handle_hello peer v2:172.21.15.96:3300/0 says I am v2:172.21.15.96:48062/0 (socket says 172.21.15.96:48062)
2024-04-25T18:33:10.150 INFO:teuthology.orchestra.run.smithi096.stdout:/usr/bin/ceph: stderr
2024-04-25T18:33:09.164+0000 7ff4a1e00700 1 -- 172.21.15.96:0/3508425820 learned_addr learned my addr 172.21.15.96:0/3508425820 (peer_addr_for_me v2:172.21.15.96:0/0)
2024-04-25T18:33:10.150 INFO:teuthology.orchestra.run.smithi096.stdout:/usr/bin/ceph: stderr
