2024-04-25T18:46:49.313 INFO:teuthology.orchestra.run.smithi045.stdout:/usr/bin/ceph: stderr
2024-04-25T18:46:48.625+0000 7efdc6800700 1 -- 172.21.15.45:0/1889673633 wait complete.
2024-04-25T18:46:49.914 INFO:journalctl@ceph.mon.a.smithi045.stdout:Apr 25 18:46:49 smithi045 ceph-mon[27776]: from='client.14136 -' entity='client.admin' cmd=[{"prefix": "cephadm generate-key", "target": ["mon-mgr", ""]}]: dispatch
2024-04-25T18:46:49.920 INFO:journalctl@ceph.mon.a.smithi045.stdout:Apr 25 18:46:49 smithi045 ceph-mon[27776]: Generating ssh key...
2024-04-25T18:46:49.920 INFO:journalctl@ceph.mon.a.smithi045.stdout:Apr 25 18:46:49 smithi045 ceph-mon[27776]: from='mgr.14120 172.21.15.45:0/2502728808' entity='mgr.x'
2024-04-25T18:46:49.920 INFO:journalctl@ceph.mon.a.smithi045.stdout:Apr 25 18:46:49 smithi045 ceph-mon[27776]: from='mgr.14120 172.21.15.45:0/2502728808' entity='mgr.x'
2024-04-25T18:46:50.762 INFO:teuthology.orchestra.run.smithi045.stdout:/usr/bin/ceph: stdout ssh-rsa AAAAB3NzaC1yc2EAAAADAQABAAABgQDExa0soJz1qBmgK4LdK81Z5ovpCPaZP9w0Inkioej3e6VrKUDAgw3+bC4M9zgf9u8n0+Fa4zV9SNAl9qzkF0tropb4sa/J3uUHculs5lNGNd2AAFgMns/ZDaoXHGHKH7mGyKAg+Db8LxfIubbAvqwPleQ9CjSpmMCrBbVWDFjmZPUpBd5tP9Z2sXzi218CyCj4P7KhADYH3jiMZlhOzuvEFUVyAVee/qJT3AaHGyqbHXl0ZhJqrjJxF0elBOtAhDUiU+0XHwFyv0L2vY8//2WrL17pmdfuVKwVT4yAjZXB5MdkbpjWl8QcLs3PKvAwxk3kQ8iObiErcIFsdZkzferLlHn245mx1fth5yHKn6qswARHNZTWUZq5WID37f4yav/RXu6v1o2DdwlJDNLDTwSU27vfsC6Ke4t+7cCUSuAvUu+8g+Hc4mI5olrG5UknHiEhVH3fN2W2IGNq/7LQjWwhJ+pFqo6oLEQm5BTD6EVf2n00Tmf204Dv7R7I142bHSM= ceph-ea2833ba-0333-11ef-bc93-c7b262605968
2024-04-25T18:46:50.763 INFO:teuthology.orchestra.run.smithi045.stdout:/usr/bin/ceph: stderr
2024-04-25T18:46:49.911+0000 7f99b8400700 1 Processor -- start
2024-04-25T18:46:50.763 INFO:teuthology.orchestra.run.smithi045.stdout:/usr/bin/ceph: stderr
2024-04-25T18:46:49.912+0000 7f99b8400700 1 -- start start
2024-04-25T18:46:50.763 INFO:teuthology.orchestra.run.smithi045.stdout:/usr/bin/ceph: stderr
2024-04-25T18:46:49.912+0000 7f99b8400700 1 --2- >> [v2:172.21.15.45:3300/0,v1:172.21.15.45:6789/0] conn(0x7f99b0108600 0x7f99b0108a20 unknown :-1 s=NONE pgs=0 cs=0 l=0 rev1=0 crypto rx=0 tx=0 comp rx=0 tx=0).connect
2024-04-25T18:46:50.764 INFO:teuthology.orchestra.run.smithi045.stdout:/usr/bin/ceph: stderr
2024-04-25T18:46:49.912+0000 7f99b8400700 1 -- --> [v2:172.21.15.45:3300/0,v1:172.21.15.45:6789/0] -- mon_getmap magic: 0 -- 0x7f99b0108ff0 con 0x7f99b0108600
2024-04-25T18:46:50.764 INFO:teuthology.orchestra.run.smithi045.stdout:/usr/bin/ceph: stderr
2024-04-25T18:46:49.913+0000 7f99b5a00700 1 --2- >> [v2:172.21.15.45:3300/0,v1:172.21.15.45:6789/0] conn(0x7f99b0108600 0x7f99b0108a20 unknown :-1 s=BANNER_CONNECTING pgs=0 cs=0 l=0 rev1=0 crypto rx=0 tx=0 comp rx=0 tx=0)._handle_peer_banner_payload supported=3 required=0
2024-04-25T18:46:50.768 INFO:teuthology.orchestra.run.smithi045.stdout:/usr/bin/ceph: stderr
2024-04-25T18:46:49.913+0000 7f99b5a00700 1 --2- >> [v2:172.21.15.45:3300/0,v1:172.21.15.45:6789/0] conn(0x7f99b0108600 0x7f99b0108a20 unknown :-1 s=HELLO_CONNECTING pgs=0 cs=0 l=0 rev1=1 crypto rx=0 tx=0 comp rx=0 tx=0).handle_hello peer v2:172.21.15.45:3300/0 says I am v2:172.21.15.45:37598/0 (socket says 172.21.15.45:37598)
2024-04-25T18:46:50.768 INFO:teuthology.orchestra.run.smithi045.stdout:/usr/bin/ceph: stderr
2024-04-25T18:46:49.913+0000 7f99b5a00700 1 -- 172.21.15.45:0/3530677882 learned_addr learned my addr 172.21.15.45:0/3530677882 (peer_addr_for_me v2:172.21.15.45:0/0)
2024-04-25T18:46:50.768 INFO:teuthology.orchestra.run.smithi045.stdout:/usr/bin/ceph: stderr
2024-04-25T18:46:49.914+0000 7f99b5a00700 1 -- 172.21.15.45:0/3530677882 --> [v2:172.21.15.45:3300/0,v1:172.21.15.45:6789/0] -- mon_subscribe({config=0+,monmap=0+}) -- 0x7f99b0109800 con 0x7f99b0108600
2024-04-25T18:46:50.768 INFO:teuthology.orchestra.run.smithi045.stdout:/usr/bin/ceph: stderr
2024-04-25T18:46:49.914+0000 7f99b5a00700 1 --2- 172.21.15.45:0/3530677882 >> [v2:172.21.15.45:3300/0,v1:172.21.15.45:6789/0] conn(0x7f99b0108600 0x7f99b0108a20 secure :-1 s=READY pgs=43 cs=0 l=1 rev1=1 crypto rx=0x7f99a40098a0 tx=0x7f99a4009bb0 comp rx=0 tx=0).ready entity=mon.0 client_cookie=dbf184312a78fce8 server_cookie=0 in_seq=0 out_seq=0
2024-04-25T18:46:50.768 INFO:teuthology.orchestra.run.smithi045.stdout:/usr/bin/ceph: stderr
2024-04-25T18:46:49.914+0000 7f99afe00700 1 -- 172.21.15.45:0/3530677882 <== mon.0 v2:172.21.15.45:3300/0 1 ==== mon_map magic: 0 ==== 205+0+0 (secure 0 0 0) 0x7f99a4004160 con 0x7f99b0108600
2024-04-25T18:46:50.768 INFO:teuthology.orchestra.run.smithi045.stdout:/usr/bin/ceph: stderr
2024-04-25T18:46:49.914+0000 7f99afe00700 1 -- 172.21.15.45:0/3530677882 <== mon.0 v2:172.21.15.45:3300/0 2 ==== config(26 keys) ==== 1070+0+0 (secure 0 0 0) 0x7f99a4004300 con 0x7f99b0108600
2024-04-25T18:46:50.768 INFO:teuthology.orchestra.run.smithi045.stdout:/usr/bin/ceph: stderr
2024-04-25T18:46:49.914+0000 7f99afe00700 1 -- 172.21.15.45:0/3530677882 <== mon.0 v2:172.21.15.45:3300/0 3 ==== mon_map magic: 0 ==== 205+0+0 (secure 0 0 0) 0x7f99a4011af0 con 0x7f99b0108600
2024-04-25T18:46:50.768 INFO:teuthology.orchestra.run.smithi045.stdout:/usr/bin/ceph: stderr
2024-04-25T18:46:49.915+0000 7f99b8400700 1 -- 172.21.15.45:0/3530677882 >> [v2:172.21.15.45:3300/0,v1:172.21.15.45:6789/0] conn(0x7f99b0108600 msgr2=0x7f99b0108a20 secure :-1 s=STATE_CONNECTION_ESTABLISHED l=1).mark_down
2024-04-25T18:46:50.769 INFO:teuthology.orchestra.run.smithi045.stdout:/usr/bin/ceph: stderr
2024-04-25T18:46:49.915+0000 7f99b8400700 1 --2- 172.21.15.45:0/3530677882 >> [v2:172.21.15.45:3300/0,v1:172.21.15.45:6789/0] conn(0x7f99b0108600 0x7f99b0108a20 secure :-1 s=READY pgs=43 cs=0 l=1 rev1=1 crypto rx=0x7f99a40098a0 tx=0x7f99a4009bb0 comp rx=0 tx=0).stop
2024-04-25T18:46:50.769 INFO:teuthology.orchestra.run.smithi045.stdout:/usr/bin/ceph: stderr
2024-04-25T18:46:49.915+0000 7f99b8400700 1 -- 172.21.15.45:0/3530677882 shutdown_connections
2024-04-25T18:46:50.769 INFO:teuthology.orchestra.run.smithi045.stdout:/usr/bin/ceph: stderr
2024-04-25T18:46:49.915+0000 7f99b8400700 1 --2- 172.21.15.45:0/3530677882 >> [v2:172.21.15.45:3300/0,v1:172.21.15.45:6789/0] conn(0x7f99b0108600 0x7f99b0108a20 unknown :-1 s=CLOSED pgs=43 cs=0 l=1 rev1=1 crypto rx=0 tx=0 comp rx=0 tx=0).stop
2024-04-25T18:46:50.769 INFO:teuthology.orchestra.run.smithi045.stdout:/usr/bin/ceph: stderr
2024-04-25T18:46:49.915+0000 7f99b8400700 1 -- 172.21.15.45:0/3530677882 >> 172.21.15.45:0/3530677882 conn(0x7f99b0103be0 msgr2=0x7f99b0106000 unknown :-1 s=STATE_NONE l=0).mark_down
2024-04-25T18:46:50.769 INFO:teuthology.orchestra.run.smithi045.stdout:/usr/bin/ceph: stderr
2024-04-25T18:46:49.915+0000 7f99b8400700 1 -- 172.21.15.45:0/3530677882 shutdown_connections
2024-04-25T18:46:50.769 INFO:teuthology.orchestra.run.smithi045.stdout:/usr/bin/ceph: stderr
2024-04-25T18:46:49.915+0000 7f99b8400700 1 -- 172.21.15.45:0/3530677882 wait complete.
2024-04-25T18:46:50.769 INFO:teuthology.orchestra.run.smithi045.stdout:/usr/bin/ceph: stderr
2024-04-25T18:46:49.917+0000 7f99b8400700 1 Processor -- start
2024-04-25T18:46:50.769 INFO:teuthology.orchestra.run.smithi045.stdout:/usr/bin/ceph: stderr
2024-04-25T18:46:49.917+0000 7f99b8400700 1 -- start start
2024-04-25T18:46:50.769 INFO:teuthology.orchestra.run.smithi045.stdout:/usr/bin/ceph: stderr
2024-04-25T18:46:49.917+0000 7f99b8400700 1 --2- >> [v2:172.21.15.45:3300/0,v1:172.21.15.45:6789/0] conn(0x7f99b0108600 0x7f99b019c580 unknown :-1 s=NONE pgs=0 cs=0 l=1 rev1=0 crypto rx=0 tx=0 comp rx=0 tx=0).connect
2024-04-25T18:46:50.769 INFO:teuthology.orchestra.run.smithi045.stdout:/usr/bin/ceph: stderr
2024-04-25T18:46:49.918+0000 7f99b8400700 1 -- --> [v2:172.21.15.45:3300/0,v1:172.21.15.45:6789/0] -- mon_getmap magic: 0 -- 0x7f99b010ca30 con 0x7f99b0108600
2024-04-25T18:46:50.769 INFO:teuthology.orchestra.run.smithi045.stdout:/usr/bin/ceph: stderr
2024-04-25T18:46:49.918+0000 7f99b5a00700 1 --2- >> [v2:172.21.15.45:3300/0,v1:172.21.15.45:6789/0] conn(0x7f99b0108600 0x7f99b019c580 unknown :-1 s=BANNER_CONNECTING pgs=0 cs=0 l=1 rev1=0 crypto rx=0 tx=0 comp rx=0 tx=0)._handle_peer_banner_payload supported=3 required=0
2024-04-25T18:46:50.769 INFO:teuthology.orchestra.run.smithi045.stdout:/usr/bin/ceph: stderr
2024-04-25T18:46:49.918+0000 7f99b5a00700 1 --2- >> [v2:172.21.15.45:3300/0,v1:172.21.15.45:6789/0] conn(0x7f99b0108600 0x7f99b019c580 unknown :-1 s=HELLO_CONNECTING pgs=0 cs=0 l=1 rev1=1 crypto rx=0 tx=0 comp rx=0 tx=0).handle_hello peer v2:172.21.15.45:3300/0 says I am v2:172.21.15.45:37612/0 (socket says 172.21.15.45:37612)
2024-04-25T18:46:50.769 INFO:teuthology.orchestra.run.smithi045.stdout:/usr/bin/ceph: stderr
2024-04-25T18:46:49.918+0000 7f99b5a00700 1 -- 172.21.15.45:0/705816768 learned_addr learned my addr 172.21.15.45:0/705816768 (peer_addr_for_me v2:172.21.15.45:0/0)
2024-04-25T18:46:50.770 INFO:teuthology.orchestra.run.smithi045.stdout:/usr/bin/ceph: stderr
2024-04-25T18:46:49.918+0000 7f99b5a00700 1 -- 172.21.15.45:0/705816768 --> [v2:172.21.15.45:3300/0,v1:172.21.15.45:6789/0] -- mon_subscribe({config=0+,monmap=0+}) -- 0x7f99b019cac0 con 0x7f99b0108600
2024-04-25T18:46:50.770 INFO:teuthology.orchestra.run.smithi045.stdout:/usr/bin/ceph: stderr
2024-04-25T18:46:49.919+0000 7f99b5a00700 1 --2- 172.21.15.45:0/705816768 >> [v2:172.21.15.45:3300/0,v1:172.21.15.45:6789/0] conn(0x7f99b0108600 0x7f99b019c580 secure :-1 s=READY pgs=44 cs=0 l=1 rev1=1 crypto rx=0x7f99a4009fb0 tx=0x7f99a4011940 comp rx=0 tx=0).ready entity=mon.0 client_cookie=0 server_cookie=0 in_seq=0 out_seq=0
2024-04-25T18:46:50.770 INFO:teuthology.orchestra.run.smithi045.stdout:/usr/bin/ceph: stderr
2024-04-25T18:46:49.919+0000 7f99ae000700 1 -- 172.21.15.45:0/705816768 <== mon.0 v2:172.21.15.45:3300/0 1 ==== mon_map magic: 0 ==== 205+0+0 (secure 0 0 0) 0x7f99a40036a0 con 0x7f99b0108600
2024-04-25T18:46:50.770 INFO:teuthology.orchestra.run.smithi045.stdout:/usr/bin/ceph: stderr
2024-04-25T18:46:49.919+0000 7f99ae000700 1 -- 172.21.15.45:0/705816768 <== mon.0 v2:172.21.15.45:3300/0 2 ==== config(26 keys) ==== 1070+0+0 (secure 0 0 0) 0x7f99a401a430 con 0x7f99b0108600
2024-04-25T18:46:50.770 INFO:teuthology.orchestra.run.smithi045.stdout:/usr/bin/ceph: stderr
2024-04-25T18:46:49.919+0000 7f99b8400700 1 -- 172.21.15.45:0/705816768 --> [v2:172.21.15.45:3300/0,v1:172.21.15.45:6789/0] -- mon_subscribe({mgrmap=0+}) -- 0x7f99b019cd50 con 0x7f99b0108600
2024-04-25T18:46:50.770 INFO:teuthology.orchestra.run.smithi045.stdout:/usr/bin/ceph: stderr
2024-04-25T18:46:49.919+0000 7f99ae000700 1 -- 172.21.15.45:0/705816768 <== mon.0 v2:172.21.15.45:3300/0 3 ==== mon_map magic: 0 ==== 205+0+0 (secure 0 0 0) 0x7f99a4019550 con 0x7f99b0108600
2024-04-25T18:46:50.770 INFO:teuthology.orchestra.run.smithi045.stdout:/usr/bin/ceph: stderr
2024-04-25T18:46:49.919+0000 7f99b8400700 1 -- 172.21.15.45:0/705816768 --> [v2:172.21.15.45:3300/0,v1:172.21.15.45:6789/0] -- mon_subscribe({osdmap=0}) -- 0x7f99b019fa40 con 0x7f99b0108600
2024-04-25T18:46:50.770 INFO:teuthology.orchestra.run.smithi045.stdout:/usr/bin/ceph: stderr
2024-04-25T18:46:49.920+0000 7f99ae000700 1 -- 172.21.15.45:0/705816768 <== mon.0 v2:172.21.15.45:3300/0 4 ==== mgrmap(e 8) ==== 46558+0+0 (secure 0 0 0) 0x7f99a4019800 con 0x7f99b0108600
2024-04-25T18:46:50.770 INFO:teuthology.orchestra.run.smithi045.stdout:/usr/bin/ceph: stderr
2024-04-25T18:46:49.921+0000 7f99a3400700 1 -- 172.21.15.45:0/705816768 --> [v2:172.21.15.45:3300/0,v1:172.21.15.45:6789/0] -- mon_command({"prefix": "get_command_descriptions"} v 0) -- 0x7f998c005330 con 0x7f99b0108600
2024-04-25T18:46:50.770 INFO:teuthology.orchestra.run.smithi045.stdout:/usr/bin/ceph: stderr
2024-04-25T18:46:49.921+0000 7f99ae000700 1 --2- 172.21.15.45:0/705816768 >> [v2:172.21.15.45:6800/3065212608,v1:172.21.15.45:6801/3065212608] conn(0x7f99980395b0 0x7f999803ba70 unknown :-1 s=NONE pgs=0 cs=0 l=1 rev1=0 crypto rx=0 tx=0 comp rx=0 tx=0).connect
2024-04-25T18:46:50.770 INFO:teuthology.orchestra.run.smithi045.stdout:/usr/bin/ceph: stderr
2024-04-25T18:46:49.921+0000 7f99ae000700 1 -- 172.21.15.45:0/705816768 <== mon.0 v2:172.21.15.45:3300/0 5 ==== osd_map(2..2 src has 1..2) ==== 940+0+0 (secure 0 0 0) 0x7f99a404da80 con 0x7f99b0108600
2024-04-25T18:46:50.770 INFO:teuthology.orchestra.run.smithi045.stdout:/usr/bin/ceph: stderr
2024-04-25T18:46:49.922+0000 7f99b5000700 1 --2- 172.21.15.45:0/705816768 >> [v2:172.21.15.45:6800/3065212608,v1:172.21.15.45:6801/3065212608] conn(0x7f99980395b0 0x7f999803ba70 unknown :-1 s=BANNER_CONNECTING pgs=0 cs=0 l=1 rev1=0 crypto rx=0 tx=0 comp rx=0 tx=0)._handle_peer_banner_payload supported=3 required=0
2024-04-25T18:46:50.770 INFO:teuthology.orchestra.run.smithi045.stdout:/usr/bin/ceph: stderr
2024-04-25T18:46:49.922+0000 7f99b5000700 1 --2- 172.21.15.45:0/705816768 >> [v2:172.21.15.45:6800/3065212608,v1:172.21.15.45:6801/3065212608] conn(0x7f99980395b0 0x7f999803ba70 secure :-1 s=READY pgs=10 cs=0 l=1 rev1=1 crypto rx=0x7f999c006fd0 tx=0x7f999c006e40 comp rx=0 tx=0).ready entity=mgr.14120 client_cookie=0 server_cookie=0 in_seq=0 out_seq=0
2024-04-25T18:46:50.770 INFO:teuthology.orchestra.run.smithi045.stdout:/usr/bin/ceph: stderr
2024-04-25T18:46:49.927+0000 7f99ae000700 1 -- 172.21.15.45:0/705816768 <== mon.0 v2:172.21.15.45:3300/0 6 ==== mon_command_ack([{"prefix": "get_command_descriptions"}]=0 v0) ==== 72+0+188370 (secure 0 0 0) 0x7f99a4019af0 con 0x7f99b0108600
2024-04-25T18:46:50.771 INFO:teuthology.orchestra.run.smithi045.stdout:/usr/bin/ceph: stderr
2024-04-25T18:46:50.158+0000 7f99a3400700 1 -- 172.21.15.45:0/705816768 --> [v2:172.21.15.45:6800/3065212608,v1:172.21.15.45:6801/3065212608] -- mgr_command(tid 0: {"prefix": "cephadm get-pub-key", "target": ["mon-mgr", ""]}) -- 0x7f998c000bc0 con 0x7f99980395b0
2024-04-25T18:46:50.772 INFO:teuthology.orchestra.run.smithi045.stdout:/usr/bin/ceph: stderr
2024-04-25T18:46:50.160+0000 7f99ae000700 1 -- 172.21.15.45:0/705816768 <== mgr.14120 v2:172.21.15.45:6800/3065212608 1 ==== mgr_command_reply(tid 0: 0 ) ==== 8+0+595 (secure 0 0 0) 0x7f998c000bc0 con 0x7f99980395b0
2024-04-25T18:46:50.772 INFO:teuthology.orchestra.run.smithi045.stdout:/usr/bin/ceph: stderr
2024-04-25T18:46:50.163+0000 7f99a3400700 1 -- 172.21.15.45:0/705816768 >> [v2:172.21.15.45:6800/3065212608,v1:172.21.15.45:6801/3065212608] conn(0x7f99980395b0 msgr2=0x7f999803ba70 secure :-1 s=STATE_CONNECTION_ESTABLISHED l=1).mark_down
2024-04-25T18:46:50.772 INFO:teuthology.orchestra.run.smithi045.stdout:/usr/bin/ceph: stderr
2024-04-25T18:46:50.163+0000 7f99a3400700 1 --2- 172.21.15.45:0/705816768 >> [v2:172.21.15.45:6800/3065212608,v1:172.21.15.45:6801/3065212608] conn(0x7f99980395b0 0x7f999803ba70 secure :-1 s=READY pgs=10 cs=0 l=1 rev1=1 crypto rx=0x7f999c006fd0 tx=0x7f999c006e40 comp rx=0 tx=0).stop
2024-04-25T18:46:50.772 INFO:teuthology.orchestra.run.smithi045.stdout:/usr/bin/ceph: stderr
2024-04-25T18:46:50.163+0000 7f99a3400700 1 -- 172.21.15.45:0/705816768 >> [v2:172.21.15.45:3300/0,v1:172.21.15.45:6789/0] conn(0x7f99b0108600 msgr2=0x7f99b019c580 secure :-1 s=STATE_CONNECTION_ESTABLISHED l=1).mark_down
2024-04-25T18:46:50.772 INFO:teuthology.orchestra.run.smithi045.stdout:/usr/bin/ceph: stderr
2024-04-25T18:46:50.163+0000 7f99a3400700 1 --2- 172.21.15.45:0/705816768 >> [v2:172.21.15.45:3300/0,v1:172.21.15.45:6789/0] conn(0x7f99b0108600 0x7f99b019c580 secure :-1 s=READY pgs=44 cs=0 l=1 rev1=1 crypto rx=0x7f99a4009fb0 tx=0x7f99a4011940 comp rx=0 tx=0).stop
2024-04-25T18:46:50.772 INFO:teuthology.orchestra.run.smithi045.stdout:/usr/bin/ceph: stderr
2024-04-25T18:46:50.163+0000 7f99a3400700 1 -- 172.21.15.45:0/705816768 shutdown_connections
2024-04-25T18:46:50.773 INFO:teuthology.orchestra.run.smithi045.stdout:/usr/bin/ceph: stderr
2024-04-25T18:46:50.163+0000 7f99a3400700 1 --2- 172.21.15.45:0/705816768 >> [v2:172.21.15.45:6800/3065212608,v1:172.21.15.45:6801/3065212608] conn(0x7f99980395b0 0x7f999803ba70 unknown :-1 s=CLOSED pgs=10 cs=0 l=1 rev1=1 crypto rx=0 tx=0 comp rx=0 tx=0).stop
2024-04-25T18:46:50.773 INFO:teuthology.orchestra.run.smithi045.stdout:/usr/bin/ceph: stderr
2024-04-25T18:46:50.163+0000 7f99a3400700 1 --2- 172.21.15.45:0/705816768 >> [v2:172.21.15.45:3300/0,v1:172.21.15.45:6789/0] conn(0x7f99b0108600 0x7f99b019c580 unknown :-1 s=CLOSED pgs=44 cs=0 l=1 rev1=1 crypto rx=0 tx=0 comp rx=0 tx=0).stop
2024-04-25T18:46:50.773 INFO:teuthology.orchestra.run.smithi045.stdout:/usr/bin/ceph: stderr
2024-04-25T18:46:50.163+0000 7f99a3400700 1 -- 172.21.15.45:0/705816768 >> 172.21.15.45:0/705816768 conn(0x7f99b0103be0 msgr2=0x7f99b0104790 unknown :-1 s=STATE_NONE l=0).mark_down
2024-04-25T18:46:50.773 INFO:teuthology.orchestra.run.smithi045.stdout:/usr/bin/ceph: stderr
2024-04-25T18:46:50.164+0000 7f99a3400700 1 -- 172.21.15.45:0/705816768 shutdown_connections
2024-04-25T18:46:50.773 INFO:teuthology.orchestra.run.smithi045.stdout:/usr/bin/ceph: stderr
2024-04-25T18:46:50.164+0000 7f99a3400700 1 -- 172.21.15.45:0/705816768 wait complete.
2024-04-25T18:46:50.773 INFO:teuthology.orchestra.run.smithi045.stdout:Wrote public SSH key to /home/ubuntu/cephtest/ceph.pub
2024-04-25T18:46:50.773 INFO:teuthology.orchestra.run.smithi045.stdout:Adding key to root@localhost authorized_keys...
2024-04-25T18:46:50.778 INFO:teuthology.orchestra.run.smithi045.stdout:Adding host smithi045...
2024-04-25T18:46:51.096 INFO:journalctl@ceph.mon.a.smithi045.stdout:Apr 25 18:46:50 smithi045 ceph-mon[27776]: from='client.14138 -' entity='client.admin' cmd=[{"prefix": "cephadm get-pub-key", "target": ["mon-mgr", ""]}]: dispatch
2024-04-25T18:46:52.074 INFO:journalctl@ceph.mon.a.smithi045.stdout:Apr 25 18:46:51 smithi045 ceph-mon[27776]: from='client.14140 -' entity='client.admin' cmd=[{"prefix": "orch host add", "hostname": "smithi045", "addr": "172.21.15.45", "target": ["mon-mgr", ""]}]: dispatch
2024-04-25T18:46:53.951 INFO:journalctl@ceph.mon.a.smithi045.stdout:Apr 25 18:46:53 smithi045 ceph-mon[27776]: Deploying cephadm binary to smithi045
2024-04-25T18:46:58.712 INFO:teuthology.orchestra.run.smithi045.stdout:/usr/bin/ceph: stdout Added host 'smithi045' with addr '172.21.15.45'
2024-04-25T18:46:58.712 INFO:teuthology.orchestra.run.smithi045.stdout:/usr/bin/ceph: stderr
2024-04-25T18:46:51.407+0000 7ff6e9000700 1 Processor -- start
2024-04-25T18:46:58.712 INFO:teuthology.orchestra.run.smithi045.stdout:/usr/bin/ceph: stderr
2024-04-25T18:46:51.408+0000 7ff6e9000700 1 -- start start
2024-04-25T18:46:58.712 INFO:teuthology.orchestra.run.smithi045.stdout:/usr/bin/ceph: stderr
2024-04-25T18:46:51.408+0000 7ff6e9000700 1 --2- >> [v2:172.21.15.45:3300/0,v1:172.21.15.45:6789/0] conn(0x7ff6e410a820 0x7ff6e410ac40 unknown :-1 s=NONE pgs=0 cs=0 l=0 rev1=0 crypto rx=0 tx=0 comp rx=0 tx=0).connect
2024-04-25T18:46:58.712 INFO:teuthology.orchestra.run.smithi045.stdout:/usr/bin/ceph: stderr
2024-04-25T18:46:51.408+0000 7ff6e9000700 1 -- --> [v2:172.21.15.45:3300/0,v1:172.21.15.45:6789/0] -- mon_getmap magic: 0 -- 0x7ff6e410b210 con 0x7ff6e410a820
2024-04-25T18:46:58.712 INFO:teuthology.orchestra.run.smithi045.stdout:/usr/bin/ceph: stderr
2024-04-25T18:46:51.409+0000 7ff6e1e00700 1 --2- >> [v2:172.21.15.45:3300/0,v1:172.21.15.45:6789/0] conn(0x7ff6e410a820 0x7ff6e410ac40 unknown :-1 s=BANNER_CONNECTING pgs=0 cs=0 l=0 rev1=0 crypto rx=0 tx=0 comp rx=0 tx=0)._handle_peer_banner_payload supported=3 required=0
2024-04-25T18:46:58.712 INFO:teuthology.orchestra.run.smithi045.stdout:/usr/bin/ceph: stderr
2024-04-25T18:46:51.409+0000 7ff6e1e00700 1 --2- >> [v2:172.21.15.45:3300/0,v1:172.21.15.45:6789/0] conn(0x7ff6e410a820 0x7ff6e410ac40 unknown :-1 s=HELLO_CONNECTING pgs=0 cs=0 l=0 rev1=1 crypto rx=0 tx=0 comp rx=0 tx=0).handle_hello peer v2:172.21.15.45:3300/0 says I am v2:172.21.15.45:37622/0 (socket says 172.21.15.45:37622)
2024-04-25T18:46:58.712 INFO:teuthology.orchestra.run.smithi045.stdout:/usr/bin/ceph: stderr
2024-04-25T18:46:51.409+0000 7ff6e1e00700 1 -- 172.21.15.45:0/2795239105 learned_addr learned my addr 172.21.15.45:0/2795239105 (peer_addr_for_me v2:172.21.15.45:0/0)
2024-04-25T18:46:58.712 INFO:teuthology.orchestra.run.smithi045.stdout:/usr/bin/ceph: stderr
2024-04-25T18:46:51.409+0000 7ff6e1e00700 1 -- 172.21.15.45:0/2795239105 --> [v2:172.21.15.45:3300/0,v1:172.21.15.45:6789/0] -- mon_subscribe({config=0+,monmap=0+}) -- 0x7ff6e410ba20 con 0x7ff6e410a820
2024-04-25T18:46:58.712 INFO:teuthology.orchestra.run.smithi045.stdout:/usr/bin/ceph: stderr
2024-04-25T18:46:51.410+0000 7ff6e1e00700 1 --2- 172.21.15.45:0/2795239105 >> [v2:172.21.15.45:3300/0,v1:172.21.15.45:6789/0] conn(0x7ff6e410a820 0x7ff6e410ac40 secure :-1 s=READY pgs=45 cs=0 l=1 rev1=1 crypto rx=0x7ff6d40098a0 tx=0x7ff6d4009bb0 comp rx=0 tx=0).ready entity=mon.0 client_cookie=789d3b8f52ef69f2 server_cookie=0 in_seq=0 out_seq=0
2024-04-25T18:46:58.712 INFO:teuthology.orchestra.run.smithi045.stdout:/usr/bin/ceph: stderr
2024-04-25T18:46:51.410+0000 7ff6e1400700 1 -- 172.21.15.45:0/2795239105 <== mon.0 v2:172.21.15.45:3300/0 1 ==== mon_map magic: 0 ==== 205+0+0 (secure 0 0 0) 0x7ff6d4004160 con 0x7ff6e410a820
2024-04-25T18:46:58.713 INFO:teuthology.orchestra.run.smithi045.stdout:/usr/bin/ceph: stderr
2024-04-25T18:46:51.410+0000 7ff6e1400700 1 -- 172.21.15.45:0/2795239105 <== mon.0 v2:172.21.15.45:3300/0 2 ==== config(26 keys) ==== 1070+0+0 (secure 0 0 0) 0x7ff6d4004300 con 0x7ff6e410a820
2024-04-25T18:46:58.713 INFO:teuthology.orchestra.run.smithi045.stdout:/usr/bin/ceph: stderr
2024-04-25T18:46:51.410+0000 7ff6e1400700 1 -- 172.21.15.45:0/2795239105 <== mon.0 v2:172.21.15.45:3300/0 3 ==== mon_map magic: 0 ==== 205+0+0 (secure 0 0 0) 0x7ff6d4011af0 con 0x7ff6e410a820
2024-04-25T18:46:58.713 INFO:teuthology.orchestra.run.smithi045.stdout:/usr/bin/ceph: stderr
2024-04-25T18:46:51.411+0000 7ff6e9000700 1 -- 172.21.15.45:0/2795239105 >> [v2:172.21.15.45:3300/0,v1:172.21.15.45:6789/0] conn(0x7ff6e410a820 msgr2=0x7ff6e410ac40 secure :-1 s=STATE_CONNECTION_ESTABLISHED l=1).mark_down
2024-04-25T18:46:58.713 INFO:teuthology.orchestra.run.smithi045.stdout:/usr/bin/ceph: stderr
2024-04-25T18:46:51.411+0000 7ff6e9000700 1 --2- 172.21.15.45:0/2795239105 >> [v2:172.21.15.45:3300/0,v1:172.21.15.45:6789/0] conn(0x7ff6e410a820 0x7ff6e410ac40 secure :-1 s=READY pgs=45 cs=0 l=1 rev1=1 crypto rx=0x7ff6d40098a0 tx=0x7ff6d4009bb0 comp rx=0 tx=0).stop
2024-04-25T18:46:58.713 INFO:teuthology.orchestra.run.smithi045.stdout:/usr/bin/ceph: stderr
2024-04-25T18:46:51.411+0000 7ff6e9000700 1 -- 172.21.15.45:0/2795239105 shutdown_connections
2024-04-25T18:46:58.713 INFO:teuthology.orchestra.run.smithi045.stdout:/usr/bin/ceph: stderr
2024-04-25T18:46:51.411+0000 7ff6e9000700 1 --2- 172.21.15.45:0/2795239105 >> [v2:172.21.15.45:3300/0,v1:172.21.15.45:6789/0] conn(0x7ff6e410a820 0x7ff6e410ac40 unknown :-1 s=CLOSED pgs=45 cs=0 l=1 rev1=1 crypto rx=0 tx=0 comp rx=0 tx=0).stop
2024-04-25T18:46:58.713 INFO:teuthology.orchestra.run.smithi045.stdout:/usr/bin/ceph: stderr
2024-04-25T18:46:51.411+0000 7ff6e9000700 1 -- 172.21.15.45:0/2795239105 >> 172.21.15.45:0/2795239105 conn(0x7ff6e407dbe0 msgr2=0x7ff6e41083c0 unknown :-1 s=STATE_NONE l=0).mark_down
2024-04-25T18:46:58.713 INFO:teuthology.orchestra.run.smithi045.stdout:/usr/bin/ceph: stderr
2024-04-25T18:46:51.411+0000 7ff6e9000700 1 -- 172.21.15.45:0/2795239105 shutdown_connections
2024-04-25T18:46:58.713 INFO:teuthology.orchestra.run.smithi045.stdout:/usr/bin/ceph: stderr
2024-04-25T18:46:51.411+0000 7ff6e9000700 1 -- 172.21.15.45:0/2795239105 wait complete.
2024-04-25T18:46:58.713 INFO:teuthology.orchestra.run.smithi045.stdout:/usr/bin/ceph: stderr
2024-04-25T18:46:51.412+0000 7ff6e9000700 1 Processor -- start
2024-04-25T18:46:58.713 INFO:teuthology.orchestra.run.smithi045.stdout:/usr/bin/ceph: stderr
2024-04-25T18:46:51.412+0000 7ff6e9000700 1 -- start start
2024-04-25T18:46:58.713 INFO:teuthology.orchestra.run.smithi045.stdout:/usr/bin/ceph: stderr
2024-04-25T18:46:51.412+0000 7ff6e9000700 1 --2- >> [v2:172.21.15.45:3300/0,v1:172.21.15.45:6789/0] conn(0x7ff6e410a820 0x7ff6e419e7b0 unknown :-1 s=NONE pgs=0 cs=0 l=1 rev1=0 crypto rx=0 tx=0 comp rx=0 tx=0).connect
2024-04-25T18:46:58.713 INFO:teuthology.orchestra.run.smithi045.stdout:/usr/bin/ceph: stderr
2024-04-25T18:46:51.412+0000 7ff6e9000700 1 -- --> [v2:172.21.15.45:3300/0,v1:172.21.15.45:6789/0] -- mon_getmap magic: 0 -- 0x7ff6e410ec50 con 0x7ff6e410a820
2024-04-25T18:46:58.713 INFO:teuthology.orchestra.run.smithi045.stdout:/usr/bin/ceph: stderr
2024-04-25T18:46:51.413+0000 7ff6e1e00700 1 --2- >> [v2:172.21.15.45:3300/0,v1:172.21.15.45:6789/0] conn(0x7ff6e410a820 0x7ff6e419e7b0 unknown :-1 s=BANNER_CONNECTING pgs=0 cs=0 l=1 rev1=0 crypto rx=0 tx=0 comp rx=0 tx=0)._handle_peer_banner_payload supported=3 required=0
2024-04-25T18:46:58.713 INFO:teuthology.orchestra.run.smithi045.stdout:/usr/bin/ceph: stderr
2024-04-25T18:46:51.413+0000 7ff6e1e00700 1 --2- >> [v2:172.21.15.45:3300/0,v1:172.21.15.45:6789/0] conn(0x7ff6e410a820 0x7ff6e419e7b0 unknown :-1 s=HELLO_CONNECTING pgs=0 cs=0 l=1 rev1=1 crypto rx=0 tx=0 comp rx=0 tx=0).handle_hello peer v2:172.21.15.45:3300/0 says I am v2:172.21.15.45:37636/0 (socket says 172.21.15.45:37636)
2024-04-25T18:46:58.714 INFO:teuthology.orchestra.run.smithi045.stdout:/usr/bin/ceph: stderr
2024-04-25T18:46:51.413+0000 7ff6e1e00700 1 -- 172.21.15.45:0/502560076 learned_addr learned my addr 172.21.15.45:0/502560076 (peer_addr_for_me v2:172.21.15.45:0/0)
2024-04-25T18:46:58.714 INFO:teuthology.orchestra.run.smithi045.stdout:/usr/bin/ceph: stderr
2024-04-25T18:46:51.413+0000 7ff6e1e00700 1 -- 172.21.15.45:0/502560076 --> [v2:172.21.15.45:3300/0,v1:172.21.15.45:6789/0] -- mon_subscribe({config=0+,monmap=0+}) -- 0x7ff6e419ecf0 con 0x7ff6e410a820
2024-04-25T18:46:58.714 INFO:teuthology.orchestra.run.smithi045.stdout:/usr/bin/ceph: stderr
2024-04-25T18:46:51.413+0000 7ff6e1e00700 1 --2- 172.21.15.45:0/502560076 >> [v2:172.21.15.45:3300/0,v1:172.21.15.45:6789/0] conn(0x7ff6e410a820 0x7ff6e419e7b0 secure :-1 s=READY pgs=46 cs=0 l=1 rev1=1 crypto rx=0x7ff6d40117b0 tx=0x7ff6d4011b70 comp rx=0 tx=0).ready entity=mon.0 client_cookie=0 server_cookie=0 in_seq=0 out_seq=0
2024-04-25T18:46:58.714 INFO:teuthology.orchestra.run.smithi045.stdout:/usr/bin/ceph: stderr
2024-04-25T18:46:51.414+0000 7ff6db400700 1 -- 172.21.15.45:0/502560076 <== mon.0 v2:172.21.15.45:3300/0 1 ==== mon_map magic: 0 ==== 205+0+0 (secure 0 0 0) 0x7ff6d4003af0 con 0x7ff6e410a820
2024-04-25T18:46:58.714 INFO:teuthology.orchestra.run.smithi045.stdout:/usr/bin/ceph: stderr
2024-04-25T18:46:51.414+0000 7ff6db400700 1 -- 172.21.15.45:0/502560076 <== mon.0 v2:172.21.15.45:3300/0 2 ==== config(26 keys) ==== 1070+0+0 (secure 0 0 0) 0x7ff6d4020070 con 0x7ff6e410a820
2024-04-25T18:46:58.714 INFO:teuthology.orchestra.run.smithi045.stdout:/usr/bin/ceph: stderr
2024-04-25T18:46:51.414+0000 7ff6e9000700 1 -- 172.21.15.45:0/502560076 --> [v2:172.21.15.45:3300/0,v1:172.21.15.45:6789/0] -- mon_subscribe({mgrmap=0+}) -- 0x7ff6e419ef80 con 0x7ff6e410a820
2024-04-25T18:46:58.714 INFO:teuthology.orchestra.run.smithi045.stdout:/usr/bin/ceph: stderr
2024-04-25T18:46:51.414+0000 7ff6db400700 1 -- 172.21.15.45:0/502560076 <== mon.0 v2:172.21.15.45:3300/0 3 ==== mon_map magic: 0 ==== 205+0+0 (secure 0 0 0) 0x7ff6d4019630 con 0x7ff6e410a820
2024-04-25T18:46:58.714 INFO:teuthology.orchestra.run.smithi045.stdout:/usr/bin/ceph: stderr
2024-04-25T18:46:51.414+0000 7ff6e9000700 1 -- 172.21.15.45:0/502560076 --> [v2:172.21.15.45:3300/0,v1:172.21.15.45:6789/0] -- mon_subscribe({osdmap=0}) -- 0x7ff6e41a1c70 con 0x7ff6e410a820
2024-04-25T18:46:58.714 INFO:teuthology.orchestra.run.smithi045.stdout:/usr/bin/ceph: stderr
2024-04-25T18:46:51.415+0000 7ff6db400700 1 -- 172.21.15.45:0/502560076 <== mon.0 v2:172.21.15.45:3300/0 4 ==== mgrmap(e 8) ==== 46558+0+0 (secure 0 0 0) 0x7ff6d401a9c0 con 0x7ff6e410a820
2024-04-25T18:46:58.714 INFO:teuthology.orchestra.run.smithi045.stdout:/usr/bin/ceph: stderr
2024-04-25T18:46:51.415+0000 7ff6e9000700 1 -- 172.21.15.45:0/502560076 --> [v2:172.21.15.45:3300/0,v1:172.21.15.45:6789/0] -- mon_command({"prefix": "get_command_descriptions"} v 0) -- 0x7ff6e410edd0 con 0x7ff6e410a820
2024-04-25T18:46:58.714 INFO:teuthology.orchestra.run.smithi045.stdout:/usr/bin/ceph: stderr
2024-04-25T18:46:51.415+0000 7ff6db400700 1 --2- 172.21.15.45:0/502560076 >> [v2:172.21.15.45:6800/3065212608,v1:172.21.15.45:6801/3065212608] conn(0x7ff6c8039600 0x7ff6c803bac0 unknown :-1 s=NONE pgs=0 cs=0 l=1 rev1=0 crypto rx=0 tx=0 comp rx=0 tx=0).connect
2024-04-25T18:46:58.714 INFO:teuthology.orchestra.run.smithi045.stdout:/usr/bin/ceph: stderr
2024-04-25T18:46:51.416+0000 7ff6db400700 1 -- 172.21.15.45:0/502560076 <== mon.0 v2:172.21.15.45:3300/0 5 ==== osd_map(2..2 src has 1..2) ==== 940+0+0 (secure 0 0 0) 0x7ff6d404dbf0 con 0x7ff6e410a820
2024-04-25T18:46:58.714 INFO:teuthology.orchestra.run.smithi045.stdout:/usr/bin/ceph: stderr
2024-04-25T18:46:51.416+0000 7ff6d9400700 1 --2- 172.21.15.45:0/502560076 >> [v2:172.21.15.45:6800/3065212608,v1:172.21.15.45:6801/3065212608] conn(0x7ff6c8039600 0x7ff6c803bac0 unknown :-1 s=BANNER_CONNECTING pgs=0 cs=0 l=1 rev1=0 crypto rx=0 tx=0 comp rx=0 tx=0)._handle_peer_banner_payload supported=3 required=0
2024-04-25T18:46:58.714 INFO:teuthology.orchestra.run.smithi045.stdout:/usr/bin/ceph: stderr
2024-04-25T18:46:51.416+0000 7ff6d9400700 1 --2- 172.21.15.45:0/502560076 >> [v2:172.21.15.45:6800/3065212608,v1:172.21.15.45:6801/3065212608] conn(0x7ff6c8039600 0x7ff6c803bac0 secure :-1 s=READY pgs=11 cs=0 l=1 rev1=1 crypto rx=0x7ff6cc006fd0 tx=0x7ff6cc006e40 comp rx=0 tx=0).ready entity=mgr.14120 client_cookie=0 server_cookie=0 in_seq=0 out_seq=0
2024-04-25T18:46:58.714 INFO:teuthology.orchestra.run.smithi045.stdout:/usr/bin/ceph: stderr
2024-04-25T18:46:51.421+0000 7ff6db400700 1 -- 172.21.15.45:0/502560076 <== mon.0 v2:172.21.15.45:3300/0 6 ==== mon_command_ack([{"prefix": "get_command_descriptions"}]=0 v0) ==== 72+0+188370 (secure 0 0 0) 0x7ff6d40042a0 con 0x7ff6e410a820
2024-04-25T18:46:58.715 INFO:teuthology.orchestra.run.smithi045.stdout:/usr/bin/ceph: stderr
2024-04-25T18:46:51.656+0000 7ff6e9000700 1 -- 172.21.15.45:0/502560076 --> [v2:172.21.15.45:6800/3065212608,v1:172.21.15.45:6801/3065212608] -- mgr_command(tid 0: {"prefix": "orch host add", "hostname": "smithi045", "addr": "172.21.15.45", "target": ["mon-mgr", ""]}) -- 0x7ff6e4108290 con 0x7ff6c8039600
2024-04-25T18:46:58.715 INFO:teuthology.orchestra.run.smithi045.stdout:/usr/bin/ceph: stderr
2024-04-25T18:46:57.935+0000 7ff6db400700 1 -- 172.21.15.45:0/502560076 <== mgr.14120 v2:172.21.15.45:6800/3065212608 1 ==== mgr_command_reply(tid 0: 0 ) ==== 8+0+48 (secure 0 0 0) 0x7ff6e4108290 con 0x7ff6c8039600
2024-04-25T18:46:58.715 INFO:teuthology.orchestra.run.smithi045.stdout:/usr/bin/ceph: stderr
2024-04-25T18:46:57.940+0000 7ff6e9000700 1 -- 172.21.15.45:0/502560076 >> [v2:172.21.15.45:6800/3065212608,v1:172.21.15.45:6801/3065212608] conn(0x7ff6c8039600 msgr2=0x7ff6c803bac0 secure :-1 s=STATE_CONNECTION_ESTABLISHED l=1).mark_down
2024-04-25T18:46:58.715 INFO:teuthology.orchestra.run.smithi045.stdout:/usr/bin/ceph: stderr
2024-04-25T18:46:57.940+0000 7ff6e9000700 1 --2- 172.21.15.45:0/502560076 >> [v2:172.21.15.45:6800/3065212608,v1:172.21.15.45:6801/3065212608] conn(0x7ff6c8039600 0x7ff6c803bac0 secure :-1 s=READY pgs=11 cs=0 l=1 rev1=1 crypto rx=0x7ff6cc006fd0 tx=0x7ff6cc006e40 comp rx=0 tx=0).stop
2024-04-25T18:46:58.715 INFO:teuthology.orchestra.run.smithi045.stdout:/usr/bin/ceph: stderr
2024-04-25T18:46:57.940+0000 7ff6e9000700 1 -- 172.21.15.45:0/502560076 >> [v2:172.21.15.45:3300/0,v1:172.21.15.45:6789/0] conn(0x7ff6e410a820 msgr2=0x7ff6e419e7b0 secure :-1 s=STATE_CONNECTION_ESTABLISHED l=1).mark_down
2024-04-25T18:46:58.715 INFO:teuthology.orchestra.run.smithi045.stdout:/usr/bin/ceph: stderr
2024-04-25T18:46:57.940+0000 7ff6e9000700 1 --2- 172.21.15.45:0/502560076 >> [v2:172.21.15.45:3300/0,v1:172.21.15.45:6789/0] conn(0x7ff6e410a820 0x7ff6e419e7b0 secure :-1 s=READY pgs=46 cs=0 l=1 rev1=1 crypto rx=0x7ff6d40117b0 tx=0x7ff6d4011b70 comp rx=0 tx=0).stop
2024-04-25T18:46:58.715 INFO:teuthology.orchestra.run.smithi045.stdout:/usr/bin/ceph: stderr
2024-04-25T18:46:57.940+0000 7ff6e9000700 1 -- 172.21.15.45:0/502560076 shutdown_connections
2024-04-25T18:46:58.715 INFO:teuthology.orchestra.run.smithi045.stdout:/usr/bin/ceph: stderr
2024-04-25T18:46:57.940+0000 7ff6e9000700 1 --2- 172.21.15.45:0/502560076 >> [v2:172.21.15.45:6800/3065212608,v1:172.21.15.45:6801/3065212608] conn(0x7ff6c8039600 0x7ff6c803bac0 unknown :-1 s=CLOSED pgs=11 cs=0 l=1 rev1=1 crypto rx=0 tx=0 comp rx=0 tx=0).stop
2024-04-25T18:46:58.715 INFO:teuthology.orchestra.run.smithi045.stdout:/usr/bin/ceph: stderr
2024-04-25T18:46:57.940+0000 7ff6e9000700 1 --2- 172.21.15.45:0/502560076 >> [v2:172.21.15.45:3300/0,v1:172.21.15.45:6789/0] conn(0x7ff6e410a820 0x7ff6e419e7b0 unknown :-1 s=CLOSED pgs=46 cs=0 l=1 rev1=1 crypto rx=0 tx=0 comp rx=0 tx=0).stop
2024-04-25T18:46:58.715 INFO:teuthology.orchestra.run.smithi045.stdout:/usr/bin/ceph: stderr
2024-04-25T18:46:57.940+0000 7ff6e9000700 1 -- 172.21.15.45:0/502560076 >> 172.21.15.45:0/502560076 conn(0x7ff6e407dbe0 msgr2=0x7ff6e4107b80 unknown :-1 s=STATE_NONE l=0).mark_down
2024-04-25T18:46:58.715 INFO:teuthology.orchestra.run.smithi045.stdout:/usr/bin/ceph: stderr
2024-04-25T18:46:57.941+0000 7ff6e9000700 1 -- 172.21.15.45:0/502560076 shutdown_connections
2024-04-25T18:46:58.715 INFO:teuthology.orchestra.run.smithi045.stdout:/usr/bin/ceph: stderr
2024-04-25T18:46:57.941+0000 7ff6e9000700 1 -- 172.21.15.45:0/502560076 wait complete.
2024-04-25T18:46:58.715 INFO:teuthology.orchestra.run.smithi045.stdout:Deploying unmanaged mon service...
2024-04-25T18:46:58.963 INFO:journalctl@ceph.mon.a.smithi045.stdout:Apr 25 18:46:58 smithi045 ceph-mon[27776]: from='mgr.14120 172.21.15.45:0/2502728808' entity='mgr.x'
2024-04-25T18:46:58.964 INFO:journalctl@ceph.mon.a.smithi045.stdout:Apr 25 18:46:58 smithi045 ceph-mon[27776]: Added host smithi045
2024-04-25T18:46:58.964 INFO:journalctl@ceph.mon.a.smithi045.stdout:Apr 25 18:46:58 smithi045 ceph-mon[27776]: from='mgr.14120 172.21.15.45:0/2502728808' entity='mgr.x' cmd=[{"prefix": "config dump", "format": "json"}]: dispatch
2024-04-25T18:47:00.391 INFO:teuthology.orchestra.run.smithi045.stdout:/usr/bin/ceph: stdout Scheduled mon update...
2024-04-25T18:47:00.391 INFO:teuthology.orchestra.run.smithi045.stdout:/usr/bin/ceph: stderr
2024-04-25T18:46:59.368+0000 7f2ab7a00700 1 Processor -- start
2024-04-25T18:47:00.392 INFO:teuthology.orchestra.run.smithi045.stdout:/usr/bin/ceph: stderr
2024-04-25T18:46:59.368+0000 7f2ab7a00700 1 -- start start
2024-04-25T18:47:00.392 INFO:teuthology.orchestra.run.smithi045.stdout:/usr/bin/ceph: stderr
2024-04-25T18:46:59.369+0000 7f2ab7a00700 1 --2- >> [v2:172.21.15.45:3300/0,v1:172.21.15.45:6789/0] conn(0x7f2ab0108610 0x7f2ab0108a30 unknown :-1 s=NONE pgs=0 cs=0 l=0 rev1=0 crypto rx=0 tx=0 comp rx=0 tx=0).connect
2024-04-25T18:47:00.392 INFO:teuthology.orchestra.run.smithi045.stdout:/usr/bin/ceph: stderr
2024-04-25T18:46:59.369+0000 7f2ab7a00700 1 -- --> [v2:172.21.15.45:3300/0,v1:172.21.15.45:6789/0] -- mon_getmap magic: 0 -- 0x7f2ab0109000 con 0x7f2ab0108610
2024-04-25T18:47:00.392 INFO:teuthology.orchestra.run.smithi045.stdout:/usr/bin/ceph: stderr
2024-04-25T18:46:59.369+0000 7f2ab5000700 1 --2- >> [v2:172.21.15.45:3300/0,v1:172.21.15.45:6789/0] conn(0x7f2ab0108610 0x7f2ab0108a30 unknown :-1 s=BANNER_CONNECTING pgs=0 cs=0 l=0 rev1=0 crypto rx=0 tx=0 comp rx=0 tx=0)._handle_peer_banner_payload supported=3 required=0
2024-04-25T18:47:00.392 INFO:teuthology.orchestra.run.smithi045.stdout:/usr/bin/ceph: stderr
2024-04-25T18:46:59.369+0000 7f2ab5000700 1 --2- >> [v2:172.21.15.45:3300/0,v1:172.21.15.45:6789/0] conn(0x7f2ab0108610 0x7f2ab0108a30 unknown :-1 s=HELLO_CONNECTING pgs=0 cs=0 l=0 rev1=1 crypto rx=0 tx=0 comp rx=0 tx=0).handle_hello peer v2:172.21.15.45:3300/0 says I am v2:172.21.15.45:56484/0 (socket says 172.21.15.45:56484)
2024-04-25T18:47:00.392 INFO:teuthology.orchestra.run.smithi045.stdout:/usr/bin/ceph: stderr
2024-04-25T18:46:59.369+0000 7f2ab5000700 1 -- 172.21.15.45:0/3488837193 learned_addr learned my addr 172.21.15.45:0/3488837193 (peer_addr_for_me v2:172.21.15.45:0/0)
2024-04-25T18:47:00.392 INFO:teuthology.orchestra.run.smithi045.stdout:/usr/bin/ceph: stderr
2024-04-25T18:46:59.370+0000 7f2ab5000700 1 -- 172.21.15.45:0/3488837193 --> [v2:172.21.15.45:3300/0,v1:172.21.15.45:6789/0] -- mon_subscribe({config=0+,monmap=0+}) -- 0x7f2ab0109810 con 0x7f2ab0108610
2024-04-25T18:47:00.392 INFO:teuthology.orchestra.run.smithi045.stdout:/usr/bin/ceph: stderr
2024-04-25T18:46:59.370+0000 7f2ab5000700 1 --2- 172.21.15.45:0/3488837193 >> [v2:172.21.15.45:3300/0,v1:172.21.15.45:6789/0] conn(0x7f2ab0108610 0x7f2ab0108a30 secure :-1 s=READY pgs=47 cs=0 l=1 rev1=1 crypto rx=0x7f2aa40098a0 tx=0x7f2aa4009bb0 comp rx=0 tx=0).ready entity=mon.0 client_cookie=f175e838a1edd3a5 server_cookie=0 in_seq=0 out_seq=0
2024-04-25T18:47:00.392 INFO:teuthology.orchestra.run.smithi045.stdout:/usr/bin/ceph: stderr
2024-04-25T18:46:59.370+0000 7f2aaf400700 1 -- 172.21.15.45:0/3488837193 <== mon.0 v2:172.21.15.45:3300/0 1 ==== mon_map magic: 0 ==== 205+0+0 (secure 0 0 0) 0x7f2aa4004160 con 0x7f2ab0108610
2024-04-25T18:47:00.392 INFO:teuthology.orchestra.run.smithi045.stdout:/usr/bin/ceph: stderr
2024-04-25T18:46:59.371+0000 7f2aaf400700 1 -- 172.21.15.45:0/3488837193 <== mon.0 v2:172.21.15.45:3300/0 2 ==== config(26 keys) ==== 1070+0+0 (secure 0 0 0) 0x7f2aa4004300 con 0x7f2ab0108610
2024-04-25T18:47:00.392 INFO:teuthology.orchestra.run.smithi045.stdout:/usr/bin/ceph: stderr
2024-04-25T18:46:59.371+0000 7f2aaf400700 1 -- 172.21.15.45:0/3488837193 <== mon.0 v2:172.21.15.45:3300/0 3 ==== mon_map magic: 0 ==== 205+0+0 (secure 0 0 0) 0x7f2aa4011af0 con 0x7f2ab0108610
2024-04-25T18:47:00.392 INFO:teuthology.orchestra.run.smithi045.stdout:/usr/bin/ceph: stderr
2024-04-25T18:46:59.371+0000 7f2ab7a00700 1 -- 172.21.15.45:0/3488837193 >> [v2:172.21.15.45:3300/0,v1:172.21.15.45:6789/0] conn(0x7f2ab0108610 msgr2=0x7f2ab0108a30 secure :-1 s=STATE_CONNECTION_ESTABLISHED l=1).mark_down
2024-04-25T18:47:00.392 INFO:teuthology.orchestra.run.smithi045.stdout:/usr/bin/ceph: stderr
2024-04-25T18:46:59.371+0000 7f2ab7a00700 1 --2- 172.21.15.45:0/3488837193 >> [v2:172.21.15.45:3300/0,v1:172.21.15.45:6789/0] conn(0x7f2ab0108610 0x7f2ab0108a30 secure :-1 s=READY pgs=47 cs=0 l=1 rev1=1 crypto rx=0x7f2aa40098a0 tx=0x7f2aa4009bb0 comp rx=0 tx=0).stop
2024-04-25T18:47:00.392 INFO:teuthology.orchestra.run.smithi045.stdout:/usr/bin/ceph: stderr
2024-04-25T18:46:59.371+0000 7f2ab7a00700 1 -- 172.21.15.45:0/3488837193 shutdown_connections
2024-04-25T18:47:00.392 INFO:teuthology.orchestra.run.smithi045.stdout:/usr/bin/ceph: stderr
2024-04-25T18:46:59.371+0000 7f2ab7a00700 1 --2- 172.21.15.45:0/3488837193 >> [v2:172.21.15.45:3300/0,v1:172.21.15.45:6789/0] conn(0x7f2ab0108610 0x7f2ab0108a30 unknown :-1 s=CLOSED pgs=47 cs=0 l=1 rev1=1 crypto rx=0 tx=0 comp rx=0 tx=0).stop
2024-04-25T18:47:00.393 INFO:teuthology.orchestra.run.smithi045.stdout:/usr/bin/ceph: stderr
2024-04-25T18:46:59.371+0000 7f2ab7a00700 1 -- 172.21.15.45:0/3488837193 >> 172.21.15.45:0/3488837193 conn(0x7f2ab0103c70 msgr2=0x7f2ab0106090 unknown :-1 s=STATE_NONE l=0).mark_down
2024-04-25T18:47:00.393 INFO:teuthology.orchestra.run.smithi045.stdout:/usr/bin/ceph: stderr
2024-04-25T18:46:59.372+0000 7f2ab7a00700 1 -- 172.21.15.45:0/3488837193 shutdown_connections
2024-04-25T18:47:00.393 INFO:teuthology.orchestra.run.smithi045.stdout:/usr/bin/ceph: stderr
2024-04-25T18:46:59.372+0000 7f2ab7a00700 1 -- 172.21.15.45:0/3488837193 wait complete.
2024-04-25T18:47:00.393 INFO:teuthology.orchestra.run.smithi045.stdout:/usr/bin/ceph: stderr
2024-04-25T18:46:59.373+0000 7f2ab7a00700 1 Processor -- start
2024-04-25T18:47:00.393 INFO:teuthology.orchestra.run.smithi045.stdout:/usr/bin/ceph: stderr
2024-04-25T18:46:59.373+0000 7f2ab7a00700 1 -- start start
2024-04-25T18:47:00.393 INFO:teuthology.orchestra.run.smithi045.stdout:/usr/bin/ceph: stderr
2024-04-25T18:46:59.373+0000 7f2ab7a00700 1 --2- >> [v2:172.21.15.45:3300/0,v1:172.21.15.45:6789/0] conn(0x7f2ab0108610 0x7f2ab019e770 unknown :-1 s=NONE pgs=0 cs=0 l=1 rev1=0 crypto rx=0 tx=0 comp rx=0 tx=0).connect
2024-04-25T18:47:00.393 INFO:teuthology.orchestra.run.smithi045.stdout:/usr/bin/ceph: stderr
2024-04-25T18:46:59.373+0000 7f2ab7a00700 1 -- --> [v2:172.21.15.45:3300/0,v1:172.21.15.45:6789/0] -- mon_getmap magic: 0 -- 0x7f2ab010ca40 con 0x7f2ab0108610
2024-04-25T18:47:00.393 INFO:teuthology.orchestra.run.smithi045.stdout:/usr/bin/ceph: stderr
2024-04-25T18:46:59.374+0000 7f2ab5000700 1 --2- >> [v2:172.21.15.45:3300/0,v1:172.21.15.45:6789/0] conn(0x7f2ab0108610 0x7f2ab019e770 unknown :-1 s=BANNER_CONNECTING pgs=0 cs=0 l=1 rev1=0 crypto rx=0 tx=0 comp rx=0 tx=0)._handle_peer_banner_payload supported=3 required=0
2024-04-25T18:47:00.393 INFO:teuthology.orchestra.run.smithi045.stdout:/usr/bin/ceph: stderr
2024-04-25T18:46:59.374+0000 7f2ab5000700 1 --2- >> [v2:172.21.15.45:3300/0,v1:172.21.15.45:6789/0] conn(0x7f2ab0108610 0x7f2ab019e770 unknown :-1 s=HELLO_CONNECTING pgs=0 cs=0 l=1 rev1=1 crypto rx=0 tx=0 comp rx=0 tx=0).handle_hello peer v2:172.21.15.45:3300/0 says I am v2:172.21.15.45:56496/0 (socket says 172.21.15.45:56496)
2024-04-25T18:47:00.393 INFO:teuthology.orchestra.run.smithi045.stdout:/usr/bin/ceph: stderr
2024-04-25T18:46:59.374+0000 7f2ab5000700 1 -- 172.21.15.45:0/2749550090 learned_addr learned my addr 172.21.15.45:0/2749550090 (peer_addr_for_me v2:172.21.15.45:0/0)
2024-04-25T18:47:00.393 INFO:teuthology.orchestra.run.smithi045.stdout:/usr/bin/ceph: stderr
2024-04-25T18:46:59.374+0000 7f2ab5000700 1 -- 172.21.15.45:0/2749550090 --> [v2:172.21.15.45:3300/0,v1:172.21.15.45:6789/0] -- mon_subscribe({config=0+,monmap=0+}) -- 0x7f2ab019ecb0 con 0x7f2ab0108610
2024-04-25T18:47:00.393 INFO:teuthology.orchestra.run.smithi045.stdout:/usr/bin/ceph: stderr
2024-04-25T18:46:59.374+0000 7f2ab5000700 1 --2- 172.21.15.45:0/2749550090 >> [v2:172.21.15.45:3300/0,v1:172.21.15.45:6789/0] conn(0x7f2ab0108610 0x7f2ab019e770 secure :-1 s=READY pgs=48 cs=0 l=1 rev1=1 crypto rx=0x7f2aa40117b0 tx=0x7f2aa4011b70 comp rx=0 tx=0).ready entity=mon.0 client_cookie=0 server_cookie=0 in_seq=0 out_seq=0
2024-04-25T18:47:00.393 INFO:teuthology.orchestra.run.smithi045.stdout:/usr/bin/ceph: stderr
2024-04-25T18:46:59.374+0000 7f2aad600700 1 -- 172.21.15.45:0/2749550090 <== mon.0 v2:172.21.15.45:3300/0 1 ==== mon_map magic: 0 ==== 205+0+0 (secure 0 0 0) 0x7f2aa4003af0 con 0x7f2ab0108610
2024-04-25T18:47:00.393 INFO:teuthology.orchestra.run.smithi045.stdout:/usr/bin/ceph: stderr
2024-04-25T18:46:59.375+0000 7f2aad600700 1 -- 172.21.15.45:0/2749550090 <== mon.0 v2:172.21.15.45:3300/0 2 ==== config(26 keys) ==== 1070+0+0 (secure 0 0 0) 0x7f2aa4020070 con 0x7f2ab0108610
2024-04-25T18:47:00.393 INFO:teuthology.orchestra.run.smithi045.stdout:/usr/bin/ceph: stderr
2024-04-25T18:46:59.375+0000 7f2aad600700 1 -- 172.21.15.45:0/2749550090 <== mon.0 v2:172.21.15.45:3300/0 3 ==== mon_map magic: 0 ==== 205+0+0 (secure 0 0 0) 0x7f2aa4019630 con 0x7f2ab0108610
2024-04-25T18:47:00.394 INFO:teuthology.orchestra.run.smithi045.stdout:/usr/bin/ceph: stderr
2024-04-25T18:46:59.375+0000 7f2ab7a00700 1 -- 172.21.15.45:0/2749550090 --> [v2:172.21.15.45:3300/0,v1:172.21.15.45:6789/0] -- mon_subscribe({mgrmap=0+}) -- 0x7f2ab019ef40 con 0x7f2ab0108610
2024-04-25T18:47:00.394 INFO:teuthology.orchestra.run.smithi045.stdout:/usr/bin/ceph: stderr
2024-04-25T18:46:59.375+0000 7f2ab7a00700 1 -- 172.21.15.45:0/2749550090 --> [v2:172.21.15.45:3300/0,v1:172.21.15.45:6789/0] -- mon_subscribe({osdmap=0}) -- 0x7f2ab01a1c30 con 0x7f2ab0108610
2024-04-25T18:47:00.394 INFO:teuthology.orchestra.run.smithi045.stdout:/usr/bin/ceph: stderr
2024-04-25T18:46:59.376+0000 7f2aad600700 1 -- 172.21.15.45:0/2749550090 <== mon.0 v2:172.21.15.45:3300/0 4 ==== mgrmap(e 8) ==== 46558+0+0 (secure 0 0 0) 0x7f2aa401a9c0 con 0x7f2ab0108610
2024-04-25T18:47:00.394 INFO:teuthology.orchestra.run.smithi045.stdout:/usr/bin/ceph: stderr
2024-04-25T18:46:59.376+0000 7f2ab7a00700 1 -- 172.21.15.45:0/2749550090 --> [v2:172.21.15.45:3300/0,v1:172.21.15.45:6789/0] -- mon_command({"prefix": "get_command_descriptions"} v 0) -- 0x7f2ab010cbc0 con 0x7f2ab0108610
2024-04-25T18:47:00.394 INFO:teuthology.orchestra.run.smithi045.stdout:/usr/bin/ceph: stderr
2024-04-25T18:46:59.376+0000 7f2aad600700 1 --2- 172.21.15.45:0/2749550090 >> [v2:172.21.15.45:6800/3065212608,v1:172.21.15.45:6801/3065212608] conn(0x7f2a98039600 0x7f2a9803bac0 unknown :-1 s=NONE pgs=0 cs=0 l=1 rev1=0 crypto rx=0 tx=0 comp rx=0 tx=0).connect
2024-04-25T18:47:00.394 INFO:teuthology.orchestra.run.smithi045.stdout:/usr/bin/ceph: stderr
2024-04-25T18:46:59.376+0000 7f2aad600700 1 -- 172.21.15.45:0/2749550090 <== mon.0 v2:172.21.15.45:3300/0 5 ==== osd_map(2..2 src has 1..2) ==== 940+0+0 (secure 0 0 0) 0x7f2aa404db30 con 0x7f2ab0108610
2024-04-25T18:47:00.394 INFO:teuthology.orchestra.run.smithi045.stdout:/usr/bin/ceph: stderr
2024-04-25T18:46:59.377+0000 7f2aafe00700 1 --2- 172.21.15.45:0/2749550090 >> [v2:172.21.15.45:6800/3065212608,v1:172.21.15.45:6801/3065212608] conn(0x7f2a98039600 0x7f2a9803bac0 unknown :-1 s=BANNER_CONNECTING pgs=0 cs=0 l=1 rev1=0 crypto rx=0 tx=0 comp rx=0 tx=0)._handle_peer_banner_payload supported=3 required=0
2024-04-25T18:47:00.394 INFO:teuthology.orchestra.run.smithi045.stdout:/usr/bin/ceph: stderr
2024-04-25T18:46:59.377+0000 7f2aafe00700 1 --2- 172.21.15.45:0/2749550090 >> [v2:172.21.15.45:6800/3065212608,v1:172.21.15.45:6801/3065212608] conn(0x7f2a98039600 0x7f2a9803bac0 secure :-1 s=READY pgs=12 cs=0 l=1 rev1=1 crypto rx=0x7f2a9c006fd0 tx=0x7f2a9c006e40 comp rx=0 tx=0).ready entity=mgr.14120 client_cookie=0 server_cookie=0 in_seq=0 out_seq=0
2024-04-25T18:47:00.394 INFO:teuthology.orchestra.run.smithi045.stdout:/usr/bin/ceph: stderr
2024-04-25T18:46:59.382+0000 7f2aad600700 1 -- 172.21.15.45:0/2749550090 <== mon.0 v2:172.21.15.45:3300/0 6 ==== mon_command_ack([{"prefix": "get_command_descriptions"}]=0 v0) ==== 72+0+188370 (secure 0 0 0) 0x7f2aa400e260 con 0x7f2ab0108610
2024-04-25T18:47:00.394 INFO:teuthology.orchestra.run.smithi045.stdout:/usr/bin/ceph: stderr
2024-04-25T18:46:59.630+0000 7f2ab7a00700 1 -- 172.21.15.45:0/2749550090 --> [v2:172.21.15.45:6800/3065212608,v1:172.21.15.45:6801/3065212608] -- mgr_command(tid 0: {"prefix": "orch apply", "service_type": "mon", "unmanaged": true, "target": ["mon-mgr", ""]}) -- 0x7f2ab0104f10 con 0x7f2a98039600
2024-04-25T18:47:00.394 INFO:teuthology.orchestra.run.smithi045.stdout:/usr/bin/ceph: stderr
2024-04-25T18:46:59.642+0000 7f2aad600700 1 -- 172.21.15.45:0/2749550090 <== mgr.14120 v2:172.21.15.45:6800/3065212608 1 ==== mgr_command_reply(tid 0: 0 ) ==== 8+0+24 (secure 0 0 0) 0x7f2ab0104f10 con 0x7f2a98039600
2024-04-25T18:47:00.394 INFO:teuthology.orchestra.run.smithi045.stdout:/usr/bin/ceph: stderr
2024-04-25T18:46:59.646+0000 7f2ab7a00700 1 -- 172.21.15.45:0/2749550090 >> [v2:172.21.15.45:6800/3065212608,v1:172.21.15.45:6801/3065212608] conn(0x7f2a98039600 msgr2=0x7f2a9803bac0 secure :-1 s=STATE_CONNECTION_ESTABLISHED l=1).mark_down
2024-04-25T18:47:00.394 INFO:teuthology.orchestra.run.smithi045.stdout:/usr/bin/ceph: stderr
2024-04-25T18:46:59.646+0000 7f2ab7a00700 1 --2- 172.21.15.45:0/2749550090 >> [v2:172.21.15.45:6800/3065212608,v1:172.21.15.45:6801/3065212608] conn(0x7f2a98039600 0x7f2a9803bac0 secure :-1 s=READY pgs=12 cs=0 l=1 rev1=1 crypto rx=0x7f2a9c006fd0 tx=0x7f2a9c006e40 comp rx=0 tx=0).stop
2024-04-25T18:47:00.395 INFO:teuthology.orchestra.run.smithi045.stdout:/usr/bin/ceph: stderr
2024-04-25T18:46:59.646+0000 7f2ab7a00700 1 -- 172.21.15.45:0/2749550090 >> [v2:172.21.15.45:3300/0,v1:172.21.15.45:6789/0] conn(0x7f2ab0108610 msgr2=0x7f2ab019e770 secure :-1 s=STATE_CONNECTION_ESTABLISHED l=1).mark_down
2024-04-25T18:47:00.395 INFO:teuthology.orchestra.run.smithi045.stdout:/usr/bin/ceph: stderr
2024-04-25T18:46:59.646+0000 7f2ab7a00700 1 --2- 172.21.15.45:0/2749550090 >> [v2:172.21.15.45:3300/0,v1:172.21.15.45:6789/0] conn(0x7f2ab0108610 0x7f2ab019e770 secure :-1 s=READY pgs=48 cs=0 l=1 rev1=1 crypto rx=0x7f2aa40117b0 tx=0x7f2aa4011b70 comp rx=0 tx=0).stop
2024-04-25T18:47:00.395 INFO:teuthology.orchestra.run.smithi045.stdout:/usr/bin/ceph: stderr
2024-04-25T18:46:59.646+0000 7f2ab7a00700 1 -- 172.21.15.45:0/2749550090 shutdown_connections
2024-04-25T18:47:00.395 INFO:teuthology.orchestra.run.smithi045.stdout:/usr/bin/ceph: stderr
2024-04-25T18:46:59.646+0000 7f2ab7a00700 1 --2- 172.21.15.45:0/2749550090 >> [v2:172.21.15.45:6800/3065212608,v1:172.21.15.45:6801/3065212608] conn(0x7f2a98039600 0x7f2a9803bac0 unknown :-1 s=CLOSED pgs=12 cs=0 l=1 rev1=1 crypto rx=0 tx=0 comp rx=0 tx=0).stop
2024-04-25T18:47:00.395 INFO:teuthology.orchestra.run.smithi045.stdout:/usr/bin/ceph: stderr
2024-04-25T18:46:59.646+0000 7f2ab7a00700 1 --2- 172.21.15.45:0/2749550090 >> [v2:172.21.15.45:3300/0,v1:172.21.15.45:6789/0] conn(0x7f2ab0108610 0x7f2ab019e770 unknown :-1 s=CLOSED pgs=48 cs=0 l=1 rev1=1 crypto rx=0 tx=0 comp rx=0 tx=0).stop
2024-04-25T18:47:00.395 INFO:teuthology.orchestra.run.smithi045.stdout:/usr/bin/ceph: stderr
2024-04-25T18:46:59.646+0000 7f2ab7a00700 1 -- 172.21.15.45:0/2749550090 >> 172.21.15.45:0/2749550090 conn(0x7f2ab0103c70 msgr2=0x7f2ab0104800 unknown :-1 s=STATE_NONE l=0).mark_down
2024-04-25T18:47:00.395 INFO:teuthology.orchestra.run.smithi045.stdout:/usr/bin/ceph: stderr
2024-04-25T18:46:59.647+0000 7f2ab7a00700 1 -- 172.21.15.45:0/2749550090 shutdown_connections
2024-04-25T18:47:00.395 INFO:teuthology.orchestra.run.smithi045.stdout:/usr/bin/ceph: stderr
2024-04-25T18:46:59.647+0000 7f2ab7a00700 1 -- 172.21.15.45:0/2749550090 wait complete.
2024-04-25T18:47:00.395 INFO:teuthology.orchestra.run.smithi045.stdout:Deploying unmanaged mgr service...
