2024-04-25T18:50:35.577+0000 7fc1ede00700 1 --2- >> [v2:172.21.15.32:3300/0,v1:172.21.15.32:6789/0] conn(0x7fc1f0106cf0 0x7fc1f0109120 unknown :-1 s=BANNER_CONNECTING pgs=0 cs=0 l=0 rev1=0 crypto rx=0 tx=0 comp rx=0 tx=0)._handle_peer_banner_payload supported=3 required=0
2024-04-25T18:50:37.997 INFO:teuthology.orchestra.run.smithi032.stdout:/usr/bin/ceph: stderr
2024-04-25T18:50:35.577+0000 7fc1ede00700 1 --2- >> [v2:172.21.15.32:3300/0,v1:172.21.15.32:6789/0] conn(0x7fc1f0106cf0 0x7fc1f0109120 unknown :-1 s=HELLO_CONNECTING pgs=0 cs=0 l=0 rev1=1 crypto rx=0 tx=0 comp rx=0 tx=0).handle_hello peer v2:172.21.15.32:3300/0 says I am v2:172.21.15.32:47588/0 (socket says 172.21.15.32:47588)
2024-04-25T18:50:37.997 INFO:teuthology.orchestra.run.smithi032.stdout:/usr/bin/ceph: stderr
2024-04-25T18:50:35.578+0000 7fc1ede00700 1 -- 172.21.15.32:0/1915810369 learned_addr learned my addr 172.21.15.32:0/1915810369 (peer_addr_for_me v2:172.21.15.32:0/0)
2024-04-25T18:50:37.997 INFO:teuthology.orchestra.run.smithi032.stdout:/usr/bin/ceph: stderr
2024-04-25T18:50:35.578+0000 7fc1ede00700 1 -- 172.21.15.32:0/1915810369 --> [v2:172.21.15.32:3300/0,v1:172.21.15.32:6789/0] -- mon_subscribe({config=0+,monmap=0+}) -- 0x7fc1f0109660 con 0x7fc1f0106cf0
2024-04-25T18:50:37.998 INFO:teuthology.orchestra.run.smithi032.stdout:/usr/bin/ceph: stderr
2024-04-25T18:50:35.578+0000 7fc1ede00700 1 --2- 172.21.15.32:0/1915810369 >> [v2:172.21.15.32:3300/0,v1:172.21.15.32:6789/0] conn(0x7fc1f0106cf0 0x7fc1f0109120 secure :-1 s=READY pgs=55 cs=0 l=1 rev1=1 crypto rx=0x7fc1e0009e80 tx=0x7fc1e000b330 comp rx=0 tx=0).ready entity=mon.0 client_cookie=5df3745a3ceb58a1 server_cookie=0 in_seq=0 out_seq=0
2024-04-25T18:50:37.998 INFO:teuthology.orchestra.run.smithi032.stdout:/usr/bin/ceph: stderr
2024-04-25T18:50:35.579+0000 7fc1ed400700 1 -- 172.21.15.32:0/1915810369 <== mon.0 v2:172.21.15.32:3300/0 1 ==== mon_map magic: 0 ==== 205+0+0 (secure 0 0 0) 0x7fc1e0017070 con 0x7fc1f0106cf0
2024-04-25T18:50:37.998 INFO:teuthology.orchestra.run.smithi032.stdout:/usr/bin/ceph: stderr
2024-04-25T18:50:35.579+0000 7fc1ed400700 1 -- 172.21.15.32:0/1915810369 <== mon.0 v2:172.21.15.32:3300/0 2 ==== config(26 keys) ==== 1101+0+0 (secure 0 0 0) 0x7fc1e000b8c0 con 0x7fc1f0106cf0
2024-04-25T18:50:37.999 INFO:teuthology.orchestra.run.smithi032.stdout:/usr/bin/ceph: stderr
2024-04-25T18:50:35.579+0000 7fc1ed400700 1 -- 172.21.15.32:0/1915810369 <== mon.0 v2:172.21.15.32:3300/0 3 ==== mon_map magic: 0 ==== 205+0+0 (secure 0 0 0) 0x7fc1e0004490 con 0x7fc1f0106cf0
2024-04-25T18:50:38.000 INFO:teuthology.orchestra.run.smithi032.stdout:/usr/bin/ceph: stderr
2024-04-25T18:50:35.580+0000 7fc1f4e00700 1 -- 172.21.15.32:0/1915810369 >> [v2:172.21.15.32:3300/0,v1:172.21.15.32:6789/0] conn(0x7fc1f0106cf0 msgr2=0x7fc1f0109120 secure :-1 s=STATE_CONNECTION_ESTABLISHED l=1).mark_down
2024-04-25T18:50:38.000 INFO:teuthology.orchestra.run.smithi032.stdout:/usr/bin/ceph: stderr
2024-04-25T18:50:35.580+0000 7fc1f4e00700 1 --2- 172.21.15.32:0/1915810369 >> [v2:172.21.15.32:3300/0,v1:172.21.15.32:6789/0] conn(0x7fc1f0106cf0 0x7fc1f0109120 secure :-1 s=READY pgs=55 cs=0 l=1 rev1=1 crypto rx=0x7fc1e0009e80 tx=0x7fc1e000b330 comp rx=0 tx=0).stop
2024-04-25T18:50:38.000 INFO:teuthology.orchestra.run.smithi032.stdout:/usr/bin/ceph: stderr
2024-04-25T18:50:35.580+0000 7fc1f4e00700 1 -- 172.21.15.32:0/1915810369 shutdown_connections
2024-04-25T18:50:38.000 INFO:teuthology.orchestra.run.smithi032.stdout:/usr/bin/ceph: stderr
2024-04-25T18:50:35.580+0000 7fc1f4e00700 1 --2- 172.21.15.32:0/1915810369 >> [v2:172.21.15.32:3300/0,v1:172.21.15.32:6789/0] conn(0x7fc1f0106cf0 0x7fc1f0109120 unknown :-1 s=CLOSED pgs=55 cs=0 l=1 rev1=1 crypto rx=0 tx=0 comp rx=0 tx=0).stop
2024-04-25T18:50:38.000 INFO:teuthology.orchestra.run.smithi032.stdout:/usr/bin/ceph: stderr
2024-04-25T18:50:35.580+0000 7fc1f4e00700 1 -- 172.21.15.32:0/1915810369 >> 172.21.15.32:0/1915810369 conn(0x7fc1f01029b0 msgr2=0x7fc1f0104dd0 unknown :-1 s=STATE_NONE l=0).mark_down
2024-04-25T18:50:38.000 INFO:teuthology.orchestra.run.smithi032.stdout:/usr/bin/ceph: stderr
2024-04-25T18:50:35.580+0000 7fc1f4e00700 1 -- 172.21.15.32:0/1915810369 shutdown_connections
2024-04-25T18:50:38.000 INFO:teuthology.orchestra.run.smithi032.stdout:/usr/bin/ceph: stderr
2024-04-25T18:50:35.580+0000 7fc1f4e00700 1 -- 172.21.15.32:0/1915810369 wait complete.
2024-04-25T18:50:38.000 INFO:teuthology.orchestra.run.smithi032.stdout:/usr/bin/ceph: stderr
2024-04-25T18:50:35.581+0000 7fc1f4e00700 1 Processor -- start
2024-04-25T18:50:38.000 INFO:teuthology.orchestra.run.smithi032.stdout:/usr/bin/ceph: stderr
2024-04-25T18:50:35.581+0000 7fc1f4e00700 1 -- start start
2024-04-25T18:50:38.000 INFO:teuthology.orchestra.run.smithi032.stdout:/usr/bin/ceph: stderr
2024-04-25T18:50:35.582+0000 7fc1f4e00700 1 --2- >> [v2:172.21.15.32:3300/0,v1:172.21.15.32:6789/0] conn(0x7fc1f0106cf0 0x7fc1f01a2a40 unknown :-1 s=NONE pgs=0 cs=0 l=1 rev1=0 crypto rx=0 tx=0 comp rx=0 tx=0).connect
2024-04-25T18:50:38.000 INFO:teuthology.orchestra.run.smithi032.stdout:/usr/bin/ceph: stderr
2024-04-25T18:50:35.582+0000 7fc1f4e00700 1 -- --> [v2:172.21.15.32:3300/0,v1:172.21.15.32:6789/0] -- mon_getmap magic: 0 -- 0x7fc1f010a6d0 con 0x7fc1f0106cf0
2024-04-25T18:50:38.000 INFO:teuthology.orchestra.run.smithi032.stdout:/usr/bin/ceph: stderr
2024-04-25T18:50:35.582+0000 7fc1ede00700 1 --2- >> [v2:172.21.15.32:3300/0,v1:172.21.15.32:6789/0] conn(0x7fc1f0106cf0 0x7fc1f01a2a40 unknown :-1 s=BANNER_CONNECTING pgs=0 cs=0 l=1 rev1=0 crypto rx=0 tx=0 comp rx=0 tx=0)._handle_peer_banner_payload supported=3 required=0
2024-04-25T18:50:38.000 INFO:teuthology.orchestra.run.smithi032.stdout:/usr/bin/ceph: stderr
2024-04-25T18:50:35.582+0000 7fc1ede00700 1 --2- >> [v2:172.21.15.32:3300/0,v1:172.21.15.32:6789/0] conn(0x7fc1f0106cf0 0x7fc1f01a2a40 unknown :-1 s=HELLO_CONNECTING pgs=0 cs=0 l=1 rev1=1 crypto rx=0 tx=0 comp rx=0 tx=0).handle_hello peer v2:172.21.15.32:3300/0 says I am v2:172.21.15.32:47600/0 (socket says 172.21.15.32:47600)
2024-04-25T18:50:38.000 INFO:teuthology.orchestra.run.smithi032.stdout:/usr/bin/ceph: stderr
2024-04-25T18:50:35.582+0000 7fc1ede00700 1 -- 172.21.15.32:0/1811602694 learned_addr learned my addr 172.21.15.32:0/1811602694 (peer_addr_for_me v2:172.21.15.32:0/0)
2024-04-25T18:50:38.003 INFO:teuthology.orchestra.run.smithi032.stdout:/usr/bin/ceph: stderr
2024-04-25T18:50:35.583+0000 7fc1ede00700 1 -- 172.21.15.32:0/1811602694 --> [v2:172.21.15.32:3300/0,v1:172.21.15.32:6789/0] -- mon_subscribe({config=0+,monmap=0+}) -- 0x7fc1f01a2f80 con 0x7fc1f0106cf0
2024-04-25T18:50:38.003 INFO:teuthology.orchestra.run.smithi032.stdout:/usr/bin/ceph: stderr
2024-04-25T18:50:35.583+0000 7fc1ede00700 1 --2- 172.21.15.32:0/1811602694 >> [v2:172.21.15.32:3300/0,v1:172.21.15.32:6789/0] conn(0x7fc1f0106cf0 0x7fc1f01a2a40 secure :-1 s=READY pgs=56 cs=0 l=1 rev1=1 crypto rx=0x7fc1e000b7b0 tx=0x7fc1e000bd50 comp rx=0 tx=0).ready entity=mon.0 client_cookie=0 server_cookie=0 in_seq=0 out_seq=0
2024-04-25T18:50:38.003 INFO:teuthology.orchestra.run.smithi032.stdout:/usr/bin/ceph: stderr
2024-04-25T18:50:35.583+0000 7fc1e7400700 1 -- 172.21.15.32:0/1811602694 <== mon.0 v2:172.21.15.32:3300/0 1 ==== mon_map magic: 0 ==== 205+0+0 (secure 0 0 0) 0x7fc1e0020020 con 0x7fc1f0106cf0
2024-04-25T18:50:38.003 INFO:teuthology.orchestra.run.smithi032.stdout:/usr/bin/ceph: stderr
2024-04-25T18:50:35.583+0000 7fc1e7400700 1 -- 172.21.15.32:0/1811602694 <== mon.0 v2:172.21.15.32:3300/0 2 ==== config(26 keys) ==== 1101+0+0 (secure 0 0 0) 0x7fc1e0003c60 con 0x7fc1f0106cf0
2024-04-25T18:50:38.003 INFO:teuthology.orchestra.run.smithi032.stdout:/usr/bin/ceph: stderr
2024-04-25T18:50:35.583+0000 7fc1f4e00700 1 -- 172.21.15.32:0/1811602694 --> [v2:172.21.15.32:3300/0,v1:172.21.15.32:6789/0] -- mon_subscribe({mgrmap=0+}) -- 0x7fc1f01a3210 con 0x7fc1f0106cf0
2024-04-25T18:50:38.003 INFO:teuthology.orchestra.run.smithi032.stdout:/usr/bin/ceph: stderr
2024-04-25T18:50:35.583+0000 7fc1e7400700 1 -- 172.21.15.32:0/1811602694 <== mon.0 v2:172.21.15.32:3300/0 3 ==== mon_map magic: 0 ==== 205+0+0 (secure 0 0 0) 0x7fc1e0017040 con 0x7fc1f0106cf0
2024-04-25T18:50:38.003 INFO:teuthology.orchestra.run.smithi032.stdout:/usr/bin/ceph: stderr
2024-04-25T18:50:35.584+0000 7fc1f4e00700 1 -- 172.21.15.32:0/1811602694 --> [v2:172.21.15.32:3300/0,v1:172.21.15.32:6789/0] -- mon_subscribe({osdmap=0}) -- 0x7fc1f01a5f00 con 0x7fc1f0106cf0
2024-04-25T18:50:38.004 INFO:teuthology.orchestra.run.smithi032.stdout:/usr/bin/ceph: stderr
2024-04-25T18:50:35.585+0000 7fc1f4e00700 1 -- 172.21.15.32:0/1811602694 --> [v2:172.21.15.32:3300/0,v1:172.21.15.32:6789/0] -- mon_command({"prefix": "get_command_descriptions"} v 0) -- 0x7fc1f019bfd0 con 0x7fc1f0106cf0
2024-04-25T18:50:38.004 INFO:teuthology.orchestra.run.smithi032.stdout:/usr/bin/ceph: stderr
2024-04-25T18:50:35.585+0000 7fc1e7400700 1 -- 172.21.15.32:0/1811602694 <== mon.0 v2:172.21.15.32:3300/0 4 ==== mgrmap(e 8) ==== 46558+0+0 (secure 0 0 0) 0x7fc1e0023020 con 0x7fc1f0106cf0
2024-04-25T18:50:38.004 INFO:teuthology.orchestra.run.smithi032.stdout:/usr/bin/ceph: stderr
2024-04-25T18:50:35.586+0000 7fc1e7400700 1 --2- 172.21.15.32:0/1811602694 >> [v2:172.21.15.32:6800/4197524533,v1:172.21.15.32:6801/4197524533] conn(0x7fc1d4039600 0x7fc1d403bac0 unknown :-1 s=NONE pgs=0 cs=0 l=1 rev1=0 crypto rx=0 tx=0 comp rx=0 tx=0).connect
2024-04-25T18:50:38.004 INFO:teuthology.orchestra.run.smithi032.stdout:/usr/bin/ceph: stderr
2024-04-25T18:50:35.586+0000 7fc1e7400700 1 -- 172.21.15.32:0/1811602694 <== mon.0 v2:172.21.15.32:3300/0 5 ==== osd_map(2..2 src has 1..2) ==== 940+0+0 (secure 0 0 0) 0x7fc1e000f050 con 0x7fc1f0106cf0
2024-04-25T18:50:38.004 INFO:teuthology.orchestra.run.smithi032.stdout:/usr/bin/ceph: stderr
2024-04-25T18:50:35.586+0000 7fc1e5400700 1 --2- 172.21.15.32:0/1811602694 >> [v2:172.21.15.32:6800/4197524533,v1:172.21.15.32:6801/4197524533] conn(0x7fc1d4039600 0x7fc1d403bac0 unknown :-1 s=BANNER_CONNECTING pgs=0 cs=0 l=1 rev1=0 crypto rx=0 tx=0 comp rx=0 tx=0)._handle_peer_banner_payload supported=3 required=0
2024-04-25T18:50:38.004 INFO:teuthology.orchestra.run.smithi032.stdout:/usr/bin/ceph: stderr
2024-04-25T18:50:35.587+0000 7fc1e5400700 1 --2- 172.21.15.32:0/1811602694 >> [v2:172.21.15.32:6800/4197524533,v1:172.21.15.32:6801/4197524533] conn(0x7fc1d4039600 0x7fc1d403bac0 secure :-1 s=READY pgs=16 cs=0 l=1 rev1=1 crypto rx=0x7fc1d8006fd0 tx=0x7fc1d8006e40 comp rx=0 tx=0).ready entity=mgr.14120 client_cookie=0 server_cookie=0 in_seq=0 out_seq=0
2024-04-25T18:50:38.004 INFO:teuthology.orchestra.run.smithi032.stdout:/usr/bin/ceph: stderr
2024-04-25T18:50:35.591+0000 7fc1e7400700 1 -- 172.21.15.32:0/1811602694 <== mon.0 v2:172.21.15.32:3300/0 6 ==== mon_command_ack([{"prefix": "get_command_descriptions"}]=0 v0) ==== 72+0+188370 (secure 0 0 0) 0x7fc1e002a020 con 0x7fc1f0106cf0
2024-04-25T18:50:38.004 INFO:teuthology.orchestra.run.smithi032.stdout:/usr/bin/ceph: stderr
2024-04-25T18:50:35.906+0000 7fc1f4e00700 1 -- 172.21.15.32:0/1811602694 --> [v2:172.21.15.32:3300/0,v1:172.21.15.32:6789/0] -- mon_command({"prefix": "mgr module enable", "module": "dashboard"} v 0) -- 0x7fc1f002e190 con 0x7fc1f0106cf0
2024-04-25T18:50:38.004 INFO:teuthology.orchestra.run.smithi032.stdout:/usr/bin/ceph: stderr
2024-04-25T18:50:36.383+0000 7fc1e7400700 1 -- 172.21.15.32:0/1811602694 <== mon.0 v2:172.21.15.32:3300/0 7 ==== mon_command_ack([{"prefix": "mgr module enable", "module": "dashboard"}]=0 v9) ==== 88+0+0 (secure 0 0 0) 0x7fc1e00222c0 con 0x7fc1f0106cf0
2024-04-25T18:50:38.004 INFO:teuthology.orchestra.run.smithi032.stdout:/usr/bin/ceph: stderr
2024-04-25T18:50:36.387+0000 7fc1e7400700 1 -- 172.21.15.32:0/1811602694 <== mon.0 v2:172.21.15.32:3300/0 8 ==== mgrmap(e 9) ==== 46571+0+0 (secure 0 0 0) 0x7fc1e004c890 con 0x7fc1f0106cf0
2024-04-25T18:50:38.004 INFO:teuthology.orchestra.run.smithi032.stdout:/usr/bin/ceph: stderr
2024-04-25T18:50:36.388+0000 7fc1f4e00700 1 -- 172.21.15.32:0/1811602694 >> [v2:172.21.15.32:6800/4197524533,v1:172.21.15.32:6801/4197524533] conn(0x7fc1d4039600 msgr2=0x7fc1d403bac0 secure :-1 s=STATE_CONNECTION_ESTABLISHED l=1).mark_down
2024-04-25T18:50:38.004 INFO:teuthology.orchestra.run.smithi032.stdout:/usr/bin/ceph: stderr
2024-04-25T18:50:36.388+0000 7fc1f4e00700 1 --2- 172.21.15.32:0/1811602694 >> [v2:172.21.15.32:6800/4197524533,v1:172.21.15.32:6801/4197524533] conn(0x7fc1d4039600 0x7fc1d403bac0 secure :-1 s=READY pgs=16 cs=0 l=1 rev1=1 crypto rx=0x7fc1d8006fd0 tx=0x7fc1d8006e40 comp rx=0 tx=0).stop
2024-04-25T18:50:38.004 INFO:teuthology.orchestra.run.smithi032.stdout:/usr/bin/ceph: stderr
2024-04-25T18:50:36.388+0000 7fc1f4e00700 1 -- 172.21.15.32:0/1811602694 >> [v2:172.21.15.32:3300/0,v1:172.21.15.32:6789/0] conn(0x7fc1f0106cf0 msgr2=0x7fc1f01a2a40 secure :-1 s=STATE_CONNECTION_ESTABLISHED l=1).mark_down
2024-04-25T18:50:38.005 INFO:teuthology.orchestra.run.smithi032.stdout:/usr/bin/ceph: stderr
2024-04-25T18:50:36.388+0000 7fc1f4e00700 1 --2- 172.21.15.32:0/1811602694 >> [v2:172.21.15.32:3300/0,v1:172.21.15.32:6789/0] conn(0x7fc1f0106cf0 0x7fc1f01a2a40 secure :-1 s=READY pgs=56 cs=0 l=1 rev1=1 crypto rx=0x7fc1e000b7b0 tx=0x7fc1e000bd50 comp rx=0 tx=0).stop
2024-04-25T18:50:38.005 INFO:teuthology.orchestra.run.smithi032.stdout:/usr/bin/ceph: stderr
2024-04-25T18:50:36.388+0000 7fc1f4e00700 1 -- 172.21.15.32:0/1811602694 shutdown_connections
2024-04-25T18:50:38.005 INFO:teuthology.orchestra.run.smithi032.stdout:/usr/bin/ceph: stderr
2024-04-25T18:50:36.388+0000 7fc1f4e00700 1 --2- 172.21.15.32:0/1811602694 >> [v2:172.21.15.32:6800/4197524533,v1:172.21.15.32:6801/4197524533] conn(0x7fc1d4039600 0x7fc1d403bac0 unknown :-1 s=CLOSED pgs=16 cs=0 l=1 rev1=1 crypto rx=0 tx=0 comp rx=0 tx=0).stop
2024-04-25T18:50:38.005 INFO:teuthology.orchestra.run.smithi032.stdout:/usr/bin/ceph: stderr
2024-04-25T18:50:36.388+0000 7fc1f4e00700 1 --2- 172.21.15.32:0/1811602694 >> [v2:172.21.15.32:3300/0,v1:172.21.15.32:6789/0] conn(0x7fc1f0106cf0 0x7fc1f01a2a40 unknown :-1 s=CLOSED pgs=56 cs=0 l=1 rev1=1 crypto rx=0 tx=0 comp rx=0 tx=0).stop
2024-04-25T18:50:38.005 INFO:teuthology.orchestra.run.smithi032.stdout:/usr/bin/ceph: stderr
2024-04-25T18:50:36.388+0000 7fc1f4e00700 1 -- 172.21.15.32:0/1811602694 >> 172.21.15.32:0/1811602694 conn(0x7fc1f01029b0 msgr2=0x7fc1f0104da0 unknown :-1 s=STATE_NONE l=0).mark_down
2024-04-25T18:50:38.005 INFO:teuthology.orchestra.run.smithi032.stdout:/usr/bin/ceph: stderr
2024-04-25T18:50:36.388+0000 7fc1f4e00700 1 -- 172.21.15.32:0/1811602694 shutdown_connections
2024-04-25T18:50:38.005 INFO:teuthology.orchestra.run.smithi032.stdout:/usr/bin/ceph: stderr
2024-04-25T18:50:36.388+0000 7fc1f4e00700 1 -- 172.21.15.32:0/1811602694 wait complete.
2024-04-25T18:50:39.240 INFO:journalctl@ceph.mon.a.smithi032.stdout:Apr 25 18:50:38 smithi032 ceph-mon[28041]: from='client.? 172.21.15.32:0/3209159984' entity='client.admin' cmd=[{"prefix": "mgr stat"}]: dispatch
2024-04-25T18:50:39.529 INFO:journalctl@ceph.mgr.x.smithi032.stdout:Apr 25 18:50:39 smithi032 ceph-26958fb4-0334-11ef-bc93-c7b262605968-mgr-x[28278]:
2024-04-25T18:50:39.237+0000 7f8bc5545200 -1 mgr[py] Module telegraf has missing NOTIFY_TYPES member
2024-04-25T18:50:39.530 INFO:journalctl@ceph.mgr.x.smithi032.stdout:Apr 25 18:50:39 smithi032 ceph-26958fb4-0334-11ef-bc93-c7b262605968-mgr-x[28278]:
2024-04-25T18:50:39.472+0000 7f8bc5545200 -1 mgr[py] Module osd_support has missing NOTIFY_TYPES member
2024-04-25T18:50:39.616 INFO:teuthology.orchestra.run.smithi032.stdout:/usr/bin/ceph: stdout {
2024-04-25T18:50:39.616 INFO:teuthology.orchestra.run.smithi032.stdout:/usr/bin/ceph: stdout "epoch": 9,
2024-04-25T18:50:39.616 INFO:teuthology.orchestra.run.smithi032.stdout:/usr/bin/ceph: stdout "available": true,
2024-04-25T18:50:39.616 INFO:teuthology.orchestra.run.smithi032.stdout:/usr/bin/ceph: stdout "active_name": "x",
2024-04-25T18:50:39.616 INFO:teuthology.orchestra.run.smithi032.stdout:/usr/bin/ceph: stdout "num_standby": 0
2024-04-25T18:50:39.616 INFO:teuthology.orchestra.run.smithi032.stdout:/usr/bin/ceph: stdout }
2024-04-25T18:50:39.616 INFO:teuthology.orchestra.run.smithi032.stdout:/usr/bin/ceph: stderr
2024-04-25T18:50:38.586+0000 7f0152800700 1 Processor -- start
2024-04-25T18:50:39.616 INFO:teuthology.orchestra.run.smithi032.stdout:/usr/bin/ceph: stderr
2024-04-25T18:50:38.587+0000 7f0152800700 1 -- start start
2024-04-25T18:50:39.616 INFO:teuthology.orchestra.run.smithi032.stdout:/usr/bin/ceph: stderr
2024-04-25T18:50:38.587+0000 7f0152800700 1 --2- >> [v2:172.21.15.32:3300/0,v1:172.21.15.32:6789/0] conn(0x7f014c1084f0 0x7f014c108910 unknown :-1 s=NONE pgs=0 cs=0 l=0 rev1=0 crypto rx=0 tx=0 comp rx=0 tx=0).connect
2024-04-25T18:50:39.617 INFO:teuthology.orchestra.run.smithi032.stdout:/usr/bin/ceph: stderr
2024-04-25T18:50:38.587+0000 7f0152800700 1 -- --> [v2:172.21.15.32:3300/0,v1:172.21.15.32:6789/0] -- mon_getmap magic: 0 -- 0x7f014c108ee0 con 0x7f014c1084f0
2024-04-25T18:50:39.617 INFO:teuthology.orchestra.run.smithi032.stdout:/usr/bin/ceph: stderr
2024-04-25T18:50:38.588+0000 7f014b400700 1 --2- >> [v2:172.21.15.32:3300/0,v1:172.21.15.32:6789/0] conn(0x7f014c1084f0 0x7f014c108910 unknown :-1 s=BANNER_CONNECTING pgs=0 cs=0 l=0 rev1=0 crypto rx=0 tx=0 comp rx=0 tx=0)._handle_peer_banner_payload supported=3 required=0
2024-04-25T18:50:39.617 INFO:teuthology.orchestra.run.smithi032.stdout:/usr/bin/ceph: stderr
2024-04-25T18:50:38.588+0000 7f014b400700 1 --2- >> [v2:172.21.15.32:3300/0,v1:172.21.15.32:6789/0] conn(0x7f014c1084f0 0x7f014c108910 unknown :-1 s=HELLO_CONNECTING pgs=0 cs=0 l=0 rev1=1 crypto rx=0 tx=0 comp rx=0 tx=0).handle_hello peer v2:172.21.15.32:3300/0 says I am v2:172.21.15.32:47622/0 (socket says 172.21.15.32:47622)
2024-04-25T18:50:39.617 INFO:teuthology.orchestra.run.smithi032.stdout:/usr/bin/ceph: stderr
2024-04-25T18:50:38.588+0000 7f014b400700 1 -- 172.21.15.32:0/486576270 learned_addr learned my addr 172.21.15.32:0/486576270 (peer_addr_for_me v2:172.21.15.32:0/0)
2024-04-25T18:50:39.617 INFO:teuthology.orchestra.run.smithi032.stdout:/usr/bin/ceph: stderr
2024-04-25T18:50:38.589+0000 7f014b400700 1 -- 172.21.15.32:0/486576270 --> [v2:172.21.15.32:3300/0,v1:172.21.15.32:6789/0] -- mon_subscribe({config=0+,monmap=0+}) -- 0x7f014c1096a0 con 0x7f014c1084f0
2024-04-25T18:50:39.617 INFO:teuthology.orchestra.run.smithi032.stdout:/usr/bin/ceph: stderr
2024-04-25T18:50:38.589+0000 7f014b400700 1 --2- 172.21.15.32:0/486576270 >> [v2:172.21.15.32:3300/0,v1:172.21.15.32:6789/0] conn(0x7f014c1084f0 0x7f014c108910 secure :-1 s=READY pgs=59 cs=0 l=1 rev1=1 crypto rx=0x7f013c0098a0 tx=0x7f013c009bb0 comp rx=0 tx=0).ready entity=mon.0 client_cookie=8b5f1a91f418beb5 server_cookie=0 in_seq=0 out_seq=0
2024-04-25T18:50:39.617 INFO:teuthology.orchestra.run.smithi032.stdout:/usr/bin/ceph: stderr
2024-04-25T18:50:38.589+0000 7f014a000700 1 -- 172.21.15.32:0/486576270 <== mon.0 v2:172.21.15.32:3300/0 1 ==== mon_map magic: 0 ==== 205+0+0 (secure 0 0 0) 0x7f013c004160 con 0x7f014c1084f0
2024-04-25T18:50:39.617 INFO:teuthology.orchestra.run.smithi032.stdout:/usr/bin/ceph: stderr
2024-04-25T18:50:38.589+0000 7f014a000700 1 -- 172.21.15.32:0/486576270 <== mon.0 v2:172.21.15.32:3300/0 2 ==== config(26 keys) ==== 1101+0+0 (secure 0 0 0) 0x7f013c004300 con 0x7f014c1084f0
2024-04-25T18:50:39.617 INFO:teuthology.orchestra.run.smithi032.stdout:/usr/bin/ceph: stderr
2024-04-25T18:50:38.589+0000 7f014a000700 1 -- 172.21.15.32:0/486576270 <== mon.0 v2:172.21.15.32:3300/0 3 ==== mon_map magic: 0 ==== 205+0+0 (secure 0 0 0) 0x7f013c011a20 con 0x7f014c1084f0
2024-04-25T18:50:39.617 INFO:teuthology.orchestra.run.smithi032.stdout:/usr/bin/ceph: stderr
2024-04-25T18:50:38.590+0000 7f0152800700 1 -- 172.21.15.32:0/486576270 >> [v2:172.21.15.32:3300/0,v1:172.21.15.32:6789/0] conn(0x7f014c1084f0 msgr2=0x7f014c108910 secure :-1 s=STATE_CONNECTION_ESTABLISHED l=1).mark_down
2024-04-25T18:50:39.617 INFO:teuthology.orchestra.run.smithi032.stdout:/usr/bin/ceph: stderr
2024-04-25T18:50:38.590+0000 7f0152800700 1 --2- 172.21.15.32:0/486576270 >> [v2:172.21.15.32:3300/0,v1:172.21.15.32:6789/0] conn(0x7f014c1084f0 0x7f014c108910 secure :-1 s=READY pgs=59 cs=0 l=1 rev1=1 crypto rx=0x7f013c0098a0 tx=0x7f013c009bb0 comp rx=0 tx=0).stop
2024-04-25T18:50:39.617 INFO:teuthology.orchestra.run.smithi032.stdout:/usr/bin/ceph: stderr
2024-04-25T18:50:38.590+0000 7f0152800700 1 -- 172.21.15.32:0/486576270 shutdown_connections
2024-04-25T18:50:39.617 INFO:teuthology.orchestra.run.smithi032.stdout:/usr/bin/ceph: stderr
2024-04-25T18:50:38.590+0000 7f0152800700 1 --2- 172.21.15.32:0/486576270 >> [v2:172.21.15.32:3300/0,v1:172.21.15.32:6789/0] conn(0x7f014c1084f0 0x7f014c108910 unknown :-1 s=CLOSED pgs=59 cs=0 l=1 rev1=1 crypto rx=0 tx=0 comp rx=0 tx=0).stop
2024-04-25T18:50:39.617 INFO:teuthology.orchestra.run.smithi032.stdout:/usr/bin/ceph: stderr
2024-04-25T18:50:38.590+0000 7f0152800700 1 -- 172.21.15.32:0/486576270 >> 172.21.15.32:0/486576270 conn(0x7f014c103ab0 msgr2=0x7f014c105ed0 unknown :-1 s=STATE_NONE l=0).mark_down
2024-04-25T18:50:39.618 INFO:teuthology.orchestra.run.smithi032.stdout:/usr/bin/ceph: stderr
2024-04-25T18:50:38.590+0000 7f0152800700 1 -- 172.21.15.32:0/486576270 shutdown_connections
2024-04-25T18:50:39.618 INFO:teuthology.orchestra.run.smithi032.stdout:/usr/bin/ceph: stderr
2024-04-25T18:50:38.590+0000 7f0152800700 1 -- 172.21.15.32:0/486576270 wait complete.
2024-04-25T18:50:39.618 INFO:teuthology.orchestra.run.smithi032.stdout:/usr/bin/ceph: stderr
2024-04-25T18:50:38.591+0000 7f0152800700 1 Processor -- start
2024-04-25T18:50:39.618 INFO:teuthology.orchestra.run.smithi032.stdout:/usr/bin/ceph: stderr
2024-04-25T18:50:38.591+0000 7f0152800700 1 -- start start
2024-04-25T18:50:39.618 INFO:teuthology.orchestra.run.smithi032.stdout:/usr/bin/ceph: stderr
2024-04-25T18:50:38.591+0000 7f0152800700 1 --2- >> [v2:172.21.15.32:3300/0,v1:172.21.15.32:6789/0] conn(0x7f014c1084f0 0x7f014c19c720 unknown :-1 s=NONE pgs=0 cs=0 l=1 rev1=0 crypto rx=0 tx=0 comp rx=0 tx=0).connect
2024-04-25T18:50:39.618 INFO:teuthology.orchestra.run.smithi032.stdout:/usr/bin/ceph: stderr
2024-04-25T18:50:38.592+0000 7f0152800700 1 -- --> [v2:172.21.15.32:3300/0,v1:172.21.15.32:6789/0] -- mon_getmap magic: 0 -- 0x7f014c10ca50 con 0x7f014c1084f0
2024-04-25T18:50:39.618 INFO:teuthology.orchestra.run.smithi032.stdout:/usr/bin/ceph: stderr
2024-04-25T18:50:38.592+0000 7f014b400700 1 --2- >> [v2:172.21.15.32:3300/0,v1:172.21.15.32:6789/0] conn(0x7f014c1084f0 0x7f014c19c720 unknown :-1 s=BANNER_CONNECTING pgs=0 cs=0 l=1 rev1=0 crypto rx=0 tx=0 comp rx=0 tx=0)._handle_peer_banner_payload supported=3 required=0
2024-04-25T18:50:39.618 INFO:teuthology.orchestra.run.smithi032.stdout:/usr/bin/ceph: stderr
2024-04-25T18:50:38.592+0000 7f014b400700 1 --2- >> [v2:172.21.15.32:3300/0,v1:172.21.15.32:6789/0] conn(0x7f014c1084f0 0x7f014c19c720 unknown :-1 s=HELLO_CONNECTING pgs=0 cs=0 l=1 rev1=1 crypto rx=0 tx=0 comp rx=0 tx=0).handle_hello peer v2:172.21.15.32:3300/0 says I am v2:172.21.15.32:47632/0 (socket says 172.21.15.32:47632)
2024-04-25T18:50:39.618 INFO:teuthology.orchestra.run.smithi032.stdout:/usr/bin/ceph: stderr
2024-04-25T18:50:38.592+0000 7f014b400700 1 -- 172.21.15.32:0/3209159984 learned_addr learned my addr 172.21.15.32:0/3209159984 (peer_addr_for_me v2:172.21.15.32:0/0)
2024-04-25T18:50:39.618 INFO:teuthology.orchestra.run.smithi032.stdout:/usr/bin/ceph: stderr
2024-04-25T18:50:38.592+0000 7f014b400700 1 -- 172.21.15.32:0/3209159984 --> [v2:172.21.15.32:3300/0,v1:172.21.15.32:6789/0] -- mon_subscribe({config=0+,monmap=0+}) -- 0x7f014c19cc60 con 0x7f014c1084f0
2024-04-25T18:50:39.618 INFO:teuthology.orchestra.run.smithi032.stdout:/usr/bin/ceph: stderr
2024-04-25T18:50:38.592+0000 7f014b400700 1 --2- 172.21.15.32:0/3209159984 >> [v2:172.21.15.32:3300/0,v1:172.21.15.32:6789/0] conn(0x7f014c1084f0 0x7f014c19c720 secure :-1 s=READY pgs=60 cs=0 l=1 rev1=1 crypto rx=0x7f013c000c00 tx=0x7f013c011aa0 comp rx=0 tx=0).ready entity=mon.0 client_cookie=0 server_cookie=0 in_seq=0 out_seq=0
2024-04-25T18:50:39.618 INFO:teuthology.orchestra.run.smithi032.stdout:/usr/bin/ceph: stderr
2024-04-25T18:50:38.593+0000 7f0143e00700 1 -- 172.21.15.32:0/3209159984 <== mon.0 v2:172.21.15.32:3300/0 1 ==== mon_map magic: 0 ==== 205+0+0 (secure 0 0 0) 0x7f013c003aa0 con 0x7f014c1084f0
2024-04-25T18:50:39.618 INFO:teuthology.orchestra.run.smithi032.stdout:/usr/bin/ceph: stderr
2024-04-25T18:50:38.593+0000 7f0152800700 1 -- 172.21.15.32:0/3209159984 --> [v2:172.21.15.32:3300/0,v1:172.21.15.32:6789/0] -- mon_subscribe({mgrmap=0+}) -- 0x7f014c19cef0 con 0x7f014c1084f0
2024-04-25T18:50:39.618 INFO:teuthology.orchestra.run.smithi032.stdout:/usr/bin/ceph: stderr
2024-04-25T18:50:38.593+0000 7f0143e00700 1 -- 172.21.15.32:0/3209159984 <== mon.0 v2:172.21.15.32:3300/0 2 ==== config(26 keys) ==== 1101+0+0 (secure 0 0 0) 0x7f013c01b8f0 con 0x7f014c1084f0
2024-04-25T18:50:39.619 INFO:teuthology.orchestra.run.smithi032.stdout:/usr/bin/ceph: stderr
2024-04-25T18:50:38.593+0000 7f0143e00700 1 -- 172.21.15.32:0/3209159984 <== mon.0 v2:172.21.15.32:3300/0 3 ==== mon_map magic: 0 ==== 205+0+0 (secure 0 0 0) 0x7f013c023890 con 0x7f014c1084f0
2024-04-25T18:50:39.619 INFO:teuthology.orchestra.run.smithi032.stdout:/usr/bin/ceph: stderr
2024-04-25T18:50:38.593+0000 7f0152800700 1 -- 172.21.15.32:0/3209159984 --> [v2:172.21.15.32:3300/0,v1:172.21.15.32:6789/0] -- mon_subscribe({osdmap=0}) -- 0x7f014c19fbe0 con 0x7f014c1084f0
2024-04-25T18:50:39.619 INFO:teuthology.orchestra.run.smithi032.stdout:/usr/bin/ceph: stderr
2024-04-25T18:50:38.594+0000 7f0143e00700 1 -- 172.21.15.32:0/3209159984 <== mon.0 v2:172.21.15.32:3300/0 4 ==== mgrmap(e 9) ==== 46571+0+0 (secure 0 0 0) 0x7f013c02c3f0 con 0x7f014c1084f0
2024-04-25T18:50:39.619 INFO:teuthology.orchestra.run.smithi032.stdout:/usr/bin/ceph: stderr
2024-04-25T18:50:38.594+0000 7f0152800700 1 -- 172.21.15.32:0/3209159984 --> [v2:172.21.15.32:3300/0,v1:172.21.15.32:6789/0] -- mon_command({"prefix": "get_command_descriptions"} v 0) -- 0x7f014c0640a0 con 0x7f014c1084f0
2024-04-25T18:50:39.619 INFO:teuthology.orchestra.run.smithi032.stdout:/usr/bin/ceph: stderr
2024-04-25T18:50:38.594+0000 7f0143e00700 1 --2- 172.21.15.32:0/3209159984 >> [v2:172.21.15.32:6800/4197524533,v1:172.21.15.32:6801/4197524533] conn(0x7f0130039600 0x7f013003bac0 unknown :-1 s=NONE pgs=0 cs=0 l=1 rev1=0 crypto rx=0 tx=0 comp rx=0 tx=0).connect
2024-04-25T18:50:39.619 INFO:teuthology.orchestra.run.smithi032.stdout:/usr/bin/ceph: stderr
2024-04-25T18:50:38.594+0000 7f0143e00700 1 -- 172.21.15.32:0/3209159984 <== mon.0 v2:172.21.15.32:3300/0 5 ==== osd_map(2..2 src has 1..2) ==== 940+0+0 (secure 0 0 0) 0x7f013c04df80 con 0x7f014c1084f0
2024-04-25T18:50:39.619 INFO:teuthology.orchestra.run.smithi032.stdout:/usr/bin/ceph: stderr
2024-04-25T18:50:38.594+0000 7f014aa00700 1 -- 172.21.15.32:0/3209159984 >> [v2:172.21.15.32:6800/4197524533,v1:172.21.15.32:6801/4197524533] conn(0x7f0130039600 msgr2=0x7f013003bac0 unknown :-1 s=STATE_CONNECTING_RE l=1).process reconnect failed to v2:172.21.15.32:6800/4197524533
2024-04-25T18:50:39.619 INFO:teuthology.orchestra.run.smithi032.stdout:/usr/bin/ceph: stderr
2024-04-25T18:50:38.595+0000 7f014aa00700 1 --2- 172.21.15.32:0/3209159984 >> [v2:172.21.15.32:6800/4197524533,v1:172.21.15.32:6801/4197524533] conn(0x7f0130039600 0x7f013003bac0 unknown :-1 s=START_CONNECT pgs=0 cs=0 l=1 rev1=0 crypto rx=0 tx=0 comp rx=0 tx=0)._fault waiting 0.200000
2024-04-25T18:50:39.619 INFO:teuthology.orchestra.run.smithi032.stdout:/usr/bin/ceph: stderr
2024-04-25T18:50:38.601+0000 7f0143e00700 1 -- 172.21.15.32:0/3209159984 <== mon.0 v2:172.21.15.32:3300/0 6 ==== mon_command_ack([{"prefix": "get_command_descriptions"}]=0 v0) ==== 72+0+188370 (secure 0 0 0) 0x7f013c01f030 con 0x7f014c1084f0
2024-04-25T18:50:39.619 INFO:teuthology.orchestra.run.smithi032.stdout:/usr/bin/ceph: stderr
2024-04-25T18:50:38.796+0000 7f014aa00700 1 -- 172.21.15.32:0/3209159984 >> [v2:172.21.15.32:6800/4197524533,v1:172.21.15.32:6801/4197524533] conn(0x7f0130039600 msgr2=0x7f013003bac0 unknown :-1 s=STATE_CONNECTING_RE l=1).process reconnect failed to v2:172.21.15.32:6800/4197524533
2024-04-25T18:50:39.619 INFO:teuthology.orchestra.run.smithi032.stdout:/usr/bin/ceph: stderr
2024-04-25T18:50:38.796+0000 7f014aa00700 1 --2- 172.21.15.32:0/3209159984 >> [v2:172.21.15.32:6800/4197524533,v1:172.21.15.32:6801/4197524533] conn(0x7f0130039600 0x7f013003bac0 unknown :-1 s=START_CONNECT pgs=0 cs=0 l=1 rev1=0 crypto rx=0 tx=0 comp rx=0 tx=0)._fault waiting 0.400000
2024-04-25T18:50:39.619 INFO:teuthology.orchestra.run.smithi032.stdout:/usr/bin/ceph: stderr
2024-04-25T18:50:38.894+0000 7f0152800700 1 -- 172.21.15.32:0/3209159984 --> [v2:172.21.15.32:3300/0,v1:172.21.15.32:6789/0] -- mon_command({"prefix": "mgr stat"} v 0) -- 0x7f014c02df80 con 0x7f014c1084f0
2024-04-25T18:50:39.619 INFO:teuthology.orchestra.run.smithi032.stdout:/usr/bin/ceph: stderr
2024-04-25T18:50:38.895+0000 7f0143e00700 1 -- 172.21.15.32:0/3209159984 <== mon.0 v2:172.21.15.32:3300/0 7 ==== mon_command_ack([{"prefix": "mgr stat"}]=0 v9) ==== 56+0+88 (secure 0 0 0) 0x7f013c01bda0 con 0x7f014c1084f0
2024-04-25T18:50:39.620 INFO:teuthology.orchestra.run.smithi032.stdout:/usr/bin/ceph: stderr
2024-04-25T18:50:38.897+0000 7f0152800700 1 -- 172.21.15.32:0/3209159984 >> [v2:172.21.15.32:6800/4197524533,v1:172.21.15.32:6801/4197524533] conn(0x7f0130039600 msgr2=0x7f013003bac0 unknown :-1 s=STATE_CONNECTING l=1).mark_down
2024-04-25T18:50:39.620 INFO:teuthology.orchestra.run.smithi032.stdout:/usr/bin/ceph: stderr
2024-04-25T18:50:38.897+0000 7f0152800700 1 --2- 172.21.15.32:0/3209159984 >> [v2:172.21.15.32:6800/4197524533,v1:172.21.15.32:6801/4197524533] conn(0x7f0130039600 0x7f013003bac0 unknown :-1 s=START_CONNECT pgs=0 cs=0 l=1 rev1=0 crypto rx=0 tx=0 comp rx=0 tx=0).stop
2024-04-25T18:50:39.620 INFO:teuthology.orchestra.run.smithi032.stdout:/usr/bin/ceph: stderr
2024-04-25T18:50:38.897+0000 7f0152800700 1 -- 172.21.15.32:0/3209159984 >> [v2:172.21.15.32:3300/0,v1:172.21.15.32:6789/0] conn(0x7f014c1084f0 msgr2=0x7f014c19c720 secure :-1 s=STATE_CONNECTION_ESTABLISHED l=1).mark_down
2024-04-25T18:50:39.620 INFO:teuthology.orchestra.run.smithi032.stdout:/usr/bin/ceph: stderr
2024-04-25T18:50:38.897+0000 7f0152800700 1 --2- 172.21.15.32:0/3209159984 >> [v2:172.21.15.32:3300/0,v1:172.21.15.32:6789/0] conn(0x7f014c1084f0 0x7f014c19c720 secure :-1 s=READY pgs=60 cs=0 l=1 rev1=1 crypto rx=0x7f013c000c00 tx=0x7f013c011aa0 comp rx=0 tx=0).stop
2024-04-25T18:50:39.620 INFO:teuthology.orchestra.run.smithi032.stdout:/usr/bin/ceph: stderr
2024-04-25T18:50:38.898+0000 7f0152800700 1 -- 172.21.15.32:0/3209159984 shutdown_connections
2024-04-25T18:50:39.620 INFO:teuthology.orchestra.run.smithi032.stdout:/usr/bin/ceph: stderr
2024-04-25T18:50:38.898+0000 7f0152800700 1 --2- 172.21.15.32:0/3209159984 >> [v2:172.21.15.32:6800/4197524533,v1:172.21.15.32:6801/4197524533] conn(0x7f0130039600 0x7f013003bac0 unknown :-1 s=CLOSED pgs=0 cs=0 l=1 rev1=0 crypto rx=0 tx=0 comp rx=0 tx=0).stop
2024-04-25T18:50:39.620 INFO:teuthology.orchestra.run.smithi032.stdout:/usr/bin/ceph: stderr
2024-04-25T18:50:38.898+0000 7f0152800700 1 --2- 172.21.15.32:0/3209159984 >> [v2:172.21.15.32:3300/0,v1:172.21.15.32:6789/0] conn(0x7f014c1084f0 0x7f014c19c720 unknown :-1 s=CLOSED pgs=60 cs=0 l=1 rev1=1 crypto rx=0 tx=0 comp rx=0 tx=0).stop
2024-04-25T18:50:39.620 INFO:teuthology.orchestra.run.smithi032.stdout:/usr/bin/ceph: stderr
2024-04-25T18:50:38.898+0000 7f0152800700 1 -- 172.21.15.32:0/3209159984 >> 172.21.15.32:0/3209159984 conn(0x7f014c103ab0 msgr2=0x7f014c104840 unknown :-1 s=STATE_NONE l=0).mark_down
2024-04-25T18:50:39.620 INFO:teuthology.orchestra.run.smithi032.stdout:/usr/bin/ceph: stderr
2024-04-25T18:50:38.898+0000 7f0152800700 1 -- 172.21.15.32:0/3209159984 shutdown_connections
2024-04-25T18:50:39.620 INFO:teuthology.orchestra.run.smithi032.stdout:/usr/bin/ceph: stderr
2024-04-25T18:50:38.898+0000 7f0152800700 1 -- 172.21.15.32:0/3209159984 wait complete.
2024-04-25T18:50:39.620 INFO:teuthology.orchestra.run.smithi032.stdout:Waiting for the mgr to restart...
2024-04-25T18:50:39.620 INFO:teuthology.orchestra.run.smithi032.stdout:Waiting for mgr epoch 9...
2024-04-25T18:50:39.920 INFO:journalctl@ceph.mgr.x.smithi032.stdout:Apr 25 18:50:39 smithi032 ceph-26958fb4-0334-11ef-bc93-c7b262605968-mgr-x[28278]:
2024-04-25T18:50:39.696+0000 7f8bc5545200 -1 mgr[py] Module iostat has missing NOTIFY_TYPES member
2024-04-25T18:50:40.177 INFO:journalctl@ceph.mgr.x.smithi032.stdout:Apr 25 18:50:40 smithi032 ceph-26958fb4-0334-11ef-bc93-c7b262605968-mgr-x[28278]:
2024-04-25T18:50:40.101+0000 7f8bc5545200 -1 mgr[py] Module alerts has missing NOTIFY_TYPES member
2024-04-25T18:50:40.448 INFO:journalctl@ceph.mgr.x.smithi032.stdout:Apr 25 18:50:40 smithi032 ceph-26958fb4-0334-11ef-bc93-c7b262605968-mgr-x[28278]:
2024-04-25T18:50:40.230+0000 7f8bc5545200 -1 mgr[py] Module selftest has missing NOTIFY_TYPES member
2024-04-25T18:50:40.755 INFO:journalctl@ceph.mgr.x.smithi032.stdout:Apr 25 18:50:40 smithi032 ceph-26958fb4-0334-11ef-bc93-c7b262605968-mgr-x[28278]:
2024-04-25T18:50:40.491+0000 7f8bc5545200 -1 mgr[py] Module pg_autoscaler has missing NOTIFY_TYPES member
2024-04-25T18:50:40.756 INFO:journalctl@ceph.mgr.x.smithi032.stdout:Apr 25 18:50:40 smithi032 ceph-26958fb4-0334-11ef-bc93-c7b262605968-mgr-x[28278]:
2024-04-25T18:50:40.753+0000 7f8bc5545200 -1 mgr[py] Module test_orchestrator has missing NOTIFY_TYPES member
2024-04-25T18:50:42.029 INFO:journalctl@ceph.mgr.x.smithi032.stdout:Apr 25 18:50:41 smithi032 ceph-26958fb4-0334-11ef-bc93-c7b262605968-mgr-x[28278]:
2024-04-25T18:50:41.562+0000 7f8bc5545200 -1 mgr[py] Module rook has missing NOTIFY_TYPES member
2024-04-25T18:50:42.529 INFO:journalctl@ceph.mgr.x.smithi032.stdout:Apr 25 18:50:42 smithi032 ceph-26958fb4-0334-11ef-bc93-c7b262605968-mgr-x[28278]:
2024-04-25T18:50:42.137+0000 7f8bc5545200 -1 mgr[py] Module volumes has missing NOTIFY_TYPES member
2024-04-25T18:50:42.530 INFO:journalctl@ceph.mgr.x.smithi032.stdout:Apr 25 18:50:42 smithi032 ceph-26958fb4-0334-11ef-bc93-c7b262605968-mgr-x[28278]:
2024-04-25T18:50:42.268+0000 7f8bc5545200 -1 mgr[py] Module crash has missing NOTIFY_TYPES member
2024-04-25T18:50:43.030 INFO:journalctl@ceph.mgr.x.smithi032.stdout:Apr 25 18:50:42 smithi032 ceph-26958fb4-0334-11ef-bc93-c7b262605968-mgr-x[28278]:
2024-04-25T18:50:42.544+0000 7f8bc5545200 -1 mgr[py] Module rgw has missing NOTIFY_TYPES member
2024-04-25T18:50:43.352 INFO:journalctl@ceph.mgr.x.smithi032.stdout:Apr 25 18:50:43 smithi032 ceph-26958fb4-0334-11ef-bc93-c7b262605968-mgr-x[28278]:
2024-04-25T18:50:43.217+0000 7f8bc5545200 -1 mgr[py] Module prometheus has missing NOTIFY_TYPES member
2024-04-25T18:50:43.352 INFO:journalctl@ceph.mgr.x.smithi032.stdout:Apr 25 18:50:43 smithi032 ceph-26958fb4-0334-11ef-bc93-c7b262605968-mgr-x[28278]:
2024-04-25T18:50:43.349+0000 7f8bc5545200 -1 mgr[py] Module devicehealth has missing NOTIFY_TYPES member
2024-04-25T18:50:43.697 INFO:journalctl@ceph.mgr.x.smithi032.stdout:Apr 25 18:50:43 smithi032 ceph-26958fb4-0334-11ef-bc93-c7b262605968-mgr-x[28278]:
2024-04-25T18:50:43.695+0000 7f8bc5545200 -1 mgr[py] Module telemetry has missing NOTIFY_TYPES member
2024-04-25T18:50:44.023 INFO:journalctl@ceph.mgr.x.smithi032.stdout:Apr 25 18:50:43 smithi032 ceph-26958fb4-0334-11ef-bc93-c7b262605968-mgr-x[28278]:
2024-04-25T18:50:43.885+0000 7f8bc5545200 -1 mgr[py] Module diskprediction_local has missing NOTIFY_TYPES member
2024-04-25T18:50:44.023 INFO:journalctl@ceph.mgr.x.smithi032.stdout:Apr 25 18:50:44 smithi032 ceph-26958fb4-0334-11ef-bc93-c7b262605968-mgr-x[28278]:
2024-04-25T18:50:44.021+0000 7f8bc5545200 -1 mgr[py] Module osd_perf_query has missing NOTIFY_TYPES member
2024-04-25T18:50:44.280 INFO:journalctl@ceph.mgr.x.smithi032.stdout:Apr 25 18:50:44 smithi032 ceph-26958fb4-0334-11ef-bc93-c7b262605968-mgr-x[28278]:
2024-04-25T18:50:44.180+0000 7f8bc5545200 -1 mgr[py] Module rbd_support has missing NOTIFY_TYPES member
2024-04-25T18:50:45.029 INFO:journalctl@ceph.mgr.x.smithi032.stdout:Apr 25 18:50:44 smithi032 ceph-26958fb4-0334-11ef-bc93-c7b262605968-mgr-x[28278]:
2024-04-25T18:50:44.560+0000 7f8bc5545200 -1 mgr[py] Module zabbix has missing NOTIFY_TYPES member
2024-04-25T18:50:45.648 INFO:journalctl@ceph.mgr.x.smithi032.stdout:Apr 25 18:50:45 smithi032 ceph-26958fb4-0334-11ef-bc93-c7b262605968-mgr-x[28278]:
2024-04-25T18:50:45.350+0000 7f8bc5545200 -1 mgr[py] Module status has missing NOTIFY_TYPES member
2024-04-25T18:50:46.029 INFO:journalctl@ceph.mgr.x.smithi032.stdout:Apr 25 18:50:45 smithi032 ceph-26958fb4-0334-11ef-bc93-c7b262605968-mgr-x[28278]:
2024-04-25T18:50:45.646+0000 7f8bc5545200 -1 mgr[py] Module nfs has missing NOTIFY_TYPES member
2024-04-25T18:50:46.030 INFO:journalctl@ceph.mon.a.smithi032.stdout:Apr 25 18:50:45 smithi032 ceph-mon[28041]: Active manager daemon x restarted
2024-04-25T18:50:46.030 INFO:journalctl@ceph.mon.a.smithi032.stdout:Apr 25 18:50:45 smithi032 ceph-mon[28041]: Activating manager daemon x
2024-04-25T18:50:46.030 INFO:journalctl@ceph.mon.a.smithi032.stdout:Apr 25 18:50:45 smithi032 ceph-mon[28041]: osdmap e3: 0 total, 0 up, 0 in
2024-04-25T18:50:46.030 INFO:journalctl@ceph.mon.a.smithi032.stdout:Apr 25 18:50:45 smithi032 ceph-mon[28041]: mgrmap e10: x(active, starting, since 0.00635953s)
2024-04-25T18:50:46.030 INFO:journalctl@ceph.mon.a.smithi032.stdout:Apr 25 18:50:45 smithi032 ceph-mon[28041]: from='mgr.14152 172.21.15.32:0/2505611285' entity='mgr.x' cmd=[{"prefix": "mon metadata", "id": "a"}]: dispatch
2024-04-25T18:50:46.030 INFO:journalctl@ceph.mon.a.smithi032.stdout:Apr 25 18:50:45 smithi032 ceph-mon[28041]: from='mgr.14152 172.21.15.32:0/2505611285' entity='mgr.x' cmd=[{"prefix": "mgr metadata", "who": "x", "id": "x"}]: dispatch
2024-04-25T18:50:46.030 INFO:journalctl@ceph.mon.a.smithi032.stdout:Apr 25 18:50:45 smithi032 ceph-mon[28041]: from='mgr.14152 172.21.15.32:0/2505611285' entity='mgr.x' cmd=[{"prefix": "mds metadata"}]: dispatch
2024-04-25T18:50:46.030 INFO:journalctl@ceph.mon.a.smithi032.stdout:Apr 25 18:50:45 smithi032 ceph-mon[28041]: from='mgr.14152 172.21.15.32:0/2505611285' entity='mgr.x' cmd=[{"prefix": "osd metadata"}]: dispatch
2024-04-25T18:50:46.030 INFO:journalctl@ceph.mon.a.smithi032.stdout:Apr 25 18:50:45 smithi032 ceph-mon[28041]: from='mgr.14152 172.21.15.32:0/2505611285' entity='mgr.x' cmd=[{"prefix": "mon metadata"}]: dispatch
2024-04-25T18:50:46.030 INFO:journalctl@ceph.mon.a.smithi032.stdout:Apr 25 18:50:45 smithi032 ceph-mon[28041]: Manager daemon x is now available
2024-04-25T18:50:47.026 INFO:journalctl@ceph.mon.a.smithi032.stdout:Apr 25 18:50:46 smithi032 ceph-mon[28041]: from='mgr.14152 172.21.15.32:0/2505611285' entity='mgr.x' cmd=[{"prefix": "config dump", "format": "json"}]: dispatch
2024-04-25T18:50:47.026 INFO:journalctl@ceph.mon.a.smithi032.stdout:Apr 25 18:50:46 smithi032 ceph-mon[28041]: from='mgr.14152 172.21.15.32:0/2505611285' entity='mgr.x' cmd=[{"prefix":"config rm","who":"mgr","name":"mgr/rbd_support/x/mirror_snapshot_schedule"}]: dispatch
2024-04-25T18:50:47.026 INFO:journalctl@ceph.mon.a.smithi032.stdout:Apr 25 18:50:46 smithi032 ceph-mon[28041]: from='mgr.14152 172.21.15.32:0/2505611285' entity='mgr.x' cmd=[{"prefix":"config rm","who":"mgr","name":"mgr/rbd_support/x/trash_purge_schedule"}]: dispatch
2024-04-25T18:50:47.026 INFO:journalctl@ceph.mon.a.smithi032.stdout:Apr 25 18:50:46 smithi032 ceph-mon[28041]: mgrmap e11: x(active, since 1.01221s)
2024-04-25T18:50:47.745 INFO:teuthology.orchestra.run.smithi032.stdout:/usr/bin/ceph: stdout {
2024-04-25T18:50:47.746 INFO:teuthology.orchestra.run.smithi032.stdout:/usr/bin/ceph: stdout "mgrmap_epoch": 11,
2024-04-25T18:50:47.746 INFO:teuthology.orchestra.run.smithi032.stdout:/usr/bin/ceph: stdout "initialized": true
2024-04-25T18:50:47.746 INFO:teuthology.orchestra.run.smithi032.stdout:/usr/bin/ceph: stdout }
2024-04-25T18:50:47.746 INFO:teuthology.orchestra.run.smithi032.stdout:/usr/bin/ceph: stderr
2024-04-25T18:50:40.237+0000 7fa9a2600700 1 Processor -- start
2024-04-25T18:50:47.746 INFO:teuthology.orchestra.run.smithi032.stdout:/usr/bin/ceph: stderr
2024-04-25T18:50:40.237+0000 7fa9a2600700 1 -- start start
2024-04-25T18:50:47.746 INFO:teuthology.orchestra.run.smithi032.stdout:/usr/bin/ceph: stderr
2024-04-25T18:50:40.238+0000 7fa9a2600700 1 --2- >> [v2:172.21.15.32:3300/0,v1:172.21.15.32:6789/0] conn(0x7fa99c07de40 0x7fa99c07c2f0 unknown :-1 s=NONE pgs=0 cs=0 l=0 rev1=0 crypto rx=0 tx=0 comp rx=0 tx=0).connect
2024-04-25T18:50:47.746 INFO:teuthology.orchestra.run.smithi032.stdout:/usr/bin/ceph: stderr
2024-04-25T18:50:40.238+0000 7fa9a2600700 1 -- --> [v2:172.21.15.32:3300/0,v1:172.21.15.32:6789/0] -- mon_getmap magic: 0 -- 0x7fa99c07c830 con 0x7fa99c07de40
2024-04-25T18:50:47.746 INFO:teuthology.orchestra.run.smithi032.stdout:/usr/bin/ceph: stderr
2024-04-25T18:50:40.238+0000 7fa9a1200700 1 --2- >> [v2:172.21.15.32:3300/0,v1:172.21.15.32:6789/0] conn(0x7fa99c07de40 0x7fa99c07c2f0 unknown :-1 s=BANNER_CONNECTING pgs=0 cs=0 l=0 rev1=0 crypto rx=0 tx=0 comp rx=0 tx=0)._handle_peer_banner_payload supported=3 required=0
2024-04-25T18:50:47.746 INFO:teuthology.orchestra.run.smithi032.stdout:/usr/bin/ceph: stderr
2024-04-25T18:50:40.238+0000 7fa9a1200700 1 --2- >> [v2:172.21.15.32:3300/0,v1:172.21.15.32:6789/0] conn(0x7fa99c07de40 0x7fa99c07c2f0 unknown :-1 s=HELLO_CONNECTING pgs=0 cs=0 l=0 rev1=1 crypto rx=0 tx=0 comp rx=0 tx=0).handle_hello peer v2:172.21.15.32:3300/0 says I am v2:172.21.15.32:47636/0 (socket says 172.21.15.32:47636)
2024-04-25T18:50:47.746 INFO:teuthology.orchestra.run.smithi032.stdout:/usr/bin/ceph: stderr
2024-04-25T18:50:40.238+0000 7fa9a1200700 1 -- 172.21.15.32:0/1027875171 learned_addr learned my addr 172.21.15.32:0/1027875171 (peer_addr_for_me v2:172.21.15.32:0/0)
2024-04-25T18:50:47.746 INFO:teuthology.orchestra.run.smithi032.stdout:/usr/bin/ceph: stderr
2024-04-25T18:50:40.238+0000 7fa9a1200700 1 -- 172.21.15.32:0/1027875171 --> [v2:172.21.15.32:3300/0,v1:172.21.15.32:6789/0] -- mon_subscribe({config=0+,monmap=0+}) -- 0x7fa99c07c9b0 con 0x7fa99c07de40
2024-04-25T18:50:47.747 INFO:teuthology.orchestra.run.smithi032.stdout:/usr/bin/ceph: stderr
2024-04-25T18:50:40.239+0000 7fa9a1200700 1 --2- 172.21.15.32:0/1027875171 >> [v2:172.21.15.32:3300/0,v1:172.21.15.32:6789/0] conn(0x7fa99c07de40 0x7fa99c07c2f0 secure :-1 s=READY pgs=61 cs=0 l=1 rev1=1 crypto rx=0x7fa9900098a0 tx=0x7fa990009bb0 comp rx=0 tx=0).ready entity=mon.0 client_cookie=8a8b33eec7d26818 server_cookie=0 in_seq=0 out_seq=0
2024-04-25T18:50:47.747 INFO:teuthology.orchestra.run.smithi032.stdout:/usr/bin/ceph: stderr
2024-04-25T18:50:40.239+0000 7fa99b400700 1 -- 172.21.15.32:0/1027875171 <== mon.0 v2:172.21.15.32:3300/0 1 ==== mon_map magic: 0 ==== 205+0+0 (secure 0 0 0) 0x7fa990004160 con 0x7fa99c07de40
2024-04-25T18:50:47.747 INFO:teuthology.orchestra.run.smithi032.stdout:/usr/bin/ceph: stderr
2024-04-25T18:50:40.239+0000 7fa99b400700 1 -- 172.21.15.32:0/1027875171 <== mon.0 v2:172.21.15.32:3300/0 2 ==== config(26 keys) ==== 1101+0+0 (secure 0 0 0) 0x7fa990004300 con 0x7fa99c07de40
2024-04-25T18:50:47.747 INFO:teuthology.orchestra.run.smithi032.stdout:/usr/bin/ceph: stderr
2024-04-25T18:50:40.239+0000 7fa99b400700 1 -- 172.21.15.32:0/1027875171 <== mon.0 v2:172.21.15.32:3300/0 3 ==== mon_map magic: 0 ==== 205+0+0 (secure 0 0 0) 0x7fa990011a20 con 0x7fa99c07de40
2024-04-25T18:50:47.747 INFO:teuthology.orchestra.run.smithi032.stdout:/usr/bin/ceph: stderr
2024-04-25T18:50:40.240+0000 7fa9a2600700 1 -- 172.21.15.32:0/1027875171 >> [v2:172.21.15.32:3300/0,v1:172.21.15.32:6789/0] conn(0x7fa99c07de40 msgr2=0x7fa99c07c2f0 secure :-1 s=STATE_CONNECTION_ESTABLISHED l=1).mark_down
2024-04-25T18:50:47.747 INFO:teuthology.orchestra.run.smithi032.stdout:/usr/bin/ceph: stderr
2024-04-25T18:50:40.240+0000 7fa9a2600700 1 --2- 172.21.15.32:0/1027875171 >> [v2:172.21.15.32:3300/0,v1:172.21.15.32:6789/0] conn(0x7fa99c07de40 0x7fa99c07c2f0 secure :-1 s=READY pgs=61 cs=0 l=1 rev1=1 crypto rx=0x7fa9900098a0 tx=0x7fa990009bb0 comp rx=0 tx=0).stop
2024-04-25T18:50:47.747 INFO:teuthology.orchestra.run.smithi032.stdout:/usr/bin/ceph: stderr
2024-04-25T18:50:40.240+0000 7fa9a2600700 1 -- 172.21.15.32:0/1027875171 shutdown_connections
2024-04-25T18:50:47.747 INFO:teuthology.orchestra.run.smithi032.stdout:/usr/bin/ceph: stderr
2024-04-25T18:50:40.240+0000 7fa9a2600700 1 --2- 172.21.15.32:0/1027875171 >> [v2:172.21.15.32:3300/0,v1:172.21.15.32:6789/0] conn(0x7fa99c07de40 0x7fa99c07c2f0 unknown :-1 s=CLOSED pgs=61 cs=0 l=1 rev1=1 crypto rx=0 tx=0 comp rx=0 tx=0).stop
2024-04-25T18:50:47.747 INFO:teuthology.orchestra.run.smithi032.stdout:/usr/bin/ceph: stderr
2024-04-25T18:50:40.240+0000 7fa9a2600700 1 -- 172.21.15.32:0/1027875171 >> 172.21.15.32:0/1027875171 conn(0x7fa99c103910 msgr2=0x7fa99c105d30 unknown :-1 s=STATE_NONE l=0).mark_down
2024-04-25T18:50:47.747 INFO:teuthology.orchestra.run.smithi032.stdout:/usr/bin/ceph: stderr
2024-04-25T18:50:40.240+0000 7fa9a2600700 1 -- 172.21.15.32:0/1027875171 shutdown_connections
2024-04-25T18:50:47.747 INFO:teuthology.orchestra.run.smithi032.stdout:/usr/bin/ceph: stderr
2024-04-25T18:50:40.240+0000 7fa9a2600700 1 -- 172.21.15.32:0/1027875171 wait complete.
2024-04-25T18:50:47.747 INFO:teuthology.orchestra.run.smithi032.stdout:/usr/bin/ceph: stderr
2024-04-25T18:50:40.241+0000 7fa9a2600700 1 Processor -- start
2024-04-25T18:50:47.747 INFO:teuthology.orchestra.run.smithi032.stdout:/usr/bin/ceph: stderr
2024-04-25T18:50:40.241+0000 7fa9a2600700 1 -- start start
2024-04-25T18:50:47.748 INFO:teuthology.orchestra.run.smithi032.stdout:/usr/bin/ceph: stderr
2024-04-25T18:50:40.241+0000 7fa9a2600700 1 --2- >> [v2:172.21.15.32:3300/0,v1:172.21.15.32:6789/0] conn(0x7fa99c07de40 0x7fa99c19e680 unknown :-1 s=NONE pgs=0 cs=0 l=1 rev1=0 crypto rx=0 tx=0 comp rx=0 tx=0).connect
2024-04-25T18:50:47.748 INFO:teuthology.orchestra.run.smithi032.stdout:/usr/bin/ceph: stderr
2024-04-25T18:50:40.241+0000 7fa9a2600700 1 -- --> [v2:172.21.15.32:3300/0,v1:172.21.15.32:6789/0] -- mon_getmap magic: 0 -- 0x7fa99c10e870 con 0x7fa99c07de40
2024-04-25T18:50:47.748 INFO:teuthology.orchestra.run.smithi032.stdout:/usr/bin/ceph: stderr
2024-04-25T18:50:40.242+0000 7fa9a1200700 1 --2- >> [v2:172.21.15.32:3300/0,v1:172.21.15.32:6789/0] conn(0x7fa99c07de40 0x7fa99c19e680 unknown :-1 s=BANNER_CONNECTING pgs=0 cs=0 l=1 rev1=0 crypto rx=0 tx=0 comp rx=0 tx=0)._handle_peer_banner_payload supported=3 required=0
2024-04-25T18:50:47.748 INFO:teuthology.orchestra.run.smithi032.stdout:/usr/bin/ceph: stderr
2024-04-25T18:50:40.242+0000 7fa9a1200700 1 --2- >> [v2:172.21.15.32:3300/0,v1:172.21.15.32:6789/0] conn(0x7fa99c07de40 0x7fa99c19e680 unknown :-1 s=HELLO_CONNECTING pgs=0 cs=0 l=1 rev1=1 crypto rx=0 tx=0 comp rx=0 tx=0).handle_hello peer v2:172.21.15.32:3300/0 says I am v2:172.21.15.32:47638/0 (socket says 172.21.15.32:47638)
2024-04-25T18:50:47.748 INFO:teuthology.orchestra.run.smithi032.stdout:/usr/bin/ceph: stderr
2024-04-25T18:50:40.242+0000 7fa9a1200700 1 -- 172.21.15.32:0/4207526002 learned_addr learned my addr 172.21.15.32:0/4207526002 (peer_addr_for_me v2:172.21.15.32:0/0)
2024-04-25T18:50:47.748 INFO:teuthology.orchestra.run.smithi032.stdout:/usr/bin/ceph: stderr
2024-04-25T18:50:40.242+0000 7fa9a1200700 1 -- 172.21.15.32:0/4207526002 --> [v2:172.21.15.32:3300/0,v1:172.21.15.32:6789/0] -- mon_subscribe({config=0+,monmap=0+}) -- 0x7fa99c19ebc0 con 0x7fa99c07de40
2024-04-25T18:50:47.748 INFO:teuthology.orchestra.run.smithi032.stdout:/usr/bin/ceph: stderr
2024-04-25T18:50:40.242+0000 7fa9a1200700 1 --2- 172.21.15.32:0/4207526002 >> [v2:172.21.15.32:3300/0,v1:172.21.15.32:6789/0] conn(0x7fa99c07de40 0x7fa99c19e680 secure :-1 s=READY pgs=62 cs=0 l=1 rev1=1 crypto rx=0x7fa9900116e0 tx=0x7fa990011aa0 comp rx=0 tx=0).ready entity=mon.0 client_cookie=0 server_cookie=0 in_seq=0 out_seq=0
2024-04-25T18:50:47.748 INFO:teuthology.orchestra.run.smithi032.stdout:/usr/bin/ceph: stderr
2024-04-25T18:50:40.243+0000 7fa999600700 1 -- 172.21.15.32:0/4207526002 <== mon.0 v2:172.21.15.32:3300/0 1 ==== mon_map magic: 0 ==== 205+0+0 (secure 0 0 0) 0x7fa990003a60 con 0x7fa99c07de40
2024-04-25T18:50:47.748 INFO:teuthology.orchestra.run.smithi032.stdout:/usr/bin/ceph: stderr
2024-04-25T18:50:40.243+0000 7fa999600700 1 -- 172.21.15.32:0/4207526002 <== mon.0 v2:172.21.15.32:3300/0 2 ==== config(26 keys) ==== 1101+0+0 (secure 0 0 0) 0x7fa99001b8f0 con 0x7fa99c07de40
2024-04-25T18:50:47.748 INFO:teuthology.orchestra.run.smithi032.stdout:/usr/bin/ceph: stderr
2024-04-25T18:50:40.243+0000 7fa999600700 1 -- 172.21.15.32:0/4207526002 <== mon.0 v2:172.21.15.32:3300/0 3 ==== mon_map magic: 0 ==== 205+0+0 (secure 0 0 0) 0x7fa990019860 con 0x7fa99c07de40
2024-04-25T18:50:47.748 INFO:teuthology.orchestra.run.smithi032.stdout:/usr/bin/ceph: stderr
2024-04-25T18:50:40.243+0000 7fa9a2600700 1 -- 172.21.15.32:0/4207526002 --> [v2:172.21.15.32:3300/0,v1:172.21.15.32:6789/0] -- mon_subscribe({mgrmap=0+}) -- 0x7fa99c19ee50 con 0x7fa99c07de40
2024-04-25T18:50:47.748 INFO:teuthology.orchestra.run.smithi032.stdout:/usr/bin/ceph: stderr
2024-04-25T18:50:40.243+0000 7fa9a2600700 1 -- 172.21.15.32:0/4207526002 --> [v2:172.21.15.32:3300/0,v1:172.21.15.32:6789/0] -- mon_subscribe({osdmap=0}) -- 0x7fa99c1a1b40 con 0x7fa99c07de40
2024-04-25T18:50:47.748 INFO:teuthology.orchestra.run.smithi032.stdout:/usr/bin/ceph: stderr
2024-04-25T18:50:40.244+0000 7fa999600700 1 -- 172.21.15.32:0/4207526002 <== mon.0 v2:172.21.15.32:3300/0 4 ==== mgrmap(e 9) ==== 46571+0+0 (secure 0 0 0) 0x7fa990019b60 con 0x7fa99c07de40
2024-04-25T18:50:47.748 INFO:teuthology.orchestra.run.smithi032.stdout:/usr/bin/ceph: stderr
