2024-04-25T18:50:52.118+0000 7f87b6000700 1 -- 172.21.15.32:0/2138164535 <== mon.0 v2:172.21.15.32:3300/0 3 ==== mon_map magic: 0 ==== 205+0+0 (secure 0 0 0) 0x7f87a8011a20 con 0x7f87b8073cb0
2024-04-25T18:50:53.444 INFO:teuthology.orchestra.run.smithi032.stdout:/usr/bin/ceph: stderr
2024-04-25T18:50:52.118+0000 7f87be600700 1 -- 172.21.15.32:0/2138164535 >> [v2:172.21.15.32:3300/0,v1:172.21.15.32:6789/0] conn(0x7f87b8073cb0 msgr2=0x7f87b80740d0 secure :-1 s=STATE_CONNECTION_ESTABLISHED l=1).mark_down
2024-04-25T18:50:53.444 INFO:teuthology.orchestra.run.smithi032.stdout:/usr/bin/ceph: stderr
2024-04-25T18:50:52.118+0000 7f87be600700 1 --2- 172.21.15.32:0/2138164535 >> [v2:172.21.15.32:3300/0,v1:172.21.15.32:6789/0] conn(0x7f87b8073cb0 0x7f87b80740d0 secure :-1 s=READY pgs=74 cs=0 l=1 rev1=1 crypto rx=0x7f87a80098a0 tx=0x7f87a8009bb0 comp rx=0 tx=0).stop
2024-04-25T18:50:53.444 INFO:teuthology.orchestra.run.smithi032.stdout:/usr/bin/ceph: stderr
2024-04-25T18:50:52.118+0000 7f87be600700 1 -- 172.21.15.32:0/2138164535 shutdown_connections
2024-04-25T18:50:53.444 INFO:teuthology.orchestra.run.smithi032.stdout:/usr/bin/ceph: stderr
2024-04-25T18:50:52.118+0000 7f87be600700 1 --2- 172.21.15.32:0/2138164535 >> [v2:172.21.15.32:3300/0,v1:172.21.15.32:6789/0] conn(0x7f87b8073cb0 0x7f87b80740d0 unknown :-1 s=CLOSED pgs=74 cs=0 l=1 rev1=1 crypto rx=0 tx=0 comp rx=0 tx=0).stop
2024-04-25T18:50:53.444 INFO:teuthology.orchestra.run.smithi032.stdout:/usr/bin/ceph: stderr
2024-04-25T18:50:52.118+0000 7f87be600700 1 -- 172.21.15.32:0/2138164535 >> 172.21.15.32:0/2138164535 conn(0x7f87b806f410 msgr2=0x7f87b8071830 unknown :-1 s=STATE_NONE l=0).mark_down
2024-04-25T18:50:53.444 INFO:teuthology.orchestra.run.smithi032.stdout:/usr/bin/ceph: stderr
2024-04-25T18:50:52.119+0000 7f87be600700 1 -- 172.21.15.32:0/2138164535 shutdown_connections
2024-04-25T18:50:53.444 INFO:teuthology.orchestra.run.smithi032.stdout:/usr/bin/ceph: stderr
2024-04-25T18:50:52.119+0000 7f87be600700 1 -- 172.21.15.32:0/2138164535 wait complete.
2024-04-25T18:50:53.444 INFO:teuthology.orchestra.run.smithi032.stdout:/usr/bin/ceph: stderr
2024-04-25T18:50:52.120+0000 7f87be600700 1 Processor -- start
2024-04-25T18:50:53.444 INFO:teuthology.orchestra.run.smithi032.stdout:/usr/bin/ceph: stderr
2024-04-25T18:50:52.120+0000 7f87be600700 1 -- start start
2024-04-25T18:50:53.444 INFO:teuthology.orchestra.run.smithi032.stdout:/usr/bin/ceph: stderr
2024-04-25T18:50:52.121+0000 7f87be600700 1 --2- >> [v2:172.21.15.32:3300/0,v1:172.21.15.32:6789/0] conn(0x7f87b8073cb0 0x7f87b8112950 unknown :-1 s=NONE pgs=0 cs=0 l=1 rev1=0 crypto rx=0 tx=0 comp rx=0 tx=0).connect
2024-04-25T18:50:53.445 INFO:teuthology.orchestra.run.smithi032.stdout:/usr/bin/ceph: stderr
2024-04-25T18:50:52.121+0000 7f87be600700 1 -- --> [v2:172.21.15.32:3300/0,v1:172.21.15.32:6789/0] -- mon_getmap magic: 0 -- 0x7f87b8110b20 con 0x7f87b8073cb0
2024-04-25T18:50:53.445 INFO:teuthology.orchestra.run.smithi032.stdout:/usr/bin/ceph: stderr
2024-04-25T18:50:52.121+0000 7f87b7400700 1 --2- >> [v2:172.21.15.32:3300/0,v1:172.21.15.32:6789/0] conn(0x7f87b8073cb0 0x7f87b8112950 unknown :-1 s=BANNER_CONNECTING pgs=0 cs=0 l=1 rev1=0 crypto rx=0 tx=0 comp rx=0 tx=0)._handle_peer_banner_payload supported=3 required=0
2024-04-25T18:50:53.445 INFO:teuthology.orchestra.run.smithi032.stdout:/usr/bin/ceph: stderr
2024-04-25T18:50:52.121+0000 7f87b7400700 1 --2- >> [v2:172.21.15.32:3300/0,v1:172.21.15.32:6789/0] conn(0x7f87b8073cb0 0x7f87b8112950 unknown :-1 s=HELLO_CONNECTING pgs=0 cs=0 l=1 rev1=1 crypto rx=0 tx=0 comp rx=0 tx=0).handle_hello peer v2:172.21.15.32:3300/0 says I am v2:172.21.15.32:54370/0 (socket says 172.21.15.32:54370)
2024-04-25T18:50:53.445 INFO:teuthology.orchestra.run.smithi032.stdout:/usr/bin/ceph: stderr
2024-04-25T18:50:52.121+0000 7f87b7400700 1 -- 172.21.15.32:0/183461987 learned_addr learned my addr 172.21.15.32:0/183461987 (peer_addr_for_me v2:172.21.15.32:0/0)
2024-04-25T18:50:53.445 INFO:teuthology.orchestra.run.smithi032.stdout:/usr/bin/ceph: stderr
2024-04-25T18:50:52.121+0000 7f87b7400700 1 -- 172.21.15.32:0/183461987 --> [v2:172.21.15.32:3300/0,v1:172.21.15.32:6789/0] -- mon_subscribe({config=0+,monmap=0+}) -- 0x7f87b8112e90 con 0x7f87b8073cb0
2024-04-25T18:50:53.445 INFO:teuthology.orchestra.run.smithi032.stdout:/usr/bin/ceph: stderr
2024-04-25T18:50:52.122+0000 7f87b7400700 1 --2- 172.21.15.32:0/183461987 >> [v2:172.21.15.32:3300/0,v1:172.21.15.32:6789/0] conn(0x7f87b8073cb0 0x7f87b8112950 secure :-1 s=READY pgs=75 cs=0 l=1 rev1=1 crypto rx=0x7f87a8004660 tx=0x7f87a8011aa0 comp rx=0 tx=0).ready entity=mon.0 client_cookie=0 server_cookie=0 in_seq=0 out_seq=0
2024-04-25T18:50:53.445 INFO:teuthology.orchestra.run.smithi032.stdout:/usr/bin/ceph: stderr
2024-04-25T18:50:52.122+0000 7f87afe00700 1 -- 172.21.15.32:0/183461987 <== mon.0 v2:172.21.15.32:3300/0 1 ==== mon_map magic: 0 ==== 205+0+0 (secure 0 0 0) 0x7f87a8003aa0 con 0x7f87b8073cb0
2024-04-25T18:50:53.445 INFO:teuthology.orchestra.run.smithi032.stdout:/usr/bin/ceph: stderr
2024-04-25T18:50:52.122+0000 7f87afe00700 1 -- 172.21.15.32:0/183461987 <== mon.0 v2:172.21.15.32:3300/0 2 ==== config(26 keys) ==== 1101+0+0 (secure 0 0 0) 0x7f87a801b8f0 con 0x7f87b8073cb0
2024-04-25T18:50:53.445 INFO:teuthology.orchestra.run.smithi032.stdout:/usr/bin/ceph: stderr
2024-04-25T18:50:52.122+0000 7f87be600700 1 -- 172.21.15.32:0/183461987 --> [v2:172.21.15.32:3300/0,v1:172.21.15.32:6789/0] -- mon_subscribe({mgrmap=0+}) -- 0x7f87b8111080 con 0x7f87b8073cb0
2024-04-25T18:50:53.445 INFO:teuthology.orchestra.run.smithi032.stdout:/usr/bin/ceph: stderr
2024-04-25T18:50:52.122+0000 7f87afe00700 1 -- 172.21.15.32:0/183461987 <== mon.0 v2:172.21.15.32:3300/0 3 ==== mon_map magic: 0 ==== 205+0+0 (secure 0 0 0) 0x7f87a8023900 con 0x7f87b8073cb0
2024-04-25T18:50:53.445 INFO:teuthology.orchestra.run.smithi032.stdout:/usr/bin/ceph: stderr
2024-04-25T18:50:52.122+0000 7f87be600700 1 -- 172.21.15.32:0/183461987 --> [v2:172.21.15.32:3300/0,v1:172.21.15.32:6789/0] -- mon_subscribe({osdmap=0}) -- 0x7f87b81115c0 con 0x7f87b8073cb0
2024-04-25T18:50:53.445 INFO:teuthology.orchestra.run.smithi032.stdout:/usr/bin/ceph: stderr
2024-04-25T18:50:52.123+0000 7f87afe00700 1 -- 172.21.15.32:0/183461987 <== mon.0 v2:172.21.15.32:3300/0 4 ==== mgrmap(e 13) ==== 46614+0+0 (secure 0 0 0) 0x7f87a8023bc0 con 0x7f87b8073cb0
2024-04-25T18:50:53.445 INFO:teuthology.orchestra.run.smithi032.stdout:/usr/bin/ceph: stderr
2024-04-25T18:50:52.123+0000 7f87be600700 1 -- 172.21.15.32:0/183461987 --> [v2:172.21.15.32:3300/0,v1:172.21.15.32:6789/0] -- mon_command({"prefix": "get_command_descriptions"} v 0) -- 0x7f87b80640a0 con 0x7f87b8073cb0
2024-04-25T18:50:53.445 INFO:teuthology.orchestra.run.smithi032.stdout:/usr/bin/ceph: stderr
2024-04-25T18:50:52.124+0000 7f87afe00700 1 --2- 172.21.15.32:0/183461987 >> [v2:172.21.15.32:6800/396827153,v1:172.21.15.32:6801/396827153] conn(0x7f879c0396a0 0x7f879c03bb60 unknown :-1 s=NONE pgs=0 cs=0 l=1 rev1=0 crypto rx=0 tx=0 comp rx=0 tx=0).connect
2024-04-25T18:50:53.446 INFO:teuthology.orchestra.run.smithi032.stdout:/usr/bin/ceph: stderr
2024-04-25T18:50:52.124+0000 7f87afe00700 1 -- 172.21.15.32:0/183461987 <== mon.0 v2:172.21.15.32:3300/0 5 ==== osd_map(3..3 src has 1..3) ==== 1155+0+0 (secure 0 0 0) 0x7f87a804e0a0 con 0x7f87b8073cb0
2024-04-25T18:50:53.446 INFO:teuthology.orchestra.run.smithi032.stdout:/usr/bin/ceph: stderr
2024-04-25T18:50:52.124+0000 7f87b6a00700 1 --2- 172.21.15.32:0/183461987 >> [v2:172.21.15.32:6800/396827153,v1:172.21.15.32:6801/396827153] conn(0x7f879c0396a0 0x7f879c03bb60 unknown :-1 s=BANNER_CONNECTING pgs=0 cs=0 l=1 rev1=0 crypto rx=0 tx=0 comp rx=0 tx=0)._handle_peer_banner_payload supported=3 required=0
2024-04-25T18:50:53.446 INFO:teuthology.orchestra.run.smithi032.stdout:/usr/bin/ceph: stderr
2024-04-25T18:50:52.125+0000 7f87b6a00700 1 --2- 172.21.15.32:0/183461987 >> [v2:172.21.15.32:6800/396827153,v1:172.21.15.32:6801/396827153] conn(0x7f879c0396a0 0x7f879c03bb60 secure :-1 s=READY pgs=9 cs=0 l=1 rev1=1 crypto rx=0x7f87a4006fd0 tx=0x7f87a4006e40 comp rx=0 tx=0).ready entity=mgr.14152 client_cookie=0 server_cookie=0 in_seq=0 out_seq=0
2024-04-25T18:50:53.446 INFO:teuthology.orchestra.run.smithi032.stdout:/usr/bin/ceph: stderr
2024-04-25T18:50:52.129+0000 7f87afe00700 1 -- 172.21.15.32:0/183461987 <== mon.0 v2:172.21.15.32:3300/0 6 ==== mon_command_ack([{"prefix": "get_command_descriptions"}]=0 v0) ==== 72+0+188370 (secure 0 0 0) 0x7f87a801f030 con 0x7f87b8073cb0
2024-04-25T18:50:53.446 INFO:teuthology.orchestra.run.smithi032.stdout:/usr/bin/ceph: stderr
2024-04-25T18:50:52.362+0000 7f87be600700 1 -- 172.21.15.32:0/183461987 --> [v2:172.21.15.32:3300/0,v1:172.21.15.32:6789/0] -- mon_command({"prefix": "config get", "who": "mgr", "key": "mgr/dashboard/ssl_server_port"} v 0) -- 0x7f87b819e5a0 con 0x7f87b8073cb0
2024-04-25T18:50:53.446 INFO:teuthology.orchestra.run.smithi032.stdout:/usr/bin/ceph: stderr
2024-04-25T18:50:52.363+0000 7f87afe00700 1 -- 172.21.15.32:0/183461987 <== mon.0 v2:172.21.15.32:3300/0 7 ==== mon_command_ack([{"prefix": "config get", "who": "mgr", "key": "mgr/dashboard/ssl_server_port"}]=0 v8) ==== 112+0+5 (secure 0 0 0) 0x7f87a80202b0 con 0x7f87b8073cb0
2024-04-25T18:50:53.446 INFO:teuthology.orchestra.run.smithi032.stdout:/usr/bin/ceph: stderr
2024-04-25T18:50:52.366+0000 7f87be600700 1 -- 172.21.15.32:0/183461987 >> [v2:172.21.15.32:6800/396827153,v1:172.21.15.32:6801/396827153] conn(0x7f879c0396a0 msgr2=0x7f879c03bb60 secure :-1 s=STATE_CONNECTION_ESTABLISHED l=1).mark_down
2024-04-25T18:50:53.446 INFO:teuthology.orchestra.run.smithi032.stdout:/usr/bin/ceph: stderr
2024-04-25T18:50:52.366+0000 7f87be600700 1 --2- 172.21.15.32:0/183461987 >> [v2:172.21.15.32:6800/396827153,v1:172.21.15.32:6801/396827153] conn(0x7f879c0396a0 0x7f879c03bb60 secure :-1 s=READY pgs=9 cs=0 l=1 rev1=1 crypto rx=0x7f87a4006fd0 tx=0x7f87a4006e40 comp rx=0 tx=0).stop
2024-04-25T18:50:53.446 INFO:teuthology.orchestra.run.smithi032.stdout:/usr/bin/ceph: stderr
2024-04-25T18:50:52.366+0000 7f87be600700 1 -- 172.21.15.32:0/183461987 >> [v2:172.21.15.32:3300/0,v1:172.21.15.32:6789/0] conn(0x7f87b8073cb0 msgr2=0x7f87b8112950 secure :-1 s=STATE_CONNECTION_ESTABLISHED l=1).mark_down
2024-04-25T18:50:53.446 INFO:teuthology.orchestra.run.smithi032.stdout:/usr/bin/ceph: stderr
2024-04-25T18:50:52.366+0000 7f87be600700 1 --2- 172.21.15.32:0/183461987 >> [v2:172.21.15.32:3300/0,v1:172.21.15.32:6789/0] conn(0x7f87b8073cb0 0x7f87b8112950 secure :-1 s=READY pgs=75 cs=0 l=1 rev1=1 crypto rx=0x7f87a8004660 tx=0x7f87a8011aa0 comp rx=0 tx=0).stop
2024-04-25T18:50:53.446 INFO:teuthology.orchestra.run.smithi032.stdout:/usr/bin/ceph: stderr
2024-04-25T18:50:52.367+0000 7f87be600700 1 -- 172.21.15.32:0/183461987 shutdown_connections
2024-04-25T18:50:53.446 INFO:teuthology.orchestra.run.smithi032.stdout:/usr/bin/ceph: stderr
2024-04-25T18:50:52.367+0000 7f87be600700 1 --2- 172.21.15.32:0/183461987 >> [v2:172.21.15.32:6800/396827153,v1:172.21.15.32:6801/396827153] conn(0x7f879c0396a0 0x7f879c03bb60 unknown :-1 s=CLOSED pgs=9 cs=0 l=1 rev1=1 crypto rx=0 tx=0 comp rx=0 tx=0).stop
2024-04-25T18:50:53.446 INFO:teuthology.orchestra.run.smithi032.stdout:/usr/bin/ceph: stderr
2024-04-25T18:50:52.367+0000 7f87be600700 1 --2- 172.21.15.32:0/183461987 >> [v2:172.21.15.32:3300/0,v1:172.21.15.32:6789/0] conn(0x7f87b8073cb0 0x7f87b8112950 unknown :-1 s=CLOSED pgs=75 cs=0 l=1 rev1=1 crypto rx=0 tx=0 comp rx=0 tx=0).stop
2024-04-25T18:50:53.446 INFO:teuthology.orchestra.run.smithi032.stdout:/usr/bin/ceph: stderr
2024-04-25T18:50:52.367+0000 7f87be600700 1 -- 172.21.15.32:0/183461987 >> 172.21.15.32:0/183461987 conn(0x7f87b806f410 msgr2=0x7f87b8070100 unknown :-1 s=STATE_NONE l=0).mark_down
2024-04-25T18:50:53.447 INFO:teuthology.orchestra.run.smithi032.stdout:/usr/bin/ceph: stderr
2024-04-25T18:50:52.367+0000 7f87be600700 1 -- 172.21.15.32:0/183461987 shutdown_connections
2024-04-25T18:50:53.447 INFO:teuthology.orchestra.run.smithi032.stdout:/usr/bin/ceph: stderr
2024-04-25T18:50:52.367+0000 7f87be600700 1 -- 172.21.15.32:0/183461987 wait complete.
2024-04-25T18:50:53.478 INFO:teuthology.orchestra.run.smithi032.stdout:Non-zero exit code 1 from systemctl is-enabled firewalld.service
2024-04-25T18:50:53.479 INFO:teuthology.orchestra.run.smithi032.stdout:systemctl: stdout disabled
2024-04-25T18:50:53.507 INFO:teuthology.orchestra.run.smithi032.stdout:Non-zero exit code 3 from systemctl is-active firewalld.service
2024-04-25T18:50:53.508 INFO:teuthology.orchestra.run.smithi032.stdout:systemctl: stdout inactive
2024-04-25T18:50:53.508 INFO:teuthology.orchestra.run.smithi032.stdout:firewalld.service is not enabled
2024-04-25T18:50:53.508 INFO:teuthology.orchestra.run.smithi032.stdout:Not possible to open ports <[8443]>. firewalld.service is not available
2024-04-25T18:50:53.516 INFO:teuthology.orchestra.run.smithi032.stdout:Ceph Dashboard is now available at:
2024-04-25T18:50:53.516 INFO:teuthology.orchestra.run.smithi032.stdout:
2024-04-25T18:50:53.516 INFO:teuthology.orchestra.run.smithi032.stdout: URL: https://smithi032.front.sepia.ceph.com:8443/
2024-04-25T18:50:53.516 INFO:teuthology.orchestra.run.smithi032.stdout: User: admin
2024-04-25T18:50:53.516 INFO:teuthology.orchestra.run.smithi032.stdout: Password: 6mx4hcvu02
2024-04-25T18:50:53.516 INFO:teuthology.orchestra.run.smithi032.stdout:
2024-04-25T18:50:53.517 INFO:teuthology.orchestra.run.smithi032.stdout:Saving cluster configuration to /var/lib/ceph/26958fb4-0334-11ef-bc93-c7b262605968/config directory
2024-04-25T18:50:53.520 INFO:teuthology.orchestra.run.smithi032.stdout:Enabling autotune for osd_memory_target
2024-04-25T18:50:55.407 INFO:teuthology.orchestra.run.smithi032.stdout:/usr/bin/ceph: stderr
2024-04-25T18:50:54.485+0000 7f6614800700 1 Processor -- start
2024-04-25T18:50:55.408 INFO:teuthology.orchestra.run.smithi032.stdout:/usr/bin/ceph: stderr
2024-04-25T18:50:54.485+0000 7f6614800700 1 -- start start
2024-04-25T18:50:55.408 INFO:teuthology.orchestra.run.smithi032.stdout:/usr/bin/ceph: stderr
2024-04-25T18:50:54.486+0000 7f6614800700 1 --2- >> [v2:172.21.15.32:3300/0,v1:172.21.15.32:6789/0] conn(0x7f660c10a730 0x7f660c10ab50 unknown :-1 s=NONE pgs=0 cs=0 l=0 rev1=0 crypto rx=0 tx=0 comp rx=0 tx=0).connect
2024-04-25T18:50:55.408 INFO:teuthology.orchestra.run.smithi032.stdout:/usr/bin/ceph: stderr
2024-04-25T18:50:54.486+0000 7f6614800700 1 -- --> [v2:172.21.15.32:3300/0,v1:172.21.15.32:6789/0] -- mon_getmap magic: 0 -- 0x7f660c10b120 con 0x7f660c10a730
2024-04-25T18:50:55.409 INFO:teuthology.orchestra.run.smithi032.stdout:/usr/bin/ceph: stderr
2024-04-25T18:50:54.486+0000 7f6611e00700 1 --2- >> [v2:172.21.15.32:3300/0,v1:172.21.15.32:6789/0] conn(0x7f660c10a730 0x7f660c10ab50 unknown :-1 s=BANNER_CONNECTING pgs=0 cs=0 l=0 rev1=0 crypto rx=0 tx=0 comp rx=0 tx=0)._handle_peer_banner_payload supported=3 required=0
2024-04-25T18:50:55.409 INFO:teuthology.orchestra.run.smithi032.stdout:/usr/bin/ceph: stderr
2024-04-25T18:50:54.486+0000 7f6611e00700 1 --2- >> [v2:172.21.15.32:3300/0,v1:172.21.15.32:6789/0] conn(0x7f660c10a730 0x7f660c10ab50 unknown :-1 s=HELLO_CONNECTING pgs=0 cs=0 l=0 rev1=1 crypto rx=0 tx=0 comp rx=0 tx=0).handle_hello peer v2:172.21.15.32:3300/0 says I am v2:172.21.15.32:54384/0 (socket says 172.21.15.32:54384)
2024-04-25T18:50:55.409 INFO:teuthology.orchestra.run.smithi032.stdout:/usr/bin/ceph: stderr
2024-04-25T18:50:54.486+0000 7f6611e00700 1 -- 172.21.15.32:0/2902480225 learned_addr learned my addr 172.21.15.32:0/2902480225 (peer_addr_for_me v2:172.21.15.32:0/0)
2024-04-25T18:50:55.409 INFO:teuthology.orchestra.run.smithi032.stdout:/usr/bin/ceph: stderr
2024-04-25T18:50:54.487+0000 7f6611e00700 1 -- 172.21.15.32:0/2902480225 --> [v2:172.21.15.32:3300/0,v1:172.21.15.32:6789/0] -- mon_subscribe({config=0+,monmap=0+}) -- 0x7f660c10b8e0 con 0x7f660c10a730
2024-04-25T18:50:55.409 INFO:teuthology.orchestra.run.smithi032.stdout:/usr/bin/ceph: stderr
2024-04-25T18:50:54.487+0000 7f6611e00700 1 --2- 172.21.15.32:0/2902480225 >> [v2:172.21.15.32:3300/0,v1:172.21.15.32:6789/0] conn(0x7f660c10a730 0x7f660c10ab50 secure :-1 s=READY pgs=76 cs=0 l=1 rev1=1 crypto rx=0x7f66000098a0 tx=0x7f6600009bb0 comp rx=0 tx=0).ready entity=mon.0 client_cookie=307c8e87c0f18059 server_cookie=0 in_seq=0 out_seq=0
2024-04-25T18:50:55.409 INFO:teuthology.orchestra.run.smithi032.stdout:/usr/bin/ceph: stderr
2024-04-25T18:50:54.488+0000 7f6610a00700 1 -- 172.21.15.32:0/2902480225 <== mon.0 v2:172.21.15.32:3300/0 1 ==== mon_map magic: 0 ==== 205+0+0 (secure 0 0 0) 0x7f6600004160 con 0x7f660c10a730
2024-04-25T18:50:55.409 INFO:teuthology.orchestra.run.smithi032.stdout:/usr/bin/ceph: stderr
2024-04-25T18:50:54.488+0000 7f6610a00700 1 -- 172.21.15.32:0/2902480225 <== mon.0 v2:172.21.15.32:3300/0 2 ==== config(26 keys) ==== 1101+0+0 (secure 0 0 0) 0x7f6600004300 con 0x7f660c10a730
2024-04-25T18:50:55.410 INFO:teuthology.orchestra.run.smithi032.stdout:/usr/bin/ceph: stderr
2024-04-25T18:50:54.488+0000 7f6610a00700 1 -- 172.21.15.32:0/2902480225 <== mon.0 v2:172.21.15.32:3300/0 3 ==== mon_map magic: 0 ==== 205+0+0 (secure 0 0 0) 0x7f6600011a20 con 0x7f660c10a730
2024-04-25T18:50:55.410 INFO:teuthology.orchestra.run.smithi032.stdout:/usr/bin/ceph: stderr
2024-04-25T18:50:54.488+0000 7f6614800700 1 -- 172.21.15.32:0/2902480225 >> [v2:172.21.15.32:3300/0,v1:172.21.15.32:6789/0] conn(0x7f660c10a730 msgr2=0x7f660c10ab50 secure :-1 s=STATE_CONNECTION_ESTABLISHED l=1).mark_down
2024-04-25T18:50:55.410 INFO:teuthology.orchestra.run.smithi032.stdout:/usr/bin/ceph: stderr
2024-04-25T18:50:54.488+0000 7f6614800700 1 --2- 172.21.15.32:0/2902480225 >> [v2:172.21.15.32:3300/0,v1:172.21.15.32:6789/0] conn(0x7f660c10a730 0x7f660c10ab50 secure :-1 s=READY pgs=76 cs=0 l=1 rev1=1 crypto rx=0x7f66000098a0 tx=0x7f6600009bb0 comp rx=0 tx=0).stop
2024-04-25T18:50:55.413 INFO:teuthology.orchestra.run.smithi032.stdout:/usr/bin/ceph: stderr
2024-04-25T18:50:54.489+0000 7f6614800700 1 -- 172.21.15.32:0/2902480225 shutdown_connections
2024-04-25T18:50:55.413 INFO:teuthology.orchestra.run.smithi032.stdout:/usr/bin/ceph: stderr
2024-04-25T18:50:54.489+0000 7f6614800700 1 --2- 172.21.15.32:0/2902480225 >> [v2:172.21.15.32:3300/0,v1:172.21.15.32:6789/0] conn(0x7f660c10a730 0x7f660c10ab50 unknown :-1 s=CLOSED pgs=76 cs=0 l=1 rev1=1 crypto rx=0 tx=0 comp rx=0 tx=0).stop
2024-04-25T18:50:55.413 INFO:teuthology.orchestra.run.smithi032.stdout:/usr/bin/ceph: stderr
2024-04-25T18:50:54.489+0000 7f6614800700 1 -- 172.21.15.32:0/2902480225 >> 172.21.15.32:0/2902480225 conn(0x7f660c07dc10 msgr2=0x7f660c1084e0 unknown :-1 s=STATE_NONE l=0).mark_down
2024-04-25T18:50:55.413 INFO:teuthology.orchestra.run.smithi032.stdout:/usr/bin/ceph: stderr
2024-04-25T18:50:54.489+0000 7f6614800700 1 -- 172.21.15.32:0/2902480225 shutdown_connections
2024-04-25T18:50:55.413 INFO:teuthology.orchestra.run.smithi032.stdout:/usr/bin/ceph: stderr
2024-04-25T18:50:54.489+0000 7f6614800700 1 -- 172.21.15.32:0/2902480225 wait complete.
2024-04-25T18:50:55.413 INFO:teuthology.orchestra.run.smithi032.stdout:/usr/bin/ceph: stderr
2024-04-25T18:50:54.490+0000 7f6614800700 1 Processor -- start
2024-04-25T18:50:55.413 INFO:teuthology.orchestra.run.smithi032.stdout:/usr/bin/ceph: stderr
2024-04-25T18:50:54.490+0000 7f6614800700 1 -- start start
2024-04-25T18:50:55.413 INFO:teuthology.orchestra.run.smithi032.stdout:/usr/bin/ceph: stderr
2024-04-25T18:50:54.491+0000 7f6614800700 1 --2- >> [v2:172.21.15.32:3300/0,v1:172.21.15.32:6789/0] conn(0x7f660c10a730 0x7f660c19e900 unknown :-1 s=NONE pgs=0 cs=0 l=1 rev1=0 crypto rx=0 tx=0 comp rx=0 tx=0).connect
2024-04-25T18:50:55.413 INFO:teuthology.orchestra.run.smithi032.stdout:/usr/bin/ceph: stderr
2024-04-25T18:50:54.491+0000 7f6614800700 1 -- --> [v2:172.21.15.32:3300/0,v1:172.21.15.32:6789/0] -- mon_getmap magic: 0 -- 0x7f660c10ec90 con 0x7f660c10a730
2024-04-25T18:50:55.413 INFO:teuthology.orchestra.run.smithi032.stdout:/usr/bin/ceph: stderr
2024-04-25T18:50:54.491+0000 7f6611e00700 1 --2- >> [v2:172.21.15.32:3300/0,v1:172.21.15.32:6789/0] conn(0x7f660c10a730 0x7f660c19e900 unknown :-1 s=BANNER_CONNECTING pgs=0 cs=0 l=1 rev1=0 crypto rx=0 tx=0 comp rx=0 tx=0)._handle_peer_banner_payload supported=3 required=0
2024-04-25T18:50:55.413 INFO:teuthology.orchestra.run.smithi032.stdout:/usr/bin/ceph: stderr
2024-04-25T18:50:54.491+0000 7f6611e00700 1 --2- >> [v2:172.21.15.32:3300/0,v1:172.21.15.32:6789/0] conn(0x7f660c10a730 0x7f660c19e900 unknown :-1 s=HELLO_CONNECTING pgs=0 cs=0 l=1 rev1=1 crypto rx=0 tx=0 comp rx=0 tx=0).handle_hello peer v2:172.21.15.32:3300/0 says I am v2:172.21.15.32:54394/0 (socket says 172.21.15.32:54394)
2024-04-25T18:50:55.414 INFO:teuthology.orchestra.run.smithi032.stdout:/usr/bin/ceph: stderr
2024-04-25T18:50:54.491+0000 7f6611e00700 1 -- 172.21.15.32:0/2811102426 learned_addr learned my addr 172.21.15.32:0/2811102426 (peer_addr_for_me v2:172.21.15.32:0/0)
2024-04-25T18:50:55.414 INFO:teuthology.orchestra.run.smithi032.stdout:/usr/bin/ceph: stderr
2024-04-25T18:50:54.492+0000 7f6611e00700 1 -- 172.21.15.32:0/2811102426 --> [v2:172.21.15.32:3300/0,v1:172.21.15.32:6789/0] -- mon_subscribe({config=0+,monmap=0+}) -- 0x7f660c19ee40 con 0x7f660c10a730
2024-04-25T18:50:55.414 INFO:teuthology.orchestra.run.smithi032.stdout:/usr/bin/ceph: stderr
2024-04-25T18:50:54.492+0000 7f6611e00700 1 --2- 172.21.15.32:0/2811102426 >> [v2:172.21.15.32:3300/0,v1:172.21.15.32:6789/0] conn(0x7f660c10a730 0x7f660c19e900 secure :-1 s=READY pgs=77 cs=0 l=1 rev1=1 crypto rx=0x7f6600009520 tx=0x7f6600011aa0 comp rx=0 tx=0).ready entity=mon.0 client_cookie=0 server_cookie=0 in_seq=0 out_seq=0
2024-04-25T18:50:55.414 INFO:teuthology.orchestra.run.smithi032.stdout:/usr/bin/ceph: stderr
2024-04-25T18:50:54.492+0000 7f6606a00700 1 -- 172.21.15.32:0/2811102426 <== mon.0 v2:172.21.15.32:3300/0 1 ==== mon_map magic: 0 ==== 205+0+0 (secure 0 0 0) 0x7f66000039e0 con 0x7f660c10a730
2024-04-25T18:50:55.414 INFO:teuthology.orchestra.run.smithi032.stdout:/usr/bin/ceph: stderr
2024-04-25T18:50:54.492+0000 7f6606a00700 1 -- 172.21.15.32:0/2811102426 <== mon.0 v2:172.21.15.32:3300/0 2 ==== config(26 keys) ==== 1101+0+0 (secure 0 0 0) 0x7f660001b8f0 con 0x7f660c10a730
2024-04-25T18:50:55.414 INFO:teuthology.orchestra.run.smithi032.stdout:/usr/bin/ceph: stderr
2024-04-25T18:50:54.492+0000 7f6606a00700 1 -- 172.21.15.32:0/2811102426 <== mon.0 v2:172.21.15.32:3300/0 3 ==== mon_map magic: 0 ==== 205+0+0 (secure 0 0 0) 0x7f6600019770 con 0x7f660c10a730
2024-04-25T18:50:55.414 INFO:teuthology.orchestra.run.smithi032.stdout:/usr/bin/ceph: stderr
2024-04-25T18:50:54.492+0000 7f6614800700 1 -- 172.21.15.32:0/2811102426 --> [v2:172.21.15.32:3300/0,v1:172.21.15.32:6789/0] -- mon_subscribe({mgrmap=0+}) -- 0x7f660c19f0d0 con 0x7f660c10a730
2024-04-25T18:50:55.414 INFO:teuthology.orchestra.run.smithi032.stdout:/usr/bin/ceph: stderr
2024-04-25T18:50:54.493+0000 7f6614800700 1 -- 172.21.15.32:0/2811102426 --> [v2:172.21.15.32:3300/0,v1:172.21.15.32:6789/0] -- mon_subscribe({osdmap=0}) -- 0x7f660c1a1dc0 con 0x7f660c10a730
2024-04-25T18:50:55.414 INFO:teuthology.orchestra.run.smithi032.stdout:/usr/bin/ceph: stderr
2024-04-25T18:50:54.494+0000 7f6614800700 1 -- 172.21.15.32:0/2811102426 --> [v2:172.21.15.32:3300/0,v1:172.21.15.32:6789/0] -- mon_command({"prefix": "get_command_descriptions"} v 0) -- 0x7f660c0640a0 con 0x7f660c10a730
2024-04-25T18:50:55.414 INFO:teuthology.orchestra.run.smithi032.stdout:/usr/bin/ceph: stderr
2024-04-25T18:50:54.494+0000 7f6606a00700 1 -- 172.21.15.32:0/2811102426 <== mon.0 v2:172.21.15.32:3300/0 4 ==== mgrmap(e 13) ==== 46614+0+0 (secure 0 0 0) 0x7f660001b440 con 0x7f660c10a730
2024-04-25T18:50:55.414 INFO:teuthology.orchestra.run.smithi032.stdout:/usr/bin/ceph: stderr
2024-04-25T18:50:54.494+0000 7f6606a00700 1 --2- 172.21.15.32:0/2811102426 >> [v2:172.21.15.32:6800/396827153,v1:172.21.15.32:6801/396827153] conn(0x7f65f40396f0 0x7f65f403bbb0 unknown :-1 s=NONE pgs=0 cs=0 l=1 rev1=0 crypto rx=0 tx=0 comp rx=0 tx=0).connect
2024-04-25T18:50:55.414 INFO:teuthology.orchestra.run.smithi032.stdout:/usr/bin/ceph: stderr
2024-04-25T18:50:54.494+0000 7f6606a00700 1 -- 172.21.15.32:0/2811102426 <== mon.0 v2:172.21.15.32:3300/0 5 ==== osd_map(3..3 src has 1..3) ==== 1155+0+0 (secure 0 0 0) 0x7f660004e150 con 0x7f660c10a730
2024-04-25T18:50:55.415 INFO:teuthology.orchestra.run.smithi032.stdout:/usr/bin/ceph: stderr
2024-04-25T18:50:54.495+0000 7f6611400700 1 --2- 172.21.15.32:0/2811102426 >> [v2:172.21.15.32:6800/396827153,v1:172.21.15.32:6801/396827153] conn(0x7f65f40396f0 0x7f65f403bbb0 unknown :-1 s=BANNER_CONNECTING pgs=0 cs=0 l=1 rev1=0 crypto rx=0 tx=0 comp rx=0 tx=0)._handle_peer_banner_payload supported=3 required=0
2024-04-25T18:50:55.415 INFO:teuthology.orchestra.run.smithi032.stdout:/usr/bin/ceph: stderr
2024-04-25T18:50:54.496+0000 7f6611400700 1 --2- 172.21.15.32:0/2811102426 >> [v2:172.21.15.32:6800/396827153,v1:172.21.15.32:6801/396827153] conn(0x7f65f40396f0 0x7f65f403bbb0 secure :-1 s=READY pgs=10 cs=0 l=1 rev1=1 crypto rx=0x7f65fc006fd0 tx=0x7f65fc006e40 comp rx=0 tx=0).ready entity=mgr.14152 client_cookie=0 server_cookie=0 in_seq=0 out_seq=0
2024-04-25T18:50:55.415 INFO:teuthology.orchestra.run.smithi032.stdout:/usr/bin/ceph: stderr
2024-04-25T18:50:54.501+0000 7f6606a00700 1 -- 172.21.15.32:0/2811102426 <== mon.0 v2:172.21.15.32:3300/0 6 ==== mon_command_ack([{"prefix": "get_command_descriptions"}]=0 v0) ==== 72+0+188370 (secure 0 0 0) 0x7f660001f030 con 0x7f660c10a730
2024-04-25T18:50:55.416 INFO:teuthology.orchestra.run.smithi032.stdout:/usr/bin/ceph: stderr
2024-04-25T18:50:54.729+0000 7f6614800700 1 -- 172.21.15.32:0/2811102426 --> [v2:172.21.15.32:3300/0,v1:172.21.15.32:6789/0] -- mon_command([{prefix=config set, name=osd_memory_target_autotune}] v 0) -- 0x7f660c02df80 con 0x7f660c10a730
2024-04-25T18:50:55.416 INFO:teuthology.orchestra.run.smithi032.stdout:/usr/bin/ceph: stderr
2024-04-25T18:50:54.729+0000 7f6606a00700 1 -- 172.21.15.32:0/2811102426 <== mon.0 v2:172.21.15.32:3300/0 7 ==== mon_command_ack([{prefix=config set, name=osd_memory_target_autotune}]=0 v8)=0 v8) ==== 127+0+0 (secure 0 0 0) 0x7f6600010380 con 0x7f660c10a730
2024-04-25T18:50:55.416 INFO:teuthology.orchestra.run.smithi032.stdout:/usr/bin/ceph: stderr
2024-04-25T18:50:54.732+0000 7f6614800700 1 -- 172.21.15.32:0/2811102426 >> [v2:172.21.15.32:6800/396827153,v1:172.21.15.32:6801/396827153] conn(0x7f65f40396f0 msgr2=0x7f65f403bbb0 secure :-1 s=STATE_CONNECTION_ESTABLISHED l=1).mark_down
2024-04-25T18:50:55.416 INFO:teuthology.orchestra.run.smithi032.stdout:/usr/bin/ceph: stderr
2024-04-25T18:50:54.732+0000 7f6614800700 1 --2- 172.21.15.32:0/2811102426 >> [v2:172.21.15.32:6800/396827153,v1:172.21.15.32:6801/396827153] conn(0x7f65f40396f0 0x7f65f403bbb0 secure :-1 s=READY pgs=10 cs=0 l=1 rev1=1 crypto rx=0x7f65fc006fd0 tx=0x7f65fc006e40 comp rx=0 tx=0).stop
2024-04-25T18:50:55.416 INFO:teuthology.orchestra.run.smithi032.stdout:/usr/bin/ceph: stderr
2024-04-25T18:50:54.732+0000 7f6614800700 1 -- 172.21.15.32:0/2811102426 >> [v2:172.21.15.32:3300/0,v1:172.21.15.32:6789/0] conn(0x7f660c10a730 msgr2=0x7f660c19e900 secure :-1 s=STATE_CONNECTION_ESTABLISHED l=1).mark_down
2024-04-25T18:50:55.417 INFO:teuthology.orchestra.run.smithi032.stdout:/usr/bin/ceph: stderr
2024-04-25T18:50:54.732+0000 7f6614800700 1 --2- 172.21.15.32:0/2811102426 >> [v2:172.21.15.32:3300/0,v1:172.21.15.32:6789/0] conn(0x7f660c10a730 0x7f660c19e900 secure :-1 s=READY pgs=77 cs=0 l=1 rev1=1 crypto rx=0x7f6600009520 tx=0x7f6600011aa0 comp rx=0 tx=0).stop
2024-04-25T18:50:55.417 INFO:teuthology.orchestra.run.smithi032.stdout:/usr/bin/ceph: stderr
2024-04-25T18:50:54.732+0000 7f6614800700 1 -- 172.21.15.32:0/2811102426 shutdown_connections
2024-04-25T18:50:55.417 INFO:teuthology.orchestra.run.smithi032.stdout:/usr/bin/ceph: stderr
2024-04-25T18:50:54.732+0000 7f6614800700 1 --2- 172.21.15.32:0/2811102426 >> [v2:172.21.15.32:6800/396827153,v1:172.21.15.32:6801/396827153] conn(0x7f65f40396f0 0x7f65f403bbb0 unknown :-1 s=CLOSED pgs=10 cs=0 l=1 rev1=1 crypto rx=0 tx=0 comp rx=0 tx=0).stop
2024-04-25T18:50:55.417 INFO:teuthology.orchestra.run.smithi032.stdout:/usr/bin/ceph: stderr
2024-04-25T18:50:54.732+0000 7f6614800700 1 --2- 172.21.15.32:0/2811102426 >> [v2:172.21.15.32:3300/0,v1:172.21.15.32:6789/0] conn(0x7f660c10a730 0x7f660c19e900 unknown :-1 s=CLOSED pgs=77 cs=0 l=1 rev1=1 crypto rx=0 tx=0 comp rx=0 tx=0).stop
2024-04-25T18:50:55.417 INFO:teuthology.orchestra.run.smithi032.stdout:/usr/bin/ceph: stderr
2024-04-25T18:50:54.732+0000 7f6614800700 1 -- 172.21.15.32:0/2811102426 >> 172.21.15.32:0/2811102426 conn(0x7f660c07dc10 msgr2=0x7f660c107d20 unknown :-1 s=STATE_NONE l=0).mark_down
2024-04-25T18:50:55.417 INFO:teuthology.orchestra.run.smithi032.stdout:/usr/bin/ceph: stderr
2024-04-25T18:50:54.733+0000 7f6614800700 1 -- 172.21.15.32:0/2811102426 shutdown_connections
2024-04-25T18:50:55.417 INFO:teuthology.orchestra.run.smithi032.stdout:/usr/bin/ceph: stderr
2024-04-25T18:50:54.733+0000 7f6614800700 1 -- 172.21.15.32:0/2811102426 wait complete.
2024-04-25T18:50:57.455 INFO:teuthology.orchestra.run.smithi032.stdout:/usr/bin/ceph: stderr
2024-04-25T18:50:56.155+0000 7f4983200700 1 Processor -- start
2024-04-25T18:50:57.455 INFO:teuthology.orchestra.run.smithi032.stdout:/usr/bin/ceph: stderr
2024-04-25T18:50:56.156+0000 7f4983200700 1 -- start start
2024-04-25T18:50:57.455 INFO:teuthology.orchestra.run.smithi032.stdout:/usr/bin/ceph: stderr
2024-04-25T18:50:56.156+0000 7f4983200700 1 --2- >> [v2:172.21.15.32:3300/0,v1:172.21.15.32:6789/0] conn(0x7f497c07de80 0x7f497c07c330 unknown :-1 s=NONE pgs=0 cs=0 l=0 rev1=0 crypto rx=0 tx=0 comp rx=0 tx=0).connect
2024-04-25T18:50:57.455 INFO:teuthology.orchestra.run.smithi032.stdout:/usr/bin/ceph: stderr
2024-04-25T18:50:56.156+0000 7f4983200700 1 -- --> [v2:172.21.15.32:3300/0,v1:172.21.15.32:6789/0] -- mon_getmap magic: 0 -- 0x7f497c07c900 con 0x7f497c07de80
2024-04-25T18:50:57.456 INFO:teuthology.orchestra.run.smithi032.stdout:/usr/bin/ceph: stderr
2024-04-25T18:50:56.157+0000 7f497be00700 1 --2- >> [v2:172.21.15.32:3300/0,v1:172.21.15.32:6789/0] conn(0x7f497c07de80 0x7f497c07c330 unknown :-1 s=BANNER_CONNECTING pgs=0 cs=0 l=0 rev1=0 crypto rx=0 tx=0 comp rx=0 tx=0)._handle_peer_banner_payload supported=3 required=0
2024-04-25T18:50:57.456 INFO:teuthology.orchestra.run.smithi032.stdout:/usr/bin/ceph: stderr
2024-04-25T18:50:56.157+0000 7f497be00700 1 --2- >> [v2:172.21.15.32:3300/0,v1:172.21.15.32:6789/0] conn(0x7f497c07de80 0x7f497c07c330 unknown :-1 s=HELLO_CONNECTING pgs=0 cs=0 l=0 rev1=1 crypto rx=0 tx=0 comp rx=0 tx=0).handle_hello peer v2:172.21.15.32:3300/0 says I am v2:172.21.15.32:54410/0 (socket says 172.21.15.32:54410)
2024-04-25T18:50:57.456 INFO:teuthology.orchestra.run.smithi032.stdout:/usr/bin/ceph: stderr
2024-04-25T18:50:56.157+0000 7f497be00700 1 -- 172.21.15.32:0/1343648080 learned_addr learned my addr 172.21.15.32:0/1343648080 (peer_addr_for_me v2:172.21.15.32:0/0)
2024-04-25T18:50:57.456 INFO:teuthology.orchestra.run.smithi032.stdout:/usr/bin/ceph: stderr
2024-04-25T18:50:56.157+0000 7f497be00700 1 -- 172.21.15.32:0/1343648080 --> [v2:172.21.15.32:3300/0,v1:172.21.15.32:6789/0] -- mon_subscribe({config=0+,monmap=0+}) -- 0x7f497c07ca80 con 0x7f497c07de80
2024-04-25T18:50:57.456 INFO:teuthology.orchestra.run.smithi032.stdout:/usr/bin/ceph: stderr
2024-04-25T18:50:56.158+0000 7f497be00700 1 --2- 172.21.15.32:0/1343648080 >> [v2:172.21.15.32:3300/0,v1:172.21.15.32:6789/0] conn(0x7f497c07de80 0x7f497c07c330 secure :-1 s=READY pgs=78 cs=0 l=1 rev1=1 crypto rx=0x7f496c0098a0 tx=0x7f496c009bb0 comp rx=0 tx=0).ready entity=mon.0 client_cookie=1e54d8a7af64f954 server_cookie=0 in_seq=0 out_seq=0
2024-04-25T18:50:57.456 INFO:teuthology.orchestra.run.smithi032.stdout:/usr/bin/ceph: stderr
2024-04-25T18:50:56.158+0000 7f497b400700 1 -- 172.21.15.32:0/1343648080 <== mon.0 v2:172.21.15.32:3300/0 1 ==== mon_map magic: 0 ==== 205+0+0 (secure 0 0 0) 0x7f496c004160 con 0x7f497c07de80
2024-04-25T18:50:57.456 INFO:teuthology.orchestra.run.smithi032.stdout:/usr/bin/ceph: stderr
2024-04-25T18:50:56.158+0000 7f497b400700 1 -- 172.21.15.32:0/1343648080 <== mon.0 v2:172.21.15.32:3300/0 2 ==== config(26 keys) ==== 1101+0+0 (secure 0 0 0) 0x7f496c004300 con 0x7f497c07de80
2024-04-25T18:50:57.456 INFO:teuthology.orchestra.run.smithi032.stdout:/usr/bin/ceph: stderr
2024-04-25T18:50:56.158+0000 7f497b400700 1 -- 172.21.15.32:0/1343648080 <== mon.0 v2:172.21.15.32:3300/0 3 ==== mon_map magic: 0 ==== 205+0+0 (secure 0 0 0) 0x7f496c011a20 con 0x7f497c07de80
2024-04-25T18:50:57.456 INFO:teuthology.orchestra.run.smithi032.stdout:/usr/bin/ceph: stderr
2024-04-25T18:50:56.159+0000 7f4983200700 1 -- 172.21.15.32:0/1343648080 >> [v2:172.21.15.32:3300/0,v1:172.21.15.32:6789/0] conn(0x7f497c07de80 msgr2=0x7f497c07c330 secure :-1 s=STATE_CONNECTION_ESTABLISHED l=1).mark_down
2024-04-25T18:50:57.456 INFO:teuthology.orchestra.run.smithi032.stdout:/usr/bin/ceph: stderr
2024-04-25T18:50:56.159+0000 7f4983200700 1 --2- 172.21.15.32:0/1343648080 >> [v2:172.21.15.32:3300/0,v1:172.21.15.32:6789/0] conn(0x7f497c07de80 0x7f497c07c330 secure :-1 s=READY pgs=78 cs=0 l=1 rev1=1 crypto rx=0x7f496c0098a0 tx=0x7f496c009bb0 comp rx=0 tx=0).stop
2024-04-25T18:50:57.456 INFO:teuthology.orchestra.run.smithi032.stdout:/usr/bin/ceph: stderr
2024-04-25T18:50:56.159+0000 7f4983200700 1 -- 172.21.15.32:0/1343648080 shutdown_connections
2024-04-25T18:50:57.457 INFO:teuthology.orchestra.run.smithi032.stdout:/usr/bin/ceph: stderr
2024-04-25T18:50:56.159+0000 7f4983200700 1 --2- 172.21.15.32:0/1343648080 >> [v2:172.21.15.32:3300/0,v1:172.21.15.32:6789/0] conn(0x7f497c07de80 0x7f497c07c330 unknown :-1 s=CLOSED pgs=78 cs=0 l=1 rev1=1 crypto rx=0 tx=0 comp rx=0 tx=0).stop
2024-04-25T18:50:57.457 INFO:teuthology.orchestra.run.smithi032.stdout:/usr/bin/ceph: stderr
2024-04-25T18:50:56.159+0000 7f4983200700 1 -- 172.21.15.32:0/1343648080 >> 172.21.15.32:0/1343648080 conn(0x7f497c103ab0 msgr2=0x7f497c105ed0 unknown :-1 s=STATE_NONE l=0).mark_down
2024-04-25T18:50:57.457 INFO:teuthology.orchestra.run.smithi032.stdout:/usr/bin/ceph: stderr
2024-04-25T18:50:56.159+0000 7f4983200700 1 -- 172.21.15.32:0/1343648080 shutdown_connections
2024-04-25T18:50:57.457 INFO:teuthology.orchestra.run.smithi032.stdout:/usr/bin/ceph: stderr
2024-04-25T18:50:56.159+0000 7f4983200700 1 -- 172.21.15.32:0/1343648080 wait complete.
2024-04-25T18:50:57.457 INFO:teuthology.orchestra.run.smithi032.stdout:/usr/bin/ceph: stderr
2024-04-25T18:50:56.160+0000 7f4983200700 1 Processor -- start
2024-04-25T18:50:57.457 INFO:teuthology.orchestra.run.smithi032.stdout:/usr/bin/ceph: stderr
2024-04-25T18:50:56.160+0000 7f4983200700 1 -- start start
2024-04-25T18:50:57.457 INFO:teuthology.orchestra.run.smithi032.stdout:/usr/bin/ceph: stderr
2024-04-25T18:50:56.161+0000 7f4983200700 1 --2- >> [v2:172.21.15.32:3300/0,v1:172.21.15.32:6789/0] conn(0x7f497c07de80 0x7f497c19e900 unknown :-1 s=NONE pgs=0 cs=0 l=1 rev1=0 crypto rx=0 tx=0 comp rx=0 tx=0).connect
2024-04-25T18:50:57.457 INFO:teuthology.orchestra.run.smithi032.stdout:/usr/bin/ceph: stderr
2024-04-25T18:50:56.161+0000 7f4983200700 1 -- --> [v2:172.21.15.32:3300/0,v1:172.21.15.32:6789/0] -- mon_getmap magic: 0 -- 0x7f497c10ea70 con 0x7f497c07de80
2024-04-25T18:50:57.457 INFO:teuthology.orchestra.run.smithi032.stdout:/usr/bin/ceph: stderr
2024-04-25T18:50:56.161+0000 7f497be00700 1 --2- >> [v2:172.21.15.32:3300/0,v1:172.21.15.32:6789/0] conn(0x7f497c07de80 0x7f497c19e900 unknown :-1 s=BANNER_CONNECTING pgs=0 cs=0 l=1 rev1=0 crypto rx=0 tx=0 comp rx=0 tx=0)._handle_peer_banner_payload supported=3 required=0
2024-04-25T18:50:57.457 INFO:teuthology.orchestra.run.smithi032.stdout:/usr/bin/ceph: stderr
2024-04-25T18:50:56.161+0000 7f497be00700 1 --2- >> [v2:172.21.15.32:3300/0,v1:172.21.15.32:6789/0] conn(0x7f497c07de80 0x7f497c19e900 unknown :-1 s=HELLO_CONNECTING pgs=0 cs=0 l=1 rev1=1 crypto rx=0 tx=0 comp rx=0 tx=0).handle_hello peer v2:172.21.15.32:3300/0 says I am v2:172.21.15.32:54424/0 (socket says 172.21.15.32:54424)
2024-04-25T18:50:57.457 INFO:teuthology.orchestra.run.smithi032.stdout:/usr/bin/ceph: stderr
2024-04-25T18:50:56.161+0000 7f497be00700 1 -- 172.21.15.32:0/4019028216 learned_addr learned my addr 172.21.15.32:0/4019028216 (peer_addr_for_me v2:172.21.15.32:0/0)
2024-04-25T18:50:57.458 INFO:teuthology.orchestra.run.smithi032.stdout:/usr/bin/ceph: stderr
2024-04-25T18:50:56.161+0000 7f497be00700 1 -- 172.21.15.32:0/4019028216 --> [v2:172.21.15.32:3300/0,v1:172.21.15.32:6789/0] -- mon_subscribe({config=0+,monmap=0+}) -- 0x7f497c19ee40 con 0x7f497c07de80
2024-04-25T18:50:57.458 INFO:teuthology.orchestra.run.smithi032.stdout:/usr/bin/ceph: stderr
2024-04-25T18:50:56.162+0000 7f497be00700 1 --2- 172.21.15.32:0/4019028216 >> [v2:172.21.15.32:3300/0,v1:172.21.15.32:6789/0] conn(0x7f497c07de80 0x7f497c19e900 secure :-1 s=READY pgs=79 cs=0 l=1 rev1=1 crypto rx=0x7f496c004660 tx=0x7f496c011aa0 comp rx=0 tx=0).ready entity=mon.0 client_cookie=0 server_cookie=0 in_seq=0 out_seq=0
2024-04-25T18:50:57.458 INFO:teuthology.orchestra.run.smithi032.stdout:/usr/bin/ceph: stderr
2024-04-25T18:50:56.162+0000 7f4979600700 1 -- 172.21.15.32:0/4019028216 <== mon.0 v2:172.21.15.32:3300/0 1 ==== mon_map magic: 0 ==== 205+0+0 (secure 0 0 0) 0x7f496c003aa0 con 0x7f497c07de80
2024-04-25T18:50:57.458 INFO:teuthology.orchestra.run.smithi032.stdout:/usr/bin/ceph: stderr
2024-04-25T18:50:56.162+0000 7f4979600700 1 -- 172.21.15.32:0/4019028216 <== mon.0 v2:172.21.15.32:3300/0 2 ==== config(26 keys) ==== 1101+0+0 (secure 0 0 0) 0x7f496c01b8f0 con 0x7f497c07de80
2024-04-25T18:50:57.458 INFO:teuthology.orchestra.run.smithi032.stdout:/usr/bin/ceph: stderr
2024-04-25T18:50:56.162+0000 7f4983200700 1 -- 172.21.15.32:0/4019028216 --> [v2:172.21.15.32:3300/0,v1:172.21.15.32:6789/0] -- mon_subscribe({mgrmap=0+}) -- 0x7f497c19f0d0 con 0x7f497c07de80
2024-04-25T18:50:57.458 INFO:teuthology.orchestra.run.smithi032.stdout:/usr/bin/ceph: stderr
2024-04-25T18:50:56.162+0000 7f4979600700 1 -- 172.21.15.32:0/4019028216 <== mon.0 v2:172.21.15.32:3300/0 3 ==== mon_map magic: 0 ==== 205+0+0 (secure 0 0 0) 0x7f496c023900 con 0x7f497c07de80
2024-04-25T18:50:57.458 INFO:teuthology.orchestra.run.smithi032.stdout:/usr/bin/ceph: stderr
2024-04-25T18:50:56.162+0000 7f4983200700 1 -- 172.21.15.32:0/4019028216 --> [v2:172.21.15.32:3300/0,v1:172.21.15.32:6789/0] -- mon_subscribe({osdmap=0}) -- 0x7f497c1a1dc0 con 0x7f497c07de80
2024-04-25T18:50:57.458 INFO:teuthology.orchestra.run.smithi032.stdout:/usr/bin/ceph: stderr
2024-04-25T18:50:56.163+0000 7f4979600700 1 -- 172.21.15.32:0/4019028216 <== mon.0 v2:172.21.15.32:3300/0 4 ==== mgrmap(e 13) ==== 46614+0+0 (secure 0 0 0) 0x7f496c01baa0 con 0x7f497c07de80
2024-04-25T18:50:57.458 INFO:teuthology.orchestra.run.smithi032.stdout:/usr/bin/ceph: stderr
2024-04-25T18:50:56.163+0000 7f4983200700 1 -- 172.21.15.32:0/4019028216 --> [v2:172.21.15.32:3300/0,v1:172.21.15.32:6789/0] -- mon_command({"prefix": "get_command_descriptions"} v 0) -- 0x7f497c0640a0 con 0x7f497c07de80
2024-04-25T18:50:57.458 INFO:teuthology.orchestra.run.smithi032.stdout:/usr/bin/ceph: stderr
2024-04-25T18:50:56.164+0000 7f4979600700 1 --2- 172.21.15.32:0/4019028216 >> [v2:172.21.15.32:6800/396827153,v1:172.21.15.32:6801/396827153] conn(0x7f49600396a0 0x7f496003bb60 unknown :-1 s=NONE pgs=0 cs=0 l=1 rev1=0 crypto rx=0 tx=0 comp rx=0 tx=0).connect
2024-04-25T18:50:57.458 INFO:teuthology.orchestra.run.smithi032.stdout:/usr/bin/ceph: stderr
2024-04-25T18:50:56.164+0000 7f4979600700 1 -- 172.21.15.32:0/4019028216 <== mon.0 v2:172.21.15.32:3300/0 5 ==== osd_map(3..3 src has 1..3) ==== 1155+0+0 (secure 0 0 0) 0x7f496c04e1c0 con 0x7f497c07de80
2024-04-25T18:50:57.459 INFO:teuthology.orchestra.run.smithi032.stdout:/usr/bin/ceph: stderr
2024-04-25T18:50:56.164+0000 7f4973400700 1 --2- 172.21.15.32:0/4019028216 >> [v2:172.21.15.32:6800/396827153,v1:172.21.15.32:6801/396827153] conn(0x7f49600396a0 0x7f496003bb60 unknown :-1 s=BANNER_CONNECTING pgs=0 cs=0 l=1 rev1=0 crypto rx=0 tx=0 comp rx=0 tx=0)._handle_peer_banner_payload supported=3 required=0
2024-04-25T18:50:57.459 INFO:teuthology.orchestra.run.smithi032.stdout:/usr/bin/ceph: stderr
2024-04-25T18:50:56.165+0000 7f4973400700 1 --2- 172.21.15.32:0/4019028216 >> [v2:172.21.15.32:6800/396827153,v1:172.21.15.32:6801/396827153] conn(0x7f49600396a0 0x7f496003bb60 secure :-1 s=READY pgs=11 cs=0 l=1 rev1=1 crypto rx=0x7f496400ad30 tx=0x7f49640093f0 comp rx=0 tx=0).ready entity=mgr.14152 client_cookie=0 server_cookie=0 in_seq=0 out_seq=0
2024-04-25T18:50:57.459 INFO:teuthology.orchestra.run.smithi032.stdout:/usr/bin/ceph: stderr
2024-04-25T18:50:56.169+0000 7f4979600700 1 -- 172.21.15.32:0/4019028216 <== mon.0 v2:172.21.15.32:3300/0 6 ==== mon_command_ack([{"prefix": "get_command_descriptions"}]=0 v0) ==== 72+0+188370 (secure 0 0 0) 0x7f496c01f030 con 0x7f497c07de80
2024-04-25T18:50:57.459 INFO:teuthology.orchestra.run.smithi032.stdout:/usr/bin/ceph: stderr
2024-04-25T18:50:56.522+0000 7f4983200700 1 -- 172.21.15.32:0/4019028216 --> [v2:172.21.15.32:3300/0,v1:172.21.15.32:6789/0] -- mon_command([{prefix=config-key set, key=mgr/dashboard/cluster/status}] v 0) -- 0x7f497c02df80 con 0x7f497c07de80
2024-04-25T18:50:57.459 INFO:teuthology.orchestra.run.smithi032.stdout:/usr/bin/ceph: stderr
2024-04-25T18:50:56.528+0000 7f4979600700 1 -- 172.21.15.32:0/4019028216 <== mon.0 v2:172.21.15.32:3300/0 7 ==== mon_command_ack([{prefix=config-key set, key=mgr/dashboard/cluster/status}]=0 set mgr/dashboard/cluster/status v28)=0 set mgr/dashboard/cluster/status v28) ==== 153+0+0 (secure 0 0 0) 0x7f496c02bbb0 con 0x7f497c07de80
2024-04-25T18:50:57.459 INFO:teuthology.orchestra.run.smithi032.stdout:/usr/bin/ceph: stderr
2024-04-25T18:50:56.531+0000 7f4983200700 1 -- 172.21.15.32:0/4019028216 >> [v2:172.21.15.32:6800/396827153,v1:172.21.15.32:6801/396827153] conn(0x7f49600396a0 msgr2=0x7f496003bb60 secure :-1 s=STATE_CONNECTION_ESTABLISHED l=1).mark_down
2024-04-25T18:50:57.459 INFO:teuthology.orchestra.run.smithi032.stdout:/usr/bin/ceph: stderr
2024-04-25T18:50:56.531+0000 7f4983200700 1 --2- 172.21.15.32:0/4019028216 >> [v2:172.21.15.32:6800/396827153,v1:172.21.15.32:6801/396827153] conn(0x7f49600396a0 0x7f496003bb60 secure :-1 s=READY pgs=11 cs=0 l=1 rev1=1 crypto rx=0x7f496400ad30 tx=0x7f49640093f0 comp rx=0 tx=0).stop
2024-04-25T18:50:57.459 INFO:teuthology.orchestra.run.smithi032.stdout:/usr/bin/ceph: stderr
2024-04-25T18:50:56.531+0000 7f4983200700 1 -- 172.21.15.32:0/4019028216 >> [v2:172.21.15.32:3300/0,v1:172.21.15.32:6789/0] conn(0x7f497c07de80 msgr2=0x7f497c19e900 secure :-1 s=STATE_CONNECTION_ESTABLISHED l=1).mark_down
2024-04-25T18:50:57.459 INFO:teuthology.orchestra.run.smithi032.stdout:/usr/bin/ceph: stderr
2024-04-25T18:50:56.531+0000 7f4983200700 1 --2- 172.21.15.32:0/4019028216 >> [v2:172.21.15.32:3300/0,v1:172.21.15.32:6789/0] conn(0x7f497c07de80 0x7f497c19e900 secure :-1 s=READY pgs=79 cs=0 l=1 rev1=1 crypto rx=0x7f496c004660 tx=0x7f496c011aa0 comp rx=0 tx=0).stop
2024-04-25T18:50:57.459 INFO:teuthology.orchestra.run.smithi032.stdout:/usr/bin/ceph: stderr
2024-04-25T18:50:56.531+0000 7f4983200700 1 -- 172.21.15.32:0/4019028216 shutdown_connections
2024-04-25T18:50:57.459 INFO:teuthology.orchestra.run.smithi032.stdout:/usr/bin/ceph: stderr
2024-04-25T18:50:56.531+0000 7f4983200700 1 --2- 172.21.15.32:0/4019028216 >> [v2:172.21.15.32:6800/396827153,v1:172.21.15.32:6801/396827153] conn(0x7f49600396a0 0x7f496003bb60 unknown :-1 s=CLOSED pgs=11 cs=0 l=1 rev1=1 crypto rx=0 tx=0 comp rx=0 tx=0).stop
2024-04-25T18:50:57.460 INFO:teuthology.orchestra.run.smithi032.stdout:/usr/bin/ceph: stderr
2024-04-25T18:50:56.531+0000 7f4983200700 1 --2- 172.21.15.32:0/4019028216 >> [v2:172.21.15.32:3300/0,v1:172.21.15.32:6789/0] conn(0x7f497c07de80 0x7f497c19e900 unknown :-1 s=CLOSED pgs=79 cs=0 l=1 rev1=1 crypto rx=0 tx=0 comp rx=0 tx=0).stop
2024-04-25T18:50:57.460 INFO:teuthology.orchestra.run.smithi032.stdout:/usr/bin/ceph: stderr
2024-04-25T18:50:56.531+0000 7f4983200700 1 -- 172.21.15.32:0/4019028216 >> 172.21.15.32:0/4019028216 conn(0x7f497c103ab0 msgr2=0x7f497c1047e0 unknown :-1 s=STATE_NONE l=0).mark_down
2024-04-25T18:50:57.460 INFO:teuthology.orchestra.run.smithi032.stdout:/usr/bin/ceph: stderr
2024-04-25T18:50:56.531+0000 7f4983200700 1 -- 172.21.15.32:0/4019028216 shutdown_connections
2024-04-25T18:50:57.460 INFO:teuthology.orchestra.run.smithi032.stdout:/usr/bin/ceph: stderr
2024-04-25T18:50:56.531+0000 7f4983200700 1 -- 172.21.15.32:0/4019028216 wait complete.
2024-04-25T18:50:57.460 INFO:teuthology.orchestra.run.smithi032.stdout:/usr/bin/ceph: stderr set mgr/dashboard/cluster/status
2024-04-25T18:50:57.460 INFO:teuthology.orchestra.run.smithi032.stdout:You can access the Ceph CLI as following in case of multi-cluster or non-default config:
2024-04-25T18:50:57.460 INFO:teuthology.orchestra.run.smithi032.stdout:
2024-04-25T18:50:57.460 INFO:teuthology.orchestra.run.smithi032.stdout: sudo /home/ubuntu/cephtest/cephadm shell --fsid 26958fb4-0334-11ef-bc93-c7b262605968 -c /etc/ceph/ceph.conf -k /etc/ceph/ceph.client.admin.keyring
2024-04-25T18:50:57.460 INFO:teuthology.orchestra.run.smithi032.stdout:
2024-04-25T18:50:57.460 INFO:teuthology.orchestra.run.smithi032.stdout:Or, if you are only running a single cluster on this host:
2024-04-25T18:50:57.460 INFO:teuthology.orchestra.run.smithi032.stdout:
2024-04-25T18:50:57.460 INFO:teuthology.orchestra.run.smithi032.stdout: sudo /home/ubuntu/cephtest/cephadm shell
2024-04-25T18:50:57.460 INFO:teuthology.orchestra.run.smithi032.stdout:
2024-04-25T18:50:57.461 INFO:teuthology.orchestra.run.smithi032.stdout:Please consider enabling telemetry to help improve Ceph:
2024-04-25T18:50:57.461 INFO:teuthology.orchestra.run.smithi032.stdout:
2024-04-25T18:50:57.461 INFO:teuthology.orchestra.run.smithi032.stdout: ceph telemetry on
2024-04-25T18:50:57.461 INFO:teuthology.orchestra.run.smithi032.stdout:
2024-04-25T18:50:57.461 INFO:teuthology.orchestra.run.smithi032.stdout:For more information see:
2024-04-25T18:50:57.461 INFO:teuthology.orchestra.run.smithi032.stdout:
2024-04-25T18:50:57.461 INFO:teuthology.orchestra.run.smithi032.stdout: https://docs.ceph.com/en/latest/mgr/telemetry/
2024-04-25T18:50:57.461 INFO:teuthology.orchestra.run.smithi032.stdout:
2024-04-25T18:50:57.461 INFO:teuthology.orchestra.run.smithi032.stdout:Bootstrap complete.
2024-04-25T18:50:57.527 INFO:tasks.cephadm:Fetching config...
2024-04-25T18:50:57.528 DEBUG:teuthology.orchestra.run.smithi032:> set -ex
2024-04-25T18:50:57.528 DEBUG:teuthology.orchestra.run.smithi032:> dd if=/etc/ceph/ceph.conf of=/dev/stdout
2024-04-25T18:50:57.571 INFO:tasks.cephadm:Fetching client.admin keyring...
2024-04-25T18:50:57.571 DEBUG:teuthology.orchestra.run.smithi032:> set -ex
2024-04-25T18:50:57.571 DEBUG:teuthology.orchestra.run.smithi032:> dd if=/etc/ceph/ceph.client.admin.keyring of=/dev/stdout
2024-04-25T18:50:57.652 INFO:tasks.cephadm:Fetching mon keyring...
2024-04-25T18:50:57.653 DEBUG:teuthology.orchestra.run.smithi032:> set -ex
2024-04-25T18:50:57.653 DEBUG:teuthology.orchestra.run.smithi032:> sudo dd if=/var/lib/ceph/26958fb4-0334-11ef-bc93-c7b262605968/mon.a/keyring of=/dev/stdout
2024-04-25T18:50:57.709 INFO:journalctl@ceph.mon.a.smithi032.stdout:Apr 25 18:50:57 smithi032 ceph-mon[28041]: from='client.? 172.21.15.32:0/4019028216' entity='client.admin'
2024-04-25T18:50:57.776 INFO:tasks.cephadm:Fetching pub ssh key...
2024-04-25T18:50:57.776 DEBUG:teuthology.orchestra.run.smithi032:> set -ex
2024-04-25T18:50:57.777 DEBUG:teuthology.orchestra.run.smithi032:> dd if=/home/ubuntu/cephtest/ceph.pub of=/dev/stdout
2024-04-25T18:50:57.875 INFO:tasks.cephadm:Installing pub ssh key for root users...
2024-04-25T18:50:57.875 DEBUG:teuthology.orchestra.run.smithi032:> sudo install -d -m 0700 /root/.ssh && echo 'ssh-rsa AAAAB3NzaC1yc2EAAAADAQABAAABgQC00LygVldij/02/SA/G3Xn4WIbr3Hkd8RPo4+dqxyTXm1MYx89ZANhMZEJbj5cByoRXzsvpEigFR0Ncax+6fHhWP3ERzPqQWCC/9uTGuHAQi0+HMcLPZxQHAXpNnPQ2ATTBZYZXxIyATfPtm9DRWQiiEiXEA57ZL2O5+gavdoH78KJ+tXWvjlYKLXRcg4/w9m0xm7R+oUY3MWpq1QGbdgi9KaZ6I1jv+iDQYKbSLfxOhIR0uztN8TXUj+WKR57A/Y3krl2eZsTF8ybLLzZgixf2/T0kuhdyN4h4wmIMoSwEAb5RbnL6XYYOWArcM1JMniXUE4rbjJus1m1lVwS52EMCCCBDWRIhgLeCawQc7t6Klp+DaHbaCYeSsVgBU1BdYHHLvOhYUsPCh/cSc/VWSV70wWOuxfwnOXEZaznK6cXmhmGapeNcZ+6S+NjQzkrEEUvvkal4D2WssKBtsaT+grX6dcUdjIaN1ZXTwsqqcln4ZaJUI0N9zKaea13lEUcc6s= ceph-26958fb4-0334-11ef-bc93-c7b262605968' | sudo tee -a /root/.ssh/authorized_keys && sudo chmod 0600 /root/.ssh/authorized_keys
2024-04-25T18:50:57.986 INFO:teuthology.orchestra.run.smithi032.stdout:ssh-rsa AAAAB3NzaC1yc2EAAAADAQABAAABgQC00LygVldij/02/SA/G3Xn4WIbr3Hkd8RPo4+dqxyTXm1MYx89ZANhMZEJbj5cByoRXzsvpEigFR0Ncax+6fHhWP3ERzPqQWCC/9uTGuHAQi0+HMcLPZxQHAXpNnPQ2ATTBZYZXxIyATfPtm9DRWQiiEiXEA57ZL2O5+gavdoH78KJ+tXWvjlYKLXRcg4/w9m0xm7R+oUY3MWpq1QGbdgi9KaZ6I1jv+iDQYKbSLfxOhIR0uztN8TXUj+WKR57A/Y3krl2eZsTF8ybLLzZgixf2/T0kuhdyN4h4wmIMoSwEAb5RbnL6XYYOWArcM1JMniXUE4rbjJus1m1lVwS52EMCCCBDWRIhgLeCawQc7t6Klp+DaHbaCYeSsVgBU1BdYHHLvOhYUsPCh/cSc/VWSV70wWOuxfwnOXEZaznK6cXmhmGapeNcZ+6S+NjQzkrEEUvvkal4D2WssKBtsaT+grX6dcUdjIaN1ZXTwsqqcln4ZaJUI0N9zKaea13lEUcc6s= ceph-26958fb4-0334-11ef-bc93-c7b262605968
