2024-04-25T18:50:22.559+0000 7f9177e00700 1 --2- >> [v2:172.21.15.86:3300/0,v1:172.21.15.86:6789/0] conn(0x7f917010a6e0 0x7f917010ab00 unknown :-1 s=NONE pgs=0 cs=0 l=0 rev1=0 crypto rx=0 tx=0 comp rx=0 tx=0).connect
2024-04-25T18:50:23.871 INFO:teuthology.orchestra.run.smithi086.stdout:/usr/bin/ceph: stderr
2024-04-25T18:50:22.559+0000 7f9177e00700 1 -- --> [v2:172.21.15.86:3300/0,v1:172.21.15.86:6789/0] -- mon_getmap magic: 0 -- 0x7f917010b0d0 con 0x7f917010a6e0
2024-04-25T18:50:23.871 INFO:teuthology.orchestra.run.smithi086.stdout:/usr/bin/ceph: stderr
2024-04-25T18:50:22.559+0000 7f9175400700 1 --2- >> [v2:172.21.15.86:3300/0,v1:172.21.15.86:6789/0] conn(0x7f917010a6e0 0x7f917010ab00 unknown :-1 s=BANNER_CONNECTING pgs=0 cs=0 l=0 rev1=0 crypto rx=0 tx=0 comp rx=0 tx=0)._handle_peer_banner_payload supported=3 required=0
2024-04-25T18:50:23.871 INFO:teuthology.orchestra.run.smithi086.stdout:/usr/bin/ceph: stderr
2024-04-25T18:50:22.559+0000 7f9175400700 1 --2- >> [v2:172.21.15.86:3300/0,v1:172.21.15.86:6789/0] conn(0x7f917010a6e0 0x7f917010ab00 unknown :-1 s=HELLO_CONNECTING pgs=0 cs=0 l=0 rev1=1 crypto rx=0 tx=0 comp rx=0 tx=0).handle_hello peer v2:172.21.15.86:3300/0 says I am v2:172.21.15.86:57698/0 (socket says 172.21.15.86:57698)
2024-04-25T18:50:23.871 INFO:teuthology.orchestra.run.smithi086.stdout:/usr/bin/ceph: stderr
2024-04-25T18:50:22.559+0000 7f9175400700 1 -- 172.21.15.86:0/2118359018 learned_addr learned my addr 172.21.15.86:0/2118359018 (peer_addr_for_me v2:172.21.15.86:0/0)
2024-04-25T18:50:23.871 INFO:teuthology.orchestra.run.smithi086.stdout:/usr/bin/ceph: stderr
2024-04-25T18:50:22.560+0000 7f9175400700 1 -- 172.21.15.86:0/2118359018 --> [v2:172.21.15.86:3300/0,v1:172.21.15.86:6789/0] -- mon_subscribe({config=0+,monmap=0+}) -- 0x7f917010b890 con 0x7f917010a6e0
2024-04-25T18:50:23.871 INFO:teuthology.orchestra.run.smithi086.stdout:/usr/bin/ceph: stderr
2024-04-25T18:50:22.560+0000 7f9175400700 1 --2- 172.21.15.86:0/2118359018 >> [v2:172.21.15.86:3300/0,v1:172.21.15.86:6789/0] conn(0x7f917010a6e0 0x7f917010ab00 secure :-1 s=READY pgs=49 cs=0 l=1 rev1=1 crypto rx=0x7f91640098a0 tx=0x7f9164009bb0 comp rx=0 tx=0).ready entity=mon.0 client_cookie=f4152ec46511dece server_cookie=0 in_seq=0 out_seq=0
2024-04-25T18:50:23.871 INFO:teuthology.orchestra.run.smithi086.stdout:/usr/bin/ceph: stderr
2024-04-25T18:50:22.560+0000 7f916fe00700 1 -- 172.21.15.86:0/2118359018 <== mon.0 v2:172.21.15.86:3300/0 1 ==== mon_map magic: 0 ==== 205+0+0 (secure 0 0 0) 0x7f9164004160 con 0x7f917010a6e0
2024-04-25T18:50:23.871 INFO:teuthology.orchestra.run.smithi086.stdout:/usr/bin/ceph: stderr
2024-04-25T18:50:22.561+0000 7f916fe00700 1 -- 172.21.15.86:0/2118359018 <== mon.0 v2:172.21.15.86:3300/0 2 ==== config(26 keys) ==== 1070+0+0 (secure 0 0 0) 0x7f9164004300 con 0x7f917010a6e0
2024-04-25T18:50:23.871 INFO:teuthology.orchestra.run.smithi086.stdout:/usr/bin/ceph: stderr
2024-04-25T18:50:22.561+0000 7f916fe00700 1 -- 172.21.15.86:0/2118359018 <== mon.0 v2:172.21.15.86:3300/0 3 ==== mon_map magic: 0 ==== 205+0+0 (secure 0 0 0) 0x7f9164011af0 con 0x7f917010a6e0
2024-04-25T18:50:23.872 INFO:teuthology.orchestra.run.smithi086.stdout:/usr/bin/ceph: stderr
2024-04-25T18:50:22.561+0000 7f9177e00700 1 -- 172.21.15.86:0/2118359018 >> [v2:172.21.15.86:3300/0,v1:172.21.15.86:6789/0] conn(0x7f917010a6e0 msgr2=0x7f917010ab00 secure :-1 s=STATE_CONNECTION_ESTABLISHED l=1).mark_down
2024-04-25T18:50:23.872 INFO:teuthology.orchestra.run.smithi086.stdout:/usr/bin/ceph: stderr
2024-04-25T18:50:22.561+0000 7f9177e00700 1 --2- 172.21.15.86:0/2118359018 >> [v2:172.21.15.86:3300/0,v1:172.21.15.86:6789/0] conn(0x7f917010a6e0 0x7f917010ab00 secure :-1 s=READY pgs=49 cs=0 l=1 rev1=1 crypto rx=0x7f91640098a0 tx=0x7f9164009bb0 comp rx=0 tx=0).stop
2024-04-25T18:50:23.872 INFO:teuthology.orchestra.run.smithi086.stdout:/usr/bin/ceph: stderr
2024-04-25T18:50:22.561+0000 7f9177e00700 1 -- 172.21.15.86:0/2118359018 shutdown_connections
2024-04-25T18:50:23.872 INFO:teuthology.orchestra.run.smithi086.stdout:/usr/bin/ceph: stderr
2024-04-25T18:50:22.561+0000 7f9177e00700 1 --2- 172.21.15.86:0/2118359018 >> [v2:172.21.15.86:3300/0,v1:172.21.15.86:6789/0] conn(0x7f917010a6e0 0x7f917010ab00 unknown :-1 s=CLOSED pgs=49 cs=0 l=1 rev1=1 crypto rx=0 tx=0 comp rx=0 tx=0).stop
2024-04-25T18:50:23.872 INFO:teuthology.orchestra.run.smithi086.stdout:/usr/bin/ceph: stderr
2024-04-25T18:50:22.561+0000 7f9177e00700 1 -- 172.21.15.86:0/2118359018 >> 172.21.15.86:0/2118359018 conn(0x7f917007dc20 msgr2=0x7f91701084e0 unknown :-1 s=STATE_NONE l=0).mark_down
2024-04-25T18:50:23.872 INFO:teuthology.orchestra.run.smithi086.stdout:/usr/bin/ceph: stderr
2024-04-25T18:50:22.561+0000 7f9177e00700 1 -- 172.21.15.86:0/2118359018 shutdown_connections
2024-04-25T18:50:23.872 INFO:teuthology.orchestra.run.smithi086.stdout:/usr/bin/ceph: stderr
2024-04-25T18:50:22.561+0000 7f9177e00700 1 -- 172.21.15.86:0/2118359018 wait complete.
2024-04-25T18:50:23.872 INFO:teuthology.orchestra.run.smithi086.stdout:/usr/bin/ceph: stderr
2024-04-25T18:50:22.562+0000 7f9177e00700 1 Processor -- start
2024-04-25T18:50:23.872 INFO:teuthology.orchestra.run.smithi086.stdout:/usr/bin/ceph: stderr
2024-04-25T18:50:22.563+0000 7f9177e00700 1 -- start start
2024-04-25T18:50:23.872 INFO:teuthology.orchestra.run.smithi086.stdout:/usr/bin/ceph: stderr
2024-04-25T18:50:22.563+0000 7f9177e00700 1 --2- >> [v2:172.21.15.86:3300/0,v1:172.21.15.86:6789/0] conn(0x7f917010a6e0 0x7f917019e8f0 unknown :-1 s=NONE pgs=0 cs=0 l=1 rev1=0 crypto rx=0 tx=0 comp rx=0 tx=0).connect
2024-04-25T18:50:23.872 INFO:teuthology.orchestra.run.smithi086.stdout:/usr/bin/ceph: stderr
2024-04-25T18:50:22.563+0000 7f9177e00700 1 -- --> [v2:172.21.15.86:3300/0,v1:172.21.15.86:6789/0] -- mon_getmap magic: 0 -- 0x7f917010ec40 con 0x7f917010a6e0
2024-04-25T18:50:23.873 INFO:teuthology.orchestra.run.smithi086.stdout:/usr/bin/ceph: stderr
2024-04-25T18:50:22.563+0000 7f9175400700 1 --2- >> [v2:172.21.15.86:3300/0,v1:172.21.15.86:6789/0] conn(0x7f917010a6e0 0x7f917019e8f0 unknown :-1 s=BANNER_CONNECTING pgs=0 cs=0 l=1 rev1=0 crypto rx=0 tx=0 comp rx=0 tx=0)._handle_peer_banner_payload supported=3 required=0
2024-04-25T18:50:23.873 INFO:teuthology.orchestra.run.smithi086.stdout:/usr/bin/ceph: stderr
2024-04-25T18:50:22.563+0000 7f9175400700 1 --2- >> [v2:172.21.15.86:3300/0,v1:172.21.15.86:6789/0] conn(0x7f917010a6e0 0x7f917019e8f0 unknown :-1 s=HELLO_CONNECTING pgs=0 cs=0 l=1 rev1=1 crypto rx=0 tx=0 comp rx=0 tx=0).handle_hello peer v2:172.21.15.86:3300/0 says I am v2:172.21.15.86:57700/0 (socket says 172.21.15.86:57700)
2024-04-25T18:50:23.873 INFO:teuthology.orchestra.run.smithi086.stdout:/usr/bin/ceph: stderr
2024-04-25T18:50:22.563+0000 7f9175400700 1 -- 172.21.15.86:0/295590370 learned_addr learned my addr 172.21.15.86:0/295590370 (peer_addr_for_me v2:172.21.15.86:0/0)
2024-04-25T18:50:23.873 INFO:teuthology.orchestra.run.smithi086.stdout:/usr/bin/ceph: stderr
2024-04-25T18:50:22.563+0000 7f9175400700 1 -- 172.21.15.86:0/295590370 --> [v2:172.21.15.86:3300/0,v1:172.21.15.86:6789/0] -- mon_subscribe({config=0+,monmap=0+}) -- 0x7f917019ee30 con 0x7f917010a6e0
2024-04-25T18:50:23.873 INFO:teuthology.orchestra.run.smithi086.stdout:/usr/bin/ceph: stderr
2024-04-25T18:50:22.564+0000 7f9175400700 1 --2- 172.21.15.86:0/295590370 >> [v2:172.21.15.86:3300/0,v1:172.21.15.86:6789/0] conn(0x7f917010a6e0 0x7f917019e8f0 secure :-1 s=READY pgs=50 cs=0 l=1 rev1=1 crypto rx=0x7f9164000c00 tx=0x7f9164011b70 comp rx=0 tx=0).ready entity=mon.0 client_cookie=0 server_cookie=0 in_seq=0 out_seq=0
2024-04-25T18:50:23.873 INFO:teuthology.orchestra.run.smithi086.stdout:/usr/bin/ceph: stderr
2024-04-25T18:50:22.564+0000 7f916e000700 1 -- 172.21.15.86:0/295590370 <== mon.0 v2:172.21.15.86:3300/0 1 ==== mon_map magic: 0 ==== 205+0+0 (secure 0 0 0) 0x7f9164003b20 con 0x7f917010a6e0
2024-04-25T18:50:23.873 INFO:teuthology.orchestra.run.smithi086.stdout:/usr/bin/ceph: stderr
2024-04-25T18:50:22.564+0000 7f916e000700 1 -- 172.21.15.86:0/295590370 <== mon.0 v2:172.21.15.86:3300/0 2 ==== config(26 keys) ==== 1070+0+0 (secure 0 0 0) 0x7f916401a8c0 con 0x7f917010a6e0
2024-04-25T18:50:23.873 INFO:teuthology.orchestra.run.smithi086.stdout:/usr/bin/ceph: stderr
2024-04-25T18:50:22.564+0000 7f916e000700 1 -- 172.21.15.86:0/295590370 <== mon.0 v2:172.21.15.86:3300/0 3 ==== mon_map magic: 0 ==== 205+0+0 (secure 0 0 0) 0x7f9164024940 con 0x7f917010a6e0
2024-04-25T18:50:23.873 INFO:teuthology.orchestra.run.smithi086.stdout:/usr/bin/ceph: stderr
2024-04-25T18:50:22.564+0000 7f9177e00700 1 -- 172.21.15.86:0/295590370 --> [v2:172.21.15.86:3300/0,v1:172.21.15.86:6789/0] -- mon_subscribe({mgrmap=0+}) -- 0x7f917019f0c0 con 0x7f917010a6e0
2024-04-25T18:50:23.873 INFO:teuthology.orchestra.run.smithi086.stdout:/usr/bin/ceph: stderr
2024-04-25T18:50:22.564+0000 7f9177e00700 1 -- 172.21.15.86:0/295590370 --> [v2:172.21.15.86:3300/0,v1:172.21.15.86:6789/0] -- mon_subscribe({osdmap=0}) -- 0x7f91701a1db0 con 0x7f917010a6e0
2024-04-25T18:50:23.873 INFO:teuthology.orchestra.run.smithi086.stdout:/usr/bin/ceph: stderr
2024-04-25T18:50:22.565+0000 7f9177e00700 1 -- 172.21.15.86:0/295590370 --> [v2:172.21.15.86:3300/0,v1:172.21.15.86:6789/0] -- mon_command({"prefix": "get_command_descriptions"} v 0) -- 0x7f91700640a0 con 0x7f917010a6e0
2024-04-25T18:50:23.873 INFO:teuthology.orchestra.run.smithi086.stdout:/usr/bin/ceph: stderr
2024-04-25T18:50:22.566+0000 7f916e000700 1 -- 172.21.15.86:0/295590370 <== mon.0 v2:172.21.15.86:3300/0 4 ==== mgrmap(e 8) ==== 46558+0+0 (secure 0 0 0) 0x7f9164022020 con 0x7f917010a6e0
2024-04-25T18:50:23.873 INFO:teuthology.orchestra.run.smithi086.stdout:/usr/bin/ceph: stderr
2024-04-25T18:50:22.566+0000 7f916e000700 1 --2- 172.21.15.86:0/295590370 >> [v2:172.21.15.86:6800/4264123395,v1:172.21.15.86:6801/4264123395] conn(0x7f9158039600 0x7f915803bac0 unknown :-1 s=NONE pgs=0 cs=0 l=1 rev1=0 crypto rx=0 tx=0 comp rx=0 tx=0).connect
2024-04-25T18:50:23.873 INFO:teuthology.orchestra.run.smithi086.stdout:/usr/bin/ceph: stderr
2024-04-25T18:50:22.566+0000 7f916e000700 1 -- 172.21.15.86:0/295590370 <== mon.0 v2:172.21.15.86:3300/0 5 ==== osd_map(2..2 src has 1..2) ==== 940+0+0 (secure 0 0 0) 0x7f916404d7f0 con 0x7f917010a6e0
2024-04-25T18:50:23.874 INFO:teuthology.orchestra.run.smithi086.stdout:/usr/bin/ceph: stderr
2024-04-25T18:50:22.567+0000 7f9174a00700 1 --2- 172.21.15.86:0/295590370 >> [v2:172.21.15.86:6800/4264123395,v1:172.21.15.86:6801/4264123395] conn(0x7f9158039600 0x7f915803bac0 unknown :-1 s=BANNER_CONNECTING pgs=0 cs=0 l=1 rev1=0 crypto rx=0 tx=0 comp rx=0 tx=0)._handle_peer_banner_payload supported=3 required=0
2024-04-25T18:50:23.874 INFO:teuthology.orchestra.run.smithi086.stdout:/usr/bin/ceph: stderr
2024-04-25T18:50:22.567+0000 7f9174a00700 1 --2- 172.21.15.86:0/295590370 >> [v2:172.21.15.86:6800/4264123395,v1:172.21.15.86:6801/4264123395] conn(0x7f9158039600 0x7f915803bac0 secure :-1 s=READY pgs=13 cs=0 l=1 rev1=1 crypto rx=0x7f915c006fd0 tx=0x7f915c006e40 comp rx=0 tx=0).ready entity=mgr.14120 client_cookie=0 server_cookie=0 in_seq=0 out_seq=0
2024-04-25T18:50:23.874 INFO:teuthology.orchestra.run.smithi086.stdout:/usr/bin/ceph: stderr
2024-04-25T18:50:22.572+0000 7f916e000700 1 -- 172.21.15.86:0/295590370 <== mon.0 v2:172.21.15.86:3300/0 6 ==== mon_command_ack([{"prefix": "get_command_descriptions"}]=0 v0) ==== 72+0+188370 (secure 0 0 0) 0x7f91640212c0 con 0x7f917010a6e0
2024-04-25T18:50:23.874 INFO:teuthology.orchestra.run.smithi086.stdout:/usr/bin/ceph: stderr
2024-04-25T18:50:22.814+0000 7f9177e00700 1 -- 172.21.15.86:0/295590370 --> [v2:172.21.15.86:6800/4264123395,v1:172.21.15.86:6801/4264123395] -- mgr_command(tid 0: {"prefix": "orch apply", "service_type": "mgr", "unmanaged": true, "target": ["mon-mgr", ""]}) -- 0x7f917002dff0 con 0x7f9158039600
2024-04-25T18:50:23.874 INFO:teuthology.orchestra.run.smithi086.stdout:/usr/bin/ceph: stderr
2024-04-25T18:50:22.825+0000 7f916e000700 1 -- 172.21.15.86:0/295590370 <== mgr.14120 v2:172.21.15.86:6800/4264123395 1 ==== mgr_command_reply(tid 0: 0 ) ==== 8+0+24 (secure 0 0 0) 0x7f917002dff0 con 0x7f9158039600
2024-04-25T18:50:23.874 INFO:teuthology.orchestra.run.smithi086.stdout:/usr/bin/ceph: stderr
2024-04-25T18:50:22.828+0000 7f9177e00700 1 -- 172.21.15.86:0/295590370 >> [v2:172.21.15.86:6800/4264123395,v1:172.21.15.86:6801/4264123395] conn(0x7f9158039600 msgr2=0x7f915803bac0 secure :-1 s=STATE_CONNECTION_ESTABLISHED l=1).mark_down
2024-04-25T18:50:23.874 INFO:teuthology.orchestra.run.smithi086.stdout:/usr/bin/ceph: stderr
2024-04-25T18:50:22.828+0000 7f9177e00700 1 --2- 172.21.15.86:0/295590370 >> [v2:172.21.15.86:6800/4264123395,v1:172.21.15.86:6801/4264123395] conn(0x7f9158039600 0x7f915803bac0 secure :-1 s=READY pgs=13 cs=0 l=1 rev1=1 crypto rx=0x7f915c006fd0 tx=0x7f915c006e40 comp rx=0 tx=0).stop
2024-04-25T18:50:23.874 INFO:teuthology.orchestra.run.smithi086.stdout:/usr/bin/ceph: stderr
2024-04-25T18:50:22.828+0000 7f9177e00700 1 -- 172.21.15.86:0/295590370 >> [v2:172.21.15.86:3300/0,v1:172.21.15.86:6789/0] conn(0x7f917010a6e0 msgr2=0x7f917019e8f0 secure :-1 s=STATE_CONNECTION_ESTABLISHED l=1).mark_down
2024-04-25T18:50:23.874 INFO:teuthology.orchestra.run.smithi086.stdout:/usr/bin/ceph: stderr
2024-04-25T18:50:22.828+0000 7f9177e00700 1 --2- 172.21.15.86:0/295590370 >> [v2:172.21.15.86:3300/0,v1:172.21.15.86:6789/0] conn(0x7f917010a6e0 0x7f917019e8f0 secure :-1 s=READY pgs=50 cs=0 l=1 rev1=1 crypto rx=0x7f9164000c00 tx=0x7f9164011b70 comp rx=0 tx=0).stop
2024-04-25T18:50:23.874 INFO:teuthology.orchestra.run.smithi086.stdout:/usr/bin/ceph: stderr
2024-04-25T18:50:22.828+0000 7f9177e00700 1 -- 172.21.15.86:0/295590370 shutdown_connections
2024-04-25T18:50:23.874 INFO:teuthology.orchestra.run.smithi086.stdout:/usr/bin/ceph: stderr
2024-04-25T18:50:22.828+0000 7f9177e00700 1 --2- 172.21.15.86:0/295590370 >> [v2:172.21.15.86:6800/4264123395,v1:172.21.15.86:6801/4264123395] conn(0x7f9158039600 0x7f915803bac0 unknown :-1 s=CLOSED pgs=13 cs=0 l=1 rev1=1 crypto rx=0 tx=0 comp rx=0 tx=0).stop
2024-04-25T18:50:23.874 INFO:teuthology.orchestra.run.smithi086.stdout:/usr/bin/ceph: stderr
2024-04-25T18:50:22.828+0000 7f9177e00700 1 --2- 172.21.15.86:0/295590370 >> [v2:172.21.15.86:3300/0,v1:172.21.15.86:6789/0] conn(0x7f917010a6e0 0x7f917019e8f0 unknown :-1 s=CLOSED pgs=50 cs=0 l=1 rev1=1 crypto rx=0 tx=0 comp rx=0 tx=0).stop
2024-04-25T18:50:23.874 INFO:teuthology.orchestra.run.smithi086.stdout:/usr/bin/ceph: stderr
2024-04-25T18:50:22.828+0000 7f9177e00700 1 -- 172.21.15.86:0/295590370 >> 172.21.15.86:0/295590370 conn(0x7f917007dc20 msgr2=0x7f9170107df0 unknown :-1 s=STATE_NONE l=0).mark_down
2024-04-25T18:50:23.874 INFO:teuthology.orchestra.run.smithi086.stdout:/usr/bin/ceph: stderr
2024-04-25T18:50:22.828+0000 7f9177e00700 1 -- 172.21.15.86:0/295590370 shutdown_connections
2024-04-25T18:50:23.875 INFO:teuthology.orchestra.run.smithi086.stdout:/usr/bin/ceph: stderr
2024-04-25T18:50:22.828+0000 7f9177e00700 1 -- 172.21.15.86:0/295590370 wait complete.
2024-04-25T18:50:24.183 INFO:journalctl@ceph.mon.a.smithi086.stdout:Apr 25 18:50:23 smithi086 ceph-mon[27783]: from='client.14144 -' entity='client.admin' cmd=[{"prefix": "orch apply", "service_type": "mgr", "unmanaged": true, "target": ["mon-mgr", ""]}]: dispatch
2024-04-25T18:50:24.184 INFO:journalctl@ceph.mon.a.smithi086.stdout:Apr 25 18:50:23 smithi086 ceph-mon[27783]: Saving service mgr spec with placement count:2
2024-04-25T18:50:24.184 INFO:journalctl@ceph.mon.a.smithi086.stdout:Apr 25 18:50:23 smithi086 ceph-mon[27783]: from='mgr.14120 172.21.15.86:0/1766801185' entity='mgr.x'
2024-04-25T18:50:24.184 INFO:journalctl@ceph.mon.a.smithi086.stdout:Apr 25 18:50:23 smithi086 ceph-mon[27783]: from='mgr.14120 172.21.15.86:0/1766801185' entity='mgr.x'
2024-04-25T18:50:25.381 INFO:journalctl@ceph.mon.a.smithi086.stdout:Apr 25 18:50:25 smithi086 ceph-mon[27783]: from='mgr.14120 172.21.15.86:0/1766801185' entity='mgr.x'
2024-04-25T18:50:25.381 INFO:journalctl@ceph.mon.a.smithi086.stdout:Apr 25 18:50:25 smithi086 ceph-mon[27783]: pgmap v3: 0 pgs: ; 0 B data, 0 B used, 0 B / 0 B avail
2024-04-25T18:50:25.382 INFO:journalctl@ceph.mon.a.smithi086.stdout:Apr 25 18:50:25 smithi086 ceph-mon[27783]: from='client.? 172.21.15.86:0/2488501545' entity='client.admin'
2024-04-25T18:50:25.399 INFO:teuthology.orchestra.run.smithi086.stdout:/usr/bin/ceph: stderr
2024-04-25T18:50:24.490+0000 7fac24200700 1 Processor -- start
2024-04-25T18:50:25.399 INFO:teuthology.orchestra.run.smithi086.stdout:/usr/bin/ceph: stderr
2024-04-25T18:50:24.491+0000 7fac24200700 1 -- start start
2024-04-25T18:50:25.399 INFO:teuthology.orchestra.run.smithi086.stdout:/usr/bin/ceph: stderr
2024-04-25T18:50:24.491+0000 7fac24200700 1 --2- >> [v2:172.21.15.86:3300/0,v1:172.21.15.86:6789/0] conn(0x7fac1c1084e0 0x7fac1c108900 unknown :-1 s=NONE pgs=0 cs=0 l=0 rev1=0 crypto rx=0 tx=0 comp rx=0 tx=0).connect
2024-04-25T18:50:25.400 INFO:teuthology.orchestra.run.smithi086.stdout:/usr/bin/ceph: stderr
2024-04-25T18:50:24.491+0000 7fac24200700 1 -- --> [v2:172.21.15.86:3300/0,v1:172.21.15.86:6789/0] -- mon_getmap magic: 0 -- 0x7fac1c108ed0 con 0x7fac1c1084e0
2024-04-25T18:50:25.400 INFO:teuthology.orchestra.run.smithi086.stdout:/usr/bin/ceph: stderr
2024-04-25T18:50:24.491+0000 7fac21800700 1 --2- >> [v2:172.21.15.86:3300/0,v1:172.21.15.86:6789/0] conn(0x7fac1c1084e0 0x7fac1c108900 unknown :-1 s=BANNER_CONNECTING pgs=0 cs=0 l=0 rev1=0 crypto rx=0 tx=0 comp rx=0 tx=0)._handle_peer_banner_payload supported=3 required=0
2024-04-25T18:50:25.400 INFO:teuthology.orchestra.run.smithi086.stdout:/usr/bin/ceph: stderr
2024-04-25T18:50:24.492+0000 7fac21800700 1 --2- >> [v2:172.21.15.86:3300/0,v1:172.21.15.86:6789/0] conn(0x7fac1c1084e0 0x7fac1c108900 unknown :-1 s=HELLO_CONNECTING pgs=0 cs=0 l=0 rev1=1 crypto rx=0 tx=0 comp rx=0 tx=0).handle_hello peer v2:172.21.15.86:3300/0 says I am v2:172.21.15.86:57714/0 (socket says 172.21.15.86:57714)
2024-04-25T18:50:25.400 INFO:teuthology.orchestra.run.smithi086.stdout:/usr/bin/ceph: stderr
2024-04-25T18:50:24.492+0000 7fac21800700 1 -- 172.21.15.86:0/3290604180 learned_addr learned my addr 172.21.15.86:0/3290604180 (peer_addr_for_me v2:172.21.15.86:0/0)
2024-04-25T18:50:25.400 INFO:teuthology.orchestra.run.smithi086.stdout:/usr/bin/ceph: stderr
2024-04-25T18:50:24.492+0000 7fac21800700 1 -- 172.21.15.86:0/3290604180 --> [v2:172.21.15.86:3300/0,v1:172.21.15.86:6789/0] -- mon_subscribe({config=0+,monmap=0+}) -- 0x7fac1c109690 con 0x7fac1c1084e0
2024-04-25T18:50:25.400 INFO:teuthology.orchestra.run.smithi086.stdout:/usr/bin/ceph: stderr
2024-04-25T18:50:24.492+0000 7fac21800700 1 --2- 172.21.15.86:0/3290604180 >> [v2:172.21.15.86:3300/0,v1:172.21.15.86:6789/0] conn(0x7fac1c1084e0 0x7fac1c108900 secure :-1 s=READY pgs=51 cs=0 l=1 rev1=1 crypto rx=0x7fac100098a0 tx=0x7fac10009bb0 comp rx=0 tx=0).ready entity=mon.0 client_cookie=647e095b8b3a3646 server_cookie=0 in_seq=0 out_seq=0
2024-04-25T18:50:25.400 INFO:teuthology.orchestra.run.smithi086.stdout:/usr/bin/ceph: stderr
2024-04-25T18:50:24.493+0000 7fac1be00700 1 -- 172.21.15.86:0/3290604180 <== mon.0 v2:172.21.15.86:3300/0 1 ==== mon_map magic: 0 ==== 205+0+0 (secure 0 0 0) 0x7fac10004160 con 0x7fac1c1084e0
2024-04-25T18:50:25.400 INFO:teuthology.orchestra.run.smithi086.stdout:/usr/bin/ceph: stderr
2024-04-25T18:50:24.493+0000 7fac1be00700 1 -- 172.21.15.86:0/3290604180 <== mon.0 v2:172.21.15.86:3300/0 2 ==== config(26 keys) ==== 1101+0+0 (secure 0 0 0) 0x7fac10004300 con 0x7fac1c1084e0
2024-04-25T18:50:25.400 INFO:teuthology.orchestra.run.smithi086.stdout:/usr/bin/ceph: stderr
2024-04-25T18:50:24.493+0000 7fac1be00700 1 -- 172.21.15.86:0/3290604180 <== mon.0 v2:172.21.15.86:3300/0 3 ==== mon_map magic: 0 ==== 205+0+0 (secure 0 0 0) 0x7fac10011a20 con 0x7fac1c1084e0
2024-04-25T18:50:25.400 INFO:teuthology.orchestra.run.smithi086.stdout:/usr/bin/ceph: stderr
2024-04-25T18:50:24.493+0000 7fac24200700 1 -- 172.21.15.86:0/3290604180 >> [v2:172.21.15.86:3300/0,v1:172.21.15.86:6789/0] conn(0x7fac1c1084e0 msgr2=0x7fac1c108900 secure :-1 s=STATE_CONNECTION_ESTABLISHED l=1).mark_down
2024-04-25T18:50:25.400 INFO:teuthology.orchestra.run.smithi086.stdout:/usr/bin/ceph: stderr
2024-04-25T18:50:24.493+0000 7fac24200700 1 --2- 172.21.15.86:0/3290604180 >> [v2:172.21.15.86:3300/0,v1:172.21.15.86:6789/0] conn(0x7fac1c1084e0 0x7fac1c108900 secure :-1 s=READY pgs=51 cs=0 l=1 rev1=1 crypto rx=0x7fac100098a0 tx=0x7fac10009bb0 comp rx=0 tx=0).stop
2024-04-25T18:50:25.400 INFO:teuthology.orchestra.run.smithi086.stdout:/usr/bin/ceph: stderr
2024-04-25T18:50:24.493+0000 7fac24200700 1 -- 172.21.15.86:0/3290604180 shutdown_connections
2024-04-25T18:50:25.400 INFO:teuthology.orchestra.run.smithi086.stdout:/usr/bin/ceph: stderr
2024-04-25T18:50:24.493+0000 7fac24200700 1 --2- 172.21.15.86:0/3290604180 >> [v2:172.21.15.86:3300/0,v1:172.21.15.86:6789/0] conn(0x7fac1c1084e0 0x7fac1c108900 unknown :-1 s=CLOSED pgs=51 cs=0 l=1 rev1=1 crypto rx=0 tx=0 comp rx=0 tx=0).stop
2024-04-25T18:50:25.400 INFO:teuthology.orchestra.run.smithi086.stdout:/usr/bin/ceph: stderr
2024-04-25T18:50:24.493+0000 7fac24200700 1 -- 172.21.15.86:0/3290604180 >> 172.21.15.86:0/3290604180 conn(0x7fac1c103ae0 msgr2=0x7fac1c105f00 unknown :-1 s=STATE_NONE l=0).mark_down
2024-04-25T18:50:25.401 INFO:teuthology.orchestra.run.smithi086.stdout:/usr/bin/ceph: stderr
2024-04-25T18:50:24.494+0000 7fac24200700 1 -- 172.21.15.86:0/3290604180 shutdown_connections
2024-04-25T18:50:25.401 INFO:teuthology.orchestra.run.smithi086.stdout:/usr/bin/ceph: stderr
2024-04-25T18:50:24.494+0000 7fac24200700 1 -- 172.21.15.86:0/3290604180 wait complete.
2024-04-25T18:50:25.401 INFO:teuthology.orchestra.run.smithi086.stdout:/usr/bin/ceph: stderr
2024-04-25T18:50:24.495+0000 7fac24200700 1 Processor -- start
2024-04-25T18:50:25.401 INFO:teuthology.orchestra.run.smithi086.stdout:/usr/bin/ceph: stderr
2024-04-25T18:50:24.495+0000 7fac24200700 1 -- start start
2024-04-25T18:50:25.401 INFO:teuthology.orchestra.run.smithi086.stdout:/usr/bin/ceph: stderr
2024-04-25T18:50:24.495+0000 7fac24200700 1 --2- >> [v2:172.21.15.86:3300/0,v1:172.21.15.86:6789/0] conn(0x7fac1c1084e0 0x7fac1c19c730 unknown :-1 s=NONE pgs=0 cs=0 l=1 rev1=0 crypto rx=0 tx=0 comp rx=0 tx=0).connect
2024-04-25T18:50:25.401 INFO:teuthology.orchestra.run.smithi086.stdout:/usr/bin/ceph: stderr
2024-04-25T18:50:24.495+0000 7fac24200700 1 -- --> [v2:172.21.15.86:3300/0,v1:172.21.15.86:6789/0] -- mon_getmap magic: 0 -- 0x7fac1c10ca40 con 0x7fac1c1084e0
2024-04-25T18:50:25.401 INFO:teuthology.orchestra.run.smithi086.stdout:/usr/bin/ceph: stderr
2024-04-25T18:50:24.496+0000 7fac21800700 1 --2- >> [v2:172.21.15.86:3300/0,v1:172.21.15.86:6789/0] conn(0x7fac1c1084e0 0x7fac1c19c730 unknown :-1 s=BANNER_CONNECTING pgs=0 cs=0 l=1 rev1=0 crypto rx=0 tx=0 comp rx=0 tx=0)._handle_peer_banner_payload supported=3 required=0
2024-04-25T18:50:25.401 INFO:teuthology.orchestra.run.smithi086.stdout:/usr/bin/ceph: stderr
2024-04-25T18:50:24.496+0000 7fac21800700 1 --2- >> [v2:172.21.15.86:3300/0,v1:172.21.15.86:6789/0] conn(0x7fac1c1084e0 0x7fac1c19c730 unknown :-1 s=HELLO_CONNECTING pgs=0 cs=0 l=1 rev1=1 crypto rx=0 tx=0 comp rx=0 tx=0).handle_hello peer v2:172.21.15.86:3300/0 says I am v2:172.21.15.86:57720/0 (socket says 172.21.15.86:57720)
2024-04-25T18:50:25.401 INFO:teuthology.orchestra.run.smithi086.stdout:/usr/bin/ceph: stderr
2024-04-25T18:50:24.496+0000 7fac21800700 1 -- 172.21.15.86:0/2488501545 learned_addr learned my addr 172.21.15.86:0/2488501545 (peer_addr_for_me v2:172.21.15.86:0/0)
2024-04-25T18:50:25.401 INFO:teuthology.orchestra.run.smithi086.stdout:/usr/bin/ceph: stderr
2024-04-25T18:50:24.496+0000 7fac21800700 1 -- 172.21.15.86:0/2488501545 --> [v2:172.21.15.86:3300/0,v1:172.21.15.86:6789/0] -- mon_subscribe({config=0+,monmap=0+}) -- 0x7fac1c19cc70 con 0x7fac1c1084e0
2024-04-25T18:50:25.401 INFO:teuthology.orchestra.run.smithi086.stdout:/usr/bin/ceph: stderr
2024-04-25T18:50:24.496+0000 7fac21800700 1 --2- 172.21.15.86:0/2488501545 >> [v2:172.21.15.86:3300/0,v1:172.21.15.86:6789/0] conn(0x7fac1c1084e0 0x7fac1c19c730 secure :-1 s=READY pgs=52 cs=0 l=1 rev1=1 crypto rx=0x7fac10000c00 tx=0x7fac10011aa0 comp rx=0 tx=0).ready entity=mon.0 client_cookie=0 server_cookie=0 in_seq=0 out_seq=0
2024-04-25T18:50:25.401 INFO:teuthology.orchestra.run.smithi086.stdout:/usr/bin/ceph: stderr
2024-04-25T18:50:24.496+0000 7fac1a000700 1 -- 172.21.15.86:0/2488501545 <== mon.0 v2:172.21.15.86:3300/0 1 ==== mon_map magic: 0 ==== 205+0+0 (secure 0 0 0) 0x7fac10003aa0 con 0x7fac1c1084e0
2024-04-25T18:50:25.401 INFO:teuthology.orchestra.run.smithi086.stdout:/usr/bin/ceph: stderr
2024-04-25T18:50:24.497+0000 7fac1a000700 1 -- 172.21.15.86:0/2488501545 <== mon.0 v2:172.21.15.86:3300/0 2 ==== config(26 keys) ==== 1101+0+0 (secure 0 0 0) 0x7fac1001b8f0 con 0x7fac1c1084e0
2024-04-25T18:50:25.401 INFO:teuthology.orchestra.run.smithi086.stdout:/usr/bin/ceph: stderr
2024-04-25T18:50:24.497+0000 7fac1a000700 1 -- 172.21.15.86:0/2488501545 <== mon.0 v2:172.21.15.86:3300/0 3 ==== mon_map magic: 0 ==== 205+0+0 (secure 0 0 0) 0x7fac10023890 con 0x7fac1c1084e0
2024-04-25T18:50:25.402 INFO:teuthology.orchestra.run.smithi086.stdout:/usr/bin/ceph: stderr
2024-04-25T18:50:24.497+0000 7fac24200700 1 -- 172.21.15.86:0/2488501545 --> [v2:172.21.15.86:3300/0,v1:172.21.15.86:6789/0] -- mon_subscribe({mgrmap=0+}) -- 0x7fac1c19cf00 con 0x7fac1c1084e0
2024-04-25T18:50:25.402 INFO:teuthology.orchestra.run.smithi086.stdout:/usr/bin/ceph: stderr
2024-04-25T18:50:24.497+0000 7fac24200700 1 -- 172.21.15.86:0/2488501545 --> [v2:172.21.15.86:3300/0,v1:172.21.15.86:6789/0] -- mon_subscribe({osdmap=0}) -- 0x7fac1c19fbf0 con 0x7fac1c1084e0
2024-04-25T18:50:25.402 INFO:teuthology.orchestra.run.smithi086.stdout:/usr/bin/ceph: stderr
2024-04-25T18:50:24.498+0000 7fac1a000700 1 -- 172.21.15.86:0/2488501545 <== mon.0 v2:172.21.15.86:3300/0 4 ==== mgrmap(e 8) ==== 46558+0+0 (secure 0 0 0) 0x7fac1002c3f0 con 0x7fac1c1084e0
2024-04-25T18:50:25.402 INFO:teuthology.orchestra.run.smithi086.stdout:/usr/bin/ceph: stderr
2024-04-25T18:50:24.498+0000 7fac24200700 1 -- 172.21.15.86:0/2488501545 --> [v2:172.21.15.86:3300/0,v1:172.21.15.86:6789/0] -- mon_command({"prefix": "get_command_descriptions"} v 0) -- 0x7fabfc005360 con 0x7fac1c1084e0
2024-04-25T18:50:25.402 INFO:teuthology.orchestra.run.smithi086.stdout:/usr/bin/ceph: stderr
2024-04-25T18:50:24.498+0000 7fac1a000700 1 --2- 172.21.15.86:0/2488501545 >> [v2:172.21.15.86:6800/4264123395,v1:172.21.15.86:6801/4264123395] conn(0x7fac04039600 0x7fac0403bac0 unknown :-1 s=NONE pgs=0 cs=0 l=1 rev1=0 crypto rx=0 tx=0 comp rx=0 tx=0).connect
2024-04-25T18:50:25.402 INFO:teuthology.orchestra.run.smithi086.stdout:/usr/bin/ceph: stderr
2024-04-25T18:50:24.499+0000 7fac1a000700 1 -- 172.21.15.86:0/2488501545 <== mon.0 v2:172.21.15.86:3300/0 5 ==== osd_map(2..2 src has 1..2) ==== 940+0+0 (secure 0 0 0) 0x7fac1004de20 con 0x7fac1c1084e0
2024-04-25T18:50:25.402 INFO:teuthology.orchestra.run.smithi086.stdout:/usr/bin/ceph: stderr
2024-04-25T18:50:24.499+0000 7fac20e00700 1 --2- 172.21.15.86:0/2488501545 >> [v2:172.21.15.86:6800/4264123395,v1:172.21.15.86:6801/4264123395] conn(0x7fac04039600 0x7fac0403bac0 unknown :-1 s=BANNER_CONNECTING pgs=0 cs=0 l=1 rev1=0 crypto rx=0 tx=0 comp rx=0 tx=0)._handle_peer_banner_payload supported=3 required=0
2024-04-25T18:50:25.402 INFO:teuthology.orchestra.run.smithi086.stdout:/usr/bin/ceph: stderr
2024-04-25T18:50:24.500+0000 7fac20e00700 1 --2- 172.21.15.86:0/2488501545 >> [v2:172.21.15.86:6800/4264123395,v1:172.21.15.86:6801/4264123395] conn(0x7fac04039600 0x7fac0403bac0 secure :-1 s=READY pgs=14 cs=0 l=1 rev1=1 crypto rx=0x7fac08006fd0 tx=0x7fac08006e40 comp rx=0 tx=0).ready entity=mgr.14120 client_cookie=0 server_cookie=0 in_seq=0 out_seq=0
2024-04-25T18:50:25.402 INFO:teuthology.orchestra.run.smithi086.stdout:/usr/bin/ceph: stderr
2024-04-25T18:50:24.505+0000 7fac1a000700 1 -- 172.21.15.86:0/2488501545 <== mon.0 v2:172.21.15.86:3300/0 6 ==== mon_command_ack([{"prefix": "get_command_descriptions"}]=0 v0) ==== 72+0+188370 (secure 0 0 0) 0x7fac1001f030 con 0x7fac1c1084e0
2024-04-25T18:50:25.402 INFO:teuthology.orchestra.run.smithi086.stdout:/usr/bin/ceph: stderr
2024-04-25T18:50:24.731+0000 7fac24200700 1 -- 172.21.15.86:0/2488501545 --> [v2:172.21.15.86:3300/0,v1:172.21.15.86:6789/0] -- mon_command([{prefix=config set, name=mgr/cephadm/container_init}] v 0) -- 0x7fabfc005650 con 0x7fac1c1084e0
2024-04-25T18:50:25.402 INFO:teuthology.orchestra.run.smithi086.stdout:/usr/bin/ceph: stderr
2024-04-25T18:50:24.737+0000 7fac1a000700 1 -- 172.21.15.86:0/2488501545 <== mon.0 v2:172.21.15.86:3300/0 7 ==== mon_command_ack([{prefix=config set, name=mgr/cephadm/container_init}]=0 v7)=0 v7) ==== 142+0+0 (secure 0 0 0) 0x7fac100202b0 con 0x7fac1c1084e0
2024-04-25T18:50:25.402 INFO:teuthology.orchestra.run.smithi086.stdout:/usr/bin/ceph: stderr
2024-04-25T18:50:24.741+0000 7fac24200700 1 -- 172.21.15.86:0/2488501545 >> [v2:172.21.15.86:6800/4264123395,v1:172.21.15.86:6801/4264123395] conn(0x7fac04039600 msgr2=0x7fac0403bac0 secure :-1 s=STATE_CONNECTION_ESTABLISHED l=1).mark_down
2024-04-25T18:50:25.402 INFO:teuthology.orchestra.run.smithi086.stdout:/usr/bin/ceph: stderr
2024-04-25T18:50:24.741+0000 7fac24200700 1 --2- 172.21.15.86:0/2488501545 >> [v2:172.21.15.86:6800/4264123395,v1:172.21.15.86:6801/4264123395] conn(0x7fac04039600 0x7fac0403bac0 secure :-1 s=READY pgs=14 cs=0 l=1 rev1=1 crypto rx=0x7fac08006fd0 tx=0x7fac08006e40 comp rx=0 tx=0).stop
2024-04-25T18:50:25.402 INFO:teuthology.orchestra.run.smithi086.stdout:/usr/bin/ceph: stderr
2024-04-25T18:50:24.741+0000 7fac24200700 1 -- 172.21.15.86:0/2488501545 >> [v2:172.21.15.86:3300/0,v1:172.21.15.86:6789/0] conn(0x7fac1c1084e0 msgr2=0x7fac1c19c730 secure :-1 s=STATE_CONNECTION_ESTABLISHED l=1).mark_down
2024-04-25T18:50:25.403 INFO:teuthology.orchestra.run.smithi086.stdout:/usr/bin/ceph: stderr
2024-04-25T18:50:24.741+0000 7fac24200700 1 --2- 172.21.15.86:0/2488501545 >> [v2:172.21.15.86:3300/0,v1:172.21.15.86:6789/0] conn(0x7fac1c1084e0 0x7fac1c19c730 secure :-1 s=READY pgs=52 cs=0 l=1 rev1=1 crypto rx=0x7fac10000c00 tx=0x7fac10011aa0 comp rx=0 tx=0).stop
2024-04-25T18:50:25.403 INFO:teuthology.orchestra.run.smithi086.stdout:/usr/bin/ceph: stderr
2024-04-25T18:50:24.741+0000 7fac24200700 1 -- 172.21.15.86:0/2488501545 shutdown_connections
2024-04-25T18:50:25.403 INFO:teuthology.orchestra.run.smithi086.stdout:/usr/bin/ceph: stderr
2024-04-25T18:50:24.741+0000 7fac24200700 1 --2- 172.21.15.86:0/2488501545 >> [v2:172.21.15.86:6800/4264123395,v1:172.21.15.86:6801/4264123395] conn(0x7fac04039600 0x7fac0403bac0 unknown :-1 s=CLOSED pgs=14 cs=0 l=1 rev1=1 crypto rx=0 tx=0 comp rx=0 tx=0).stop
2024-04-25T18:50:25.403 INFO:teuthology.orchestra.run.smithi086.stdout:/usr/bin/ceph: stderr
2024-04-25T18:50:24.741+0000 7fac24200700 1 --2- 172.21.15.86:0/2488501545 >> [v2:172.21.15.86:3300/0,v1:172.21.15.86:6789/0] conn(0x7fac1c1084e0 0x7fac1c19c730 unknown :-1 s=CLOSED pgs=52 cs=0 l=1 rev1=1 crypto rx=0 tx=0 comp rx=0 tx=0).stop
2024-04-25T18:50:25.403 INFO:teuthology.orchestra.run.smithi086.stdout:/usr/bin/ceph: stderr
2024-04-25T18:50:24.741+0000 7fac24200700 1 -- 172.21.15.86:0/2488501545 >> 172.21.15.86:0/2488501545 conn(0x7fac1c103ae0 msgr2=0x7fac1c104850 unknown :-1 s=STATE_NONE l=0).mark_down
2024-04-25T18:50:25.403 INFO:teuthology.orchestra.run.smithi086.stdout:/usr/bin/ceph: stderr
2024-04-25T18:50:24.742+0000 7fac24200700 1 -- 172.21.15.86:0/2488501545 shutdown_connections
2024-04-25T18:50:25.403 INFO:teuthology.orchestra.run.smithi086.stdout:/usr/bin/ceph: stderr
2024-04-25T18:50:24.742+0000 7fac24200700 1 -- 172.21.15.86:0/2488501545 wait complete.
2024-04-25T18:50:27.234 INFO:teuthology.orchestra.run.smithi086.stdout:/usr/bin/ceph: stderr
2024-04-25T18:50:25.993+0000 7fc632000700 1 Processor -- start
2024-04-25T18:50:27.235 INFO:teuthology.orchestra.run.smithi086.stdout:/usr/bin/ceph: stderr
2024-04-25T18:50:25.993+0000 7fc632000700 1 -- start start
2024-04-25T18:50:27.235 INFO:teuthology.orchestra.run.smithi086.stdout:/usr/bin/ceph: stderr
2024-04-25T18:50:25.994+0000 7fc632000700 1 --2- >> [v2:172.21.15.86:3300/0,v1:172.21.15.86:6789/0] conn(0x7fc62c1084e0 0x7fc62c108900 unknown :-1 s=NONE pgs=0 cs=0 l=0 rev1=0 crypto rx=0 tx=0 comp rx=0 tx=0).connect
2024-04-25T18:50:27.235 INFO:teuthology.orchestra.run.smithi086.stdout:/usr/bin/ceph: stderr
2024-04-25T18:50:25.994+0000 7fc632000700 1 -- --> [v2:172.21.15.86:3300/0,v1:172.21.15.86:6789/0] -- mon_getmap magic: 0 -- 0x7fc62c108ed0 con 0x7fc62c1084e0
2024-04-25T18:50:27.235 INFO:teuthology.orchestra.run.smithi086.stdout:/usr/bin/ceph: stderr
2024-04-25T18:50:25.994+0000 7fc62b400700 1 --2- >> [v2:172.21.15.86:3300/0,v1:172.21.15.86:6789/0] conn(0x7fc62c1084e0 0x7fc62c108900 unknown :-1 s=BANNER_CONNECTING pgs=0 cs=0 l=0 rev1=0 crypto rx=0 tx=0 comp rx=0 tx=0)._handle_peer_banner_payload supported=3 required=0
2024-04-25T18:50:27.235 INFO:teuthology.orchestra.run.smithi086.stdout:/usr/bin/ceph: stderr
2024-04-25T18:50:25.994+0000 7fc62b400700 1 --2- >> [v2:172.21.15.86:3300/0,v1:172.21.15.86:6789/0] conn(0x7fc62c1084e0 0x7fc62c108900 unknown :-1 s=HELLO_CONNECTING pgs=0 cs=0 l=0 rev1=1 crypto rx=0 tx=0 comp rx=0 tx=0).handle_hello peer v2:172.21.15.86:3300/0 says I am v2:172.21.15.86:57730/0 (socket says 172.21.15.86:57730)
2024-04-25T18:50:27.235 INFO:teuthology.orchestra.run.smithi086.stdout:/usr/bin/ceph: stderr
2024-04-25T18:50:25.994+0000 7fc62b400700 1 -- 172.21.15.86:0/3806715736 learned_addr learned my addr 172.21.15.86:0/3806715736 (peer_addr_for_me v2:172.21.15.86:0/0)
2024-04-25T18:50:27.235 INFO:teuthology.orchestra.run.smithi086.stdout:/usr/bin/ceph: stderr
2024-04-25T18:50:25.995+0000 7fc62b400700 1 -- 172.21.15.86:0/3806715736 --> [v2:172.21.15.86:3300/0,v1:172.21.15.86:6789/0] -- mon_subscribe({config=0+,monmap=0+}) -- 0x7fc62c109690 con 0x7fc62c1084e0
2024-04-25T18:50:27.235 INFO:teuthology.orchestra.run.smithi086.stdout:/usr/bin/ceph: stderr
2024-04-25T18:50:25.995+0000 7fc62b400700 1 --2- 172.21.15.86:0/3806715736 >> [v2:172.21.15.86:3300/0,v1:172.21.15.86:6789/0] conn(0x7fc62c1084e0 0x7fc62c108900 secure :-1 s=READY pgs=53 cs=0 l=1 rev1=1 crypto rx=0x7fc61c0098a0 tx=0x7fc61c009bb0 comp rx=0 tx=0).ready entity=mon.0 client_cookie=c3f814fe9877a692 server_cookie=0 in_seq=0 out_seq=0
2024-04-25T18:50:27.235 INFO:teuthology.orchestra.run.smithi086.stdout:/usr/bin/ceph: stderr
2024-04-25T18:50:25.995+0000 7fc62a000700 1 -- 172.21.15.86:0/3806715736 <== mon.0 v2:172.21.15.86:3300/0 1 ==== mon_map magic: 0 ==== 205+0+0 (secure 0 0 0) 0x7fc61c004160 con 0x7fc62c1084e0
2024-04-25T18:50:27.235 INFO:teuthology.orchestra.run.smithi086.stdout:/usr/bin/ceph: stderr
2024-04-25T18:50:25.995+0000 7fc62a000700 1 -- 172.21.15.86:0/3806715736 <== mon.0 v2:172.21.15.86:3300/0 2 ==== config(26 keys) ==== 1101+0+0 (secure 0 0 0) 0x7fc61c004300 con 0x7fc62c1084e0
2024-04-25T18:50:27.235 INFO:teuthology.orchestra.run.smithi086.stdout:/usr/bin/ceph: stderr
2024-04-25T18:50:25.995+0000 7fc62a000700 1 -- 172.21.15.86:0/3806715736 <== mon.0 v2:172.21.15.86:3300/0 3 ==== mon_map magic: 0 ==== 205+0+0 (secure 0 0 0) 0x7fc61c011a20 con 0x7fc62c1084e0
2024-04-25T18:50:27.236 INFO:teuthology.orchestra.run.smithi086.stdout:/usr/bin/ceph: stderr
2024-04-25T18:50:25.996+0000 7fc632000700 1 -- 172.21.15.86:0/3806715736 >> [v2:172.21.15.86:3300/0,v1:172.21.15.86:6789/0] conn(0x7fc62c1084e0 msgr2=0x7fc62c108900 secure :-1 s=STATE_CONNECTION_ESTABLISHED l=1).mark_down
2024-04-25T18:50:27.236 INFO:teuthology.orchestra.run.smithi086.stdout:/usr/bin/ceph: stderr
2024-04-25T18:50:25.996+0000 7fc632000700 1 --2- 172.21.15.86:0/3806715736 >> [v2:172.21.15.86:3300/0,v1:172.21.15.86:6789/0] conn(0x7fc62c1084e0 0x7fc62c108900 secure :-1 s=READY pgs=53 cs=0 l=1 rev1=1 crypto rx=0x7fc61c0098a0 tx=0x7fc61c009bb0 comp rx=0 tx=0).stop
2024-04-25T18:50:27.236 INFO:teuthology.orchestra.run.smithi086.stdout:/usr/bin/ceph: stderr
2024-04-25T18:50:25.996+0000 7fc632000700 1 -- 172.21.15.86:0/3806715736 shutdown_connections
2024-04-25T18:50:27.236 INFO:teuthology.orchestra.run.smithi086.stdout:/usr/bin/ceph: stderr
2024-04-25T18:50:25.996+0000 7fc632000700 1 --2- 172.21.15.86:0/3806715736 >> [v2:172.21.15.86:3300/0,v1:172.21.15.86:6789/0] conn(0x7fc62c1084e0 0x7fc62c108900 unknown :-1 s=CLOSED pgs=53 cs=0 l=1 rev1=1 crypto rx=0 tx=0 comp rx=0 tx=0).stop
2024-04-25T18:50:27.236 INFO:teuthology.orchestra.run.smithi086.stdout:/usr/bin/ceph: stderr
2024-04-25T18:50:25.996+0000 7fc632000700 1 -- 172.21.15.86:0/3806715736 >> 172.21.15.86:0/3806715736 conn(0x7fc62c103ae0 msgr2=0x7fc62c105f00 unknown :-1 s=STATE_NONE l=0).mark_down
2024-04-25T18:50:27.236 INFO:teuthology.orchestra.run.smithi086.stdout:/usr/bin/ceph: stderr
2024-04-25T18:50:25.996+0000 7fc632000700 1 -- 172.21.15.86:0/3806715736 shutdown_connections
2024-04-25T18:50:27.236 INFO:teuthology.orchestra.run.smithi086.stdout:/usr/bin/ceph: stderr
2024-04-25T18:50:25.996+0000 7fc632000700 1 -- 172.21.15.86:0/3806715736 wait complete.
2024-04-25T18:50:27.236 INFO:teuthology.orchestra.run.smithi086.stdout:/usr/bin/ceph: stderr
2024-04-25T18:50:25.997+0000 7fc632000700 1 Processor -- start
2024-04-25T18:50:27.236 INFO:teuthology.orchestra.run.smithi086.stdout:/usr/bin/ceph: stderr
2024-04-25T18:50:25.997+0000 7fc632000700 1 -- start start
2024-04-25T18:50:27.236 INFO:teuthology.orchestra.run.smithi086.stdout:/usr/bin/ceph: stderr
2024-04-25T18:50:25.998+0000 7fc632000700 1 --2- >> [v2:172.21.15.86:3300/0,v1:172.21.15.86:6789/0] conn(0x7fc62c1084e0 0x7fc62c07db30 unknown :-1 s=NONE pgs=0 cs=0 l=1 rev1=0 crypto rx=0 tx=0 comp rx=0 tx=0).connect
2024-04-25T18:50:27.236 INFO:teuthology.orchestra.run.smithi086.stdout:/usr/bin/ceph: stderr
2024-04-25T18:50:25.998+0000 7fc632000700 1 -- --> [v2:172.21.15.86:3300/0,v1:172.21.15.86:6789/0] -- mon_getmap magic: 0 -- 0x7fc62c10ca40 con 0x7fc62c1084e0
2024-04-25T18:50:27.236 INFO:teuthology.orchestra.run.smithi086.stdout:/usr/bin/ceph: stderr
2024-04-25T18:50:25.998+0000 7fc62b400700 1 --2- >> [v2:172.21.15.86:3300/0,v1:172.21.15.86:6789/0] conn(0x7fc62c1084e0 0x7fc62c07db30 unknown :-1 s=BANNER_CONNECTING pgs=0 cs=0 l=1 rev1=0 crypto rx=0 tx=0 comp rx=0 tx=0)._handle_peer_banner_payload supported=3 required=0
2024-04-25T18:50:27.236 INFO:teuthology.orchestra.run.smithi086.stdout:/usr/bin/ceph: stderr
2024-04-25T18:50:25.998+0000 7fc62b400700 1 --2- >> [v2:172.21.15.86:3300/0,v1:172.21.15.86:6789/0] conn(0x7fc62c1084e0 0x7fc62c07db30 unknown :-1 s=HELLO_CONNECTING pgs=0 cs=0 l=1 rev1=1 crypto rx=0 tx=0 comp rx=0 tx=0).handle_hello peer v2:172.21.15.86:3300/0 says I am v2:172.21.15.86:57742/0 (socket says 172.21.15.86:57742)
2024-04-25T18:50:27.236 INFO:teuthology.orchestra.run.smithi086.stdout:/usr/bin/ceph: stderr
2024-04-25T18:50:25.998+0000 7fc62b400700 1 -- 172.21.15.86:0/296179200 learned_addr learned my addr 172.21.15.86:0/296179200 (peer_addr_for_me v2:172.21.15.86:0/0)
2024-04-25T18:50:27.237 INFO:teuthology.orchestra.run.smithi086.stdout:/usr/bin/ceph: stderr
2024-04-25T18:50:25.998+0000 7fc62b400700 1 -- 172.21.15.86:0/296179200 --> [v2:172.21.15.86:3300/0,v1:172.21.15.86:6789/0] -- mon_subscribe({config=0+,monmap=0+}) -- 0x7fc62c07e070 con 0x7fc62c1084e0
2024-04-25T18:50:27.237 INFO:teuthology.orchestra.run.smithi086.stdout:/usr/bin/ceph: stderr
2024-04-25T18:50:25.999+0000 7fc62b400700 1 --2- 172.21.15.86:0/296179200 >> [v2:172.21.15.86:3300/0,v1:172.21.15.86:6789/0] conn(0x7fc62c1084e0 0x7fc62c07db30 secure :-1 s=READY pgs=54 cs=0 l=1 rev1=1 crypto rx=0x7fc61c000c00 tx=0x7fc61c011aa0 comp rx=0 tx=0).ready entity=mon.0 client_cookie=0 server_cookie=0 in_seq=0 out_seq=0
2024-04-25T18:50:27.237 INFO:teuthology.orchestra.run.smithi086.stdout:/usr/bin/ceph: stderr
2024-04-25T18:50:25.999+0000 7fc623e00700 1 -- 172.21.15.86:0/296179200 <== mon.0 v2:172.21.15.86:3300/0 1 ==== mon_map magic: 0 ==== 205+0+0 (secure 0 0 0) 0x7fc61c003aa0 con 0x7fc62c1084e0
2024-04-25T18:50:27.237 INFO:teuthology.orchestra.run.smithi086.stdout:/usr/bin/ceph: stderr
2024-04-25T18:50:25.999+0000 7fc623e00700 1 -- 172.21.15.86:0/296179200 <== mon.0 v2:172.21.15.86:3300/0 2 ==== config(26 keys) ==== 1101+0+0 (secure 0 0 0) 0x7fc61c01b8f0 con 0x7fc62c1084e0
2024-04-25T18:50:27.237 INFO:teuthology.orchestra.run.smithi086.stdout:/usr/bin/ceph: stderr
2024-04-25T18:50:25.999+0000 7fc632000700 1 -- 172.21.15.86:0/296179200 --> [v2:172.21.15.86:3300/0,v1:172.21.15.86:6789/0] -- mon_subscribe({mgrmap=0+}) -- 0x7fc62c07c2b0 con 0x7fc62c1084e0
2024-04-25T18:50:27.237 INFO:teuthology.orchestra.run.smithi086.stdout:/usr/bin/ceph: stderr
2024-04-25T18:50:25.999+0000 7fc623e00700 1 -- 172.21.15.86:0/296179200 <== mon.0 v2:172.21.15.86:3300/0 3 ==== mon_map magic: 0 ==== 205+0+0 (secure 0 0 0) 0x7fc61c023890 con 0x7fc62c1084e0
2024-04-25T18:50:27.237 INFO:teuthology.orchestra.run.smithi086.stdout:/usr/bin/ceph: stderr
2024-04-25T18:50:25.999+0000 7fc632000700 1 -- 172.21.15.86:0/296179200 --> [v2:172.21.15.86:3300/0,v1:172.21.15.86:6789/0] -- mon_subscribe({osdmap=0}) -- 0x7fc62c07c790 con 0x7fc62c1084e0
2024-04-25T18:50:27.237 INFO:teuthology.orchestra.run.smithi086.stdout:/usr/bin/ceph: stderr
2024-04-25T18:50:26.001+0000 7fc623e00700 1 -- 172.21.15.86:0/296179200 <== mon.0 v2:172.21.15.86:3300/0 4 ==== mgrmap(e 8) ==== 46558+0+0 (secure 0 0 0) 0x7fc61c02c3f0 con 0x7fc62c1084e0
2024-04-25T18:50:27.237 INFO:teuthology.orchestra.run.smithi086.stdout:/usr/bin/ceph: stderr
2024-04-25T18:50:26.001+0000 7fc632000700 1 -- 172.21.15.86:0/296179200 --> [v2:172.21.15.86:3300/0,v1:172.21.15.86:6789/0] -- mon_command({"prefix": "get_command_descriptions"} v 0) -- 0x7fc62c0640a0 con 0x7fc62c1084e0
2024-04-25T18:50:27.237 INFO:teuthology.orchestra.run.smithi086.stdout:/usr/bin/ceph: stderr
2024-04-25T18:50:26.002+0000 7fc623e00700 1 --2- 172.21.15.86:0/296179200 >> [v2:172.21.15.86:6800/4264123395,v1:172.21.15.86:6801/4264123395] conn(0x7fc610039600 0x7fc61003bac0 unknown :-1 s=NONE pgs=0 cs=0 l=1 rev1=0 crypto rx=0 tx=0 comp rx=0 tx=0).connect
2024-04-25T18:50:27.237 INFO:teuthology.orchestra.run.smithi086.stdout:/usr/bin/ceph: stderr
2024-04-25T18:50:26.002+0000 7fc623e00700 1 -- 172.21.15.86:0/296179200 <== mon.0 v2:172.21.15.86:3300/0 5 ==== osd_map(2..2 src has 1..2) ==== 940+0+0 (secure 0 0 0) 0x7fc61c04dec0 con 0x7fc62c1084e0
2024-04-25T18:50:27.237 INFO:teuthology.orchestra.run.smithi086.stdout:/usr/bin/ceph: stderr
2024-04-25T18:50:26.002+0000 7fc62aa00700 1 --2- 172.21.15.86:0/296179200 >> [v2:172.21.15.86:6800/4264123395,v1:172.21.15.86:6801/4264123395] conn(0x7fc610039600 0x7fc61003bac0 unknown :-1 s=BANNER_CONNECTING pgs=0 cs=0 l=1 rev1=0 crypto rx=0 tx=0 comp rx=0 tx=0)._handle_peer_banner_payload supported=3 required=0
2024-04-25T18:50:27.237 INFO:teuthology.orchestra.run.smithi086.stdout:/usr/bin/ceph: stderr
2024-04-25T18:50:26.003+0000 7fc62aa00700 1 --2- 172.21.15.86:0/296179200 >> [v2:172.21.15.86:6800/4264123395,v1:172.21.15.86:6801/4264123395] conn(0x7fc610039600 0x7fc61003bac0 secure :-1 s=READY pgs=15 cs=0 l=1 rev1=1 crypto rx=0x7fc618006fd0 tx=0x7fc618006e40 comp rx=0 tx=0).ready entity=mgr.14120 client_cookie=0 server_cookie=0 in_seq=0 out_seq=0
2024-04-25T18:50:27.238 INFO:teuthology.orchestra.run.smithi086.stdout:/usr/bin/ceph: stderr
2024-04-25T18:50:26.008+0000 7fc623e00700 1 -- 172.21.15.86:0/296179200 <== mon.0 v2:172.21.15.86:3300/0 6 ==== mon_command_ack([{"prefix": "get_command_descriptions"}]=0 v0) ==== 72+0+188370 (secure 0 0 0) 0x7fc61c01f030 con 0x7fc62c1084e0
2024-04-25T18:50:27.238 INFO:teuthology.orchestra.run.smithi086.stdout:/usr/bin/ceph: stderr
2024-04-25T18:50:26.234+0000 7fc632000700 1 -- 172.21.15.86:0/296179200 --> [v2:172.21.15.86:3300/0,v1:172.21.15.86:6789/0] -- mon_command([{prefix=config set, name=mgr/dashboard/ssl_server_port}] v 0) -- 0x7fc62c195e50 con 0x7fc62c1084e0
2024-04-25T18:50:27.238 INFO:teuthology.orchestra.run.smithi086.stdout:/usr/bin/ceph: stderr
2024-04-25T18:50:26.239+0000 7fc623e00700 1 -- 172.21.15.86:0/296179200 <== mon.0 v2:172.21.15.86:3300/0 7 ==== mon_command_ack([{prefix=config set, name=mgr/dashboard/ssl_server_port}]=0 v8)=0 v8) ==== 130+0+0 (secure 0 0 0) 0x7fc61c01bda0 con 0x7fc62c1084e0
2024-04-25T18:50:27.238 INFO:teuthology.orchestra.run.smithi086.stdout:/usr/bin/ceph: stderr
2024-04-25T18:50:26.243+0000 7fc632000700 1 -- 172.21.15.86:0/296179200 >> [v2:172.21.15.86:6800/4264123395,v1:172.21.15.86:6801/4264123395] conn(0x7fc610039600 msgr2=0x7fc61003bac0 secure :-1 s=STATE_CONNECTION_ESTABLISHED l=1).mark_down
2024-04-25T18:50:27.238 INFO:teuthology.orchestra.run.smithi086.stdout:/usr/bin/ceph: stderr
2024-04-25T18:50:26.243+0000 7fc632000700 1 --2- 172.21.15.86:0/296179200 >> [v2:172.21.15.86:6800/4264123395,v1:172.21.15.86:6801/4264123395] conn(0x7fc610039600 0x7fc61003bac0 secure :-1 s=READY pgs=15 cs=0 l=1 rev1=1 crypto rx=0x7fc618006fd0 tx=0x7fc618006e40 comp rx=0 tx=0).stop
2024-04-25T18:50:27.238 INFO:teuthology.orchestra.run.smithi086.stdout:/usr/bin/ceph: stderr
2024-04-25T18:50:26.243+0000 7fc632000700 1 -- 172.21.15.86:0/296179200 >> [v2:172.21.15.86:3300/0,v1:172.21.15.86:6789/0] conn(0x7fc62c1084e0 msgr2=0x7fc62c07db30 secure :-1 s=STATE_CONNECTION_ESTABLISHED l=1).mark_down
2024-04-25T18:50:27.238 INFO:teuthology.orchestra.run.smithi086.stdout:/usr/bin/ceph: stderr
2024-04-25T18:50:26.243+0000 7fc632000700 1 --2- 172.21.15.86:0/296179200 >> [v2:172.21.15.86:3300/0,v1:172.21.15.86:6789/0] conn(0x7fc62c1084e0 0x7fc62c07db30 secure :-1 s=READY pgs=54 cs=0 l=1 rev1=1 crypto rx=0x7fc61c000c00 tx=0x7fc61c011aa0 comp rx=0 tx=0).stop
2024-04-25T18:50:27.238 INFO:teuthology.orchestra.run.smithi086.stdout:/usr/bin/ceph: stderr
2024-04-25T18:50:26.243+0000 7fc632000700 1 -- 172.21.15.86:0/296179200 shutdown_connections
2024-04-25T18:50:27.238 INFO:teuthology.orchestra.run.smithi086.stdout:/usr/bin/ceph: stderr
2024-04-25T18:50:26.243+0000 7fc632000700 1 --2- 172.21.15.86:0/296179200 >> [v2:172.21.15.86:6800/4264123395,v1:172.21.15.86:6801/4264123395] conn(0x7fc610039600 0x7fc61003bac0 unknown :-1 s=CLOSED pgs=15 cs=0 l=1 rev1=1 crypto rx=0 tx=0 comp rx=0 tx=0).stop
2024-04-25T18:50:27.238 INFO:teuthology.orchestra.run.smithi086.stdout:/usr/bin/ceph: stderr
2024-04-25T18:50:26.243+0000 7fc632000700 1 --2- 172.21.15.86:0/296179200 >> [v2:172.21.15.86:3300/0,v1:172.21.15.86:6789/0] conn(0x7fc62c1084e0 0x7fc62c07db30 unknown :-1 s=CLOSED pgs=54 cs=0 l=1 rev1=1 crypto rx=0 tx=0 comp rx=0 tx=0).stop
2024-04-25T18:50:27.238 INFO:teuthology.orchestra.run.smithi086.stdout:/usr/bin/ceph: stderr
2024-04-25T18:50:26.243+0000 7fc632000700 1 -- 172.21.15.86:0/296179200 >> 172.21.15.86:0/296179200 conn(0x7fc62c103ae0 msgr2=0x7fc62c104820 unknown :-1 s=STATE_NONE l=0).mark_down
2024-04-25T18:50:27.238 INFO:teuthology.orchestra.run.smithi086.stdout:/usr/bin/ceph: stderr
2024-04-25T18:50:26.243+0000 7fc632000700 1 -- 172.21.15.86:0/296179200 shutdown_connections
2024-04-25T18:50:27.238 INFO:teuthology.orchestra.run.smithi086.stdout:/usr/bin/ceph: stderr
2024-04-25T18:50:26.243+0000 7fc632000700 1 -- 172.21.15.86:0/296179200 wait complete.
2024-04-25T18:50:27.238 INFO:teuthology.orchestra.run.smithi086.stdout:Enabling the dashboard module...
2024-04-25T18:50:27.504 INFO:journalctl@ceph.mon.a.smithi086.stdout:Apr 25 18:50:27 smithi086 ceph-mon[27783]: from='client.? 172.21.15.86:0/296179200' entity='client.admin'
2024-04-25T18:50:27.504 INFO:journalctl@ceph.mon.a.smithi086.stdout:Apr 25 18:50:27 smithi086 ceph-mon[27783]: pgmap v4: 0 pgs: ; 0 B data, 0 B used, 0 B / 0 B avail
2024-04-25T18:50:27.504 INFO:journalctl@ceph.mon.a.smithi086.stdout:Apr 25 18:50:27 smithi086 ceph-mon[27783]: from='mgr.14120 172.21.15.86:0/1766801185' entity='mgr.x'
2024-04-25T18:50:28.320 INFO:journalctl@ceph.mon.a.smithi086.stdout:Apr 25 18:50:28 smithi086 ceph-mon[27783]: from='client.? 172.21.15.86:0/1683989885' entity='client.admin' cmd=[{"prefix": "mgr module enable", "module": "dashboard"}]: dispatch
2024-04-25T18:50:28.618 INFO:journalctl@ceph.mgr.x.smithi086.stdout:Apr 25 18:50:28 smithi086 ceph-1ec2eb56-0334-11ef-bc93-c7b262605968-mgr-x[28013]: ignoring --setuser ceph since I am not root
2024-04-25T18:50:28.619 INFO:journalctl@ceph.mgr.x.smithi086.stdout:Apr 25 18:50:28 smithi086 ceph-1ec2eb56-0334-11ef-bc93-c7b262605968-mgr-x[28013]: ignoring --setgroup ceph since I am not root
2024-04-25T18:50:28.619 INFO:journalctl@ceph.mgr.x.smithi086.stdout:Apr 25 18:50:28 smithi086 ceph-1ec2eb56-0334-11ef-bc93-c7b262605968-mgr-x[28013]:
2024-04-25T18:50:28.583+0000 7fa1420b3200 -1 mgr[py] Module balancer has missing NOTIFY_TYPES member
2024-04-25T18:50:28.913 INFO:journalctl@ceph.mgr.x.smithi086.stdout:Apr 25 18:50:28 smithi086 ceph-1ec2eb56-0334-11ef-bc93-c7b262605968-mgr-x[28013]:
2024-04-25T18:50:28.831+0000 7fa1420b3200 -1 mgr[py] Module orchestrator has missing NOTIFY_TYPES member
2024-04-25T18:50:28.920 INFO:teuthology.orchestra.run.smithi086.stdout:/usr/bin/ceph: stderr
2024-04-25T18:50:27.779+0000 7f6cf0c00700 1 Processor -- start
2024-04-25T18:50:28.922 INFO:teuthology.orchestra.run.smithi086.stdout:/usr/bin/ceph: stderr
2024-04-25T18:50:27.779+0000 7f6cf0c00700 1 -- start start
2024-04-25T18:50:28.922 INFO:teuthology.orchestra.run.smithi086.stdout:/usr/bin/ceph: stderr
2024-04-25T18:50:27.779+0000 7f6cf0c00700 1 --2- >> [v2:172.21.15.86:3300/0,v1:172.21.15.86:6789/0] conn(0x7f6cec108570 0x7f6cec108990 unknown :-1 s=NONE pgs=0 cs=0 l=0 rev1=0 crypto rx=0 tx=0 comp rx=0 tx=0).connect
2024-04-25T18:50:28.922 INFO:teuthology.orchestra.run.smithi086.stdout:/usr/bin/ceph: stderr
2024-04-25T18:50:27.779+0000 7f6cf0c00700 1 -- --> [v2:172.21.15.86:3300/0,v1:172.21.15.86:6789/0] -- mon_getmap magic: 0 -- 0x7f6cec108f60 con 0x7f6cec108570
2024-04-25T18:50:28.922 INFO:teuthology.orchestra.run.smithi086.stdout:/usr/bin/ceph: stderr
