2024-04-25T18:50:28.706+0000 7f29dfe00700 1 -- 172.21.15.29:0/1875495626 <== mon.0 v2:172.21.15.29:3300/0 2 ==== config(26 keys) ==== 1070+0+0 (secure 0 0 0) 0x7f29d4004300 con 0x7f29e010f040
2024-04-25T18:50:29.831 INFO:teuthology.orchestra.run.smithi029.stdout:/usr/bin/ceph: stderr
2024-04-25T18:50:28.706+0000 7f29dfe00700 1 -- 172.21.15.29:0/1875495626 <== mon.0 v2:172.21.15.29:3300/0 3 ==== mon_map magic: 0 ==== 205+0+0 (secure 0 0 0) 0x7f29d4011af0 con 0x7f29e010f040
2024-04-25T18:50:29.831 INFO:teuthology.orchestra.run.smithi029.stdout:/usr/bin/ceph: stderr
2024-04-25T18:50:28.707+0000 7f29e8400700 1 -- 172.21.15.29:0/1875495626 >> [v2:172.21.15.29:3300/0,v1:172.21.15.29:6789/0] conn(0x7f29e010f040 msgr2=0x7f29e010f460 secure :-1 s=STATE_CONNECTION_ESTABLISHED l=1).mark_down
2024-04-25T18:50:29.831 INFO:teuthology.orchestra.run.smithi029.stdout:/usr/bin/ceph: stderr
2024-04-25T18:50:28.707+0000 7f29e8400700 1 --2- 172.21.15.29:0/1875495626 >> [v2:172.21.15.29:3300/0,v1:172.21.15.29:6789/0] conn(0x7f29e010f040 0x7f29e010f460 secure :-1 s=READY pgs=18 cs=0 l=1 rev1=1 crypto rx=0x7f29d40098a0 tx=0x7f29d4009bb0 comp rx=0 tx=0).stop
2024-04-25T18:50:29.831 INFO:teuthology.orchestra.run.smithi029.stdout:/usr/bin/ceph: stderr
2024-04-25T18:50:28.707+0000 7f29e8400700 1 -- 172.21.15.29:0/1875495626 shutdown_connections
2024-04-25T18:50:29.831 INFO:teuthology.orchestra.run.smithi029.stdout:/usr/bin/ceph: stderr
2024-04-25T18:50:28.707+0000 7f29e8400700 1 --2- 172.21.15.29:0/1875495626 >> [v2:172.21.15.29:3300/0,v1:172.21.15.29:6789/0] conn(0x7f29e010f040 0x7f29e010f460 unknown :-1 s=CLOSED pgs=18 cs=0 l=1 rev1=1 crypto rx=0 tx=0 comp rx=0 tx=0).stop
2024-04-25T18:50:29.831 INFO:teuthology.orchestra.run.smithi029.stdout:/usr/bin/ceph: stderr
2024-04-25T18:50:28.707+0000 7f29e8400700 1 -- 172.21.15.29:0/1875495626 >> 172.21.15.29:0/1875495626 conn(0x7f29e007ddf0 msgr2=0x7f29e0080210 unknown :-1 s=STATE_NONE l=0).mark_down
2024-04-25T18:50:29.831 INFO:teuthology.orchestra.run.smithi029.stdout:/usr/bin/ceph: stderr
2024-04-25T18:50:28.707+0000 7f29e8400700 1 -- 172.21.15.29:0/1875495626 shutdown_connections
2024-04-25T18:50:29.831 INFO:teuthology.orchestra.run.smithi029.stdout:/usr/bin/ceph: stderr
2024-04-25T18:50:28.707+0000 7f29e8400700 1 -- 172.21.15.29:0/1875495626 wait complete.
2024-04-25T18:50:29.831 INFO:teuthology.orchestra.run.smithi029.stdout:/usr/bin/ceph: stderr
2024-04-25T18:50:28.708+0000 7f29e8400700 1 Processor -- start
2024-04-25T18:50:29.831 INFO:teuthology.orchestra.run.smithi029.stdout:/usr/bin/ceph: stderr
2024-04-25T18:50:28.708+0000 7f29e8400700 1 -- start start
2024-04-25T18:50:29.831 INFO:teuthology.orchestra.run.smithi029.stdout:/usr/bin/ceph: stderr
2024-04-25T18:50:28.709+0000 7f29e8400700 1 --2- >> [v2:172.21.15.29:3300/0,v1:172.21.15.29:6789/0] conn(0x7f29e010f040 0x7f29e01a2a60 unknown :-1 s=NONE pgs=0 cs=0 l=1 rev1=0 crypto rx=0 tx=0 comp rx=0 tx=0).connect
2024-04-25T18:50:29.831 INFO:teuthology.orchestra.run.smithi029.stdout:/usr/bin/ceph: stderr
2024-04-25T18:50:28.709+0000 7f29e8400700 1 -- --> [v2:172.21.15.29:3300/0,v1:172.21.15.29:6789/0] -- mon_getmap magic: 0 -- 0x7f29e0112ff0 con 0x7f29e010f040
2024-04-25T18:50:29.831 INFO:teuthology.orchestra.run.smithi029.stdout:/usr/bin/ceph: stderr
2024-04-25T18:50:28.709+0000 7f29e5a00700 1 --2- >> [v2:172.21.15.29:3300/0,v1:172.21.15.29:6789/0] conn(0x7f29e010f040 0x7f29e01a2a60 unknown :-1 s=BANNER_CONNECTING pgs=0 cs=0 l=1 rev1=0 crypto rx=0 tx=0 comp rx=0 tx=0)._handle_peer_banner_payload supported=3 required=0
2024-04-25T18:50:29.831 INFO:teuthology.orchestra.run.smithi029.stdout:/usr/bin/ceph: stderr
2024-04-25T18:50:28.709+0000 7f29e5a00700 1 --2- >> [v2:172.21.15.29:3300/0,v1:172.21.15.29:6789/0] conn(0x7f29e010f040 0x7f29e01a2a60 unknown :-1 s=HELLO_CONNECTING pgs=0 cs=0 l=1 rev1=1 crypto rx=0 tx=0 comp rx=0 tx=0).handle_hello peer v2:172.21.15.29:3300/0 says I am v2:172.21.15.29:39316/0 (socket says 172.21.15.29:39316)
2024-04-25T18:50:29.832 INFO:teuthology.orchestra.run.smithi029.stdout:/usr/bin/ceph: stderr
2024-04-25T18:50:28.709+0000 7f29e5a00700 1 -- 172.21.15.29:0/4206185253 learned_addr learned my addr 172.21.15.29:0/4206185253 (peer_addr_for_me v2:172.21.15.29:0/0)
2024-04-25T18:50:29.832 INFO:teuthology.orchestra.run.smithi029.stdout:/usr/bin/ceph: stderr
2024-04-25T18:50:28.709+0000 7f29e5a00700 1 -- 172.21.15.29:0/4206185253 --> [v2:172.21.15.29:3300/0,v1:172.21.15.29:6789/0] -- mon_subscribe({config=0+,monmap=0+}) -- 0x7f29e01a2fa0 con 0x7f29e010f040
2024-04-25T18:50:29.832 INFO:teuthology.orchestra.run.smithi029.stdout:/usr/bin/ceph: stderr
2024-04-25T18:50:28.710+0000 7f29e5a00700 1 --2- 172.21.15.29:0/4206185253 >> [v2:172.21.15.29:3300/0,v1:172.21.15.29:6789/0] conn(0x7f29e010f040 0x7f29e01a2a60 secure :-1 s=READY pgs=19 cs=0 l=1 rev1=1 crypto rx=0x7f29d4011ac0 tx=0x7f29d4011ba0 comp rx=0 tx=0).ready entity=mon.0 client_cookie=0 server_cookie=0 in_seq=0 out_seq=0
2024-04-25T18:50:29.832 INFO:teuthology.orchestra.run.smithi029.stdout:/usr/bin/ceph: stderr
2024-04-25T18:50:28.710+0000 7f29de000700 1 -- 172.21.15.29:0/4206185253 <== mon.0 v2:172.21.15.29:3300/0 1 ==== mon_map magic: 0 ==== 205+0+0 (secure 0 0 0) 0x7f29d4003b20 con 0x7f29e010f040
2024-04-25T18:50:29.832 INFO:teuthology.orchestra.run.smithi029.stdout:/usr/bin/ceph: stderr
2024-04-25T18:50:28.710+0000 7f29de000700 1 -- 172.21.15.29:0/4206185253 <== mon.0 v2:172.21.15.29:3300/0 2 ==== config(26 keys) ==== 1070+0+0 (secure 0 0 0) 0x7f29d401a8c0 con 0x7f29e010f040
2024-04-25T18:50:29.832 INFO:teuthology.orchestra.run.smithi029.stdout:/usr/bin/ceph: stderr
2024-04-25T18:50:28.710+0000 7f29de000700 1 -- 172.21.15.29:0/4206185253 <== mon.0 v2:172.21.15.29:3300/0 3 ==== mon_map magic: 0 ==== 205+0+0 (secure 0 0 0) 0x7f29d40248d0 con 0x7f29e010f040
2024-04-25T18:50:29.832 INFO:teuthology.orchestra.run.smithi029.stdout:/usr/bin/ceph: stderr
2024-04-25T18:50:28.710+0000 7f29e8400700 1 -- 172.21.15.29:0/4206185253 --> [v2:172.21.15.29:3300/0,v1:172.21.15.29:6789/0] -- mon_subscribe({mgrmap=0+}) -- 0x7f29e01a3230 con 0x7f29e010f040
2024-04-25T18:50:29.832 INFO:teuthology.orchestra.run.smithi029.stdout:/usr/bin/ceph: stderr
2024-04-25T18:50:28.710+0000 7f29e8400700 1 -- 172.21.15.29:0/4206185253 --> [v2:172.21.15.29:3300/0,v1:172.21.15.29:6789/0] -- mon_subscribe({osdmap=0}) -- 0x7f29e01a5f20 con 0x7f29e010f040
2024-04-25T18:50:29.832 INFO:teuthology.orchestra.run.smithi029.stdout:/usr/bin/ceph: stderr
2024-04-25T18:50:28.711+0000 7f29de000700 1 -- 172.21.15.29:0/4206185253 <== mon.0 v2:172.21.15.29:3300/0 4 ==== mgrmap(e 4) ==== 46547+0+0 (secure 0 0 0) 0x7f29d4022020 con 0x7f29e010f040
2024-04-25T18:50:29.832 INFO:teuthology.orchestra.run.smithi029.stdout:/usr/bin/ceph: stderr
2024-04-25T18:50:28.711+0000 7f29e8400700 1 -- 172.21.15.29:0/4206185253 --> [v2:172.21.15.29:3300/0,v1:172.21.15.29:6789/0] -- mon_command({"prefix": "get_command_descriptions"} v 0) -- 0x7f29e0113170 con 0x7f29e010f040
2024-04-25T18:50:29.834 INFO:teuthology.orchestra.run.smithi029.stdout:/usr/bin/ceph: stderr
2024-04-25T18:50:28.711+0000 7f29de000700 1 --2- 172.21.15.29:0/4206185253 >> [v2:172.21.15.29:6800/4188536695,v1:172.21.15.29:6801/4188536695] conn(0x7f29c80395b0 0x7f29c803ba70 unknown :-1 s=NONE pgs=0 cs=0 l=1 rev1=0 crypto rx=0 tx=0 comp rx=0 tx=0).connect
2024-04-25T18:50:29.835 INFO:teuthology.orchestra.run.smithi029.stdout:/usr/bin/ceph: stderr
2024-04-25T18:50:28.712+0000 7f29de000700 1 -- 172.21.15.29:0/4206185253 <== mon.0 v2:172.21.15.29:3300/0 5 ==== osd_map(1..1 src has 1..1) ==== 725+0+0 (secure 0 0 0) 0x7f29d404d490 con 0x7f29e010f040
2024-04-25T18:50:29.835 INFO:teuthology.orchestra.run.smithi029.stdout:/usr/bin/ceph: stderr
2024-04-25T18:50:28.712+0000 7f29e5000700 1 --2- 172.21.15.29:0/4206185253 >> [v2:172.21.15.29:6800/4188536695,v1:172.21.15.29:6801/4188536695] conn(0x7f29c80395b0 0x7f29c803ba70 unknown :-1 s=BANNER_CONNECTING pgs=0 cs=0 l=1 rev1=0 crypto rx=0 tx=0 comp rx=0 tx=0)._handle_peer_banner_payload supported=3 required=0
2024-04-25T18:50:29.835 INFO:teuthology.orchestra.run.smithi029.stdout:/usr/bin/ceph: stderr
2024-04-25T18:50:28.713+0000 7f29e5000700 1 --2- 172.21.15.29:0/4206185253 >> [v2:172.21.15.29:6800/4188536695,v1:172.21.15.29:6801/4188536695] conn(0x7f29c80395b0 0x7f29c803ba70 secure :-1 s=READY pgs=6 cs=0 l=1 rev1=1 crypto rx=0x7f29cc006fd0 tx=0x7f29cc006e40 comp rx=0 tx=0).ready entity=mgr.14100 client_cookie=0 server_cookie=0 in_seq=0 out_seq=0
2024-04-25T18:50:29.835 INFO:teuthology.orchestra.run.smithi029.stdout:/usr/bin/ceph: stderr
2024-04-25T18:50:28.718+0000 7f29de000700 1 -- 172.21.15.29:0/4206185253 <== mon.0 v2:172.21.15.29:3300/0 6 ==== mon_command_ack([{"prefix": "get_command_descriptions"}]=0 v0) ==== 72+0+188370 (secure 0 0 0) 0x7f29d401ab20 con 0x7f29e010f040
2024-04-25T18:50:29.835 INFO:teuthology.orchestra.run.smithi029.stdout:/usr/bin/ceph: stderr
2024-04-25T18:50:29.032+0000 7f29e8400700 1 -- 172.21.15.29:0/4206185253 --> [v2:172.21.15.29:3300/0,v1:172.21.15.29:6789/0] -- mon_command({"prefix": "status", "format": "json-pretty"} v 0) -- 0x7f29e00640a0 con 0x7f29e010f040
2024-04-25T18:50:29.835 INFO:teuthology.orchestra.run.smithi029.stdout:/usr/bin/ceph: stderr
2024-04-25T18:50:29.033+0000 7f29de000700 1 -- 172.21.15.29:0/4206185253 <== mon.0 v2:172.21.15.29:3300/0 7 ==== mon_command_ack([{"prefix": "status", "format": "json-pretty"}]=0 v0) ==== 79+0+1239 (secure 0 0 0) 0x7f29d404d1f0 con 0x7f29e010f040
2024-04-25T18:50:29.835 INFO:teuthology.orchestra.run.smithi029.stdout:/usr/bin/ceph: stderr
2024-04-25T18:50:29.036+0000 7f29e8400700 1 -- 172.21.15.29:0/4206185253 >> [v2:172.21.15.29:6800/4188536695,v1:172.21.15.29:6801/4188536695] conn(0x7f29c80395b0 msgr2=0x7f29c803ba70 secure :-1 s=STATE_CONNECTION_ESTABLISHED l=1).mark_down
2024-04-25T18:50:29.835 INFO:teuthology.orchestra.run.smithi029.stdout:/usr/bin/ceph: stderr
2024-04-25T18:50:29.036+0000 7f29e8400700 1 --2- 172.21.15.29:0/4206185253 >> [v2:172.21.15.29:6800/4188536695,v1:172.21.15.29:6801/4188536695] conn(0x7f29c80395b0 0x7f29c803ba70 secure :-1 s=READY pgs=6 cs=0 l=1 rev1=1 crypto rx=0x7f29cc006fd0 tx=0x7f29cc006e40 comp rx=0 tx=0).stop
2024-04-25T18:50:29.835 INFO:teuthology.orchestra.run.smithi029.stdout:/usr/bin/ceph: stderr
2024-04-25T18:50:29.036+0000 7f29e8400700 1 -- 172.21.15.29:0/4206185253 >> [v2:172.21.15.29:3300/0,v1:172.21.15.29:6789/0] conn(0x7f29e010f040 msgr2=0x7f29e01a2a60 secure :-1 s=STATE_CONNECTION_ESTABLISHED l=1).mark_down
2024-04-25T18:50:29.835 INFO:teuthology.orchestra.run.smithi029.stdout:/usr/bin/ceph: stderr
2024-04-25T18:50:29.036+0000 7f29e8400700 1 --2- 172.21.15.29:0/4206185253 >> [v2:172.21.15.29:3300/0,v1:172.21.15.29:6789/0] conn(0x7f29e010f040 0x7f29e01a2a60 secure :-1 s=READY pgs=19 cs=0 l=1 rev1=1 crypto rx=0x7f29d4011ac0 tx=0x7f29d4011ba0 comp rx=0 tx=0).stop
2024-04-25T18:50:29.836 INFO:teuthology.orchestra.run.smithi029.stdout:/usr/bin/ceph: stderr
2024-04-25T18:50:29.036+0000 7f29e8400700 1 -- 172.21.15.29:0/4206185253 shutdown_connections
2024-04-25T18:50:29.836 INFO:teuthology.orchestra.run.smithi029.stdout:/usr/bin/ceph: stderr
2024-04-25T18:50:29.036+0000 7f29e8400700 1 --2- 172.21.15.29:0/4206185253 >> [v2:172.21.15.29:6800/4188536695,v1:172.21.15.29:6801/4188536695] conn(0x7f29c80395b0 0x7f29c803ba70 unknown :-1 s=CLOSED pgs=6 cs=0 l=1 rev1=1 crypto rx=0 tx=0 comp rx=0 tx=0).stop
2024-04-25T18:50:29.836 INFO:teuthology.orchestra.run.smithi029.stdout:/usr/bin/ceph: stderr
2024-04-25T18:50:29.036+0000 7f29e8400700 1 --2- 172.21.15.29:0/4206185253 >> [v2:172.21.15.29:3300/0,v1:172.21.15.29:6789/0] conn(0x7f29e010f040 0x7f29e01a2a60 unknown :-1 s=CLOSED pgs=19 cs=0 l=1 rev1=1 crypto rx=0 tx=0 comp rx=0 tx=0).stop
2024-04-25T18:50:29.836 INFO:teuthology.orchestra.run.smithi029.stdout:/usr/bin/ceph: stderr
2024-04-25T18:50:29.036+0000 7f29e8400700 1 -- 172.21.15.29:0/4206185253 >> 172.21.15.29:0/4206185253 conn(0x7f29e007ddf0 msgr2=0x7f29e007f8a0 unknown :-1 s=STATE_NONE l=0).mark_down
2024-04-25T18:50:29.836 INFO:teuthology.orchestra.run.smithi029.stdout:/usr/bin/ceph: stderr
2024-04-25T18:50:29.037+0000 7f29e8400700 1 -- 172.21.15.29:0/4206185253 shutdown_connections
2024-04-25T18:50:29.836 INFO:teuthology.orchestra.run.smithi029.stdout:/usr/bin/ceph: stderr
2024-04-25T18:50:29.037+0000 7f29e8400700 1 -- 172.21.15.29:0/4206185253 wait complete.
2024-04-25T18:50:29.836 INFO:teuthology.orchestra.run.smithi029.stdout:mgr is available
2024-04-25T18:50:31.249 INFO:journalctl@ceph.mon.a.smithi029.stdout:Apr 25 18:50:30 smithi029 ceph-mon[28033]: from='client.? 172.21.15.29:0/1204124784' entity='client.admin' cmd=[{"prefix": "config assimilate-conf"}]: dispatch
2024-04-25T18:50:31.569 INFO:teuthology.orchestra.run.smithi029.stdout:/usr/bin/ceph: stdout
2024-04-25T18:50:31.570 INFO:teuthology.orchestra.run.smithi029.stdout:/usr/bin/ceph: stdout [global]
2024-04-25T18:50:31.570 INFO:teuthology.orchestra.run.smithi029.stdout:/usr/bin/ceph: stdout fsid = 3164e61a-0334-11ef-bc93-c7b262605968
2024-04-25T18:50:31.571 INFO:teuthology.orchestra.run.smithi029.stdout:/usr/bin/ceph: stdout mon_cluster_log_file_level = debug
2024-04-25T18:50:31.571 INFO:teuthology.orchestra.run.smithi029.stdout:/usr/bin/ceph: stdout mon_osd_allow_pg_remap = true
2024-04-25T18:50:31.571 INFO:teuthology.orchestra.run.smithi029.stdout:/usr/bin/ceph: stdout mon_osd_allow_primary_affinity = true
2024-04-25T18:50:31.571 INFO:teuthology.orchestra.run.smithi029.stdout:/usr/bin/ceph: stdout mon_warn_on_no_sortbitwise = false
2024-04-25T18:50:31.571 INFO:teuthology.orchestra.run.smithi029.stdout:/usr/bin/ceph: stdout osd_crush_chooseleaf_type = 0
2024-04-25T18:50:31.571 INFO:teuthology.orchestra.run.smithi029.stdout:/usr/bin/ceph: stdout
2024-04-25T18:50:31.571 INFO:teuthology.orchestra.run.smithi029.stdout:/usr/bin/ceph: stdout [mgr]
2024-04-25T18:50:31.571 INFO:teuthology.orchestra.run.smithi029.stdout:/usr/bin/ceph: stdout mgr/telemetry/nag = false
2024-04-25T18:50:31.573 INFO:teuthology.orchestra.run.smithi029.stdout:/usr/bin/ceph: stdout
2024-04-25T18:50:31.573 INFO:teuthology.orchestra.run.smithi029.stdout:/usr/bin/ceph: stdout [osd]
2024-04-25T18:50:31.573 INFO:teuthology.orchestra.run.smithi029.stdout:/usr/bin/ceph: stdout bdev_async_discard = True
2024-04-25T18:50:31.573 INFO:teuthology.orchestra.run.smithi029.stdout:/usr/bin/ceph: stdout mon_osd_backfillfull_ratio = 0.85
2024-04-25T18:50:31.573 INFO:teuthology.orchestra.run.smithi029.stdout:/usr/bin/ceph: stdout mon_osd_full_ratio = 0.9
2024-04-25T18:50:31.573 INFO:teuthology.orchestra.run.smithi029.stdout:/usr/bin/ceph: stdout mon_osd_nearfull_ratio = 0.8
2024-04-25T18:50:31.573 INFO:teuthology.orchestra.run.smithi029.stdout:/usr/bin/ceph: stdout osd_map_max_advance = 10
2024-04-25T18:50:31.573 INFO:teuthology.orchestra.run.smithi029.stdout:/usr/bin/ceph: stdout osd_sloppy_crc = true
2024-04-25T18:50:31.573 INFO:teuthology.orchestra.run.smithi029.stdout:/usr/bin/ceph: stderr
2024-04-25T18:50:30.529+0000 7f7ebd200700 1 Processor -- start
2024-04-25T18:50:31.573 INFO:teuthology.orchestra.run.smithi029.stdout:/usr/bin/ceph: stderr
2024-04-25T18:50:30.530+0000 7f7ebd200700 1 -- start start
2024-04-25T18:50:31.575 INFO:teuthology.orchestra.run.smithi029.stdout:/usr/bin/ceph: stderr
2024-04-25T18:50:30.530+0000 7f7ebd200700 1 --2- >> [v2:172.21.15.29:3300/0,v1:172.21.15.29:6789/0] conn(0x7f7eb81085b0 0x7f7eb81089d0 unknown :-1 s=NONE pgs=0 cs=0 l=0 rev1=0 crypto rx=0 tx=0 comp rx=0 tx=0).connect
2024-04-25T18:50:31.576 INFO:teuthology.orchestra.run.smithi029.stdout:/usr/bin/ceph: stderr
2024-04-25T18:50:30.530+0000 7f7ebd200700 1 -- --> [v2:172.21.15.29:3300/0,v1:172.21.15.29:6789/0] -- mon_getmap magic: 0 -- 0x7f7eb8108fa0 con 0x7f7eb81085b0
2024-04-25T18:50:31.576 INFO:teuthology.orchestra.run.smithi029.stdout:/usr/bin/ceph: stderr
2024-04-25T18:50:30.530+0000 7f7eb5e00700 1 --2- >> [v2:172.21.15.29:3300/0,v1:172.21.15.29:6789/0] conn(0x7f7eb81085b0 0x7f7eb81089d0 unknown :-1 s=BANNER_CONNECTING pgs=0 cs=0 l=0 rev1=0 crypto rx=0 tx=0 comp rx=0 tx=0)._handle_peer_banner_payload supported=3 required=0
2024-04-25T18:50:31.576 INFO:teuthology.orchestra.run.smithi029.stdout:/usr/bin/ceph: stderr
2024-04-25T18:50:30.530+0000 7f7eb5e00700 1 --2- >> [v2:172.21.15.29:3300/0,v1:172.21.15.29:6789/0] conn(0x7f7eb81085b0 0x7f7eb81089d0 unknown :-1 s=HELLO_CONNECTING pgs=0 cs=0 l=0 rev1=1 crypto rx=0 tx=0 comp rx=0 tx=0).handle_hello peer v2:172.21.15.29:3300/0 says I am v2:172.21.15.29:39326/0 (socket says 172.21.15.29:39326)
2024-04-25T18:50:31.576 INFO:teuthology.orchestra.run.smithi029.stdout:/usr/bin/ceph: stderr
2024-04-25T18:50:30.531+0000 7f7eb5e00700 1 -- 172.21.15.29:0/2996027782 learned_addr learned my addr 172.21.15.29:0/2996027782 (peer_addr_for_me v2:172.21.15.29:0/0)
2024-04-25T18:50:31.576 INFO:teuthology.orchestra.run.smithi029.stdout:/usr/bin/ceph: stderr
2024-04-25T18:50:30.531+0000 7f7eb5e00700 1 -- 172.21.15.29:0/2996027782 --> [v2:172.21.15.29:3300/0,v1:172.21.15.29:6789/0] -- mon_subscribe({config=0+,monmap=0+}) -- 0x7f7eb81097b0 con 0x7f7eb81085b0
2024-04-25T18:50:31.576 INFO:teuthology.orchestra.run.smithi029.stdout:/usr/bin/ceph: stderr
2024-04-25T18:50:30.531+0000 7f7eb5e00700 1 --2- 172.21.15.29:0/2996027782 >> [v2:172.21.15.29:3300/0,v1:172.21.15.29:6789/0] conn(0x7f7eb81085b0 0x7f7eb81089d0 secure :-1 s=READY pgs=20 cs=0 l=1 rev1=1 crypto rx=0x7f7ea80098a0 tx=0x7f7ea8009bb0 comp rx=0 tx=0).ready entity=mon.0 client_cookie=d2a7b8cc380f792f server_cookie=0 in_seq=0 out_seq=0
2024-04-25T18:50:31.576 INFO:teuthology.orchestra.run.smithi029.stdout:/usr/bin/ceph: stderr
2024-04-25T18:50:30.532+0000 7f7eb5400700 1 -- 172.21.15.29:0/2996027782 <== mon.0 v2:172.21.15.29:3300/0 1 ==== mon_map magic: 0 ==== 205+0+0 (secure 0 0 0) 0x7f7ea8004160 con 0x7f7eb81085b0
2024-04-25T18:50:31.576 INFO:teuthology.orchestra.run.smithi029.stdout:/usr/bin/ceph: stderr
2024-04-25T18:50:30.532+0000 7f7eb5400700 1 -- 172.21.15.29:0/2996027782 <== mon.0 v2:172.21.15.29:3300/0 2 ==== config(26 keys) ==== 1070+0+0 (secure 0 0 0) 0x7f7ea8004300 con 0x7f7eb81085b0
2024-04-25T18:50:31.576 INFO:teuthology.orchestra.run.smithi029.stdout:/usr/bin/ceph: stderr
2024-04-25T18:50:30.532+0000 7f7eb5400700 1 -- 172.21.15.29:0/2996027782 <== mon.0 v2:172.21.15.29:3300/0 3 ==== mon_map magic: 0 ==== 205+0+0 (secure 0 0 0) 0x7f7ea8011af0 con 0x7f7eb81085b0
2024-04-25T18:50:31.576 INFO:teuthology.orchestra.run.smithi029.stdout:/usr/bin/ceph: stderr
2024-04-25T18:50:30.532+0000 7f7ebd200700 1 -- 172.21.15.29:0/2996027782 >> [v2:172.21.15.29:3300/0,v1:172.21.15.29:6789/0] conn(0x7f7eb81085b0 msgr2=0x7f7eb81089d0 secure :-1 s=STATE_CONNECTION_ESTABLISHED l=1).mark_down
2024-04-25T18:50:31.576 INFO:teuthology.orchestra.run.smithi029.stdout:/usr/bin/ceph: stderr
2024-04-25T18:50:30.532+0000 7f7ebd200700 1 --2- 172.21.15.29:0/2996027782 >> [v2:172.21.15.29:3300/0,v1:172.21.15.29:6789/0] conn(0x7f7eb81085b0 0x7f7eb81089d0 secure :-1 s=READY pgs=20 cs=0 l=1 rev1=1 crypto rx=0x7f7ea80098a0 tx=0x7f7ea8009bb0 comp rx=0 tx=0).stop
2024-04-25T18:50:31.576 INFO:teuthology.orchestra.run.smithi029.stdout:/usr/bin/ceph: stderr
2024-04-25T18:50:30.533+0000 7f7ebd200700 1 -- 172.21.15.29:0/2996027782 shutdown_connections
2024-04-25T18:50:31.576 INFO:teuthology.orchestra.run.smithi029.stdout:/usr/bin/ceph: stderr
2024-04-25T18:50:30.533+0000 7f7ebd200700 1 --2- 172.21.15.29:0/2996027782 >> [v2:172.21.15.29:3300/0,v1:172.21.15.29:6789/0] conn(0x7f7eb81085b0 0x7f7eb81089d0 unknown :-1 s=CLOSED pgs=20 cs=0 l=1 rev1=1 crypto rx=0 tx=0 comp rx=0 tx=0).stop
2024-04-25T18:50:31.577 INFO:teuthology.orchestra.run.smithi029.stdout:/usr/bin/ceph: stderr
2024-04-25T18:50:30.533+0000 7f7ebd200700 1 -- 172.21.15.29:0/2996027782 >> 172.21.15.29:0/2996027782 conn(0x7f7eb8103b90 msgr2=0x7f7eb8105fb0 unknown :-1 s=STATE_NONE l=0).mark_down
2024-04-25T18:50:31.577 INFO:teuthology.orchestra.run.smithi029.stdout:/usr/bin/ceph: stderr
2024-04-25T18:50:30.533+0000 7f7ebd200700 1 -- 172.21.15.29:0/2996027782 shutdown_connections
2024-04-25T18:50:31.577 INFO:teuthology.orchestra.run.smithi029.stdout:/usr/bin/ceph: stderr
2024-04-25T18:50:30.533+0000 7f7ebd200700 1 -- 172.21.15.29:0/2996027782 wait complete.
2024-04-25T18:50:31.577 INFO:teuthology.orchestra.run.smithi029.stdout:/usr/bin/ceph: stderr
2024-04-25T18:50:30.534+0000 7f7ebd200700 1 Processor -- start
2024-04-25T18:50:31.580 INFO:teuthology.orchestra.run.smithi029.stdout:/usr/bin/ceph: stderr
2024-04-25T18:50:30.534+0000 7f7ebd200700 1 -- start start
2024-04-25T18:50:31.580 INFO:teuthology.orchestra.run.smithi029.stdout:/usr/bin/ceph: stderr
2024-04-25T18:50:30.535+0000 7f7ebd200700 1 --2- >> [v2:172.21.15.29:3300/0,v1:172.21.15.29:6789/0] conn(0x7f7eb81085b0 0x7f7eb819c480 unknown :-1 s=NONE pgs=0 cs=0 l=1 rev1=0 crypto rx=0 tx=0 comp rx=0 tx=0).connect
2024-04-25T18:50:31.580 INFO:teuthology.orchestra.run.smithi029.stdout:/usr/bin/ceph: stderr
2024-04-25T18:50:30.535+0000 7f7ebd200700 1 -- --> [v2:172.21.15.29:3300/0,v1:172.21.15.29:6789/0] -- mon_getmap magic: 0 -- 0x7f7eb810c9e0 con 0x7f7eb81085b0
2024-04-25T18:50:31.580 INFO:teuthology.orchestra.run.smithi029.stdout:/usr/bin/ceph: stderr
2024-04-25T18:50:30.535+0000 7f7eb5e00700 1 --2- >> [v2:172.21.15.29:3300/0,v1:172.21.15.29:6789/0] conn(0x7f7eb81085b0 0x7f7eb819c480 unknown :-1 s=BANNER_CONNECTING pgs=0 cs=0 l=1 rev1=0 crypto rx=0 tx=0 comp rx=0 tx=0)._handle_peer_banner_payload supported=3 required=0
2024-04-25T18:50:31.580 INFO:teuthology.orchestra.run.smithi029.stdout:/usr/bin/ceph: stderr
2024-04-25T18:50:30.535+0000 7f7eb5e00700 1 --2- >> [v2:172.21.15.29:3300/0,v1:172.21.15.29:6789/0] conn(0x7f7eb81085b0 0x7f7eb819c480 unknown :-1 s=HELLO_CONNECTING pgs=0 cs=0 l=1 rev1=1 crypto rx=0 tx=0 comp rx=0 tx=0).handle_hello peer v2:172.21.15.29:3300/0 says I am v2:172.21.15.29:39332/0 (socket says 172.21.15.29:39332)
2024-04-25T18:50:31.580 INFO:teuthology.orchestra.run.smithi029.stdout:/usr/bin/ceph: stderr
2024-04-25T18:50:30.535+0000 7f7eb5e00700 1 -- 172.21.15.29:0/1204124784 learned_addr learned my addr 172.21.15.29:0/1204124784 (peer_addr_for_me v2:172.21.15.29:0/0)
2024-04-25T18:50:31.580 INFO:teuthology.orchestra.run.smithi029.stdout:/usr/bin/ceph: stderr
2024-04-25T18:50:30.535+0000 7f7eb5e00700 1 -- 172.21.15.29:0/1204124784 --> [v2:172.21.15.29:3300/0,v1:172.21.15.29:6789/0] -- mon_subscribe({config=0+,monmap=0+}) -- 0x7f7eb819c9c0 con 0x7f7eb81085b0
2024-04-25T18:50:31.580 INFO:teuthology.orchestra.run.smithi029.stdout:/usr/bin/ceph: stderr
2024-04-25T18:50:30.536+0000 7f7eb5e00700 1 --2- 172.21.15.29:0/1204124784 >> [v2:172.21.15.29:3300/0,v1:172.21.15.29:6789/0] conn(0x7f7eb81085b0 0x7f7eb819c480 secure :-1 s=READY pgs=21 cs=0 l=1 rev1=1 crypto rx=0x7f7ea8000c00 tx=0x7f7ea8011b70 comp rx=0 tx=0).ready entity=mon.0 client_cookie=0 server_cookie=0 in_seq=0 out_seq=0
2024-04-25T18:50:31.580 INFO:teuthology.orchestra.run.smithi029.stdout:/usr/bin/ceph: stderr
2024-04-25T18:50:30.536+0000 7f7eaf400700 1 -- 172.21.15.29:0/1204124784 <== mon.0 v2:172.21.15.29:3300/0 1 ==== mon_map magic: 0 ==== 205+0+0 (secure 0 0 0) 0x7f7ea8003b20 con 0x7f7eb81085b0
2024-04-25T18:50:31.580 INFO:teuthology.orchestra.run.smithi029.stdout:/usr/bin/ceph: stderr
2024-04-25T18:50:30.536+0000 7f7eaf400700 1 -- 172.21.15.29:0/1204124784 <== mon.0 v2:172.21.15.29:3300/0 2 ==== config(26 keys) ==== 1070+0+0 (secure 0 0 0) 0x7f7ea801a8c0 con 0x7f7eb81085b0
2024-04-25T18:50:31.580 INFO:teuthology.orchestra.run.smithi029.stdout:/usr/bin/ceph: stderr
2024-04-25T18:50:30.536+0000 7f7eaf400700 1 -- 172.21.15.29:0/1204124784 <== mon.0 v2:172.21.15.29:3300/0 3 ==== mon_map magic: 0 ==== 205+0+0 (secure 0 0 0) 0x7f7ea8024940 con 0x7f7eb81085b0
2024-04-25T18:50:31.581 INFO:teuthology.orchestra.run.smithi029.stdout:/usr/bin/ceph: stderr
2024-04-25T18:50:30.536+0000 7f7ebd200700 1 -- 172.21.15.29:0/1204124784 --> [v2:172.21.15.29:3300/0,v1:172.21.15.29:6789/0] -- mon_subscribe({mgrmap=0+}) -- 0x7f7eb819cc50 con 0x7f7eb81085b0
2024-04-25T18:50:31.581 INFO:teuthology.orchestra.run.smithi029.stdout:/usr/bin/ceph: stderr
2024-04-25T18:50:30.536+0000 7f7ebd200700 1 -- 172.21.15.29:0/1204124784 --> [v2:172.21.15.29:3300/0,v1:172.21.15.29:6789/0] -- mon_subscribe({osdmap=0}) -- 0x7f7eb819f940 con 0x7f7eb81085b0
2024-04-25T18:50:31.581 INFO:teuthology.orchestra.run.smithi029.stdout:/usr/bin/ceph: stderr
2024-04-25T18:50:30.537+0000 7f7ebd200700 1 -- 172.21.15.29:0/1204124784 --> [v2:172.21.15.29:3300/0,v1:172.21.15.29:6789/0] -- mon_command({"prefix": "get_command_descriptions"} v 0) -- 0x7f7eb810cb60 con 0x7f7eb81085b0
2024-04-25T18:50:31.581 INFO:teuthology.orchestra.run.smithi029.stdout:/usr/bin/ceph: stderr
2024-04-25T18:50:30.538+0000 7f7eaf400700 1 -- 172.21.15.29:0/1204124784 <== mon.0 v2:172.21.15.29:3300/0 4 ==== mgrmap(e 4) ==== 46547+0+0 (secure 0 0 0) 0x7f7ea8022020 con 0x7f7eb81085b0
2024-04-25T18:50:31.581 INFO:teuthology.orchestra.run.smithi029.stdout:/usr/bin/ceph: stderr
2024-04-25T18:50:30.538+0000 7f7eaf400700 1 --2- 172.21.15.29:0/1204124784 >> [v2:172.21.15.29:6800/4188536695,v1:172.21.15.29:6801/4188536695] conn(0x7f7e9c039600 0x7f7e9c03bac0 unknown :-1 s=NONE pgs=0 cs=0 l=1 rev1=0 crypto rx=0 tx=0 comp rx=0 tx=0).connect
2024-04-25T18:50:31.581 INFO:teuthology.orchestra.run.smithi029.stdout:/usr/bin/ceph: stderr
2024-04-25T18:50:30.538+0000 7f7eaf400700 1 -- 172.21.15.29:0/1204124784 <== mon.0 v2:172.21.15.29:3300/0 5 ==== osd_map(1..1 src has 1..1) ==== 725+0+0 (secure 0 0 0) 0x7f7ea804d490 con 0x7f7eb81085b0
2024-04-25T18:50:31.581 INFO:teuthology.orchestra.run.smithi029.stdout:/usr/bin/ceph: stderr
2024-04-25T18:50:30.539+0000 7f7ead400700 1 --2- 172.21.15.29:0/1204124784 >> [v2:172.21.15.29:6800/4188536695,v1:172.21.15.29:6801/4188536695] conn(0x7f7e9c039600 0x7f7e9c03bac0 unknown :-1 s=BANNER_CONNECTING pgs=0 cs=0 l=1 rev1=0 crypto rx=0 tx=0 comp rx=0 tx=0)._handle_peer_banner_payload supported=3 required=0
2024-04-25T18:50:31.581 INFO:teuthology.orchestra.run.smithi029.stdout:/usr/bin/ceph: stderr
2024-04-25T18:50:30.540+0000 7f7ead400700 1 --2- 172.21.15.29:0/1204124784 >> [v2:172.21.15.29:6800/4188536695,v1:172.21.15.29:6801/4188536695] conn(0x7f7e9c039600 0x7f7e9c03bac0 secure :-1 s=READY pgs=7 cs=0 l=1 rev1=1 crypto rx=0x7f7ea0006fd0 tx=0x7f7ea0006e40 comp rx=0 tx=0).ready entity=mgr.14100 client_cookie=0 server_cookie=0 in_seq=0 out_seq=0
2024-04-25T18:50:31.581 INFO:teuthology.orchestra.run.smithi029.stdout:/usr/bin/ceph: stderr
2024-04-25T18:50:30.544+0000 7f7eaf400700 1 -- 172.21.15.29:0/1204124784 <== mon.0 v2:172.21.15.29:3300/0 6 ==== mon_command_ack([{"prefix": "get_command_descriptions"}]=0 v0) ==== 72+0+188370 (secure 0 0 0) 0x7f7ea802ad60 con 0x7f7eb81085b0
2024-04-25T18:50:31.581 INFO:teuthology.orchestra.run.smithi029.stdout:/usr/bin/ceph: stderr
2024-04-25T18:50:30.776+0000 7f7ebd200700 1 -- 172.21.15.29:0/1204124784 --> [v2:172.21.15.29:3300/0,v1:172.21.15.29:6789/0] -- mon_command({"prefix": "config assimilate-conf"} v 0) -- 0x7f7eb80640a0 con 0x7f7eb81085b0
2024-04-25T18:50:31.581 INFO:teuthology.orchestra.run.smithi029.stdout:/usr/bin/ceph: stderr
2024-04-25T18:50:30.778+0000 7f7eaf400700 1 -- 172.21.15.29:0/1204124784 <== mon.0 v2:172.21.15.29:3300/0 7 ==== mon_command_ack([{"prefix": "config assimilate-conf"}]=0 v3) ==== 70+0+436 (secure 0 0 0) 0x7f7ea801aa70 con 0x7f7eb81085b0
2024-04-25T18:50:31.581 INFO:teuthology.orchestra.run.smithi029.stdout:/usr/bin/ceph: stderr
2024-04-25T18:50:30.781+0000 7f7ebd200700 1 -- 172.21.15.29:0/1204124784 >> [v2:172.21.15.29:6800/4188536695,v1:172.21.15.29:6801/4188536695] conn(0x7f7e9c039600 msgr2=0x7f7e9c03bac0 secure :-1 s=STATE_CONNECTION_ESTABLISHED l=1).mark_down
2024-04-25T18:50:31.581 INFO:teuthology.orchestra.run.smithi029.stdout:/usr/bin/ceph: stderr
2024-04-25T18:50:30.781+0000 7f7ebd200700 1 --2- 172.21.15.29:0/1204124784 >> [v2:172.21.15.29:6800/4188536695,v1:172.21.15.29:6801/4188536695] conn(0x7f7e9c039600 0x7f7e9c03bac0 secure :-1 s=READY pgs=7 cs=0 l=1 rev1=1 crypto rx=0x7f7ea0006fd0 tx=0x7f7ea0006e40 comp rx=0 tx=0).stop
2024-04-25T18:50:31.581 INFO:teuthology.orchestra.run.smithi029.stdout:/usr/bin/ceph: stderr
2024-04-25T18:50:30.781+0000 7f7ebd200700 1 -- 172.21.15.29:0/1204124784 >> [v2:172.21.15.29:3300/0,v1:172.21.15.29:6789/0] conn(0x7f7eb81085b0 msgr2=0x7f7eb819c480 secure :-1 s=STATE_CONNECTION_ESTABLISHED l=1).mark_down
2024-04-25T18:50:31.582 INFO:teuthology.orchestra.run.smithi029.stdout:/usr/bin/ceph: stderr
2024-04-25T18:50:30.781+0000 7f7ebd200700 1 --2- 172.21.15.29:0/1204124784 >> [v2:172.21.15.29:3300/0,v1:172.21.15.29:6789/0] conn(0x7f7eb81085b0 0x7f7eb819c480 secure :-1 s=READY pgs=21 cs=0 l=1 rev1=1 crypto rx=0x7f7ea8000c00 tx=0x7f7ea8011b70 comp rx=0 tx=0).stop
2024-04-25T18:50:31.582 INFO:teuthology.orchestra.run.smithi029.stdout:/usr/bin/ceph: stderr
2024-04-25T18:50:30.781+0000 7f7ebd200700 1 -- 172.21.15.29:0/1204124784 shutdown_connections
2024-04-25T18:50:31.583 INFO:teuthology.orchestra.run.smithi029.stdout:/usr/bin/ceph: stderr
2024-04-25T18:50:30.781+0000 7f7ebd200700 1 --2- 172.21.15.29:0/1204124784 >> [v2:172.21.15.29:6800/4188536695,v1:172.21.15.29:6801/4188536695] conn(0x7f7e9c039600 0x7f7e9c03bac0 unknown :-1 s=CLOSED pgs=7 cs=0 l=1 rev1=1 crypto rx=0 tx=0 comp rx=0 tx=0).stop
2024-04-25T18:50:31.583 INFO:teuthology.orchestra.run.smithi029.stdout:/usr/bin/ceph: stderr
2024-04-25T18:50:30.781+0000 7f7ebd200700 1 --2- 172.21.15.29:0/1204124784 >> [v2:172.21.15.29:3300/0,v1:172.21.15.29:6789/0] conn(0x7f7eb81085b0 0x7f7eb819c480 unknown :-1 s=CLOSED pgs=21 cs=0 l=1 rev1=1 crypto rx=0 tx=0 comp rx=0 tx=0).stop
2024-04-25T18:50:31.583 INFO:teuthology.orchestra.run.smithi029.stdout:/usr/bin/ceph: stderr
2024-04-25T18:50:30.781+0000 7f7ebd200700 1 -- 172.21.15.29:0/1204124784 >> 172.21.15.29:0/1204124784 conn(0x7f7eb8103b90 msgr2=0x7f7eb81046a0 unknown :-1 s=STATE_NONE l=0).mark_down
2024-04-25T18:50:31.583 INFO:teuthology.orchestra.run.smithi029.stdout:/usr/bin/ceph: stderr
2024-04-25T18:50:30.781+0000 7f7ebd200700 1 -- 172.21.15.29:0/1204124784 shutdown_connections
2024-04-25T18:50:31.583 INFO:teuthology.orchestra.run.smithi029.stdout:/usr/bin/ceph: stderr
2024-04-25T18:50:30.781+0000 7f7ebd200700 1 -- 172.21.15.29:0/1204124784 wait complete.
2024-04-25T18:50:31.583 INFO:teuthology.orchestra.run.smithi029.stdout:Enabling cephadm module...
2024-04-25T18:50:32.877 INFO:journalctl@ceph.mon.a.smithi029.stdout:Apr 25 18:50:32 smithi029 ceph-mon[28033]: from='client.? 172.21.15.29:0/2555343514' entity='client.admin' cmd=[{"prefix": "mgr module enable", "module": "cephadm"}]: dispatch
2024-04-25T18:50:32.877 INFO:journalctl@ceph.mgr.x.smithi029.stdout:Apr 25 18:50:32 smithi029 ceph-3164e61a-0334-11ef-bc93-c7b262605968-mgr-x[28260]: ignoring --setuser ceph since I am not root
2024-04-25T18:50:32.877 INFO:journalctl@ceph.mgr.x.smithi029.stdout:Apr 25 18:50:32 smithi029 ceph-3164e61a-0334-11ef-bc93-c7b262605968-mgr-x[28260]: ignoring --setgroup ceph since I am not root
2024-04-25T18:50:32.877 INFO:journalctl@ceph.mgr.x.smithi029.stdout:Apr 25 18:50:32 smithi029 ceph-3164e61a-0334-11ef-bc93-c7b262605968-mgr-x[28260]:
2024-04-25T18:50:32.875+0000 7face2f41200 -1 mgr[py] Module balancer has missing NOTIFY_TYPES member
2024-04-25T18:50:33.257 INFO:journalctl@ceph.mgr.x.smithi029.stdout:Apr 25 18:50:33 smithi029 ceph-3164e61a-0334-11ef-bc93-c7b262605968-mgr-x[28260]:
2024-04-25T18:50:33.121+0000 7face2f41200 -1 mgr[py] Module orchestrator has missing NOTIFY_TYPES member
2024-04-25T18:50:33.257 INFO:journalctl@ceph.mgr.x.smithi029.stdout:Apr 25 18:50:33 smithi029 ceph-3164e61a-0334-11ef-bc93-c7b262605968-mgr-x[28260]:
2024-04-25T18:50:33.255+0000 7face2f41200 -1 mgr[py] Module snap_schedule has missing NOTIFY_TYPES member
2024-04-25T18:50:33.378 INFO:teuthology.orchestra.run.smithi029.stdout:/usr/bin/ceph: stderr
2024-04-25T18:50:32.236+0000 7f904e000700 1 Processor -- start
2024-04-25T18:50:33.378 INFO:teuthology.orchestra.run.smithi029.stdout:/usr/bin/ceph: stderr
2024-04-25T18:50:32.237+0000 7f904e000700 1 -- start start
2024-04-25T18:50:33.378 INFO:teuthology.orchestra.run.smithi029.stdout:/usr/bin/ceph: stderr
2024-04-25T18:50:32.237+0000 7f904e000700 1 --2- >> [v2:172.21.15.29:3300/0,v1:172.21.15.29:6789/0] conn(0x7f9048108400 0x7f9048108820 unknown :-1 s=NONE pgs=0 cs=0 l=0 rev1=0 crypto rx=0 tx=0 comp rx=0 tx=0).connect
2024-04-25T18:50:33.378 INFO:teuthology.orchestra.run.smithi029.stdout:/usr/bin/ceph: stderr
2024-04-25T18:50:32.237+0000 7f904e000700 1 -- --> [v2:172.21.15.29:3300/0,v1:172.21.15.29:6789/0] -- mon_getmap magic: 0 -- 0x7f9048108df0 con 0x7f9048108400
2024-04-25T18:50:33.378 INFO:teuthology.orchestra.run.smithi029.stdout:/usr/bin/ceph: stderr
2024-04-25T18:50:32.238+0000 7f904cc00700 1 --2- >> [v2:172.21.15.29:3300/0,v1:172.21.15.29:6789/0] conn(0x7f9048108400 0x7f9048108820 unknown :-1 s=BANNER_CONNECTING pgs=0 cs=0 l=0 rev1=0 crypto rx=0 tx=0 comp rx=0 tx=0)._handle_peer_banner_payload supported=3 required=0
2024-04-25T18:50:33.378 INFO:teuthology.orchestra.run.smithi029.stdout:/usr/bin/ceph: stderr
2024-04-25T18:50:32.238+0000 7f904cc00700 1 --2- >> [v2:172.21.15.29:3300/0,v1:172.21.15.29:6789/0] conn(0x7f9048108400 0x7f9048108820 unknown :-1 s=HELLO_CONNECTING pgs=0 cs=0 l=0 rev1=1 crypto rx=0 tx=0 comp rx=0 tx=0).handle_hello peer v2:172.21.15.29:3300/0 says I am v2:172.21.15.29:39338/0 (socket says 172.21.15.29:39338)
2024-04-25T18:50:33.378 INFO:teuthology.orchestra.run.smithi029.stdout:/usr/bin/ceph: stderr
2024-04-25T18:50:32.238+0000 7f904cc00700 1 -- 172.21.15.29:0/1659452828 learned_addr learned my addr 172.21.15.29:0/1659452828 (peer_addr_for_me v2:172.21.15.29:0/0)
2024-04-25T18:50:33.378 INFO:teuthology.orchestra.run.smithi029.stdout:/usr/bin/ceph: stderr
2024-04-25T18:50:32.238+0000 7f904cc00700 1 -- 172.21.15.29:0/1659452828 --> [v2:172.21.15.29:3300/0,v1:172.21.15.29:6789/0] -- mon_subscribe({config=0+,monmap=0+}) -- 0x7f90481095b0 con 0x7f9048108400
2024-04-25T18:50:33.378 INFO:teuthology.orchestra.run.smithi029.stdout:/usr/bin/ceph: stderr
2024-04-25T18:50:32.239+0000 7f904cc00700 1 --2- 172.21.15.29:0/1659452828 >> [v2:172.21.15.29:3300/0,v1:172.21.15.29:6789/0] conn(0x7f9048108400 0x7f9048108820 secure :-1 s=READY pgs=22 cs=0 l=1 rev1=1 crypto rx=0x7f90300098a0 tx=0x7f9030009bb0 comp rx=0 tx=0).ready entity=mon.0 client_cookie=35f086e42c8ea62e server_cookie=0 in_seq=0 out_seq=0
2024-04-25T18:50:33.378 INFO:teuthology.orchestra.run.smithi029.stdout:/usr/bin/ceph: stderr
2024-04-25T18:50:32.239+0000 7f9047e00700 1 -- 172.21.15.29:0/1659452828 <== mon.0 v2:172.21.15.29:3300/0 1 ==== mon_map magic: 0 ==== 205+0+0 (secure 0 0 0) 0x7f9030004160 con 0x7f9048108400
2024-04-25T18:50:33.379 INFO:teuthology.orchestra.run.smithi029.stdout:/usr/bin/ceph: stderr
2024-04-25T18:50:32.239+0000 7f9047e00700 1 -- 172.21.15.29:0/1659452828 <== mon.0 v2:172.21.15.29:3300/0 2 ==== config(26 keys) ==== 1070+0+0 (secure 0 0 0) 0x7f9030004300 con 0x7f9048108400
2024-04-25T18:50:33.379 INFO:teuthology.orchestra.run.smithi029.stdout:/usr/bin/ceph: stderr
2024-04-25T18:50:32.239+0000 7f9047e00700 1 -- 172.21.15.29:0/1659452828 <== mon.0 v2:172.21.15.29:3300/0 3 ==== mon_map magic: 0 ==== 205+0+0 (secure 0 0 0) 0x7f9030011af0 con 0x7f9048108400
2024-04-25T18:50:33.379 INFO:teuthology.orchestra.run.smithi029.stdout:/usr/bin/ceph: stderr
2024-04-25T18:50:32.240+0000 7f904e000700 1 -- 172.21.15.29:0/1659452828 >> [v2:172.21.15.29:3300/0,v1:172.21.15.29:6789/0] conn(0x7f9048108400 msgr2=0x7f9048108820 secure :-1 s=STATE_CONNECTION_ESTABLISHED l=1).mark_down
2024-04-25T18:50:33.379 INFO:teuthology.orchestra.run.smithi029.stdout:/usr/bin/ceph: stderr
2024-04-25T18:50:32.240+0000 7f904e000700 1 --2- 172.21.15.29:0/1659452828 >> [v2:172.21.15.29:3300/0,v1:172.21.15.29:6789/0] conn(0x7f9048108400 0x7f9048108820 secure :-1 s=READY pgs=22 cs=0 l=1 rev1=1 crypto rx=0x7f90300098a0 tx=0x7f9030009bb0 comp rx=0 tx=0).stop
2024-04-25T18:50:33.379 INFO:teuthology.orchestra.run.smithi029.stdout:/usr/bin/ceph: stderr
2024-04-25T18:50:32.240+0000 7f904e000700 1 -- 172.21.15.29:0/1659452828 shutdown_connections
2024-04-25T18:50:33.379 INFO:teuthology.orchestra.run.smithi029.stdout:/usr/bin/ceph: stderr
2024-04-25T18:50:32.240+0000 7f904e000700 1 --2- 172.21.15.29:0/1659452828 >> [v2:172.21.15.29:3300/0,v1:172.21.15.29:6789/0] conn(0x7f9048108400 0x7f9048108820 unknown :-1 s=CLOSED pgs=22 cs=0 l=1 rev1=1 crypto rx=0 tx=0 comp rx=0 tx=0).stop
2024-04-25T18:50:33.379 INFO:teuthology.orchestra.run.smithi029.stdout:/usr/bin/ceph: stderr
2024-04-25T18:50:32.240+0000 7f904e000700 1 -- 172.21.15.29:0/1659452828 >> 172.21.15.29:0/1659452828 conn(0x7f90481039e0 msgr2=0x7f9048105e00 unknown :-1 s=STATE_NONE l=0).mark_down
2024-04-25T18:50:33.379 INFO:teuthology.orchestra.run.smithi029.stdout:/usr/bin/ceph: stderr
2024-04-25T18:50:32.240+0000 7f904e000700 1 -- 172.21.15.29:0/1659452828 shutdown_connections
2024-04-25T18:50:33.379 INFO:teuthology.orchestra.run.smithi029.stdout:/usr/bin/ceph: stderr
2024-04-25T18:50:32.240+0000 7f904e000700 1 -- 172.21.15.29:0/1659452828 wait complete.
2024-04-25T18:50:33.379 INFO:teuthology.orchestra.run.smithi029.stdout:/usr/bin/ceph: stderr
2024-04-25T18:50:32.242+0000 7f904e000700 1 Processor -- start
2024-04-25T18:50:33.379 INFO:teuthology.orchestra.run.smithi029.stdout:/usr/bin/ceph: stderr
2024-04-25T18:50:32.242+0000 7f904e000700 1 -- start start
2024-04-25T18:50:33.379 INFO:teuthology.orchestra.run.smithi029.stdout:/usr/bin/ceph: stderr
2024-04-25T18:50:32.242+0000 7f904e000700 1 --2- >> [v2:172.21.15.29:3300/0,v1:172.21.15.29:6789/0] conn(0x7f9048108400 0x7f904819e4c0 unknown :-1 s=NONE pgs=0 cs=0 l=1 rev1=0 crypto rx=0 tx=0 comp rx=0 tx=0).connect
2024-04-25T18:50:33.379 INFO:teuthology.orchestra.run.smithi029.stdout:/usr/bin/ceph: stderr
2024-04-25T18:50:32.242+0000 7f904e000700 1 -- --> [v2:172.21.15.29:3300/0,v1:172.21.15.29:6789/0] -- mon_getmap magic: 0 -- 0x7f904810c7e0 con 0x7f9048108400
2024-04-25T18:50:33.379 INFO:teuthology.orchestra.run.smithi029.stdout:/usr/bin/ceph: stderr
2024-04-25T18:50:32.243+0000 7f904cc00700 1 --2- >> [v2:172.21.15.29:3300/0,v1:172.21.15.29:6789/0] conn(0x7f9048108400 0x7f904819e4c0 unknown :-1 s=BANNER_CONNECTING pgs=0 cs=0 l=1 rev1=0 crypto rx=0 tx=0 comp rx=0 tx=0)._handle_peer_banner_payload supported=3 required=0
2024-04-25T18:50:33.379 INFO:teuthology.orchestra.run.smithi029.stdout:/usr/bin/ceph: stderr
2024-04-25T18:50:32.243+0000 7f904cc00700 1 --2- >> [v2:172.21.15.29:3300/0,v1:172.21.15.29:6789/0] conn(0x7f9048108400 0x7f904819e4c0 unknown :-1 s=HELLO_CONNECTING pgs=0 cs=0 l=1 rev1=1 crypto rx=0 tx=0 comp rx=0 tx=0).handle_hello peer v2:172.21.15.29:3300/0 says I am v2:172.21.15.29:39342/0 (socket says 172.21.15.29:39342)
2024-04-25T18:50:33.380 INFO:teuthology.orchestra.run.smithi029.stdout:/usr/bin/ceph: stderr
2024-04-25T18:50:32.243+0000 7f904cc00700 1 -- 172.21.15.29:0/2555343514 learned_addr learned my addr 172.21.15.29:0/2555343514 (peer_addr_for_me v2:172.21.15.29:0/0)
2024-04-25T18:50:33.380 INFO:teuthology.orchestra.run.smithi029.stdout:/usr/bin/ceph: stderr
2024-04-25T18:50:32.243+0000 7f904cc00700 1 -- 172.21.15.29:0/2555343514 --> [v2:172.21.15.29:3300/0,v1:172.21.15.29:6789/0] -- mon_subscribe({config=0+,monmap=0+}) -- 0x7f904819ea00 con 0x7f9048108400
2024-04-25T18:50:33.380 INFO:teuthology.orchestra.run.smithi029.stdout:/usr/bin/ceph: stderr
2024-04-25T18:50:32.243+0000 7f904cc00700 1 --2- 172.21.15.29:0/2555343514 >> [v2:172.21.15.29:3300/0,v1:172.21.15.29:6789/0] conn(0x7f9048108400 0x7f904819e4c0 secure :-1 s=READY pgs=23 cs=0 l=1 rev1=1 crypto rx=0x7f9030003f40 tx=0x7f9030011890 comp rx=0 tx=0).ready entity=mon.0 client_cookie=0 server_cookie=0 in_seq=0 out_seq=0
2024-04-25T18:50:33.380 INFO:teuthology.orchestra.run.smithi029.stdout:/usr/bin/ceph: stderr
2024-04-25T18:50:32.244+0000 7f9046000700 1 -- 172.21.15.29:0/2555343514 <== mon.0 v2:172.21.15.29:3300/0 1 ==== mon_map magic: 0 ==== 205+0+0 (secure 0 0 0) 0x7f90300038b0 con 0x7f9048108400
2024-04-25T18:50:33.380 INFO:teuthology.orchestra.run.smithi029.stdout:/usr/bin/ceph: stderr
2024-04-25T18:50:32.244+0000 7f9046000700 1 -- 172.21.15.29:0/2555343514 <== mon.0 v2:172.21.15.29:3300/0 2 ==== config(26 keys) ==== 1070+0+0 (secure 0 0 0) 0x7f9030003a50 con 0x7f9048108400
2024-04-25T18:50:33.380 INFO:teuthology.orchestra.run.smithi029.stdout:/usr/bin/ceph: stderr
2024-04-25T18:50:32.244+0000 7f904e000700 1 -- 172.21.15.29:0/2555343514 --> [v2:172.21.15.29:3300/0,v1:172.21.15.29:6789/0] -- mon_subscribe({mgrmap=0+}) -- 0x7f904819ec90 con 0x7f9048108400
2024-04-25T18:50:33.380 INFO:teuthology.orchestra.run.smithi029.stdout:/usr/bin/ceph: stderr
2024-04-25T18:50:32.244+0000 7f9046000700 1 -- 172.21.15.29:0/2555343514 <== mon.0 v2:172.21.15.29:3300/0 3 ==== mon_map magic: 0 ==== 205+0+0 (secure 0 0 0) 0x7f903001a5c0 con 0x7f9048108400
2024-04-25T18:50:33.380 INFO:teuthology.orchestra.run.smithi029.stdout:/usr/bin/ceph: stderr
2024-04-25T18:50:32.244+0000 7f904e000700 1 -- 172.21.15.29:0/2555343514 --> [v2:172.21.15.29:3300/0,v1:172.21.15.29:6789/0] -- mon_subscribe({osdmap=0}) -- 0x7f90481a1980 con 0x7f9048108400
2024-04-25T18:50:33.380 INFO:teuthology.orchestra.run.smithi029.stdout:/usr/bin/ceph: stderr
2024-04-25T18:50:32.245+0000 7f904e000700 1 -- 172.21.15.29:0/2555343514 --> [v2:172.21.15.29:3300/0,v1:172.21.15.29:6789/0] -- mon_command({"prefix": "get_command_descriptions"} v 0) -- 0x7f904810c960 con 0x7f9048108400
2024-04-25T18:50:33.380 INFO:teuthology.orchestra.run.smithi029.stdout:/usr/bin/ceph: stderr
2024-04-25T18:50:32.245+0000 7f9046000700 1 -- 172.21.15.29:0/2555343514 <== mon.0 v2:172.21.15.29:3300/0 4 ==== mgrmap(e 4) ==== 46547+0+0 (secure 0 0 0) 0x7f9030024430 con 0x7f9048108400
2024-04-25T18:50:33.380 INFO:teuthology.orchestra.run.smithi029.stdout:/usr/bin/ceph: stderr
2024-04-25T18:50:32.246+0000 7f9046000700 1 --2- 172.21.15.29:0/2555343514 >> [v2:172.21.15.29:6800/4188536695,v1:172.21.15.29:6801/4188536695] conn(0x7f9028039510 0x7f902803b9d0 unknown :-1 s=NONE pgs=0 cs=0 l=1 rev1=0 crypto rx=0 tx=0 comp rx=0 tx=0).connect
2024-04-25T18:50:33.380 INFO:teuthology.orchestra.run.smithi029.stdout:/usr/bin/ceph: stderr
2024-04-25T18:50:32.246+0000 7f9046000700 1 -- 172.21.15.29:0/2555343514 <== mon.0 v2:172.21.15.29:3300/0 5 ==== osd_map(1..1 src has 1..1) ==== 725+0+0 (secure 0 0 0) 0x7f903004da80 con 0x7f9048108400
2024-04-25T18:50:33.380 INFO:teuthology.orchestra.run.smithi029.stdout:/usr/bin/ceph: stderr
2024-04-25T18:50:32.246+0000 7f903fe00700 1 --2- 172.21.15.29:0/2555343514 >> [v2:172.21.15.29:6800/4188536695,v1:172.21.15.29:6801/4188536695] conn(0x7f9028039510 0x7f902803b9d0 unknown :-1 s=BANNER_CONNECTING pgs=0 cs=0 l=1 rev1=0 crypto rx=0 tx=0 comp rx=0 tx=0)._handle_peer_banner_payload supported=3 required=0
2024-04-25T18:50:33.380 INFO:teuthology.orchestra.run.smithi029.stdout:/usr/bin/ceph: stderr
2024-04-25T18:50:32.247+0000 7f903fe00700 1 --2- 172.21.15.29:0/2555343514 >> [v2:172.21.15.29:6800/4188536695,v1:172.21.15.29:6801/4188536695] conn(0x7f9028039510 0x7f902803b9d0 secure :-1 s=READY pgs=8 cs=0 l=1 rev1=1 crypto rx=0x7f9038006fd0 tx=0x7f9038006e40 comp rx=0 tx=0).ready entity=mgr.14100 client_cookie=0 server_cookie=0 in_seq=0 out_seq=0
2024-04-25T18:50:33.380 INFO:teuthology.orchestra.run.smithi029.stdout:/usr/bin/ceph: stderr
2024-04-25T18:50:32.254+0000 7f9046000700 1 -- 172.21.15.29:0/2555343514 <== mon.0 v2:172.21.15.29:3300/0 6 ==== mon_command_ack([{"prefix": "get_command_descriptions"}]=0 v0) ==== 72+0+188370 (secure 0 0 0) 0x7f903004fe20 con 0x7f9048108400
2024-04-25T18:50:33.381 INFO:teuthology.orchestra.run.smithi029.stdout:/usr/bin/ceph: stderr
2024-04-25T18:50:32.542+0000 7f904e000700 1 -- 172.21.15.29:0/2555343514 --> [v2:172.21.15.29:3300/0,v1:172.21.15.29:6789/0] -- mon_command({"prefix": "mgr module enable", "module": "cephadm"} v 0) -- 0x7f9048069b80 con 0x7f9048108400
2024-04-25T18:50:33.381 INFO:teuthology.orchestra.run.smithi029.stdout:/usr/bin/ceph: stderr
2024-04-25T18:50:32.596+0000 7f9046000700 1 -- 172.21.15.29:0/2555343514 <== mon.0 v2:172.21.15.29:3300/0 7 ==== mon_command_ack([{"prefix": "mgr module enable", "module": "cephadm"}]=0 v5) ==== 86+0+0 (secure 0 0 0) 0x7f903004d4a0 con 0x7f9048108400
2024-04-25T18:50:33.381 INFO:teuthology.orchestra.run.smithi029.stdout:/usr/bin/ceph: stderr
2024-04-25T18:50:32.600+0000 7f9046000700 1 -- 172.21.15.29:0/2555343514 <== mon.0 v2:172.21.15.29:3300/0 8 ==== mgrmap(e 5) ==== 46558+0+0 (secure 0 0 0) 0x7f903002d910 con 0x7f9048108400
2024-04-25T18:50:33.381 INFO:teuthology.orchestra.run.smithi029.stdout:/usr/bin/ceph: stderr
2024-04-25T18:50:32.602+0000 7f904e000700 1 -- 172.21.15.29:0/2555343514 >> [v2:172.21.15.29:6800/4188536695,v1:172.21.15.29:6801/4188536695] conn(0x7f9028039510 msgr2=0x7f902803b9d0 secure :-1 s=STATE_CONNECTION_ESTABLISHED l=1).mark_down
2024-04-25T18:50:33.381 INFO:teuthology.orchestra.run.smithi029.stdout:/usr/bin/ceph: stderr
2024-04-25T18:50:32.602+0000 7f904e000700 1 --2- 172.21.15.29:0/2555343514 >> [v2:172.21.15.29:6800/4188536695,v1:172.21.15.29:6801/4188536695] conn(0x7f9028039510 0x7f902803b9d0 secure :-1 s=READY pgs=8 cs=0 l=1 rev1=1 crypto rx=0x7f9038006fd0 tx=0x7f9038006e40 comp rx=0 tx=0).stop
2024-04-25T18:50:33.381 INFO:teuthology.orchestra.run.smithi029.stdout:/usr/bin/ceph: stderr
2024-04-25T18:50:32.602+0000 7f904e000700 1 -- 172.21.15.29:0/2555343514 >> [v2:172.21.15.29:3300/0,v1:172.21.15.29:6789/0] conn(0x7f9048108400 msgr2=0x7f904819e4c0 secure :-1 s=STATE_CONNECTION_ESTABLISHED l=1).mark_down
2024-04-25T18:50:33.381 INFO:teuthology.orchestra.run.smithi029.stdout:/usr/bin/ceph: stderr
2024-04-25T18:50:32.602+0000 7f904e000700 1 --2- 172.21.15.29:0/2555343514 >> [v2:172.21.15.29:3300/0,v1:172.21.15.29:6789/0] conn(0x7f9048108400 0x7f904819e4c0 secure :-1 s=READY pgs=23 cs=0 l=1 rev1=1 crypto rx=0x7f9030003f40 tx=0x7f9030011890 comp rx=0 tx=0).stop
2024-04-25T18:50:33.381 INFO:teuthology.orchestra.run.smithi029.stdout:/usr/bin/ceph: stderr
2024-04-25T18:50:32.602+0000 7f904e000700 1 -- 172.21.15.29:0/2555343514 shutdown_connections
2024-04-25T18:50:33.381 INFO:teuthology.orchestra.run.smithi029.stdout:/usr/bin/ceph: stderr
2024-04-25T18:50:32.602+0000 7f904e000700 1 --2- 172.21.15.29:0/2555343514 >> [v2:172.21.15.29:6800/4188536695,v1:172.21.15.29:6801/4188536695] conn(0x7f9028039510 0x7f902803b9d0 unknown :-1 s=CLOSED pgs=8 cs=0 l=1 rev1=1 crypto rx=0 tx=0 comp rx=0 tx=0).stop
2024-04-25T18:50:33.381 INFO:teuthology.orchestra.run.smithi029.stdout:/usr/bin/ceph: stderr
2024-04-25T18:50:32.602+0000 7f904e000700 1 --2- 172.21.15.29:0/2555343514 >> [v2:172.21.15.29:3300/0,v1:172.21.15.29:6789/0] conn(0x7f9048108400 0x7f904819e4c0 unknown :-1 s=CLOSED pgs=23 cs=0 l=1 rev1=1 crypto rx=0 tx=0 comp rx=0 tx=0).stop
2024-04-25T18:50:33.381 INFO:teuthology.orchestra.run.smithi029.stdout:/usr/bin/ceph: stderr
2024-04-25T18:50:32.602+0000 7f904e000700 1 -- 172.21.15.29:0/2555343514 >> 172.21.15.29:0/2555343514 conn(0x7f90481039e0 msgr2=0x7f9048104490 unknown :-1 s=STATE_NONE l=0).mark_down
2024-04-25T18:50:33.381 INFO:teuthology.orchestra.run.smithi029.stdout:/usr/bin/ceph: stderr
2024-04-25T18:50:32.602+0000 7f904e000700 1 -- 172.21.15.29:0/2555343514 shutdown_connections
2024-04-25T18:50:33.381 INFO:teuthology.orchestra.run.smithi029.stdout:/usr/bin/ceph: stderr
2024-04-25T18:50:32.602+0000 7f904e000700 1 -- 172.21.15.29:0/2555343514 wait complete.
2024-04-25T18:50:33.803 INFO:journalctl@ceph.mon.a.smithi029.stdout:Apr 25 18:50:33 smithi029 ceph-mon[28033]: from='client.? 172.21.15.29:0/2555343514' entity='client.admin' cmd='[{"prefix": "mgr module enable", "module": "cephadm"}]': finished
2024-04-25T18:50:33.803 INFO:journalctl@ceph.mon.a.smithi029.stdout:Apr 25 18:50:33 smithi029 ceph-mon[28033]: mgrmap e5: x(active, since 6s)
2024-04-25T18:50:33.804 INFO:journalctl@ceph.mgr.x.smithi029.stdout:Apr 25 18:50:33 smithi029 ceph-3164e61a-0334-11ef-bc93-c7b262605968-mgr-x[28260]:
2024-04-25T18:50:33.683+0000 7face2f41200 -1 mgr[py] Module progress has missing NOTIFY_TYPES member
2024-04-25T18:50:34.054 INFO:journalctl@ceph.mgr.x.smithi029.stdout:Apr 25 18:50:33 smithi029 ceph-3164e61a-0334-11ef-bc93-c7b262605968-mgr-x[28260]:
2024-04-25T18:50:33.801+0000 7face2f41200 -1 mgr[py] Module influx has missing NOTIFY_TYPES member
2024-04-25T18:50:34.862 INFO:journalctl@ceph.mon.a.smithi029.stdout:Apr 25 18:50:34 smithi029 ceph-mon[28033]: from='client.? 172.21.15.29:0/570753626' entity='client.admin' cmd=[{"prefix": "mgr stat"}]: dispatch
2024-04-25T18:50:35.168 INFO:teuthology.orchestra.run.smithi029.stdout:/usr/bin/ceph: stdout {
2024-04-25T18:50:35.169 INFO:teuthology.orchestra.run.smithi029.stdout:/usr/bin/ceph: stdout "epoch": 5,
2024-04-25T18:50:35.169 INFO:teuthology.orchestra.run.smithi029.stdout:/usr/bin/ceph: stdout "available": true,
2024-04-25T18:50:35.169 INFO:teuthology.orchestra.run.smithi029.stdout:/usr/bin/ceph: stdout "active_name": "x",
2024-04-25T18:50:35.169 INFO:teuthology.orchestra.run.smithi029.stdout:/usr/bin/ceph: stdout "num_standby": 0
2024-04-25T18:50:35.169 INFO:teuthology.orchestra.run.smithi029.stdout:/usr/bin/ceph: stdout }
2024-04-25T18:50:35.169 INFO:teuthology.orchestra.run.smithi029.stdout:/usr/bin/ceph: stderr
2024-04-25T18:50:34.115+0000 7f6821400700 1 Processor -- start
2024-04-25T18:50:35.169 INFO:teuthology.orchestra.run.smithi029.stdout:/usr/bin/ceph: stderr
2024-04-25T18:50:34.115+0000 7f6821400700 1 -- start start
2024-04-25T18:50:35.169 INFO:teuthology.orchestra.run.smithi029.stdout:/usr/bin/ceph: stderr
2024-04-25T18:50:34.115+0000 7f6821400700 1 --2- >> [v2:172.21.15.29:3300/0,v1:172.21.15.29:6789/0] conn(0x7f681c109100 0x7f681c10b4f0 unknown :-1 s=NONE pgs=0 cs=0 l=0 rev1=0 crypto rx=0 tx=0 comp rx=0 tx=0).connect
2024-04-25T18:50:35.169 INFO:teuthology.orchestra.run.smithi029.stdout:/usr/bin/ceph: stderr
