2024-04-25T18:50:34.115+0000 7f6821400700 1 -- --> [v2:172.21.15.29:3300/0,v1:172.21.15.29:6789/0] -- mon_getmap magic: 0 -- 0x7f681c063ca0 con 0x7f681c109100
2024-04-25T18:50:35.169 INFO:teuthology.orchestra.run.smithi029.stdout:/usr/bin/ceph: stderr
2024-04-25T18:50:34.116+0000 7f681a800700 1 --2- >> [v2:172.21.15.29:3300/0,v1:172.21.15.29:6789/0] conn(0x7f681c109100 0x7f681c10b4f0 unknown :-1 s=BANNER_CONNECTING pgs=0 cs=0 l=0 rev1=0 crypto rx=0 tx=0 comp rx=0 tx=0)._handle_peer_banner_payload supported=3 required=0
2024-04-25T18:50:35.169 INFO:teuthology.orchestra.run.smithi029.stdout:/usr/bin/ceph: stderr
2024-04-25T18:50:34.116+0000 7f681a800700 1 --2- >> [v2:172.21.15.29:3300/0,v1:172.21.15.29:6789/0] conn(0x7f681c109100 0x7f681c10b4f0 unknown :-1 s=HELLO_CONNECTING pgs=0 cs=0 l=0 rev1=1 crypto rx=0 tx=0 comp rx=0 tx=0).handle_hello peer v2:172.21.15.29:3300/0 says I am v2:172.21.15.29:39364/0 (socket says 172.21.15.29:39364)
2024-04-25T18:50:35.169 INFO:teuthology.orchestra.run.smithi029.stdout:/usr/bin/ceph: stderr
2024-04-25T18:50:34.116+0000 7f681a800700 1 -- 172.21.15.29:0/1058303762 learned_addr learned my addr 172.21.15.29:0/1058303762 (peer_addr_for_me v2:172.21.15.29:0/0)
2024-04-25T18:50:35.169 INFO:teuthology.orchestra.run.smithi029.stdout:/usr/bin/ceph: stderr
2024-04-25T18:50:34.116+0000 7f681a800700 1 -- 172.21.15.29:0/1058303762 --> [v2:172.21.15.29:3300/0,v1:172.21.15.29:6789/0] -- mon_subscribe({config=0+,monmap=0+}) -- 0x7f681c10ba30 con 0x7f681c109100
2024-04-25T18:50:35.169 INFO:teuthology.orchestra.run.smithi029.stdout:/usr/bin/ceph: stderr
2024-04-25T18:50:34.117+0000 7f681a800700 1 --2- 172.21.15.29:0/1058303762 >> [v2:172.21.15.29:3300/0,v1:172.21.15.29:6789/0] conn(0x7f681c109100 0x7f681c10b4f0 secure :-1 s=READY pgs=26 cs=0 l=1 rev1=1 crypto rx=0x7f680c0098a0 tx=0x7f680c009bb0 comp rx=0 tx=0).ready entity=mon.0 client_cookie=57e8151d2be593cc server_cookie=0 in_seq=0 out_seq=0
2024-04-25T18:50:35.170 INFO:teuthology.orchestra.run.smithi029.stdout:/usr/bin/ceph: stderr
2024-04-25T18:50:34.117+0000 7f6819400700 1 -- 172.21.15.29:0/1058303762 <== mon.0 v2:172.21.15.29:3300/0 1 ==== mon_map magic: 0 ==== 205+0+0 (secure 0 0 0) 0x7f680c004160 con 0x7f681c109100
2024-04-25T18:50:35.170 INFO:teuthology.orchestra.run.smithi029.stdout:/usr/bin/ceph: stderr
2024-04-25T18:50:34.117+0000 7f6819400700 1 -- 172.21.15.29:0/1058303762 <== mon.0 v2:172.21.15.29:3300/0 2 ==== config(26 keys) ==== 1070+0+0 (secure 0 0 0) 0x7f680c004300 con 0x7f681c109100
2024-04-25T18:50:35.170 INFO:teuthology.orchestra.run.smithi029.stdout:/usr/bin/ceph: stderr
2024-04-25T18:50:34.117+0000 7f6819400700 1 -- 172.21.15.29:0/1058303762 <== mon.0 v2:172.21.15.29:3300/0 3 ==== mon_map magic: 0 ==== 205+0+0 (secure 0 0 0) 0x7f680c011af0 con 0x7f681c109100
2024-04-25T18:50:35.170 INFO:teuthology.orchestra.run.smithi029.stdout:/usr/bin/ceph: stderr
2024-04-25T18:50:34.118+0000 7f6821400700 1 -- 172.21.15.29:0/1058303762 >> [v2:172.21.15.29:3300/0,v1:172.21.15.29:6789/0] conn(0x7f681c109100 msgr2=0x7f681c10b4f0 secure :-1 s=STATE_CONNECTION_ESTABLISHED l=1).mark_down
2024-04-25T18:50:35.170 INFO:teuthology.orchestra.run.smithi029.stdout:/usr/bin/ceph: stderr
2024-04-25T18:50:34.118+0000 7f6821400700 1 --2- 172.21.15.29:0/1058303762 >> [v2:172.21.15.29:3300/0,v1:172.21.15.29:6789/0] conn(0x7f681c109100 0x7f681c10b4f0 secure :-1 s=READY pgs=26 cs=0 l=1 rev1=1 crypto rx=0x7f680c0098a0 tx=0x7f680c009bb0 comp rx=0 tx=0).stop
2024-04-25T18:50:35.170 INFO:teuthology.orchestra.run.smithi029.stdout:/usr/bin/ceph: stderr
2024-04-25T18:50:34.118+0000 7f6821400700 1 -- 172.21.15.29:0/1058303762 shutdown_connections
2024-04-25T18:50:35.170 INFO:teuthology.orchestra.run.smithi029.stdout:/usr/bin/ceph: stderr
2024-04-25T18:50:34.118+0000 7f6821400700 1 --2- 172.21.15.29:0/1058303762 >> [v2:172.21.15.29:3300/0,v1:172.21.15.29:6789/0] conn(0x7f681c109100 0x7f681c10b4f0 unknown :-1 s=CLOSED pgs=26 cs=0 l=1 rev1=1 crypto rx=0 tx=0 comp rx=0 tx=0).stop
2024-04-25T18:50:35.170 INFO:teuthology.orchestra.run.smithi029.stdout:/usr/bin/ceph: stderr
2024-04-25T18:50:34.118+0000 7f6821400700 1 -- 172.21.15.29:0/1058303762 >> 172.21.15.29:0/1058303762 conn(0x7f681c102ab0 msgr2=0x7f681c104ed0 unknown :-1 s=STATE_NONE l=0).mark_down
2024-04-25T18:50:35.170 INFO:teuthology.orchestra.run.smithi029.stdout:/usr/bin/ceph: stderr
2024-04-25T18:50:34.118+0000 7f6821400700 1 -- 172.21.15.29:0/1058303762 shutdown_connections
2024-04-25T18:50:35.170 INFO:teuthology.orchestra.run.smithi029.stdout:/usr/bin/ceph: stderr
2024-04-25T18:50:34.118+0000 7f6821400700 1 -- 172.21.15.29:0/1058303762 wait complete.
2024-04-25T18:50:35.170 INFO:teuthology.orchestra.run.smithi029.stdout:/usr/bin/ceph: stderr
2024-04-25T18:50:34.119+0000 7f6821400700 1 Processor -- start
2024-04-25T18:50:35.170 INFO:teuthology.orchestra.run.smithi029.stdout:/usr/bin/ceph: stderr
2024-04-25T18:50:34.120+0000 7f6821400700 1 -- start start
2024-04-25T18:50:35.170 INFO:teuthology.orchestra.run.smithi029.stdout:/usr/bin/ceph: stderr
2024-04-25T18:50:34.120+0000 7f6821400700 1 --2- >> [v2:172.21.15.29:3300/0,v1:172.21.15.29:6789/0] conn(0x7f681c109100 0x7f681c19e6c0 unknown :-1 s=NONE pgs=0 cs=0 l=1 rev1=0 crypto rx=0 tx=0 comp rx=0 tx=0).connect
2024-04-25T18:50:35.171 INFO:teuthology.orchestra.run.smithi029.stdout:/usr/bin/ceph: stderr
2024-04-25T18:50:34.120+0000 7f6821400700 1 -- --> [v2:172.21.15.29:3300/0,v1:172.21.15.29:6789/0] -- mon_getmap magic: 0 -- 0x7f681c10c8d0 con 0x7f681c109100
2024-04-25T18:50:35.171 INFO:teuthology.orchestra.run.smithi029.stdout:/usr/bin/ceph: stderr
2024-04-25T18:50:34.120+0000 7f681a800700 1 --2- >> [v2:172.21.15.29:3300/0,v1:172.21.15.29:6789/0] conn(0x7f681c109100 0x7f681c19e6c0 unknown :-1 s=BANNER_CONNECTING pgs=0 cs=0 l=1 rev1=0 crypto rx=0 tx=0 comp rx=0 tx=0)._handle_peer_banner_payload supported=3 required=0
2024-04-25T18:50:35.171 INFO:teuthology.orchestra.run.smithi029.stdout:/usr/bin/ceph: stderr
2024-04-25T18:50:34.120+0000 7f681a800700 1 --2- >> [v2:172.21.15.29:3300/0,v1:172.21.15.29:6789/0] conn(0x7f681c109100 0x7f681c19e6c0 unknown :-1 s=HELLO_CONNECTING pgs=0 cs=0 l=1 rev1=1 crypto rx=0 tx=0 comp rx=0 tx=0).handle_hello peer v2:172.21.15.29:3300/0 says I am v2:172.21.15.29:39370/0 (socket says 172.21.15.29:39370)
2024-04-25T18:50:35.171 INFO:teuthology.orchestra.run.smithi029.stdout:/usr/bin/ceph: stderr
2024-04-25T18:50:34.120+0000 7f681a800700 1 -- 172.21.15.29:0/570753626 learned_addr learned my addr 172.21.15.29:0/570753626 (peer_addr_for_me v2:172.21.15.29:0/0)
2024-04-25T18:50:35.171 INFO:teuthology.orchestra.run.smithi029.stdout:/usr/bin/ceph: stderr
2024-04-25T18:50:34.120+0000 7f681a800700 1 -- 172.21.15.29:0/570753626 --> [v2:172.21.15.29:3300/0,v1:172.21.15.29:6789/0] -- mon_subscribe({config=0+,monmap=0+}) -- 0x7f681c19ec00 con 0x7f681c109100
2024-04-25T18:50:35.171 INFO:teuthology.orchestra.run.smithi029.stdout:/usr/bin/ceph: stderr
2024-04-25T18:50:34.121+0000 7f681a800700 1 --2- 172.21.15.29:0/570753626 >> [v2:172.21.15.29:3300/0,v1:172.21.15.29:6789/0] conn(0x7f681c109100 0x7f681c19e6c0 secure :-1 s=READY pgs=27 cs=0 l=1 rev1=1 crypto rx=0x7f680c011ac0 tx=0x7f680c011ba0 comp rx=0 tx=0).ready entity=mon.0 client_cookie=0 server_cookie=0 in_seq=0 out_seq=0
2024-04-25T18:50:35.171 INFO:teuthology.orchestra.run.smithi029.stdout:/usr/bin/ceph: stderr
2024-04-25T18:50:34.121+0000 7f6813400700 1 -- 172.21.15.29:0/570753626 <== mon.0 v2:172.21.15.29:3300/0 1 ==== mon_map magic: 0 ==== 205+0+0 (secure 0 0 0) 0x7f680c003b20 con 0x7f681c109100
2024-04-25T18:50:35.171 INFO:teuthology.orchestra.run.smithi029.stdout:/usr/bin/ceph: stderr
2024-04-25T18:50:34.121+0000 7f6813400700 1 -- 172.21.15.29:0/570753626 <== mon.0 v2:172.21.15.29:3300/0 2 ==== config(26 keys) ==== 1070+0+0 (secure 0 0 0) 0x7f680c01a8c0 con 0x7f681c109100
2024-04-25T18:50:35.171 INFO:teuthology.orchestra.run.smithi029.stdout:/usr/bin/ceph: stderr
2024-04-25T18:50:34.121+0000 7f6821400700 1 -- 172.21.15.29:0/570753626 --> [v2:172.21.15.29:3300/0,v1:172.21.15.29:6789/0] -- mon_subscribe({mgrmap=0+}) -- 0x7f681c19ee90 con 0x7f681c109100
2024-04-25T18:50:35.171 INFO:teuthology.orchestra.run.smithi029.stdout:/usr/bin/ceph: stderr
2024-04-25T18:50:34.121+0000 7f6813400700 1 -- 172.21.15.29:0/570753626 <== mon.0 v2:172.21.15.29:3300/0 3 ==== mon_map magic: 0 ==== 205+0+0 (secure 0 0 0) 0x7f680c0248d0 con 0x7f681c109100
2024-04-25T18:50:35.171 INFO:teuthology.orchestra.run.smithi029.stdout:/usr/bin/ceph: stderr
2024-04-25T18:50:34.121+0000 7f6821400700 1 -- 172.21.15.29:0/570753626 --> [v2:172.21.15.29:3300/0,v1:172.21.15.29:6789/0] -- mon_subscribe({osdmap=0}) -- 0x7f681c1a1b80 con 0x7f681c109100
2024-04-25T18:50:35.171 INFO:teuthology.orchestra.run.smithi029.stdout:/usr/bin/ceph: stderr
2024-04-25T18:50:34.122+0000 7f6813400700 1 -- 172.21.15.29:0/570753626 <== mon.0 v2:172.21.15.29:3300/0 4 ==== mgrmap(e 5) ==== 46558+0+0 (secure 0 0 0) 0x7f680c022020 con 0x7f681c109100
2024-04-25T18:50:35.171 INFO:teuthology.orchestra.run.smithi029.stdout:/usr/bin/ceph: stderr
2024-04-25T18:50:34.122+0000 7f6821400700 1 -- 172.21.15.29:0/570753626 --> [v2:172.21.15.29:3300/0,v1:172.21.15.29:6789/0] -- mon_command({"prefix": "get_command_descriptions"} v 0) -- 0x7f681c0640a0 con 0x7f681c109100
2024-04-25T18:50:35.171 INFO:teuthology.orchestra.run.smithi029.stdout:/usr/bin/ceph: stderr
2024-04-25T18:50:34.123+0000 7f6813400700 1 --2- 172.21.15.29:0/570753626 >> [v2:172.21.15.29:6800/4188536695,v1:172.21.15.29:6801/4188536695] conn(0x7f6800039600 0x7f680003bac0 unknown :-1 s=NONE pgs=0 cs=0 l=1 rev1=0 crypto rx=0 tx=0 comp rx=0 tx=0).connect
2024-04-25T18:50:35.172 INFO:teuthology.orchestra.run.smithi029.stdout:/usr/bin/ceph: stderr
2024-04-25T18:50:34.123+0000 7f6813400700 1 -- 172.21.15.29:0/570753626 <== mon.0 v2:172.21.15.29:3300/0 5 ==== osd_map(1..1 src has 1..1) ==== 725+0+0 (secure 0 0 0) 0x7f680c04d530 con 0x7f681c109100
2024-04-25T18:50:35.172 INFO:teuthology.orchestra.run.smithi029.stdout:/usr/bin/ceph: stderr
2024-04-25T18:50:34.123+0000 7f6819e00700 1 -- 172.21.15.29:0/570753626 >> [v2:172.21.15.29:6800/4188536695,v1:172.21.15.29:6801/4188536695] conn(0x7f6800039600 msgr2=0x7f680003bac0 unknown :-1 s=STATE_CONNECTING_RE l=1).process reconnect failed to v2:172.21.15.29:6800/4188536695
2024-04-25T18:50:35.172 INFO:teuthology.orchestra.run.smithi029.stdout:/usr/bin/ceph: stderr
2024-04-25T18:50:34.123+0000 7f6819e00700 1 --2- 172.21.15.29:0/570753626 >> [v2:172.21.15.29:6800/4188536695,v1:172.21.15.29:6801/4188536695] conn(0x7f6800039600 0x7f680003bac0 unknown :-1 s=START_CONNECT pgs=0 cs=0 l=1 rev1=0 crypto rx=0 tx=0 comp rx=0 tx=0)._fault waiting 0.200000
2024-04-25T18:50:35.172 INFO:teuthology.orchestra.run.smithi029.stdout:/usr/bin/ceph: stderr
2024-04-25T18:50:34.128+0000 7f6813400700 1 -- 172.21.15.29:0/570753626 <== mon.0 v2:172.21.15.29:3300/0 6 ==== mon_command_ack([{"prefix": "get_command_descriptions"}]=0 v0) ==== 72+0+188370 (secure 0 0 0) 0x7f680c00f2e0 con 0x7f681c109100
2024-04-25T18:50:35.172 INFO:teuthology.orchestra.run.smithi029.stdout:/usr/bin/ceph: stderr
2024-04-25T18:50:34.324+0000 7f6819e00700 1 -- 172.21.15.29:0/570753626 >> [v2:172.21.15.29:6800/4188536695,v1:172.21.15.29:6801/4188536695] conn(0x7f6800039600 msgr2=0x7f680003bac0 unknown :-1 s=STATE_CONNECTING_RE l=1).process reconnect failed to v2:172.21.15.29:6800/4188536695
2024-04-25T18:50:35.172 INFO:teuthology.orchestra.run.smithi029.stdout:/usr/bin/ceph: stderr
2024-04-25T18:50:34.324+0000 7f6819e00700 1 --2- 172.21.15.29:0/570753626 >> [v2:172.21.15.29:6800/4188536695,v1:172.21.15.29:6801/4188536695] conn(0x7f6800039600 0x7f680003bac0 unknown :-1 s=START_CONNECT pgs=0 cs=0 l=1 rev1=0 crypto rx=0 tx=0 comp rx=0 tx=0)._fault waiting 0.400000
2024-04-25T18:50:35.172 INFO:teuthology.orchestra.run.smithi029.stdout:/usr/bin/ceph: stderr
2024-04-25T18:50:34.460+0000 7f6821400700 1 -- 172.21.15.29:0/570753626 --> [v2:172.21.15.29:3300/0,v1:172.21.15.29:6789/0] -- mon_command({"prefix": "mgr stat"} v 0) -- 0x7f681c1a1d50 con 0x7f681c109100
2024-04-25T18:50:35.172 INFO:teuthology.orchestra.run.smithi029.stdout:/usr/bin/ceph: stderr
2024-04-25T18:50:34.461+0000 7f6813400700 1 -- 172.21.15.29:0/570753626 <== mon.0 v2:172.21.15.29:3300/0 7 ==== mon_command_ack([{"prefix": "mgr stat"}]=0 v5) ==== 56+0+88 (secure 0 0 0) 0x7f680c01aa70 con 0x7f681c109100
2024-04-25T18:50:35.172 INFO:teuthology.orchestra.run.smithi029.stdout:/usr/bin/ceph: stderr
2024-04-25T18:50:34.464+0000 7f6821400700 1 -- 172.21.15.29:0/570753626 >> [v2:172.21.15.29:6800/4188536695,v1:172.21.15.29:6801/4188536695] conn(0x7f6800039600 msgr2=0x7f680003bac0 unknown :-1 s=STATE_CONNECTING l=1).mark_down
2024-04-25T18:50:35.172 INFO:teuthology.orchestra.run.smithi029.stdout:/usr/bin/ceph: stderr
2024-04-25T18:50:34.464+0000 7f6821400700 1 --2- 172.21.15.29:0/570753626 >> [v2:172.21.15.29:6800/4188536695,v1:172.21.15.29:6801/4188536695] conn(0x7f6800039600 0x7f680003bac0 unknown :-1 s=START_CONNECT pgs=0 cs=0 l=1 rev1=0 crypto rx=0 tx=0 comp rx=0 tx=0).stop
2024-04-25T18:50:35.172 INFO:teuthology.orchestra.run.smithi029.stdout:/usr/bin/ceph: stderr
2024-04-25T18:50:34.464+0000 7f6821400700 1 -- 172.21.15.29:0/570753626 >> [v2:172.21.15.29:3300/0,v1:172.21.15.29:6789/0] conn(0x7f681c109100 msgr2=0x7f681c19e6c0 secure :-1 s=STATE_CONNECTION_ESTABLISHED l=1).mark_down
2024-04-25T18:50:35.173 INFO:teuthology.orchestra.run.smithi029.stdout:/usr/bin/ceph: stderr
2024-04-25T18:50:34.464+0000 7f6821400700 1 --2- 172.21.15.29:0/570753626 >> [v2:172.21.15.29:3300/0,v1:172.21.15.29:6789/0] conn(0x7f681c109100 0x7f681c19e6c0 secure :-1 s=READY pgs=27 cs=0 l=1 rev1=1 crypto rx=0x7f680c011ac0 tx=0x7f680c011ba0 comp rx=0 tx=0).stop
2024-04-25T18:50:35.173 INFO:teuthology.orchestra.run.smithi029.stdout:/usr/bin/ceph: stderr
2024-04-25T18:50:34.464+0000 7f6821400700 1 -- 172.21.15.29:0/570753626 shutdown_connections
2024-04-25T18:50:35.173 INFO:teuthology.orchestra.run.smithi029.stdout:/usr/bin/ceph: stderr
2024-04-25T18:50:34.464+0000 7f6821400700 1 --2- 172.21.15.29:0/570753626 >> [v2:172.21.15.29:6800/4188536695,v1:172.21.15.29:6801/4188536695] conn(0x7f6800039600 0x7f680003bac0 unknown :-1 s=CLOSED pgs=0 cs=0 l=1 rev1=0 crypto rx=0 tx=0 comp rx=0 tx=0).stop
2024-04-25T18:50:35.173 INFO:teuthology.orchestra.run.smithi029.stdout:/usr/bin/ceph: stderr
2024-04-25T18:50:34.464+0000 7f6821400700 1 --2- 172.21.15.29:0/570753626 >> [v2:172.21.15.29:3300/0,v1:172.21.15.29:6789/0] conn(0x7f681c109100 0x7f681c19e6c0 unknown :-1 s=CLOSED pgs=27 cs=0 l=1 rev1=1 crypto rx=0 tx=0 comp rx=0 tx=0).stop
2024-04-25T18:50:35.173 INFO:teuthology.orchestra.run.smithi029.stdout:/usr/bin/ceph: stderr
2024-04-25T18:50:34.464+0000 7f6821400700 1 -- 172.21.15.29:0/570753626 >> 172.21.15.29:0/570753626 conn(0x7f681c102ab0 msgr2=0x7f681c103520 unknown :-1 s=STATE_NONE l=0).mark_down
2024-04-25T18:50:35.173 INFO:teuthology.orchestra.run.smithi029.stdout:/usr/bin/ceph: stderr
2024-04-25T18:50:34.464+0000 7f6821400700 1 -- 172.21.15.29:0/570753626 shutdown_connections
2024-04-25T18:50:35.173 INFO:teuthology.orchestra.run.smithi029.stdout:/usr/bin/ceph: stderr
2024-04-25T18:50:34.465+0000 7f6821400700 1 -- 172.21.15.29:0/570753626 wait complete.
2024-04-25T18:50:35.173 INFO:teuthology.orchestra.run.smithi029.stdout:Waiting for the mgr to restart...
2024-04-25T18:50:35.173 INFO:teuthology.orchestra.run.smithi029.stdout:Waiting for mgr epoch 5...
2024-04-25T18:50:35.763 INFO:journalctl@ceph.mgr.x.smithi029.stdout:Apr 25 18:50:35 smithi029 ceph-3164e61a-0334-11ef-bc93-c7b262605968-mgr-x[28260]:
2024-04-25T18:50:35.466+0000 7face2f41200 -1 mgr[py] Module telegraf has missing NOTIFY_TYPES member
2024-04-25T18:50:35.764 INFO:journalctl@ceph.mgr.x.smithi029.stdout:Apr 25 18:50:35 smithi029 ceph-3164e61a-0334-11ef-bc93-c7b262605968-mgr-x[28260]:
2024-04-25T18:50:35.700+0000 7face2f41200 -1 mgr[py] Module osd_support has missing NOTIFY_TYPES member
2024-04-25T18:50:36.263 INFO:journalctl@ceph.mgr.x.smithi029.stdout:Apr 25 18:50:35 smithi029 ceph-3164e61a-0334-11ef-bc93-c7b262605968-mgr-x[28260]:
2024-04-25T18:50:35.922+0000 7face2f41200 -1 mgr[py] Module iostat has missing NOTIFY_TYPES member
2024-04-25T18:50:36.700 INFO:journalctl@ceph.mgr.x.smithi029.stdout:Apr 25 18:50:36 smithi029 ceph-3164e61a-0334-11ef-bc93-c7b262605968-mgr-x[28260]:
2024-04-25T18:50:36.315+0000 7face2f41200 -1 mgr[py] Module alerts has missing NOTIFY_TYPES member
2024-04-25T18:50:36.700 INFO:journalctl@ceph.mgr.x.smithi029.stdout:Apr 25 18:50:36 smithi029 ceph-3164e61a-0334-11ef-bc93-c7b262605968-mgr-x[28260]:
2024-04-25T18:50:36.440+0000 7face2f41200 -1 mgr[py] Module selftest has missing NOTIFY_TYPES member
2024-04-25T18:50:36.962 INFO:journalctl@ceph.mgr.x.smithi029.stdout:Apr 25 18:50:36 smithi029 ceph-3164e61a-0334-11ef-bc93-c7b262605968-mgr-x[28260]:
2024-04-25T18:50:36.698+0000 7face2f41200 -1 mgr[py] Module pg_autoscaler has missing NOTIFY_TYPES member
2024-04-25T18:50:36.962 INFO:journalctl@ceph.mgr.x.smithi029.stdout:Apr 25 18:50:36 smithi029 ceph-3164e61a-0334-11ef-bc93-c7b262605968-mgr-x[28260]:
2024-04-25T18:50:36.960+0000 7face2f41200 -1 mgr[py] Module test_orchestrator has missing NOTIFY_TYPES member
2024-04-25T18:50:38.263 INFO:journalctl@ceph.mgr.x.smithi029.stdout:Apr 25 18:50:37 smithi029 ceph-3164e61a-0334-11ef-bc93-c7b262605968-mgr-x[28260]:
2024-04-25T18:50:37.769+0000 7face2f41200 -1 mgr[py] Module rook has missing NOTIFY_TYPES member
2024-04-25T18:50:38.745 INFO:journalctl@ceph.mgr.x.smithi029.stdout:Apr 25 18:50:38 smithi029 ceph-3164e61a-0334-11ef-bc93-c7b262605968-mgr-x[28260]:
2024-04-25T18:50:38.340+0000 7face2f41200 -1 mgr[py] Module volumes has missing NOTIFY_TYPES member
2024-04-25T18:50:38.745 INFO:journalctl@ceph.mgr.x.smithi029.stdout:Apr 25 18:50:38 smithi029 ceph-3164e61a-0334-11ef-bc93-c7b262605968-mgr-x[28260]:
2024-04-25T18:50:38.471+0000 7face2f41200 -1 mgr[py] Module crash has missing NOTIFY_TYPES member
2024-04-25T18:50:38.746 INFO:journalctl@ceph.mgr.x.smithi029.stdout:Apr 25 18:50:38 smithi029 ceph-3164e61a-0334-11ef-bc93-c7b262605968-mgr-x[28260]:
2024-04-25T18:50:38.743+0000 7face2f41200 -1 mgr[py] Module rgw has missing NOTIFY_TYPES member
2024-04-25T18:50:39.711 INFO:journalctl@ceph.mgr.x.smithi029.stdout:Apr 25 18:50:39 smithi029 ceph-3164e61a-0334-11ef-bc93-c7b262605968-mgr-x[28260]:
2024-04-25T18:50:39.420+0000 7face2f41200 -1 mgr[py] Module prometheus has missing NOTIFY_TYPES member
2024-04-25T18:50:39.711 INFO:journalctl@ceph.mgr.x.smithi029.stdout:Apr 25 18:50:39 smithi029 ceph-3164e61a-0334-11ef-bc93-c7b262605968-mgr-x[28260]:
2024-04-25T18:50:39.552+0000 7face2f41200 -1 mgr[py] Module devicehealth has missing NOTIFY_TYPES member
2024-04-25T18:50:40.013 INFO:journalctl@ceph.mgr.x.smithi029.stdout:Apr 25 18:50:39 smithi029 ceph-3164e61a-0334-11ef-bc93-c7b262605968-mgr-x[28260]:
2024-04-25T18:50:39.897+0000 7face2f41200 -1 mgr[py] Module telemetry has missing NOTIFY_TYPES member
2024-04-25T18:50:40.379 INFO:journalctl@ceph.mgr.x.smithi029.stdout:Apr 25 18:50:40 smithi029 ceph-3164e61a-0334-11ef-bc93-c7b262605968-mgr-x[28260]:
2024-04-25T18:50:40.086+0000 7face2f41200 -1 mgr[py] Module diskprediction_local has missing NOTIFY_TYPES member
2024-04-25T18:50:40.379 INFO:journalctl@ceph.mgr.x.smithi029.stdout:Apr 25 18:50:40 smithi029 ceph-3164e61a-0334-11ef-bc93-c7b262605968-mgr-x[28260]:
2024-04-25T18:50:40.218+0000 7face2f41200 -1 mgr[py] Module osd_perf_query has missing NOTIFY_TYPES member
2024-04-25T18:50:40.380 INFO:journalctl@ceph.mgr.x.smithi029.stdout:Apr 25 18:50:40 smithi029 ceph-3164e61a-0334-11ef-bc93-c7b262605968-mgr-x[28260]:
2024-04-25T18:50:40.375+0000 7face2f41200 -1 mgr[py] Module rbd_support has missing NOTIFY_TYPES member
2024-04-25T18:50:41.014 INFO:journalctl@ceph.mgr.x.smithi029.stdout:Apr 25 18:50:40 smithi029 ceph-3164e61a-0334-11ef-bc93-c7b262605968-mgr-x[28260]:
2024-04-25T18:50:40.755+0000 7face2f41200 -1 mgr[py] Module zabbix has missing NOTIFY_TYPES member
2024-04-25T18:50:41.838 INFO:journalctl@ceph.mgr.x.smithi029.stdout:Apr 25 18:50:41 smithi029 ceph-3164e61a-0334-11ef-bc93-c7b262605968-mgr-x[28260]:
2024-04-25T18:50:41.544+0000 7face2f41200 -1 mgr[py] Module status has missing NOTIFY_TYPES member
2024-04-25T18:50:42.263 INFO:journalctl@ceph.mgr.x.smithi029.stdout:Apr 25 18:50:41 smithi029 ceph-3164e61a-0334-11ef-bc93-c7b262605968-mgr-x[28260]:
2024-04-25T18:50:41.835+0000 7face2f41200 -1 mgr[py] Module nfs has missing NOTIFY_TYPES member
2024-04-25T18:50:42.264 INFO:journalctl@ceph.mon.a.smithi029.stdout:Apr 25 18:50:41 smithi029 ceph-mon[28033]: Active manager daemon x restarted
2024-04-25T18:50:42.264 INFO:journalctl@ceph.mon.a.smithi029.stdout:Apr 25 18:50:41 smithi029 ceph-mon[28033]: Activating manager daemon x
2024-04-25T18:50:42.264 INFO:journalctl@ceph.mon.a.smithi029.stdout:Apr 25 18:50:41 smithi029 ceph-mon[28033]: osdmap e2: 0 total, 0 up, 0 in
2024-04-25T18:50:42.264 INFO:journalctl@ceph.mon.a.smithi029.stdout:Apr 25 18:50:41 smithi029 ceph-mon[28033]: mgrmap e6: x(active, starting, since 0.00495772s)
2024-04-25T18:50:42.264 INFO:journalctl@ceph.mon.a.smithi029.stdout:Apr 25 18:50:41 smithi029 ceph-mon[28033]: from='mgr.14120 172.21.15.29:0/1239949225' entity='mgr.x' cmd=[{"prefix": "mon metadata", "id": "a"}]: dispatch
2024-04-25T18:50:42.264 INFO:journalctl@ceph.mon.a.smithi029.stdout:Apr 25 18:50:41 smithi029 ceph-mon[28033]: from='mgr.14120 172.21.15.29:0/1239949225' entity='mgr.x' cmd=[{"prefix": "mgr metadata", "who": "x", "id": "x"}]: dispatch
2024-04-25T18:50:42.265 INFO:journalctl@ceph.mon.a.smithi029.stdout:Apr 25 18:50:41 smithi029 ceph-mon[28033]: from='mgr.14120 172.21.15.29:0/1239949225' entity='mgr.x' cmd=[{"prefix": "mds metadata"}]: dispatch
2024-04-25T18:50:42.265 INFO:journalctl@ceph.mon.a.smithi029.stdout:Apr 25 18:50:41 smithi029 ceph-mon[28033]: from='mgr.14120 172.21.15.29:0/1239949225' entity='mgr.x' cmd=[{"prefix": "osd metadata"}]: dispatch
2024-04-25T18:50:42.265 INFO:journalctl@ceph.mon.a.smithi029.stdout:Apr 25 18:50:41 smithi029 ceph-mon[28033]: from='mgr.14120 172.21.15.29:0/1239949225' entity='mgr.x' cmd=[{"prefix": "mon metadata"}]: dispatch
2024-04-25T18:50:42.265 INFO:journalctl@ceph.mon.a.smithi029.stdout:Apr 25 18:50:41 smithi029 ceph-mon[28033]: Manager daemon x is now available
2024-04-25T18:50:43.230 INFO:journalctl@ceph.mon.a.smithi029.stdout:Apr 25 18:50:42 smithi029 ceph-mon[28033]: Found migration_current of "None". Setting to last migration.
2024-04-25T18:50:43.231 INFO:journalctl@ceph.mon.a.smithi029.stdout:Apr 25 18:50:42 smithi029 ceph-mon[28033]: from='mgr.14120 172.21.15.29:0/1239949225' entity='mgr.x'
2024-04-25T18:50:43.231 INFO:journalctl@ceph.mon.a.smithi029.stdout:Apr 25 18:50:42 smithi029 ceph-mon[28033]: from='mgr.14120 172.21.15.29:0/1239949225' entity='mgr.x'
2024-04-25T18:50:43.231 INFO:journalctl@ceph.mon.a.smithi029.stdout:Apr 25 18:50:42 smithi029 ceph-mon[28033]: from='mgr.14120 172.21.15.29:0/1239949225' entity='mgr.x' cmd=[{"prefix": "config dump", "format": "json"}]: dispatch
2024-04-25T18:50:43.231 INFO:journalctl@ceph.mon.a.smithi029.stdout:Apr 25 18:50:42 smithi029 ceph-mon[28033]: from='mgr.14120 172.21.15.29:0/1239949225' entity='mgr.x' cmd=[{"prefix": "config dump", "format": "json"}]: dispatch
2024-04-25T18:50:43.231 INFO:journalctl@ceph.mon.a.smithi029.stdout:Apr 25 18:50:42 smithi029 ceph-mon[28033]: from='mgr.14120 172.21.15.29:0/1239949225' entity='mgr.x' cmd=[{"prefix":"config rm","who":"mgr","name":"mgr/rbd_support/x/mirror_snapshot_schedule"}]: dispatch
2024-04-25T18:50:43.231 INFO:journalctl@ceph.mon.a.smithi029.stdout:Apr 25 18:50:42 smithi029 ceph-mon[28033]: from='mgr.14120 172.21.15.29:0/1239949225' entity='mgr.x' cmd=[{"prefix":"config rm","who":"mgr","name":"mgr/rbd_support/x/trash_purge_schedule"}]: dispatch
2024-04-25T18:50:43.231 INFO:journalctl@ceph.mon.a.smithi029.stdout:Apr 25 18:50:42 smithi029 ceph-mon[28033]: from='mgr.14120 172.21.15.29:0/1239949225' entity='mgr.x'
2024-04-25T18:50:43.231 INFO:journalctl@ceph.mon.a.smithi029.stdout:Apr 25 18:50:42 smithi029 ceph-mon[28033]: from='mgr.14120 172.21.15.29:0/1239949225' entity='mgr.x'
2024-04-25T18:50:43.231 INFO:journalctl@ceph.mon.a.smithi029.stdout:Apr 25 18:50:42 smithi029 ceph-mon[28033]: mgrmap e7: x(active, since 1.00829s)
2024-04-25T18:50:43.542 INFO:teuthology.orchestra.run.smithi029.stdout:/usr/bin/ceph: stdout {
2024-04-25T18:50:43.543 INFO:teuthology.orchestra.run.smithi029.stdout:/usr/bin/ceph: stdout "mgrmap_epoch": 7,
2024-04-25T18:50:43.543 INFO:teuthology.orchestra.run.smithi029.stdout:/usr/bin/ceph: stdout "initialized": true
2024-04-25T18:50:43.543 INFO:teuthology.orchestra.run.smithi029.stdout:/usr/bin/ceph: stdout }
2024-04-25T18:50:43.543 INFO:teuthology.orchestra.run.smithi029.stdout:/usr/bin/ceph: stderr
2024-04-25T18:50:35.838+0000 7f33eee00700 1 Processor -- start
2024-04-25T18:50:43.544 INFO:teuthology.orchestra.run.smithi029.stdout:/usr/bin/ceph: stderr
2024-04-25T18:50:35.838+0000 7f33eee00700 1 -- start start
2024-04-25T18:50:43.544 INFO:teuthology.orchestra.run.smithi029.stdout:/usr/bin/ceph: stderr
2024-04-25T18:50:35.839+0000 7f33eee00700 1 --2- >> [v2:172.21.15.29:3300/0,v1:172.21.15.29:6789/0] conn(0x7f33e8108400 0x7f33e8108820 unknown :-1 s=NONE pgs=0 cs=0 l=0 rev1=0 crypto rx=0 tx=0 comp rx=0 tx=0).connect
2024-04-25T18:50:43.544 INFO:teuthology.orchestra.run.smithi029.stdout:/usr/bin/ceph: stderr
2024-04-25T18:50:35.839+0000 7f33eee00700 1 -- --> [v2:172.21.15.29:3300/0,v1:172.21.15.29:6789/0] -- mon_getmap magic: 0 -- 0x7f33e8108df0 con 0x7f33e8108400
2024-04-25T18:50:43.544 INFO:teuthology.orchestra.run.smithi029.stdout:/usr/bin/ceph: stderr
2024-04-25T18:50:35.839+0000 7f33eda00700 1 --2- >> [v2:172.21.15.29:3300/0,v1:172.21.15.29:6789/0] conn(0x7f33e8108400 0x7f33e8108820 unknown :-1 s=BANNER_CONNECTING pgs=0 cs=0 l=0 rev1=0 crypto rx=0 tx=0 comp rx=0 tx=0)._handle_peer_banner_payload supported=3 required=0
2024-04-25T18:50:43.544 INFO:teuthology.orchestra.run.smithi029.stdout:/usr/bin/ceph: stderr
2024-04-25T18:50:35.839+0000 7f33eda00700 1 --2- >> [v2:172.21.15.29:3300/0,v1:172.21.15.29:6789/0] conn(0x7f33e8108400 0x7f33e8108820 unknown :-1 s=HELLO_CONNECTING pgs=0 cs=0 l=0 rev1=1 crypto rx=0 tx=0 comp rx=0 tx=0).handle_hello peer v2:172.21.15.29:3300/0 says I am v2:172.21.15.29:42236/0 (socket says 172.21.15.29:42236)
2024-04-25T18:50:43.545 INFO:teuthology.orchestra.run.smithi029.stdout:/usr/bin/ceph: stderr
2024-04-25T18:50:35.839+0000 7f33eda00700 1 -- 172.21.15.29:0/2135883049 learned_addr learned my addr 172.21.15.29:0/2135883049 (peer_addr_for_me v2:172.21.15.29:0/0)
2024-04-25T18:50:43.545 INFO:teuthology.orchestra.run.smithi029.stdout:/usr/bin/ceph: stderr
2024-04-25T18:50:35.840+0000 7f33eda00700 1 -- 172.21.15.29:0/2135883049 --> [v2:172.21.15.29:3300/0,v1:172.21.15.29:6789/0] -- mon_subscribe({config=0+,monmap=0+}) -- 0x7f33e8109600 con 0x7f33e8108400
2024-04-25T18:50:43.545 INFO:teuthology.orchestra.run.smithi029.stdout:/usr/bin/ceph: stderr
2024-04-25T18:50:35.840+0000 7f33eda00700 1 --2- 172.21.15.29:0/2135883049 >> [v2:172.21.15.29:3300/0,v1:172.21.15.29:6789/0] conn(0x7f33e8108400 0x7f33e8108820 secure :-1 s=READY pgs=28 cs=0 l=1 rev1=1 crypto rx=0x7f33dc0098a0 tx=0x7f33dc009bb0 comp rx=0 tx=0).ready entity=mon.0 client_cookie=a4b189067472a581 server_cookie=0 in_seq=0 out_seq=0
2024-04-25T18:50:43.545 INFO:teuthology.orchestra.run.smithi029.stdout:/usr/bin/ceph: stderr
2024-04-25T18:50:35.840+0000 7f33e7e00700 1 -- 172.21.15.29:0/2135883049 <== mon.0 v2:172.21.15.29:3300/0 1 ==== mon_map magic: 0 ==== 205+0+0 (secure 0 0 0) 0x7f33dc004160 con 0x7f33e8108400
2024-04-25T18:50:43.545 INFO:teuthology.orchestra.run.smithi029.stdout:/usr/bin/ceph: stderr
2024-04-25T18:50:35.840+0000 7f33e7e00700 1 -- 172.21.15.29:0/2135883049 <== mon.0 v2:172.21.15.29:3300/0 2 ==== config(26 keys) ==== 1070+0+0 (secure 0 0 0) 0x7f33dc004300 con 0x7f33e8108400
2024-04-25T18:50:43.545 INFO:teuthology.orchestra.run.smithi029.stdout:/usr/bin/ceph: stderr
2024-04-25T18:50:35.840+0000 7f33e7e00700 1 -- 172.21.15.29:0/2135883049 <== mon.0 v2:172.21.15.29:3300/0 3 ==== mon_map magic: 0 ==== 205+0+0 (secure 0 0 0) 0x7f33dc011af0 con 0x7f33e8108400
2024-04-25T18:50:43.547 INFO:teuthology.orchestra.run.smithi029.stdout:/usr/bin/ceph: stderr
2024-04-25T18:50:35.841+0000 7f33eee00700 1 -- 172.21.15.29:0/2135883049 >> [v2:172.21.15.29:3300/0,v1:172.21.15.29:6789/0] conn(0x7f33e8108400 msgr2=0x7f33e8108820 secure :-1 s=STATE_CONNECTION_ESTABLISHED l=1).mark_down
2024-04-25T18:50:43.548 INFO:teuthology.orchestra.run.smithi029.stdout:/usr/bin/ceph: stderr
2024-04-25T18:50:35.841+0000 7f33eee00700 1 --2- 172.21.15.29:0/2135883049 >> [v2:172.21.15.29:3300/0,v1:172.21.15.29:6789/0] conn(0x7f33e8108400 0x7f33e8108820 secure :-1 s=READY pgs=28 cs=0 l=1 rev1=1 crypto rx=0x7f33dc0098a0 tx=0x7f33dc009bb0 comp rx=0 tx=0).stop
2024-04-25T18:50:43.548 INFO:teuthology.orchestra.run.smithi029.stdout:/usr/bin/ceph: stderr
2024-04-25T18:50:35.841+0000 7f33eee00700 1 -- 172.21.15.29:0/2135883049 shutdown_connections
2024-04-25T18:50:43.548 INFO:teuthology.orchestra.run.smithi029.stdout:/usr/bin/ceph: stderr
2024-04-25T18:50:35.841+0000 7f33eee00700 1 --2- 172.21.15.29:0/2135883049 >> [v2:172.21.15.29:3300/0,v1:172.21.15.29:6789/0] conn(0x7f33e8108400 0x7f33e8108820 unknown :-1 s=CLOSED pgs=28 cs=0 l=1 rev1=1 crypto rx=0 tx=0 comp rx=0 tx=0).stop
2024-04-25T18:50:43.548 INFO:teuthology.orchestra.run.smithi029.stdout:/usr/bin/ceph: stderr
2024-04-25T18:50:35.841+0000 7f33eee00700 1 -- 172.21.15.29:0/2135883049 >> 172.21.15.29:0/2135883049 conn(0x7f33e8103a00 msgr2=0x7f33e8105e20 unknown :-1 s=STATE_NONE l=0).mark_down
2024-04-25T18:50:43.548 INFO:teuthology.orchestra.run.smithi029.stdout:/usr/bin/ceph: stderr
2024-04-25T18:50:35.841+0000 7f33eee00700 1 -- 172.21.15.29:0/2135883049 shutdown_connections
2024-04-25T18:50:43.548 INFO:teuthology.orchestra.run.smithi029.stdout:/usr/bin/ceph: stderr
2024-04-25T18:50:35.842+0000 7f33eee00700 1 -- 172.21.15.29:0/2135883049 wait complete.
2024-04-25T18:50:43.548 INFO:teuthology.orchestra.run.smithi029.stdout:/usr/bin/ceph: stderr
2024-04-25T18:50:35.842+0000 7f33eee00700 1 Processor -- start
2024-04-25T18:50:43.548 INFO:teuthology.orchestra.run.smithi029.stdout:/usr/bin/ceph: stderr
2024-04-25T18:50:35.843+0000 7f33eee00700 1 -- start start
2024-04-25T18:50:43.548 INFO:teuthology.orchestra.run.smithi029.stdout:/usr/bin/ceph: stderr
2024-04-25T18:50:35.843+0000 7f33eee00700 1 --2- >> [v2:172.21.15.29:3300/0,v1:172.21.15.29:6789/0] conn(0x7f33e8108400 0x7f33e819c330 unknown :-1 s=NONE pgs=0 cs=0 l=1 rev1=0 crypto rx=0 tx=0 comp rx=0 tx=0).connect
2024-04-25T18:50:43.548 INFO:teuthology.orchestra.run.smithi029.stdout:/usr/bin/ceph: stderr
2024-04-25T18:50:35.843+0000 7f33eee00700 1 -- --> [v2:172.21.15.29:3300/0,v1:172.21.15.29:6789/0] -- mon_getmap magic: 0 -- 0x7f33e810c830 con 0x7f33e8108400
2024-04-25T18:50:43.548 INFO:teuthology.orchestra.run.smithi029.stdout:/usr/bin/ceph: stderr
2024-04-25T18:50:35.843+0000 7f33eda00700 1 --2- >> [v2:172.21.15.29:3300/0,v1:172.21.15.29:6789/0] conn(0x7f33e8108400 0x7f33e819c330 unknown :-1 s=BANNER_CONNECTING pgs=0 cs=0 l=1 rev1=0 crypto rx=0 tx=0 comp rx=0 tx=0)._handle_peer_banner_payload supported=3 required=0
2024-04-25T18:50:43.548 INFO:teuthology.orchestra.run.smithi029.stdout:/usr/bin/ceph: stderr
2024-04-25T18:50:35.843+0000 7f33eda00700 1 --2- >> [v2:172.21.15.29:3300/0,v1:172.21.15.29:6789/0] conn(0x7f33e8108400 0x7f33e819c330 unknown :-1 s=HELLO_CONNECTING pgs=0 cs=0 l=1 rev1=1 crypto rx=0 tx=0 comp rx=0 tx=0).handle_hello peer v2:172.21.15.29:3300/0 says I am v2:172.21.15.29:42238/0 (socket says 172.21.15.29:42238)
2024-04-25T18:50:43.549 INFO:teuthology.orchestra.run.smithi029.stdout:/usr/bin/ceph: stderr
2024-04-25T18:50:35.843+0000 7f33eda00700 1 -- 172.21.15.29:0/212378399 learned_addr learned my addr 172.21.15.29:0/212378399 (peer_addr_for_me v2:172.21.15.29:0/0)
2024-04-25T18:50:43.549 INFO:teuthology.orchestra.run.smithi029.stdout:/usr/bin/ceph: stderr
2024-04-25T18:50:35.844+0000 7f33eda00700 1 -- 172.21.15.29:0/212378399 --> [v2:172.21.15.29:3300/0,v1:172.21.15.29:6789/0] -- mon_subscribe({config=0+,monmap=0+}) -- 0x7f33e819c870 con 0x7f33e8108400
2024-04-25T18:50:43.549 INFO:teuthology.orchestra.run.smithi029.stdout:/usr/bin/ceph: stderr
2024-04-25T18:50:35.844+0000 7f33eda00700 1 --2- 172.21.15.29:0/212378399 >> [v2:172.21.15.29:3300/0,v1:172.21.15.29:6789/0] conn(0x7f33e8108400 0x7f33e819c330 secure :-1 s=READY pgs=29 cs=0 l=1 rev1=1 crypto rx=0x7f33dc000c00 tx=0x7f33dc011b70 comp rx=0 tx=0).ready entity=mon.0 client_cookie=0 server_cookie=0 in_seq=0 out_seq=0
2024-04-25T18:50:43.549 INFO:teuthology.orchestra.run.smithi029.stdout:/usr/bin/ceph: stderr
2024-04-25T18:50:35.844+0000 7f33e6000700 1 -- 172.21.15.29:0/212378399 <== mon.0 v2:172.21.15.29:3300/0 1 ==== mon_map magic: 0 ==== 205+0+0 (secure 0 0 0) 0x7f33dc003b20 con 0x7f33e8108400
2024-04-25T18:50:43.549 INFO:teuthology.orchestra.run.smithi029.stdout:/usr/bin/ceph: stderr
2024-04-25T18:50:35.844+0000 7f33e6000700 1 -- 172.21.15.29:0/212378399 <== mon.0 v2:172.21.15.29:3300/0 2 ==== config(26 keys) ==== 1070+0+0 (secure 0 0 0) 0x7f33dc01a8c0 con 0x7f33e8108400
2024-04-25T18:50:43.549 INFO:teuthology.orchestra.run.smithi029.stdout:/usr/bin/ceph: stderr
2024-04-25T18:50:35.844+0000 7f33e6000700 1 -- 172.21.15.29:0/212378399 <== mon.0 v2:172.21.15.29:3300/0 3 ==== mon_map magic: 0 ==== 205+0+0 (secure 0 0 0) 0x7f33dc024940 con 0x7f33e8108400
2024-04-25T18:50:43.549 INFO:teuthology.orchestra.run.smithi029.stdout:/usr/bin/ceph: stderr
2024-04-25T18:50:35.844+0000 7f33eee00700 1 -- 172.21.15.29:0/212378399 --> [v2:172.21.15.29:3300/0,v1:172.21.15.29:6789/0] -- mon_subscribe({mgrmap=0+}) -- 0x7f33e819cb00 con 0x7f33e8108400
2024-04-25T18:50:43.549 INFO:teuthology.orchestra.run.smithi029.stdout:/usr/bin/ceph: stderr
2024-04-25T18:50:35.844+0000 7f33eee00700 1 -- 172.21.15.29:0/212378399 --> [v2:172.21.15.29:3300/0,v1:172.21.15.29:6789/0] -- mon_subscribe({osdmap=0}) -- 0x7f33e819f7f0 con 0x7f33e8108400
2024-04-25T18:50:43.549 INFO:teuthology.orchestra.run.smithi029.stdout:/usr/bin/ceph: stderr
2024-04-25T18:50:35.846+0000 7f33e6000700 1 -- 172.21.15.29:0/212378399 <== mon.0 v2:172.21.15.29:3300/0 4 ==== mgrmap(e 5) ==== 46558+0+0 (secure 0 0 0) 0x7f33dc022020 con 0x7f33e8108400
2024-04-25T18:50:43.549 INFO:teuthology.orchestra.run.smithi029.stdout:/usr/bin/ceph: stderr
2024-04-25T18:50:35.846+0000 7f33e6000700 1 --2- 172.21.15.29:0/212378399 >> [v2:172.21.15.29:6800/4188536695,v1:172.21.15.29:6801/4188536695] conn(0x7f33d0039600 0x7f33d003bac0 unknown :-1 s=NONE pgs=0 cs=0 l=1 rev1=0 crypto rx=0 tx=0 comp rx=0 tx=0).connect
2024-04-25T18:50:43.550 INFO:teuthology.orchestra.run.smithi029.stdout:/usr/bin/ceph: stderr
2024-04-25T18:50:35.846+0000 7f33e6000700 1 -- 172.21.15.29:0/212378399 --> [v2:172.21.15.29:6800/4188536695,v1:172.21.15.29:6801/4188536695] -- command(tid 0: {"prefix": "get_command_descriptions"}) -- 0x7f33d003c1d0 con 0x7f33d0039600
2024-04-25T18:50:43.550 INFO:teuthology.orchestra.run.smithi029.stdout:/usr/bin/ceph: stderr
2024-04-25T18:50:35.846+0000 7f33e6000700 1 -- 172.21.15.29:0/212378399 <== mon.0 v2:172.21.15.29:3300/0 5 ==== osd_map(1..1 src has 1..1) ==== 725+0+0 (secure 0 0 0) 0x7f33dc04d490 con 0x7f33e8108400
2024-04-25T18:50:43.550 INFO:teuthology.orchestra.run.smithi029.stdout:/usr/bin/ceph: stderr
2024-04-25T18:50:35.846+0000 7f33ed000700 1 -- 172.21.15.29:0/212378399 >> [v2:172.21.15.29:6800/4188536695,v1:172.21.15.29:6801/4188536695] conn(0x7f33d0039600 msgr2=0x7f33d003bac0 unknown :-1 s=STATE_CONNECTING_RE l=1).process reconnect failed to v2:172.21.15.29:6800/4188536695
2024-04-25T18:50:43.550 INFO:teuthology.orchestra.run.smithi029.stdout:/usr/bin/ceph: stderr
2024-04-25T18:50:35.846+0000 7f33ed000700 1 --2- 172.21.15.29:0/212378399 >> [v2:172.21.15.29:6800/4188536695,v1:172.21.15.29:6801/4188536695] conn(0x7f33d0039600 0x7f33d003bac0 unknown :-1 s=START_CONNECT pgs=0 cs=0 l=1 rev1=0 crypto rx=0 tx=0 comp rx=0 tx=0)._fault waiting 0.200000
2024-04-25T18:50:43.550 INFO:teuthology.orchestra.run.smithi029.stdout:/usr/bin/ceph: stderr
2024-04-25T18:50:36.047+0000 7f33ed000700 1 -- 172.21.15.29:0/212378399 >> [v2:172.21.15.29:6800/4188536695,v1:172.21.15.29:6801/4188536695] conn(0x7f33d0039600 msgr2=0x7f33d003bac0 unknown :-1 s=STATE_CONNECTING_RE l=1).process reconnect failed to v2:172.21.15.29:6800/4188536695
2024-04-25T18:50:43.551 INFO:teuthology.orchestra.run.smithi029.stdout:/usr/bin/ceph: stderr
2024-04-25T18:50:36.047+0000 7f33ed000700 1 --2- 172.21.15.29:0/212378399 >> [v2:172.21.15.29:6800/4188536695,v1:172.21.15.29:6801/4188536695] conn(0x7f33d0039600 0x7f33d003bac0 unknown :-1 s=START_CONNECT pgs=0 cs=0 l=1 rev1=0 crypto rx=0 tx=0 comp rx=0 tx=0)._fault waiting 0.400000
2024-04-25T18:50:43.551 INFO:teuthology.orchestra.run.smithi029.stdout:/usr/bin/ceph: stderr
2024-04-25T18:50:36.448+0000 7f33ed000700 1 -- 172.21.15.29:0/212378399 >> [v2:172.21.15.29:6800/4188536695,v1:172.21.15.29:6801/4188536695] conn(0x7f33d0039600 msgr2=0x7f33d003bac0 unknown :-1 s=STATE_CONNECTING_RE l=1).process reconnect failed to v2:172.21.15.29:6800/4188536695
2024-04-25T18:50:43.551 INFO:teuthology.orchestra.run.smithi029.stdout:/usr/bin/ceph: stderr
2024-04-25T18:50:36.448+0000 7f33ed000700 1 --2- 172.21.15.29:0/212378399 >> [v2:172.21.15.29:6800/4188536695,v1:172.21.15.29:6801/4188536695] conn(0x7f33d0039600 0x7f33d003bac0 unknown :-1 s=START_CONNECT pgs=0 cs=0 l=1 rev1=0 crypto rx=0 tx=0 comp rx=0 tx=0)._fault waiting 0.800000
2024-04-25T18:50:43.551 INFO:teuthology.orchestra.run.smithi029.stdout:/usr/bin/ceph: stderr
2024-04-25T18:50:37.249+0000 7f33ed000700 1 -- 172.21.15.29:0/212378399 >> [v2:172.21.15.29:6800/4188536695,v1:172.21.15.29:6801/4188536695] conn(0x7f33d0039600 msgr2=0x7f33d003bac0 unknown :-1 s=STATE_CONNECTING_RE l=1).process reconnect failed to v2:172.21.15.29:6800/4188536695
2024-04-25T18:50:43.551 INFO:teuthology.orchestra.run.smithi029.stdout:/usr/bin/ceph: stderr
2024-04-25T18:50:37.249+0000 7f33ed000700 1 --2- 172.21.15.29:0/212378399 >> [v2:172.21.15.29:6800/4188536695,v1:172.21.15.29:6801/4188536695] conn(0x7f33d0039600 0x7f33d003bac0 unknown :-1 s=START_CONNECT pgs=0 cs=0 l=1 rev1=0 crypto rx=0 tx=0 comp rx=0 tx=0)._fault waiting 1.600000
2024-04-25T18:50:43.551 INFO:teuthology.orchestra.run.smithi029.stdout:/usr/bin/ceph: stderr
2024-04-25T18:50:38.851+0000 7f33ed000700 1 -- 172.21.15.29:0/212378399 >> [v2:172.21.15.29:6800/4188536695,v1:172.21.15.29:6801/4188536695] conn(0x7f33d0039600 msgr2=0x7f33d003bac0 unknown :-1 s=STATE_CONNECTING_RE l=1).process reconnect failed to v2:172.21.15.29:6800/4188536695
2024-04-25T18:50:43.552 INFO:teuthology.orchestra.run.smithi029.stdout:/usr/bin/ceph: stderr
2024-04-25T18:50:38.851+0000 7f33ed000700 1 --2- 172.21.15.29:0/212378399 >> [v2:172.21.15.29:6800/4188536695,v1:172.21.15.29:6801/4188536695] conn(0x7f33d0039600 0x7f33d003bac0 unknown :-1 s=START_CONNECT pgs=0 cs=0 l=1 rev1=0 crypto rx=0 tx=0 comp rx=0 tx=0)._fault waiting 3.200000
2024-04-25T18:50:43.552 INFO:teuthology.orchestra.run.smithi029.stdout:/usr/bin/ceph: stderr
2024-04-25T18:50:41.844+0000 7f33e6000700 1 -- 172.21.15.29:0/212378399 <== mon.0 v2:172.21.15.29:3300/0 6 ==== mgrmap(e 6) ==== 46325+0+0 (secure 0 0 0) 0x7f33dc01aa70 con 0x7f33e8108400
2024-04-25T18:50:43.552 INFO:teuthology.orchestra.run.smithi029.stdout:/usr/bin/ceph: stderr
2024-04-25T18:50:41.844+0000 7f33e6000700 1 -- 172.21.15.29:0/212378399 >> [v2:172.21.15.29:6800/4188536695,v1:172.21.15.29:6801/4188536695] conn(0x7f33d0039600 msgr2=0x7f33d003bac0 unknown :-1 s=STATE_CONNECTING l=1).mark_down
2024-04-25T18:50:43.552 INFO:teuthology.orchestra.run.smithi029.stdout:/usr/bin/ceph: stderr
2024-04-25T18:50:41.844+0000 7f33e6000700 1 --2- 172.21.15.29:0/212378399 >> [v2:172.21.15.29:6800/4188536695,v1:172.21.15.29:6801/4188536695] conn(0x7f33d0039600 0x7f33d003bac0 unknown :-1 s=START_CONNECT pgs=0 cs=0 l=1 rev1=0 crypto rx=0 tx=0 comp rx=0 tx=0).stop
2024-04-25T18:50:43.552 INFO:teuthology.orchestra.run.smithi029.stdout:/usr/bin/ceph: stderr
2024-04-25T18:50:42.846+0000 7f33e6000700 1 -- 172.21.15.29:0/212378399 <== mon.0 v2:172.21.15.29:3300/0 7 ==== mgrmap(e 7) ==== 46452+0+0 (secure 0 0 0) 0x7f33dc00b3e0 con 0x7f33e8108400
2024-04-25T18:50:43.552 INFO:teuthology.orchestra.run.smithi029.stdout:/usr/bin/ceph: stderr
2024-04-25T18:50:42.846+0000 7f33e6000700 1 --2- 172.21.15.29:0/212378399 >> [v2:172.21.15.29:6800/1396168773,v1:172.21.15.29:6801/1396168773] conn(0x7f33d003cef0 0x7f33d003f2e0 unknown :-1 s=NONE pgs=0 cs=0 l=1 rev1=0 crypto rx=0 tx=0 comp rx=0 tx=0).connect
2024-04-25T18:50:43.552 INFO:teuthology.orchestra.run.smithi029.stdout:/usr/bin/ceph: stderr
2024-04-25T18:50:42.846+0000 7f33e6000700 1 -- 172.21.15.29:0/212378399 --> [v2:172.21.15.29:6800/1396168773,v1:172.21.15.29:6801/1396168773] -- command(tid 0: {"prefix": "get_command_descriptions"}) -- 0x7f33dc02be50 con 0x7f33d003cef0
2024-04-25T18:50:43.552 INFO:teuthology.orchestra.run.smithi029.stdout:/usr/bin/ceph: stderr
2024-04-25T18:50:42.847+0000 7f33ed000700 1 --2- 172.21.15.29:0/212378399 >> [v2:172.21.15.29:6800/1396168773,v1:172.21.15.29:6801/1396168773] conn(0x7f33d003cef0 0x7f33d003f2e0 unknown :-1 s=BANNER_CONNECTING pgs=0 cs=0 l=1 rev1=0 crypto rx=0 tx=0 comp rx=0 tx=0)._handle_peer_banner_payload supported=3 required=0
2024-04-25T18:50:43.552 INFO:teuthology.orchestra.run.smithi029.stdout:/usr/bin/ceph: stderr
2024-04-25T18:50:42.848+0000 7f33ed000700 1 --2- 172.21.15.29:0/212378399 >> [v2:172.21.15.29:6800/1396168773,v1:172.21.15.29:6801/1396168773] conn(0x7f33d003cef0 0x7f33d003f2e0 secure :-1 s=READY pgs=1 cs=0 l=1 rev1=1 crypto rx=0x7f33d4003a10 tx=0x7f33d40092b0 comp rx=0 tx=0).ready entity=mgr.14120 client_cookie=0 server_cookie=0 in_seq=0 out_seq=0
2024-04-25T18:50:43.554 INFO:teuthology.orchestra.run.smithi029.stdout:/usr/bin/ceph: stderr
2024-04-25T18:50:42.849+0000 7f33e6000700 1 -- 172.21.15.29:0/212378399 <== mgr.14120 v2:172.21.15.29:6800/1396168773 1 ==== command_reply(tid 0: 0 ) ==== 8+0+7774 (secure 0 0 0) 0x7f33dc02be50 con 0x7f33d003cef0
2024-04-25T18:50:43.554 INFO:teuthology.orchestra.run.smithi029.stdout:/usr/bin/ceph: stderr
2024-04-25T18:50:42.858+0000 7f33eee00700 1 -- 172.21.15.29:0/212378399 --> [v2:172.21.15.29:6800/1396168773,v1:172.21.15.29:6801/1396168773] -- command(tid 1: {"prefix": "mgr_status"}) -- 0x7f33e810c9b0 con 0x7f33d003cef0
2024-04-25T18:50:43.554 INFO:teuthology.orchestra.run.smithi029.stdout:/usr/bin/ceph: stderr
2024-04-25T18:50:42.858+0000 7f33e6000700 1 -- 172.21.15.29:0/212378399 <== mgr.14120 v2:172.21.15.29:6800/1396168773 2 ==== command_reply(tid 1: 0 ) ==== 8+0+51 (secure 0 0 0) 0x7f33e810c9b0 con 0x7f33d003cef0
2024-04-25T18:50:43.554 INFO:teuthology.orchestra.run.smithi029.stdout:/usr/bin/ceph: stderr
2024-04-25T18:50:42.859+0000 7f33eee00700 1 -- 172.21.15.29:0/212378399 >> [v2:172.21.15.29:6800/1396168773,v1:172.21.15.29:6801/1396168773] conn(0x7f33d003cef0 msgr2=0x7f33d003f2e0 secure :-1 s=STATE_CONNECTION_ESTABLISHED l=1).mark_down
2024-04-25T18:50:43.554 INFO:teuthology.orchestra.run.smithi029.stdout:/usr/bin/ceph: stderr
2024-04-25T18:50:42.859+0000 7f33eee00700 1 --2- 172.21.15.29:0/212378399 >> [v2:172.21.15.29:6800/1396168773,v1:172.21.15.29:6801/1396168773] conn(0x7f33d003cef0 0x7f33d003f2e0 secure :-1 s=READY pgs=1 cs=0 l=1 rev1=1 crypto rx=0x7f33d4003a10 tx=0x7f33d40092b0 comp rx=0 tx=0).stop
2024-04-25T18:50:43.554 INFO:teuthology.orchestra.run.smithi029.stdout:/usr/bin/ceph: stderr
2024-04-25T18:50:42.859+0000 7f33eee00700 1 -- 172.21.15.29:0/212378399 >> [v2:172.21.15.29:3300/0,v1:172.21.15.29:6789/0] conn(0x7f33e8108400 msgr2=0x7f33e819c330 secure :-1 s=STATE_CONNECTION_ESTABLISHED l=1).mark_down
2024-04-25T18:50:43.554 INFO:teuthology.orchestra.run.smithi029.stdout:/usr/bin/ceph: stderr
2024-04-25T18:50:42.859+0000 7f33eee00700 1 --2- 172.21.15.29:0/212378399 >> [v2:172.21.15.29:3300/0,v1:172.21.15.29:6789/0] conn(0x7f33e8108400 0x7f33e819c330 secure :-1 s=READY pgs=29 cs=0 l=1 rev1=1 crypto rx=0x7f33dc000c00 tx=0x7f33dc011b70 comp rx=0 tx=0).stop
2024-04-25T18:50:43.554 INFO:teuthology.orchestra.run.smithi029.stdout:/usr/bin/ceph: stderr
2024-04-25T18:50:42.859+0000 7f33eee00700 1 -- 172.21.15.29:0/212378399 shutdown_connections
2024-04-25T18:50:43.554 INFO:teuthology.orchestra.run.smithi029.stdout:/usr/bin/ceph: stderr
2024-04-25T18:50:42.859+0000 7f33eee00700 1 --2- 172.21.15.29:0/212378399 >> [v2:172.21.15.29:6800/1396168773,v1:172.21.15.29:6801/1396168773] conn(0x7f33d003cef0 0x7f33d003f2e0 unknown :-1 s=CLOSED pgs=1 cs=0 l=1 rev1=1 crypto rx=0 tx=0 comp rx=0 tx=0).stop
2024-04-25T18:50:43.555 INFO:teuthology.orchestra.run.smithi029.stdout:/usr/bin/ceph: stderr
2024-04-25T18:50:42.859+0000 7f33eee00700 1 --2- 172.21.15.29:0/212378399 >> [v2:172.21.15.29:3300/0,v1:172.21.15.29:6789/0] conn(0x7f33e8108400 0x7f33e819c330 unknown :-1 s=CLOSED pgs=29 cs=0 l=1 rev1=1 crypto rx=0 tx=0 comp rx=0 tx=0).stop
2024-04-25T18:50:43.555 INFO:teuthology.orchestra.run.smithi029.stdout:/usr/bin/ceph: stderr
2024-04-25T18:50:42.859+0000 7f33eee00700 1 --2- 172.21.15.29:0/212378399 >> [v2:172.21.15.29:6800/4188536695,v1:172.21.15.29:6801/4188536695] conn(0x7f33d0039600 0x7f33d003bac0 unknown :-1 s=CLOSED pgs=0 cs=0 l=1 rev1=0 crypto rx=0 tx=0 comp rx=0 tx=0).stop
2024-04-25T18:50:43.555 INFO:teuthology.orchestra.run.smithi029.stdout:/usr/bin/ceph: stderr
2024-04-25T18:50:42.859+0000 7f33eee00700 1 -- 172.21.15.29:0/212378399 >> 172.21.15.29:0/212378399 conn(0x7f33e8103a00 msgr2=0x7f33e8104560 unknown :-1 s=STATE_NONE l=0).mark_down
2024-04-25T18:50:43.555 INFO:teuthology.orchestra.run.smithi029.stdout:/usr/bin/ceph: stderr
2024-04-25T18:50:42.859+0000 7f33eee00700 1 -- 172.21.15.29:0/212378399 shutdown_connections
2024-04-25T18:50:43.555 INFO:teuthology.orchestra.run.smithi029.stdout:/usr/bin/ceph: stderr
2024-04-25T18:50:42.859+0000 7f33eee00700 1 -- 172.21.15.29:0/212378399 wait complete.
2024-04-25T18:50:43.555 INFO:teuthology.orchestra.run.smithi029.stdout:mgr epoch 5 is available
2024-04-25T18:50:43.555 INFO:teuthology.orchestra.run.smithi029.stdout:Setting orchestrator backend to cephadm...
2024-04-25T18:50:44.151 INFO:journalctl@ceph.mon.a.smithi029.stdout:Apr 25 18:50:43 smithi029 ceph-mon[28033]: [25/Apr/2024:18:50:42] ENGINE Bus STARTING
2024-04-25T18:50:44.151 INFO:journalctl@ceph.mon.a.smithi029.stdout:Apr 25 18:50:43 smithi029 ceph-mon[28033]: from='client.14124 -' entity='client.admin' cmd=[{"prefix": "get_command_descriptions"}]: dispatch
2024-04-25T18:50:44.151 INFO:journalctl@ceph.mon.a.smithi029.stdout:Apr 25 18:50:43 smithi029 ceph-mon[28033]: from='client.14124 -' entity='client.admin' cmd=[{"prefix": "mgr_status"}]: dispatch
2024-04-25T18:50:44.151 INFO:journalctl@ceph.mon.a.smithi029.stdout:Apr 25 18:50:43 smithi029 ceph-mon[28033]: [25/Apr/2024:18:50:42] ENGINE Serving on http://172.21.15.29:8765
2024-04-25T18:50:44.151 INFO:journalctl@ceph.mon.a.smithi029.stdout:Apr 25 18:50:43 smithi029 ceph-mon[28033]: [25/Apr/2024:18:50:43] ENGINE Serving on https://172.21.15.29:7150
2024-04-25T18:50:44.152 INFO:journalctl@ceph.mon.a.smithi029.stdout:Apr 25 18:50:43 smithi029 ceph-mon[28033]: [25/Apr/2024:18:50:43] ENGINE Bus STARTED
2024-04-25T18:50:44.152 INFO:journalctl@ceph.mon.a.smithi029.stdout:Apr 25 18:50:43 smithi029 ceph-mon[28033]: from='mgr.14120 172.21.15.29:0/1239949225' entity='mgr.x' cmd=[{"prefix": "config dump", "format": "json"}]: dispatch
2024-04-25T18:50:45.235 INFO:journalctl@ceph.mon.a.smithi029.stdout:Apr 25 18:50:44 smithi029 ceph-mon[28033]: mgrmap e8: x(active, since 2s)
2024-04-25T18:50:45.235 INFO:journalctl@ceph.mon.a.smithi029.stdout:Apr 25 18:50:44 smithi029 ceph-mon[28033]: from='client.14132 -' entity='client.admin' cmd=[{"prefix": "orch set backend", "module_name": "cephadm", "target": ["mon-mgr", ""]}]: dispatch
2024-04-25T18:50:45.235 INFO:journalctl@ceph.mon.a.smithi029.stdout:Apr 25 18:50:44 smithi029 ceph-mon[28033]: from='mgr.14120 172.21.15.29:0/1239949225' entity='mgr.x'
2024-04-25T18:50:45.235 INFO:journalctl@ceph.mon.a.smithi029.stdout:Apr 25 18:50:44 smithi029 ceph-mon[28033]: from='mgr.14120 172.21.15.29:0/1239949225' entity='mgr.x' cmd=[{"prefix": "config dump", "format": "json"}]: dispatch
2024-04-25T18:50:45.245 INFO:teuthology.orchestra.run.smithi029.stdout:/usr/bin/ceph: stderr
2024-04-25T18:50:44.221+0000 7f86e7200700 1 Processor -- start
2024-04-25T18:50:45.245 INFO:teuthology.orchestra.run.smithi029.stdout:/usr/bin/ceph: stderr
2024-04-25T18:50:44.222+0000 7f86e7200700 1 -- start start
2024-04-25T18:50:45.245 INFO:teuthology.orchestra.run.smithi029.stdout:/usr/bin/ceph: stderr
2024-04-25T18:50:44.222+0000 7f86e7200700 1 --2- >> [v2:172.21.15.29:3300/0,v1:172.21.15.29:6789/0] conn(0x7f86e807e810 0x7f86e807ec30 unknown :-1 s=NONE pgs=0 cs=0 l=0 rev1=0 crypto rx=0 tx=0 comp rx=0 tx=0).connect
2024-04-25T18:50:45.246 INFO:teuthology.orchestra.run.smithi029.stdout:/usr/bin/ceph: stderr
2024-04-25T18:50:44.222+0000 7f86e7200700 1 -- --> [v2:172.21.15.29:3300/0,v1:172.21.15.29:6789/0] -- mon_getmap magic: 0 -- 0x7f86e807f200 con 0x7f86e807e810
2024-04-25T18:50:45.246 INFO:teuthology.orchestra.run.smithi029.stdout:/usr/bin/ceph: stderr
2024-04-25T18:50:44.223+0000 7f86e5e00700 1 --2- >> [v2:172.21.15.29:3300/0,v1:172.21.15.29:6789/0] conn(0x7f86e807e810 0x7f86e807ec30 unknown :-1 s=BANNER_CONNECTING pgs=0 cs=0 l=0 rev1=0 crypto rx=0 tx=0 comp rx=0 tx=0)._handle_peer_banner_payload supported=3 required=0
2024-04-25T18:50:45.246 INFO:teuthology.orchestra.run.smithi029.stdout:/usr/bin/ceph: stderr
