2024-04-25T18:51:12.856+0000 7fb11aa00700 1 -- 172.21.15.29:0/2911887242 <== mon.0 v2:172.21.15.29:3300/0 2 ==== config(26 keys) ==== 1101+0+0 (secure 0 0 0) 0x7fb11401b8f0 con 0x7fb1241085c0
2024-04-25T18:51:19.517 INFO:teuthology.orchestra.run.smithi029.stdout:/usr/bin/ceph: stderr
2024-04-25T18:51:12.856+0000 7fb11aa00700 1 -- 172.21.15.29:0/2911887242 <== mon.0 v2:172.21.15.29:3300/0 3 ==== mon_map magic: 0 ==== 205+0+0 (secure 0 0 0) 0x7fb114023890 con 0x7fb1241085c0
2024-04-25T18:51:19.517 INFO:teuthology.orchestra.run.smithi029.stdout:/usr/bin/ceph: stderr
2024-04-25T18:51:12.856+0000 7fb128c00700 1 -- 172.21.15.29:0/2911887242 --> [v2:172.21.15.29:3300/0,v1:172.21.15.29:6789/0] -- mon_subscribe({mgrmap=0+}) -- 0x7fb12419ccb0 con 0x7fb1241085c0
2024-04-25T18:51:19.517 INFO:teuthology.orchestra.run.smithi029.stdout:/usr/bin/ceph: stderr
2024-04-25T18:51:12.856+0000 7fb128c00700 1 -- 172.21.15.29:0/2911887242 --> [v2:172.21.15.29:3300/0,v1:172.21.15.29:6789/0] -- mon_subscribe({osdmap=0}) -- 0x7fb12419f9a0 con 0x7fb1241085c0
2024-04-25T18:51:19.517 INFO:teuthology.orchestra.run.smithi029.stdout:/usr/bin/ceph: stderr
2024-04-25T18:51:12.857+0000 7fb11aa00700 1 -- 172.21.15.29:0/2911887242 <== mon.0 v2:172.21.15.29:3300/0 4 ==== mgrmap(e 9) ==== 46571+0+0 (secure 0 0 0) 0x7fb11401b440 con 0x7fb1241085c0
2024-04-25T18:51:19.517 INFO:teuthology.orchestra.run.smithi029.stdout:/usr/bin/ceph: stderr
2024-04-25T18:51:12.858+0000 7fb11aa00700 1 --2- 172.21.15.29:0/2911887242 >> [v2:172.21.15.29:6800/1396168773,v1:172.21.15.29:6801/1396168773] conn(0x7fb108039600 0x7fb10803bac0 unknown :-1 s=NONE pgs=0 cs=0 l=1 rev1=0 crypto rx=0 tx=0 comp rx=0 tx=0).connect
2024-04-25T18:51:19.517 INFO:teuthology.orchestra.run.smithi029.stdout:/usr/bin/ceph: stderr
2024-04-25T18:51:12.858+0000 7fb11aa00700 1 -- 172.21.15.29:0/2911887242 --> [v2:172.21.15.29:6800/1396168773,v1:172.21.15.29:6801/1396168773] -- command(tid 0: {"prefix": "get_command_descriptions"}) -- 0x7fb10803c1d0 con 0x7fb108039600
2024-04-25T18:51:19.517 INFO:teuthology.orchestra.run.smithi029.stdout:/usr/bin/ceph: stderr
2024-04-25T18:51:12.858+0000 7fb11aa00700 1 -- 172.21.15.29:0/2911887242 <== mon.0 v2:172.21.15.29:3300/0 5 ==== osd_map(2..2 src has 1..2) ==== 940+0+0 (secure 0 0 0) 0x7fb11404dfd0 con 0x7fb1241085c0
2024-04-25T18:51:19.521 INFO:teuthology.orchestra.run.smithi029.stdout:/usr/bin/ceph: stderr
2024-04-25T18:51:12.858+0000 7fb121400700 1 -- 172.21.15.29:0/2911887242 >> [v2:172.21.15.29:6800/1396168773,v1:172.21.15.29:6801/1396168773] conn(0x7fb108039600 msgr2=0x7fb10803bac0 unknown :-1 s=STATE_CONNECTING_RE l=1).process reconnect failed to v2:172.21.15.29:6800/1396168773
2024-04-25T18:51:19.521 INFO:teuthology.orchestra.run.smithi029.stdout:/usr/bin/ceph: stderr
2024-04-25T18:51:12.858+0000 7fb121400700 1 --2- 172.21.15.29:0/2911887242 >> [v2:172.21.15.29:6800/1396168773,v1:172.21.15.29:6801/1396168773] conn(0x7fb108039600 0x7fb10803bac0 unknown :-1 s=START_CONNECT pgs=0 cs=0 l=1 rev1=0 crypto rx=0 tx=0 comp rx=0 tx=0)._fault waiting 0.200000
2024-04-25T18:51:19.521 INFO:teuthology.orchestra.run.smithi029.stdout:/usr/bin/ceph: stderr
2024-04-25T18:51:13.059+0000 7fb121400700 1 -- 172.21.15.29:0/2911887242 >> [v2:172.21.15.29:6800/1396168773,v1:172.21.15.29:6801/1396168773] conn(0x7fb108039600 msgr2=0x7fb10803bac0 unknown :-1 s=STATE_CONNECTING_RE l=1).process reconnect failed to v2:172.21.15.29:6800/1396168773
2024-04-25T18:51:19.521 INFO:teuthology.orchestra.run.smithi029.stdout:/usr/bin/ceph: stderr
2024-04-25T18:51:13.059+0000 7fb121400700 1 --2- 172.21.15.29:0/2911887242 >> [v2:172.21.15.29:6800/1396168773,v1:172.21.15.29:6801/1396168773] conn(0x7fb108039600 0x7fb10803bac0 unknown :-1 s=START_CONNECT pgs=0 cs=0 l=1 rev1=0 crypto rx=0 tx=0 comp rx=0 tx=0)._fault waiting 0.400000
2024-04-25T18:51:19.521 INFO:teuthology.orchestra.run.smithi029.stdout:/usr/bin/ceph: stderr
2024-04-25T18:51:13.460+0000 7fb121400700 1 -- 172.21.15.29:0/2911887242 >> [v2:172.21.15.29:6800/1396168773,v1:172.21.15.29:6801/1396168773] conn(0x7fb108039600 msgr2=0x7fb10803bac0 unknown :-1 s=STATE_CONNECTING_RE l=1).process reconnect failed to v2:172.21.15.29:6800/1396168773
2024-04-25T18:51:19.521 INFO:teuthology.orchestra.run.smithi029.stdout:/usr/bin/ceph: stderr
2024-04-25T18:51:13.460+0000 7fb121400700 1 --2- 172.21.15.29:0/2911887242 >> [v2:172.21.15.29:6800/1396168773,v1:172.21.15.29:6801/1396168773] conn(0x7fb108039600 0x7fb10803bac0 unknown :-1 s=START_CONNECT pgs=0 cs=0 l=1 rev1=0 crypto rx=0 tx=0 comp rx=0 tx=0)._fault waiting 0.800000
2024-04-25T18:51:19.521 INFO:teuthology.orchestra.run.smithi029.stdout:/usr/bin/ceph: stderr
2024-04-25T18:51:14.261+0000 7fb121400700 1 -- 172.21.15.29:0/2911887242 >> [v2:172.21.15.29:6800/1396168773,v1:172.21.15.29:6801/1396168773] conn(0x7fb108039600 msgr2=0x7fb10803bac0 unknown :-1 s=STATE_CONNECTING_RE l=1).process reconnect failed to v2:172.21.15.29:6800/1396168773
2024-04-25T18:51:19.521 INFO:teuthology.orchestra.run.smithi029.stdout:/usr/bin/ceph: stderr
2024-04-25T18:51:14.261+0000 7fb121400700 1 --2- 172.21.15.29:0/2911887242 >> [v2:172.21.15.29:6800/1396168773,v1:172.21.15.29:6801/1396168773] conn(0x7fb108039600 0x7fb10803bac0 unknown :-1 s=START_CONNECT pgs=0 cs=0 l=1 rev1=0 crypto rx=0 tx=0 comp rx=0 tx=0)._fault waiting 1.600000
2024-04-25T18:51:19.522 INFO:teuthology.orchestra.run.smithi029.stdout:/usr/bin/ceph: stderr
2024-04-25T18:51:15.863+0000 7fb121400700 1 -- 172.21.15.29:0/2911887242 >> [v2:172.21.15.29:6800/1396168773,v1:172.21.15.29:6801/1396168773] conn(0x7fb108039600 msgr2=0x7fb10803bac0 unknown :-1 s=STATE_CONNECTING_RE l=1).process reconnect failed to v2:172.21.15.29:6800/1396168773
2024-04-25T18:51:19.522 INFO:teuthology.orchestra.run.smithi029.stdout:/usr/bin/ceph: stderr
2024-04-25T18:51:15.863+0000 7fb121400700 1 --2- 172.21.15.29:0/2911887242 >> [v2:172.21.15.29:6800/1396168773,v1:172.21.15.29:6801/1396168773] conn(0x7fb108039600 0x7fb10803bac0 unknown :-1 s=START_CONNECT pgs=0 cs=0 l=1 rev1=0 crypto rx=0 tx=0 comp rx=0 tx=0)._fault waiting 3.200000
2024-04-25T18:51:19.522 INFO:teuthology.orchestra.run.smithi029.stdout:/usr/bin/ceph: stderr
2024-04-25T18:51:17.745+0000 7fb11aa00700 1 -- 172.21.15.29:0/2911887242 <== mon.0 v2:172.21.15.29:3300/0 6 ==== mgrmap(e 10) ==== 46338+0+0 (secure 0 0 0) 0x7fb11402c770 con 0x7fb1241085c0
2024-04-25T18:51:19.522 INFO:teuthology.orchestra.run.smithi029.stdout:/usr/bin/ceph: stderr
2024-04-25T18:51:17.746+0000 7fb11aa00700 1 -- 172.21.15.29:0/2911887242 >> [v2:172.21.15.29:6800/1396168773,v1:172.21.15.29:6801/1396168773] conn(0x7fb108039600 msgr2=0x7fb10803bac0 unknown :-1 s=STATE_CONNECTING l=1).mark_down
2024-04-25T18:51:19.522 INFO:teuthology.orchestra.run.smithi029.stdout:/usr/bin/ceph: stderr
2024-04-25T18:51:17.746+0000 7fb11aa00700 1 --2- 172.21.15.29:0/2911887242 >> [v2:172.21.15.29:6800/1396168773,v1:172.21.15.29:6801/1396168773] conn(0x7fb108039600 0x7fb10803bac0 unknown :-1 s=START_CONNECT pgs=0 cs=0 l=1 rev1=0 crypto rx=0 tx=0 comp rx=0 tx=0).stop
2024-04-25T18:51:19.522 INFO:teuthology.orchestra.run.smithi029.stdout:/usr/bin/ceph: stderr
2024-04-25T18:51:18.747+0000 7fb11aa00700 1 -- 172.21.15.29:0/2911887242 <== mon.0 v2:172.21.15.29:3300/0 7 ==== mgrmap(e 11) ==== 46465+0+0 (secure 0 0 0) 0x7fb11404f3e0 con 0x7fb1241085c0
2024-04-25T18:51:19.522 INFO:teuthology.orchestra.run.smithi029.stdout:/usr/bin/ceph: stderr
2024-04-25T18:51:18.747+0000 7fb11aa00700 1 --2- 172.21.15.29:0/2911887242 >> [v2:172.21.15.29:6800/3492239933,v1:172.21.15.29:6801/3492239933] conn(0x7fb10803cfe0 0x7fb10803f3d0 unknown :-1 s=NONE pgs=0 cs=0 l=1 rev1=0 crypto rx=0 tx=0 comp rx=0 tx=0).connect
2024-04-25T18:51:19.522 INFO:teuthology.orchestra.run.smithi029.stdout:/usr/bin/ceph: stderr
2024-04-25T18:51:18.747+0000 7fb11aa00700 1 -- 172.21.15.29:0/2911887242 --> [v2:172.21.15.29:6800/3492239933,v1:172.21.15.29:6801/3492239933] -- command(tid 0: {"prefix": "get_command_descriptions"}) -- 0x7fb10803c1d0 con 0x7fb10803cfe0
2024-04-25T18:51:19.522 INFO:teuthology.orchestra.run.smithi029.stdout:/usr/bin/ceph: stderr
2024-04-25T18:51:18.748+0000 7fb121400700 1 --2- 172.21.15.29:0/2911887242 >> [v2:172.21.15.29:6800/3492239933,v1:172.21.15.29:6801/3492239933] conn(0x7fb10803cfe0 0x7fb10803f3d0 unknown :-1 s=BANNER_CONNECTING pgs=0 cs=0 l=1 rev1=0 crypto rx=0 tx=0 comp rx=0 tx=0)._handle_peer_banner_payload supported=3 required=0
2024-04-25T18:51:19.522 INFO:teuthology.orchestra.run.smithi029.stdout:/usr/bin/ceph: stderr
2024-04-25T18:51:18.750+0000 7fb121400700 1 --2- 172.21.15.29:0/2911887242 >> [v2:172.21.15.29:6800/3492239933,v1:172.21.15.29:6801/3492239933] conn(0x7fb10803cfe0 0x7fb10803f3d0 secure :-1 s=READY pgs=2 cs=0 l=1 rev1=1 crypto rx=0x7fb110003a10 tx=0x7fb1100092b0 comp rx=0 tx=0).ready entity=mgr.14152 client_cookie=0 server_cookie=0 in_seq=0 out_seq=0
2024-04-25T18:51:19.522 INFO:teuthology.orchestra.run.smithi029.stdout:/usr/bin/ceph: stderr
2024-04-25T18:51:18.751+0000 7fb11aa00700 1 -- 172.21.15.29:0/2911887242 <== mgr.14152 v2:172.21.15.29:6800/3492239933 1 ==== command_reply(tid 0: 0 ) ==== 8+0+7774 (secure 0 0 0) 0x7fb10803c1d0 con 0x7fb10803cfe0
2024-04-25T18:51:19.522 INFO:teuthology.orchestra.run.smithi029.stdout:/usr/bin/ceph: stderr
2024-04-25T18:51:18.759+0000 7fb128c00700 1 -- 172.21.15.29:0/2911887242 --> [v2:172.21.15.29:6800/3492239933,v1:172.21.15.29:6801/3492239933] -- command(tid 1: {"prefix": "mgr_status"}) -- 0x7fb12410c9c0 con 0x7fb10803cfe0
2024-04-25T18:51:19.522 INFO:teuthology.orchestra.run.smithi029.stdout:/usr/bin/ceph: stderr
2024-04-25T18:51:18.759+0000 7fb11aa00700 1 -- 172.21.15.29:0/2911887242 <== mgr.14152 v2:172.21.15.29:6800/3492239933 2 ==== command_reply(tid 1: 0 ) ==== 8+0+52 (secure 0 0 0) 0x7fb12410c9c0 con 0x7fb10803cfe0
2024-04-25T18:51:19.523 INFO:teuthology.orchestra.run.smithi029.stdout:/usr/bin/ceph: stderr
2024-04-25T18:51:18.760+0000 7fb128c00700 1 -- 172.21.15.29:0/2911887242 >> [v2:172.21.15.29:6800/3492239933,v1:172.21.15.29:6801/3492239933] conn(0x7fb10803cfe0 msgr2=0x7fb10803f3d0 secure :-1 s=STATE_CONNECTION_ESTABLISHED l=1).mark_down
2024-04-25T18:51:19.523 INFO:teuthology.orchestra.run.smithi029.stdout:/usr/bin/ceph: stderr
2024-04-25T18:51:18.760+0000 7fb128c00700 1 --2- 172.21.15.29:0/2911887242 >> [v2:172.21.15.29:6800/3492239933,v1:172.21.15.29:6801/3492239933] conn(0x7fb10803cfe0 0x7fb10803f3d0 secure :-1 s=READY pgs=2 cs=0 l=1 rev1=1 crypto rx=0x7fb110003a10 tx=0x7fb1100092b0 comp rx=0 tx=0).stop
2024-04-25T18:51:19.523 INFO:teuthology.orchestra.run.smithi029.stdout:/usr/bin/ceph: stderr
2024-04-25T18:51:18.760+0000 7fb128c00700 1 -- 172.21.15.29:0/2911887242 >> [v2:172.21.15.29:3300/0,v1:172.21.15.29:6789/0] conn(0x7fb1241085c0 msgr2=0x7fb12419c4e0 secure :-1 s=STATE_CONNECTION_ESTABLISHED l=1).mark_down
2024-04-25T18:51:19.523 INFO:teuthology.orchestra.run.smithi029.stdout:/usr/bin/ceph: stderr
2024-04-25T18:51:18.760+0000 7fb128c00700 1 --2- 172.21.15.29:0/2911887242 >> [v2:172.21.15.29:3300/0,v1:172.21.15.29:6789/0] conn(0x7fb1241085c0 0x7fb12419c4e0 secure :-1 s=READY pgs=62 cs=0 l=1 rev1=1 crypto rx=0x7fb114000c00 tx=0x7fb114011aa0 comp rx=0 tx=0).stop
2024-04-25T18:51:19.523 INFO:teuthology.orchestra.run.smithi029.stdout:/usr/bin/ceph: stderr
2024-04-25T18:51:18.760+0000 7fb128c00700 1 -- 172.21.15.29:0/2911887242 shutdown_connections
2024-04-25T18:51:19.523 INFO:teuthology.orchestra.run.smithi029.stdout:/usr/bin/ceph: stderr
2024-04-25T18:51:18.760+0000 7fb128c00700 1 --2- 172.21.15.29:0/2911887242 >> [v2:172.21.15.29:6800/3492239933,v1:172.21.15.29:6801/3492239933] conn(0x7fb10803cfe0 0x7fb10803f3d0 unknown :-1 s=CLOSED pgs=2 cs=0 l=1 rev1=1 crypto rx=0 tx=0 comp rx=0 tx=0).stop
2024-04-25T18:51:19.523 INFO:teuthology.orchestra.run.smithi029.stdout:/usr/bin/ceph: stderr
2024-04-25T18:51:18.760+0000 7fb128c00700 1 --2- 172.21.15.29:0/2911887242 >> [v2:172.21.15.29:3300/0,v1:172.21.15.29:6789/0] conn(0x7fb1241085c0 0x7fb12419c4e0 unknown :-1 s=CLOSED pgs=62 cs=0 l=1 rev1=1 crypto rx=0 tx=0 comp rx=0 tx=0).stop
2024-04-25T18:51:19.523 INFO:teuthology.orchestra.run.smithi029.stdout:/usr/bin/ceph: stderr
2024-04-25T18:51:18.760+0000 7fb128c00700 1 --2- 172.21.15.29:0/2911887242 >> [v2:172.21.15.29:6800/1396168773,v1:172.21.15.29:6801/1396168773] conn(0x7fb108039600 0x7fb10803bac0 unknown :-1 s=CLOSED pgs=0 cs=0 l=1 rev1=0 crypto rx=0 tx=0 comp rx=0 tx=0).stop
2024-04-25T18:51:19.523 INFO:teuthology.orchestra.run.smithi029.stdout:/usr/bin/ceph: stderr
2024-04-25T18:51:18.760+0000 7fb128c00700 1 -- 172.21.15.29:0/2911887242 >> 172.21.15.29:0/2911887242 conn(0x7fb124103be0 msgr2=0x7fb124104710 unknown :-1 s=STATE_NONE l=0).mark_down
2024-04-25T18:51:19.523 INFO:teuthology.orchestra.run.smithi029.stdout:/usr/bin/ceph: stderr
2024-04-25T18:51:18.760+0000 7fb128c00700 1 -- 172.21.15.29:0/2911887242 shutdown_connections
2024-04-25T18:51:19.523 INFO:teuthology.orchestra.run.smithi029.stdout:/usr/bin/ceph: stderr
2024-04-25T18:51:18.760+0000 7fb128c00700 1 -- 172.21.15.29:0/2911887242 wait complete.
2024-04-25T18:51:19.523 INFO:teuthology.orchestra.run.smithi029.stdout:mgr epoch 9 is available
2024-04-25T18:51:19.523 INFO:teuthology.orchestra.run.smithi029.stdout:Generating a dashboard self-signed certificate...
2024-04-25T18:51:20.067 INFO:journalctl@ceph.mon.a.smithi029.stdout:Apr 25 18:51:19 smithi029 ceph-mon[28033]: from='client.14156 -' entity='client.admin' cmd=[{"prefix": "get_command_descriptions"}]: dispatch
2024-04-25T18:51:20.067 INFO:journalctl@ceph.mon.a.smithi029.stdout:Apr 25 18:51:19 smithi029 ceph-mon[28033]: from='client.14156 -' entity='client.admin' cmd=[{"prefix": "mgr_status"}]: dispatch
2024-04-25T18:51:21.014 INFO:journalctl@ceph.mon.a.smithi029.stdout:Apr 25 18:51:20 smithi029 ceph-mon[28033]: mgrmap e12: x(active, since 2s)
2024-04-25T18:51:21.014 INFO:journalctl@ceph.mon.a.smithi029.stdout:Apr 25 18:51:20 smithi029 ceph-mon[28033]: from='client.14164 -' entity='client.admin' cmd=[{"prefix": "dashboard create-self-signed-cert", "target": ["mon-mgr", ""]}]: dispatch
2024-04-25T18:51:21.015 INFO:journalctl@ceph.mon.a.smithi029.stdout:Apr 25 18:51:20 smithi029 ceph-mon[28033]: from='mgr.14152 172.21.15.29:0/2870834690' entity='mgr.x'
2024-04-25T18:51:21.015 INFO:journalctl@ceph.mon.a.smithi029.stdout:Apr 25 18:51:20 smithi029 ceph-mon[28033]: from='mgr.14152 172.21.15.29:0/2870834690' entity='mgr.x'
2024-04-25T18:51:21.527 INFO:teuthology.orchestra.run.smithi029.stdout:/usr/bin/ceph: stdout Self-signed certificate created
2024-04-25T18:51:21.528 INFO:teuthology.orchestra.run.smithi029.stdout:/usr/bin/ceph: stderr
2024-04-25T18:51:20.334+0000 7fc942800700 1 Processor -- start
2024-04-25T18:51:21.528 INFO:teuthology.orchestra.run.smithi029.stdout:/usr/bin/ceph: stderr
2024-04-25T18:51:20.335+0000 7fc942800700 1 -- start start
2024-04-25T18:51:21.528 INFO:teuthology.orchestra.run.smithi029.stdout:/usr/bin/ceph: stderr
2024-04-25T18:51:20.335+0000 7fc942800700 1 --2- >> [v2:172.21.15.29:3300/0,v1:172.21.15.29:6789/0] conn(0x7fc93c10a7e0 0x7fc93c10ac00 unknown :-1 s=NONE pgs=0 cs=0 l=0 rev1=0 crypto rx=0 tx=0 comp rx=0 tx=0).connect
2024-04-25T18:51:21.528 INFO:teuthology.orchestra.run.smithi029.stdout:/usr/bin/ceph: stderr
2024-04-25T18:51:20.335+0000 7fc942800700 1 -- --> [v2:172.21.15.29:3300/0,v1:172.21.15.29:6789/0] -- mon_getmap magic: 0 -- 0x7fc93c10b1d0 con 0x7fc93c10a7e0
2024-04-25T18:51:21.528 INFO:teuthology.orchestra.run.smithi029.stdout:/usr/bin/ceph: stderr
2024-04-25T18:51:20.335+0000 7fc93b400700 1 --2- >> [v2:172.21.15.29:3300/0,v1:172.21.15.29:6789/0] conn(0x7fc93c10a7e0 0x7fc93c10ac00 unknown :-1 s=BANNER_CONNECTING pgs=0 cs=0 l=0 rev1=0 crypto rx=0 tx=0 comp rx=0 tx=0)._handle_peer_banner_payload supported=3 required=0
2024-04-25T18:51:21.528 INFO:teuthology.orchestra.run.smithi029.stdout:/usr/bin/ceph: stderr
2024-04-25T18:51:20.335+0000 7fc93b400700 1 --2- >> [v2:172.21.15.29:3300/0,v1:172.21.15.29:6789/0] conn(0x7fc93c10a7e0 0x7fc93c10ac00 unknown :-1 s=HELLO_CONNECTING pgs=0 cs=0 l=0 rev1=1 crypto rx=0 tx=0 comp rx=0 tx=0).handle_hello peer v2:172.21.15.29:3300/0 says I am v2:172.21.15.29:35770/0 (socket says 172.21.15.29:35770)
2024-04-25T18:51:21.528 INFO:teuthology.orchestra.run.smithi029.stdout:/usr/bin/ceph: stderr
2024-04-25T18:51:20.336+0000 7fc93b400700 1 -- 172.21.15.29:0/1543802147 learned_addr learned my addr 172.21.15.29:0/1543802147 (peer_addr_for_me v2:172.21.15.29:0/0)
2024-04-25T18:51:21.528 INFO:teuthology.orchestra.run.smithi029.stdout:/usr/bin/ceph: stderr
2024-04-25T18:51:20.336+0000 7fc93b400700 1 -- 172.21.15.29:0/1543802147 --> [v2:172.21.15.29:3300/0,v1:172.21.15.29:6789/0] -- mon_subscribe({config=0+,monmap=0+}) -- 0x7fc93c10b990 con 0x7fc93c10a7e0
2024-04-25T18:51:21.528 INFO:teuthology.orchestra.run.smithi029.stdout:/usr/bin/ceph: stderr
2024-04-25T18:51:20.336+0000 7fc93b400700 1 --2- 172.21.15.29:0/1543802147 >> [v2:172.21.15.29:3300/0,v1:172.21.15.29:6789/0] conn(0x7fc93c10a7e0 0x7fc93c10ac00 secure :-1 s=READY pgs=70 cs=0 l=1 rev1=1 crypto rx=0x7fc92c0098a0 tx=0x7fc92c009bb0 comp rx=0 tx=0).ready entity=mon.0 client_cookie=1e916b8d4012e069 server_cookie=0 in_seq=0 out_seq=0
2024-04-25T18:51:21.528 INFO:teuthology.orchestra.run.smithi029.stdout:/usr/bin/ceph: stderr
2024-04-25T18:51:20.337+0000 7fc93a000700 1 -- 172.21.15.29:0/1543802147 <== mon.0 v2:172.21.15.29:3300/0 1 ==== mon_map magic: 0 ==== 205+0+0 (secure 0 0 0) 0x7fc92c004160 con 0x7fc93c10a7e0
2024-04-25T18:51:21.528 INFO:teuthology.orchestra.run.smithi029.stdout:/usr/bin/ceph: stderr
2024-04-25T18:51:20.337+0000 7fc93a000700 1 -- 172.21.15.29:0/1543802147 <== mon.0 v2:172.21.15.29:3300/0 2 ==== config(26 keys) ==== 1101+0+0 (secure 0 0 0) 0x7fc92c004300 con 0x7fc93c10a7e0
2024-04-25T18:51:21.528 INFO:teuthology.orchestra.run.smithi029.stdout:/usr/bin/ceph: stderr
2024-04-25T18:51:20.337+0000 7fc93a000700 1 -- 172.21.15.29:0/1543802147 <== mon.0 v2:172.21.15.29:3300/0 3 ==== mon_map magic: 0 ==== 205+0+0 (secure 0 0 0) 0x7fc92c011a20 con 0x7fc93c10a7e0
2024-04-25T18:51:21.528 INFO:teuthology.orchestra.run.smithi029.stdout:/usr/bin/ceph: stderr
2024-04-25T18:51:20.337+0000 7fc942800700 1 -- 172.21.15.29:0/1543802147 >> [v2:172.21.15.29:3300/0,v1:172.21.15.29:6789/0] conn(0x7fc93c10a7e0 msgr2=0x7fc93c10ac00 secure :-1 s=STATE_CONNECTION_ESTABLISHED l=1).mark_down
2024-04-25T18:51:21.529 INFO:teuthology.orchestra.run.smithi029.stdout:/usr/bin/ceph: stderr
2024-04-25T18:51:20.337+0000 7fc942800700 1 --2- 172.21.15.29:0/1543802147 >> [v2:172.21.15.29:3300/0,v1:172.21.15.29:6789/0] conn(0x7fc93c10a7e0 0x7fc93c10ac00 secure :-1 s=READY pgs=70 cs=0 l=1 rev1=1 crypto rx=0x7fc92c0098a0 tx=0x7fc92c009bb0 comp rx=0 tx=0).stop
2024-04-25T18:51:21.529 INFO:teuthology.orchestra.run.smithi029.stdout:/usr/bin/ceph: stderr
2024-04-25T18:51:20.337+0000 7fc942800700 1 -- 172.21.15.29:0/1543802147 shutdown_connections
2024-04-25T18:51:21.529 INFO:teuthology.orchestra.run.smithi029.stdout:/usr/bin/ceph: stderr
2024-04-25T18:51:20.337+0000 7fc942800700 1 --2- 172.21.15.29:0/1543802147 >> [v2:172.21.15.29:3300/0,v1:172.21.15.29:6789/0] conn(0x7fc93c10a7e0 0x7fc93c10ac00 unknown :-1 s=CLOSED pgs=70 cs=0 l=1 rev1=1 crypto rx=0 tx=0 comp rx=0 tx=0).stop
2024-04-25T18:51:21.529 INFO:teuthology.orchestra.run.smithi029.stdout:/usr/bin/ceph: stderr
2024-04-25T18:51:20.337+0000 7fc942800700 1 -- 172.21.15.29:0/1543802147 >> 172.21.15.29:0/1543802147 conn(0x7fc93c07ddf0 msgr2=0x7fc93c1084b0 unknown :-1 s=STATE_NONE l=0).mark_down
2024-04-25T18:51:21.529 INFO:teuthology.orchestra.run.smithi029.stdout:/usr/bin/ceph: stderr
2024-04-25T18:51:20.338+0000 7fc942800700 1 -- 172.21.15.29:0/1543802147 shutdown_connections
2024-04-25T18:51:21.529 INFO:teuthology.orchestra.run.smithi029.stdout:/usr/bin/ceph: stderr
2024-04-25T18:51:20.338+0000 7fc942800700 1 -- 172.21.15.29:0/1543802147 wait complete.
2024-04-25T18:51:21.529 INFO:teuthology.orchestra.run.smithi029.stdout:/usr/bin/ceph: stderr
2024-04-25T18:51:20.339+0000 7fc942800700 1 Processor -- start
2024-04-25T18:51:21.529 INFO:teuthology.orchestra.run.smithi029.stdout:/usr/bin/ceph: stderr
2024-04-25T18:51:20.339+0000 7fc942800700 1 -- start start
2024-04-25T18:51:21.529 INFO:teuthology.orchestra.run.smithi029.stdout:/usr/bin/ceph: stderr
2024-04-25T18:51:20.339+0000 7fc942800700 1 --2- >> [v2:172.21.15.29:3300/0,v1:172.21.15.29:6789/0] conn(0x7fc93c10a7e0 0x7fc93c19e5f0 unknown :-1 s=NONE pgs=0 cs=0 l=1 rev1=0 crypto rx=0 tx=0 comp rx=0 tx=0).connect
2024-04-25T18:51:21.529 INFO:teuthology.orchestra.run.smithi029.stdout:/usr/bin/ceph: stderr
2024-04-25T18:51:20.339+0000 7fc942800700 1 -- --> [v2:172.21.15.29:3300/0,v1:172.21.15.29:6789/0] -- mon_getmap magic: 0 -- 0x7fc93c10ed40 con 0x7fc93c10a7e0
2024-04-25T18:51:21.529 INFO:teuthology.orchestra.run.smithi029.stdout:/usr/bin/ceph: stderr
2024-04-25T18:51:20.339+0000 7fc93b400700 1 --2- >> [v2:172.21.15.29:3300/0,v1:172.21.15.29:6789/0] conn(0x7fc93c10a7e0 0x7fc93c19e5f0 unknown :-1 s=BANNER_CONNECTING pgs=0 cs=0 l=1 rev1=0 crypto rx=0 tx=0 comp rx=0 tx=0)._handle_peer_banner_payload supported=3 required=0
2024-04-25T18:51:21.529 INFO:teuthology.orchestra.run.smithi029.stdout:/usr/bin/ceph: stderr
2024-04-25T18:51:20.340+0000 7fc93b400700 1 --2- >> [v2:172.21.15.29:3300/0,v1:172.21.15.29:6789/0] conn(0x7fc93c10a7e0 0x7fc93c19e5f0 unknown :-1 s=HELLO_CONNECTING pgs=0 cs=0 l=1 rev1=1 crypto rx=0 tx=0 comp rx=0 tx=0).handle_hello peer v2:172.21.15.29:3300/0 says I am v2:172.21.15.29:35774/0 (socket says 172.21.15.29:35774)
2024-04-25T18:51:21.529 INFO:teuthology.orchestra.run.smithi029.stdout:/usr/bin/ceph: stderr
2024-04-25T18:51:20.340+0000 7fc93b400700 1 -- 172.21.15.29:0/859169110 learned_addr learned my addr 172.21.15.29:0/859169110 (peer_addr_for_me v2:172.21.15.29:0/0)
2024-04-25T18:51:21.530 INFO:teuthology.orchestra.run.smithi029.stdout:/usr/bin/ceph: stderr
2024-04-25T18:51:20.340+0000 7fc93b400700 1 -- 172.21.15.29:0/859169110 --> [v2:172.21.15.29:3300/0,v1:172.21.15.29:6789/0] -- mon_subscribe({config=0+,monmap=0+}) -- 0x7fc93c19eb30 con 0x7fc93c10a7e0
2024-04-25T18:51:21.530 INFO:teuthology.orchestra.run.smithi029.stdout:/usr/bin/ceph: stderr
2024-04-25T18:51:20.340+0000 7fc93b400700 1 --2- 172.21.15.29:0/859169110 >> [v2:172.21.15.29:3300/0,v1:172.21.15.29:6789/0] conn(0x7fc93c10a7e0 0x7fc93c19e5f0 secure :-1 s=READY pgs=71 cs=0 l=1 rev1=1 crypto rx=0x7fc92c009520 tx=0x7fc92c011aa0 comp rx=0 tx=0).ready entity=mon.0 client_cookie=0 server_cookie=0 in_seq=0 out_seq=0
2024-04-25T18:51:21.530 INFO:teuthology.orchestra.run.smithi029.stdout:/usr/bin/ceph: stderr
2024-04-25T18:51:20.340+0000 7fc933e00700 1 -- 172.21.15.29:0/859169110 <== mon.0 v2:172.21.15.29:3300/0 1 ==== mon_map magic: 0 ==== 205+0+0 (secure 0 0 0) 0x7fc92c0039e0 con 0x7fc93c10a7e0
2024-04-25T18:51:21.530 INFO:teuthology.orchestra.run.smithi029.stdout:/usr/bin/ceph: stderr
2024-04-25T18:51:20.341+0000 7fc933e00700 1 -- 172.21.15.29:0/859169110 <== mon.0 v2:172.21.15.29:3300/0 2 ==== config(26 keys) ==== 1101+0+0 (secure 0 0 0) 0x7fc92c01b8f0 con 0x7fc93c10a7e0
2024-04-25T18:51:21.530 INFO:teuthology.orchestra.run.smithi029.stdout:/usr/bin/ceph: stderr
2024-04-25T18:51:20.341+0000 7fc942800700 1 -- 172.21.15.29:0/859169110 --> [v2:172.21.15.29:3300/0,v1:172.21.15.29:6789/0] -- mon_subscribe({mgrmap=0+}) -- 0x7fc93c19edc0 con 0x7fc93c10a7e0
2024-04-25T18:51:21.530 INFO:teuthology.orchestra.run.smithi029.stdout:/usr/bin/ceph: stderr
2024-04-25T18:51:20.341+0000 7fc933e00700 1 -- 172.21.15.29:0/859169110 <== mon.0 v2:172.21.15.29:3300/0 3 ==== mon_map magic: 0 ==== 205+0+0 (secure 0 0 0) 0x7fc92c019770 con 0x7fc93c10a7e0
2024-04-25T18:51:21.530 INFO:teuthology.orchestra.run.smithi029.stdout:/usr/bin/ceph: stderr
2024-04-25T18:51:20.341+0000 7fc942800700 1 -- 172.21.15.29:0/859169110 --> [v2:172.21.15.29:3300/0,v1:172.21.15.29:6789/0] -- mon_subscribe({osdmap=0}) -- 0x7fc93c1a1ab0 con 0x7fc93c10a7e0
2024-04-25T18:51:21.530 INFO:teuthology.orchestra.run.smithi029.stdout:/usr/bin/ceph: stderr
2024-04-25T18:51:20.342+0000 7fc933e00700 1 -- 172.21.15.29:0/859169110 <== mon.0 v2:172.21.15.29:3300/0 4 ==== mgrmap(e 12) ==== 46571+0+0 (secure 0 0 0) 0x7fc92c01b440 con 0x7fc93c10a7e0
2024-04-25T18:51:21.530 INFO:teuthology.orchestra.run.smithi029.stdout:/usr/bin/ceph: stderr
2024-04-25T18:51:20.342+0000 7fc942800700 1 -- 172.21.15.29:0/859169110 --> [v2:172.21.15.29:3300/0,v1:172.21.15.29:6789/0] -- mon_command({"prefix": "get_command_descriptions"} v 0) -- 0x7fc93c10eec0 con 0x7fc93c10a7e0
2024-04-25T18:51:21.530 INFO:teuthology.orchestra.run.smithi029.stdout:/usr/bin/ceph: stderr
2024-04-25T18:51:20.343+0000 7fc933e00700 1 --2- 172.21.15.29:0/859169110 >> [v2:172.21.15.29:6800/3492239933,v1:172.21.15.29:6801/3492239933] conn(0x7fc920039600 0x7fc92003bac0 unknown :-1 s=NONE pgs=0 cs=0 l=1 rev1=0 crypto rx=0 tx=0 comp rx=0 tx=0).connect
2024-04-25T18:51:21.530 INFO:teuthology.orchestra.run.smithi029.stdout:/usr/bin/ceph: stderr
2024-04-25T18:51:20.343+0000 7fc933e00700 1 -- 172.21.15.29:0/859169110 <== mon.0 v2:172.21.15.29:3300/0 5 ==== osd_map(3..3 src has 1..3) ==== 1155+0+0 (secure 0 0 0) 0x7fc92c04e0c0 con 0x7fc93c10a7e0
2024-04-25T18:51:21.530 INFO:teuthology.orchestra.run.smithi029.stdout:/usr/bin/ceph: stderr
2024-04-25T18:51:20.343+0000 7fc93aa00700 1 --2- 172.21.15.29:0/859169110 >> [v2:172.21.15.29:6800/3492239933,v1:172.21.15.29:6801/3492239933] conn(0x7fc920039600 0x7fc92003bac0 unknown :-1 s=BANNER_CONNECTING pgs=0 cs=0 l=1 rev1=0 crypto rx=0 tx=0 comp rx=0 tx=0)._handle_peer_banner_payload supported=3 required=0
2024-04-25T18:51:21.530 INFO:teuthology.orchestra.run.smithi029.stdout:/usr/bin/ceph: stderr
2024-04-25T18:51:20.344+0000 7fc93aa00700 1 --2- 172.21.15.29:0/859169110 >> [v2:172.21.15.29:6800/3492239933,v1:172.21.15.29:6801/3492239933] conn(0x7fc920039600 0x7fc92003bac0 secure :-1 s=READY pgs=7 cs=0 l=1 rev1=1 crypto rx=0x7fc928006fd0 tx=0x7fc928006e40 comp rx=0 tx=0).ready entity=mgr.14152 client_cookie=0 server_cookie=0 in_seq=0 out_seq=0
2024-04-25T18:51:21.530 INFO:teuthology.orchestra.run.smithi029.stdout:/usr/bin/ceph: stderr
2024-04-25T18:51:20.349+0000 7fc933e00700 1 -- 172.21.15.29:0/859169110 <== mon.0 v2:172.21.15.29:3300/0 6 ==== mon_command_ack([{"prefix": "get_command_descriptions"}]=0 v0) ==== 72+0+188370 (secure 0 0 0) 0x7fc92c01f030 con 0x7fc93c10a7e0
2024-04-25T18:51:21.531 INFO:teuthology.orchestra.run.smithi029.stdout:/usr/bin/ceph: stderr
2024-04-25T18:51:20.588+0000 7fc942800700 1 -- 172.21.15.29:0/859169110 --> [v2:172.21.15.29:6800/3492239933,v1:172.21.15.29:6801/3492239933] -- mgr_command(tid 0: {"prefix": "dashboard create-self-signed-cert", "target": ["mon-mgr", ""]}) -- 0x7fc93c108220 con 0x7fc920039600
2024-04-25T18:51:21.531 INFO:teuthology.orchestra.run.smithi029.stdout:/usr/bin/ceph: stderr
2024-04-25T18:51:20.675+0000 7fc933e00700 1 -- 172.21.15.29:0/859169110 <== mgr.14152 v2:172.21.15.29:6800/3492239933 1 ==== mgr_command_reply(tid 0: 0 ) ==== 8+0+32 (secure 0 0 0) 0x7fc93c108220 con 0x7fc920039600
2024-04-25T18:51:21.531 INFO:teuthology.orchestra.run.smithi029.stdout:/usr/bin/ceph: stderr
2024-04-25T18:51:20.679+0000 7fc942800700 1 -- 172.21.15.29:0/859169110 >> [v2:172.21.15.29:6800/3492239933,v1:172.21.15.29:6801/3492239933] conn(0x7fc920039600 msgr2=0x7fc92003bac0 secure :-1 s=STATE_CONNECTION_ESTABLISHED l=1).mark_down
2024-04-25T18:51:21.531 INFO:teuthology.orchestra.run.smithi029.stdout:/usr/bin/ceph: stderr
2024-04-25T18:51:20.679+0000 7fc942800700 1 --2- 172.21.15.29:0/859169110 >> [v2:172.21.15.29:6800/3492239933,v1:172.21.15.29:6801/3492239933] conn(0x7fc920039600 0x7fc92003bac0 secure :-1 s=READY pgs=7 cs=0 l=1 rev1=1 crypto rx=0x7fc928006fd0 tx=0x7fc928006e40 comp rx=0 tx=0).stop
2024-04-25T18:51:21.531 INFO:teuthology.orchestra.run.smithi029.stdout:/usr/bin/ceph: stderr
2024-04-25T18:51:20.679+0000 7fc942800700 1 -- 172.21.15.29:0/859169110 >> [v2:172.21.15.29:3300/0,v1:172.21.15.29:6789/0] conn(0x7fc93c10a7e0 msgr2=0x7fc93c19e5f0 secure :-1 s=STATE_CONNECTION_ESTABLISHED l=1).mark_down
2024-04-25T18:51:21.531 INFO:teuthology.orchestra.run.smithi029.stdout:/usr/bin/ceph: stderr
2024-04-25T18:51:20.679+0000 7fc942800700 1 --2- 172.21.15.29:0/859169110 >> [v2:172.21.15.29:3300/0,v1:172.21.15.29:6789/0] conn(0x7fc93c10a7e0 0x7fc93c19e5f0 secure :-1 s=READY pgs=71 cs=0 l=1 rev1=1 crypto rx=0x7fc92c009520 tx=0x7fc92c011aa0 comp rx=0 tx=0).stop
2024-04-25T18:51:21.531 INFO:teuthology.orchestra.run.smithi029.stdout:/usr/bin/ceph: stderr
2024-04-25T18:51:20.679+0000 7fc942800700 1 -- 172.21.15.29:0/859169110 shutdown_connections
2024-04-25T18:51:21.531 INFO:teuthology.orchestra.run.smithi029.stdout:/usr/bin/ceph: stderr
2024-04-25T18:51:20.679+0000 7fc942800700 1 --2- 172.21.15.29:0/859169110 >> [v2:172.21.15.29:6800/3492239933,v1:172.21.15.29:6801/3492239933] conn(0x7fc920039600 0x7fc92003bac0 unknown :-1 s=CLOSED pgs=7 cs=0 l=1 rev1=1 crypto rx=0 tx=0 comp rx=0 tx=0).stop
2024-04-25T18:51:21.531 INFO:teuthology.orchestra.run.smithi029.stdout:/usr/bin/ceph: stderr
2024-04-25T18:51:20.679+0000 7fc942800700 1 --2- 172.21.15.29:0/859169110 >> [v2:172.21.15.29:3300/0,v1:172.21.15.29:6789/0] conn(0x7fc93c10a7e0 0x7fc93c19e5f0 unknown :-1 s=CLOSED pgs=71 cs=0 l=1 rev1=1 crypto rx=0 tx=0 comp rx=0 tx=0).stop
2024-04-25T18:51:21.531 INFO:teuthology.orchestra.run.smithi029.stdout:/usr/bin/ceph: stderr
2024-04-25T18:51:20.679+0000 7fc942800700 1 -- 172.21.15.29:0/859169110 >> 172.21.15.29:0/859169110 conn(0x7fc93c07ddf0 msgr2=0x7fc93c107b10 unknown :-1 s=STATE_NONE l=0).mark_down
2024-04-25T18:51:21.531 INFO:teuthology.orchestra.run.smithi029.stdout:/usr/bin/ceph: stderr
2024-04-25T18:51:20.679+0000 7fc942800700 1 -- 172.21.15.29:0/859169110 shutdown_connections
2024-04-25T18:51:21.531 INFO:teuthology.orchestra.run.smithi029.stdout:/usr/bin/ceph: stderr
2024-04-25T18:51:20.679+0000 7fc942800700 1 -- 172.21.15.29:0/859169110 wait complete.
2024-04-25T18:51:21.531 INFO:teuthology.orchestra.run.smithi029.stdout:Creating initial admin user...
2024-04-25T18:51:22.442 INFO:journalctl@ceph.mon.a.smithi029.stdout:Apr 25 18:51:22 smithi029 ceph-mon[28033]: from='mgr.14152 172.21.15.29:0/2870834690' entity='mgr.x'
2024-04-25T18:51:23.439 INFO:journalctl@ceph.mon.a.smithi029.stdout:Apr 25 18:51:23 smithi029 ceph-mon[28033]: from='client.14166 -' entity='client.admin' cmd=[{"prefix": "dashboard ac-user-create", "username": "admin", "rolename": "administrator", "force_password": true, "pwd_update_required": true, "target": ["mon-mgr", ""]}]: dispatch
2024-04-25T18:51:23.439 INFO:journalctl@ceph.mon.a.smithi029.stdout:Apr 25 18:51:23 smithi029 ceph-mon[28033]: from='mgr.14152 172.21.15.29:0/2870834690' entity='mgr.x'
2024-04-25T18:51:23.447 INFO:teuthology.orchestra.run.smithi029.stdout:/usr/bin/ceph: stdout {"username": "admin", "password": "$2b$12$jbgg2E3CNuu38LbvgDKWGeb955iZ7qQB9qC1HEXSa/bFmjQPk0iWO", "roles": ["administrator"], "name": null, "email": null, "lastUpdate": 1714071082, "enabled": true, "pwdExpirationDate": null, "pwdUpdateRequired": true}
2024-04-25T18:51:23.447 INFO:teuthology.orchestra.run.smithi029.stdout:/usr/bin/ceph: stderr
2024-04-25T18:51:22.167+0000 7f8312200700 1 Processor -- start
2024-04-25T18:51:23.447 INFO:teuthology.orchestra.run.smithi029.stdout:/usr/bin/ceph: stderr
2024-04-25T18:51:22.167+0000 7f8312200700 1 -- start start
2024-04-25T18:51:23.447 INFO:teuthology.orchestra.run.smithi029.stdout:/usr/bin/ceph: stderr
2024-04-25T18:51:22.167+0000 7f8312200700 1 --2- >> [v2:172.21.15.29:3300/0,v1:172.21.15.29:6789/0] conn(0x7f830c1074d0 0x7f830c1078f0 unknown :-1 s=NONE pgs=0 cs=0 l=0 rev1=0 crypto rx=0 tx=0 comp rx=0 tx=0).connect
2024-04-25T18:51:23.447 INFO:teuthology.orchestra.run.smithi029.stdout:/usr/bin/ceph: stderr
2024-04-25T18:51:22.167+0000 7f8312200700 1 -- --> [v2:172.21.15.29:3300/0,v1:172.21.15.29:6789/0] -- mon_getmap magic: 0 -- 0x7f830c107ec0 con 0x7f830c1074d0
2024-04-25T18:51:23.452 INFO:teuthology.orchestra.run.smithi029.stdout:/usr/bin/ceph: stderr
2024-04-25T18:51:22.168+0000 7f830b400700 1 --2- >> [v2:172.21.15.29:3300/0,v1:172.21.15.29:6789/0] conn(0x7f830c1074d0 0x7f830c1078f0 unknown :-1 s=BANNER_CONNECTING pgs=0 cs=0 l=0 rev1=0 crypto rx=0 tx=0 comp rx=0 tx=0)._handle_peer_banner_payload supported=3 required=0
2024-04-25T18:51:23.452 INFO:teuthology.orchestra.run.smithi029.stdout:/usr/bin/ceph: stderr
2024-04-25T18:51:22.168+0000 7f830b400700 1 --2- >> [v2:172.21.15.29:3300/0,v1:172.21.15.29:6789/0] conn(0x7f830c1074d0 0x7f830c1078f0 unknown :-1 s=HELLO_CONNECTING pgs=0 cs=0 l=0 rev1=1 crypto rx=0 tx=0 comp rx=0 tx=0).handle_hello peer v2:172.21.15.29:3300/0 says I am v2:172.21.15.29:35790/0 (socket says 172.21.15.29:35790)
2024-04-25T18:51:23.452 INFO:teuthology.orchestra.run.smithi029.stdout:/usr/bin/ceph: stderr
2024-04-25T18:51:22.168+0000 7f830b400700 1 -- 172.21.15.29:0/3276154868 learned_addr learned my addr 172.21.15.29:0/3276154868 (peer_addr_for_me v2:172.21.15.29:0/0)
2024-04-25T18:51:23.452 INFO:teuthology.orchestra.run.smithi029.stdout:/usr/bin/ceph: stderr
2024-04-25T18:51:22.169+0000 7f830b400700 1 -- 172.21.15.29:0/3276154868 --> [v2:172.21.15.29:3300/0,v1:172.21.15.29:6789/0] -- mon_subscribe({config=0+,monmap=0+}) -- 0x7f830c1086d0 con 0x7f830c1074d0
2024-04-25T18:51:23.452 INFO:teuthology.orchestra.run.smithi029.stdout:/usr/bin/ceph: stderr
2024-04-25T18:51:22.169+0000 7f830b400700 1 --2- 172.21.15.29:0/3276154868 >> [v2:172.21.15.29:3300/0,v1:172.21.15.29:6789/0] conn(0x7f830c1074d0 0x7f830c1078f0 secure :-1 s=READY pgs=72 cs=0 l=1 rev1=1 crypto rx=0x7f82fc0098a0 tx=0x7f82fc009bb0 comp rx=0 tx=0).ready entity=mon.0 client_cookie=2bc7dfdbef5683c server_cookie=0 in_seq=0 out_seq=0
2024-04-25T18:51:23.452 INFO:teuthology.orchestra.run.smithi029.stdout:/usr/bin/ceph: stderr
2024-04-25T18:51:22.170+0000 7f830a000700 1 -- 172.21.15.29:0/3276154868 <== mon.0 v2:172.21.15.29:3300/0 1 ==== mon_map magic: 0 ==== 205+0+0 (secure 0 0 0) 0x7f82fc004160 con 0x7f830c1074d0
2024-04-25T18:51:23.453 INFO:teuthology.orchestra.run.smithi029.stdout:/usr/bin/ceph: stderr
2024-04-25T18:51:22.170+0000 7f830a000700 1 -- 172.21.15.29:0/3276154868 <== mon.0 v2:172.21.15.29:3300/0 2 ==== config(26 keys) ==== 1101+0+0 (secure 0 0 0) 0x7f82fc004300 con 0x7f830c1074d0
2024-04-25T18:51:23.453 INFO:teuthology.orchestra.run.smithi029.stdout:/usr/bin/ceph: stderr
2024-04-25T18:51:22.170+0000 7f830a000700 1 -- 172.21.15.29:0/3276154868 <== mon.0 v2:172.21.15.29:3300/0 3 ==== mon_map magic: 0 ==== 205+0+0 (secure 0 0 0) 0x7f82fc00fa90 con 0x7f830c1074d0
2024-04-25T18:51:23.453 INFO:teuthology.orchestra.run.smithi029.stdout:/usr/bin/ceph: stderr
2024-04-25T18:51:22.171+0000 7f8312200700 1 -- 172.21.15.29:0/3276154868 >> [v2:172.21.15.29:3300/0,v1:172.21.15.29:6789/0] conn(0x7f830c1074d0 msgr2=0x7f830c1078f0 secure :-1 s=STATE_CONNECTION_ESTABLISHED l=1).mark_down
2024-04-25T18:51:23.453 INFO:teuthology.orchestra.run.smithi029.stdout:/usr/bin/ceph: stderr
2024-04-25T18:51:22.171+0000 7f8312200700 1 --2- 172.21.15.29:0/3276154868 >> [v2:172.21.15.29:3300/0,v1:172.21.15.29:6789/0] conn(0x7f830c1074d0 0x7f830c1078f0 secure :-1 s=READY pgs=72 cs=0 l=1 rev1=1 crypto rx=0x7f82fc0098a0 tx=0x7f82fc009bb0 comp rx=0 tx=0).stop
2024-04-25T18:51:23.453 INFO:teuthology.orchestra.run.smithi029.stdout:/usr/bin/ceph: stderr
2024-04-25T18:51:22.171+0000 7f8312200700 1 -- 172.21.15.29:0/3276154868 shutdown_connections
2024-04-25T18:51:23.453 INFO:teuthology.orchestra.run.smithi029.stdout:/usr/bin/ceph: stderr
2024-04-25T18:51:22.171+0000 7f8312200700 1 --2- 172.21.15.29:0/3276154868 >> [v2:172.21.15.29:3300/0,v1:172.21.15.29:6789/0] conn(0x7f830c1074d0 0x7f830c1078f0 unknown :-1 s=CLOSED pgs=72 cs=0 l=1 rev1=1 crypto rx=0 tx=0 comp rx=0 tx=0).stop
2024-04-25T18:51:23.453 INFO:teuthology.orchestra.run.smithi029.stdout:/usr/bin/ceph: stderr
2024-04-25T18:51:22.171+0000 7f8312200700 1 -- 172.21.15.29:0/3276154868 >> 172.21.15.29:0/3276154868 conn(0x7f830c102ad0 msgr2=0x7f830c104ef0 unknown :-1 s=STATE_NONE l=0).mark_down
2024-04-25T18:51:23.453 INFO:teuthology.orchestra.run.smithi029.stdout:/usr/bin/ceph: stderr
2024-04-25T18:51:22.171+0000 7f8312200700 1 -- 172.21.15.29:0/3276154868 shutdown_connections
2024-04-25T18:51:23.453 INFO:teuthology.orchestra.run.smithi029.stdout:/usr/bin/ceph: stderr
2024-04-25T18:51:22.172+0000 7f8312200700 1 -- 172.21.15.29:0/3276154868 wait complete.
2024-04-25T18:51:23.453 INFO:teuthology.orchestra.run.smithi029.stdout:/usr/bin/ceph: stderr
2024-04-25T18:51:22.173+0000 7f8312200700 1 Processor -- start
2024-04-25T18:51:23.453 INFO:teuthology.orchestra.run.smithi029.stdout:/usr/bin/ceph: stderr
2024-04-25T18:51:22.173+0000 7f8312200700 1 -- start start
2024-04-25T18:51:23.453 INFO:teuthology.orchestra.run.smithi029.stdout:/usr/bin/ceph: stderr
2024-04-25T18:51:22.173+0000 7f8312200700 1 --2- >> [v2:172.21.15.29:3300/0,v1:172.21.15.29:6789/0] conn(0x7f830c1074d0 0x7f830c19e660 unknown :-1 s=NONE pgs=0 cs=0 l=1 rev1=0 crypto rx=0 tx=0 comp rx=0 tx=0).connect
2024-04-25T18:51:23.453 INFO:teuthology.orchestra.run.smithi029.stdout:/usr/bin/ceph: stderr
2024-04-25T18:51:22.173+0000 7f8312200700 1 -- --> [v2:172.21.15.29:3300/0,v1:172.21.15.29:6789/0] -- mon_getmap magic: 0 -- 0x7f830c07afb0 con 0x7f830c1074d0
2024-04-25T18:51:23.453 INFO:teuthology.orchestra.run.smithi029.stdout:/usr/bin/ceph: stderr
2024-04-25T18:51:22.173+0000 7f830b400700 1 --2- >> [v2:172.21.15.29:3300/0,v1:172.21.15.29:6789/0] conn(0x7f830c1074d0 0x7f830c19e660 unknown :-1 s=BANNER_CONNECTING pgs=0 cs=0 l=1 rev1=0 crypto rx=0 tx=0 comp rx=0 tx=0)._handle_peer_banner_payload supported=3 required=0
2024-04-25T18:51:23.453 INFO:teuthology.orchestra.run.smithi029.stdout:/usr/bin/ceph: stderr
2024-04-25T18:51:22.174+0000 7f830b400700 1 --2- >> [v2:172.21.15.29:3300/0,v1:172.21.15.29:6789/0] conn(0x7f830c1074d0 0x7f830c19e660 unknown :-1 s=HELLO_CONNECTING pgs=0 cs=0 l=1 rev1=1 crypto rx=0 tx=0 comp rx=0 tx=0).handle_hello peer v2:172.21.15.29:3300/0 says I am v2:172.21.15.29:35792/0 (socket says 172.21.15.29:35792)
2024-04-25T18:51:23.453 INFO:teuthology.orchestra.run.smithi029.stdout:/usr/bin/ceph: stderr
2024-04-25T18:51:22.174+0000 7f830b400700 1 -- 172.21.15.29:0/2806179811 learned_addr learned my addr 172.21.15.29:0/2806179811 (peer_addr_for_me v2:172.21.15.29:0/0)
2024-04-25T18:51:23.454 INFO:teuthology.orchestra.run.smithi029.stdout:/usr/bin/ceph: stderr
2024-04-25T18:51:22.174+0000 7f830b400700 1 -- 172.21.15.29:0/2806179811 --> [v2:172.21.15.29:3300/0,v1:172.21.15.29:6789/0] -- mon_subscribe({config=0+,monmap=0+}) -- 0x7f830c19eba0 con 0x7f830c1074d0
2024-04-25T18:51:23.454 INFO:teuthology.orchestra.run.smithi029.stdout:/usr/bin/ceph: stderr
2024-04-25T18:51:22.174+0000 7f830b400700 1 --2- 172.21.15.29:0/2806179811 >> [v2:172.21.15.29:3300/0,v1:172.21.15.29:6789/0] conn(0x7f830c1074d0 0x7f830c19e660 secure :-1 s=READY pgs=73 cs=0 l=1 rev1=1 crypto rx=0x7f82fc009520 tx=0x7f82fc00e1d0 comp rx=0 tx=0).ready entity=mon.0 client_cookie=0 server_cookie=0 in_seq=0 out_seq=0
2024-04-25T18:51:23.454 INFO:teuthology.orchestra.run.smithi029.stdout:/usr/bin/ceph: stderr
2024-04-25T18:51:22.175+0000 7f8303e00700 1 -- 172.21.15.29:0/2806179811 <== mon.0 v2:172.21.15.29:3300/0 1 ==== mon_map magic: 0 ==== 205+0+0 (secure 0 0 0) 0x7f82fc0039e0 con 0x7f830c1074d0
2024-04-25T18:51:23.454 INFO:teuthology.orchestra.run.smithi029.stdout:/usr/bin/ceph: stderr
2024-04-25T18:51:22.175+0000 7f8303e00700 1 -- 172.21.15.29:0/2806179811 <== mon.0 v2:172.21.15.29:3300/0 2 ==== config(26 keys) ==== 1101+0+0 (secure 0 0 0) 0x7f82fc010920 con 0x7f830c1074d0
2024-04-25T18:51:23.454 INFO:teuthology.orchestra.run.smithi029.stdout:/usr/bin/ceph: stderr
2024-04-25T18:51:22.175+0000 7f8312200700 1 -- 172.21.15.29:0/2806179811 --> [v2:172.21.15.29:3300/0,v1:172.21.15.29:6789/0] -- mon_subscribe({mgrmap=0+}) -- 0x7f830c19ee30 con 0x7f830c1074d0
2024-04-25T18:51:23.454 INFO:teuthology.orchestra.run.smithi029.stdout:/usr/bin/ceph: stderr
2024-04-25T18:51:22.175+0000 7f8303e00700 1 -- 172.21.15.29:0/2806179811 <== mon.0 v2:172.21.15.29:3300/0 3 ==== mon_map magic: 0 ==== 205+0+0 (secure 0 0 0) 0x7f82fc0196e0 con 0x7f830c1074d0
2024-04-25T18:51:23.454 INFO:teuthology.orchestra.run.smithi029.stdout:/usr/bin/ceph: stderr
2024-04-25T18:51:22.175+0000 7f8312200700 1 -- 172.21.15.29:0/2806179811 --> [v2:172.21.15.29:3300/0,v1:172.21.15.29:6789/0] -- mon_subscribe({osdmap=0}) -- 0x7f830c1a1b20 con 0x7f830c1074d0
2024-04-25T18:51:23.454 INFO:teuthology.orchestra.run.smithi029.stdout:/usr/bin/ceph: stderr
2024-04-25T18:51:22.176+0000 7f8303e00700 1 -- 172.21.15.29:0/2806179811 <== mon.0 v2:172.21.15.29:3300/0 4 ==== mgrmap(e 12) ==== 46571+0+0 (secure 0 0 0) 0x7f82fc028060 con 0x7f830c1074d0
2024-04-25T18:51:23.454 INFO:teuthology.orchestra.run.smithi029.stdout:/usr/bin/ceph: stderr
2024-04-25T18:51:22.176+0000 7f8312200700 1 -- 172.21.15.29:0/2806179811 --> [v2:172.21.15.29:3300/0,v1:172.21.15.29:6789/0] -- mon_command({"prefix": "get_command_descriptions"} v 0) -- 0x7f830c0640a0 con 0x7f830c1074d0
2024-04-25T18:51:23.454 INFO:teuthology.orchestra.run.smithi029.stdout:/usr/bin/ceph: stderr
2024-04-25T18:51:22.177+0000 7f8303e00700 1 --2- 172.21.15.29:0/2806179811 >> [v2:172.21.15.29:6800/3492239933,v1:172.21.15.29:6801/3492239933] conn(0x7f82f0039600 0x7f82f003bac0 unknown :-1 s=NONE pgs=0 cs=0 l=1 rev1=0 crypto rx=0 tx=0 comp rx=0 tx=0).connect
2024-04-25T18:51:23.454 INFO:teuthology.orchestra.run.smithi029.stdout:/usr/bin/ceph: stderr
2024-04-25T18:51:22.177+0000 7f8303e00700 1 -- 172.21.15.29:0/2806179811 <== mon.0 v2:172.21.15.29:3300/0 5 ==== osd_map(3..3 src has 1..3) ==== 1155+0+0 (secure 0 0 0) 0x7f82fc01e070 con 0x7f830c1074d0
2024-04-25T18:51:23.454 INFO:teuthology.orchestra.run.smithi029.stdout:/usr/bin/ceph: stderr
2024-04-25T18:51:22.177+0000 7f830aa00700 1 --2- 172.21.15.29:0/2806179811 >> [v2:172.21.15.29:6800/3492239933,v1:172.21.15.29:6801/3492239933] conn(0x7f82f0039600 0x7f82f003bac0 unknown :-1 s=BANNER_CONNECTING pgs=0 cs=0 l=1 rev1=0 crypto rx=0 tx=0 comp rx=0 tx=0)._handle_peer_banner_payload supported=3 required=0
2024-04-25T18:51:23.454 INFO:teuthology.orchestra.run.smithi029.stdout:/usr/bin/ceph: stderr
2024-04-25T18:51:22.178+0000 7f830aa00700 1 --2- 172.21.15.29:0/2806179811 >> [v2:172.21.15.29:6800/3492239933,v1:172.21.15.29:6801/3492239933] conn(0x7f82f0039600 0x7f82f003bac0 secure :-1 s=READY pgs=8 cs=0 l=1 rev1=1 crypto rx=0x7f82f8006fd0 tx=0x7f82f8006e40 comp rx=0 tx=0).ready entity=mgr.14152 client_cookie=0 server_cookie=0 in_seq=0 out_seq=0
2024-04-25T18:51:23.454 INFO:teuthology.orchestra.run.smithi029.stdout:/usr/bin/ceph: stderr
2024-04-25T18:51:22.183+0000 7f8303e00700 1 -- 172.21.15.29:0/2806179811 <== mon.0 v2:172.21.15.29:3300/0 6 ==== mon_command_ack([{"prefix": "get_command_descriptions"}]=0 v0) ==== 72+0+188370 (secure 0 0 0) 0x7f82fc015070 con 0x7f830c1074d0
2024-04-25T18:51:23.455 INFO:teuthology.orchestra.run.smithi029.stdout:/usr/bin/ceph: stderr
2024-04-25T18:51:22.440+0000 7f8312200700 1 -- 172.21.15.29:0/2806179811 --> [v2:172.21.15.29:6800/3492239933,v1:172.21.15.29:6801/3492239933] -- mgr_command(tid 0: {"prefix": "dashboard ac-user-create", "username": "admin", "rolename": "administrator", "force_password": true, "pwd_update_required": true, "target": ["mon-mgr", ""]}) -- 0x7f830c19f310 con 0x7f82f0039600
2024-04-25T18:51:23.455 INFO:teuthology.orchestra.run.smithi029.stdout:/usr/bin/ceph: stderr
2024-04-25T18:51:22.709+0000 7f8303e00700 1 -- 172.21.15.29:0/2806179811 <== mgr.14152 v2:172.21.15.29:6800/3492239933 1 ==== mgr_command_reply(tid 0: 0 ) ==== 8+0+252 (secure 0 0 0) 0x7f830c19f310 con 0x7f82f0039600
2024-04-25T18:51:23.455 INFO:teuthology.orchestra.run.smithi029.stdout:/usr/bin/ceph: stderr
2024-04-25T18:51:22.712+0000 7f8312200700 1 -- 172.21.15.29:0/2806179811 >> [v2:172.21.15.29:6800/3492239933,v1:172.21.15.29:6801/3492239933] conn(0x7f82f0039600 msgr2=0x7f82f003bac0 secure :-1 s=STATE_CONNECTION_ESTABLISHED l=1).mark_down
2024-04-25T18:51:23.455 INFO:teuthology.orchestra.run.smithi029.stdout:/usr/bin/ceph: stderr
2024-04-25T18:51:22.712+0000 7f8312200700 1 --2- 172.21.15.29:0/2806179811 >> [v2:172.21.15.29:6800/3492239933,v1:172.21.15.29:6801/3492239933] conn(0x7f82f0039600 0x7f82f003bac0 secure :-1 s=READY pgs=8 cs=0 l=1 rev1=1 crypto rx=0x7f82f8006fd0 tx=0x7f82f8006e40 comp rx=0 tx=0).stop
2024-04-25T18:51:23.455 INFO:teuthology.orchestra.run.smithi029.stdout:/usr/bin/ceph: stderr
2024-04-25T18:51:22.712+0000 7f8312200700 1 -- 172.21.15.29:0/2806179811 >> [v2:172.21.15.29:3300/0,v1:172.21.15.29:6789/0] conn(0x7f830c1074d0 msgr2=0x7f830c19e660 secure :-1 s=STATE_CONNECTION_ESTABLISHED l=1).mark_down
2024-04-25T18:51:23.455 INFO:teuthology.orchestra.run.smithi029.stdout:/usr/bin/ceph: stderr
2024-04-25T18:51:22.712+0000 7f8312200700 1 --2- 172.21.15.29:0/2806179811 >> [v2:172.21.15.29:3300/0,v1:172.21.15.29:6789/0] conn(0x7f830c1074d0 0x7f830c19e660 secure :-1 s=READY pgs=73 cs=0 l=1 rev1=1 crypto rx=0x7f82fc009520 tx=0x7f82fc00e1d0 comp rx=0 tx=0).stop
2024-04-25T18:51:23.455 INFO:teuthology.orchestra.run.smithi029.stdout:/usr/bin/ceph: stderr
2024-04-25T18:51:22.713+0000 7f8312200700 1 -- 172.21.15.29:0/2806179811 shutdown_connections
2024-04-25T18:51:23.456 INFO:teuthology.orchestra.run.smithi029.stdout:/usr/bin/ceph: stderr
2024-04-25T18:51:22.713+0000 7f8312200700 1 --2- 172.21.15.29:0/2806179811 >> [v2:172.21.15.29:6800/3492239933,v1:172.21.15.29:6801/3492239933] conn(0x7f82f0039600 0x7f82f003bac0 unknown :-1 s=CLOSED pgs=8 cs=0 l=1 rev1=1 crypto rx=0 tx=0 comp rx=0 tx=0).stop
2024-04-25T18:51:23.456 INFO:teuthology.orchestra.run.smithi029.stdout:/usr/bin/ceph: stderr
2024-04-25T18:51:22.713+0000 7f8312200700 1 --2- 172.21.15.29:0/2806179811 >> [v2:172.21.15.29:3300/0,v1:172.21.15.29:6789/0] conn(0x7f830c1074d0 0x7f830c19e660 unknown :-1 s=CLOSED pgs=73 cs=0 l=1 rev1=1 crypto rx=0 tx=0 comp rx=0 tx=0).stop
2024-04-25T18:51:23.456 INFO:teuthology.orchestra.run.smithi029.stdout:/usr/bin/ceph: stderr
2024-04-25T18:51:22.713+0000 7f8312200700 1 -- 172.21.15.29:0/2806179811 >> 172.21.15.29:0/2806179811 conn(0x7f830c102ad0 msgr2=0x7f830c190890 unknown :-1 s=STATE_NONE l=0).mark_down
2024-04-25T18:51:23.456 INFO:teuthology.orchestra.run.smithi029.stdout:/usr/bin/ceph: stderr
2024-04-25T18:51:22.713+0000 7f8312200700 1 -- 172.21.15.29:0/2806179811 shutdown_connections
2024-04-25T18:51:23.456 INFO:teuthology.orchestra.run.smithi029.stdout:/usr/bin/ceph: stderr
2024-04-25T18:51:22.713+0000 7f8312200700 1 -- 172.21.15.29:0/2806179811 wait complete.
2024-04-25T18:51:23.456 INFO:teuthology.orchestra.run.smithi029.stdout:Fetching dashboard port number...
2024-04-25T18:51:24.351 INFO:journalctl@ceph.mon.a.smithi029.stdout:Apr 25 18:51:24 smithi029 ceph-mon[28033]: from='mgr.14152 172.21.15.29:0/2870834690' entity='mgr.x'
2024-04-25T18:51:25.514 INFO:journalctl@ceph.mon.a.smithi029.stdout:Apr 25 18:51:25 smithi029 ceph-mon[28033]: mgrmap e13: x(active, since 6s)
2024-04-25T18:51:25.514 INFO:journalctl@ceph.mon.a.smithi029.stdout:Apr 25 18:51:25 smithi029 ceph-mon[28033]: from='client.? 172.21.15.29:0/2261596111' entity='client.admin' cmd=[{"prefix": "config get", "who": "mgr", "key": "mgr/dashboard/ssl_server_port"}]: dispatch
2024-04-25T18:51:26.180 INFO:teuthology.orchestra.run.smithi029.stdout:/usr/bin/ceph: stdout 8443
2024-04-25T18:51:26.180 INFO:teuthology.orchestra.run.smithi029.stdout:/usr/bin/ceph: stderr
2024-04-25T18:51:24.091+0000 7fc0faa00700 1 Processor -- start
2024-04-25T18:51:26.180 INFO:teuthology.orchestra.run.smithi029.stdout:/usr/bin/ceph: stderr
2024-04-25T18:51:24.092+0000 7fc0faa00700 1 -- start start
2024-04-25T18:51:26.180 INFO:teuthology.orchestra.run.smithi029.stdout:/usr/bin/ceph: stderr
2024-04-25T18:51:24.092+0000 7fc0faa00700 1 --2- >> [v2:172.21.15.29:3300/0,v1:172.21.15.29:6789/0] conn(0x7fc0f4109040 0x7fc0f410b430 unknown :-1 s=NONE pgs=0 cs=0 l=0 rev1=0 crypto rx=0 tx=0 comp rx=0 tx=0).connect
2024-04-25T18:51:26.180 INFO:teuthology.orchestra.run.smithi029.stdout:/usr/bin/ceph: stderr
2024-04-25T18:51:24.092+0000 7fc0faa00700 1 -- --> [v2:172.21.15.29:3300/0,v1:172.21.15.29:6789/0] -- mon_getmap magic: 0 -- 0x7fc0f4063d60 con 0x7fc0f4109040
2024-04-25T18:51:26.180 INFO:teuthology.orchestra.run.smithi029.stdout:/usr/bin/ceph: stderr
2024-04-25T18:51:24.093+0000 7fc0f3e00700 1 --2- >> [v2:172.21.15.29:3300/0,v1:172.21.15.29:6789/0] conn(0x7fc0f4109040 0x7fc0f410b430 unknown :-1 s=BANNER_CONNECTING pgs=0 cs=0 l=0 rev1=0 crypto rx=0 tx=0 comp rx=0 tx=0)._handle_peer_banner_payload supported=3 required=0
2024-04-25T18:51:26.180 INFO:teuthology.orchestra.run.smithi029.stdout:/usr/bin/ceph: stderr
2024-04-25T18:51:24.093+0000 7fc0f3e00700 1 --2- >> [v2:172.21.15.29:3300/0,v1:172.21.15.29:6789/0] conn(0x7fc0f4109040 0x7fc0f410b430 unknown :-1 s=HELLO_CONNECTING pgs=0 cs=0 l=0 rev1=1 crypto rx=0 tx=0 comp rx=0 tx=0).handle_hello peer v2:172.21.15.29:3300/0 says I am v2:172.21.15.29:35800/0 (socket says 172.21.15.29:35800)
2024-04-25T18:51:26.181 INFO:teuthology.orchestra.run.smithi029.stdout:/usr/bin/ceph: stderr
2024-04-25T18:51:24.093+0000 7fc0f3e00700 1 -- 172.21.15.29:0/2331214225 learned_addr learned my addr 172.21.15.29:0/2331214225 (peer_addr_for_me v2:172.21.15.29:0/0)
2024-04-25T18:51:26.181 INFO:teuthology.orchestra.run.smithi029.stdout:/usr/bin/ceph: stderr
2024-04-25T18:51:24.093+0000 7fc0f3e00700 1 -- 172.21.15.29:0/2331214225 --> [v2:172.21.15.29:3300/0,v1:172.21.15.29:6789/0] -- mon_subscribe({config=0+,monmap=0+}) -- 0x7fc0f410b970 con 0x7fc0f4109040
2024-04-25T18:51:26.181 INFO:teuthology.orchestra.run.smithi029.stdout:/usr/bin/ceph: stderr
