2024-04-25T18:51:36.876+0000 7f945e800700 1 --2- >> [v2:172.21.15.39:3300/0,v1:172.21.15.39:6789/0] conn(0x7f9460108420 0x7f9460108840 unknown :-1 s=BANNER_CONNECTING pgs=0 cs=0 l=0 rev1=0 crypto rx=0 tx=0 comp rx=0 tx=0)._handle_peer_banner_payload supported=3 required=0
2024-04-25T18:51:37.822 INFO:teuthology.orchestra.run.smithi039.stdout:/usr/bin/ceph: stderr
2024-04-25T18:51:36.876+0000 7f945e800700 1 --2- >> [v2:172.21.15.39:3300/0,v1:172.21.15.39:6789/0] conn(0x7f9460108420 0x7f9460108840 unknown :-1 s=HELLO_CONNECTING pgs=0 cs=0 l=0 rev1=1 crypto rx=0 tx=0 comp rx=0 tx=0).handle_hello peer v2:172.21.15.39:3300/0 says I am v2:172.21.15.39:49538/0 (socket says 172.21.15.39:49538)
2024-04-25T18:51:37.822 INFO:teuthology.orchestra.run.smithi039.stdout:/usr/bin/ceph: stderr
2024-04-25T18:51:36.876+0000 7f945e800700 1 -- 172.21.15.39:0/1473150190 learned_addr learned my addr 172.21.15.39:0/1473150190 (peer_addr_for_me v2:172.21.15.39:0/0)
2024-04-25T18:51:37.822 INFO:teuthology.orchestra.run.smithi039.stdout:/usr/bin/ceph: stderr
2024-04-25T18:51:36.877+0000 7f945e800700 1 -- 172.21.15.39:0/1473150190 --> [v2:172.21.15.39:3300/0,v1:172.21.15.39:6789/0] -- mon_subscribe({config=0+,monmap=0+}) -- 0x7f94601095d0 con 0x7f9460108420
2024-04-25T18:51:37.822 INFO:teuthology.orchestra.run.smithi039.stdout:/usr/bin/ceph: stderr
2024-04-25T18:51:36.877+0000 7f945e800700 1 --2- 172.21.15.39:0/1473150190 >> [v2:172.21.15.39:3300/0,v1:172.21.15.39:6789/0] conn(0x7f9460108420 0x7f9460108840 secure :-1 s=READY pgs=37 cs=0 l=1 rev1=1 crypto rx=0x7f94500098a0 tx=0x7f9450009bb0 comp rx=0 tx=0).ready entity=mon.0 client_cookie=8f783cf37ff49798 server_cookie=0 in_seq=0 out_seq=0
2024-04-25T18:51:37.822 INFO:teuthology.orchestra.run.smithi039.stdout:/usr/bin/ceph: stderr
2024-04-25T18:51:36.878+0000 7f945de00700 1 -- 172.21.15.39:0/1473150190 <== mon.0 v2:172.21.15.39:3300/0 1 ==== mon_map magic: 0 ==== 205+0+0 (secure 0 0 0) 0x7f9450004160 con 0x7f9460108420
2024-04-25T18:51:37.822 INFO:teuthology.orchestra.run.smithi039.stdout:/usr/bin/ceph: stderr
2024-04-25T18:51:36.878+0000 7f945de00700 1 -- 172.21.15.39:0/1473150190 <== mon.0 v2:172.21.15.39:3300/0 2 ==== config(26 keys) ==== 1070+0+0 (secure 0 0 0) 0x7f9450004300 con 0x7f9460108420
2024-04-25T18:51:37.822 INFO:teuthology.orchestra.run.smithi039.stdout:/usr/bin/ceph: stderr
2024-04-25T18:51:36.878+0000 7f945de00700 1 -- 172.21.15.39:0/1473150190 <== mon.0 v2:172.21.15.39:3300/0 3 ==== mon_map magic: 0 ==== 205+0+0 (secure 0 0 0) 0x7f9450011af0 con 0x7f9460108420
2024-04-25T18:51:37.823 INFO:teuthology.orchestra.run.smithi039.stdout:/usr/bin/ceph: stderr
2024-04-25T18:51:36.878+0000 7f9465400700 1 -- 172.21.15.39:0/1473150190 >> [v2:172.21.15.39:3300/0,v1:172.21.15.39:6789/0] conn(0x7f9460108420 msgr2=0x7f9460108840 secure :-1 s=STATE_CONNECTION_ESTABLISHED l=1).mark_down
2024-04-25T18:51:37.823 INFO:teuthology.orchestra.run.smithi039.stdout:/usr/bin/ceph: stderr
2024-04-25T18:51:36.878+0000 7f9465400700 1 --2- 172.21.15.39:0/1473150190 >> [v2:172.21.15.39:3300/0,v1:172.21.15.39:6789/0] conn(0x7f9460108420 0x7f9460108840 secure :-1 s=READY pgs=37 cs=0 l=1 rev1=1 crypto rx=0x7f94500098a0 tx=0x7f9450009bb0 comp rx=0 tx=0).stop
2024-04-25T18:51:37.827 INFO:teuthology.orchestra.run.smithi039.stdout:/usr/bin/ceph: stderr
2024-04-25T18:51:36.878+0000 7f9465400700 1 -- 172.21.15.39:0/1473150190 shutdown_connections
2024-04-25T18:51:37.827 INFO:teuthology.orchestra.run.smithi039.stdout:/usr/bin/ceph: stderr
2024-04-25T18:51:36.878+0000 7f9465400700 1 --2- 172.21.15.39:0/1473150190 >> [v2:172.21.15.39:3300/0,v1:172.21.15.39:6789/0] conn(0x7f9460108420 0x7f9460108840 unknown :-1 s=CLOSED pgs=37 cs=0 l=1 rev1=1 crypto rx=0 tx=0 comp rx=0 tx=0).stop
2024-04-25T18:51:37.827 INFO:teuthology.orchestra.run.smithi039.stdout:/usr/bin/ceph: stderr
2024-04-25T18:51:36.878+0000 7f9465400700 1 -- 172.21.15.39:0/1473150190 >> 172.21.15.39:0/1473150190 conn(0x7f9460103a40 msgr2=0x7f9460105e60 unknown :-1 s=STATE_NONE l=0).mark_down
2024-04-25T18:51:37.827 INFO:teuthology.orchestra.run.smithi039.stdout:/usr/bin/ceph: stderr
2024-04-25T18:51:36.879+0000 7f9465400700 1 -- 172.21.15.39:0/1473150190 shutdown_connections
2024-04-25T18:51:37.827 INFO:teuthology.orchestra.run.smithi039.stdout:/usr/bin/ceph: stderr
2024-04-25T18:51:36.879+0000 7f9465400700 1 -- 172.21.15.39:0/1473150190 wait complete.
2024-04-25T18:51:37.827 INFO:teuthology.orchestra.run.smithi039.stdout:/usr/bin/ceph: stderr
2024-04-25T18:51:36.880+0000 7f9465400700 1 Processor -- start
2024-04-25T18:51:37.827 INFO:teuthology.orchestra.run.smithi039.stdout:/usr/bin/ceph: stderr
2024-04-25T18:51:36.880+0000 7f9465400700 1 -- start start
2024-04-25T18:51:37.828 INFO:teuthology.orchestra.run.smithi039.stdout:/usr/bin/ceph: stderr
2024-04-25T18:51:36.880+0000 7f9465400700 1 --2- >> [v2:172.21.15.39:3300/0,v1:172.21.15.39:6789/0] conn(0x7f9460108420 0x7f946019c380 unknown :-1 s=NONE pgs=0 cs=0 l=1 rev1=0 crypto rx=0 tx=0 comp rx=0 tx=0).connect
2024-04-25T18:51:37.828 INFO:teuthology.orchestra.run.smithi039.stdout:/usr/bin/ceph: stderr
2024-04-25T18:51:36.880+0000 7f9465400700 1 -- --> [v2:172.21.15.39:3300/0,v1:172.21.15.39:6789/0] -- mon_getmap magic: 0 -- 0x7f946010c980 con 0x7f9460108420
2024-04-25T18:51:37.828 INFO:teuthology.orchestra.run.smithi039.stdout:/usr/bin/ceph: stderr
2024-04-25T18:51:36.880+0000 7f945e800700 1 --2- >> [v2:172.21.15.39:3300/0,v1:172.21.15.39:6789/0] conn(0x7f9460108420 0x7f946019c380 unknown :-1 s=BANNER_CONNECTING pgs=0 cs=0 l=1 rev1=0 crypto rx=0 tx=0 comp rx=0 tx=0)._handle_peer_banner_payload supported=3 required=0
2024-04-25T18:51:37.828 INFO:teuthology.orchestra.run.smithi039.stdout:/usr/bin/ceph: stderr
2024-04-25T18:51:36.880+0000 7f945e800700 1 --2- >> [v2:172.21.15.39:3300/0,v1:172.21.15.39:6789/0] conn(0x7f9460108420 0x7f946019c380 unknown :-1 s=HELLO_CONNECTING pgs=0 cs=0 l=1 rev1=1 crypto rx=0 tx=0 comp rx=0 tx=0).handle_hello peer v2:172.21.15.39:3300/0 says I am v2:172.21.15.39:49552/0 (socket says 172.21.15.39:49552)
2024-04-25T18:51:37.828 INFO:teuthology.orchestra.run.smithi039.stdout:/usr/bin/ceph: stderr
2024-04-25T18:51:36.880+0000 7f945e800700 1 -- 172.21.15.39:0/1481352379 learned_addr learned my addr 172.21.15.39:0/1481352379 (peer_addr_for_me v2:172.21.15.39:0/0)
2024-04-25T18:51:37.828 INFO:teuthology.orchestra.run.smithi039.stdout:/usr/bin/ceph: stderr
2024-04-25T18:51:36.881+0000 7f945e800700 1 -- 172.21.15.39:0/1481352379 --> [v2:172.21.15.39:3300/0,v1:172.21.15.39:6789/0] -- mon_subscribe({config=0+,monmap=0+}) -- 0x7f946019c8c0 con 0x7f9460108420
2024-04-25T18:51:37.828 INFO:teuthology.orchestra.run.smithi039.stdout:/usr/bin/ceph: stderr
2024-04-25T18:51:36.881+0000 7f945e800700 1 --2- 172.21.15.39:0/1481352379 >> [v2:172.21.15.39:3300/0,v1:172.21.15.39:6789/0] conn(0x7f9460108420 0x7f946019c380 secure :-1 s=READY pgs=38 cs=0 l=1 rev1=1 crypto rx=0x7f9450000c00 tx=0x7f9450011b70 comp rx=0 tx=0).ready entity=mon.0 client_cookie=0 server_cookie=0 in_seq=0 out_seq=0
2024-04-25T18:51:37.828 INFO:teuthology.orchestra.run.smithi039.stdout:/usr/bin/ceph: stderr
2024-04-25T18:51:36.881+0000 7f9457400700 1 -- 172.21.15.39:0/1481352379 <== mon.0 v2:172.21.15.39:3300/0 1 ==== mon_map magic: 0 ==== 205+0+0 (secure 0 0 0) 0x7f9450003b20 con 0x7f9460108420
2024-04-25T18:51:37.828 INFO:teuthology.orchestra.run.smithi039.stdout:/usr/bin/ceph: stderr
2024-04-25T18:51:36.881+0000 7f9457400700 1 -- 172.21.15.39:0/1481352379 <== mon.0 v2:172.21.15.39:3300/0 2 ==== config(26 keys) ==== 1070+0+0 (secure 0 0 0) 0x7f945001a8c0 con 0x7f9460108420
2024-04-25T18:51:37.828 INFO:teuthology.orchestra.run.smithi039.stdout:/usr/bin/ceph: stderr
2024-04-25T18:51:36.881+0000 7f9465400700 1 -- 172.21.15.39:0/1481352379 --> [v2:172.21.15.39:3300/0,v1:172.21.15.39:6789/0] -- mon_subscribe({mgrmap=0+}) -- 0x7f946019cb50 con 0x7f9460108420
2024-04-25T18:51:37.828 INFO:teuthology.orchestra.run.smithi039.stdout:/usr/bin/ceph: stderr
2024-04-25T18:51:36.881+0000 7f9457400700 1 -- 172.21.15.39:0/1481352379 <== mon.0 v2:172.21.15.39:3300/0 3 ==== mon_map magic: 0 ==== 205+0+0 (secure 0 0 0) 0x7f9450024940 con 0x7f9460108420
2024-04-25T18:51:37.828 INFO:teuthology.orchestra.run.smithi039.stdout:/usr/bin/ceph: stderr
2024-04-25T18:51:36.881+0000 7f9465400700 1 -- 172.21.15.39:0/1481352379 --> [v2:172.21.15.39:3300/0,v1:172.21.15.39:6789/0] -- mon_subscribe({osdmap=0}) -- 0x7f946019f840 con 0x7f9460108420
2024-04-25T18:51:37.828 INFO:teuthology.orchestra.run.smithi039.stdout:/usr/bin/ceph: stderr
2024-04-25T18:51:36.882+0000 7f9457400700 1 -- 172.21.15.39:0/1481352379 <== mon.0 v2:172.21.15.39:3300/0 4 ==== mgrmap(e 8) ==== 46558+0+0 (secure 0 0 0) 0x7f9450022020 con 0x7f9460108420
2024-04-25T18:51:37.828 INFO:teuthology.orchestra.run.smithi039.stdout:/usr/bin/ceph: stderr
2024-04-25T18:51:36.883+0000 7f9465400700 1 -- 172.21.15.39:0/1481352379 --> [v2:172.21.15.39:3300/0,v1:172.21.15.39:6789/0] -- mon_command({"prefix": "get_command_descriptions"} v 0) -- 0x7f94600640a0 con 0x7f9460108420
2024-04-25T18:51:37.828 INFO:teuthology.orchestra.run.smithi039.stdout:/usr/bin/ceph: stderr
2024-04-25T18:51:36.883+0000 7f9457400700 1 --2- 172.21.15.39:0/1481352379 >> [v2:172.21.15.39:6800/1297686176,v1:172.21.15.39:6801/1297686176] conn(0x7f9444039600 0x7f944403bac0 unknown :-1 s=NONE pgs=0 cs=0 l=1 rev1=0 crypto rx=0 tx=0 comp rx=0 tx=0).connect
2024-04-25T18:51:37.829 INFO:teuthology.orchestra.run.smithi039.stdout:/usr/bin/ceph: stderr
2024-04-25T18:51:36.883+0000 7f9457400700 1 -- 172.21.15.39:0/1481352379 <== mon.0 v2:172.21.15.39:3300/0 5 ==== osd_map(2..2 src has 1..2) ==== 940+0+0 (secure 0 0 0) 0x7f945004d8f0 con 0x7f9460108420
2024-04-25T18:51:37.829 INFO:teuthology.orchestra.run.smithi039.stdout:/usr/bin/ceph: stderr
2024-04-25T18:51:36.883+0000 7f9457e00700 1 --2- 172.21.15.39:0/1481352379 >> [v2:172.21.15.39:6800/1297686176,v1:172.21.15.39:6801/1297686176] conn(0x7f9444039600 0x7f944403bac0 unknown :-1 s=BANNER_CONNECTING pgs=0 cs=0 l=1 rev1=0 crypto rx=0 tx=0 comp rx=0 tx=0)._handle_peer_banner_payload supported=3 required=0
2024-04-25T18:51:37.829 INFO:teuthology.orchestra.run.smithi039.stdout:/usr/bin/ceph: stderr
2024-04-25T18:51:36.884+0000 7f9457e00700 1 --2- 172.21.15.39:0/1481352379 >> [v2:172.21.15.39:6800/1297686176,v1:172.21.15.39:6801/1297686176] conn(0x7f9444039600 0x7f944403bac0 secure :-1 s=READY pgs=7 cs=0 l=1 rev1=1 crypto rx=0x7f9448006fd0 tx=0x7f9448006e40 comp rx=0 tx=0).ready entity=mgr.14120 client_cookie=0 server_cookie=0 in_seq=0 out_seq=0
2024-04-25T18:51:37.829 INFO:teuthology.orchestra.run.smithi039.stdout:/usr/bin/ceph: stderr
2024-04-25T18:51:36.889+0000 7f9457400700 1 -- 172.21.15.39:0/1481352379 <== mon.0 v2:172.21.15.39:3300/0 6 ==== mon_command_ack([{"prefix": "get_command_descriptions"}]=0 v0) ==== 72+0+188370 (secure 0 0 0) 0x7f945000be50 con 0x7f9460108420
2024-04-25T18:51:37.829 INFO:teuthology.orchestra.run.smithi039.stdout:/usr/bin/ceph: stderr
2024-04-25T18:51:37.129+0000 7f9465400700 1 -- 172.21.15.39:0/1481352379 --> [v2:172.21.15.39:6800/1297686176,v1:172.21.15.39:6801/1297686176] -- mgr_command(tid 0: {"prefix": "orch set backend", "module_name": "cephadm", "target": ["mon-mgr", ""]}) -- 0x7f9460104d00 con 0x7f9444039600
2024-04-25T18:51:37.829 INFO:teuthology.orchestra.run.smithi039.stdout:/usr/bin/ceph: stderr
2024-04-25T18:51:37.148+0000 7f9457400700 1 -- 172.21.15.39:0/1481352379 <== mgr.14120 v2:172.21.15.39:6800/1297686176 1 ==== mgr_command_reply(tid 0: 0 ) ==== 8+0+0 (secure 0 0 0) 0x7f9460104d00 con 0x7f9444039600
2024-04-25T18:51:37.829 INFO:teuthology.orchestra.run.smithi039.stdout:/usr/bin/ceph: stderr
2024-04-25T18:51:37.151+0000 7f9465400700 1 -- 172.21.15.39:0/1481352379 >> [v2:172.21.15.39:6800/1297686176,v1:172.21.15.39:6801/1297686176] conn(0x7f9444039600 msgr2=0x7f944403bac0 secure :-1 s=STATE_CONNECTION_ESTABLISHED l=1).mark_down
2024-04-25T18:51:37.829 INFO:teuthology.orchestra.run.smithi039.stdout:/usr/bin/ceph: stderr
2024-04-25T18:51:37.151+0000 7f9465400700 1 --2- 172.21.15.39:0/1481352379 >> [v2:172.21.15.39:6800/1297686176,v1:172.21.15.39:6801/1297686176] conn(0x7f9444039600 0x7f944403bac0 secure :-1 s=READY pgs=7 cs=0 l=1 rev1=1 crypto rx=0x7f9448006fd0 tx=0x7f9448006e40 comp rx=0 tx=0).stop
2024-04-25T18:51:37.829 INFO:teuthology.orchestra.run.smithi039.stdout:/usr/bin/ceph: stderr
2024-04-25T18:51:37.151+0000 7f9465400700 1 -- 172.21.15.39:0/1481352379 >> [v2:172.21.15.39:3300/0,v1:172.21.15.39:6789/0] conn(0x7f9460108420 msgr2=0x7f946019c380 secure :-1 s=STATE_CONNECTION_ESTABLISHED l=1).mark_down
2024-04-25T18:51:37.829 INFO:teuthology.orchestra.run.smithi039.stdout:/usr/bin/ceph: stderr
2024-04-25T18:51:37.151+0000 7f9465400700 1 --2- 172.21.15.39:0/1481352379 >> [v2:172.21.15.39:3300/0,v1:172.21.15.39:6789/0] conn(0x7f9460108420 0x7f946019c380 secure :-1 s=READY pgs=38 cs=0 l=1 rev1=1 crypto rx=0x7f9450000c00 tx=0x7f9450011b70 comp rx=0 tx=0).stop
2024-04-25T18:51:37.829 INFO:teuthology.orchestra.run.smithi039.stdout:/usr/bin/ceph: stderr
2024-04-25T18:51:37.151+0000 7f9465400700 1 -- 172.21.15.39:0/1481352379 shutdown_connections
2024-04-25T18:51:37.829 INFO:teuthology.orchestra.run.smithi039.stdout:/usr/bin/ceph: stderr
2024-04-25T18:51:37.151+0000 7f9465400700 1 --2- 172.21.15.39:0/1481352379 >> [v2:172.21.15.39:6800/1297686176,v1:172.21.15.39:6801/1297686176] conn(0x7f9444039600 0x7f944403bac0 unknown :-1 s=CLOSED pgs=7 cs=0 l=1 rev1=1 crypto rx=0 tx=0 comp rx=0 tx=0).stop
2024-04-25T18:51:37.829 INFO:teuthology.orchestra.run.smithi039.stdout:/usr/bin/ceph: stderr
2024-04-25T18:51:37.151+0000 7f9465400700 1 --2- 172.21.15.39:0/1481352379 >> [v2:172.21.15.39:3300/0,v1:172.21.15.39:6789/0] conn(0x7f9460108420 0x7f946019c380 unknown :-1 s=CLOSED pgs=38 cs=0 l=1 rev1=1 crypto rx=0 tx=0 comp rx=0 tx=0).stop
2024-04-25T18:51:37.829 INFO:teuthology.orchestra.run.smithi039.stdout:/usr/bin/ceph: stderr
2024-04-25T18:51:37.151+0000 7f9465400700 1 -- 172.21.15.39:0/1481352379 >> 172.21.15.39:0/1481352379 conn(0x7f9460103a40 msgr2=0x7f94601045f0 unknown :-1 s=STATE_NONE l=0).mark_down
2024-04-25T18:51:37.830 INFO:teuthology.orchestra.run.smithi039.stdout:/usr/bin/ceph: stderr
2024-04-25T18:51:37.151+0000 7f9465400700 1 -- 172.21.15.39:0/1481352379 shutdown_connections
2024-04-25T18:51:37.830 INFO:teuthology.orchestra.run.smithi039.stdout:/usr/bin/ceph: stderr
2024-04-25T18:51:37.152+0000 7f9465400700 1 -- 172.21.15.39:0/1481352379 wait complete.
2024-04-25T18:51:39.597 INFO:teuthology.orchestra.run.smithi039.stdout:/usr/bin/ceph: stdout value unchanged
2024-04-25T18:51:39.598 INFO:teuthology.orchestra.run.smithi039.stdout:/usr/bin/ceph: stderr
2024-04-25T18:51:38.493+0000 7fa688000700 1 Processor -- start
2024-04-25T18:51:39.598 INFO:teuthology.orchestra.run.smithi039.stdout:/usr/bin/ceph: stderr
2024-04-25T18:51:38.493+0000 7fa688000700 1 -- start start
2024-04-25T18:51:39.599 INFO:teuthology.orchestra.run.smithi039.stdout:/usr/bin/ceph: stderr
2024-04-25T18:51:38.493+0000 7fa688000700 1 --2- >> [v2:172.21.15.39:3300/0,v1:172.21.15.39:6789/0] conn(0x7fa68010a650 0x7fa68010aa70 unknown :-1 s=NONE pgs=0 cs=0 l=0 rev1=0 crypto rx=0 tx=0 comp rx=0 tx=0).connect
2024-04-25T18:51:39.599 INFO:teuthology.orchestra.run.smithi039.stdout:/usr/bin/ceph: stderr
2024-04-25T18:51:38.493+0000 7fa688000700 1 -- --> [v2:172.21.15.39:3300/0,v1:172.21.15.39:6789/0] -- mon_getmap magic: 0 -- 0x7fa68010b040 con 0x7fa68010a650
2024-04-25T18:51:39.600 INFO:teuthology.orchestra.run.smithi039.stdout:/usr/bin/ceph: stderr
2024-04-25T18:51:38.494+0000 7fa685600700 1 --2- >> [v2:172.21.15.39:3300/0,v1:172.21.15.39:6789/0] conn(0x7fa68010a650 0x7fa68010aa70 unknown :-1 s=BANNER_CONNECTING pgs=0 cs=0 l=0 rev1=0 crypto rx=0 tx=0 comp rx=0 tx=0)._handle_peer_banner_payload supported=3 required=0
2024-04-25T18:51:39.600 INFO:teuthology.orchestra.run.smithi039.stdout:/usr/bin/ceph: stderr
2024-04-25T18:51:38.494+0000 7fa685600700 1 --2- >> [v2:172.21.15.39:3300/0,v1:172.21.15.39:6789/0] conn(0x7fa68010a650 0x7fa68010aa70 unknown :-1 s=HELLO_CONNECTING pgs=0 cs=0 l=0 rev1=1 crypto rx=0 tx=0 comp rx=0 tx=0).handle_hello peer v2:172.21.15.39:3300/0 says I am v2:172.21.15.39:49564/0 (socket says 172.21.15.39:49564)
2024-04-25T18:51:39.600 INFO:teuthology.orchestra.run.smithi039.stdout:/usr/bin/ceph: stderr
2024-04-25T18:51:38.494+0000 7fa685600700 1 -- 172.21.15.39:0/3988869126 learned_addr learned my addr 172.21.15.39:0/3988869126 (peer_addr_for_me v2:172.21.15.39:0/0)
2024-04-25T18:51:39.600 INFO:teuthology.orchestra.run.smithi039.stdout:/usr/bin/ceph: stderr
2024-04-25T18:51:38.494+0000 7fa685600700 1 -- 172.21.15.39:0/3988869126 --> [v2:172.21.15.39:3300/0,v1:172.21.15.39:6789/0] -- mon_subscribe({config=0+,monmap=0+}) -- 0x7fa68010b800 con 0x7fa68010a650
2024-04-25T18:51:39.600 INFO:teuthology.orchestra.run.smithi039.stdout:/usr/bin/ceph: stderr
2024-04-25T18:51:38.495+0000 7fa685600700 1 --2- 172.21.15.39:0/3988869126 >> [v2:172.21.15.39:3300/0,v1:172.21.15.39:6789/0] conn(0x7fa68010a650 0x7fa68010aa70 secure :-1 s=READY pgs=39 cs=0 l=1 rev1=1 crypto rx=0x7fa6740098a0 tx=0x7fa674009bb0 comp rx=0 tx=0).ready entity=mon.0 client_cookie=ee44d232177860b server_cookie=0 in_seq=0 out_seq=0
2024-04-25T18:51:39.600 INFO:teuthology.orchestra.run.smithi039.stdout:/usr/bin/ceph: stderr
2024-04-25T18:51:38.495+0000 7fa67fe00700 1 -- 172.21.15.39:0/3988869126 <== mon.0 v2:172.21.15.39:3300/0 1 ==== mon_map magic: 0 ==== 205+0+0 (secure 0 0 0) 0x7fa674004160 con 0x7fa68010a650
2024-04-25T18:51:39.600 INFO:teuthology.orchestra.run.smithi039.stdout:/usr/bin/ceph: stderr
2024-04-25T18:51:38.495+0000 7fa67fe00700 1 -- 172.21.15.39:0/3988869126 <== mon.0 v2:172.21.15.39:3300/0 2 ==== config(26 keys) ==== 1070+0+0 (secure 0 0 0) 0x7fa674004300 con 0x7fa68010a650
2024-04-25T18:51:39.600 INFO:teuthology.orchestra.run.smithi039.stdout:/usr/bin/ceph: stderr
2024-04-25T18:51:38.495+0000 7fa67fe00700 1 -- 172.21.15.39:0/3988869126 <== mon.0 v2:172.21.15.39:3300/0 3 ==== mon_map magic: 0 ==== 205+0+0 (secure 0 0 0) 0x7fa674011af0 con 0x7fa68010a650
2024-04-25T18:51:39.600 INFO:teuthology.orchestra.run.smithi039.stdout:/usr/bin/ceph: stderr
2024-04-25T18:51:38.496+0000 7fa688000700 1 -- 172.21.15.39:0/3988869126 >> [v2:172.21.15.39:3300/0,v1:172.21.15.39:6789/0] conn(0x7fa68010a650 msgr2=0x7fa68010aa70 secure :-1 s=STATE_CONNECTION_ESTABLISHED l=1).mark_down
2024-04-25T18:51:39.603 INFO:teuthology.orchestra.run.smithi039.stdout:/usr/bin/ceph: stderr
2024-04-25T18:51:38.496+0000 7fa688000700 1 --2- 172.21.15.39:0/3988869126 >> [v2:172.21.15.39:3300/0,v1:172.21.15.39:6789/0] conn(0x7fa68010a650 0x7fa68010aa70 secure :-1 s=READY pgs=39 cs=0 l=1 rev1=1 crypto rx=0x7fa6740098a0 tx=0x7fa674009bb0 comp rx=0 tx=0).stop
2024-04-25T18:51:39.603 INFO:teuthology.orchestra.run.smithi039.stdout:/usr/bin/ceph: stderr
2024-04-25T18:51:38.496+0000 7fa688000700 1 -- 172.21.15.39:0/3988869126 shutdown_connections
2024-04-25T18:51:39.603 INFO:teuthology.orchestra.run.smithi039.stdout:/usr/bin/ceph: stderr
2024-04-25T18:51:38.496+0000 7fa688000700 1 --2- 172.21.15.39:0/3988869126 >> [v2:172.21.15.39:3300/0,v1:172.21.15.39:6789/0] conn(0x7fa68010a650 0x7fa68010aa70 unknown :-1 s=CLOSED pgs=39 cs=0 l=1 rev1=1 crypto rx=0 tx=0 comp rx=0 tx=0).stop
2024-04-25T18:51:39.604 INFO:teuthology.orchestra.run.smithi039.stdout:/usr/bin/ceph: stderr
2024-04-25T18:51:38.496+0000 7fa688000700 1 -- 172.21.15.39:0/3988869126 >> 172.21.15.39:0/3988869126 conn(0x7fa68007dc20 msgr2=0x7fa6801084e0 unknown :-1 s=STATE_NONE l=0).mark_down
2024-04-25T18:51:39.604 INFO:teuthology.orchestra.run.smithi039.stdout:/usr/bin/ceph: stderr
2024-04-25T18:51:38.496+0000 7fa688000700 1 -- 172.21.15.39:0/3988869126 shutdown_connections
2024-04-25T18:51:39.604 INFO:teuthology.orchestra.run.smithi039.stdout:/usr/bin/ceph: stderr
2024-04-25T18:51:38.496+0000 7fa688000700 1 -- 172.21.15.39:0/3988869126 wait complete.
2024-04-25T18:51:39.604 INFO:teuthology.orchestra.run.smithi039.stdout:/usr/bin/ceph: stderr
2024-04-25T18:51:38.497+0000 7fa688000700 1 Processor -- start
2024-04-25T18:51:39.604 INFO:teuthology.orchestra.run.smithi039.stdout:/usr/bin/ceph: stderr
2024-04-25T18:51:38.498+0000 7fa688000700 1 -- start start
2024-04-25T18:51:39.604 INFO:teuthology.orchestra.run.smithi039.stdout:/usr/bin/ceph: stderr
2024-04-25T18:51:38.498+0000 7fa688000700 1 --2- >> [v2:172.21.15.39:3300/0,v1:172.21.15.39:6789/0] conn(0x7fa68010a650 0x7fa68019e610 unknown :-1 s=NONE pgs=0 cs=0 l=1 rev1=0 crypto rx=0 tx=0 comp rx=0 tx=0).connect
2024-04-25T18:51:39.604 INFO:teuthology.orchestra.run.smithi039.stdout:/usr/bin/ceph: stderr
2024-04-25T18:51:38.498+0000 7fa688000700 1 -- --> [v2:172.21.15.39:3300/0,v1:172.21.15.39:6789/0] -- mon_getmap magic: 0 -- 0x7fa68010ebb0 con 0x7fa68010a650
2024-04-25T18:51:39.604 INFO:teuthology.orchestra.run.smithi039.stdout:/usr/bin/ceph: stderr
2024-04-25T18:51:38.498+0000 7fa685600700 1 --2- >> [v2:172.21.15.39:3300/0,v1:172.21.15.39:6789/0] conn(0x7fa68010a650 0x7fa68019e610 unknown :-1 s=BANNER_CONNECTING pgs=0 cs=0 l=1 rev1=0 crypto rx=0 tx=0 comp rx=0 tx=0)._handle_peer_banner_payload supported=3 required=0
2024-04-25T18:51:39.604 INFO:teuthology.orchestra.run.smithi039.stdout:/usr/bin/ceph: stderr
2024-04-25T18:51:38.498+0000 7fa685600700 1 --2- >> [v2:172.21.15.39:3300/0,v1:172.21.15.39:6789/0] conn(0x7fa68010a650 0x7fa68019e610 unknown :-1 s=HELLO_CONNECTING pgs=0 cs=0 l=1 rev1=1 crypto rx=0 tx=0 comp rx=0 tx=0).handle_hello peer v2:172.21.15.39:3300/0 says I am v2:172.21.15.39:49570/0 (socket says 172.21.15.39:49570)
2024-04-25T18:51:39.604 INFO:teuthology.orchestra.run.smithi039.stdout:/usr/bin/ceph: stderr
2024-04-25T18:51:38.498+0000 7fa685600700 1 -- 172.21.15.39:0/1264862222 learned_addr learned my addr 172.21.15.39:0/1264862222 (peer_addr_for_me v2:172.21.15.39:0/0)
2024-04-25T18:51:39.604 INFO:teuthology.orchestra.run.smithi039.stdout:/usr/bin/ceph: stderr
2024-04-25T18:51:38.499+0000 7fa685600700 1 -- 172.21.15.39:0/1264862222 --> [v2:172.21.15.39:3300/0,v1:172.21.15.39:6789/0] -- mon_subscribe({config=0+,monmap=0+}) -- 0x7fa68019eb50 con 0x7fa68010a650
2024-04-25T18:51:39.604 INFO:teuthology.orchestra.run.smithi039.stdout:/usr/bin/ceph: stderr
2024-04-25T18:51:38.499+0000 7fa685600700 1 --2- 172.21.15.39:0/1264862222 >> [v2:172.21.15.39:3300/0,v1:172.21.15.39:6789/0] conn(0x7fa68010a650 0x7fa68019e610 secure :-1 s=READY pgs=40 cs=0 l=1 rev1=1 crypto rx=0x7fa6740117b0 tx=0x7fa674011b70 comp rx=0 tx=0).ready entity=mon.0 client_cookie=0 server_cookie=0 in_seq=0 out_seq=0
2024-04-25T18:51:39.604 INFO:teuthology.orchestra.run.smithi039.stdout:/usr/bin/ceph: stderr
2024-04-25T18:51:38.499+0000 7fa67e000700 1 -- 172.21.15.39:0/1264862222 <== mon.0 v2:172.21.15.39:3300/0 1 ==== mon_map magic: 0 ==== 205+0+0 (secure 0 0 0) 0x7fa674003af0 con 0x7fa68010a650
2024-04-25T18:51:39.605 INFO:teuthology.orchestra.run.smithi039.stdout:/usr/bin/ceph: stderr
2024-04-25T18:51:38.499+0000 7fa67e000700 1 -- 172.21.15.39:0/1264862222 <== mon.0 v2:172.21.15.39:3300/0 2 ==== config(26 keys) ==== 1070+0+0 (secure 0 0 0) 0x7fa674020070 con 0x7fa68010a650
2024-04-25T18:51:39.605 INFO:teuthology.orchestra.run.smithi039.stdout:/usr/bin/ceph: stderr
2024-04-25T18:51:38.499+0000 7fa67e000700 1 -- 172.21.15.39:0/1264862222 <== mon.0 v2:172.21.15.39:3300/0 3 ==== mon_map magic: 0 ==== 205+0+0 (secure 0 0 0) 0x7fa674019630 con 0x7fa68010a650
2024-04-25T18:51:39.605 INFO:teuthology.orchestra.run.smithi039.stdout:/usr/bin/ceph: stderr
2024-04-25T18:51:38.499+0000 7fa688000700 1 -- 172.21.15.39:0/1264862222 --> [v2:172.21.15.39:3300/0,v1:172.21.15.39:6789/0] -- mon_subscribe({mgrmap=0+}) -- 0x7fa68019ede0 con 0x7fa68010a650
2024-04-25T18:51:39.605 INFO:teuthology.orchestra.run.smithi039.stdout:/usr/bin/ceph: stderr
2024-04-25T18:51:38.499+0000 7fa688000700 1 -- 172.21.15.39:0/1264862222 --> [v2:172.21.15.39:3300/0,v1:172.21.15.39:6789/0] -- mon_subscribe({osdmap=0}) -- 0x7fa6801a1ad0 con 0x7fa68010a650
2024-04-25T18:51:39.605 INFO:teuthology.orchestra.run.smithi039.stdout:/usr/bin/ceph: stderr
2024-04-25T18:51:38.500+0000 7fa688000700 1 -- 172.21.15.39:0/1264862222 --> [v2:172.21.15.39:3300/0,v1:172.21.15.39:6789/0] -- mon_command({"prefix": "get_command_descriptions"} v 0) -- 0x7fa6800640a0 con 0x7fa68010a650
2024-04-25T18:51:39.605 INFO:teuthology.orchestra.run.smithi039.stdout:/usr/bin/ceph: stderr
2024-04-25T18:51:38.501+0000 7fa67e000700 1 -- 172.21.15.39:0/1264862222 <== mon.0 v2:172.21.15.39:3300/0 4 ==== mgrmap(e 8) ==== 46558+0+0 (secure 0 0 0) 0x7fa67401a9c0 con 0x7fa68010a650
2024-04-25T18:51:39.605 INFO:teuthology.orchestra.run.smithi039.stdout:/usr/bin/ceph: stderr
2024-04-25T18:51:38.501+0000 7fa67e000700 1 --2- 172.21.15.39:0/1264862222 >> [v2:172.21.15.39:6800/1297686176,v1:172.21.15.39:6801/1297686176] conn(0x7fa668039660 0x7fa66803bb20 unknown :-1 s=NONE pgs=0 cs=0 l=1 rev1=0 crypto rx=0 tx=0 comp rx=0 tx=0).connect
2024-04-25T18:51:39.605 INFO:teuthology.orchestra.run.smithi039.stdout:/usr/bin/ceph: stderr
2024-04-25T18:51:38.501+0000 7fa67e000700 1 -- 172.21.15.39:0/1264862222 <== mon.0 v2:172.21.15.39:3300/0 5 ==== osd_map(2..2 src has 1..2) ==== 940+0+0 (secure 0 0 0) 0x7fa67404dbf0 con 0x7fa68010a650
2024-04-25T18:51:39.605 INFO:teuthology.orchestra.run.smithi039.stdout:/usr/bin/ceph: stderr
2024-04-25T18:51:38.501+0000 7fa684c00700 1 --2- 172.21.15.39:0/1264862222 >> [v2:172.21.15.39:6800/1297686176,v1:172.21.15.39:6801/1297686176] conn(0x7fa668039660 0x7fa66803bb20 unknown :-1 s=BANNER_CONNECTING pgs=0 cs=0 l=1 rev1=0 crypto rx=0 tx=0 comp rx=0 tx=0)._handle_peer_banner_payload supported=3 required=0
2024-04-25T18:51:39.607 INFO:teuthology.orchestra.run.smithi039.stdout:/usr/bin/ceph: stderr
2024-04-25T18:51:38.502+0000 7fa684c00700 1 --2- 172.21.15.39:0/1264862222 >> [v2:172.21.15.39:6800/1297686176,v1:172.21.15.39:6801/1297686176] conn(0x7fa668039660 0x7fa66803bb20 secure :-1 s=READY pgs=8 cs=0 l=1 rev1=1 crypto rx=0x7fa66c006fd0 tx=0x7fa66c006e40 comp rx=0 tx=0).ready entity=mgr.14120 client_cookie=0 server_cookie=0 in_seq=0 out_seq=0
2024-04-25T18:51:39.607 INFO:teuthology.orchestra.run.smithi039.stdout:/usr/bin/ceph: stderr
2024-04-25T18:51:38.507+0000 7fa67e000700 1 -- 172.21.15.39:0/1264862222 <== mon.0 v2:172.21.15.39:3300/0 6 ==== mon_command_ack([{"prefix": "get_command_descriptions"}]=0 v0) ==== 72+0+188370 (secure 0 0 0) 0x7fa67400e260 con 0x7fa68010a650
2024-04-25T18:51:39.607 INFO:teuthology.orchestra.run.smithi039.stdout:/usr/bin/ceph: stderr
2024-04-25T18:51:38.741+0000 7fa688000700 1 -- 172.21.15.39:0/1264862222 --> [v2:172.21.15.39:6800/1297686176,v1:172.21.15.39:6801/1297686176] -- mgr_command(tid 0: {"prefix": "cephadm set-user", "user": "root", "target": ["mon-mgr", ""]}) -- 0x7fa6801083c0 con 0x7fa668039660
2024-04-25T18:51:39.607 INFO:teuthology.orchestra.run.smithi039.stdout:/usr/bin/ceph: stderr
2024-04-25T18:51:38.743+0000 7fa67e000700 1 -- 172.21.15.39:0/1264862222 <== mgr.14120 v2:172.21.15.39:6800/1297686176 1 ==== mgr_command_reply(tid 0: 0 ) ==== 8+0+16 (secure 0 0 0) 0x7fa6801083c0 con 0x7fa668039660
2024-04-25T18:51:39.607 INFO:teuthology.orchestra.run.smithi039.stdout:/usr/bin/ceph: stderr
2024-04-25T18:51:38.746+0000 7fa688000700 1 -- 172.21.15.39:0/1264862222 >> [v2:172.21.15.39:6800/1297686176,v1:172.21.15.39:6801/1297686176] conn(0x7fa668039660 msgr2=0x7fa66803bb20 secure :-1 s=STATE_CONNECTION_ESTABLISHED l=1).mark_down
2024-04-25T18:51:39.607 INFO:teuthology.orchestra.run.smithi039.stdout:/usr/bin/ceph: stderr
2024-04-25T18:51:38.746+0000 7fa688000700 1 --2- 172.21.15.39:0/1264862222 >> [v2:172.21.15.39:6800/1297686176,v1:172.21.15.39:6801/1297686176] conn(0x7fa668039660 0x7fa66803bb20 secure :-1 s=READY pgs=8 cs=0 l=1 rev1=1 crypto rx=0x7fa66c006fd0 tx=0x7fa66c006e40 comp rx=0 tx=0).stop
2024-04-25T18:51:39.608 INFO:teuthology.orchestra.run.smithi039.stdout:/usr/bin/ceph: stderr
2024-04-25T18:51:38.746+0000 7fa688000700 1 -- 172.21.15.39:0/1264862222 >> [v2:172.21.15.39:3300/0,v1:172.21.15.39:6789/0] conn(0x7fa68010a650 msgr2=0x7fa68019e610 secure :-1 s=STATE_CONNECTION_ESTABLISHED l=1).mark_down
2024-04-25T18:51:39.608 INFO:teuthology.orchestra.run.smithi039.stdout:/usr/bin/ceph: stderr
2024-04-25T18:51:38.746+0000 7fa688000700 1 --2- 172.21.15.39:0/1264862222 >> [v2:172.21.15.39:3300/0,v1:172.21.15.39:6789/0] conn(0x7fa68010a650 0x7fa68019e610 secure :-1 s=READY pgs=40 cs=0 l=1 rev1=1 crypto rx=0x7fa6740117b0 tx=0x7fa674011b70 comp rx=0 tx=0).stop
2024-04-25T18:51:39.608 INFO:teuthology.orchestra.run.smithi039.stdout:/usr/bin/ceph: stderr
2024-04-25T18:51:38.746+0000 7fa688000700 1 -- 172.21.15.39:0/1264862222 shutdown_connections
2024-04-25T18:51:39.608 INFO:teuthology.orchestra.run.smithi039.stdout:/usr/bin/ceph: stderr
2024-04-25T18:51:38.746+0000 7fa688000700 1 --2- 172.21.15.39:0/1264862222 >> [v2:172.21.15.39:6800/1297686176,v1:172.21.15.39:6801/1297686176] conn(0x7fa668039660 0x7fa66803bb20 unknown :-1 s=CLOSED pgs=8 cs=0 l=1 rev1=1 crypto rx=0 tx=0 comp rx=0 tx=0).stop
2024-04-25T18:51:39.608 INFO:teuthology.orchestra.run.smithi039.stdout:/usr/bin/ceph: stderr
2024-04-25T18:51:38.746+0000 7fa688000700 1 --2- 172.21.15.39:0/1264862222 >> [v2:172.21.15.39:3300/0,v1:172.21.15.39:6789/0] conn(0x7fa68010a650 0x7fa68019e610 unknown :-1 s=CLOSED pgs=40 cs=0 l=1 rev1=1 crypto rx=0 tx=0 comp rx=0 tx=0).stop
2024-04-25T18:51:39.608 INFO:teuthology.orchestra.run.smithi039.stdout:/usr/bin/ceph: stderr
2024-04-25T18:51:38.746+0000 7fa688000700 1 -- 172.21.15.39:0/1264862222 >> 172.21.15.39:0/1264862222 conn(0x7fa68007dc20 msgr2=0x7fa680107cb0 unknown :-1 s=STATE_NONE l=0).mark_down
2024-04-25T18:51:39.608 INFO:teuthology.orchestra.run.smithi039.stdout:/usr/bin/ceph: stderr
2024-04-25T18:51:38.746+0000 7fa688000700 1 -- 172.21.15.39:0/1264862222 shutdown_connections
2024-04-25T18:51:39.608 INFO:teuthology.orchestra.run.smithi039.stdout:/usr/bin/ceph: stderr
2024-04-25T18:51:38.747+0000 7fa688000700 1 -- 172.21.15.39:0/1264862222 wait complete.
2024-04-25T18:51:39.608 INFO:teuthology.orchestra.run.smithi039.stdout:Generating ssh key...
2024-04-25T18:51:39.808 INFO:journalctl@ceph.mon.a.smithi039.stdout:Apr 25 18:51:39 smithi039 ceph-mon[27939]: from='client.14134 -' entity='client.admin' cmd=[{"prefix": "cephadm set-user", "user": "root", "target": ["mon-mgr", ""]}]: dispatch
2024-04-25T18:51:41.121 INFO:journalctl@ceph.mgr.x.smithi039.stdout:Apr 25 18:51:40 smithi039 ceph-98ca4386-0334-11ef-bc93-c7b262605968-mgr-x[28167]: Generating public/private rsa key pair.
2024-04-25T18:51:41.121 INFO:journalctl@ceph.mgr.x.smithi039.stdout:Apr 25 18:51:40 smithi039 ceph-98ca4386-0334-11ef-bc93-c7b262605968-mgr-x[28167]: Your identification has been saved in /tmp/tmpv5r14vr7/key.
2024-04-25T18:51:41.121 INFO:journalctl@ceph.mgr.x.smithi039.stdout:Apr 25 18:51:40 smithi039 ceph-98ca4386-0334-11ef-bc93-c7b262605968-mgr-x[28167]: Your public key has been saved in /tmp/tmpv5r14vr7/key.pub.
2024-04-25T18:51:41.121 INFO:journalctl@ceph.mgr.x.smithi039.stdout:Apr 25 18:51:40 smithi039 ceph-98ca4386-0334-11ef-bc93-c7b262605968-mgr-x[28167]: The key fingerprint is:
2024-04-25T18:51:41.121 INFO:journalctl@ceph.mgr.x.smithi039.stdout:Apr 25 18:51:40 smithi039 ceph-98ca4386-0334-11ef-bc93-c7b262605968-mgr-x[28167]: SHA256:YVEv6hSrg/Rvfe4+b3q4l4moh988whQ7+qwZn7YhBkw ceph-98ca4386-0334-11ef-bc93-c7b262605968
2024-04-25T18:51:41.121 INFO:journalctl@ceph.mgr.x.smithi039.stdout:Apr 25 18:51:40 smithi039 ceph-98ca4386-0334-11ef-bc93-c7b262605968-mgr-x[28167]: The key's randomart image is:
2024-04-25T18:51:41.121 INFO:journalctl@ceph.mgr.x.smithi039.stdout:Apr 25 18:51:40 smithi039 ceph-98ca4386-0334-11ef-bc93-c7b262605968-mgr-x[28167]: +---[RSA 3072]----+
2024-04-25T18:51:41.121 INFO:journalctl@ceph.mgr.x.smithi039.stdout:Apr 25 18:51:40 smithi039 ceph-98ca4386-0334-11ef-bc93-c7b262605968-mgr-x[28167]: | ... |
2024-04-25T18:51:41.121 INFO:journalctl@ceph.mgr.x.smithi039.stdout:Apr 25 18:51:40 smithi039 ceph-98ca4386-0334-11ef-bc93-c7b262605968-mgr-x[28167]: | . . |
2024-04-25T18:51:41.121 INFO:journalctl@ceph.mgr.x.smithi039.stdout:Apr 25 18:51:40 smithi039 ceph-98ca4386-0334-11ef-bc93-c7b262605968-mgr-x[28167]: | E + . . |
2024-04-25T18:51:41.121 INFO:journalctl@ceph.mgr.x.smithi039.stdout:Apr 25 18:51:40 smithi039 ceph-98ca4386-0334-11ef-bc93-c7b262605968-mgr-x[28167]: | o . =.. |
2024-04-25T18:51:41.122 INFO:journalctl@ceph.mgr.x.smithi039.stdout:Apr 25 18:51:40 smithi039 ceph-98ca4386-0334-11ef-bc93-c7b262605968-mgr-x[28167]: | . o S o |
2024-04-25T18:51:41.122 INFO:journalctl@ceph.mgr.x.smithi039.stdout:Apr 25 18:51:40 smithi039 ceph-98ca4386-0334-11ef-bc93-c7b262605968-mgr-x[28167]: | . o = + |
2024-04-25T18:51:41.122 INFO:journalctl@ceph.mgr.x.smithi039.stdout:Apr 25 18:51:40 smithi039 ceph-98ca4386-0334-11ef-bc93-c7b262605968-mgr-x[28167]: | . + =*.o o o |
2024-04-25T18:51:41.122 INFO:journalctl@ceph.mgr.x.smithi039.stdout:Apr 25 18:51:40 smithi039 ceph-98ca4386-0334-11ef-bc93-c7b262605968-mgr-x[28167]: | ++*B=* * |
2024-04-25T18:51:41.122 INFO:journalctl@ceph.mgr.x.smithi039.stdout:Apr 25 18:51:40 smithi039 ceph-98ca4386-0334-11ef-bc93-c7b262605968-mgr-x[28167]: | .=BBBOX. |
2024-04-25T18:51:41.122 INFO:journalctl@ceph.mgr.x.smithi039.stdout:Apr 25 18:51:40 smithi039 ceph-98ca4386-0334-11ef-bc93-c7b262605968-mgr-x[28167]: +----[SHA256]-----+
2024-04-25T18:51:41.492 INFO:teuthology.orchestra.run.smithi039.stdout:/usr/bin/ceph: stderr
2024-04-25T18:51:40.249+0000 7f246be00700 1 Processor -- start
2024-04-25T18:51:41.494 INFO:teuthology.orchestra.run.smithi039.stdout:/usr/bin/ceph: stderr
2024-04-25T18:51:40.249+0000 7f246be00700 1 -- start start
2024-04-25T18:51:41.494 INFO:teuthology.orchestra.run.smithi039.stdout:/usr/bin/ceph: stderr
2024-04-25T18:51:40.249+0000 7f246be00700 1 --2- >> [v2:172.21.15.39:3300/0,v1:172.21.15.39:6789/0] conn(0x7f2464108480 0x7f24641088a0 unknown :-1 s=NONE pgs=0 cs=0 l=0 rev1=0 crypto rx=0 tx=0 comp rx=0 tx=0).connect
2024-04-25T18:51:41.494 INFO:teuthology.orchestra.run.smithi039.stdout:/usr/bin/ceph: stderr
2024-04-25T18:51:40.249+0000 7f246be00700 1 -- --> [v2:172.21.15.39:3300/0,v1:172.21.15.39:6789/0] -- mon_getmap magic: 0 -- 0x7f2464108e70 con 0x7f2464108480
2024-04-25T18:51:41.494 INFO:teuthology.orchestra.run.smithi039.stdout:/usr/bin/ceph: stderr
2024-04-25T18:51:40.250+0000 7f2469400700 1 --2- >> [v2:172.21.15.39:3300/0,v1:172.21.15.39:6789/0] conn(0x7f2464108480 0x7f24641088a0 unknown :-1 s=BANNER_CONNECTING pgs=0 cs=0 l=0 rev1=0 crypto rx=0 tx=0 comp rx=0 tx=0)._handle_peer_banner_payload supported=3 required=0
2024-04-25T18:51:41.494 INFO:teuthology.orchestra.run.smithi039.stdout:/usr/bin/ceph: stderr
2024-04-25T18:51:40.250+0000 7f2469400700 1 --2- >> [v2:172.21.15.39:3300/0,v1:172.21.15.39:6789/0] conn(0x7f2464108480 0x7f24641088a0 unknown :-1 s=HELLO_CONNECTING pgs=0 cs=0 l=0 rev1=1 crypto rx=0 tx=0 comp rx=0 tx=0).handle_hello peer v2:172.21.15.39:3300/0 says I am v2:172.21.15.39:49580/0 (socket says 172.21.15.39:49580)
2024-04-25T18:51:41.494 INFO:teuthology.orchestra.run.smithi039.stdout:/usr/bin/ceph: stderr
2024-04-25T18:51:40.250+0000 7f2469400700 1 -- 172.21.15.39:0/3695204316 learned_addr learned my addr 172.21.15.39:0/3695204316 (peer_addr_for_me v2:172.21.15.39:0/0)
2024-04-25T18:51:41.494 INFO:teuthology.orchestra.run.smithi039.stdout:/usr/bin/ceph: stderr
2024-04-25T18:51:40.250+0000 7f2469400700 1 -- 172.21.15.39:0/3695204316 --> [v2:172.21.15.39:3300/0,v1:172.21.15.39:6789/0] -- mon_subscribe({config=0+,monmap=0+}) -- 0x7f24641095e0 con 0x7f2464108480
2024-04-25T18:51:41.494 INFO:teuthology.orchestra.run.smithi039.stdout:/usr/bin/ceph: stderr
2024-04-25T18:51:40.251+0000 7f2469400700 1 --2- 172.21.15.39:0/3695204316 >> [v2:172.21.15.39:3300/0,v1:172.21.15.39:6789/0] conn(0x7f2464108480 0x7f24641088a0 secure :-1 s=READY pgs=41 cs=0 l=1 rev1=1 crypto rx=0x7f24580098a0 tx=0x7f2458009bb0 comp rx=0 tx=0).ready entity=mon.0 client_cookie=ba63f24405dfa009 server_cookie=0 in_seq=0 out_seq=0
2024-04-25T18:51:41.494 INFO:teuthology.orchestra.run.smithi039.stdout:/usr/bin/ceph: stderr
2024-04-25T18:51:40.251+0000 7f2463e00700 1 -- 172.21.15.39:0/3695204316 <== mon.0 v2:172.21.15.39:3300/0 1 ==== mon_map magic: 0 ==== 205+0+0 (secure 0 0 0) 0x7f2458004160 con 0x7f2464108480
2024-04-25T18:51:41.495 INFO:teuthology.orchestra.run.smithi039.stdout:/usr/bin/ceph: stderr
2024-04-25T18:51:40.251+0000 7f2463e00700 1 -- 172.21.15.39:0/3695204316 <== mon.0 v2:172.21.15.39:3300/0 2 ==== config(26 keys) ==== 1070+0+0 (secure 0 0 0) 0x7f2458004300 con 0x7f2464108480
2024-04-25T18:51:41.495 INFO:teuthology.orchestra.run.smithi039.stdout:/usr/bin/ceph: stderr
2024-04-25T18:51:40.251+0000 7f2463e00700 1 -- 172.21.15.39:0/3695204316 <== mon.0 v2:172.21.15.39:3300/0 3 ==== mon_map magic: 0 ==== 205+0+0 (secure 0 0 0) 0x7f2458011af0 con 0x7f2464108480
2024-04-25T18:51:41.498 INFO:teuthology.orchestra.run.smithi039.stdout:/usr/bin/ceph: stderr
2024-04-25T18:51:40.252+0000 7f246be00700 1 -- 172.21.15.39:0/3695204316 >> [v2:172.21.15.39:3300/0,v1:172.21.15.39:6789/0] conn(0x7f2464108480 msgr2=0x7f24641088a0 secure :-1 s=STATE_CONNECTION_ESTABLISHED l=1).mark_down
2024-04-25T18:51:41.498 INFO:teuthology.orchestra.run.smithi039.stdout:/usr/bin/ceph: stderr
2024-04-25T18:51:40.252+0000 7f246be00700 1 --2- 172.21.15.39:0/3695204316 >> [v2:172.21.15.39:3300/0,v1:172.21.15.39:6789/0] conn(0x7f2464108480 0x7f24641088a0 secure :-1 s=READY pgs=41 cs=0 l=1 rev1=1 crypto rx=0x7f24580098a0 tx=0x7f2458009bb0 comp rx=0 tx=0).stop
2024-04-25T18:51:41.498 INFO:teuthology.orchestra.run.smithi039.stdout:/usr/bin/ceph: stderr
2024-04-25T18:51:40.252+0000 7f246be00700 1 -- 172.21.15.39:0/3695204316 shutdown_connections
2024-04-25T18:51:41.498 INFO:teuthology.orchestra.run.smithi039.stdout:/usr/bin/ceph: stderr
2024-04-25T18:51:40.252+0000 7f246be00700 1 --2- 172.21.15.39:0/3695204316 >> [v2:172.21.15.39:3300/0,v1:172.21.15.39:6789/0] conn(0x7f2464108480 0x7f24641088a0 unknown :-1 s=CLOSED pgs=41 cs=0 l=1 rev1=1 crypto rx=0 tx=0 comp rx=0 tx=0).stop
2024-04-25T18:51:41.498 INFO:teuthology.orchestra.run.smithi039.stdout:/usr/bin/ceph: stderr
2024-04-25T18:51:40.252+0000 7f246be00700 1 -- 172.21.15.39:0/3695204316 >> 172.21.15.39:0/3695204316 conn(0x7f2464103a80 msgr2=0x7f2464105ea0 unknown :-1 s=STATE_NONE l=0).mark_down
2024-04-25T18:51:41.498 INFO:teuthology.orchestra.run.smithi039.stdout:/usr/bin/ceph: stderr
2024-04-25T18:51:40.252+0000 7f246be00700 1 -- 172.21.15.39:0/3695204316 shutdown_connections
2024-04-25T18:51:41.498 INFO:teuthology.orchestra.run.smithi039.stdout:/usr/bin/ceph: stderr
2024-04-25T18:51:40.252+0000 7f246be00700 1 -- 172.21.15.39:0/3695204316 wait complete.
2024-04-25T18:51:41.498 INFO:teuthology.orchestra.run.smithi039.stdout:/usr/bin/ceph: stderr
2024-04-25T18:51:40.253+0000 7f246be00700 1 Processor -- start
2024-04-25T18:51:41.498 INFO:teuthology.orchestra.run.smithi039.stdout:/usr/bin/ceph: stderr
2024-04-25T18:51:40.253+0000 7f246be00700 1 -- start start
2024-04-25T18:51:41.498 INFO:teuthology.orchestra.run.smithi039.stdout:/usr/bin/ceph: stderr
2024-04-25T18:51:40.254+0000 7f246be00700 1 --2- >> [v2:172.21.15.39:3300/0,v1:172.21.15.39:6789/0] conn(0x7f2464108480 0x7f246407db80 unknown :-1 s=NONE pgs=0 cs=0 l=1 rev1=0 crypto rx=0 tx=0 comp rx=0 tx=0).connect
2024-04-25T18:51:41.499 INFO:teuthology.orchestra.run.smithi039.stdout:/usr/bin/ceph: stderr
2024-04-25T18:51:40.254+0000 7f246be00700 1 -- --> [v2:172.21.15.39:3300/0,v1:172.21.15.39:6789/0] -- mon_getmap magic: 0 -- 0x7f246410c990 con 0x7f2464108480
2024-04-25T18:51:41.499 INFO:teuthology.orchestra.run.smithi039.stdout:/usr/bin/ceph: stderr
2024-04-25T18:51:40.254+0000 7f2469400700 1 --2- >> [v2:172.21.15.39:3300/0,v1:172.21.15.39:6789/0] conn(0x7f2464108480 0x7f246407db80 unknown :-1 s=BANNER_CONNECTING pgs=0 cs=0 l=1 rev1=0 crypto rx=0 tx=0 comp rx=0 tx=0)._handle_peer_banner_payload supported=3 required=0
2024-04-25T18:51:41.499 INFO:teuthology.orchestra.run.smithi039.stdout:/usr/bin/ceph: stderr
2024-04-25T18:51:40.254+0000 7f2469400700 1 --2- >> [v2:172.21.15.39:3300/0,v1:172.21.15.39:6789/0] conn(0x7f2464108480 0x7f246407db80 unknown :-1 s=HELLO_CONNECTING pgs=0 cs=0 l=1 rev1=1 crypto rx=0 tx=0 comp rx=0 tx=0).handle_hello peer v2:172.21.15.39:3300/0 says I am v2:172.21.15.39:49584/0 (socket says 172.21.15.39:49584)
2024-04-25T18:51:41.499 INFO:teuthology.orchestra.run.smithi039.stdout:/usr/bin/ceph: stderr
2024-04-25T18:51:40.254+0000 7f2469400700 1 -- 172.21.15.39:0/1504083620 learned_addr learned my addr 172.21.15.39:0/1504083620 (peer_addr_for_me v2:172.21.15.39:0/0)
2024-04-25T18:51:41.499 INFO:teuthology.orchestra.run.smithi039.stdout:/usr/bin/ceph: stderr
2024-04-25T18:51:40.254+0000 7f2469400700 1 -- 172.21.15.39:0/1504083620 --> [v2:172.21.15.39:3300/0,v1:172.21.15.39:6789/0] -- mon_subscribe({config=0+,monmap=0+}) -- 0x7f246407e0c0 con 0x7f2464108480
2024-04-25T18:51:41.499 INFO:teuthology.orchestra.run.smithi039.stdout:/usr/bin/ceph: stderr
2024-04-25T18:51:40.255+0000 7f2469400700 1 --2- 172.21.15.39:0/1504083620 >> [v2:172.21.15.39:3300/0,v1:172.21.15.39:6789/0] conn(0x7f2464108480 0x7f246407db80 secure :-1 s=READY pgs=42 cs=0 l=1 rev1=1 crypto rx=0x7f2458000c00 tx=0x7f2458011b70 comp rx=0 tx=0).ready entity=mon.0 client_cookie=0 server_cookie=0 in_seq=0 out_seq=0
2024-04-25T18:51:41.499 INFO:teuthology.orchestra.run.smithi039.stdout:/usr/bin/ceph: stderr
2024-04-25T18:51:40.255+0000 7f2462000700 1 -- 172.21.15.39:0/1504083620 <== mon.0 v2:172.21.15.39:3300/0 1 ==== mon_map magic: 0 ==== 205+0+0 (secure 0 0 0) 0x7f2458003b20 con 0x7f2464108480
2024-04-25T18:51:41.499 INFO:teuthology.orchestra.run.smithi039.stdout:/usr/bin/ceph: stderr
2024-04-25T18:51:40.255+0000 7f2462000700 1 -- 172.21.15.39:0/1504083620 <== mon.0 v2:172.21.15.39:3300/0 2 ==== config(26 keys) ==== 1070+0+0 (secure 0 0 0) 0x7f245801a8c0 con 0x7f2464108480
2024-04-25T18:51:41.499 INFO:teuthology.orchestra.run.smithi039.stdout:/usr/bin/ceph: stderr
2024-04-25T18:51:40.255+0000 7f2462000700 1 -- 172.21.15.39:0/1504083620 <== mon.0 v2:172.21.15.39:3300/0 3 ==== mon_map magic: 0 ==== 205+0+0 (secure 0 0 0) 0x7f2458024940 con 0x7f2464108480
2024-04-25T18:51:41.499 INFO:teuthology.orchestra.run.smithi039.stdout:/usr/bin/ceph: stderr
2024-04-25T18:51:40.255+0000 7f246be00700 1 -- 172.21.15.39:0/1504083620 --> [v2:172.21.15.39:3300/0,v1:172.21.15.39:6789/0] -- mon_subscribe({mgrmap=0+}) -- 0x7f246407c2b0 con 0x7f2464108480
2024-04-25T18:51:41.499 INFO:teuthology.orchestra.run.smithi039.stdout:/usr/bin/ceph: stderr
2024-04-25T18:51:40.255+0000 7f246be00700 1 -- 172.21.15.39:0/1504083620 --> [v2:172.21.15.39:3300/0,v1:172.21.15.39:6789/0] -- mon_subscribe({osdmap=0}) -- 0x7f246407c7f0 con 0x7f2464108480
2024-04-25T18:51:41.499 INFO:teuthology.orchestra.run.smithi039.stdout:/usr/bin/ceph: stderr
2024-04-25T18:51:40.256+0000 7f246be00700 1 -- 172.21.15.39:0/1504083620 --> [v2:172.21.15.39:3300/0,v1:172.21.15.39:6789/0] -- mon_command({"prefix": "get_command_descriptions"} v 0) -- 0x7f24640640a0 con 0x7f2464108480
2024-04-25T18:51:41.499 INFO:teuthology.orchestra.run.smithi039.stdout:/usr/bin/ceph: stderr
2024-04-25T18:51:40.256+0000 7f2462000700 1 -- 172.21.15.39:0/1504083620 <== mon.0 v2:172.21.15.39:3300/0 4 ==== mgrmap(e 8) ==== 46558+0+0 (secure 0 0 0) 0x7f2458022020 con 0x7f2464108480
2024-04-25T18:51:41.500 INFO:teuthology.orchestra.run.smithi039.stdout:/usr/bin/ceph: stderr
2024-04-25T18:51:40.257+0000 7f2462000700 1 --2- 172.21.15.39:0/1504083620 >> [v2:172.21.15.39:6800/1297686176,v1:172.21.15.39:6801/1297686176] conn(0x7f244c039600 0x7f244c03bac0 unknown :-1 s=NONE pgs=0 cs=0 l=1 rev1=0 crypto rx=0 tx=0 comp rx=0 tx=0).connect
2024-04-25T18:51:41.500 INFO:teuthology.orchestra.run.smithi039.stdout:/usr/bin/ceph: stderr
2024-04-25T18:51:40.257+0000 7f2462000700 1 -- 172.21.15.39:0/1504083620 <== mon.0 v2:172.21.15.39:3300/0 5 ==== osd_map(2..2 src has 1..2) ==== 940+0+0 (secure 0 0 0) 0x7f245804d8a0 con 0x7f2464108480
2024-04-25T18:51:41.500 INFO:teuthology.orchestra.run.smithi039.stdout:/usr/bin/ceph: stderr
2024-04-25T18:51:40.257+0000 7f2468a00700 1 --2- 172.21.15.39:0/1504083620 >> [v2:172.21.15.39:6800/1297686176,v1:172.21.15.39:6801/1297686176] conn(0x7f244c039600 0x7f244c03bac0 unknown :-1 s=BANNER_CONNECTING pgs=0 cs=0 l=1 rev1=0 crypto rx=0 tx=0 comp rx=0 tx=0)._handle_peer_banner_payload supported=3 required=0
2024-04-25T18:51:41.500 INFO:teuthology.orchestra.run.smithi039.stdout:/usr/bin/ceph: stderr
2024-04-25T18:51:40.258+0000 7f2468a00700 1 --2- 172.21.15.39:0/1504083620 >> [v2:172.21.15.39:6800/1297686176,v1:172.21.15.39:6801/1297686176] conn(0x7f244c039600 0x7f244c03bac0 secure :-1 s=READY pgs=9 cs=0 l=1 rev1=1 crypto rx=0x7f2450006fd0 tx=0x7f2450006e40 comp rx=0 tx=0).ready entity=mgr.14120 client_cookie=0 server_cookie=0 in_seq=0 out_seq=0
2024-04-25T18:51:41.500 INFO:teuthology.orchestra.run.smithi039.stdout:/usr/bin/ceph: stderr
2024-04-25T18:51:40.262+0000 7f2462000700 1 -- 172.21.15.39:0/1504083620 <== mon.0 v2:172.21.15.39:3300/0 6 ==== mon_command_ack([{"prefix": "get_command_descriptions"}]=0 v0) ==== 72+0+188370 (secure 0 0 0) 0x7f245800be50 con 0x7f2464108480
2024-04-25T18:51:41.500 INFO:teuthology.orchestra.run.smithi039.stdout:/usr/bin/ceph: stderr
2024-04-25T18:51:40.504+0000 7f246be00700 1 -- 172.21.15.39:0/1504083620 --> [v2:172.21.15.39:6800/1297686176,v1:172.21.15.39:6801/1297686176] -- mgr_command(tid 0: {"prefix": "cephadm generate-key", "target": ["mon-mgr", ""]}) -- 0x7f246407d050 con 0x7f244c039600
2024-04-25T18:51:41.501 INFO:teuthology.orchestra.run.smithi039.stdout:/usr/bin/ceph: stderr
2024-04-25T18:51:40.759+0000 7f2462000700 1 -- 172.21.15.39:0/1504083620 <== mgr.14120 v2:172.21.15.39:6800/1297686176 1 ==== mgr_command_reply(tid 0: 0 ) ==== 8+0+0 (secure 0 0 0) 0x7f246407d050 con 0x7f244c039600
2024-04-25T18:51:41.501 INFO:teuthology.orchestra.run.smithi039.stdout:/usr/bin/ceph: stderr
2024-04-25T18:51:40.762+0000 7f246be00700 1 -- 172.21.15.39:0/1504083620 >> [v2:172.21.15.39:6800/1297686176,v1:172.21.15.39:6801/1297686176] conn(0x7f244c039600 msgr2=0x7f244c03bac0 secure :-1 s=STATE_CONNECTION_ESTABLISHED l=1).mark_down
2024-04-25T18:51:41.501 INFO:teuthology.orchestra.run.smithi039.stdout:/usr/bin/ceph: stderr
2024-04-25T18:51:40.762+0000 7f246be00700 1 --2- 172.21.15.39:0/1504083620 >> [v2:172.21.15.39:6800/1297686176,v1:172.21.15.39:6801/1297686176] conn(0x7f244c039600 0x7f244c03bac0 secure :-1 s=READY pgs=9 cs=0 l=1 rev1=1 crypto rx=0x7f2450006fd0 tx=0x7f2450006e40 comp rx=0 tx=0).stop
2024-04-25T18:51:41.502 INFO:teuthology.orchestra.run.smithi039.stdout:/usr/bin/ceph: stderr
2024-04-25T18:51:40.762+0000 7f246be00700 1 -- 172.21.15.39:0/1504083620 >> [v2:172.21.15.39:3300/0,v1:172.21.15.39:6789/0] conn(0x7f2464108480 msgr2=0x7f246407db80 secure :-1 s=STATE_CONNECTION_ESTABLISHED l=1).mark_down
2024-04-25T18:51:41.502 INFO:teuthology.orchestra.run.smithi039.stdout:/usr/bin/ceph: stderr
2024-04-25T18:51:40.762+0000 7f246be00700 1 --2- 172.21.15.39:0/1504083620 >> [v2:172.21.15.39:3300/0,v1:172.21.15.39:6789/0] conn(0x7f2464108480 0x7f246407db80 secure :-1 s=READY pgs=42 cs=0 l=1 rev1=1 crypto rx=0x7f2458000c00 tx=0x7f2458011b70 comp rx=0 tx=0).stop
2024-04-25T18:51:41.502 INFO:teuthology.orchestra.run.smithi039.stdout:/usr/bin/ceph: stderr
2024-04-25T18:51:40.762+0000 7f246be00700 1 -- 172.21.15.39:0/1504083620 shutdown_connections
2024-04-25T18:51:41.502 INFO:teuthology.orchestra.run.smithi039.stdout:/usr/bin/ceph: stderr
2024-04-25T18:51:40.762+0000 7f246be00700 1 --2- 172.21.15.39:0/1504083620 >> [v2:172.21.15.39:6800/1297686176,v1:172.21.15.39:6801/1297686176] conn(0x7f244c039600 0x7f244c03bac0 unknown :-1 s=CLOSED pgs=9 cs=0 l=1 rev1=1 crypto rx=0 tx=0 comp rx=0 tx=0).stop
2024-04-25T18:51:41.502 INFO:teuthology.orchestra.run.smithi039.stdout:/usr/bin/ceph: stderr
2024-04-25T18:51:40.762+0000 7f246be00700 1 --2- 172.21.15.39:0/1504083620 >> [v2:172.21.15.39:3300/0,v1:172.21.15.39:6789/0] conn(0x7f2464108480 0x7f246407db80 unknown :-1 s=CLOSED pgs=42 cs=0 l=1 rev1=1 crypto rx=0 tx=0 comp rx=0 tx=0).stop
2024-04-25T18:51:41.502 INFO:teuthology.orchestra.run.smithi039.stdout:/usr/bin/ceph: stderr
2024-04-25T18:51:40.762+0000 7f246be00700 1 -- 172.21.15.39:0/1504083620 >> 172.21.15.39:0/1504083620 conn(0x7f2464103a80 msgr2=0x7f2464104600 unknown :-1 s=STATE_NONE l=0).mark_down
2024-04-25T18:51:41.502 INFO:teuthology.orchestra.run.smithi039.stdout:/usr/bin/ceph: stderr
2024-04-25T18:51:40.763+0000 7f246be00700 1 -- 172.21.15.39:0/1504083620 shutdown_connections
2024-04-25T18:51:41.502 INFO:teuthology.orchestra.run.smithi039.stdout:/usr/bin/ceph: stderr
2024-04-25T18:51:40.763+0000 7f246be00700 1 -- 172.21.15.39:0/1504083620 wait complete.
2024-04-25T18:51:42.028 INFO:journalctl@ceph.mon.a.smithi039.stdout:Apr 25 18:51:41 smithi039 ceph-mon[27939]: from='client.14136 -' entity='client.admin' cmd=[{"prefix": "cephadm generate-key", "target": ["mon-mgr", ""]}]: dispatch
2024-04-25T18:51:42.028 INFO:journalctl@ceph.mon.a.smithi039.stdout:Apr 25 18:51:41 smithi039 ceph-mon[27939]: Generating ssh key...
2024-04-25T18:51:42.028 INFO:journalctl@ceph.mon.a.smithi039.stdout:Apr 25 18:51:41 smithi039 ceph-mon[27939]: from='mgr.14120 172.21.15.39:0/2724052391' entity='mgr.x'
2024-04-25T18:51:42.028 INFO:journalctl@ceph.mon.a.smithi039.stdout:Apr 25 18:51:41 smithi039 ceph-mon[27939]: from='mgr.14120 172.21.15.39:0/2724052391' entity='mgr.x'
2024-04-25T18:51:43.143 INFO:journalctl@ceph.mon.a.smithi039.stdout:Apr 25 18:51:42 smithi039 ceph-mon[27939]: from='client.14138 -' entity='client.admin' cmd=[{"prefix": "cephadm get-pub-key", "target": ["mon-mgr", ""]}]: dispatch
