2024-04-25T18:51:12.414 INFO:teuthology.orchestra.run.smithi099.stdout:/usr/bin/ceph: stdout Scheduled mgr update...
2024-04-25T18:51:12.414 INFO:teuthology.orchestra.run.smithi099.stdout:/usr/bin/ceph: stderr
2024-04-25T18:51:11.424+0000 7fa307600700 1 Processor -- start
2024-04-25T18:51:12.414 INFO:teuthology.orchestra.run.smithi099.stdout:/usr/bin/ceph: stderr
2024-04-25T18:51:11.425+0000 7fa307600700 1 -- start start
2024-04-25T18:51:12.414 INFO:teuthology.orchestra.run.smithi099.stdout:/usr/bin/ceph: stderr
2024-04-25T18:51:11.425+0000 7fa307600700 1 --2- >> [v2:172.21.15.99:3300/0,v1:172.21.15.99:6789/0] conn(0x7fa300108440 0x7fa300108860 unknown :-1 s=NONE pgs=0 cs=0 l=0 rev1=0 crypto rx=0 tx=0 comp rx=0 tx=0).connect
2024-04-25T18:51:12.414 INFO:teuthology.orchestra.run.smithi099.stdout:/usr/bin/ceph: stderr
2024-04-25T18:51:11.425+0000 7fa307600700 1 -- --> [v2:172.21.15.99:3300/0,v1:172.21.15.99:6789/0] -- mon_getmap magic: 0 -- 0x7fa300108e30 con 0x7fa300108440
2024-04-25T18:51:12.414 INFO:teuthology.orchestra.run.smithi099.stdout:/usr/bin/ceph: stderr
2024-04-25T18:51:11.425+0000 7fa304c00700 1 --2- >> [v2:172.21.15.99:3300/0,v1:172.21.15.99:6789/0] conn(0x7fa300108440 0x7fa300108860 unknown :-1 s=BANNER_CONNECTING pgs=0 cs=0 l=0 rev1=0 crypto rx=0 tx=0 comp rx=0 tx=0)._handle_peer_banner_payload supported=3 required=0
2024-04-25T18:51:12.414 INFO:teuthology.orchestra.run.smithi099.stdout:/usr/bin/ceph: stderr
2024-04-25T18:51:11.425+0000 7fa304c00700 1 --2- >> [v2:172.21.15.99:3300/0,v1:172.21.15.99:6789/0] conn(0x7fa300108440 0x7fa300108860 unknown :-1 s=HELLO_CONNECTING pgs=0 cs=0 l=0 rev1=1 crypto rx=0 tx=0 comp rx=0 tx=0).handle_hello peer v2:172.21.15.99:3300/0 says I am v2:172.21.15.99:51164/0 (socket says 172.21.15.99:51164)
2024-04-25T18:51:12.414 INFO:teuthology.orchestra.run.smithi099.stdout:/usr/bin/ceph: stderr
2024-04-25T18:51:11.425+0000 7fa304c00700 1 -- 172.21.15.99:0/1879621007 learned_addr learned my addr 172.21.15.99:0/1879621007 (peer_addr_for_me v2:172.21.15.99:0/0)
2024-04-25T18:51:12.415 INFO:teuthology.orchestra.run.smithi099.stdout:/usr/bin/ceph: stderr
2024-04-25T18:51:11.426+0000 7fa304c00700 1 -- 172.21.15.99:0/1879621007 --> [v2:172.21.15.99:3300/0,v1:172.21.15.99:6789/0] -- mon_subscribe({config=0+,monmap=0+}) -- 0x7fa3001095f0 con 0x7fa300108440
2024-04-25T18:51:12.415 INFO:teuthology.orchestra.run.smithi099.stdout:/usr/bin/ceph: stderr
2024-04-25T18:51:11.426+0000 7fa304c00700 1 --2- 172.21.15.99:0/1879621007 >> [v2:172.21.15.99:3300/0,v1:172.21.15.99:6789/0] conn(0x7fa300108440 0x7fa300108860 secure :-1 s=READY pgs=49 cs=0 l=1 rev1=1 crypto rx=0x7fa2f40098a0 tx=0x7fa2f4009bb0 comp rx=0 tx=0).ready entity=mon.0 client_cookie=624d1ae0df0c5378 server_cookie=0 in_seq=0 out_seq=0
2024-04-25T18:51:12.415 INFO:teuthology.orchestra.run.smithi099.stdout:/usr/bin/ceph: stderr
2024-04-25T18:51:11.427+0000 7fa2ff400700 1 -- 172.21.15.99:0/1879621007 <== mon.0 v2:172.21.15.99:3300/0 1 ==== mon_map magic: 0 ==== 205+0+0 (secure 0 0 0) 0x7fa2f4004160 con 0x7fa300108440
2024-04-25T18:51:12.415 INFO:teuthology.orchestra.run.smithi099.stdout:/usr/bin/ceph: stderr
2024-04-25T18:51:11.427+0000 7fa2ff400700 1 -- 172.21.15.99:0/1879621007 <== mon.0 v2:172.21.15.99:3300/0 2 ==== config(26 keys) ==== 1101+0+0 (secure 0 0 0) 0x7fa2f4004300 con 0x7fa300108440
2024-04-25T18:51:12.415 INFO:teuthology.orchestra.run.smithi099.stdout:/usr/bin/ceph: stderr
2024-04-25T18:51:11.427+0000 7fa2ff400700 1 -- 172.21.15.99:0/1879621007 <== mon.0 v2:172.21.15.99:3300/0 3 ==== mon_map magic: 0 ==== 205+0+0 (secure 0 0 0) 0x7fa2f4011a20 con 0x7fa300108440
2024-04-25T18:51:12.415 INFO:teuthology.orchestra.run.smithi099.stdout:/usr/bin/ceph: stderr
2024-04-25T18:51:11.428+0000 7fa307600700 1 -- 172.21.15.99:0/1879621007 >> [v2:172.21.15.99:3300/0,v1:172.21.15.99:6789/0] conn(0x7fa300108440 msgr2=0x7fa300108860 secure :-1 s=STATE_CONNECTION_ESTABLISHED l=1).mark_down
2024-04-25T18:51:12.415 INFO:teuthology.orchestra.run.smithi099.stdout:/usr/bin/ceph: stderr
2024-04-25T18:51:11.428+0000 7fa307600700 1 --2- 172.21.15.99:0/1879621007 >> [v2:172.21.15.99:3300/0,v1:172.21.15.99:6789/0] conn(0x7fa300108440 0x7fa300108860 secure :-1 s=READY pgs=49 cs=0 l=1 rev1=1 crypto rx=0x7fa2f40098a0 tx=0x7fa2f4009bb0 comp rx=0 tx=0).stop
2024-04-25T18:51:12.415 INFO:teuthology.orchestra.run.smithi099.stdout:/usr/bin/ceph: stderr
2024-04-25T18:51:11.428+0000 7fa307600700 1 -- 172.21.15.99:0/1879621007 shutdown_connections
2024-04-25T18:51:12.415 INFO:teuthology.orchestra.run.smithi099.stdout:/usr/bin/ceph: stderr
2024-04-25T18:51:11.428+0000 7fa307600700 1 --2- 172.21.15.99:0/1879621007 >> [v2:172.21.15.99:3300/0,v1:172.21.15.99:6789/0] conn(0x7fa300108440 0x7fa300108860 unknown :-1 s=CLOSED pgs=49 cs=0 l=1 rev1=1 crypto rx=0 tx=0 comp rx=0 tx=0).stop
2024-04-25T18:51:12.415 INFO:teuthology.orchestra.run.smithi099.stdout:/usr/bin/ceph: stderr
2024-04-25T18:51:11.428+0000 7fa307600700 1 -- 172.21.15.99:0/1879621007 >> 172.21.15.99:0/1879621007 conn(0x7fa300103ae0 msgr2=0x7fa300105f00 unknown :-1 s=STATE_NONE l=0).mark_down
2024-04-25T18:51:12.415 INFO:teuthology.orchestra.run.smithi099.stdout:/usr/bin/ceph: stderr
2024-04-25T18:51:11.428+0000 7fa307600700 1 -- 172.21.15.99:0/1879621007 shutdown_connections
2024-04-25T18:51:12.415 INFO:teuthology.orchestra.run.smithi099.stdout:/usr/bin/ceph: stderr
2024-04-25T18:51:11.428+0000 7fa307600700 1 -- 172.21.15.99:0/1879621007 wait complete.
2024-04-25T18:51:12.415 INFO:teuthology.orchestra.run.smithi099.stdout:/usr/bin/ceph: stderr
2024-04-25T18:51:11.429+0000 7fa307600700 1 Processor -- start
2024-04-25T18:51:12.415 INFO:teuthology.orchestra.run.smithi099.stdout:/usr/bin/ceph: stderr
2024-04-25T18:51:11.429+0000 7fa307600700 1 -- start start
2024-04-25T18:51:12.416 INFO:teuthology.orchestra.run.smithi099.stdout:/usr/bin/ceph: stderr
2024-04-25T18:51:11.430+0000 7fa307600700 1 --2- >> [v2:172.21.15.99:3300/0,v1:172.21.15.99:6789/0] conn(0x7fa300108440 0x7fa30019e4e0 unknown :-1 s=NONE pgs=0 cs=0 l=1 rev1=0 crypto rx=0 tx=0 comp rx=0 tx=0).connect
2024-04-25T18:51:12.416 INFO:teuthology.orchestra.run.smithi099.stdout:/usr/bin/ceph: stderr
2024-04-25T18:51:11.430+0000 7fa307600700 1 -- --> [v2:172.21.15.99:3300/0,v1:172.21.15.99:6789/0] -- mon_getmap magic: 0 -- 0x7fa30010c9a0 con 0x7fa300108440
2024-04-25T18:51:12.416 INFO:teuthology.orchestra.run.smithi099.stdout:/usr/bin/ceph: stderr
2024-04-25T18:51:11.430+0000 7fa304c00700 1 --2- >> [v2:172.21.15.99:3300/0,v1:172.21.15.99:6789/0] conn(0x7fa300108440 0x7fa30019e4e0 unknown :-1 s=BANNER_CONNECTING pgs=0 cs=0 l=1 rev1=0 crypto rx=0 tx=0 comp rx=0 tx=0)._handle_peer_banner_payload supported=3 required=0
2024-04-25T18:51:12.416 INFO:teuthology.orchestra.run.smithi099.stdout:/usr/bin/ceph: stderr
2024-04-25T18:51:11.430+0000 7fa304c00700 1 --2- >> [v2:172.21.15.99:3300/0,v1:172.21.15.99:6789/0] conn(0x7fa300108440 0x7fa30019e4e0 unknown :-1 s=HELLO_CONNECTING pgs=0 cs=0 l=1 rev1=1 crypto rx=0 tx=0 comp rx=0 tx=0).handle_hello peer v2:172.21.15.99:3300/0 says I am v2:172.21.15.99:51170/0 (socket says 172.21.15.99:51170)
2024-04-25T18:51:12.416 INFO:teuthology.orchestra.run.smithi099.stdout:/usr/bin/ceph: stderr
2024-04-25T18:51:11.430+0000 7fa304c00700 1 -- 172.21.15.99:0/2191106121 learned_addr learned my addr 172.21.15.99:0/2191106121 (peer_addr_for_me v2:172.21.15.99:0/0)
2024-04-25T18:51:12.416 INFO:teuthology.orchestra.run.smithi099.stdout:/usr/bin/ceph: stderr
2024-04-25T18:51:11.430+0000 7fa304c00700 1 -- 172.21.15.99:0/2191106121 --> [v2:172.21.15.99:3300/0,v1:172.21.15.99:6789/0] -- mon_subscribe({config=0+,monmap=0+}) -- 0x7fa30019ea20 con 0x7fa300108440
2024-04-25T18:51:12.416 INFO:teuthology.orchestra.run.smithi099.stdout:/usr/bin/ceph: stderr
2024-04-25T18:51:11.431+0000 7fa304c00700 1 --2- 172.21.15.99:0/2191106121 >> [v2:172.21.15.99:3300/0,v1:172.21.15.99:6789/0] conn(0x7fa300108440 0x7fa30019e4e0 secure :-1 s=READY pgs=50 cs=0 l=1 rev1=1 crypto rx=0x7fa2f4009520 tx=0x7fa2f4011aa0 comp rx=0 tx=0).ready entity=mon.0 client_cookie=0 server_cookie=0 in_seq=0 out_seq=0
2024-04-25T18:51:12.416 INFO:teuthology.orchestra.run.smithi099.stdout:/usr/bin/ceph: stderr
2024-04-25T18:51:11.431+0000 7fa2fd600700 1 -- 172.21.15.99:0/2191106121 <== mon.0 v2:172.21.15.99:3300/0 1 ==== mon_map magic: 0 ==== 205+0+0 (secure 0 0 0) 0x7fa2f40039e0 con 0x7fa300108440
2024-04-25T18:51:12.416 INFO:teuthology.orchestra.run.smithi099.stdout:/usr/bin/ceph: stderr
2024-04-25T18:51:11.431+0000 7fa2fd600700 1 -- 172.21.15.99:0/2191106121 <== mon.0 v2:172.21.15.99:3300/0 2 ==== config(26 keys) ==== 1101+0+0 (secure 0 0 0) 0x7fa2f401b8f0 con 0x7fa300108440
2024-04-25T18:51:12.416 INFO:teuthology.orchestra.run.smithi099.stdout:/usr/bin/ceph: stderr
2024-04-25T18:51:11.431+0000 7fa2fd600700 1 -- 172.21.15.99:0/2191106121 <== mon.0 v2:172.21.15.99:3300/0 3 ==== mon_map magic: 0 ==== 205+0+0 (secure 0 0 0) 0x7fa2f4019770 con 0x7fa300108440
2024-04-25T18:51:12.416 INFO:teuthology.orchestra.run.smithi099.stdout:/usr/bin/ceph: stderr
2024-04-25T18:51:11.431+0000 7fa307600700 1 -- 172.21.15.99:0/2191106121 --> [v2:172.21.15.99:3300/0,v1:172.21.15.99:6789/0] -- mon_subscribe({mgrmap=0+}) -- 0x7fa30019ecb0 con 0x7fa300108440
2024-04-25T18:51:12.416 INFO:teuthology.orchestra.run.smithi099.stdout:/usr/bin/ceph: stderr
2024-04-25T18:51:11.431+0000 7fa307600700 1 -- 172.21.15.99:0/2191106121 --> [v2:172.21.15.99:3300/0,v1:172.21.15.99:6789/0] -- mon_subscribe({osdmap=0}) -- 0x7fa3001a19a0 con 0x7fa300108440
2024-04-25T18:51:12.416 INFO:teuthology.orchestra.run.smithi099.stdout:/usr/bin/ceph: stderr
2024-04-25T18:51:11.432+0000 7fa307600700 1 -- 172.21.15.99:0/2191106121 --> [v2:172.21.15.99:3300/0,v1:172.21.15.99:6789/0] -- mon_command({"prefix": "get_command_descriptions"} v 0) -- 0x7fa3000640a0 con 0x7fa300108440
2024-04-25T18:51:12.418 INFO:teuthology.orchestra.run.smithi099.stdout:/usr/bin/ceph: stderr
2024-04-25T18:51:11.432+0000 7fa2fd600700 1 -- 172.21.15.99:0/2191106121 <== mon.0 v2:172.21.15.99:3300/0 4 ==== mgrmap(e 8) ==== 46558+0+0 (secure 0 0 0) 0x7fa2f401b440 con 0x7fa300108440
2024-04-25T18:51:12.418 INFO:teuthology.orchestra.run.smithi099.stdout:/usr/bin/ceph: stderr
2024-04-25T18:51:11.433+0000 7fa2fd600700 1 --2- 172.21.15.99:0/2191106121 >> [v2:172.21.15.99:6800/80466665,v1:172.21.15.99:6801/80466665] conn(0x7fa2e8039600 0x7fa2e803bac0 unknown :-1 s=NONE pgs=0 cs=0 l=1 rev1=0 crypto rx=0 tx=0 comp rx=0 tx=0).connect
2024-04-25T18:51:12.418 INFO:teuthology.orchestra.run.smithi099.stdout:/usr/bin/ceph: stderr
2024-04-25T18:51:11.433+0000 7fa2fd600700 1 -- 172.21.15.99:0/2191106121 <== mon.0 v2:172.21.15.99:3300/0 5 ==== osd_map(2..2 src has 1..2) ==== 940+0+0 (secure 0 0 0) 0x7fa2f404db50 con 0x7fa300108440
2024-04-25T18:51:12.418 INFO:teuthology.orchestra.run.smithi099.stdout:/usr/bin/ceph: stderr
2024-04-25T18:51:11.434+0000 7fa2ffe00700 1 --2- 172.21.15.99:0/2191106121 >> [v2:172.21.15.99:6800/80466665,v1:172.21.15.99:6801/80466665] conn(0x7fa2e8039600 0x7fa2e803bac0 unknown :-1 s=BANNER_CONNECTING pgs=0 cs=0 l=1 rev1=0 crypto rx=0 tx=0 comp rx=0 tx=0)._handle_peer_banner_payload supported=3 required=0
2024-04-25T18:51:12.418 INFO:teuthology.orchestra.run.smithi099.stdout:/usr/bin/ceph: stderr
2024-04-25T18:51:11.434+0000 7fa2ffe00700 1 --2- 172.21.15.99:0/2191106121 >> [v2:172.21.15.99:6800/80466665,v1:172.21.15.99:6801/80466665] conn(0x7fa2e8039600 0x7fa2e803bac0 secure :-1 s=READY pgs=13 cs=0 l=1 rev1=1 crypto rx=0x7fa2ec006fd0 tx=0x7fa2ec006e40 comp rx=0 tx=0).ready entity=mgr.14120 client_cookie=0 server_cookie=0 in_seq=0 out_seq=0
2024-04-25T18:51:12.418 INFO:teuthology.orchestra.run.smithi099.stdout:/usr/bin/ceph: stderr
2024-04-25T18:51:11.439+0000 7fa2fd600700 1 -- 172.21.15.99:0/2191106121 <== mon.0 v2:172.21.15.99:3300/0 6 ==== mon_command_ack([{"prefix": "get_command_descriptions"}]=0 v0) ==== 72+0+188370 (secure 0 0 0) 0x7fa2f401f030 con 0x7fa300108440
2024-04-25T18:51:12.418 INFO:teuthology.orchestra.run.smithi099.stdout:/usr/bin/ceph: stderr
2024-04-25T18:51:11.682+0000 7fa307600700 1 -- 172.21.15.99:0/2191106121 --> [v2:172.21.15.99:6800/80466665,v1:172.21.15.99:6801/80466665] -- mgr_command(tid 0: {"prefix": "orch apply", "service_type": "mgr", "unmanaged": true, "target": ["mon-mgr", ""]}) -- 0x7fa300104c50 con 0x7fa2e8039600
2024-04-25T18:51:12.418 INFO:teuthology.orchestra.run.smithi099.stdout:/usr/bin/ceph: stderr
2024-04-25T18:51:11.688+0000 7fa2fd600700 1 -- 172.21.15.99:0/2191106121 <== mgr.14120 v2:172.21.15.99:6800/80466665 1 ==== mgr_command_reply(tid 0: 0 ) ==== 8+0+24 (secure 0 0 0) 0x7fa300104c50 con 0x7fa2e8039600
2024-04-25T18:51:12.419 INFO:teuthology.orchestra.run.smithi099.stdout:/usr/bin/ceph: stderr
2024-04-25T18:51:11.692+0000 7fa307600700 1 -- 172.21.15.99:0/2191106121 >> [v2:172.21.15.99:6800/80466665,v1:172.21.15.99:6801/80466665] conn(0x7fa2e8039600 msgr2=0x7fa2e803bac0 secure :-1 s=STATE_CONNECTION_ESTABLISHED l=1).mark_down
2024-04-25T18:51:12.419 INFO:teuthology.orchestra.run.smithi099.stdout:/usr/bin/ceph: stderr
2024-04-25T18:51:11.692+0000 7fa307600700 1 --2- 172.21.15.99:0/2191106121 >> [v2:172.21.15.99:6800/80466665,v1:172.21.15.99:6801/80466665] conn(0x7fa2e8039600 0x7fa2e803bac0 secure :-1 s=READY pgs=13 cs=0 l=1 rev1=1 crypto rx=0x7fa2ec006fd0 tx=0x7fa2ec006e40 comp rx=0 tx=0).stop
2024-04-25T18:51:12.419 INFO:teuthology.orchestra.run.smithi099.stdout:/usr/bin/ceph: stderr
2024-04-25T18:51:11.692+0000 7fa307600700 1 -- 172.21.15.99:0/2191106121 >> [v2:172.21.15.99:3300/0,v1:172.21.15.99:6789/0] conn(0x7fa300108440 msgr2=0x7fa30019e4e0 secure :-1 s=STATE_CONNECTION_ESTABLISHED l=1).mark_down
2024-04-25T18:51:12.419 INFO:teuthology.orchestra.run.smithi099.stdout:/usr/bin/ceph: stderr
2024-04-25T18:51:11.692+0000 7fa307600700 1 --2- 172.21.15.99:0/2191106121 >> [v2:172.21.15.99:3300/0,v1:172.21.15.99:6789/0] conn(0x7fa300108440 0x7fa30019e4e0 secure :-1 s=READY pgs=50 cs=0 l=1 rev1=1 crypto rx=0x7fa2f4009520 tx=0x7fa2f4011aa0 comp rx=0 tx=0).stop
2024-04-25T18:51:12.419 INFO:teuthology.orchestra.run.smithi099.stdout:/usr/bin/ceph: stderr
2024-04-25T18:51:11.692+0000 7fa307600700 1 -- 172.21.15.99:0/2191106121 shutdown_connections
2024-04-25T18:51:12.419 INFO:teuthology.orchestra.run.smithi099.stdout:/usr/bin/ceph: stderr
2024-04-25T18:51:11.692+0000 7fa307600700 1 --2- 172.21.15.99:0/2191106121 >> [v2:172.21.15.99:6800/80466665,v1:172.21.15.99:6801/80466665] conn(0x7fa2e8039600 0x7fa2e803bac0 unknown :-1 s=CLOSED pgs=13 cs=0 l=1 rev1=1 crypto rx=0 tx=0 comp rx=0 tx=0).stop
2024-04-25T18:51:12.419 INFO:teuthology.orchestra.run.smithi099.stdout:/usr/bin/ceph: stderr
2024-04-25T18:51:11.692+0000 7fa307600700 1 --2- 172.21.15.99:0/2191106121 >> [v2:172.21.15.99:3300/0,v1:172.21.15.99:6789/0] conn(0x7fa300108440 0x7fa30019e4e0 unknown :-1 s=CLOSED pgs=50 cs=0 l=1 rev1=1 crypto rx=0 tx=0 comp rx=0 tx=0).stop
2024-04-25T18:51:12.419 INFO:teuthology.orchestra.run.smithi099.stdout:/usr/bin/ceph: stderr
2024-04-25T18:51:11.692+0000 7fa307600700 1 -- 172.21.15.99:0/2191106121 >> 172.21.15.99:0/2191106121 conn(0x7fa300103ae0 msgr2=0x7fa300104540 unknown :-1 s=STATE_NONE l=0).mark_down
2024-04-25T18:51:12.419 INFO:teuthology.orchestra.run.smithi099.stdout:/usr/bin/ceph: stderr
2024-04-25T18:51:11.692+0000 7fa307600700 1 -- 172.21.15.99:0/2191106121 shutdown_connections
2024-04-25T18:51:12.419 INFO:teuthology.orchestra.run.smithi099.stdout:/usr/bin/ceph: stderr
2024-04-25T18:51:11.692+0000 7fa307600700 1 -- 172.21.15.99:0/2191106121 wait complete.
2024-04-25T18:51:13.315 INFO:journalctl@ceph.mon.a.smithi099.stdout:Apr 25 18:51:13 smithi099 ceph-mon[27994]: from='client.14144 -' entity='client.admin' cmd=[{"prefix": "orch apply", "service_type": "mgr", "unmanaged": true, "target": ["mon-mgr", ""]}]: dispatch
2024-04-25T18:51:13.315 INFO:journalctl@ceph.mon.a.smithi099.stdout:Apr 25 18:51:13 smithi099 ceph-mon[27994]: Saving service mgr spec with placement count:2
2024-04-25T18:51:13.315 INFO:journalctl@ceph.mon.a.smithi099.stdout:Apr 25 18:51:13 smithi099 ceph-mon[27994]: pgmap v3: 0 pgs: ; 0 B data, 0 B used, 0 B / 0 B avail
2024-04-25T18:51:14.650 INFO:journalctl@ceph.mon.a.smithi099.stdout:Apr 25 18:51:14 smithi099 ceph-mon[27994]: from='client.? 172.21.15.99:0/3238132018' entity='client.admin'
2024-04-25T18:51:14.662 INFO:teuthology.orchestra.run.smithi099.stdout:/usr/bin/ceph: stderr
2024-04-25T18:51:13.060+0000 7fa8ed800700 1 Processor -- start
2024-04-25T18:51:14.662 INFO:teuthology.orchestra.run.smithi099.stdout:/usr/bin/ceph: stderr
2024-04-25T18:51:13.060+0000 7fa8ed800700 1 -- start start
2024-04-25T18:51:14.662 INFO:teuthology.orchestra.run.smithi099.stdout:/usr/bin/ceph: stderr
2024-04-25T18:51:13.061+0000 7fa8ed800700 1 --2- >> [v2:172.21.15.99:3300/0,v1:172.21.15.99:6789/0] conn(0x7fa8e807de40 0x7fa8e807c2f0 unknown :-1 s=NONE pgs=0 cs=0 l=0 rev1=0 crypto rx=0 tx=0 comp rx=0 tx=0).connect
2024-04-25T18:51:14.662 INFO:teuthology.orchestra.run.smithi099.stdout:/usr/bin/ceph: stderr
2024-04-25T18:51:13.061+0000 7fa8ed800700 1 -- --> [v2:172.21.15.99:3300/0,v1:172.21.15.99:6789/0] -- mon_getmap magic: 0 -- 0x7fa8e807c830 con 0x7fa8e807de40
2024-04-25T18:51:14.667 INFO:teuthology.orchestra.run.smithi099.stdout:/usr/bin/ceph: stderr
2024-04-25T18:51:13.061+0000 7fa8e6a00700 1 --2- >> [v2:172.21.15.99:3300/0,v1:172.21.15.99:6789/0] conn(0x7fa8e807de40 0x7fa8e807c2f0 unknown :-1 s=BANNER_CONNECTING pgs=0 cs=0 l=0 rev1=0 crypto rx=0 tx=0 comp rx=0 tx=0)._handle_peer_banner_payload supported=3 required=0
2024-04-25T18:51:14.667 INFO:teuthology.orchestra.run.smithi099.stdout:/usr/bin/ceph: stderr
2024-04-25T18:51:13.061+0000 7fa8e6a00700 1 --2- >> [v2:172.21.15.99:3300/0,v1:172.21.15.99:6789/0] conn(0x7fa8e807de40 0x7fa8e807c2f0 unknown :-1 s=HELLO_CONNECTING pgs=0 cs=0 l=0 rev1=1 crypto rx=0 tx=0 comp rx=0 tx=0).handle_hello peer v2:172.21.15.99:3300/0 says I am v2:172.21.15.99:38090/0 (socket says 172.21.15.99:38090)
2024-04-25T18:51:14.667 INFO:teuthology.orchestra.run.smithi099.stdout:/usr/bin/ceph: stderr
2024-04-25T18:51:13.061+0000 7fa8e6a00700 1 -- 172.21.15.99:0/1261680916 learned_addr learned my addr 172.21.15.99:0/1261680916 (peer_addr_for_me v2:172.21.15.99:0/0)
2024-04-25T18:51:14.667 INFO:teuthology.orchestra.run.smithi099.stdout:/usr/bin/ceph: stderr
2024-04-25T18:51:13.062+0000 7fa8e6a00700 1 -- 172.21.15.99:0/1261680916 --> [v2:172.21.15.99:3300/0,v1:172.21.15.99:6789/0] -- mon_subscribe({config=0+,monmap=0+}) -- 0x7fa8e807c9b0 con 0x7fa8e807de40
2024-04-25T18:51:14.668 INFO:teuthology.orchestra.run.smithi099.stdout:/usr/bin/ceph: stderr
2024-04-25T18:51:13.062+0000 7fa8e6a00700 1 --2- 172.21.15.99:0/1261680916 >> [v2:172.21.15.99:3300/0,v1:172.21.15.99:6789/0] conn(0x7fa8e807de40 0x7fa8e807c2f0 secure :-1 s=READY pgs=51 cs=0 l=1 rev1=1 crypto rx=0x7fa8d80098a0 tx=0x7fa8d8009bb0 comp rx=0 tx=0).ready entity=mon.0 client_cookie=388c546ea7c5f264 server_cookie=0 in_seq=0 out_seq=0
2024-04-25T18:51:14.668 INFO:teuthology.orchestra.run.smithi099.stdout:/usr/bin/ceph: stderr
2024-04-25T18:51:13.062+0000 7fa8e5600700 1 -- 172.21.15.99:0/1261680916 <== mon.0 v2:172.21.15.99:3300/0 1 ==== mon_map magic: 0 ==== 205+0+0 (secure 0 0 0) 0x7fa8d8004160 con 0x7fa8e807de40
2024-04-25T18:51:14.668 INFO:teuthology.orchestra.run.smithi099.stdout:/usr/bin/ceph: stderr
2024-04-25T18:51:13.063+0000 7fa8e5600700 1 -- 172.21.15.99:0/1261680916 <== mon.0 v2:172.21.15.99:3300/0 2 ==== config(26 keys) ==== 1101+0+0 (secure 0 0 0) 0x7fa8d8004300 con 0x7fa8e807de40
2024-04-25T18:51:14.668 INFO:teuthology.orchestra.run.smithi099.stdout:/usr/bin/ceph: stderr
2024-04-25T18:51:13.063+0000 7fa8e5600700 1 -- 172.21.15.99:0/1261680916 <== mon.0 v2:172.21.15.99:3300/0 3 ==== mon_map magic: 0 ==== 205+0+0 (secure 0 0 0) 0x7fa8d8011a20 con 0x7fa8e807de40
2024-04-25T18:51:14.668 INFO:teuthology.orchestra.run.smithi099.stdout:/usr/bin/ceph: stderr
2024-04-25T18:51:13.063+0000 7fa8ed800700 1 -- 172.21.15.99:0/1261680916 >> [v2:172.21.15.99:3300/0,v1:172.21.15.99:6789/0] conn(0x7fa8e807de40 msgr2=0x7fa8e807c2f0 secure :-1 s=STATE_CONNECTION_ESTABLISHED l=1).mark_down
2024-04-25T18:51:14.668 INFO:teuthology.orchestra.run.smithi099.stdout:/usr/bin/ceph: stderr
2024-04-25T18:51:13.063+0000 7fa8ed800700 1 --2- 172.21.15.99:0/1261680916 >> [v2:172.21.15.99:3300/0,v1:172.21.15.99:6789/0] conn(0x7fa8e807de40 0x7fa8e807c2f0 secure :-1 s=READY pgs=51 cs=0 l=1 rev1=1 crypto rx=0x7fa8d80098a0 tx=0x7fa8d8009bb0 comp rx=0 tx=0).stop
2024-04-25T18:51:14.668 INFO:teuthology.orchestra.run.smithi099.stdout:/usr/bin/ceph: stderr
2024-04-25T18:51:13.064+0000 7fa8ed800700 1 -- 172.21.15.99:0/1261680916 shutdown_connections
2024-04-25T18:51:14.668 INFO:teuthology.orchestra.run.smithi099.stdout:/usr/bin/ceph: stderr
2024-04-25T18:51:13.064+0000 7fa8ed800700 1 --2- 172.21.15.99:0/1261680916 >> [v2:172.21.15.99:3300/0,v1:172.21.15.99:6789/0] conn(0x7fa8e807de40 0x7fa8e807c2f0 unknown :-1 s=CLOSED pgs=51 cs=0 l=1 rev1=1 crypto rx=0 tx=0 comp rx=0 tx=0).stop
2024-04-25T18:51:14.668 INFO:teuthology.orchestra.run.smithi099.stdout:/usr/bin/ceph: stderr
2024-04-25T18:51:13.064+0000 7fa8ed800700 1 -- 172.21.15.99:0/1261680916 >> 172.21.15.99:0/1261680916 conn(0x7fa8e8103a40 msgr2=0x7fa8e8105e60 unknown :-1 s=STATE_NONE l=0).mark_down
2024-04-25T18:51:14.668 INFO:teuthology.orchestra.run.smithi099.stdout:/usr/bin/ceph: stderr
2024-04-25T18:51:13.064+0000 7fa8ed800700 1 -- 172.21.15.99:0/1261680916 shutdown_connections
2024-04-25T18:51:14.668 INFO:teuthology.orchestra.run.smithi099.stdout:/usr/bin/ceph: stderr
2024-04-25T18:51:13.064+0000 7fa8ed800700 1 -- 172.21.15.99:0/1261680916 wait complete.
2024-04-25T18:51:14.668 INFO:teuthology.orchestra.run.smithi099.stdout:/usr/bin/ceph: stderr
2024-04-25T18:51:13.065+0000 7fa8ed800700 1 Processor -- start
2024-04-25T18:51:14.668 INFO:teuthology.orchestra.run.smithi099.stdout:/usr/bin/ceph: stderr
2024-04-25T18:51:13.065+0000 7fa8ed800700 1 -- start start
2024-04-25T18:51:14.668 INFO:teuthology.orchestra.run.smithi099.stdout:/usr/bin/ceph: stderr
2024-04-25T18:51:13.065+0000 7fa8ed800700 1 --2- >> [v2:172.21.15.99:3300/0,v1:172.21.15.99:6789/0] conn(0x7fa8e807de40 0x7fa8e819e4d0 unknown :-1 s=NONE pgs=0 cs=0 l=1 rev1=0 crypto rx=0 tx=0 comp rx=0 tx=0).connect
2024-04-25T18:51:14.669 INFO:teuthology.orchestra.run.smithi099.stdout:/usr/bin/ceph: stderr
2024-04-25T18:51:13.065+0000 7fa8ed800700 1 -- --> [v2:172.21.15.99:3300/0,v1:172.21.15.99:6789/0] -- mon_getmap magic: 0 -- 0x7fa8e810e980 con 0x7fa8e807de40
2024-04-25T18:51:14.669 INFO:teuthology.orchestra.run.smithi099.stdout:/usr/bin/ceph: stderr
2024-04-25T18:51:13.066+0000 7fa8e6a00700 1 --2- >> [v2:172.21.15.99:3300/0,v1:172.21.15.99:6789/0] conn(0x7fa8e807de40 0x7fa8e819e4d0 unknown :-1 s=BANNER_CONNECTING pgs=0 cs=0 l=1 rev1=0 crypto rx=0 tx=0 comp rx=0 tx=0)._handle_peer_banner_payload supported=3 required=0
2024-04-25T18:51:14.669 INFO:teuthology.orchestra.run.smithi099.stdout:/usr/bin/ceph: stderr
2024-04-25T18:51:13.066+0000 7fa8e6a00700 1 --2- >> [v2:172.21.15.99:3300/0,v1:172.21.15.99:6789/0] conn(0x7fa8e807de40 0x7fa8e819e4d0 unknown :-1 s=HELLO_CONNECTING pgs=0 cs=0 l=1 rev1=1 crypto rx=0 tx=0 comp rx=0 tx=0).handle_hello peer v2:172.21.15.99:3300/0 says I am v2:172.21.15.99:38096/0 (socket says 172.21.15.99:38096)
2024-04-25T18:51:14.669 INFO:teuthology.orchestra.run.smithi099.stdout:/usr/bin/ceph: stderr
2024-04-25T18:51:13.066+0000 7fa8e6a00700 1 -- 172.21.15.99:0/3238132018 learned_addr learned my addr 172.21.15.99:0/3238132018 (peer_addr_for_me v2:172.21.15.99:0/0)
2024-04-25T18:51:14.669 INFO:teuthology.orchestra.run.smithi099.stdout:/usr/bin/ceph: stderr
2024-04-25T18:51:13.066+0000 7fa8e6a00700 1 -- 172.21.15.99:0/3238132018 --> [v2:172.21.15.99:3300/0,v1:172.21.15.99:6789/0] -- mon_subscribe({config=0+,monmap=0+}) -- 0x7fa8e819ea10 con 0x7fa8e807de40
2024-04-25T18:51:14.669 INFO:teuthology.orchestra.run.smithi099.stdout:/usr/bin/ceph: stderr
2024-04-25T18:51:13.066+0000 7fa8e6a00700 1 --2- 172.21.15.99:0/3238132018 >> [v2:172.21.15.99:3300/0,v1:172.21.15.99:6789/0] conn(0x7fa8e807de40 0x7fa8e819e4d0 secure :-1 s=READY pgs=52 cs=0 l=1 rev1=1 crypto rx=0x7fa8d8000c00 tx=0x7fa8d8011aa0 comp rx=0 tx=0).ready entity=mon.0 client_cookie=0 server_cookie=0 in_seq=0 out_seq=0
2024-04-25T18:51:14.669 INFO:teuthology.orchestra.run.smithi099.stdout:/usr/bin/ceph: stderr
2024-04-25T18:51:13.067+0000 7fa8df400700 1 -- 172.21.15.99:0/3238132018 <== mon.0 v2:172.21.15.99:3300/0 1 ==== mon_map magic: 0 ==== 205+0+0 (secure 0 0 0) 0x7fa8d8003af0 con 0x7fa8e807de40
2024-04-25T18:51:14.669 INFO:teuthology.orchestra.run.smithi099.stdout:/usr/bin/ceph: stderr
2024-04-25T18:51:13.067+0000 7fa8ed800700 1 -- 172.21.15.99:0/3238132018 --> [v2:172.21.15.99:3300/0,v1:172.21.15.99:6789/0] -- mon_subscribe({mgrmap=0+}) -- 0x7fa8e819eca0 con 0x7fa8e807de40
2024-04-25T18:51:14.669 INFO:teuthology.orchestra.run.smithi099.stdout:/usr/bin/ceph: stderr
2024-04-25T18:51:13.067+0000 7fa8ed800700 1 -- 172.21.15.99:0/3238132018 --> [v2:172.21.15.99:3300/0,v1:172.21.15.99:6789/0] -- mon_subscribe({osdmap=0}) -- 0x7fa8e81a1990 con 0x7fa8e807de40
2024-04-25T18:51:14.669 INFO:teuthology.orchestra.run.smithi099.stdout:/usr/bin/ceph: stderr
2024-04-25T18:51:13.068+0000 7fa8df400700 1 -- 172.21.15.99:0/3238132018 <== mon.0 v2:172.21.15.99:3300/0 2 ==== config(26 keys) ==== 1101+0+0 (secure 0 0 0) 0x7fa8d8004300 con 0x7fa8e807de40
2024-04-25T18:51:14.669 INFO:teuthology.orchestra.run.smithi099.stdout:/usr/bin/ceph: stderr
2024-04-25T18:51:13.068+0000 7fa8df400700 1 -- 172.21.15.99:0/3238132018 <== mon.0 v2:172.21.15.99:3300/0 3 ==== mon_map magic: 0 ==== 205+0+0 (secure 0 0 0) 0x7fa8d8023400 con 0x7fa8e807de40
2024-04-25T18:51:14.669 INFO:teuthology.orchestra.run.smithi099.stdout:/usr/bin/ceph: stderr
2024-04-25T18:51:13.068+0000 7fa8df400700 1 -- 172.21.15.99:0/3238132018 <== mon.0 v2:172.21.15.99:3300/0 4 ==== mgrmap(e 8) ==== 46558+0+0 (secure 0 0 0) 0x7fa8d8023660 con 0x7fa8e807de40
2024-04-25T18:51:14.669 INFO:teuthology.orchestra.run.smithi099.stdout:/usr/bin/ceph: stderr
2024-04-25T18:51:13.068+0000 7fa8ed800700 1 -- 172.21.15.99:0/3238132018 --> [v2:172.21.15.99:3300/0,v1:172.21.15.99:6789/0] -- mon_command({"prefix": "get_command_descriptions"} v 0) -- 0x7fa8e80640a0 con 0x7fa8e807de40
2024-04-25T18:51:14.669 INFO:teuthology.orchestra.run.smithi099.stdout:/usr/bin/ceph: stderr
2024-04-25T18:51:13.069+0000 7fa8df400700 1 --2- 172.21.15.99:0/3238132018 >> [v2:172.21.15.99:6800/80466665,v1:172.21.15.99:6801/80466665] conn(0x7fa8cc039600 0x7fa8cc03bac0 unknown :-1 s=NONE pgs=0 cs=0 l=1 rev1=0 crypto rx=0 tx=0 comp rx=0 tx=0).connect
2024-04-25T18:51:14.670 INFO:teuthology.orchestra.run.smithi099.stdout:/usr/bin/ceph: stderr
2024-04-25T18:51:13.069+0000 7fa8df400700 1 -- 172.21.15.99:0/3238132018 <== mon.0 v2:172.21.15.99:3300/0 5 ==== osd_map(2..2 src has 1..2) ==== 940+0+0 (secure 0 0 0) 0x7fa8d804ee90 con 0x7fa8e807de40
2024-04-25T18:51:14.670 INFO:teuthology.orchestra.run.smithi099.stdout:/usr/bin/ceph: stderr
2024-04-25T18:51:13.069+0000 7fa8e6000700 1 --2- 172.21.15.99:0/3238132018 >> [v2:172.21.15.99:6800/80466665,v1:172.21.15.99:6801/80466665] conn(0x7fa8cc039600 0x7fa8cc03bac0 unknown :-1 s=BANNER_CONNECTING pgs=0 cs=0 l=1 rev1=0 crypto rx=0 tx=0 comp rx=0 tx=0)._handle_peer_banner_payload supported=3 required=0
2024-04-25T18:51:14.670 INFO:teuthology.orchestra.run.smithi099.stdout:/usr/bin/ceph: stderr
2024-04-25T18:51:13.069+0000 7fa8e6000700 1 --2- 172.21.15.99:0/3238132018 >> [v2:172.21.15.99:6800/80466665,v1:172.21.15.99:6801/80466665] conn(0x7fa8cc039600 0x7fa8cc03bac0 secure :-1 s=READY pgs=14 cs=0 l=1 rev1=1 crypto rx=0x7fa8d4006fd0 tx=0x7fa8d4006e40 comp rx=0 tx=0).ready entity=mgr.14120 client_cookie=0 server_cookie=0 in_seq=0 out_seq=0
2024-04-25T18:51:14.670 INFO:teuthology.orchestra.run.smithi099.stdout:/usr/bin/ceph: stderr
2024-04-25T18:51:13.074+0000 7fa8df400700 1 -- 172.21.15.99:0/3238132018 <== mon.0 v2:172.21.15.99:3300/0 6 ==== mon_command_ack([{"prefix": "get_command_descriptions"}]=0 v0) ==== 72+0+188370 (secure 0 0 0) 0x7fa8d801f030 con 0x7fa8e807de40
2024-04-25T18:51:14.670 INFO:teuthology.orchestra.run.smithi099.stdout:/usr/bin/ceph: stderr
2024-04-25T18:51:13.307+0000 7fa8ed800700 1 -- 172.21.15.99:0/3238132018 --> [v2:172.21.15.99:3300/0,v1:172.21.15.99:6789/0] -- mon_command([{prefix=config set, name=mgr/cephadm/container_init}] v 0) -- 0x7fa8e81a1f50 con 0x7fa8e807de40
2024-04-25T18:51:14.670 INFO:teuthology.orchestra.run.smithi099.stdout:/usr/bin/ceph: stderr
2024-04-25T18:51:13.312+0000 7fa8df400700 1 -- 172.21.15.99:0/3238132018 <== mon.0 v2:172.21.15.99:3300/0 7 ==== mon_command_ack([{prefix=config set, name=mgr/cephadm/container_init}]=0 v7)=0 v7) ==== 142+0+0 (secure 0 0 0) 0x7fa8d8010bf0 con 0x7fa8e807de40
2024-04-25T18:51:14.670 INFO:teuthology.orchestra.run.smithi099.stdout:/usr/bin/ceph: stderr
2024-04-25T18:51:13.316+0000 7fa8ed800700 1 -- 172.21.15.99:0/3238132018 >> [v2:172.21.15.99:6800/80466665,v1:172.21.15.99:6801/80466665] conn(0x7fa8cc039600 msgr2=0x7fa8cc03bac0 secure :-1 s=STATE_CONNECTION_ESTABLISHED l=1).mark_down
2024-04-25T18:51:14.670 INFO:teuthology.orchestra.run.smithi099.stdout:/usr/bin/ceph: stderr
2024-04-25T18:51:13.316+0000 7fa8ed800700 1 --2- 172.21.15.99:0/3238132018 >> [v2:172.21.15.99:6800/80466665,v1:172.21.15.99:6801/80466665] conn(0x7fa8cc039600 0x7fa8cc03bac0 secure :-1 s=READY pgs=14 cs=0 l=1 rev1=1 crypto rx=0x7fa8d4006fd0 tx=0x7fa8d4006e40 comp rx=0 tx=0).stop
2024-04-25T18:51:14.670 INFO:teuthology.orchestra.run.smithi099.stdout:/usr/bin/ceph: stderr
2024-04-25T18:51:13.316+0000 7fa8ed800700 1 -- 172.21.15.99:0/3238132018 >> [v2:172.21.15.99:3300/0,v1:172.21.15.99:6789/0] conn(0x7fa8e807de40 msgr2=0x7fa8e819e4d0 secure :-1 s=STATE_CONNECTION_ESTABLISHED l=1).mark_down
2024-04-25T18:51:14.670 INFO:teuthology.orchestra.run.smithi099.stdout:/usr/bin/ceph: stderr
2024-04-25T18:51:13.316+0000 7fa8ed800700 1 --2- 172.21.15.99:0/3238132018 >> [v2:172.21.15.99:3300/0,v1:172.21.15.99:6789/0] conn(0x7fa8e807de40 0x7fa8e819e4d0 secure :-1 s=READY pgs=52 cs=0 l=1 rev1=1 crypto rx=0x7fa8d8000c00 tx=0x7fa8d8011aa0 comp rx=0 tx=0).stop
2024-04-25T18:51:14.670 INFO:teuthology.orchestra.run.smithi099.stdout:/usr/bin/ceph: stderr
2024-04-25T18:51:13.316+0000 7fa8ed800700 1 -- 172.21.15.99:0/3238132018 shutdown_connections
2024-04-25T18:51:14.670 INFO:teuthology.orchestra.run.smithi099.stdout:/usr/bin/ceph: stderr
2024-04-25T18:51:13.316+0000 7fa8ed800700 1 --2- 172.21.15.99:0/3238132018 >> [v2:172.21.15.99:6800/80466665,v1:172.21.15.99:6801/80466665] conn(0x7fa8cc039600 0x7fa8cc03bac0 unknown :-1 s=CLOSED pgs=14 cs=0 l=1 rev1=1 crypto rx=0 tx=0 comp rx=0 tx=0).stop
2024-04-25T18:51:14.670 INFO:teuthology.orchestra.run.smithi099.stdout:/usr/bin/ceph: stderr
2024-04-25T18:51:13.316+0000 7fa8ed800700 1 --2- 172.21.15.99:0/3238132018 >> [v2:172.21.15.99:3300/0,v1:172.21.15.99:6789/0] conn(0x7fa8e807de40 0x7fa8e819e4d0 unknown :-1 s=CLOSED pgs=52 cs=0 l=1 rev1=1 crypto rx=0 tx=0 comp rx=0 tx=0).stop
2024-04-25T18:51:14.671 INFO:teuthology.orchestra.run.smithi099.stdout:/usr/bin/ceph: stderr
2024-04-25T18:51:13.316+0000 7fa8ed800700 1 -- 172.21.15.99:0/3238132018 >> 172.21.15.99:0/3238132018 conn(0x7fa8e8103a40 msgr2=0x7fa8e81044e0 unknown :-1 s=STATE_NONE l=0).mark_down
2024-04-25T18:51:14.671 INFO:teuthology.orchestra.run.smithi099.stdout:/usr/bin/ceph: stderr
2024-04-25T18:51:13.316+0000 7fa8ed800700 1 -- 172.21.15.99:0/3238132018 shutdown_connections
2024-04-25T18:51:14.671 INFO:teuthology.orchestra.run.smithi099.stdout:/usr/bin/ceph: stderr
2024-04-25T18:51:13.316+0000 7fa8ed800700 1 -- 172.21.15.99:0/3238132018 wait complete.
2024-04-25T18:51:15.512 INFO:journalctl@ceph.mon.a.smithi099.stdout:Apr 25 18:51:15 smithi099 ceph-mon[27994]: pgmap v4: 0 pgs: ; 0 B data, 0 B used, 0 B / 0 B avail
2024-04-25T18:51:15.512 INFO:journalctl@ceph.mon.a.smithi099.stdout:Apr 25 18:51:15 smithi099 ceph-mon[27994]: from='mgr.14120 172.21.15.99:0/1796222293' entity='mgr.x'
2024-04-25T18:51:16.309 INFO:teuthology.orchestra.run.smithi099.stdout:/usr/bin/ceph: stderr
2024-04-25T18:51:15.267+0000 7fe4aa000700 1 Processor -- start
2024-04-25T18:51:16.310 INFO:teuthology.orchestra.run.smithi099.stdout:/usr/bin/ceph: stderr
2024-04-25T18:51:15.267+0000 7fe4aa000700 1 -- start start
2024-04-25T18:51:16.310 INFO:teuthology.orchestra.run.smithi099.stdout:/usr/bin/ceph: stderr
2024-04-25T18:51:15.267+0000 7fe4aa000700 1 --2- >> [v2:172.21.15.99:3300/0,v1:172.21.15.99:6789/0] conn(0x7fe4a4108430 0x7fe4a4108850 unknown :-1 s=NONE pgs=0 cs=0 l=0 rev1=0 crypto rx=0 tx=0 comp rx=0 tx=0).connect
2024-04-25T18:51:16.310 INFO:teuthology.orchestra.run.smithi099.stdout:/usr/bin/ceph: stderr
2024-04-25T18:51:15.267+0000 7fe4aa000700 1 -- --> [v2:172.21.15.99:3300/0,v1:172.21.15.99:6789/0] -- mon_getmap magic: 0 -- 0x7fe4a4108e20 con 0x7fe4a4108430
2024-04-25T18:51:16.311 INFO:teuthology.orchestra.run.smithi099.stdout:/usr/bin/ceph: stderr
2024-04-25T18:51:15.267+0000 7fe4a3400700 1 --2- >> [v2:172.21.15.99:3300/0,v1:172.21.15.99:6789/0] conn(0x7fe4a4108430 0x7fe4a4108850 unknown :-1 s=BANNER_CONNECTING pgs=0 cs=0 l=0 rev1=0 crypto rx=0 tx=0 comp rx=0 tx=0)._handle_peer_banner_payload supported=3 required=0
2024-04-25T18:51:16.311 INFO:teuthology.orchestra.run.smithi099.stdout:/usr/bin/ceph: stderr
2024-04-25T18:51:15.267+0000 7fe4a3400700 1 --2- >> [v2:172.21.15.99:3300/0,v1:172.21.15.99:6789/0] conn(0x7fe4a4108430 0x7fe4a4108850 unknown :-1 s=HELLO_CONNECTING pgs=0 cs=0 l=0 rev1=1 crypto rx=0 tx=0 comp rx=0 tx=0).handle_hello peer v2:172.21.15.99:3300/0 says I am v2:172.21.15.99:38098/0 (socket says 172.21.15.99:38098)
2024-04-25T18:51:16.311 INFO:teuthology.orchestra.run.smithi099.stdout:/usr/bin/ceph: stderr
2024-04-25T18:51:15.267+0000 7fe4a3400700 1 -- 172.21.15.99:0/1505182959 learned_addr learned my addr 172.21.15.99:0/1505182959 (peer_addr_for_me v2:172.21.15.99:0/0)
2024-04-25T18:51:16.311 INFO:teuthology.orchestra.run.smithi099.stdout:/usr/bin/ceph: stderr
2024-04-25T18:51:15.267+0000 7fe4a3400700 1 -- 172.21.15.99:0/1505182959 --> [v2:172.21.15.99:3300/0,v1:172.21.15.99:6789/0] -- mon_subscribe({config=0+,monmap=0+}) -- 0x7fe4a41095e0 con 0x7fe4a4108430
2024-04-25T18:51:16.312 INFO:teuthology.orchestra.run.smithi099.stdout:/usr/bin/ceph: stderr
2024-04-25T18:51:15.268+0000 7fe4a3400700 1 --2- 172.21.15.99:0/1505182959 >> [v2:172.21.15.99:3300/0,v1:172.21.15.99:6789/0] conn(0x7fe4a4108430 0x7fe4a4108850 secure :-1 s=READY pgs=53 cs=0 l=1 rev1=1 crypto rx=0x7fe4940098a0 tx=0x7fe494009bb0 comp rx=0 tx=0).ready entity=mon.0 client_cookie=de0bade0295ee0f server_cookie=0 in_seq=0 out_seq=0
2024-04-25T18:51:16.312 INFO:teuthology.orchestra.run.smithi099.stdout:/usr/bin/ceph: stderr
2024-04-25T18:51:15.268+0000 7fe4a2000700 1 -- 172.21.15.99:0/1505182959 <== mon.0 v2:172.21.15.99:3300/0 1 ==== mon_map magic: 0 ==== 205+0+0 (secure 0 0 0) 0x7fe494004160 con 0x7fe4a4108430
2024-04-25T18:51:16.312 INFO:teuthology.orchestra.run.smithi099.stdout:/usr/bin/ceph: stderr
2024-04-25T18:51:15.268+0000 7fe4a2000700 1 -- 172.21.15.99:0/1505182959 <== mon.0 v2:172.21.15.99:3300/0 2 ==== config(26 keys) ==== 1101+0+0 (secure 0 0 0) 0x7fe494004300 con 0x7fe4a4108430
2024-04-25T18:51:16.312 INFO:teuthology.orchestra.run.smithi099.stdout:/usr/bin/ceph: stderr
2024-04-25T18:51:15.268+0000 7fe4a2000700 1 -- 172.21.15.99:0/1505182959 <== mon.0 v2:172.21.15.99:3300/0 3 ==== mon_map magic: 0 ==== 205+0+0 (secure 0 0 0) 0x7fe494011a20 con 0x7fe4a4108430
2024-04-25T18:51:16.312 INFO:teuthology.orchestra.run.smithi099.stdout:/usr/bin/ceph: stderr
2024-04-25T18:51:15.269+0000 7fe4aa000700 1 -- 172.21.15.99:0/1505182959 >> [v2:172.21.15.99:3300/0,v1:172.21.15.99:6789/0] conn(0x7fe4a4108430 msgr2=0x7fe4a4108850 secure :-1 s=STATE_CONNECTION_ESTABLISHED l=1).mark_down
2024-04-25T18:51:16.312 INFO:teuthology.orchestra.run.smithi099.stdout:/usr/bin/ceph: stderr
2024-04-25T18:51:15.269+0000 7fe4aa000700 1 --2- 172.21.15.99:0/1505182959 >> [v2:172.21.15.99:3300/0,v1:172.21.15.99:6789/0] conn(0x7fe4a4108430 0x7fe4a4108850 secure :-1 s=READY pgs=53 cs=0 l=1 rev1=1 crypto rx=0x7fe4940098a0 tx=0x7fe494009bb0 comp rx=0 tx=0).stop
2024-04-25T18:51:16.312 INFO:teuthology.orchestra.run.smithi099.stdout:/usr/bin/ceph: stderr
2024-04-25T18:51:15.269+0000 7fe4aa000700 1 -- 172.21.15.99:0/1505182959 shutdown_connections
2024-04-25T18:51:16.312 INFO:teuthology.orchestra.run.smithi099.stdout:/usr/bin/ceph: stderr
2024-04-25T18:51:15.269+0000 7fe4aa000700 1 --2- 172.21.15.99:0/1505182959 >> [v2:172.21.15.99:3300/0,v1:172.21.15.99:6789/0] conn(0x7fe4a4108430 0x7fe4a4108850 unknown :-1 s=CLOSED pgs=53 cs=0 l=1 rev1=1 crypto rx=0 tx=0 comp rx=0 tx=0).stop
2024-04-25T18:51:16.316 INFO:teuthology.orchestra.run.smithi099.stdout:/usr/bin/ceph: stderr
2024-04-25T18:51:15.269+0000 7fe4aa000700 1 -- 172.21.15.99:0/1505182959 >> 172.21.15.99:0/1505182959 conn(0x7fe4a4103a70 msgr2=0x7fe4a4105e90 unknown :-1 s=STATE_NONE l=0).mark_down
2024-04-25T18:51:16.316 INFO:teuthology.orchestra.run.smithi099.stdout:/usr/bin/ceph: stderr
2024-04-25T18:51:15.269+0000 7fe4aa000700 1 -- 172.21.15.99:0/1505182959 shutdown_connections
2024-04-25T18:51:16.316 INFO:teuthology.orchestra.run.smithi099.stdout:/usr/bin/ceph: stderr
2024-04-25T18:51:15.269+0000 7fe4aa000700 1 -- 172.21.15.99:0/1505182959 wait complete.
2024-04-25T18:51:16.316 INFO:teuthology.orchestra.run.smithi099.stdout:/usr/bin/ceph: stderr
2024-04-25T18:51:15.270+0000 7fe4aa000700 1 Processor -- start
2024-04-25T18:51:16.316 INFO:teuthology.orchestra.run.smithi099.stdout:/usr/bin/ceph: stderr
2024-04-25T18:51:15.270+0000 7fe4aa000700 1 -- start start
2024-04-25T18:51:16.316 INFO:teuthology.orchestra.run.smithi099.stdout:/usr/bin/ceph: stderr
2024-04-25T18:51:15.271+0000 7fe4aa000700 1 --2- >> [v2:172.21.15.99:3300/0,v1:172.21.15.99:6789/0] conn(0x7fe4a4108430 0x7fe4a407db80 unknown :-1 s=NONE pgs=0 cs=0 l=1 rev1=0 crypto rx=0 tx=0 comp rx=0 tx=0).connect
2024-04-25T18:51:16.317 INFO:teuthology.orchestra.run.smithi099.stdout:/usr/bin/ceph: stderr
2024-04-25T18:51:15.271+0000 7fe4aa000700 1 -- --> [v2:172.21.15.99:3300/0,v1:172.21.15.99:6789/0] -- mon_getmap magic: 0 -- 0x7fe4a410c990 con 0x7fe4a4108430
2024-04-25T18:51:16.317 INFO:teuthology.orchestra.run.smithi099.stdout:/usr/bin/ceph: stderr
2024-04-25T18:51:15.271+0000 7fe4a3400700 1 --2- >> [v2:172.21.15.99:3300/0,v1:172.21.15.99:6789/0] conn(0x7fe4a4108430 0x7fe4a407db80 unknown :-1 s=BANNER_CONNECTING pgs=0 cs=0 l=1 rev1=0 crypto rx=0 tx=0 comp rx=0 tx=0)._handle_peer_banner_payload supported=3 required=0
2024-04-25T18:51:16.317 INFO:teuthology.orchestra.run.smithi099.stdout:/usr/bin/ceph: stderr
2024-04-25T18:51:15.271+0000 7fe4a3400700 1 --2- >> [v2:172.21.15.99:3300/0,v1:172.21.15.99:6789/0] conn(0x7fe4a4108430 0x7fe4a407db80 unknown :-1 s=HELLO_CONNECTING pgs=0 cs=0 l=1 rev1=1 crypto rx=0 tx=0 comp rx=0 tx=0).handle_hello peer v2:172.21.15.99:3300/0 says I am v2:172.21.15.99:38104/0 (socket says 172.21.15.99:38104)
2024-04-25T18:51:16.317 INFO:teuthology.orchestra.run.smithi099.stdout:/usr/bin/ceph: stderr
2024-04-25T18:51:15.271+0000 7fe4a3400700 1 -- 172.21.15.99:0/3072732398 learned_addr learned my addr 172.21.15.99:0/3072732398 (peer_addr_for_me v2:172.21.15.99:0/0)
2024-04-25T18:51:16.317 INFO:teuthology.orchestra.run.smithi099.stdout:/usr/bin/ceph: stderr
2024-04-25T18:51:15.271+0000 7fe4a3400700 1 -- 172.21.15.99:0/3072732398 --> [v2:172.21.15.99:3300/0,v1:172.21.15.99:6789/0] -- mon_subscribe({config=0+,monmap=0+}) -- 0x7fe4a407e0c0 con 0x7fe4a4108430
2024-04-25T18:51:16.317 INFO:teuthology.orchestra.run.smithi099.stdout:/usr/bin/ceph: stderr
2024-04-25T18:51:15.272+0000 7fe4a3400700 1 --2- 172.21.15.99:0/3072732398 >> [v2:172.21.15.99:3300/0,v1:172.21.15.99:6789/0] conn(0x7fe4a4108430 0x7fe4a407db80 secure :-1 s=READY pgs=54 cs=0 l=1 rev1=1 crypto rx=0x7fe494009520 tx=0x7fe494011aa0 comp rx=0 tx=0).ready entity=mon.0 client_cookie=0 server_cookie=0 in_seq=0 out_seq=0
2024-04-25T18:51:16.317 INFO:teuthology.orchestra.run.smithi099.stdout:/usr/bin/ceph: stderr
2024-04-25T18:51:15.272+0000 7fe49be00700 1 -- 172.21.15.99:0/3072732398 <== mon.0 v2:172.21.15.99:3300/0 1 ==== mon_map magic: 0 ==== 205+0+0 (secure 0 0 0) 0x7fe4940039e0 con 0x7fe4a4108430
2024-04-25T18:51:16.317 INFO:teuthology.orchestra.run.smithi099.stdout:/usr/bin/ceph: stderr
2024-04-25T18:51:15.272+0000 7fe49be00700 1 -- 172.21.15.99:0/3072732398 <== mon.0 v2:172.21.15.99:3300/0 2 ==== config(26 keys) ==== 1101+0+0 (secure 0 0 0) 0x7fe49401b8f0 con 0x7fe4a4108430
2024-04-25T18:51:16.317 INFO:teuthology.orchestra.run.smithi099.stdout:/usr/bin/ceph: stderr
2024-04-25T18:51:15.272+0000 7fe49be00700 1 -- 172.21.15.99:0/3072732398 <== mon.0 v2:172.21.15.99:3300/0 3 ==== mon_map magic: 0 ==== 205+0+0 (secure 0 0 0) 0x7fe494019770 con 0x7fe4a4108430
2024-04-25T18:51:16.317 INFO:teuthology.orchestra.run.smithi099.stdout:/usr/bin/ceph: stderr
2024-04-25T18:51:15.272+0000 7fe4aa000700 1 -- 172.21.15.99:0/3072732398 --> [v2:172.21.15.99:3300/0,v1:172.21.15.99:6789/0] -- mon_subscribe({mgrmap=0+}) -- 0x7fe4a407c2b0 con 0x7fe4a4108430
2024-04-25T18:51:16.317 INFO:teuthology.orchestra.run.smithi099.stdout:/usr/bin/ceph: stderr
2024-04-25T18:51:15.272+0000 7fe4aa000700 1 -- 172.21.15.99:0/3072732398 --> [v2:172.21.15.99:3300/0,v1:172.21.15.99:6789/0] -- mon_subscribe({osdmap=0}) -- 0x7fe4a407c7f0 con 0x7fe4a4108430
2024-04-25T18:51:16.317 INFO:teuthology.orchestra.run.smithi099.stdout:/usr/bin/ceph: stderr
2024-04-25T18:51:15.273+0000 7fe49be00700 1 -- 172.21.15.99:0/3072732398 <== mon.0 v2:172.21.15.99:3300/0 4 ==== mgrmap(e 8) ==== 46558+0+0 (secure 0 0 0) 0x7fe49401b440 con 0x7fe4a4108430
2024-04-25T18:51:16.317 INFO:teuthology.orchestra.run.smithi099.stdout:/usr/bin/ceph: stderr
2024-04-25T18:51:15.273+0000 7fe4aa000700 1 -- 172.21.15.99:0/3072732398 --> [v2:172.21.15.99:3300/0,v1:172.21.15.99:6789/0] -- mon_command({"prefix": "get_command_descriptions"} v 0) -- 0x7fe4a40640a0 con 0x7fe4a4108430
2024-04-25T18:51:16.318 INFO:teuthology.orchestra.run.smithi099.stdout:/usr/bin/ceph: stderr
2024-04-25T18:51:15.274+0000 7fe49be00700 1 --2- 172.21.15.99:0/3072732398 >> [v2:172.21.15.99:6800/80466665,v1:172.21.15.99:6801/80466665] conn(0x7fe488039600 0x7fe48803bac0 unknown :-1 s=NONE pgs=0 cs=0 l=1 rev1=0 crypto rx=0 tx=0 comp rx=0 tx=0).connect
2024-04-25T18:51:16.318 INFO:teuthology.orchestra.run.smithi099.stdout:/usr/bin/ceph: stderr
2024-04-25T18:51:15.274+0000 7fe49be00700 1 -- 172.21.15.99:0/3072732398 <== mon.0 v2:172.21.15.99:3300/0 5 ==== osd_map(2..2 src has 1..2) ==== 940+0+0 (secure 0 0 0) 0x7fe49404df10 con 0x7fe4a4108430
2024-04-25T18:51:16.318 INFO:teuthology.orchestra.run.smithi099.stdout:/usr/bin/ceph: stderr
2024-04-25T18:51:15.274+0000 7fe4a2a00700 1 --2- 172.21.15.99:0/3072732398 >> [v2:172.21.15.99:6800/80466665,v1:172.21.15.99:6801/80466665] conn(0x7fe488039600 0x7fe48803bac0 unknown :-1 s=BANNER_CONNECTING pgs=0 cs=0 l=1 rev1=0 crypto rx=0 tx=0 comp rx=0 tx=0)._handle_peer_banner_payload supported=3 required=0
2024-04-25T18:51:16.318 INFO:teuthology.orchestra.run.smithi099.stdout:/usr/bin/ceph: stderr
2024-04-25T18:51:15.275+0000 7fe4a2a00700 1 --2- 172.21.15.99:0/3072732398 >> [v2:172.21.15.99:6800/80466665,v1:172.21.15.99:6801/80466665] conn(0x7fe488039600 0x7fe48803bac0 secure :-1 s=READY pgs=15 cs=0 l=1 rev1=1 crypto rx=0x7fe490006fd0 tx=0x7fe490006e40 comp rx=0 tx=0).ready entity=mgr.14120 client_cookie=0 server_cookie=0 in_seq=0 out_seq=0
2024-04-25T18:51:16.318 INFO:teuthology.orchestra.run.smithi099.stdout:/usr/bin/ceph: stderr
2024-04-25T18:51:15.279+0000 7fe49be00700 1 -- 172.21.15.99:0/3072732398 <== mon.0 v2:172.21.15.99:3300/0 6 ==== mon_command_ack([{"prefix": "get_command_descriptions"}]=0 v0) ==== 72+0+188370 (secure 0 0 0) 0x7fe49401f030 con 0x7fe4a4108430
2024-04-25T18:51:16.318 INFO:teuthology.orchestra.run.smithi099.stdout:/usr/bin/ceph: stderr
2024-04-25T18:51:15.510+0000 7fe4aa000700 1 -- 172.21.15.99:0/3072732398 --> [v2:172.21.15.99:3300/0,v1:172.21.15.99:6789/0] -- mon_command([{prefix=config set, name=mgr/dashboard/ssl_server_port}] v 0) -- 0x7fe4a407d140 con 0x7fe4a4108430
2024-04-25T18:51:16.318 INFO:teuthology.orchestra.run.smithi099.stdout:/usr/bin/ceph: stderr
2024-04-25T18:51:15.517+0000 7fe49be00700 1 -- 172.21.15.99:0/3072732398 <== mon.0 v2:172.21.15.99:3300/0 7 ==== mon_command_ack([{prefix=config set, name=mgr/dashboard/ssl_server_port}]=0 v8)=0 v8) ==== 130+0+0 (secure 0 0 0) 0x7fe4a407d140 con 0x7fe4a4108430
2024-04-25T18:51:16.318 INFO:teuthology.orchestra.run.smithi099.stdout:/usr/bin/ceph: stderr
2024-04-25T18:51:15.521+0000 7fe4aa000700 1 -- 172.21.15.99:0/3072732398 >> [v2:172.21.15.99:6800/80466665,v1:172.21.15.99:6801/80466665] conn(0x7fe488039600 msgr2=0x7fe48803bac0 secure :-1 s=STATE_CONNECTION_ESTABLISHED l=1).mark_down
2024-04-25T18:51:16.318 INFO:teuthology.orchestra.run.smithi099.stdout:/usr/bin/ceph: stderr
2024-04-25T18:51:15.521+0000 7fe4aa000700 1 --2- 172.21.15.99:0/3072732398 >> [v2:172.21.15.99:6800/80466665,v1:172.21.15.99:6801/80466665] conn(0x7fe488039600 0x7fe48803bac0 secure :-1 s=READY pgs=15 cs=0 l=1 rev1=1 crypto rx=0x7fe490006fd0 tx=0x7fe490006e40 comp rx=0 tx=0).stop
2024-04-25T18:51:16.318 INFO:teuthology.orchestra.run.smithi099.stdout:/usr/bin/ceph: stderr
2024-04-25T18:51:15.521+0000 7fe4aa000700 1 -- 172.21.15.99:0/3072732398 >> [v2:172.21.15.99:3300/0,v1:172.21.15.99:6789/0] conn(0x7fe4a4108430 msgr2=0x7fe4a407db80 secure :-1 s=STATE_CONNECTION_ESTABLISHED l=1).mark_down
2024-04-25T18:51:16.318 INFO:teuthology.orchestra.run.smithi099.stdout:/usr/bin/ceph: stderr
2024-04-25T18:51:15.521+0000 7fe4aa000700 1 --2- 172.21.15.99:0/3072732398 >> [v2:172.21.15.99:3300/0,v1:172.21.15.99:6789/0] conn(0x7fe4a4108430 0x7fe4a407db80 secure :-1 s=READY pgs=54 cs=0 l=1 rev1=1 crypto rx=0x7fe494009520 tx=0x7fe494011aa0 comp rx=0 tx=0).stop
2024-04-25T18:51:16.318 INFO:teuthology.orchestra.run.smithi099.stdout:/usr/bin/ceph: stderr
2024-04-25T18:51:15.522+0000 7fe4aa000700 1 -- 172.21.15.99:0/3072732398 shutdown_connections
2024-04-25T18:51:16.318 INFO:teuthology.orchestra.run.smithi099.stdout:/usr/bin/ceph: stderr
2024-04-25T18:51:15.522+0000 7fe4aa000700 1 --2- 172.21.15.99:0/3072732398 >> [v2:172.21.15.99:6800/80466665,v1:172.21.15.99:6801/80466665] conn(0x7fe488039600 0x7fe48803bac0 unknown :-1 s=CLOSED pgs=15 cs=0 l=1 rev1=1 crypto rx=0 tx=0 comp rx=0 tx=0).stop
2024-04-25T18:51:16.319 INFO:teuthology.orchestra.run.smithi099.stdout:/usr/bin/ceph: stderr
2024-04-25T18:51:15.522+0000 7fe4aa000700 1 --2- 172.21.15.99:0/3072732398 >> [v2:172.21.15.99:3300/0,v1:172.21.15.99:6789/0] conn(0x7fe4a4108430 0x7fe4a407db80 unknown :-1 s=CLOSED pgs=54 cs=0 l=1 rev1=1 crypto rx=0 tx=0 comp rx=0 tx=0).stop
2024-04-25T18:51:16.319 INFO:teuthology.orchestra.run.smithi099.stdout:/usr/bin/ceph: stderr
2024-04-25T18:51:15.522+0000 7fe4aa000700 1 -- 172.21.15.99:0/3072732398 >> 172.21.15.99:0/3072732398 conn(0x7fe4a4103a70 msgr2=0x7fe4a4104500 unknown :-1 s=STATE_NONE l=0).mark_down
2024-04-25T18:51:16.319 INFO:teuthology.orchestra.run.smithi099.stdout:/usr/bin/ceph: stderr
2024-04-25T18:51:15.522+0000 7fe4aa000700 1 -- 172.21.15.99:0/3072732398 shutdown_connections
2024-04-25T18:51:16.319 INFO:teuthology.orchestra.run.smithi099.stdout:/usr/bin/ceph: stderr
2024-04-25T18:51:15.522+0000 7fe4aa000700 1 -- 172.21.15.99:0/3072732398 wait complete.
2024-04-25T18:51:16.319 INFO:teuthology.orchestra.run.smithi099.stdout:Enabling the dashboard module...
2024-04-25T18:51:16.654 INFO:journalctl@ceph.mon.a.smithi099.stdout:Apr 25 18:51:16 smithi099 ceph-mon[27994]: from='client.? 172.21.15.99:0/3072732398' entity='client.admin'
2024-04-25T18:51:16.654 INFO:journalctl@ceph.mon.a.smithi099.stdout:Apr 25 18:51:16 smithi099 ceph-mon[27994]: pgmap v5: 0 pgs: ; 0 B data, 0 B used, 0 B / 0 B avail
2024-04-25T18:51:16.654 INFO:journalctl@ceph.mon.a.smithi099.stdout:Apr 25 18:51:16 smithi099 ceph-mon[27994]: from='mgr.14120 172.21.15.99:0/1796222293' entity='mgr.x'
2024-04-25T18:51:17.568 INFO:journalctl@ceph.mon.a.smithi099.stdout:Apr 25 18:51:17 smithi099 ceph-mon[27994]: from='client.? 172.21.15.99:0/91959794' entity='client.admin' cmd=[{"prefix": "mgr module enable", "module": "dashboard"}]: dispatch
2024-04-25T18:51:17.858 INFO:journalctl@ceph.mgr.x.smithi099.stdout:Apr 25 18:51:17 smithi099 ceph-57bc7f6c-0334-11ef-bc93-c7b262605968-mgr-x[28222]: ignoring --setuser ceph since I am not root
2024-04-25T18:51:17.858 INFO:journalctl@ceph.mgr.x.smithi099.stdout:Apr 25 18:51:17 smithi099 ceph-57bc7f6c-0334-11ef-bc93-c7b262605968-mgr-x[28222]: ignoring --setgroup ceph since I am not root
2024-04-25T18:51:17.858 INFO:journalctl@ceph.mgr.x.smithi099.stdout:Apr 25 18:51:17 smithi099 ceph-57bc7f6c-0334-11ef-bc93-c7b262605968-mgr-x[28222]:
2024-04-25T18:51:17.855+0000 7f2fc7b8c200 -1 mgr[py] Module balancer has missing NOTIFY_TYPES member
2024-04-25T18:51:18.401 INFO:journalctl@ceph.mgr.x.smithi099.stdout:Apr 25 18:51:18 smithi099 ceph-57bc7f6c-0334-11ef-bc93-c7b262605968-mgr-x[28222]:
2024-04-25T18:51:18.113+0000 7f2fc7b8c200 -1 mgr[py] Module orchestrator has missing NOTIFY_TYPES member
2024-04-25T18:51:18.401 INFO:journalctl@ceph.mgr.x.smithi099.stdout:Apr 25 18:51:18 smithi099 ceph-57bc7f6c-0334-11ef-bc93-c7b262605968-mgr-x[28222]:
2024-04-25T18:51:18.255+0000 7f2fc7b8c200 -1 mgr[py] Module snap_schedule has missing NOTIFY_TYPES member
2024-04-25T18:51:18.803 INFO:journalctl@ceph.mon.a.smithi099.stdout:Apr 25 18:51:18 smithi099 ceph-mon[27994]: from='client.? 172.21.15.99:0/91959794' entity='client.admin' cmd='[{"prefix": "mgr module enable", "module": "dashboard"}]': finished
2024-04-25T18:51:18.804 INFO:journalctl@ceph.mon.a.smithi099.stdout:Apr 25 18:51:18 smithi099 ceph-mon[27994]: mgrmap e9: x(active, since 25s)
