2024-04-25T20:19:16.808 INFO:teuthology.orchestra.run.smithi012.stdout:/usr/bin/ceph: stderr
2024-04-25T20:19:10.358+0000 7f66a0ff9700 1 -- 172.21.15.12:0/4087533072 <== mon.0 v2:172.21.15.12:3300/0 5 ==== osd_map(1..1 src has 1..1) ==== 725+0+0 (secure 0 0 0) 0x7f669404daf0 con 0x7f66a41074d0
2024-04-25T20:19:16.808 INFO:teuthology.orchestra.run.smithi012.stdout:/usr/bin/ceph: stderr
2024-04-25T20:19:10.358+0000 7f66a2ffd700 1 -- 172.21.15.12:0/4087533072 >> [v2:172.21.15.12:6800/2582277570,v1:172.21.15.12:6801/2582277570] conn(0x7f668c039560 msgr2=0x7f668c03ba20 unknown :-1 s=STATE_CONNECTING_RE l=1).process reconnect failed to v2:172.21.15.12:6800/2582277570
2024-04-25T20:19:16.808 INFO:teuthology.orchestra.run.smithi012.stdout:/usr/bin/ceph: stderr
2024-04-25T20:19:10.358+0000 7f66a2ffd700 1 --2- 172.21.15.12:0/4087533072 >> [v2:172.21.15.12:6800/2582277570,v1:172.21.15.12:6801/2582277570] conn(0x7f668c039560 0x7f668c03ba20 unknown :-1 s=START_CONNECT pgs=0 cs=0 l=1 rev1=0 crypto rx=0 tx=0 comp rx=0 tx=0)._fault waiting 0.200000
2024-04-25T20:19:16.809 INFO:teuthology.orchestra.run.smithi012.stdout:/usr/bin/ceph: stderr
2024-04-25T20:19:10.559+0000 7f66a2ffd700 1 -- 172.21.15.12:0/4087533072 >> [v2:172.21.15.12:6800/2582277570,v1:172.21.15.12:6801/2582277570] conn(0x7f668c039560 msgr2=0x7f668c03ba20 unknown :-1 s=STATE_CONNECTING_RE l=1).process reconnect failed to v2:172.21.15.12:6800/2582277570
2024-04-25T20:19:16.809 INFO:teuthology.orchestra.run.smithi012.stdout:/usr/bin/ceph: stderr
2024-04-25T20:19:10.559+0000 7f66a2ffd700 1 --2- 172.21.15.12:0/4087533072 >> [v2:172.21.15.12:6800/2582277570,v1:172.21.15.12:6801/2582277570] conn(0x7f668c039560 0x7f668c03ba20 unknown :-1 s=START_CONNECT pgs=0 cs=0 l=1 rev1=0 crypto rx=0 tx=0 comp rx=0 tx=0)._fault waiting 0.400000
2024-04-25T20:19:16.809 INFO:teuthology.orchestra.run.smithi012.stdout:/usr/bin/ceph: stderr
2024-04-25T20:19:10.960+0000 7f66a2ffd700 1 -- 172.21.15.12:0/4087533072 >> [v2:172.21.15.12:6800/2582277570,v1:172.21.15.12:6801/2582277570] conn(0x7f668c039560 msgr2=0x7f668c03ba20 unknown :-1 s=STATE_CONNECTING_RE l=1).process reconnect failed to v2:172.21.15.12:6800/2582277570
2024-04-25T20:19:16.809 INFO:teuthology.orchestra.run.smithi012.stdout:/usr/bin/ceph: stderr
2024-04-25T20:19:10.960+0000 7f66a2ffd700 1 --2- 172.21.15.12:0/4087533072 >> [v2:172.21.15.12:6800/2582277570,v1:172.21.15.12:6801/2582277570] conn(0x7f668c039560 0x7f668c03ba20 unknown :-1 s=START_CONNECT pgs=0 cs=0 l=1 rev1=0 crypto rx=0 tx=0 comp rx=0 tx=0)._fault waiting 0.800000
2024-04-25T20:19:16.809 INFO:teuthology.orchestra.run.smithi012.stdout:/usr/bin/ceph: stderr
2024-04-25T20:19:11.761+0000 7f66a2ffd700 1 -- 172.21.15.12:0/4087533072 >> [v2:172.21.15.12:6800/2582277570,v1:172.21.15.12:6801/2582277570] conn(0x7f668c039560 msgr2=0x7f668c03ba20 unknown :-1 s=STATE_CONNECTING_RE l=1).process reconnect failed to v2:172.21.15.12:6800/2582277570
2024-04-25T20:19:16.809 INFO:teuthology.orchestra.run.smithi012.stdout:/usr/bin/ceph: stderr
2024-04-25T20:19:11.761+0000 7f66a2ffd700 1 --2- 172.21.15.12:0/4087533072 >> [v2:172.21.15.12:6800/2582277570,v1:172.21.15.12:6801/2582277570] conn(0x7f668c039560 0x7f668c03ba20 unknown :-1 s=START_CONNECT pgs=0 cs=0 l=1 rev1=0 crypto rx=0 tx=0 comp rx=0 tx=0)._fault waiting 1.600000
2024-04-25T20:19:16.809 INFO:teuthology.orchestra.run.smithi012.stdout:/usr/bin/ceph: stderr
2024-04-25T20:19:13.362+0000 7f66a2ffd700 1 -- 172.21.15.12:0/4087533072 >> [v2:172.21.15.12:6800/2582277570,v1:172.21.15.12:6801/2582277570] conn(0x7f668c039560 msgr2=0x7f668c03ba20 unknown :-1 s=STATE_CONNECTING_RE l=1).process reconnect failed to v2:172.21.15.12:6800/2582277570
2024-04-25T20:19:16.809 INFO:teuthology.orchestra.run.smithi012.stdout:/usr/bin/ceph: stderr
2024-04-25T20:19:13.362+0000 7f66a2ffd700 1 --2- 172.21.15.12:0/4087533072 >> [v2:172.21.15.12:6800/2582277570,v1:172.21.15.12:6801/2582277570] conn(0x7f668c039560 0x7f668c03ba20 unknown :-1 s=START_CONNECT pgs=0 cs=0 l=1 rev1=0 crypto rx=0 tx=0 comp rx=0 tx=0)._fault waiting 3.200000
2024-04-25T20:19:16.809 INFO:teuthology.orchestra.run.smithi012.stdout:/usr/bin/ceph: stderr
2024-04-25T20:19:15.207+0000 7f66a0ff9700 1 -- 172.21.15.12:0/4087533072 <== mon.0 v2:172.21.15.12:3300/0 6 ==== mgrmap(e 6) ==== 46325+0+0 (secure 0 0 0) 0x7f669401ac00 con 0x7f66a41074d0
2024-04-25T20:19:16.809 INFO:teuthology.orchestra.run.smithi012.stdout:/usr/bin/ceph: stderr
2024-04-25T20:19:15.207+0000 7f66a0ff9700 1 -- 172.21.15.12:0/4087533072 >> [v2:172.21.15.12:6800/2582277570,v1:172.21.15.12:6801/2582277570] conn(0x7f668c039560 msgr2=0x7f668c03ba20 unknown :-1 s=STATE_CONNECTING l=1).mark_down
2024-04-25T20:19:16.809 INFO:teuthology.orchestra.run.smithi012.stdout:/usr/bin/ceph: stderr
2024-04-25T20:19:15.207+0000 7f66a0ff9700 1 --2- 172.21.15.12:0/4087533072 >> [v2:172.21.15.12:6800/2582277570,v1:172.21.15.12:6801/2582277570] conn(0x7f668c039560 0x7f668c03ba20 unknown :-1 s=START_CONNECT pgs=0 cs=0 l=1 rev1=0 crypto rx=0 tx=0 comp rx=0 tx=0).stop
2024-04-25T20:19:16.809 INFO:teuthology.orchestra.run.smithi012.stdout:/usr/bin/ceph: stderr
2024-04-25T20:19:16.208+0000 7f66a0ff9700 1 -- 172.21.15.12:0/4087533072 <== mon.0 v2:172.21.15.12:3300/0 7 ==== mgrmap(e 7) ==== 46452+0+0 (secure 0 0 0) 0x7f669404f6d0 con 0x7f66a41074d0
2024-04-25T20:19:16.809 INFO:teuthology.orchestra.run.smithi012.stdout:/usr/bin/ceph: stderr
2024-04-25T20:19:16.208+0000 7f66a0ff9700 1 --2- 172.21.15.12:0/4087533072 >> [v2:172.21.15.12:6800/467201234,v1:172.21.15.12:6801/467201234] conn(0x7f668c03ce50 0x7f668c03f240 unknown :-1 s=NONE pgs=0 cs=0 l=1 rev1=0 crypto rx=0 tx=0 comp rx=0 tx=0).connect
2024-04-25T20:19:16.809 INFO:teuthology.orchestra.run.smithi012.stdout:/usr/bin/ceph: stderr
2024-04-25T20:19:16.208+0000 7f66a0ff9700 1 -- 172.21.15.12:0/4087533072 --> [v2:172.21.15.12:6800/467201234,v1:172.21.15.12:6801/467201234] -- command(tid 0: {"prefix": "get_command_descriptions"}) -- 0x7f669402ae50 con 0x7f668c03ce50
2024-04-25T20:19:16.810 INFO:teuthology.orchestra.run.smithi012.stdout:/usr/bin/ceph: stderr
2024-04-25T20:19:16.209+0000 7f66a2ffd700 1 --2- 172.21.15.12:0/4087533072 >> [v2:172.21.15.12:6800/467201234,v1:172.21.15.12:6801/467201234] conn(0x7f668c03ce50 0x7f668c03f240 unknown :-1 s=BANNER_CONNECTING pgs=0 cs=0 l=1 rev1=0 crypto rx=0 tx=0 comp rx=0 tx=0)._handle_peer_banner_payload supported=3 required=0
2024-04-25T20:19:16.810 INFO:teuthology.orchestra.run.smithi012.stdout:/usr/bin/ceph: stderr
2024-04-25T20:19:16.210+0000 7f66a2ffd700 1 --2- 172.21.15.12:0/4087533072 >> [v2:172.21.15.12:6800/467201234,v1:172.21.15.12:6801/467201234] conn(0x7f668c03ce50 0x7f668c03f240 secure :-1 s=READY pgs=4 cs=0 l=1 rev1=1 crypto rx=0x7f6698003a10 tx=0x7f6698009290 comp rx=0 tx=0).ready entity=mgr.14120 client_cookie=0 server_cookie=0 in_seq=0 out_seq=0
2024-04-25T20:19:16.810 INFO:teuthology.orchestra.run.smithi012.stdout:/usr/bin/ceph: stderr
2024-04-25T20:19:16.210+0000 7f66a0ff9700 1 -- 172.21.15.12:0/4087533072 <== mgr.14120 v2:172.21.15.12:6800/467201234 1 ==== command_reply(tid 0: 0 ) ==== 8+0+7774 (secure 0 0 0) 0x7f669402ae50 con 0x7f668c03ce50
2024-04-25T20:19:16.810 INFO:teuthology.orchestra.run.smithi012.stdout:/usr/bin/ceph: stderr
2024-04-25T20:19:16.217+0000 7f66a9d0b700 1 -- 172.21.15.12:0/4087533072 --> [v2:172.21.15.12:6800/467201234,v1:172.21.15.12:6801/467201234] -- command(tid 1: {"prefix": "mgr_status"}) -- 0x7f66a410ba80 con 0x7f668c03ce50
2024-04-25T20:19:16.810 INFO:teuthology.orchestra.run.smithi012.stdout:/usr/bin/ceph: stderr
2024-04-25T20:19:16.217+0000 7f66a0ff9700 1 -- 172.21.15.12:0/4087533072 <== mgr.14120 v2:172.21.15.12:6800/467201234 2 ==== command_reply(tid 1: 0 ) ==== 8+0+51 (secure 0 0 0) 0x7f66a410ba80 con 0x7f668c03ce50
2024-04-25T20:19:16.810 INFO:teuthology.orchestra.run.smithi012.stdout:/usr/bin/ceph: stderr
2024-04-25T20:19:16.217+0000 7f66a9d0b700 1 -- 172.21.15.12:0/4087533072 >> [v2:172.21.15.12:6800/467201234,v1:172.21.15.12:6801/467201234] conn(0x7f668c03ce50 msgr2=0x7f668c03f240 secure :-1 s=STATE_CONNECTION_ESTABLISHED l=1).mark_down
2024-04-25T20:19:16.810 INFO:teuthology.orchestra.run.smithi012.stdout:/usr/bin/ceph: stderr
2024-04-25T20:19:16.217+0000 7f66a9d0b700 1 --2- 172.21.15.12:0/4087533072 >> [v2:172.21.15.12:6800/467201234,v1:172.21.15.12:6801/467201234] conn(0x7f668c03ce50 0x7f668c03f240 secure :-1 s=READY pgs=4 cs=0 l=1 rev1=1 crypto rx=0x7f6698003a10 tx=0x7f6698009290 comp rx=0 tx=0).stop
2024-04-25T20:19:16.810 INFO:teuthology.orchestra.run.smithi012.stdout:/usr/bin/ceph: stderr
2024-04-25T20:19:16.217+0000 7f66a9d0b700 1 -- 172.21.15.12:0/4087533072 >> [v2:172.21.15.12:3300/0,v1:172.21.15.12:6789/0] conn(0x7f66a41074d0 msgr2=0x7f66a41925c0 secure :-1 s=STATE_CONNECTION_ESTABLISHED l=1).mark_down
2024-04-25T20:19:16.810 INFO:teuthology.orchestra.run.smithi012.stdout:/usr/bin/ceph: stderr
2024-04-25T20:19:16.217+0000 7f66a9d0b700 1 --2- 172.21.15.12:0/4087533072 >> [v2:172.21.15.12:3300/0,v1:172.21.15.12:6789/0] conn(0x7f66a41074d0 0x7f66a41925c0 secure :-1 s=READY pgs=29 cs=0 l=1 rev1=1 crypto rx=0x7f6694003f40 tx=0x7f6694011890 comp rx=0 tx=0).stop
2024-04-25T20:19:16.810 INFO:teuthology.orchestra.run.smithi012.stdout:/usr/bin/ceph: stderr
2024-04-25T20:19:16.217+0000 7f66a9d0b700 1 -- 172.21.15.12:0/4087533072 shutdown_connections
2024-04-25T20:19:16.810 INFO:teuthology.orchestra.run.smithi012.stdout:/usr/bin/ceph: stderr
2024-04-25T20:19:16.218+0000 7f66a9d0b700 1 --2- 172.21.15.12:0/4087533072 >> [v2:172.21.15.12:6800/467201234,v1:172.21.15.12:6801/467201234] conn(0x7f668c03ce50 0x7f668c03f240 unknown :-1 s=CLOSED pgs=4 cs=0 l=1 rev1=1 crypto rx=0 tx=0 comp rx=0 tx=0).stop
2024-04-25T20:19:16.810 INFO:teuthology.orchestra.run.smithi012.stdout:/usr/bin/ceph: stderr
2024-04-25T20:19:16.218+0000 7f66a9d0b700 1 --2- 172.21.15.12:0/4087533072 >> [v2:172.21.15.12:3300/0,v1:172.21.15.12:6789/0] conn(0x7f66a41074d0 0x7f66a41925c0 unknown :-1 s=CLOSED pgs=29 cs=0 l=1 rev1=1 crypto rx=0 tx=0 comp rx=0 tx=0).stop
2024-04-25T20:19:16.810 INFO:teuthology.orchestra.run.smithi012.stdout:/usr/bin/ceph: stderr
2024-04-25T20:19:16.218+0000 7f66a9d0b700 1 --2- 172.21.15.12:0/4087533072 >> [v2:172.21.15.12:6800/2582277570,v1:172.21.15.12:6801/2582277570] conn(0x7f668c039560 0x7f668c03ba20 unknown :-1 s=CLOSED pgs=0 cs=0 l=1 rev1=0 crypto rx=0 tx=0 comp rx=0 tx=0).stop
2024-04-25T20:19:16.810 INFO:teuthology.orchestra.run.smithi012.stdout:/usr/bin/ceph: stderr
2024-04-25T20:19:16.218+0000 7f66a9d0b700 1 -- 172.21.15.12:0/4087533072 >> 172.21.15.12:0/4087533072 conn(0x7f66a4102ab0 msgr2=0x7f66a4103960 unknown :-1 s=STATE_NONE l=0).mark_down
2024-04-25T20:19:16.811 INFO:teuthology.orchestra.run.smithi012.stdout:/usr/bin/ceph: stderr
2024-04-25T20:19:16.218+0000 7f66a9d0b700 1 -- 172.21.15.12:0/4087533072 shutdown_connections
2024-04-25T20:19:16.811 INFO:teuthology.orchestra.run.smithi012.stdout:/usr/bin/ceph: stderr
2024-04-25T20:19:16.218+0000 7f66a9d0b700 1 -- 172.21.15.12:0/4087533072 wait complete.
2024-04-25T20:19:16.811 INFO:teuthology.orchestra.run.smithi012.stdout:mgr epoch 5 is available
2024-04-25T20:19:16.811 INFO:teuthology.orchestra.run.smithi012.stdout:Setting orchestrator backend to cephadm...
2024-04-25T20:19:17.754 INFO:journalctl@ceph.mon.a.smithi012.stdout:Apr 25 20:19:17 smithi012 ceph-mon[29144]: from='client.14124 -' entity='client.admin' cmd=[{"prefix": "get_command_descriptions"}]: dispatch
2024-04-25T20:19:17.754 INFO:journalctl@ceph.mon.a.smithi012.stdout:Apr 25 20:19:17 smithi012 ceph-mon[29144]: from='client.14124 -' entity='client.admin' cmd=[{"prefix": "mgr_status"}]: dispatch
2024-04-25T20:19:17.754 INFO:journalctl@ceph.mon.a.smithi012.stdout:Apr 25 20:19:17 smithi012 ceph-mon[29144]: from='mgr.14120 172.21.15.12:0/3708814523' entity='mgr.x'
2024-04-25T20:19:17.754 INFO:journalctl@ceph.mon.a.smithi012.stdout:Apr 25 20:19:17 smithi012 ceph-mon[29144]: from='mgr.14120 172.21.15.12:0/3708814523' entity='mgr.x'
2024-04-25T20:19:17.754 INFO:journalctl@ceph.mon.a.smithi012.stdout:Apr 25 20:19:17 smithi012 ceph-mon[29144]: [25/Apr/2024:20:19:16] ENGINE Bus STARTING
2024-04-25T20:19:17.754 INFO:journalctl@ceph.mon.a.smithi012.stdout:Apr 25 20:19:17 smithi012 ceph-mon[29144]: [25/Apr/2024:20:19:16] ENGINE Serving on https://172.21.15.12:7150
2024-04-25T20:19:17.754 INFO:journalctl@ceph.mon.a.smithi012.stdout:Apr 25 20:19:17 smithi012 ceph-mon[29144]: [25/Apr/2024:20:19:16] ENGINE Serving on http://172.21.15.12:8765
2024-04-25T20:19:17.754 INFO:journalctl@ceph.mon.a.smithi012.stdout:Apr 25 20:19:17 smithi012 ceph-mon[29144]: [25/Apr/2024:20:19:16] ENGINE Bus STARTED
2024-04-25T20:19:17.754 INFO:journalctl@ceph.mon.a.smithi012.stdout:Apr 25 20:19:17 smithi012 ceph-mon[29144]: from='mgr.14120 172.21.15.12:0/3708814523' entity='mgr.x' cmd=[{"prefix": "config dump", "format": "json"}]: dispatch
2024-04-25T20:19:17.755 INFO:journalctl@ceph.mon.a.smithi012.stdout:Apr 25 20:19:17 smithi012 ceph-mon[29144]: from='mgr.14120 172.21.15.12:0/3708814523' entity='mgr.x'
2024-04-25T20:19:17.755 INFO:journalctl@ceph.mon.a.smithi012.stdout:Apr 25 20:19:17 smithi012 ceph-mon[29144]: from='mgr.14120 172.21.15.12:0/3708814523' entity='mgr.x' cmd=[{"prefix": "config dump", "format": "json"}]: dispatch
2024-04-25T20:19:18.009 INFO:teuthology.orchestra.run.smithi012.stdout:/usr/bin/ceph: stderr
2024-04-25T20:19:17.213+0000 7fe912de1700 1 Processor -- start
2024-04-25T20:19:18.009 INFO:teuthology.orchestra.run.smithi012.stdout:/usr/bin/ceph: stderr
2024-04-25T20:19:17.213+0000 7fe912de1700 1 -- start start
2024-04-25T20:19:18.009 INFO:teuthology.orchestra.run.smithi012.stdout:/usr/bin/ceph: stderr
2024-04-25T20:19:17.213+0000 7fe912de1700 1 --2- >> [v2:172.21.15.12:3300/0,v1:172.21.15.12:6789/0] conn(0x7fe90c1074f0 0x7fe90c107910 unknown :-1 s=NONE pgs=0 cs=0 l=0 rev1=0 crypto rx=0 tx=0 comp rx=0 tx=0).connect
2024-04-25T20:19:18.009 INFO:teuthology.orchestra.run.smithi012.stdout:/usr/bin/ceph: stderr
2024-04-25T20:19:17.213+0000 7fe912de1700 1 -- --> [v2:172.21.15.12:3300/0,v1:172.21.15.12:6789/0] -- mon_getmap magic: 0 -- 0x7fe90c107ee0 con 0x7fe90c1074f0
2024-04-25T20:19:18.009 INFO:teuthology.orchestra.run.smithi012.stdout:/usr/bin/ceph: stderr
2024-04-25T20:19:17.213+0000 7fe910b7d700 1 --2- >> [v2:172.21.15.12:3300/0,v1:172.21.15.12:6789/0] conn(0x7fe90c1074f0 0x7fe90c107910 unknown :-1 s=BANNER_CONNECTING pgs=0 cs=0 l=0 rev1=0 crypto rx=0 tx=0 comp rx=0 tx=0)._handle_peer_banner_payload supported=3 required=0
2024-04-25T20:19:18.009 INFO:teuthology.orchestra.run.smithi012.stdout:/usr/bin/ceph: stderr
2024-04-25T20:19:17.213+0000 7fe910b7d700 1 --2- >> [v2:172.21.15.12:3300/0,v1:172.21.15.12:6789/0] conn(0x7fe90c1074f0 0x7fe90c107910 unknown :-1 s=HELLO_CONNECTING pgs=0 cs=0 l=0 rev1=1 crypto rx=0 tx=0 comp rx=0 tx=0).handle_hello peer v2:172.21.15.12:3300/0 says I am v2:172.21.15.12:34752/0 (socket says 172.21.15.12:34752)
2024-04-25T20:19:18.009 INFO:teuthology.orchestra.run.smithi012.stdout:/usr/bin/ceph: stderr
2024-04-25T20:19:17.213+0000 7fe910b7d700 1 -- 172.21.15.12:0/1263456145 learned_addr learned my addr 172.21.15.12:0/1263456145 (peer_addr_for_me v2:172.21.15.12:0/0)
2024-04-25T20:19:18.010 INFO:teuthology.orchestra.run.smithi012.stdout:/usr/bin/ceph: stderr
2024-04-25T20:19:17.214+0000 7fe910b7d700 1 -- 172.21.15.12:0/1263456145 --> [v2:172.21.15.12:3300/0,v1:172.21.15.12:6789/0] -- mon_subscribe({config=0+,monmap=0+}) -- 0x7fe90c1086f0 con 0x7fe90c1074f0
2024-04-25T20:19:18.010 INFO:teuthology.orchestra.run.smithi012.stdout:/usr/bin/ceph: stderr
2024-04-25T20:19:17.214+0000 7fe910b7d700 1 --2- 172.21.15.12:0/1263456145 >> [v2:172.21.15.12:3300/0,v1:172.21.15.12:6789/0] conn(0x7fe90c1074f0 0x7fe90c107910 secure :-1 s=READY pgs=37 cs=0 l=1 rev1=1 crypto rx=0x7fe9000098a0 tx=0x7fe900009bb0 comp rx=0 tx=0).ready entity=mon.0 client_cookie=6a5a8fdb95cc9d49 server_cookie=0 in_seq=0 out_seq=0
2024-04-25T20:19:18.010 INFO:teuthology.orchestra.run.smithi012.stdout:/usr/bin/ceph: stderr
2024-04-25T20:19:17.214+0000 7fe90b7fe700 1 -- 172.21.15.12:0/1263456145 <== mon.0 v2:172.21.15.12:3300/0 1 ==== mon_map magic: 0 ==== 205+0+0 (secure 0 0 0) 0x7fe900004160 con 0x7fe90c1074f0
2024-04-25T20:19:18.010 INFO:teuthology.orchestra.run.smithi012.stdout:/usr/bin/ceph: stderr
2024-04-25T20:19:17.214+0000 7fe90b7fe700 1 -- 172.21.15.12:0/1263456145 <== mon.0 v2:172.21.15.12:3300/0 2 ==== config(26 keys) ==== 1070+0+0 (secure 0 0 0) 0x7fe900004300 con 0x7fe90c1074f0
2024-04-25T20:19:18.010 INFO:teuthology.orchestra.run.smithi012.stdout:/usr/bin/ceph: stderr
2024-04-25T20:19:17.214+0000 7fe90b7fe700 1 -- 172.21.15.12:0/1263456145 <== mon.0 v2:172.21.15.12:3300/0 3 ==== mon_map magic: 0 ==== 205+0+0 (secure 0 0 0) 0x7fe900011af0 con 0x7fe90c1074f0
2024-04-25T20:19:18.010 INFO:teuthology.orchestra.run.smithi012.stdout:/usr/bin/ceph: stderr
2024-04-25T20:19:17.214+0000 7fe912de1700 1 -- 172.21.15.12:0/1263456145 >> [v2:172.21.15.12:3300/0,v1:172.21.15.12:6789/0] conn(0x7fe90c1074f0 msgr2=0x7fe90c107910 secure :-1 s=STATE_CONNECTION_ESTABLISHED l=1).mark_down
2024-04-25T20:19:18.010 INFO:teuthology.orchestra.run.smithi012.stdout:/usr/bin/ceph: stderr
2024-04-25T20:19:17.214+0000 7fe912de1700 1 --2- 172.21.15.12:0/1263456145 >> [v2:172.21.15.12:3300/0,v1:172.21.15.12:6789/0] conn(0x7fe90c1074f0 0x7fe90c107910 secure :-1 s=READY pgs=37 cs=0 l=1 rev1=1 crypto rx=0x7fe9000098a0 tx=0x7fe900009bb0 comp rx=0 tx=0).stop
2024-04-25T20:19:18.010 INFO:teuthology.orchestra.run.smithi012.stdout:/usr/bin/ceph: stderr
2024-04-25T20:19:17.214+0000 7fe912de1700 1 -- 172.21.15.12:0/1263456145 shutdown_connections
2024-04-25T20:19:18.010 INFO:teuthology.orchestra.run.smithi012.stdout:/usr/bin/ceph: stderr
2024-04-25T20:19:17.214+0000 7fe912de1700 1 --2- 172.21.15.12:0/1263456145 >> [v2:172.21.15.12:3300/0,v1:172.21.15.12:6789/0] conn(0x7fe90c1074f0 0x7fe90c107910 unknown :-1 s=CLOSED pgs=37 cs=0 l=1 rev1=1 crypto rx=0 tx=0 comp rx=0 tx=0).stop
2024-04-25T20:19:18.010 INFO:teuthology.orchestra.run.smithi012.stdout:/usr/bin/ceph: stderr
2024-04-25T20:19:17.214+0000 7fe912de1700 1 -- 172.21.15.12:0/1263456145 >> 172.21.15.12:0/1263456145 conn(0x7fe90c102a90 msgr2=0x7fe90c104ed0 unknown :-1 s=STATE_NONE l=0).mark_down
2024-04-25T20:19:18.010 INFO:teuthology.orchestra.run.smithi012.stdout:/usr/bin/ceph: stderr
2024-04-25T20:19:17.215+0000 7fe912de1700 1 -- 172.21.15.12:0/1263456145 shutdown_connections
2024-04-25T20:19:18.010 INFO:teuthology.orchestra.run.smithi012.stdout:/usr/bin/ceph: stderr
2024-04-25T20:19:17.215+0000 7fe912de1700 1 -- 172.21.15.12:0/1263456145 wait complete.
2024-04-25T20:19:18.010 INFO:teuthology.orchestra.run.smithi012.stdout:/usr/bin/ceph: stderr
2024-04-25T20:19:17.215+0000 7fe912de1700 1 Processor -- start
2024-04-25T20:19:18.010 INFO:teuthology.orchestra.run.smithi012.stdout:/usr/bin/ceph: stderr
2024-04-25T20:19:17.215+0000 7fe912de1700 1 -- start start
2024-04-25T20:19:18.010 INFO:teuthology.orchestra.run.smithi012.stdout:/usr/bin/ceph: stderr
2024-04-25T20:19:17.215+0000 7fe912de1700 1 --2- >> [v2:172.21.15.12:3300/0,v1:172.21.15.12:6789/0] conn(0x7fe90c1074f0 0x7fe90c1925e0 unknown :-1 s=NONE pgs=0 cs=0 l=1 rev1=0 crypto rx=0 tx=0 comp rx=0 tx=0).connect
2024-04-25T20:19:18.011 INFO:teuthology.orchestra.run.smithi012.stdout:/usr/bin/ceph: stderr
2024-04-25T20:19:17.215+0000 7fe912de1700 1 -- --> [v2:172.21.15.12:3300/0,v1:172.21.15.12:6789/0] -- mon_getmap magic: 0 -- 0x7fe90c10b920 con 0x7fe90c1074f0
2024-04-25T20:19:18.011 INFO:teuthology.orchestra.run.smithi012.stdout:/usr/bin/ceph: stderr
2024-04-25T20:19:17.215+0000 7fe910b7d700 1 --2- >> [v2:172.21.15.12:3300/0,v1:172.21.15.12:6789/0] conn(0x7fe90c1074f0 0x7fe90c1925e0 unknown :-1 s=BANNER_CONNECTING pgs=0 cs=0 l=1 rev1=0 crypto rx=0 tx=0 comp rx=0 tx=0)._handle_peer_banner_payload supported=3 required=0
2024-04-25T20:19:18.011 INFO:teuthology.orchestra.run.smithi012.stdout:/usr/bin/ceph: stderr
2024-04-25T20:19:17.215+0000 7fe910b7d700 1 --2- >> [v2:172.21.15.12:3300/0,v1:172.21.15.12:6789/0] conn(0x7fe90c1074f0 0x7fe90c1925e0 unknown :-1 s=HELLO_CONNECTING pgs=0 cs=0 l=1 rev1=1 crypto rx=0 tx=0 comp rx=0 tx=0).handle_hello peer v2:172.21.15.12:3300/0 says I am v2:172.21.15.12:34758/0 (socket says 172.21.15.12:34758)
2024-04-25T20:19:18.011 INFO:teuthology.orchestra.run.smithi012.stdout:/usr/bin/ceph: stderr
2024-04-25T20:19:17.215+0000 7fe910b7d700 1 -- 172.21.15.12:0/548045680 learned_addr learned my addr 172.21.15.12:0/548045680 (peer_addr_for_me v2:172.21.15.12:0/0)
2024-04-25T20:19:18.011 INFO:teuthology.orchestra.run.smithi012.stdout:/usr/bin/ceph: stderr
2024-04-25T20:19:17.216+0000 7fe910b7d700 1 -- 172.21.15.12:0/548045680 --> [v2:172.21.15.12:3300/0,v1:172.21.15.12:6789/0] -- mon_subscribe({config=0+,monmap=0+}) -- 0x7fe90c192b20 con 0x7fe90c1074f0
2024-04-25T20:19:18.011 INFO:teuthology.orchestra.run.smithi012.stdout:/usr/bin/ceph: stderr
2024-04-25T20:19:17.216+0000 7fe910b7d700 1 --2- 172.21.15.12:0/548045680 >> [v2:172.21.15.12:3300/0,v1:172.21.15.12:6789/0] conn(0x7fe90c1074f0 0x7fe90c1925e0 secure :-1 s=READY pgs=38 cs=0 l=1 rev1=1 crypto rx=0x7fe900003f40 tx=0x7fe900011890 comp rx=0 tx=0).ready entity=mon.0 client_cookie=0 server_cookie=0 in_seq=0 out_seq=0
2024-04-25T20:19:18.011 INFO:teuthology.orchestra.run.smithi012.stdout:/usr/bin/ceph: stderr
2024-04-25T20:19:17.216+0000 7fe909ffb700 1 -- 172.21.15.12:0/548045680 <== mon.0 v2:172.21.15.12:3300/0 1 ==== mon_map magic: 0 ==== 205+0+0 (secure 0 0 0) 0x7fe9000038b0 con 0x7fe90c1074f0
2024-04-25T20:19:18.011 INFO:teuthology.orchestra.run.smithi012.stdout:/usr/bin/ceph: stderr
2024-04-25T20:19:17.216+0000 7fe909ffb700 1 -- 172.21.15.12:0/548045680 <== mon.0 v2:172.21.15.12:3300/0 2 ==== config(26 keys) ==== 1070+0+0 (secure 0 0 0) 0x7fe900003a50 con 0x7fe90c1074f0
2024-04-25T20:19:18.011 INFO:teuthology.orchestra.run.smithi012.stdout:/usr/bin/ceph: stderr
2024-04-25T20:19:17.216+0000 7fe912de1700 1 -- 172.21.15.12:0/548045680 --> [v2:172.21.15.12:3300/0,v1:172.21.15.12:6789/0] -- mon_subscribe({mgrmap=0+}) -- 0x7fe90c190d10 con 0x7fe90c1074f0
2024-04-25T20:19:18.011 INFO:teuthology.orchestra.run.smithi012.stdout:/usr/bin/ceph: stderr
2024-04-25T20:19:17.216+0000 7fe909ffb700 1 -- 172.21.15.12:0/548045680 <== mon.0 v2:172.21.15.12:3300/0 3 ==== mon_map magic: 0 ==== 205+0+0 (secure 0 0 0) 0x7fe90001a5c0 con 0x7fe90c1074f0
2024-04-25T20:19:18.011 INFO:teuthology.orchestra.run.smithi012.stdout:/usr/bin/ceph: stderr
2024-04-25T20:19:17.216+0000 7fe912de1700 1 -- 172.21.15.12:0/548045680 --> [v2:172.21.15.12:3300/0,v1:172.21.15.12:6789/0] -- mon_subscribe({osdmap=0}) -- 0x7fe90c191250 con 0x7fe90c1074f0
2024-04-25T20:19:18.011 INFO:teuthology.orchestra.run.smithi012.stdout:/usr/bin/ceph: stderr
2024-04-25T20:19:17.217+0000 7fe909ffb700 1 -- 172.21.15.12:0/548045680 <== mon.0 v2:172.21.15.12:3300/0 4 ==== mgrmap(e 7) ==== 46452+0+0 (secure 0 0 0) 0x7fe900024430 con 0x7fe90c1074f0
2024-04-25T20:19:18.011 INFO:teuthology.orchestra.run.smithi012.stdout:/usr/bin/ceph: stderr
2024-04-25T20:19:17.217+0000 7fe912de1700 1 -- 172.21.15.12:0/548045680 --> [v2:172.21.15.12:3300/0,v1:172.21.15.12:6789/0] -- mon_command({"prefix": "get_command_descriptions"} v 0) -- 0x7fe90c10baa0 con 0x7fe90c1074f0
2024-04-25T20:19:18.011 INFO:teuthology.orchestra.run.smithi012.stdout:/usr/bin/ceph: stderr
2024-04-25T20:19:17.217+0000 7fe909ffb700 1 --2- 172.21.15.12:0/548045680 >> [v2:172.21.15.12:6800/467201234,v1:172.21.15.12:6801/467201234] conn(0x7fe8fc0394a0 0x7fe8fc03b960 unknown :-1 s=NONE pgs=0 cs=0 l=1 rev1=0 crypto rx=0 tx=0 comp rx=0 tx=0).connect
2024-04-25T20:19:18.012 INFO:teuthology.orchestra.run.smithi012.stdout:/usr/bin/ceph: stderr
2024-04-25T20:19:17.217+0000 7fe909ffb700 1 -- 172.21.15.12:0/548045680 <== mon.0 v2:172.21.15.12:3300/0 5 ==== osd_map(2..2 src has 1..2) ==== 940+0+0 (secure 0 0 0) 0x7fe90004d990 con 0x7fe90c1074f0
2024-04-25T20:19:18.012 INFO:teuthology.orchestra.run.smithi012.stdout:/usr/bin/ceph: stderr
2024-04-25T20:19:17.217+0000 7fe90bfff700 1 --2- 172.21.15.12:0/548045680 >> [v2:172.21.15.12:6800/467201234,v1:172.21.15.12:6801/467201234] conn(0x7fe8fc0394a0 0x7fe8fc03b960 unknown :-1 s=BANNER_CONNECTING pgs=0 cs=0 l=1 rev1=0 crypto rx=0 tx=0 comp rx=0 tx=0)._handle_peer_banner_payload supported=3 required=0
2024-04-25T20:19:18.012 INFO:teuthology.orchestra.run.smithi012.stdout:/usr/bin/ceph: stderr
2024-04-25T20:19:17.218+0000 7fe90bfff700 1 --2- 172.21.15.12:0/548045680 >> [v2:172.21.15.12:6800/467201234,v1:172.21.15.12:6801/467201234] conn(0x7fe8fc0394a0 0x7fe8fc03b960 secure :-1 s=READY pgs=7 cs=0 l=1 rev1=1 crypto rx=0x7fe8f8006fd0 tx=0x7fe8f8006e40 comp rx=0 tx=0).ready entity=mgr.14120 client_cookie=0 server_cookie=0 in_seq=0 out_seq=0
2024-04-25T20:19:18.012 INFO:teuthology.orchestra.run.smithi012.stdout:/usr/bin/ceph: stderr
2024-04-25T20:19:17.223+0000 7fe909ffb700 1 -- 172.21.15.12:0/548045680 <== mon.0 v2:172.21.15.12:3300/0 6 ==== mon_command_ack([{"prefix": "get_command_descriptions"}]=0 v0) ==== 72+0+188370 (secure 0 0 0) 0x7fe90002cc00 con 0x7fe90c1074f0
2024-04-25T20:19:18.012 INFO:teuthology.orchestra.run.smithi012.stdout:/usr/bin/ceph: stderr
2024-04-25T20:19:17.447+0000 7fe912de1700 1 -- 172.21.15.12:0/548045680 --> [v2:172.21.15.12:6800/467201234,v1:172.21.15.12:6801/467201234] -- mgr_command(tid 0: {"prefix": "orch set backend", "module_name": "cephadm", "target": ["mon-mgr", ""]}) -- 0x7fe90c196330 con 0x7fe8fc0394a0
2024-04-25T20:19:18.012 INFO:teuthology.orchestra.run.smithi012.stdout:/usr/bin/ceph: stderr
2024-04-25T20:19:17.452+0000 7fe909ffb700 1 -- 172.21.15.12:0/548045680 <== mgr.14120 v2:172.21.15.12:6800/467201234 1 ==== mgr_command_reply(tid 0: 0 ) ==== 8+0+0 (secure 0 0 0) 0x7fe90c196330 con 0x7fe8fc0394a0
2024-04-25T20:19:18.012 INFO:teuthology.orchestra.run.smithi012.stdout:/usr/bin/ceph: stderr
2024-04-25T20:19:17.454+0000 7fe912de1700 1 -- 172.21.15.12:0/548045680 >> [v2:172.21.15.12:6800/467201234,v1:172.21.15.12:6801/467201234] conn(0x7fe8fc0394a0 msgr2=0x7fe8fc03b960 secure :-1 s=STATE_CONNECTION_ESTABLISHED l=1).mark_down
2024-04-25T20:19:18.012 INFO:teuthology.orchestra.run.smithi012.stdout:/usr/bin/ceph: stderr
2024-04-25T20:19:17.454+0000 7fe912de1700 1 --2- 172.21.15.12:0/548045680 >> [v2:172.21.15.12:6800/467201234,v1:172.21.15.12:6801/467201234] conn(0x7fe8fc0394a0 0x7fe8fc03b960 secure :-1 s=READY pgs=7 cs=0 l=1 rev1=1 crypto rx=0x7fe8f8006fd0 tx=0x7fe8f8006e40 comp rx=0 tx=0).stop
2024-04-25T20:19:18.012 INFO:teuthology.orchestra.run.smithi012.stdout:/usr/bin/ceph: stderr
2024-04-25T20:19:17.454+0000 7fe912de1700 1 -- 172.21.15.12:0/548045680 >> [v2:172.21.15.12:3300/0,v1:172.21.15.12:6789/0] conn(0x7fe90c1074f0 msgr2=0x7fe90c1925e0 secure :-1 s=STATE_CONNECTION_ESTABLISHED l=1).mark_down
2024-04-25T20:19:18.012 INFO:teuthology.orchestra.run.smithi012.stdout:/usr/bin/ceph: stderr
2024-04-25T20:19:17.454+0000 7fe912de1700 1 --2- 172.21.15.12:0/548045680 >> [v2:172.21.15.12:3300/0,v1:172.21.15.12:6789/0] conn(0x7fe90c1074f0 0x7fe90c1925e0 secure :-1 s=READY pgs=38 cs=0 l=1 rev1=1 crypto rx=0x7fe900003f40 tx=0x7fe900011890 comp rx=0 tx=0).stop
2024-04-25T20:19:18.012 INFO:teuthology.orchestra.run.smithi012.stdout:/usr/bin/ceph: stderr
2024-04-25T20:19:17.454+0000 7fe912de1700 1 -- 172.21.15.12:0/548045680 shutdown_connections
2024-04-25T20:19:18.012 INFO:teuthology.orchestra.run.smithi012.stdout:/usr/bin/ceph: stderr
2024-04-25T20:19:17.454+0000 7fe912de1700 1 --2- 172.21.15.12:0/548045680 >> [v2:172.21.15.12:6800/467201234,v1:172.21.15.12:6801/467201234] conn(0x7fe8fc0394a0 0x7fe8fc03b960 unknown :-1 s=CLOSED pgs=7 cs=0 l=1 rev1=1 crypto rx=0 tx=0 comp rx=0 tx=0).stop
2024-04-25T20:19:18.012 INFO:teuthology.orchestra.run.smithi012.stdout:/usr/bin/ceph: stderr
2024-04-25T20:19:17.454+0000 7fe912de1700 1 --2- 172.21.15.12:0/548045680 >> [v2:172.21.15.12:3300/0,v1:172.21.15.12:6789/0] conn(0x7fe90c1074f0 0x7fe90c1925e0 unknown :-1 s=CLOSED pgs=38 cs=0 l=1 rev1=1 crypto rx=0 tx=0 comp rx=0 tx=0).stop
2024-04-25T20:19:18.012 INFO:teuthology.orchestra.run.smithi012.stdout:/usr/bin/ceph: stderr
2024-04-25T20:19:17.455+0000 7fe912de1700 1 -- 172.21.15.12:0/548045680 >> 172.21.15.12:0/548045680 conn(0x7fe90c102a90 msgr2=0x7fe90c1038f0 unknown :-1 s=STATE_NONE l=0).mark_down
2024-04-25T20:19:18.012 INFO:teuthology.orchestra.run.smithi012.stdout:/usr/bin/ceph: stderr
2024-04-25T20:19:17.455+0000 7fe912de1700 1 -- 172.21.15.12:0/548045680 shutdown_connections
2024-04-25T20:19:18.013 INFO:teuthology.orchestra.run.smithi012.stdout:/usr/bin/ceph: stderr
2024-04-25T20:19:17.455+0000 7fe912de1700 1 -- 172.21.15.12:0/548045680 wait complete.
2024-04-25T20:19:18.701 INFO:journalctl@ceph.mon.a.smithi012.stdout:Apr 25 20:19:18 smithi012 ceph-mon[29144]: from='client.14132 -' entity='client.admin' cmd=[{"prefix": "orch set backend", "module_name": "cephadm", "target": ["mon-mgr", ""]}]: dispatch
2024-04-25T20:19:18.730 INFO:journalctl@ceph.mon.a.smithi012.stdout:Apr 25 20:19:18 smithi012 ceph-mon[29144]: mgrmap e8: x(active, since 2s)
2024-04-25T20:19:19.300 INFO:teuthology.orchestra.run.smithi012.stdout:/usr/bin/ceph: stdout value unchanged
2024-04-25T20:19:19.300 INFO:teuthology.orchestra.run.smithi012.stdout:/usr/bin/ceph: stderr
2024-04-25T20:19:18.480+0000 7f59dc771700 1 Processor -- start
2024-04-25T20:19:19.300 INFO:teuthology.orchestra.run.smithi012.stdout:/usr/bin/ceph: stderr
2024-04-25T20:19:18.481+0000 7f59dc771700 1 -- start start
2024-04-25T20:19:19.300 INFO:teuthology.orchestra.run.smithi012.stdout:/usr/bin/ceph: stderr
2024-04-25T20:19:18.481+0000 7f59dc771700 1 --2- >> [v2:172.21.15.12:3300/0,v1:172.21.15.12:6789/0] conn(0x7f59d4108600 0x7f59d4108a20 unknown :-1 s=NONE pgs=0 cs=0 l=0 rev1=0 crypto rx=0 tx=0 comp rx=0 tx=0).connect
2024-04-25T20:19:19.300 INFO:teuthology.orchestra.run.smithi012.stdout:/usr/bin/ceph: stderr
2024-04-25T20:19:18.481+0000 7f59dc771700 1 -- --> [v2:172.21.15.12:3300/0,v1:172.21.15.12:6789/0] -- mon_getmap magic: 0 -- 0x7f59d4108ff0 con 0x7f59d4108600
2024-04-25T20:19:19.300 INFO:teuthology.orchestra.run.smithi012.stdout:/usr/bin/ceph: stderr
2024-04-25T20:19:18.481+0000 7f59da50d700 1 --2- >> [v2:172.21.15.12:3300/0,v1:172.21.15.12:6789/0] conn(0x7f59d4108600 0x7f59d4108a20 unknown :-1 s=BANNER_CONNECTING pgs=0 cs=0 l=0 rev1=0 crypto rx=0 tx=0 comp rx=0 tx=0)._handle_peer_banner_payload supported=3 required=0
2024-04-25T20:19:19.300 INFO:teuthology.orchestra.run.smithi012.stdout:/usr/bin/ceph: stderr
2024-04-25T20:19:18.481+0000 7f59da50d700 1 --2- >> [v2:172.21.15.12:3300/0,v1:172.21.15.12:6789/0] conn(0x7f59d4108600 0x7f59d4108a20 unknown :-1 s=HELLO_CONNECTING pgs=0 cs=0 l=0 rev1=1 crypto rx=0 tx=0 comp rx=0 tx=0).handle_hello peer v2:172.21.15.12:3300/0 says I am v2:172.21.15.12:34764/0 (socket says 172.21.15.12:34764)
2024-04-25T20:19:19.300 INFO:teuthology.orchestra.run.smithi012.stdout:/usr/bin/ceph: stderr
2024-04-25T20:19:18.481+0000 7f59da50d700 1 -- 172.21.15.12:0/1852762590 learned_addr learned my addr 172.21.15.12:0/1852762590 (peer_addr_for_me v2:172.21.15.12:0/0)
2024-04-25T20:19:19.300 INFO:teuthology.orchestra.run.smithi012.stdout:/usr/bin/ceph: stderr
2024-04-25T20:19:18.481+0000 7f59da50d700 1 -- 172.21.15.12:0/1852762590 --> [v2:172.21.15.12:3300/0,v1:172.21.15.12:6789/0] -- mon_subscribe({config=0+,monmap=0+}) -- 0x7f59d41097b0 con 0x7f59d4108600
2024-04-25T20:19:19.300 INFO:teuthology.orchestra.run.smithi012.stdout:/usr/bin/ceph: stderr
2024-04-25T20:19:18.482+0000 7f59da50d700 1 --2- 172.21.15.12:0/1852762590 >> [v2:172.21.15.12:3300/0,v1:172.21.15.12:6789/0] conn(0x7f59d4108600 0x7f59d4108a20 secure :-1 s=READY pgs=39 cs=0 l=1 rev1=1 crypto rx=0x7f59d00098a0 tx=0x7f59d0009bb0 comp rx=0 tx=0).ready entity=mon.0 client_cookie=5215d002e3c104aa server_cookie=0 in_seq=0 out_seq=0
2024-04-25T20:19:19.300 INFO:teuthology.orchestra.run.smithi012.stdout:/usr/bin/ceph: stderr
2024-04-25T20:19:18.482+0000 7f59d950b700 1 -- 172.21.15.12:0/1852762590 <== mon.0 v2:172.21.15.12:3300/0 1 ==== mon_map magic: 0 ==== 205+0+0 (secure 0 0 0) 0x7f59d0004160 con 0x7f59d4108600
2024-04-25T20:19:19.300 INFO:teuthology.orchestra.run.smithi012.stdout:/usr/bin/ceph: stderr
2024-04-25T20:19:18.482+0000 7f59d950b700 1 -- 172.21.15.12:0/1852762590 <== mon.0 v2:172.21.15.12:3300/0 2 ==== config(26 keys) ==== 1070+0+0 (secure 0 0 0) 0x7f59d0004300 con 0x7f59d4108600
2024-04-25T20:19:19.301 INFO:teuthology.orchestra.run.smithi012.stdout:/usr/bin/ceph: stderr
2024-04-25T20:19:18.482+0000 7f59d950b700 1 -- 172.21.15.12:0/1852762590 <== mon.0 v2:172.21.15.12:3300/0 3 ==== mon_map magic: 0 ==== 205+0+0 (secure 0 0 0) 0x7f59d0011af0 con 0x7f59d4108600
2024-04-25T20:19:19.301 INFO:teuthology.orchestra.run.smithi012.stdout:/usr/bin/ceph: stderr
2024-04-25T20:19:18.482+0000 7f59dc771700 1 -- 172.21.15.12:0/1852762590 >> [v2:172.21.15.12:3300/0,v1:172.21.15.12:6789/0] conn(0x7f59d4108600 msgr2=0x7f59d4108a20 secure :-1 s=STATE_CONNECTION_ESTABLISHED l=1).mark_down
2024-04-25T20:19:19.301 INFO:teuthology.orchestra.run.smithi012.stdout:/usr/bin/ceph: stderr
2024-04-25T20:19:18.482+0000 7f59dc771700 1 --2- 172.21.15.12:0/1852762590 >> [v2:172.21.15.12:3300/0,v1:172.21.15.12:6789/0] conn(0x7f59d4108600 0x7f59d4108a20 secure :-1 s=READY pgs=39 cs=0 l=1 rev1=1 crypto rx=0x7f59d00098a0 tx=0x7f59d0009bb0 comp rx=0 tx=0).stop
2024-04-25T20:19:19.301 INFO:teuthology.orchestra.run.smithi012.stdout:/usr/bin/ceph: stderr
2024-04-25T20:19:18.482+0000 7f59dc771700 1 -- 172.21.15.12:0/1852762590 shutdown_connections
2024-04-25T20:19:19.301 INFO:teuthology.orchestra.run.smithi012.stdout:/usr/bin/ceph: stderr
2024-04-25T20:19:18.483+0000 7f59dc771700 1 --2- 172.21.15.12:0/1852762590 >> [v2:172.21.15.12:3300/0,v1:172.21.15.12:6789/0] conn(0x7f59d4108600 0x7f59d4108a20 unknown :-1 s=CLOSED pgs=39 cs=0 l=1 rev1=1 crypto rx=0 tx=0 comp rx=0 tx=0).stop
2024-04-25T20:19:19.301 INFO:teuthology.orchestra.run.smithi012.stdout:/usr/bin/ceph: stderr
2024-04-25T20:19:18.483+0000 7f59dc771700 1 -- 172.21.15.12:0/1852762590 >> 172.21.15.12:0/1852762590 conn(0x7f59d4103bc0 msgr2=0x7f59d4105fe0 unknown :-1 s=STATE_NONE l=0).mark_down
2024-04-25T20:19:19.301 INFO:teuthology.orchestra.run.smithi012.stdout:/usr/bin/ceph: stderr
2024-04-25T20:19:18.483+0000 7f59dc771700 1 -- 172.21.15.12:0/1852762590 shutdown_connections
2024-04-25T20:19:19.301 INFO:teuthology.orchestra.run.smithi012.stdout:/usr/bin/ceph: stderr
2024-04-25T20:19:18.483+0000 7f59dc771700 1 -- 172.21.15.12:0/1852762590 wait complete.
2024-04-25T20:19:19.301 INFO:teuthology.orchestra.run.smithi012.stdout:/usr/bin/ceph: stderr
2024-04-25T20:19:18.483+0000 7f59dc771700 1 Processor -- start
2024-04-25T20:19:19.301 INFO:teuthology.orchestra.run.smithi012.stdout:/usr/bin/ceph: stderr
2024-04-25T20:19:18.483+0000 7f59dc771700 1 -- start start
2024-04-25T20:19:19.301 INFO:teuthology.orchestra.run.smithi012.stdout:/usr/bin/ceph: stderr
2024-04-25T20:19:18.483+0000 7f59dc771700 1 --2- >> [v2:172.21.15.12:3300/0,v1:172.21.15.12:6789/0] conn(0x7f59d4108600 0x7f59d407db50 unknown :-1 s=NONE pgs=0 cs=0 l=1 rev1=0 crypto rx=0 tx=0 comp rx=0 tx=0).connect
2024-04-25T20:19:19.301 INFO:teuthology.orchestra.run.smithi012.stdout:/usr/bin/ceph: stderr
2024-04-25T20:19:18.483+0000 7f59dc771700 1 -- --> [v2:172.21.15.12:3300/0,v1:172.21.15.12:6789/0] -- mon_getmap magic: 0 -- 0x7f59d410c9e0 con 0x7f59d4108600
2024-04-25T20:19:19.301 INFO:teuthology.orchestra.run.smithi012.stdout:/usr/bin/ceph: stderr
2024-04-25T20:19:18.483+0000 7f59da50d700 1 --2- >> [v2:172.21.15.12:3300/0,v1:172.21.15.12:6789/0] conn(0x7f59d4108600 0x7f59d407db50 unknown :-1 s=BANNER_CONNECTING pgs=0 cs=0 l=1 rev1=0 crypto rx=0 tx=0 comp rx=0 tx=0)._handle_peer_banner_payload supported=3 required=0
2024-04-25T20:19:19.301 INFO:teuthology.orchestra.run.smithi012.stdout:/usr/bin/ceph: stderr
2024-04-25T20:19:18.483+0000 7f59da50d700 1 --2- >> [v2:172.21.15.12:3300/0,v1:172.21.15.12:6789/0] conn(0x7f59d4108600 0x7f59d407db50 unknown :-1 s=HELLO_CONNECTING pgs=0 cs=0 l=1 rev1=1 crypto rx=0 tx=0 comp rx=0 tx=0).handle_hello peer v2:172.21.15.12:3300/0 says I am v2:172.21.15.12:34780/0 (socket says 172.21.15.12:34780)
2024-04-25T20:19:19.302 INFO:teuthology.orchestra.run.smithi012.stdout:/usr/bin/ceph: stderr
2024-04-25T20:19:18.483+0000 7f59da50d700 1 -- 172.21.15.12:0/3413169868 learned_addr learned my addr 172.21.15.12:0/3413169868 (peer_addr_for_me v2:172.21.15.12:0/0)
2024-04-25T20:19:19.302 INFO:teuthology.orchestra.run.smithi012.stdout:/usr/bin/ceph: stderr
2024-04-25T20:19:18.484+0000 7f59da50d700 1 -- 172.21.15.12:0/3413169868 --> [v2:172.21.15.12:3300/0,v1:172.21.15.12:6789/0] -- mon_subscribe({config=0+,monmap=0+}) -- 0x7f59d407e090 con 0x7f59d4108600
2024-04-25T20:19:19.302 INFO:teuthology.orchestra.run.smithi012.stdout:/usr/bin/ceph: stderr
2024-04-25T20:19:18.484+0000 7f59da50d700 1 --2- 172.21.15.12:0/3413169868 >> [v2:172.21.15.12:3300/0,v1:172.21.15.12:6789/0] conn(0x7f59d4108600 0x7f59d407db50 secure :-1 s=READY pgs=40 cs=0 l=1 rev1=1 crypto rx=0x7f59d0003f40 tx=0x7f59d0011890 comp rx=0 tx=0).ready entity=mon.0 client_cookie=0 server_cookie=0 in_seq=0 out_seq=0
2024-04-25T20:19:19.302 INFO:teuthology.orchestra.run.smithi012.stdout:/usr/bin/ceph: stderr
2024-04-25T20:19:18.484+0000 7f59c77fe700 1 -- 172.21.15.12:0/3413169868 <== mon.0 v2:172.21.15.12:3300/0 1 ==== mon_map magic: 0 ==== 205+0+0 (secure 0 0 0) 0x7f59d00038b0 con 0x7f59d4108600
2024-04-25T20:19:19.302 INFO:teuthology.orchestra.run.smithi012.stdout:/usr/bin/ceph: stderr
2024-04-25T20:19:18.484+0000 7f59c77fe700 1 -- 172.21.15.12:0/3413169868 <== mon.0 v2:172.21.15.12:3300/0 2 ==== config(26 keys) ==== 1070+0+0 (secure 0 0 0) 0x7f59d0003a50 con 0x7f59d4108600
2024-04-25T20:19:19.302 INFO:teuthology.orchestra.run.smithi012.stdout:/usr/bin/ceph: stderr
2024-04-25T20:19:18.484+0000 7f59dc771700 1 -- 172.21.15.12:0/3413169868 --> [v2:172.21.15.12:3300/0,v1:172.21.15.12:6789/0] -- mon_subscribe({mgrmap=0+}) -- 0x7f59d407c280 con 0x7f59d4108600
2024-04-25T20:19:19.302 INFO:teuthology.orchestra.run.smithi012.stdout:/usr/bin/ceph: stderr
2024-04-25T20:19:18.484+0000 7f59c77fe700 1 -- 172.21.15.12:0/3413169868 <== mon.0 v2:172.21.15.12:3300/0 3 ==== mon_map magic: 0 ==== 205+0+0 (secure 0 0 0) 0x7f59d001a5c0 con 0x7f59d4108600
2024-04-25T20:19:19.302 INFO:teuthology.orchestra.run.smithi012.stdout:/usr/bin/ceph: stderr
2024-04-25T20:19:18.484+0000 7f59dc771700 1 -- 172.21.15.12:0/3413169868 --> [v2:172.21.15.12:3300/0,v1:172.21.15.12:6789/0] -- mon_subscribe({osdmap=0}) -- 0x7f59d407c7c0 con 0x7f59d4108600
2024-04-25T20:19:19.302 INFO:teuthology.orchestra.run.smithi012.stdout:/usr/bin/ceph: stderr
2024-04-25T20:19:18.485+0000 7f59c77fe700 1 -- 172.21.15.12:0/3413169868 <== mon.0 v2:172.21.15.12:3300/0 4 ==== mgrmap(e 8) ==== 46558+0+0 (secure 0 0 0) 0x7f59d0024430 con 0x7f59d4108600
2024-04-25T20:19:19.302 INFO:teuthology.orchestra.run.smithi012.stdout:/usr/bin/ceph: stderr
2024-04-25T20:19:18.485+0000 7f59dc771700 1 -- 172.21.15.12:0/3413169868 --> [v2:172.21.15.12:3300/0,v1:172.21.15.12:6789/0] -- mon_command({"prefix": "get_command_descriptions"} v 0) -- 0x7f59d410cb60 con 0x7f59d4108600
2024-04-25T20:19:19.302 INFO:teuthology.orchestra.run.smithi012.stdout:/usr/bin/ceph: stderr
2024-04-25T20:19:18.485+0000 7f59c77fe700 1 --2- 172.21.15.12:0/3413169868 >> [v2:172.21.15.12:6800/467201234,v1:172.21.15.12:6801/467201234] conn(0x7f59c0039560 0x7f59c003ba20 unknown :-1 s=NONE pgs=0 cs=0 l=1 rev1=0 crypto rx=0 tx=0 comp rx=0 tx=0).connect
2024-04-25T20:19:19.302 INFO:teuthology.orchestra.run.smithi012.stdout:/usr/bin/ceph: stderr
2024-04-25T20:19:18.485+0000 7f59c77fe700 1 -- 172.21.15.12:0/3413169868 <== mon.0 v2:172.21.15.12:3300/0 5 ==== osd_map(2..2 src has 1..2) ==== 940+0+0 (secure 0 0 0) 0x7f59d004dae0 con 0x7f59d4108600
2024-04-25T20:19:19.302 INFO:teuthology.orchestra.run.smithi012.stdout:/usr/bin/ceph: stderr
2024-04-25T20:19:18.485+0000 7f59d9d0c700 1 --2- 172.21.15.12:0/3413169868 >> [v2:172.21.15.12:6800/467201234,v1:172.21.15.12:6801/467201234] conn(0x7f59c0039560 0x7f59c003ba20 unknown :-1 s=BANNER_CONNECTING pgs=0 cs=0 l=1 rev1=0 crypto rx=0 tx=0 comp rx=0 tx=0)._handle_peer_banner_payload supported=3 required=0
2024-04-25T20:19:19.302 INFO:teuthology.orchestra.run.smithi012.stdout:/usr/bin/ceph: stderr
2024-04-25T20:19:18.486+0000 7f59d9d0c700 1 --2- 172.21.15.12:0/3413169868 >> [v2:172.21.15.12:6800/467201234,v1:172.21.15.12:6801/467201234] conn(0x7f59c0039560 0x7f59c003ba20 secure :-1 s=READY pgs=8 cs=0 l=1 rev1=1 crypto rx=0x7f59c8006fd0 tx=0x7f59c8006e40 comp rx=0 tx=0).ready entity=mgr.14120 client_cookie=0 server_cookie=0 in_seq=0 out_seq=0
2024-04-25T20:19:19.303 INFO:teuthology.orchestra.run.smithi012.stdout:/usr/bin/ceph: stderr
2024-04-25T20:19:18.491+0000 7f59c77fe700 1 -- 172.21.15.12:0/3413169868 <== mon.0 v2:172.21.15.12:3300/0 6 ==== mon_command_ack([{"prefix": "get_command_descriptions"}]=0 v0) ==== 72+0+188370 (secure 0 0 0) 0x7f59d002d910 con 0x7f59d4108600
2024-04-25T20:19:19.303 INFO:teuthology.orchestra.run.smithi012.stdout:/usr/bin/ceph: stderr
2024-04-25T20:19:18.701+0000 7f59dc771700 1 -- 172.21.15.12:0/3413169868 --> [v2:172.21.15.12:6800/467201234,v1:172.21.15.12:6801/467201234] -- mgr_command(tid 0: {"prefix": "cephadm set-user", "user": "root", "target": ["mon-mgr", ""]}) -- 0x7f59d407cf60 con 0x7f59c0039560
2024-04-25T20:19:19.303 INFO:teuthology.orchestra.run.smithi012.stdout:/usr/bin/ceph: stderr
2024-04-25T20:19:18.702+0000 7f59c77fe700 1 -- 172.21.15.12:0/3413169868 <== mgr.14120 v2:172.21.15.12:6800/467201234 1 ==== mgr_command_reply(tid 0: 0 ) ==== 8+0+16 (secure 0 0 0) 0x7f59d407cf60 con 0x7f59c0039560
2024-04-25T20:19:19.303 INFO:teuthology.orchestra.run.smithi012.stdout:/usr/bin/ceph: stderr
2024-04-25T20:19:18.704+0000 7f59dc771700 1 -- 172.21.15.12:0/3413169868 >> [v2:172.21.15.12:6800/467201234,v1:172.21.15.12:6801/467201234] conn(0x7f59c0039560 msgr2=0x7f59c003ba20 secure :-1 s=STATE_CONNECTION_ESTABLISHED l=1).mark_down
2024-04-25T20:19:19.303 INFO:teuthology.orchestra.run.smithi012.stdout:/usr/bin/ceph: stderr
2024-04-25T20:19:18.704+0000 7f59dc771700 1 --2- 172.21.15.12:0/3413169868 >> [v2:172.21.15.12:6800/467201234,v1:172.21.15.12:6801/467201234] conn(0x7f59c0039560 0x7f59c003ba20 secure :-1 s=READY pgs=8 cs=0 l=1 rev1=1 crypto rx=0x7f59c8006fd0 tx=0x7f59c8006e40 comp rx=0 tx=0).stop
2024-04-25T20:19:19.303 INFO:teuthology.orchestra.run.smithi012.stdout:/usr/bin/ceph: stderr
2024-04-25T20:19:18.704+0000 7f59dc771700 1 -- 172.21.15.12:0/3413169868 >> [v2:172.21.15.12:3300/0,v1:172.21.15.12:6789/0] conn(0x7f59d4108600 msgr2=0x7f59d407db50 secure :-1 s=STATE_CONNECTION_ESTABLISHED l=1).mark_down
2024-04-25T20:19:19.303 INFO:teuthology.orchestra.run.smithi012.stdout:/usr/bin/ceph: stderr
2024-04-25T20:19:18.704+0000 7f59dc771700 1 --2- 172.21.15.12:0/3413169868 >> [v2:172.21.15.12:3300/0,v1:172.21.15.12:6789/0] conn(0x7f59d4108600 0x7f59d407db50 secure :-1 s=READY pgs=40 cs=0 l=1 rev1=1 crypto rx=0x7f59d0003f40 tx=0x7f59d0011890 comp rx=0 tx=0).stop
2024-04-25T20:19:19.303 INFO:teuthology.orchestra.run.smithi012.stdout:/usr/bin/ceph: stderr
2024-04-25T20:19:18.704+0000 7f59dc771700 1 -- 172.21.15.12:0/3413169868 shutdown_connections
2024-04-25T20:19:19.303 INFO:teuthology.orchestra.run.smithi012.stdout:/usr/bin/ceph: stderr
2024-04-25T20:19:18.704+0000 7f59dc771700 1 --2- 172.21.15.12:0/3413169868 >> [v2:172.21.15.12:6800/467201234,v1:172.21.15.12:6801/467201234] conn(0x7f59c0039560 0x7f59c003ba20 unknown :-1 s=CLOSED pgs=8 cs=0 l=1 rev1=1 crypto rx=0 tx=0 comp rx=0 tx=0).stop
2024-04-25T20:19:19.303 INFO:teuthology.orchestra.run.smithi012.stdout:/usr/bin/ceph: stderr
2024-04-25T20:19:18.704+0000 7f59dc771700 1 --2- 172.21.15.12:0/3413169868 >> [v2:172.21.15.12:3300/0,v1:172.21.15.12:6789/0] conn(0x7f59d4108600 0x7f59d407db50 unknown :-1 s=CLOSED pgs=40 cs=0 l=1 rev1=1 crypto rx=0 tx=0 comp rx=0 tx=0).stop
2024-04-25T20:19:19.303 INFO:teuthology.orchestra.run.smithi012.stdout:/usr/bin/ceph: stderr
2024-04-25T20:19:18.704+0000 7f59dc771700 1 -- 172.21.15.12:0/3413169868 >> 172.21.15.12:0/3413169868 conn(0x7f59d4103bc0 msgr2=0x7f59d41046b0 unknown :-1 s=STATE_NONE l=0).mark_down
2024-04-25T20:19:19.303 INFO:teuthology.orchestra.run.smithi012.stdout:/usr/bin/ceph: stderr
2024-04-25T20:19:18.704+0000 7f59dc771700 1 -- 172.21.15.12:0/3413169868 shutdown_connections
2024-04-25T20:19:19.303 INFO:teuthology.orchestra.run.smithi012.stdout:/usr/bin/ceph: stderr
2024-04-25T20:19:18.704+0000 7f59dc771700 1 -- 172.21.15.12:0/3413169868 wait complete.
2024-04-25T20:19:19.303 INFO:teuthology.orchestra.run.smithi012.stdout:Generating ssh key...
2024-04-25T20:19:19.619 INFO:journalctl@ceph.mon.a.smithi012.stdout:Apr 25 20:19:19 smithi012 ceph-mon[29144]: from='client.14134 -' entity='client.admin' cmd=[{"prefix": "cephadm set-user", "user": "root", "target": ["mon-mgr", ""]}]: dispatch
2024-04-25T20:19:20.801 INFO:journalctl@ceph.mon.a.smithi012.stdout:Apr 25 20:19:20 smithi012 ceph-mon[29144]: from='client.14136 -' entity='client.admin' cmd=[{"prefix": "cephadm generate-key", "target": ["mon-mgr", ""]}]: dispatch
2024-04-25T20:19:20.801 INFO:journalctl@ceph.mon.a.smithi012.stdout:Apr 25 20:19:20 smithi012 ceph-mon[29144]: Generating ssh key...
2024-04-25T20:19:21.113 INFO:journalctl@ceph.mgr.x.smithi012.stdout:Apr 25 20:19:20 smithi012 ceph-dbee8fd0-0340-11ef-bc93-c7b262605968-mgr-x[29378]: Generating public/private rsa key pair.
2024-04-25T20:19:21.114 INFO:journalctl@ceph.mgr.x.smithi012.stdout:Apr 25 20:19:20 smithi012 ceph-dbee8fd0-0340-11ef-bc93-c7b262605968-mgr-x[29378]: Your identification has been saved in /tmp/tmphfr2h0pg/key.
2024-04-25T20:19:21.114 INFO:journalctl@ceph.mgr.x.smithi012.stdout:Apr 25 20:19:20 smithi012 ceph-dbee8fd0-0340-11ef-bc93-c7b262605968-mgr-x[29378]: Your public key has been saved in /tmp/tmphfr2h0pg/key.pub.
2024-04-25T20:19:21.114 INFO:journalctl@ceph.mgr.x.smithi012.stdout:Apr 25 20:19:20 smithi012 ceph-dbee8fd0-0340-11ef-bc93-c7b262605968-mgr-x[29378]: The key fingerprint is:
2024-04-25T20:19:21.114 INFO:journalctl@ceph.mgr.x.smithi012.stdout:Apr 25 20:19:20 smithi012 ceph-dbee8fd0-0340-11ef-bc93-c7b262605968-mgr-x[29378]: SHA256:m3D3tBYf+4auzFdX62eo2wVijOJIWpQ7GS8sHtTG/es ceph-dbee8fd0-0340-11ef-bc93-c7b262605968
2024-04-25T20:19:21.114 INFO:journalctl@ceph.mgr.x.smithi012.stdout:Apr 25 20:19:20 smithi012 ceph-dbee8fd0-0340-11ef-bc93-c7b262605968-mgr-x[29378]: The key's randomart image is:
2024-04-25T20:19:21.114 INFO:journalctl@ceph.mgr.x.smithi012.stdout:Apr 25 20:19:20 smithi012 ceph-dbee8fd0-0340-11ef-bc93-c7b262605968-mgr-x[29378]: +---[RSA 3072]----+
2024-04-25T20:19:21.114 INFO:journalctl@ceph.mgr.x.smithi012.stdout:Apr 25 20:19:20 smithi012 ceph-dbee8fd0-0340-11ef-bc93-c7b262605968-mgr-x[29378]: | |
2024-04-25T20:19:21.114 INFO:journalctl@ceph.mgr.x.smithi012.stdout:Apr 25 20:19:20 smithi012 ceph-dbee8fd0-0340-11ef-bc93-c7b262605968-mgr-x[29378]: | o o |
2024-04-25T20:19:21.114 INFO:journalctl@ceph.mgr.x.smithi012.stdout:Apr 25 20:19:20 smithi012 ceph-dbee8fd0-0340-11ef-bc93-c7b262605968-mgr-x[29378]: | . B . |
2024-04-25T20:19:21.114 INFO:journalctl@ceph.mgr.x.smithi012.stdout:Apr 25 20:19:20 smithi012 ceph-dbee8fd0-0340-11ef-bc93-c7b262605968-mgr-x[29378]: | . + = . o .|
2024-04-25T20:19:21.115 INFO:journalctl@ceph.mgr.x.smithi012.stdout:Apr 25 20:19:20 smithi012 ceph-dbee8fd0-0340-11ef-bc93-c7b262605968-mgr-x[29378]: | o X S + * o o|
2024-04-25T20:19:21.115 INFO:journalctl@ceph.mgr.x.smithi012.stdout:Apr 25 20:19:20 smithi012 ceph-dbee8fd0-0340-11ef-bc93-c7b262605968-mgr-x[29378]: | . * B = = = =o|
2024-04-25T20:19:21.115 INFO:journalctl@ceph.mgr.x.smithi012.stdout:Apr 25 20:19:20 smithi012 ceph-dbee8fd0-0340-11ef-bc93-c7b262605968-mgr-x[29378]: | o . + . + ++o|
2024-04-25T20:19:21.115 INFO:journalctl@ceph.mgr.x.smithi012.stdout:Apr 25 20:19:20 smithi012 ceph-dbee8fd0-0340-11ef-bc93-c7b262605968-mgr-x[29378]: | . + .+++|
2024-04-25T20:19:21.115 INFO:journalctl@ceph.mgr.x.smithi012.stdout:Apr 25 20:19:20 smithi012 ceph-dbee8fd0-0340-11ef-bc93-c7b262605968-mgr-x[29378]: | E **ooo|
2024-04-25T20:19:21.115 INFO:journalctl@ceph.mgr.x.smithi012.stdout:Apr 25 20:19:20 smithi012 ceph-dbee8fd0-0340-11ef-bc93-c7b262605968-mgr-x[29378]: +----[SHA256]-----+
2024-04-25T20:19:21.448 INFO:teuthology.orchestra.run.smithi012.stdout:/usr/bin/ceph: stderr
2024-04-25T20:19:19.731+0000 7f6f395e0700 1 Processor -- start
2024-04-25T20:19:21.448 INFO:teuthology.orchestra.run.smithi012.stdout:/usr/bin/ceph: stderr
2024-04-25T20:19:19.731+0000 7f6f395e0700 1 -- start start
2024-04-25T20:19:21.448 INFO:teuthology.orchestra.run.smithi012.stdout:/usr/bin/ceph: stderr
2024-04-25T20:19:19.732+0000 7f6f395e0700 1 --2- >> [v2:172.21.15.12:3300/0,v1:172.21.15.12:6789/0] conn(0x7f6f34108600 0x7f6f34108a20 unknown :-1 s=NONE pgs=0 cs=0 l=0 rev1=0 crypto rx=0 tx=0 comp rx=0 tx=0).connect
2024-04-25T20:19:21.448 INFO:teuthology.orchestra.run.smithi012.stdout:/usr/bin/ceph: stderr
2024-04-25T20:19:19.732+0000 7f6f395e0700 1 -- --> [v2:172.21.15.12:3300/0,v1:172.21.15.12:6789/0] -- mon_getmap magic: 0 -- 0x7f6f34108ff0 con 0x7f6f34108600
2024-04-25T20:19:21.448 INFO:teuthology.orchestra.run.smithi012.stdout:/usr/bin/ceph: stderr
2024-04-25T20:19:19.732+0000 7f6f32ffd700 1 --2- >> [v2:172.21.15.12:3300/0,v1:172.21.15.12:6789/0] conn(0x7f6f34108600 0x7f6f34108a20 unknown :-1 s=BANNER_CONNECTING pgs=0 cs=0 l=0 rev1=0 crypto rx=0 tx=0 comp rx=0 tx=0)._handle_peer_banner_payload supported=3 required=0
2024-04-25T20:19:21.448 INFO:teuthology.orchestra.run.smithi012.stdout:/usr/bin/ceph: stderr
2024-04-25T20:19:19.732+0000 7f6f32ffd700 1 --2- >> [v2:172.21.15.12:3300/0,v1:172.21.15.12:6789/0] conn(0x7f6f34108600 0x7f6f34108a20 unknown :-1 s=HELLO_CONNECTING pgs=0 cs=0 l=0 rev1=1 crypto rx=0 tx=0 comp rx=0 tx=0).handle_hello peer v2:172.21.15.12:3300/0 says I am v2:172.21.15.12:34794/0 (socket says 172.21.15.12:34794)
