2024-04-25T20:20:38.827+0000 7fbd5cff9700 1 -- 172.21.15.63:0/3617610017 <== mon.0 v2:172.21.15.63:3300/0 3 ==== mon_map magic: 0 ==== 205+0+0 (secure 0 0 0) 0x7fbd54019550 con 0x7fbd60109020
2024-04-25T20:20:45.092 INFO:teuthology.orchestra.run.smithi063.stdout:/usr/bin/ceph: stderr
2024-04-25T20:20:38.827+0000 7fbd65db7700 1 -- 172.21.15.63:0/3617610017 --> [v2:172.21.15.63:3300/0,v1:172.21.15.63:6789/0] -- mon_subscribe({mgrmap=0+}) -- 0x7fbd60106fd0 con 0x7fbd60109020
2024-04-25T20:20:45.092 INFO:teuthology.orchestra.run.smithi063.stdout:/usr/bin/ceph: stderr
2024-04-25T20:20:38.827+0000 7fbd65db7700 1 -- 172.21.15.63:0/3617610017 --> [v2:172.21.15.63:3300/0,v1:172.21.15.63:6789/0] -- mon_subscribe({osdmap=0}) -- 0x7fbd60107510 con 0x7fbd60109020
2024-04-25T20:20:45.092 INFO:teuthology.orchestra.run.smithi063.stdout:/usr/bin/ceph: stderr
2024-04-25T20:20:38.828+0000 7fbd5cff9700 1 -- 172.21.15.63:0/3617610017 <== mon.0 v2:172.21.15.63:3300/0 4 ==== mgrmap(e 5) ==== 46558+0+0 (secure 0 0 0) 0x7fbd54019850 con 0x7fbd60109020
2024-04-25T20:20:45.092 INFO:teuthology.orchestra.run.smithi063.stdout:/usr/bin/ceph: stderr
2024-04-25T20:20:38.828+0000 7fbd5cff9700 1 --2- 172.21.15.63:0/3617610017 >> [v2:172.21.15.63:6800/2727868076,v1:172.21.15.63:6801/2727868076] conn(0x7fbd48039560 0x7fbd4803ba20 unknown :-1 s=NONE pgs=0 cs=0 l=1 rev1=0 crypto rx=0 tx=0 comp rx=0 tx=0).connect
2024-04-25T20:20:45.092 INFO:teuthology.orchestra.run.smithi063.stdout:/usr/bin/ceph: stderr
2024-04-25T20:20:38.828+0000 7fbd5cff9700 1 -- 172.21.15.63:0/3617610017 --> [v2:172.21.15.63:6800/2727868076,v1:172.21.15.63:6801/2727868076] -- command(tid 0: {"prefix": "get_command_descriptions"}) -- 0x7fbd4803c130 con 0x7fbd48039560
2024-04-25T20:20:45.092 INFO:teuthology.orchestra.run.smithi063.stdout:/usr/bin/ceph: stderr
2024-04-25T20:20:38.828+0000 7fbd5cff9700 1 -- 172.21.15.63:0/3617610017 <== mon.0 v2:172.21.15.63:3300/0 5 ==== osd_map(1..1 src has 1..1) ==== 725+0+0 (secure 0 0 0) 0x7fbd5404d940 con 0x7fbd60109020
2024-04-25T20:20:45.092 INFO:teuthology.orchestra.run.smithi063.stdout:/usr/bin/ceph: stderr
2024-04-25T20:20:38.828+0000 7fbd5effd700 1 -- 172.21.15.63:0/3617610017 >> [v2:172.21.15.63:6800/2727868076,v1:172.21.15.63:6801/2727868076] conn(0x7fbd48039560 msgr2=0x7fbd4803ba20 unknown :-1 s=STATE_CONNECTING_RE l=1).process reconnect failed to v2:172.21.15.63:6800/2727868076
2024-04-25T20:20:45.092 INFO:teuthology.orchestra.run.smithi063.stdout:/usr/bin/ceph: stderr
2024-04-25T20:20:38.828+0000 7fbd5effd700 1 --2- 172.21.15.63:0/3617610017 >> [v2:172.21.15.63:6800/2727868076,v1:172.21.15.63:6801/2727868076] conn(0x7fbd48039560 0x7fbd4803ba20 unknown :-1 s=START_CONNECT pgs=0 cs=0 l=1 rev1=0 crypto rx=0 tx=0 comp rx=0 tx=0)._fault waiting 0.200000
2024-04-25T20:20:45.092 INFO:teuthology.orchestra.run.smithi063.stdout:/usr/bin/ceph: stderr
2024-04-25T20:20:39.029+0000 7fbd5effd700 1 -- 172.21.15.63:0/3617610017 >> [v2:172.21.15.63:6800/2727868076,v1:172.21.15.63:6801/2727868076] conn(0x7fbd48039560 msgr2=0x7fbd4803ba20 unknown :-1 s=STATE_CONNECTING_RE l=1).process reconnect failed to v2:172.21.15.63:6800/2727868076
2024-04-25T20:20:45.092 INFO:teuthology.orchestra.run.smithi063.stdout:/usr/bin/ceph: stderr
2024-04-25T20:20:39.029+0000 7fbd5effd700 1 --2- 172.21.15.63:0/3617610017 >> [v2:172.21.15.63:6800/2727868076,v1:172.21.15.63:6801/2727868076] conn(0x7fbd48039560 0x7fbd4803ba20 unknown :-1 s=START_CONNECT pgs=0 cs=0 l=1 rev1=0 crypto rx=0 tx=0 comp rx=0 tx=0)._fault waiting 0.400000
2024-04-25T20:20:45.093 INFO:teuthology.orchestra.run.smithi063.stdout:/usr/bin/ceph: stderr
2024-04-25T20:20:39.430+0000 7fbd5effd700 1 -- 172.21.15.63:0/3617610017 >> [v2:172.21.15.63:6800/2727868076,v1:172.21.15.63:6801/2727868076] conn(0x7fbd48039560 msgr2=0x7fbd4803ba20 unknown :-1 s=STATE_CONNECTING_RE l=1).process reconnect failed to v2:172.21.15.63:6800/2727868076
2024-04-25T20:20:45.093 INFO:teuthology.orchestra.run.smithi063.stdout:/usr/bin/ceph: stderr
2024-04-25T20:20:39.430+0000 7fbd5effd700 1 --2- 172.21.15.63:0/3617610017 >> [v2:172.21.15.63:6800/2727868076,v1:172.21.15.63:6801/2727868076] conn(0x7fbd48039560 0x7fbd4803ba20 unknown :-1 s=START_CONNECT pgs=0 cs=0 l=1 rev1=0 crypto rx=0 tx=0 comp rx=0 tx=0)._fault waiting 0.800000
2024-04-25T20:20:45.093 INFO:teuthology.orchestra.run.smithi063.stdout:/usr/bin/ceph: stderr
2024-04-25T20:20:40.231+0000 7fbd5effd700 1 -- 172.21.15.63:0/3617610017 >> [v2:172.21.15.63:6800/2727868076,v1:172.21.15.63:6801/2727868076] conn(0x7fbd48039560 msgr2=0x7fbd4803ba20 unknown :-1 s=STATE_CONNECTING_RE l=1).process reconnect failed to v2:172.21.15.63:6800/2727868076
2024-04-25T20:20:45.093 INFO:teuthology.orchestra.run.smithi063.stdout:/usr/bin/ceph: stderr
2024-04-25T20:20:40.231+0000 7fbd5effd700 1 --2- 172.21.15.63:0/3617610017 >> [v2:172.21.15.63:6800/2727868076,v1:172.21.15.63:6801/2727868076] conn(0x7fbd48039560 0x7fbd4803ba20 unknown :-1 s=START_CONNECT pgs=0 cs=0 l=1 rev1=0 crypto rx=0 tx=0 comp rx=0 tx=0)._fault waiting 1.600000
2024-04-25T20:20:45.093 INFO:teuthology.orchestra.run.smithi063.stdout:/usr/bin/ceph: stderr
2024-04-25T20:20:41.832+0000 7fbd5effd700 1 -- 172.21.15.63:0/3617610017 >> [v2:172.21.15.63:6800/2727868076,v1:172.21.15.63:6801/2727868076] conn(0x7fbd48039560 msgr2=0x7fbd4803ba20 unknown :-1 s=STATE_CONNECTING_RE l=1).process reconnect failed to v2:172.21.15.63:6800/2727868076
2024-04-25T20:20:45.093 INFO:teuthology.orchestra.run.smithi063.stdout:/usr/bin/ceph: stderr
2024-04-25T20:20:41.832+0000 7fbd5effd700 1 --2- 172.21.15.63:0/3617610017 >> [v2:172.21.15.63:6800/2727868076,v1:172.21.15.63:6801/2727868076] conn(0x7fbd48039560 0x7fbd4803ba20 unknown :-1 s=START_CONNECT pgs=0 cs=0 l=1 rev1=0 crypto rx=0 tx=0 comp rx=0 tx=0)._fault waiting 3.200000
2024-04-25T20:20:45.093 INFO:teuthology.orchestra.run.smithi063.stdout:/usr/bin/ceph: stderr
2024-04-25T20:20:43.575+0000 7fbd5cff9700 1 -- 172.21.15.63:0/3617610017 <== mon.0 v2:172.21.15.63:3300/0 6 ==== mgrmap(e 6) ==== 46325+0+0 (secure 0 0 0) 0x7fbd54019b90 con 0x7fbd60109020
2024-04-25T20:20:45.093 INFO:teuthology.orchestra.run.smithi063.stdout:/usr/bin/ceph: stderr
2024-04-25T20:20:43.575+0000 7fbd5cff9700 1 -- 172.21.15.63:0/3617610017 >> [v2:172.21.15.63:6800/2727868076,v1:172.21.15.63:6801/2727868076] conn(0x7fbd48039560 msgr2=0x7fbd4803ba20 unknown :-1 s=STATE_CONNECTING l=1).mark_down
2024-04-25T20:20:45.093 INFO:teuthology.orchestra.run.smithi063.stdout:/usr/bin/ceph: stderr
2024-04-25T20:20:43.575+0000 7fbd5cff9700 1 --2- 172.21.15.63:0/3617610017 >> [v2:172.21.15.63:6800/2727868076,v1:172.21.15.63:6801/2727868076] conn(0x7fbd48039560 0x7fbd4803ba20 unknown :-1 s=START_CONNECT pgs=0 cs=0 l=1 rev1=0 crypto rx=0 tx=0 comp rx=0 tx=0).stop
2024-04-25T20:20:45.093 INFO:teuthology.orchestra.run.smithi063.stdout:/usr/bin/ceph: stderr
2024-04-25T20:20:44.576+0000 7fbd5cff9700 1 -- 172.21.15.63:0/3617610017 <== mon.0 v2:172.21.15.63:3300/0 7 ==== mgrmap(e 7) ==== 46452+0+0 (secure 0 0 0) 0x7fbd54023c90 con 0x7fbd60109020
2024-04-25T20:20:45.093 INFO:teuthology.orchestra.run.smithi063.stdout:/usr/bin/ceph: stderr
2024-04-25T20:20:44.577+0000 7fbd5cff9700 1 --2- 172.21.15.63:0/3617610017 >> [v2:172.21.15.63:6800/572997581,v1:172.21.15.63:6801/572997581] conn(0x7fbd4803ce50 0x7fbd4803f240 unknown :-1 s=NONE pgs=0 cs=0 l=1 rev1=0 crypto rx=0 tx=0 comp rx=0 tx=0).connect
2024-04-25T20:20:45.093 INFO:teuthology.orchestra.run.smithi063.stdout:/usr/bin/ceph: stderr
2024-04-25T20:20:44.577+0000 7fbd5cff9700 1 -- 172.21.15.63:0/3617610017 --> [v2:172.21.15.63:6800/572997581,v1:172.21.15.63:6801/572997581] -- command(tid 0: {"prefix": "get_command_descriptions"}) -- 0x7fbd54022e70 con 0x7fbd4803ce50
2024-04-25T20:20:45.094 INFO:teuthology.orchestra.run.smithi063.stdout:/usr/bin/ceph: stderr
2024-04-25T20:20:44.577+0000 7fbd5effd700 1 --2- 172.21.15.63:0/3617610017 >> [v2:172.21.15.63:6800/572997581,v1:172.21.15.63:6801/572997581] conn(0x7fbd4803ce50 0x7fbd4803f240 unknown :-1 s=BANNER_CONNECTING pgs=0 cs=0 l=1 rev1=0 crypto rx=0 tx=0 comp rx=0 tx=0)._handle_peer_banner_payload supported=3 required=0
2024-04-25T20:20:45.094 INFO:teuthology.orchestra.run.smithi063.stdout:/usr/bin/ceph: stderr
2024-04-25T20:20:44.578+0000 7fbd5effd700 1 --2- 172.21.15.63:0/3617610017 >> [v2:172.21.15.63:6800/572997581,v1:172.21.15.63:6801/572997581] conn(0x7fbd4803ce50 0x7fbd4803f240 secure :-1 s=READY pgs=3 cs=0 l=1 rev1=1 crypto rx=0x7fbd50003a10 tx=0x7fbd50009290 comp rx=0 tx=0).ready entity=mgr.14120 client_cookie=0 server_cookie=0 in_seq=0 out_seq=0
2024-04-25T20:20:45.094 INFO:teuthology.orchestra.run.smithi063.stdout:/usr/bin/ceph: stderr
2024-04-25T20:20:44.579+0000 7fbd5cff9700 1 -- 172.21.15.63:0/3617610017 <== mgr.14120 v2:172.21.15.63:6800/572997581 1 ==== command_reply(tid 0: 0 ) ==== 8+0+7774 (secure 0 0 0) 0x7fbd54022e70 con 0x7fbd4803ce50
2024-04-25T20:20:45.094 INFO:teuthology.orchestra.run.smithi063.stdout:/usr/bin/ceph: stderr
2024-04-25T20:20:44.585+0000 7fbd65db7700 1 -- 172.21.15.63:0/3617610017 --> [v2:172.21.15.63:6800/572997581,v1:172.21.15.63:6801/572997581] -- command(tid 1: {"prefix": "mgr_status"}) -- 0x7fbd60069b80 con 0x7fbd4803ce50
2024-04-25T20:20:45.094 INFO:teuthology.orchestra.run.smithi063.stdout:/usr/bin/ceph: stderr
2024-04-25T20:20:44.585+0000 7fbd5cff9700 1 -- 172.21.15.63:0/3617610017 <== mgr.14120 v2:172.21.15.63:6800/572997581 2 ==== command_reply(tid 1: 0 ) ==== 8+0+51 (secure 0 0 0) 0x7fbd60069b80 con 0x7fbd4803ce50
2024-04-25T20:20:45.094 INFO:teuthology.orchestra.run.smithi063.stdout:/usr/bin/ceph: stderr
2024-04-25T20:20:44.586+0000 7fbd65db7700 1 -- 172.21.15.63:0/3617610017 >> [v2:172.21.15.63:6800/572997581,v1:172.21.15.63:6801/572997581] conn(0x7fbd4803ce50 msgr2=0x7fbd4803f240 secure :-1 s=STATE_CONNECTION_ESTABLISHED l=1).mark_down
2024-04-25T20:20:45.094 INFO:teuthology.orchestra.run.smithi063.stdout:/usr/bin/ceph: stderr
2024-04-25T20:20:44.586+0000 7fbd65db7700 1 --2- 172.21.15.63:0/3617610017 >> [v2:172.21.15.63:6800/572997581,v1:172.21.15.63:6801/572997581] conn(0x7fbd4803ce50 0x7fbd4803f240 secure :-1 s=READY pgs=3 cs=0 l=1 rev1=1 crypto rx=0x7fbd50003a10 tx=0x7fbd50009290 comp rx=0 tx=0).stop
2024-04-25T20:20:45.094 INFO:teuthology.orchestra.run.smithi063.stdout:/usr/bin/ceph: stderr
2024-04-25T20:20:44.586+0000 7fbd65db7700 1 -- 172.21.15.63:0/3617610017 >> [v2:172.21.15.63:3300/0,v1:172.21.15.63:6789/0] conn(0x7fbd60109020 msgr2=0x7fbd601088a0 secure :-1 s=STATE_CONNECTION_ESTABLISHED l=1).mark_down
2024-04-25T20:20:45.094 INFO:teuthology.orchestra.run.smithi063.stdout:/usr/bin/ceph: stderr
2024-04-25T20:20:44.586+0000 7fbd65db7700 1 --2- 172.21.15.63:0/3617610017 >> [v2:172.21.15.63:3300/0,v1:172.21.15.63:6789/0] conn(0x7fbd60109020 0x7fbd601088a0 secure :-1 s=READY pgs=29 cs=0 l=1 rev1=1 crypto rx=0x7fbd54009fb0 tx=0x7fbd54011940 comp rx=0 tx=0).stop
2024-04-25T20:20:45.094 INFO:teuthology.orchestra.run.smithi063.stdout:/usr/bin/ceph: stderr
2024-04-25T20:20:44.586+0000 7fbd65db7700 1 -- 172.21.15.63:0/3617610017 shutdown_connections
2024-04-25T20:20:45.094 INFO:teuthology.orchestra.run.smithi063.stdout:/usr/bin/ceph: stderr
2024-04-25T20:20:44.586+0000 7fbd65db7700 1 --2- 172.21.15.63:0/3617610017 >> [v2:172.21.15.63:6800/572997581,v1:172.21.15.63:6801/572997581] conn(0x7fbd4803ce50 0x7fbd4803f240 unknown :-1 s=CLOSED pgs=3 cs=0 l=1 rev1=1 crypto rx=0 tx=0 comp rx=0 tx=0).stop
2024-04-25T20:20:45.094 INFO:teuthology.orchestra.run.smithi063.stdout:/usr/bin/ceph: stderr
2024-04-25T20:20:44.586+0000 7fbd65db7700 1 --2- 172.21.15.63:0/3617610017 >> [v2:172.21.15.63:3300/0,v1:172.21.15.63:6789/0] conn(0x7fbd60109020 0x7fbd601088a0 unknown :-1 s=CLOSED pgs=29 cs=0 l=1 rev1=1 crypto rx=0 tx=0 comp rx=0 tx=0).stop
2024-04-25T20:20:45.094 INFO:teuthology.orchestra.run.smithi063.stdout:/usr/bin/ceph: stderr
2024-04-25T20:20:44.586+0000 7fbd65db7700 1 --2- 172.21.15.63:0/3617610017 >> [v2:172.21.15.63:6800/2727868076,v1:172.21.15.63:6801/2727868076] conn(0x7fbd48039560 0x7fbd4803ba20 unknown :-1 s=CLOSED pgs=0 cs=0 l=1 rev1=0 crypto rx=0 tx=0 comp rx=0 tx=0).stop
2024-04-25T20:20:45.094 INFO:teuthology.orchestra.run.smithi063.stdout:/usr/bin/ceph: stderr
2024-04-25T20:20:44.586+0000 7fbd65db7700 1 -- 172.21.15.63:0/3617610017 >> 172.21.15.63:0/3617610017 conn(0x7fbd60102a70 msgr2=0x7fbd60103620 unknown :-1 s=STATE_NONE l=0).mark_down
2024-04-25T20:20:45.095 INFO:teuthology.orchestra.run.smithi063.stdout:/usr/bin/ceph: stderr
2024-04-25T20:20:44.586+0000 7fbd65db7700 1 -- 172.21.15.63:0/3617610017 shutdown_connections
2024-04-25T20:20:45.095 INFO:teuthology.orchestra.run.smithi063.stdout:/usr/bin/ceph: stderr
2024-04-25T20:20:44.586+0000 7fbd65db7700 1 -- 172.21.15.63:0/3617610017 wait complete.
2024-04-25T20:20:45.095 INFO:teuthology.orchestra.run.smithi063.stdout:mgr epoch 5 is available
2024-04-25T20:20:45.095 INFO:teuthology.orchestra.run.smithi063.stdout:Setting orchestrator backend to cephadm...
2024-04-25T20:20:45.760 INFO:journalctl@ceph.mon.a.smithi063.stdout:Apr 25 20:20:45 smithi063 ceph-mon[29400]: from='client.14124 -' entity='client.admin' cmd=[{"prefix": "get_command_descriptions"}]: dispatch
2024-04-25T20:20:45.760 INFO:journalctl@ceph.mon.a.smithi063.stdout:Apr 25 20:20:45 smithi063 ceph-mon[29400]: from='client.14124 -' entity='client.admin' cmd=[{"prefix": "mgr_status"}]: dispatch
2024-04-25T20:20:45.761 INFO:journalctl@ceph.mon.a.smithi063.stdout:Apr 25 20:20:45 smithi063 ceph-mon[29400]: [25/Apr/2024:20:20:44] ENGINE Bus STARTING
2024-04-25T20:20:45.761 INFO:journalctl@ceph.mon.a.smithi063.stdout:Apr 25 20:20:45 smithi063 ceph-mon[29400]: [25/Apr/2024:20:20:44] ENGINE Serving on https://172.21.15.63:7150
2024-04-25T20:20:45.761 INFO:journalctl@ceph.mon.a.smithi063.stdout:Apr 25 20:20:45 smithi063 ceph-mon[29400]: [25/Apr/2024:20:20:45] ENGINE Serving on http://172.21.15.63:8765
2024-04-25T20:20:45.761 INFO:journalctl@ceph.mon.a.smithi063.stdout:Apr 25 20:20:45 smithi063 ceph-mon[29400]: [25/Apr/2024:20:20:45] ENGINE Bus STARTED
2024-04-25T20:20:45.761 INFO:journalctl@ceph.mon.a.smithi063.stdout:Apr 25 20:20:45 smithi063 ceph-mon[29400]: from='mgr.14120 172.21.15.63:0/3770801299' entity='mgr.x' cmd=[{"prefix": "config dump", "format": "json"}]: dispatch
2024-04-25T20:20:46.285 INFO:teuthology.orchestra.run.smithi063.stdout:/usr/bin/ceph: stderr
2024-04-25T20:20:45.519+0000 7f94fc99a700 1 Processor -- start
2024-04-25T20:20:46.286 INFO:teuthology.orchestra.run.smithi063.stdout:/usr/bin/ceph: stderr
2024-04-25T20:20:45.519+0000 7f94fc99a700 1 -- start start
2024-04-25T20:20:46.286 INFO:teuthology.orchestra.run.smithi063.stdout:/usr/bin/ceph: stderr
2024-04-25T20:20:45.519+0000 7f94fc99a700 1 --2- >> [v2:172.21.15.63:3300/0,v1:172.21.15.63:6789/0] conn(0x7f94f81085f0 0x7f94f8108a10 unknown :-1 s=NONE pgs=0 cs=0 l=0 rev1=0 crypto rx=0 tx=0 comp rx=0 tx=0).connect
2024-04-25T20:20:46.286 INFO:teuthology.orchestra.run.smithi063.stdout:/usr/bin/ceph: stderr
2024-04-25T20:20:45.519+0000 7f94fc99a700 1 -- --> [v2:172.21.15.63:3300/0,v1:172.21.15.63:6789/0] -- mon_getmap magic: 0 -- 0x7f94f8108fe0 con 0x7f94f81085f0
2024-04-25T20:20:46.286 INFO:teuthology.orchestra.run.smithi063.stdout:/usr/bin/ceph: stderr
2024-04-25T20:20:45.520+0000 7f94f659c700 1 --2- >> [v2:172.21.15.63:3300/0,v1:172.21.15.63:6789/0] conn(0x7f94f81085f0 0x7f94f8108a10 unknown :-1 s=BANNER_CONNECTING pgs=0 cs=0 l=0 rev1=0 crypto rx=0 tx=0 comp rx=0 tx=0)._handle_peer_banner_payload supported=3 required=0
2024-04-25T20:20:46.286 INFO:teuthology.orchestra.run.smithi063.stdout:/usr/bin/ceph: stderr
2024-04-25T20:20:45.520+0000 7f94f659c700 1 --2- >> [v2:172.21.15.63:3300/0,v1:172.21.15.63:6789/0] conn(0x7f94f81085f0 0x7f94f8108a10 unknown :-1 s=HELLO_CONNECTING pgs=0 cs=0 l=0 rev1=1 crypto rx=0 tx=0 comp rx=0 tx=0).handle_hello peer v2:172.21.15.63:3300/0 says I am v2:172.21.15.63:47710/0 (socket says 172.21.15.63:47710)
2024-04-25T20:20:46.286 INFO:teuthology.orchestra.run.smithi063.stdout:/usr/bin/ceph: stderr
2024-04-25T20:20:45.520+0000 7f94f659c700 1 -- 172.21.15.63:0/28149389 learned_addr learned my addr 172.21.15.63:0/28149389 (peer_addr_for_me v2:172.21.15.63:0/0)
2024-04-25T20:20:46.286 INFO:teuthology.orchestra.run.smithi063.stdout:/usr/bin/ceph: stderr
2024-04-25T20:20:45.520+0000 7f94f659c700 1 -- 172.21.15.63:0/28149389 --> [v2:172.21.15.63:3300/0,v1:172.21.15.63:6789/0] -- mon_subscribe({config=0+,monmap=0+}) -- 0x7f94f81097a0 con 0x7f94f81085f0
2024-04-25T20:20:46.286 INFO:teuthology.orchestra.run.smithi063.stdout:/usr/bin/ceph: stderr
2024-04-25T20:20:45.520+0000 7f94f659c700 1 --2- 172.21.15.63:0/28149389 >> [v2:172.21.15.63:3300/0,v1:172.21.15.63:6789/0] conn(0x7f94f81085f0 0x7f94f8108a10 secure :-1 s=READY pgs=37 cs=0 l=1 rev1=1 crypto rx=0x7f94f00098a0 tx=0x7f94f0009bb0 comp rx=0 tx=0).ready entity=mon.0 client_cookie=b82d65ae782a7a0d server_cookie=0 in_seq=0 out_seq=0
2024-04-25T20:20:46.286 INFO:teuthology.orchestra.run.smithi063.stdout:/usr/bin/ceph: stderr
2024-04-25T20:20:45.520+0000 7f94f559a700 1 -- 172.21.15.63:0/28149389 <== mon.0 v2:172.21.15.63:3300/0 1 ==== mon_map magic: 0 ==== 205+0+0 (secure 0 0 0) 0x7f94f0004160 con 0x7f94f81085f0
2024-04-25T20:20:46.286 INFO:teuthology.orchestra.run.smithi063.stdout:/usr/bin/ceph: stderr
2024-04-25T20:20:45.520+0000 7f94f559a700 1 -- 172.21.15.63:0/28149389 <== mon.0 v2:172.21.15.63:3300/0 2 ==== config(26 keys) ==== 1070+0+0 (secure 0 0 0) 0x7f94f0004300 con 0x7f94f81085f0
2024-04-25T20:20:46.286 INFO:teuthology.orchestra.run.smithi063.stdout:/usr/bin/ceph: stderr
2024-04-25T20:20:45.520+0000 7f94f559a700 1 -- 172.21.15.63:0/28149389 <== mon.0 v2:172.21.15.63:3300/0 3 ==== mon_map magic: 0 ==== 205+0+0 (secure 0 0 0) 0x7f94f0011af0 con 0x7f94f81085f0
2024-04-25T20:20:46.286 INFO:teuthology.orchestra.run.smithi063.stdout:/usr/bin/ceph: stderr
2024-04-25T20:20:45.521+0000 7f94fc99a700 1 -- 172.21.15.63:0/28149389 >> [v2:172.21.15.63:3300/0,v1:172.21.15.63:6789/0] conn(0x7f94f81085f0 msgr2=0x7f94f8108a10 secure :-1 s=STATE_CONNECTION_ESTABLISHED l=1).mark_down
2024-04-25T20:20:46.286 INFO:teuthology.orchestra.run.smithi063.stdout:/usr/bin/ceph: stderr
2024-04-25T20:20:45.521+0000 7f94fc99a700 1 --2- 172.21.15.63:0/28149389 >> [v2:172.21.15.63:3300/0,v1:172.21.15.63:6789/0] conn(0x7f94f81085f0 0x7f94f8108a10 secure :-1 s=READY pgs=37 cs=0 l=1 rev1=1 crypto rx=0x7f94f00098a0 tx=0x7f94f0009bb0 comp rx=0 tx=0).stop
2024-04-25T20:20:46.287 INFO:teuthology.orchestra.run.smithi063.stdout:/usr/bin/ceph: stderr
2024-04-25T20:20:45.521+0000 7f94fc99a700 1 -- 172.21.15.63:0/28149389 shutdown_connections
2024-04-25T20:20:46.287 INFO:teuthology.orchestra.run.smithi063.stdout:/usr/bin/ceph: stderr
2024-04-25T20:20:45.521+0000 7f94fc99a700 1 --2- 172.21.15.63:0/28149389 >> [v2:172.21.15.63:3300/0,v1:172.21.15.63:6789/0] conn(0x7f94f81085f0 0x7f94f8108a10 unknown :-1 s=CLOSED pgs=37 cs=0 l=1 rev1=1 crypto rx=0 tx=0 comp rx=0 tx=0).stop
2024-04-25T20:20:46.287 INFO:teuthology.orchestra.run.smithi063.stdout:/usr/bin/ceph: stderr
2024-04-25T20:20:45.521+0000 7f94fc99a700 1 -- 172.21.15.63:0/28149389 >> 172.21.15.63:0/28149389 conn(0x7f94f8103c30 msgr2=0x7f94f8106050 unknown :-1 s=STATE_NONE l=0).mark_down
2024-04-25T20:20:46.287 INFO:teuthology.orchestra.run.smithi063.stdout:/usr/bin/ceph: stderr
2024-04-25T20:20:45.521+0000 7f94fc99a700 1 -- 172.21.15.63:0/28149389 shutdown_connections
2024-04-25T20:20:46.287 INFO:teuthology.orchestra.run.smithi063.stdout:/usr/bin/ceph: stderr
2024-04-25T20:20:45.521+0000 7f94fc99a700 1 -- 172.21.15.63:0/28149389 wait complete.
2024-04-25T20:20:46.287 INFO:teuthology.orchestra.run.smithi063.stdout:/usr/bin/ceph: stderr
2024-04-25T20:20:45.522+0000 7f94fc99a700 1 Processor -- start
2024-04-25T20:20:46.287 INFO:teuthology.orchestra.run.smithi063.stdout:/usr/bin/ceph: stderr
2024-04-25T20:20:45.522+0000 7f94fc99a700 1 -- start start
2024-04-25T20:20:46.287 INFO:teuthology.orchestra.run.smithi063.stdout:/usr/bin/ceph: stderr
2024-04-25T20:20:45.522+0000 7f94fc99a700 1 --2- >> [v2:172.21.15.63:3300/0,v1:172.21.15.63:6789/0] conn(0x7f94f81085f0 0x7f94f819c480 unknown :-1 s=NONE pgs=0 cs=0 l=1 rev1=0 crypto rx=0 tx=0 comp rx=0 tx=0).connect
2024-04-25T20:20:46.287 INFO:teuthology.orchestra.run.smithi063.stdout:/usr/bin/ceph: stderr
2024-04-25T20:20:45.522+0000 7f94fc99a700 1 -- --> [v2:172.21.15.63:3300/0,v1:172.21.15.63:6789/0] -- mon_getmap magic: 0 -- 0x7f94f810c9d0 con 0x7f94f81085f0
2024-04-25T20:20:46.287 INFO:teuthology.orchestra.run.smithi063.stdout:/usr/bin/ceph: stderr
2024-04-25T20:20:45.522+0000 7f94f659c700 1 --2- >> [v2:172.21.15.63:3300/0,v1:172.21.15.63:6789/0] conn(0x7f94f81085f0 0x7f94f819c480 unknown :-1 s=BANNER_CONNECTING pgs=0 cs=0 l=1 rev1=0 crypto rx=0 tx=0 comp rx=0 tx=0)._handle_peer_banner_payload supported=3 required=0
2024-04-25T20:20:46.287 INFO:teuthology.orchestra.run.smithi063.stdout:/usr/bin/ceph: stderr
2024-04-25T20:20:45.522+0000 7f94f659c700 1 --2- >> [v2:172.21.15.63:3300/0,v1:172.21.15.63:6789/0] conn(0x7f94f81085f0 0x7f94f819c480 unknown :-1 s=HELLO_CONNECTING pgs=0 cs=0 l=1 rev1=1 crypto rx=0 tx=0 comp rx=0 tx=0).handle_hello peer v2:172.21.15.63:3300/0 says I am v2:172.21.15.63:47722/0 (socket says 172.21.15.63:47722)
2024-04-25T20:20:46.287 INFO:teuthology.orchestra.run.smithi063.stdout:/usr/bin/ceph: stderr
2024-04-25T20:20:45.522+0000 7f94f659c700 1 -- 172.21.15.63:0/2983569910 learned_addr learned my addr 172.21.15.63:0/2983569910 (peer_addr_for_me v2:172.21.15.63:0/0)
2024-04-25T20:20:46.287 INFO:teuthology.orchestra.run.smithi063.stdout:/usr/bin/ceph: stderr
2024-04-25T20:20:45.522+0000 7f94f659c700 1 -- 172.21.15.63:0/2983569910 --> [v2:172.21.15.63:3300/0,v1:172.21.15.63:6789/0] -- mon_subscribe({config=0+,monmap=0+}) -- 0x7f94f819c9c0 con 0x7f94f81085f0
2024-04-25T20:20:46.287 INFO:teuthology.orchestra.run.smithi063.stdout:/usr/bin/ceph: stderr
2024-04-25T20:20:45.522+0000 7f94f659c700 1 --2- 172.21.15.63:0/2983569910 >> [v2:172.21.15.63:3300/0,v1:172.21.15.63:6789/0] conn(0x7f94f81085f0 0x7f94f819c480 secure :-1 s=READY pgs=38 cs=0 l=1 rev1=1 crypto rx=0x7f94f0000c00 tx=0x7f94f0011b70 comp rx=0 tx=0).ready entity=mon.0 client_cookie=0 server_cookie=0 in_seq=0 out_seq=0
2024-04-25T20:20:46.287 INFO:teuthology.orchestra.run.smithi063.stdout:/usr/bin/ceph: stderr
2024-04-25T20:20:45.522+0000 7f94ef7fe700 1 -- 172.21.15.63:0/2983569910 <== mon.0 v2:172.21.15.63:3300/0 1 ==== mon_map magic: 0 ==== 205+0+0 (secure 0 0 0) 0x7f94f0003b20 con 0x7f94f81085f0
2024-04-25T20:20:46.288 INFO:teuthology.orchestra.run.smithi063.stdout:/usr/bin/ceph: stderr
2024-04-25T20:20:45.523+0000 7f94fc99a700 1 -- 172.21.15.63:0/2983569910 --> [v2:172.21.15.63:3300/0,v1:172.21.15.63:6789/0] -- mon_subscribe({mgrmap=0+}) -- 0x7f94f819cc50 con 0x7f94f81085f0
2024-04-25T20:20:46.288 INFO:teuthology.orchestra.run.smithi063.stdout:/usr/bin/ceph: stderr
2024-04-25T20:20:45.523+0000 7f94ef7fe700 1 -- 172.21.15.63:0/2983569910 <== mon.0 v2:172.21.15.63:3300/0 2 ==== config(26 keys) ==== 1070+0+0 (secure 0 0 0) 0x7f94f001a8c0 con 0x7f94f81085f0
2024-04-25T20:20:46.288 INFO:teuthology.orchestra.run.smithi063.stdout:/usr/bin/ceph: stderr
2024-04-25T20:20:45.523+0000 7f94ef7fe700 1 -- 172.21.15.63:0/2983569910 <== mon.0 v2:172.21.15.63:3300/0 3 ==== mon_map magic: 0 ==== 205+0+0 (secure 0 0 0) 0x7f94f0024940 con 0x7f94f81085f0
2024-04-25T20:20:46.288 INFO:teuthology.orchestra.run.smithi063.stdout:/usr/bin/ceph: stderr
2024-04-25T20:20:45.523+0000 7f94fc99a700 1 -- 172.21.15.63:0/2983569910 --> [v2:172.21.15.63:3300/0,v1:172.21.15.63:6789/0] -- mon_subscribe({osdmap=0}) -- 0x7f94f819f940 con 0x7f94f81085f0
2024-04-25T20:20:46.288 INFO:teuthology.orchestra.run.smithi063.stdout:/usr/bin/ceph: stderr
2024-04-25T20:20:45.523+0000 7f94ef7fe700 1 -- 172.21.15.63:0/2983569910 <== mon.0 v2:172.21.15.63:3300/0 4 ==== mgrmap(e 7) ==== 46452+0+0 (secure 0 0 0) 0x7f94f0022020 con 0x7f94f81085f0
2024-04-25T20:20:46.288 INFO:teuthology.orchestra.run.smithi063.stdout:/usr/bin/ceph: stderr
2024-04-25T20:20:45.524+0000 7f94fc99a700 1 -- 172.21.15.63:0/2983569910 --> [v2:172.21.15.63:3300/0,v1:172.21.15.63:6789/0] -- mon_command({"prefix": "get_command_descriptions"} v 0) -- 0x7f94f810cb50 con 0x7f94f81085f0
2024-04-25T20:20:46.288 INFO:teuthology.orchestra.run.smithi063.stdout:/usr/bin/ceph: stderr
2024-04-25T20:20:45.524+0000 7f94ef7fe700 1 --2- 172.21.15.63:0/2983569910 >> [v2:172.21.15.63:6800/572997581,v1:172.21.15.63:6801/572997581] conn(0x7f94e4039490 0x7f94e403b950 unknown :-1 s=NONE pgs=0 cs=0 l=1 rev1=0 crypto rx=0 tx=0 comp rx=0 tx=0).connect
2024-04-25T20:20:46.288 INFO:teuthology.orchestra.run.smithi063.stdout:/usr/bin/ceph: stderr
2024-04-25T20:20:45.524+0000 7f94ef7fe700 1 -- 172.21.15.63:0/2983569910 <== mon.0 v2:172.21.15.63:3300/0 5 ==== osd_map(2..2 src has 1..2) ==== 940+0+0 (secure 0 0 0) 0x7f94f004d670 con 0x7f94f81085f0
2024-04-25T20:20:46.288 INFO:teuthology.orchestra.run.smithi063.stdout:/usr/bin/ceph: stderr
2024-04-25T20:20:45.524+0000 7f94f5d9b700 1 --2- 172.21.15.63:0/2983569910 >> [v2:172.21.15.63:6800/572997581,v1:172.21.15.63:6801/572997581] conn(0x7f94e4039490 0x7f94e403b950 unknown :-1 s=BANNER_CONNECTING pgs=0 cs=0 l=1 rev1=0 crypto rx=0 tx=0 comp rx=0 tx=0)._handle_peer_banner_payload supported=3 required=0
2024-04-25T20:20:46.288 INFO:teuthology.orchestra.run.smithi063.stdout:/usr/bin/ceph: stderr
2024-04-25T20:20:45.524+0000 7f94f5d9b700 1 --2- 172.21.15.63:0/2983569910 >> [v2:172.21.15.63:6800/572997581,v1:172.21.15.63:6801/572997581] conn(0x7f94e4039490 0x7f94e403b950 secure :-1 s=READY pgs=7 cs=0 l=1 rev1=1 crypto rx=0x7f94e0006fd0 tx=0x7f94e0006e40 comp rx=0 tx=0).ready entity=mgr.14120 client_cookie=0 server_cookie=0 in_seq=0 out_seq=0
2024-04-25T20:20:46.288 INFO:teuthology.orchestra.run.smithi063.stdout:/usr/bin/ceph: stderr
2024-04-25T20:20:45.529+0000 7f94ef7fe700 1 -- 172.21.15.63:0/2983569910 <== mon.0 v2:172.21.15.63:3300/0 6 ==== mon_command_ack([{"prefix": "get_command_descriptions"}]=0 v0) ==== 72+0+188370 (secure 0 0 0) 0x7f94f0021d80 con 0x7f94f81085f0
2024-04-25T20:20:46.288 INFO:teuthology.orchestra.run.smithi063.stdout:/usr/bin/ceph: stderr
2024-04-25T20:20:45.631+0000 7f94ef7fe700 1 -- 172.21.15.63:0/2983569910 <== mon.0 v2:172.21.15.63:3300/0 7 ==== mgrmap(e 8) ==== 46558+0+0 (secure 0 0 0) 0x7f94f002dc90 con 0x7f94f81085f0
2024-04-25T20:20:46.288 INFO:teuthology.orchestra.run.smithi063.stdout:/usr/bin/ceph: stderr
2024-04-25T20:20:45.760+0000 7f94fc99a700 1 -- 172.21.15.63:0/2983569910 --> [v2:172.21.15.63:6800/572997581,v1:172.21.15.63:6801/572997581] -- mgr_command(tid 0: {"prefix": "orch set backend", "module_name": "cephadm", "target": ["mon-mgr", ""]}) -- 0x7f94f8104e60 con 0x7f94e4039490
2024-04-25T20:20:46.288 INFO:teuthology.orchestra.run.smithi063.stdout:/usr/bin/ceph: stderr
2024-04-25T20:20:45.765+0000 7f94ef7fe700 1 -- 172.21.15.63:0/2983569910 <== mgr.14120 v2:172.21.15.63:6800/572997581 1 ==== mgr_command_reply(tid 0: 0 ) ==== 8+0+0 (secure 0 0 0) 0x7f94f8104e60 con 0x7f94e4039490
2024-04-25T20:20:46.289 INFO:teuthology.orchestra.run.smithi063.stdout:/usr/bin/ceph: stderr
2024-04-25T20:20:45.767+0000 7f94fc99a700 1 -- 172.21.15.63:0/2983569910 >> [v2:172.21.15.63:6800/572997581,v1:172.21.15.63:6801/572997581] conn(0x7f94e4039490 msgr2=0x7f94e403b950 secure :-1 s=STATE_CONNECTION_ESTABLISHED l=1).mark_down
2024-04-25T20:20:46.289 INFO:teuthology.orchestra.run.smithi063.stdout:/usr/bin/ceph: stderr
2024-04-25T20:20:45.767+0000 7f94fc99a700 1 --2- 172.21.15.63:0/2983569910 >> [v2:172.21.15.63:6800/572997581,v1:172.21.15.63:6801/572997581] conn(0x7f94e4039490 0x7f94e403b950 secure :-1 s=READY pgs=7 cs=0 l=1 rev1=1 crypto rx=0x7f94e0006fd0 tx=0x7f94e0006e40 comp rx=0 tx=0).stop
2024-04-25T20:20:46.289 INFO:teuthology.orchestra.run.smithi063.stdout:/usr/bin/ceph: stderr
2024-04-25T20:20:45.767+0000 7f94fc99a700 1 -- 172.21.15.63:0/2983569910 >> [v2:172.21.15.63:3300/0,v1:172.21.15.63:6789/0] conn(0x7f94f81085f0 msgr2=0x7f94f819c480 secure :-1 s=STATE_CONNECTION_ESTABLISHED l=1).mark_down
2024-04-25T20:20:46.289 INFO:teuthology.orchestra.run.smithi063.stdout:/usr/bin/ceph: stderr
2024-04-25T20:20:45.767+0000 7f94fc99a700 1 --2- 172.21.15.63:0/2983569910 >> [v2:172.21.15.63:3300/0,v1:172.21.15.63:6789/0] conn(0x7f94f81085f0 0x7f94f819c480 secure :-1 s=READY pgs=38 cs=0 l=1 rev1=1 crypto rx=0x7f94f0000c00 tx=0x7f94f0011b70 comp rx=0 tx=0).stop
2024-04-25T20:20:46.289 INFO:teuthology.orchestra.run.smithi063.stdout:/usr/bin/ceph: stderr
2024-04-25T20:20:45.767+0000 7f94fc99a700 1 -- 172.21.15.63:0/2983569910 shutdown_connections
2024-04-25T20:20:46.289 INFO:teuthology.orchestra.run.smithi063.stdout:/usr/bin/ceph: stderr
2024-04-25T20:20:45.767+0000 7f94fc99a700 1 --2- 172.21.15.63:0/2983569910 >> [v2:172.21.15.63:6800/572997581,v1:172.21.15.63:6801/572997581] conn(0x7f94e4039490 0x7f94e403b950 unknown :-1 s=CLOSED pgs=7 cs=0 l=1 rev1=1 crypto rx=0 tx=0 comp rx=0 tx=0).stop
2024-04-25T20:20:46.289 INFO:teuthology.orchestra.run.smithi063.stdout:/usr/bin/ceph: stderr
2024-04-25T20:20:45.767+0000 7f94fc99a700 1 --2- 172.21.15.63:0/2983569910 >> [v2:172.21.15.63:3300/0,v1:172.21.15.63:6789/0] conn(0x7f94f81085f0 0x7f94f819c480 unknown :-1 s=CLOSED pgs=38 cs=0 l=1 rev1=1 crypto rx=0 tx=0 comp rx=0 tx=0).stop
2024-04-25T20:20:46.289 INFO:teuthology.orchestra.run.smithi063.stdout:/usr/bin/ceph: stderr
2024-04-25T20:20:45.767+0000 7f94fc99a700 1 -- 172.21.15.63:0/2983569910 >> 172.21.15.63:0/2983569910 conn(0x7f94f8103c30 msgr2=0x7f94f8104750 unknown :-1 s=STATE_NONE l=0).mark_down
2024-04-25T20:20:46.289 INFO:teuthology.orchestra.run.smithi063.stdout:/usr/bin/ceph: stderr
2024-04-25T20:20:45.768+0000 7f94fc99a700 1 -- 172.21.15.63:0/2983569910 shutdown_connections
2024-04-25T20:20:46.289 INFO:teuthology.orchestra.run.smithi063.stdout:/usr/bin/ceph: stderr
2024-04-25T20:20:45.768+0000 7f94fc99a700 1 -- 172.21.15.63:0/2983569910 wait complete.
2024-04-25T20:20:46.722 INFO:journalctl@ceph.mon.a.smithi063.stdout:Apr 25 20:20:46 smithi063 ceph-mon[29400]: mgrmap e8: x(active, since 2s)
2024-04-25T20:20:46.722 INFO:journalctl@ceph.mon.a.smithi063.stdout:Apr 25 20:20:46 smithi063 ceph-mon[29400]: from='client.14132 -' entity='client.admin' cmd=[{"prefix": "orch set backend", "module_name": "cephadm", "target": ["mon-mgr", ""]}]: dispatch
2024-04-25T20:20:46.722 INFO:journalctl@ceph.mon.a.smithi063.stdout:Apr 25 20:20:46 smithi063 ceph-mon[29400]: from='mgr.14120 172.21.15.63:0/3770801299' entity='mgr.x'
2024-04-25T20:20:46.722 INFO:journalctl@ceph.mon.a.smithi063.stdout:Apr 25 20:20:46 smithi063 ceph-mon[29400]: from='mgr.14120 172.21.15.63:0/3770801299' entity='mgr.x' cmd=[{"prefix": "config dump", "format": "json"}]: dispatch
2024-04-25T20:20:47.567 INFO:teuthology.orchestra.run.smithi063.stdout:/usr/bin/ceph: stdout value unchanged
2024-04-25T20:20:47.567 INFO:teuthology.orchestra.run.smithi063.stdout:/usr/bin/ceph: stderr
2024-04-25T20:20:46.756+0000 7f990a0a0700 1 Processor -- start
2024-04-25T20:20:47.567 INFO:teuthology.orchestra.run.smithi063.stdout:/usr/bin/ceph: stderr
2024-04-25T20:20:46.756+0000 7f990a0a0700 1 -- start start
2024-04-25T20:20:47.567 INFO:teuthology.orchestra.run.smithi063.stdout:/usr/bin/ceph: stderr
2024-04-25T20:20:46.757+0000 7f990a0a0700 1 --2- >> [v2:172.21.15.63:3300/0,v1:172.21.15.63:6789/0] conn(0x7f99041074d0 0x7f99041078f0 unknown :-1 s=NONE pgs=0 cs=0 l=0 rev1=0 crypto rx=0 tx=0 comp rx=0 tx=0).connect
2024-04-25T20:20:47.567 INFO:teuthology.orchestra.run.smithi063.stdout:/usr/bin/ceph: stderr
2024-04-25T20:20:46.757+0000 7f990a0a0700 1 -- --> [v2:172.21.15.63:3300/0,v1:172.21.15.63:6789/0] -- mon_getmap magic: 0 -- 0x7f9904107ec0 con 0x7f99041074d0
2024-04-25T20:20:47.567 INFO:teuthology.orchestra.run.smithi063.stdout:/usr/bin/ceph: stderr
2024-04-25T20:20:46.757+0000 7f99037fe700 1 --2- >> [v2:172.21.15.63:3300/0,v1:172.21.15.63:6789/0] conn(0x7f99041074d0 0x7f99041078f0 unknown :-1 s=BANNER_CONNECTING pgs=0 cs=0 l=0 rev1=0 crypto rx=0 tx=0 comp rx=0 tx=0)._handle_peer_banner_payload supported=3 required=0
2024-04-25T20:20:47.568 INFO:teuthology.orchestra.run.smithi063.stdout:/usr/bin/ceph: stderr
2024-04-25T20:20:46.757+0000 7f99037fe700 1 --2- >> [v2:172.21.15.63:3300/0,v1:172.21.15.63:6789/0] conn(0x7f99041074d0 0x7f99041078f0 unknown :-1 s=HELLO_CONNECTING pgs=0 cs=0 l=0 rev1=1 crypto rx=0 tx=0 comp rx=0 tx=0).handle_hello peer v2:172.21.15.63:3300/0 says I am v2:172.21.15.63:47736/0 (socket says 172.21.15.63:47736)
2024-04-25T20:20:47.568 INFO:teuthology.orchestra.run.smithi063.stdout:/usr/bin/ceph: stderr
2024-04-25T20:20:46.757+0000 7f99037fe700 1 -- 172.21.15.63:0/3882576023 learned_addr learned my addr 172.21.15.63:0/3882576023 (peer_addr_for_me v2:172.21.15.63:0/0)
2024-04-25T20:20:47.568 INFO:teuthology.orchestra.run.smithi063.stdout:/usr/bin/ceph: stderr
2024-04-25T20:20:46.757+0000 7f99037fe700 1 -- 172.21.15.63:0/3882576023 --> [v2:172.21.15.63:3300/0,v1:172.21.15.63:6789/0] -- mon_subscribe({config=0+,monmap=0+}) -- 0x7f99041086d0 con 0x7f99041074d0
2024-04-25T20:20:47.568 INFO:teuthology.orchestra.run.smithi063.stdout:/usr/bin/ceph: stderr
2024-04-25T20:20:46.757+0000 7f99037fe700 1 --2- 172.21.15.63:0/3882576023 >> [v2:172.21.15.63:3300/0,v1:172.21.15.63:6789/0] conn(0x7f99041074d0 0x7f99041078f0 secure :-1 s=READY pgs=39 cs=0 l=1 rev1=1 crypto rx=0x7f98f400bb40 tx=0x7f98f400be50 comp rx=0 tx=0).ready entity=mon.0 client_cookie=882c04ba632724a2 server_cookie=0 in_seq=0 out_seq=0
2024-04-25T20:20:47.568 INFO:teuthology.orchestra.run.smithi063.stdout:/usr/bin/ceph: stderr
2024-04-25T20:20:46.757+0000 7f99027fc700 1 -- 172.21.15.63:0/3882576023 <== mon.0 v2:172.21.15.63:3300/0 1 ==== mon_map magic: 0 ==== 205+0+0 (secure 0 0 0) 0x7f98f400dbe0 con 0x7f99041074d0
2024-04-25T20:20:47.568 INFO:teuthology.orchestra.run.smithi063.stdout:/usr/bin/ceph: stderr
2024-04-25T20:20:46.757+0000 7f99027fc700 1 -- 172.21.15.63:0/3882576023 <== mon.0 v2:172.21.15.63:3300/0 2 ==== config(26 keys) ==== 1070+0+0 (secure 0 0 0) 0x7f98f40044c0 con 0x7f99041074d0
2024-04-25T20:20:47.568 INFO:teuthology.orchestra.run.smithi063.stdout:/usr/bin/ceph: stderr
2024-04-25T20:20:46.757+0000 7f99027fc700 1 -- 172.21.15.63:0/3882576023 <== mon.0 v2:172.21.15.63:3300/0 3 ==== mon_map magic: 0 ==== 205+0+0 (secure 0 0 0) 0x7f98f4010470 con 0x7f99041074d0
2024-04-25T20:20:47.568 INFO:teuthology.orchestra.run.smithi063.stdout:/usr/bin/ceph: stderr
2024-04-25T20:20:46.758+0000 7f990a0a0700 1 -- 172.21.15.63:0/3882576023 >> [v2:172.21.15.63:3300/0,v1:172.21.15.63:6789/0] conn(0x7f99041074d0 msgr2=0x7f99041078f0 secure :-1 s=STATE_CONNECTION_ESTABLISHED l=1).mark_down
2024-04-25T20:20:47.568 INFO:teuthology.orchestra.run.smithi063.stdout:/usr/bin/ceph: stderr
2024-04-25T20:20:46.758+0000 7f990a0a0700 1 --2- 172.21.15.63:0/3882576023 >> [v2:172.21.15.63:3300/0,v1:172.21.15.63:6789/0] conn(0x7f99041074d0 0x7f99041078f0 secure :-1 s=READY pgs=39 cs=0 l=1 rev1=1 crypto rx=0x7f98f400bb40 tx=0x7f98f400be50 comp rx=0 tx=0).stop
2024-04-25T20:20:47.568 INFO:teuthology.orchestra.run.smithi063.stdout:/usr/bin/ceph: stderr
2024-04-25T20:20:46.758+0000 7f990a0a0700 1 -- 172.21.15.63:0/3882576023 shutdown_connections
2024-04-25T20:20:47.568 INFO:teuthology.orchestra.run.smithi063.stdout:/usr/bin/ceph: stderr
2024-04-25T20:20:46.758+0000 7f990a0a0700 1 --2- 172.21.15.63:0/3882576023 >> [v2:172.21.15.63:3300/0,v1:172.21.15.63:6789/0] conn(0x7f99041074d0 0x7f99041078f0 unknown :-1 s=CLOSED pgs=39 cs=0 l=1 rev1=1 crypto rx=0 tx=0 comp rx=0 tx=0).stop
2024-04-25T20:20:47.568 INFO:teuthology.orchestra.run.smithi063.stdout:/usr/bin/ceph: stderr
2024-04-25T20:20:46.758+0000 7f990a0a0700 1 -- 172.21.15.63:0/3882576023 >> 172.21.15.63:0/3882576023 conn(0x7f9904102ab0 msgr2=0x7f9904104ed0 unknown :-1 s=STATE_NONE l=0).mark_down
2024-04-25T20:20:47.569 INFO:teuthology.orchestra.run.smithi063.stdout:/usr/bin/ceph: stderr
2024-04-25T20:20:46.758+0000 7f990a0a0700 1 -- 172.21.15.63:0/3882576023 shutdown_connections
2024-04-25T20:20:47.569 INFO:teuthology.orchestra.run.smithi063.stdout:/usr/bin/ceph: stderr
2024-04-25T20:20:46.758+0000 7f990a0a0700 1 -- 172.21.15.63:0/3882576023 wait complete.
2024-04-25T20:20:47.569 INFO:teuthology.orchestra.run.smithi063.stdout:/usr/bin/ceph: stderr
2024-04-25T20:20:46.759+0000 7f990a0a0700 1 Processor -- start
2024-04-25T20:20:47.569 INFO:teuthology.orchestra.run.smithi063.stdout:/usr/bin/ceph: stderr
2024-04-25T20:20:46.759+0000 7f990a0a0700 1 -- start start
2024-04-25T20:20:47.569 INFO:teuthology.orchestra.run.smithi063.stdout:/usr/bin/ceph: stderr
2024-04-25T20:20:46.759+0000 7f990a0a0700 1 --2- >> [v2:172.21.15.63:3300/0,v1:172.21.15.63:6789/0] conn(0x7f99041074d0 0x7f990419e660 unknown :-1 s=NONE pgs=0 cs=0 l=1 rev1=0 crypto rx=0 tx=0 comp rx=0 tx=0).connect
2024-04-25T20:20:47.569 INFO:teuthology.orchestra.run.smithi063.stdout:/usr/bin/ceph: stderr
2024-04-25T20:20:46.759+0000 7f990a0a0700 1 -- --> [v2:172.21.15.63:3300/0,v1:172.21.15.63:6789/0] -- mon_getmap magic: 0 -- 0x7f9904062e80 con 0x7f99041074d0
2024-04-25T20:20:47.569 INFO:teuthology.orchestra.run.smithi063.stdout:/usr/bin/ceph: stderr
2024-04-25T20:20:46.759+0000 7f99037fe700 1 --2- >> [v2:172.21.15.63:3300/0,v1:172.21.15.63:6789/0] conn(0x7f99041074d0 0x7f990419e660 unknown :-1 s=BANNER_CONNECTING pgs=0 cs=0 l=1 rev1=0 crypto rx=0 tx=0 comp rx=0 tx=0)._handle_peer_banner_payload supported=3 required=0
2024-04-25T20:20:47.569 INFO:teuthology.orchestra.run.smithi063.stdout:/usr/bin/ceph: stderr
2024-04-25T20:20:46.759+0000 7f99037fe700 1 --2- >> [v2:172.21.15.63:3300/0,v1:172.21.15.63:6789/0] conn(0x7f99041074d0 0x7f990419e660 unknown :-1 s=HELLO_CONNECTING pgs=0 cs=0 l=1 rev1=1 crypto rx=0 tx=0 comp rx=0 tx=0).handle_hello peer v2:172.21.15.63:3300/0 says I am v2:172.21.15.63:47746/0 (socket says 172.21.15.63:47746)
2024-04-25T20:20:47.569 INFO:teuthology.orchestra.run.smithi063.stdout:/usr/bin/ceph: stderr
2024-04-25T20:20:46.759+0000 7f99037fe700 1 -- 172.21.15.63:0/3208270127 learned_addr learned my addr 172.21.15.63:0/3208270127 (peer_addr_for_me v2:172.21.15.63:0/0)
2024-04-25T20:20:47.569 INFO:teuthology.orchestra.run.smithi063.stdout:/usr/bin/ceph: stderr
2024-04-25T20:20:46.759+0000 7f99037fe700 1 -- 172.21.15.63:0/3208270127 --> [v2:172.21.15.63:3300/0,v1:172.21.15.63:6789/0] -- mon_subscribe({config=0+,monmap=0+}) -- 0x7f990419eba0 con 0x7f99041074d0
2024-04-25T20:20:47.569 INFO:teuthology.orchestra.run.smithi063.stdout:/usr/bin/ceph: stderr
2024-04-25T20:20:46.760+0000 7f99037fe700 1 --2- 172.21.15.63:0/3208270127 >> [v2:172.21.15.63:3300/0,v1:172.21.15.63:6789/0] conn(0x7f99041074d0 0x7f990419e660 secure :-1 s=READY pgs=40 cs=0 l=1 rev1=1 crypto rx=0x7f98f400bfd0 tx=0x7f98f4003ff0 comp rx=0 tx=0).ready entity=mon.0 client_cookie=0 server_cookie=0 in_seq=0 out_seq=0
2024-04-25T20:20:47.569 INFO:teuthology.orchestra.run.smithi063.stdout:/usr/bin/ceph: stderr
2024-04-25T20:20:46.760+0000 7f9900ff9700 1 -- 172.21.15.63:0/3208270127 <== mon.0 v2:172.21.15.63:3300/0 1 ==== mon_map magic: 0 ==== 205+0+0 (secure 0 0 0) 0x7f98f4010770 con 0x7f99041074d0
2024-04-25T20:20:47.569 INFO:teuthology.orchestra.run.smithi063.stdout:/usr/bin/ceph: stderr
2024-04-25T20:20:46.760+0000 7f9900ff9700 1 -- 172.21.15.63:0/3208270127 <== mon.0 v2:172.21.15.63:3300/0 2 ==== config(26 keys) ==== 1070+0+0 (secure 0 0 0) 0x7f98f401d070 con 0x7f99041074d0
2024-04-25T20:20:47.569 INFO:teuthology.orchestra.run.smithi063.stdout:/usr/bin/ceph: stderr
2024-04-25T20:20:46.760+0000 7f990a0a0700 1 -- 172.21.15.63:0/3208270127 --> [v2:172.21.15.63:3300/0,v1:172.21.15.63:6789/0] -- mon_subscribe({mgrmap=0+}) -- 0x7f990419ee30 con 0x7f99041074d0
2024-04-25T20:20:47.569 INFO:teuthology.orchestra.run.smithi063.stdout:/usr/bin/ceph: stderr
2024-04-25T20:20:46.760+0000 7f9900ff9700 1 -- 172.21.15.63:0/3208270127 <== mon.0 v2:172.21.15.63:3300/0 3 ==== mon_map magic: 0 ==== 205+0+0 (secure 0 0 0) 0x7f98f4019c70 con 0x7f99041074d0
2024-04-25T20:20:47.570 INFO:teuthology.orchestra.run.smithi063.stdout:/usr/bin/ceph: stderr
2024-04-25T20:20:46.760+0000 7f990a0a0700 1 -- 172.21.15.63:0/3208270127 --> [v2:172.21.15.63:3300/0,v1:172.21.15.63:6789/0] -- mon_subscribe({osdmap=0}) -- 0x7f99041a1b20 con 0x7f99041074d0
2024-04-25T20:20:47.570 INFO:teuthology.orchestra.run.smithi063.stdout:/usr/bin/ceph: stderr
2024-04-25T20:20:46.761+0000 7f9900ff9700 1 -- 172.21.15.63:0/3208270127 <== mon.0 v2:172.21.15.63:3300/0 4 ==== mgrmap(e 8) ==== 46558+0+0 (secure 0 0 0) 0x7f98f4028060 con 0x7f99041074d0
2024-04-25T20:20:47.570 INFO:teuthology.orchestra.run.smithi063.stdout:/usr/bin/ceph: stderr
2024-04-25T20:20:46.761+0000 7f990a0a0700 1 -- 172.21.15.63:0/3208270127 --> [v2:172.21.15.63:3300/0,v1:172.21.15.63:6789/0] -- mon_command({"prefix": "get_command_descriptions"} v 0) -- 0x7f9904069b80 con 0x7f99041074d0
2024-04-25T20:20:47.570 INFO:teuthology.orchestra.run.smithi063.stdout:/usr/bin/ceph: stderr
2024-04-25T20:20:46.761+0000 7f9900ff9700 1 --2- 172.21.15.63:0/3208270127 >> [v2:172.21.15.63:6800/572997581,v1:172.21.15.63:6801/572997581] conn(0x7f98ec039560 0x7f98ec03ba20 unknown :-1 s=NONE pgs=0 cs=0 l=1 rev1=0 crypto rx=0 tx=0 comp rx=0 tx=0).connect
2024-04-25T20:20:47.570 INFO:teuthology.orchestra.run.smithi063.stdout:/usr/bin/ceph: stderr
2024-04-25T20:20:46.761+0000 7f9900ff9700 1 -- 172.21.15.63:0/3208270127 <== mon.0 v2:172.21.15.63:3300/0 5 ==== osd_map(2..2 src has 1..2) ==== 940+0+0 (secure 0 0 0) 0x7f98f404d9d0 con 0x7f99041074d0
2024-04-25T20:20:47.570 INFO:teuthology.orchestra.run.smithi063.stdout:/usr/bin/ceph: stderr
2024-04-25T20:20:46.761+0000 7f9902ffd700 1 --2- 172.21.15.63:0/3208270127 >> [v2:172.21.15.63:6800/572997581,v1:172.21.15.63:6801/572997581] conn(0x7f98ec039560 0x7f98ec03ba20 unknown :-1 s=BANNER_CONNECTING pgs=0 cs=0 l=1 rev1=0 crypto rx=0 tx=0 comp rx=0 tx=0)._handle_peer_banner_payload supported=3 required=0
2024-04-25T20:20:47.570 INFO:teuthology.orchestra.run.smithi063.stdout:/usr/bin/ceph: stderr
2024-04-25T20:20:46.761+0000 7f9902ffd700 1 --2- 172.21.15.63:0/3208270127 >> [v2:172.21.15.63:6800/572997581,v1:172.21.15.63:6801/572997581] conn(0x7f98ec039560 0x7f98ec03ba20 secure :-1 s=READY pgs=8 cs=0 l=1 rev1=1 crypto rx=0x7f98f8006fd0 tx=0x7f98f8006e40 comp rx=0 tx=0).ready entity=mgr.14120 client_cookie=0 server_cookie=0 in_seq=0 out_seq=0
2024-04-25T20:20:47.570 INFO:teuthology.orchestra.run.smithi063.stdout:/usr/bin/ceph: stderr
2024-04-25T20:20:46.766+0000 7f9900ff9700 1 -- 172.21.15.63:0/3208270127 <== mon.0 v2:172.21.15.63:3300/0 6 ==== mon_command_ack([{"prefix": "get_command_descriptions"}]=0 v0) ==== 72+0+188370 (secure 0 0 0) 0x7f98f4015070 con 0x7f99041074d0
2024-04-25T20:20:47.570 INFO:teuthology.orchestra.run.smithi063.stdout:/usr/bin/ceph: stderr
2024-04-25T20:20:46.978+0000 7f990a0a0700 1 -- 172.21.15.63:0/3208270127 --> [v2:172.21.15.63:6800/572997581,v1:172.21.15.63:6801/572997581] -- mgr_command(tid 0: {"prefix": "cephadm set-user", "user": "root", "target": ["mon-mgr", ""]}) -- 0x7f99040753f0 con 0x7f98ec039560
2024-04-25T20:20:47.570 INFO:teuthology.orchestra.run.smithi063.stdout:/usr/bin/ceph: stderr
2024-04-25T20:20:46.979+0000 7f9900ff9700 1 -- 172.21.15.63:0/3208270127 <== mgr.14120 v2:172.21.15.63:6800/572997581 1 ==== mgr_command_reply(tid 0: 0 ) ==== 8+0+16 (secure 0 0 0) 0x7f99040753f0 con 0x7f98ec039560
2024-04-25T20:20:47.570 INFO:teuthology.orchestra.run.smithi063.stdout:/usr/bin/ceph: stderr
2024-04-25T20:20:46.981+0000 7f990a0a0700 1 -- 172.21.15.63:0/3208270127 >> [v2:172.21.15.63:6800/572997581,v1:172.21.15.63:6801/572997581] conn(0x7f98ec039560 msgr2=0x7f98ec03ba20 secure :-1 s=STATE_CONNECTION_ESTABLISHED l=1).mark_down
2024-04-25T20:20:47.570 INFO:teuthology.orchestra.run.smithi063.stdout:/usr/bin/ceph: stderr
2024-04-25T20:20:46.981+0000 7f990a0a0700 1 --2- 172.21.15.63:0/3208270127 >> [v2:172.21.15.63:6800/572997581,v1:172.21.15.63:6801/572997581] conn(0x7f98ec039560 0x7f98ec03ba20 secure :-1 s=READY pgs=8 cs=0 l=1 rev1=1 crypto rx=0x7f98f8006fd0 tx=0x7f98f8006e40 comp rx=0 tx=0).stop
2024-04-25T20:20:47.571 INFO:teuthology.orchestra.run.smithi063.stdout:/usr/bin/ceph: stderr
2024-04-25T20:20:46.981+0000 7f990a0a0700 1 -- 172.21.15.63:0/3208270127 >> [v2:172.21.15.63:3300/0,v1:172.21.15.63:6789/0] conn(0x7f99041074d0 msgr2=0x7f990419e660 secure :-1 s=STATE_CONNECTION_ESTABLISHED l=1).mark_down
2024-04-25T20:20:47.571 INFO:teuthology.orchestra.run.smithi063.stdout:/usr/bin/ceph: stderr
2024-04-25T20:20:46.981+0000 7f990a0a0700 1 --2- 172.21.15.63:0/3208270127 >> [v2:172.21.15.63:3300/0,v1:172.21.15.63:6789/0] conn(0x7f99041074d0 0x7f990419e660 secure :-1 s=READY pgs=40 cs=0 l=1 rev1=1 crypto rx=0x7f98f400bfd0 tx=0x7f98f4003ff0 comp rx=0 tx=0).stop
2024-04-25T20:20:47.571 INFO:teuthology.orchestra.run.smithi063.stdout:/usr/bin/ceph: stderr
2024-04-25T20:20:46.981+0000 7f990a0a0700 1 -- 172.21.15.63:0/3208270127 shutdown_connections
2024-04-25T20:20:47.571 INFO:teuthology.orchestra.run.smithi063.stdout:/usr/bin/ceph: stderr
2024-04-25T20:20:46.981+0000 7f990a0a0700 1 --2- 172.21.15.63:0/3208270127 >> [v2:172.21.15.63:6800/572997581,v1:172.21.15.63:6801/572997581] conn(0x7f98ec039560 0x7f98ec03ba20 unknown :-1 s=CLOSED pgs=8 cs=0 l=1 rev1=1 crypto rx=0 tx=0 comp rx=0 tx=0).stop
2024-04-25T20:20:47.571 INFO:teuthology.orchestra.run.smithi063.stdout:/usr/bin/ceph: stderr
2024-04-25T20:20:46.981+0000 7f990a0a0700 1 --2- 172.21.15.63:0/3208270127 >> [v2:172.21.15.63:3300/0,v1:172.21.15.63:6789/0] conn(0x7f99041074d0 0x7f990419e660 unknown :-1 s=CLOSED pgs=40 cs=0 l=1 rev1=1 crypto rx=0 tx=0 comp rx=0 tx=0).stop
2024-04-25T20:20:47.571 INFO:teuthology.orchestra.run.smithi063.stdout:/usr/bin/ceph: stderr
2024-04-25T20:20:46.981+0000 7f990a0a0700 1 -- 172.21.15.63:0/3208270127 >> 172.21.15.63:0/3208270127 conn(0x7f9904102ab0 msgr2=0x7f9904190890 unknown :-1 s=STATE_NONE l=0).mark_down
2024-04-25T20:20:47.571 INFO:teuthology.orchestra.run.smithi063.stdout:/usr/bin/ceph: stderr
2024-04-25T20:20:46.981+0000 7f990a0a0700 1 -- 172.21.15.63:0/3208270127 shutdown_connections
2024-04-25T20:20:47.571 INFO:teuthology.orchestra.run.smithi063.stdout:/usr/bin/ceph: stderr
2024-04-25T20:20:46.981+0000 7f990a0a0700 1 -- 172.21.15.63:0/3208270127 wait complete.
2024-04-25T20:20:47.571 INFO:teuthology.orchestra.run.smithi063.stdout:Generating ssh key...
2024-04-25T20:20:47.813 INFO:journalctl@ceph.mon.a.smithi063.stdout:Apr 25 20:20:47 smithi063 ceph-mon[29400]: from='client.14134 -' entity='client.admin' cmd=[{"prefix": "cephadm set-user", "user": "root", "target": ["mon-mgr", ""]}]: dispatch
2024-04-25T20:20:48.906 INFO:journalctl@ceph.mon.a.smithi063.stdout:Apr 25 20:20:48 smithi063 ceph-mon[29400]: from='client.14136 -' entity='client.admin' cmd=[{"prefix": "cephadm generate-key", "target": ["mon-mgr", ""]}]: dispatch
2024-04-25T20:20:48.906 INFO:journalctl@ceph.mon.a.smithi063.stdout:Apr 25 20:20:48 smithi063 ceph-mon[29400]: Generating ssh key...
2024-04-25T20:20:48.906 INFO:journalctl@ceph.mgr.x.smithi063.stdout:Apr 25 20:20:48 smithi063 ceph-16c6eda0-0341-11ef-bc93-c7b262605968-mgr-x[29631]: Generating public/private rsa key pair.
2024-04-25T20:20:48.906 INFO:journalctl@ceph.mgr.x.smithi063.stdout:Apr 25 20:20:48 smithi063 ceph-16c6eda0-0341-11ef-bc93-c7b262605968-mgr-x[29631]: Your identification has been saved in /tmp/tmpt5abkvjq/key.
2024-04-25T20:20:48.907 INFO:journalctl@ceph.mgr.x.smithi063.stdout:Apr 25 20:20:48 smithi063 ceph-16c6eda0-0341-11ef-bc93-c7b262605968-mgr-x[29631]: Your public key has been saved in /tmp/tmpt5abkvjq/key.pub.
2024-04-25T20:20:48.907 INFO:journalctl@ceph.mgr.x.smithi063.stdout:Apr 25 20:20:48 smithi063 ceph-16c6eda0-0341-11ef-bc93-c7b262605968-mgr-x[29631]: The key fingerprint is:
2024-04-25T20:20:48.907 INFO:journalctl@ceph.mgr.x.smithi063.stdout:Apr 25 20:20:48 smithi063 ceph-16c6eda0-0341-11ef-bc93-c7b262605968-mgr-x[29631]: SHA256:OVaqGQ62YMC8fjaTs4eGoMe9I66z1D32qNxz970JC58 ceph-16c6eda0-0341-11ef-bc93-c7b262605968
2024-04-25T20:20:48.907 INFO:journalctl@ceph.mgr.x.smithi063.stdout:Apr 25 20:20:48 smithi063 ceph-16c6eda0-0341-11ef-bc93-c7b262605968-mgr-x[29631]: The key's randomart image is:
2024-04-25T20:20:48.907 INFO:journalctl@ceph.mgr.x.smithi063.stdout:Apr 25 20:20:48 smithi063 ceph-16c6eda0-0341-11ef-bc93-c7b262605968-mgr-x[29631]: +---[RSA 3072]----+
2024-04-25T20:20:48.907 INFO:journalctl@ceph.mgr.x.smithi063.stdout:Apr 25 20:20:48 smithi063 ceph-16c6eda0-0341-11ef-bc93-c7b262605968-mgr-x[29631]: | |
2024-04-25T20:20:48.907 INFO:journalctl@ceph.mgr.x.smithi063.stdout:Apr 25 20:20:48 smithi063 ceph-16c6eda0-0341-11ef-bc93-c7b262605968-mgr-x[29631]: |o |
2024-04-25T20:20:48.907 INFO:journalctl@ceph.mgr.x.smithi063.stdout:Apr 25 20:20:48 smithi063 ceph-16c6eda0-0341-11ef-bc93-c7b262605968-mgr-x[29631]: |.o . |
2024-04-25T20:20:48.907 INFO:journalctl@ceph.mgr.x.smithi063.stdout:Apr 25 20:20:48 smithi063 ceph-16c6eda0-0341-11ef-bc93-c7b262605968-mgr-x[29631]: | .. + |
2024-04-25T20:20:48.907 INFO:journalctl@ceph.mgr.x.smithi063.stdout:Apr 25 20:20:48 smithi063 ceph-16c6eda0-0341-11ef-bc93-c7b262605968-mgr-x[29631]: | .o o . S |
2024-04-25T20:20:48.907 INFO:journalctl@ceph.mgr.x.smithi063.stdout:Apr 25 20:20:48 smithi063 ceph-16c6eda0-0341-11ef-bc93-c7b262605968-mgr-x[29631]: |o..oo+ = . |
2024-04-25T20:20:48.907 INFO:journalctl@ceph.mgr.x.smithi063.stdout:Apr 25 20:20:48 smithi063 ceph-16c6eda0-0341-11ef-bc93-c7b262605968-mgr-x[29631]: |o+.Xo++ . . |
2024-04-25T20:20:48.907 INFO:journalctl@ceph.mgr.x.smithi063.stdout:Apr 25 20:20:48 smithi063 ceph-16c6eda0-0341-11ef-bc93-c7b262605968-mgr-x[29631]: |+.BoXo+. .o = . |
2024-04-25T20:20:48.907 INFO:journalctl@ceph.mgr.x.smithi063.stdout:Apr 25 20:20:48 smithi063 ceph-16c6eda0-0341-11ef-bc93-c7b262605968-mgr-x[29631]: |o*o=+=o.. .E +. |
2024-04-25T20:20:48.907 INFO:journalctl@ceph.mgr.x.smithi063.stdout:Apr 25 20:20:48 smithi063 ceph-16c6eda0-0341-11ef-bc93-c7b262605968-mgr-x[29631]: +----[SHA256]-----+
