2024-04-25T20:26:17.301+0000 7fd9457fa700 1 -- 172.21.15.32:0/267418260 <== mon.0 v2:172.21.15.32:3300/0 1 ==== mon_map magic: 0 ==== 205+0+0 (secure 0 0 0) 0x7fd9380038b0 con 0x7fd948108e30
2024-04-25T20:26:18.091 INFO:teuthology.orchestra.run.smithi032.stdout:/usr/bin/ceph: stderr
2024-04-25T20:26:17.302+0000 7fd9457fa700 1 -- 172.21.15.32:0/267418260 <== mon.0 v2:172.21.15.32:3300/0 2 ==== config(26 keys) ==== 1070+0+0 (secure 0 0 0) 0x7fd938003a50 con 0x7fd948108e30
2024-04-25T20:26:18.091 INFO:teuthology.orchestra.run.smithi032.stdout:/usr/bin/ceph: stderr
2024-04-25T20:26:17.302+0000 7fd94e3e5700 1 -- 172.21.15.32:0/267418260 --> [v2:172.21.15.32:3300/0,v1:172.21.15.32:6789/0] -- mon_subscribe({mgrmap=0+}) -- 0x7fd94819c9d0 con 0x7fd948108e30
2024-04-25T20:26:18.091 INFO:teuthology.orchestra.run.smithi032.stdout:/usr/bin/ceph: stderr
2024-04-25T20:26:17.302+0000 7fd9457fa700 1 -- 172.21.15.32:0/267418260 <== mon.0 v2:172.21.15.32:3300/0 3 ==== mon_map magic: 0 ==== 205+0+0 (secure 0 0 0) 0x7fd93801a5c0 con 0x7fd948108e30
2024-04-25T20:26:18.091 INFO:teuthology.orchestra.run.smithi032.stdout:/usr/bin/ceph: stderr
2024-04-25T20:26:17.302+0000 7fd94e3e5700 1 -- 172.21.15.32:0/267418260 --> [v2:172.21.15.32:3300/0,v1:172.21.15.32:6789/0] -- mon_subscribe({osdmap=0}) -- 0x7fd94819f6c0 con 0x7fd948108e30
2024-04-25T20:26:18.091 INFO:teuthology.orchestra.run.smithi032.stdout:/usr/bin/ceph: stderr
2024-04-25T20:26:17.303+0000 7fd9457fa700 1 -- 172.21.15.32:0/267418260 <== mon.0 v2:172.21.15.32:3300/0 4 ==== mgrmap(e 8) ==== 46558+0+0 (secure 0 0 0) 0x7fd938024430 con 0x7fd948108e30
2024-04-25T20:26:18.091 INFO:teuthology.orchestra.run.smithi032.stdout:/usr/bin/ceph: stderr
2024-04-25T20:26:17.303+0000 7fd94e3e5700 1 -- 172.21.15.32:0/267418260 --> [v2:172.21.15.32:3300/0,v1:172.21.15.32:6789/0] -- mon_command({"prefix": "get_command_descriptions"} v 0) -- 0x7fd948069b50 con 0x7fd948108e30
2024-04-25T20:26:18.091 INFO:teuthology.orchestra.run.smithi032.stdout:/usr/bin/ceph: stderr
2024-04-25T20:26:17.303+0000 7fd9457fa700 1 --2- 172.21.15.32:0/267418260 >> [v2:172.21.15.32:6800/3600055305,v1:172.21.15.32:6801/3600055305] conn(0x7fd930039670 0x7fd93003bb30 unknown :-1 s=NONE pgs=0 cs=0 l=1 rev1=0 crypto rx=0 tx=0 comp rx=0 tx=0).connect
2024-04-25T20:26:18.091 INFO:teuthology.orchestra.run.smithi032.stdout:/usr/bin/ceph: stderr
2024-04-25T20:26:17.303+0000 7fd9457fa700 1 -- 172.21.15.32:0/267418260 <== mon.0 v2:172.21.15.32:3300/0 5 ==== osd_map(2..2 src has 1..2) ==== 940+0+0 (secure 0 0 0) 0x7fd93804da70 con 0x7fd948108e30
2024-04-25T20:26:18.091 INFO:teuthology.orchestra.run.smithi032.stdout:/usr/bin/ceph: stderr
2024-04-25T20:26:17.303+0000 7fd9477fe700 1 --2- 172.21.15.32:0/267418260 >> [v2:172.21.15.32:6800/3600055305,v1:172.21.15.32:6801/3600055305] conn(0x7fd930039670 0x7fd93003bb30 unknown :-1 s=BANNER_CONNECTING pgs=0 cs=0 l=1 rev1=0 crypto rx=0 tx=0 comp rx=0 tx=0)._handle_peer_banner_payload supported=3 required=0
2024-04-25T20:26:18.091 INFO:teuthology.orchestra.run.smithi032.stdout:/usr/bin/ceph: stderr
2024-04-25T20:26:17.303+0000 7fd9477fe700 1 --2- 172.21.15.32:0/267418260 >> [v2:172.21.15.32:6800/3600055305,v1:172.21.15.32:6801/3600055305] conn(0x7fd930039670 0x7fd93003bb30 secure :-1 s=READY pgs=8 cs=0 l=1 rev1=1 crypto rx=0x7fd93c006fd0 tx=0x7fd93c006e40 comp rx=0 tx=0).ready entity=mgr.14116 client_cookie=0 server_cookie=0 in_seq=0 out_seq=0
2024-04-25T20:26:18.091 INFO:teuthology.orchestra.run.smithi032.stdout:/usr/bin/ceph: stderr
2024-04-25T20:26:17.308+0000 7fd9457fa700 1 -- 172.21.15.32:0/267418260 <== mon.0 v2:172.21.15.32:3300/0 6 ==== mon_command_ack([{"prefix": "get_command_descriptions"}]=0 v0) ==== 72+0+188370 (secure 0 0 0) 0x7fd93802d910 con 0x7fd948108e30
2024-04-25T20:26:18.092 INFO:teuthology.orchestra.run.smithi032.stdout:/usr/bin/ceph: stderr
2024-04-25T20:26:17.517+0000 7fd94e3e5700 1 -- 172.21.15.32:0/267418260 --> [v2:172.21.15.32:6800/3600055305,v1:172.21.15.32:6801/3600055305] -- mgr_command(tid 0: {"prefix": "cephadm set-user", "user": "root", "target": ["mon-mgr", ""]}) -- 0x7fd9481039e0 con 0x7fd930039670
2024-04-25T20:26:18.092 INFO:teuthology.orchestra.run.smithi032.stdout:/usr/bin/ceph: stderr
2024-04-25T20:26:17.518+0000 7fd9457fa700 1 -- 172.21.15.32:0/267418260 <== mgr.14116 v2:172.21.15.32:6800/3600055305 1 ==== mgr_command_reply(tid 0: 0 ) ==== 8+0+16 (secure 0 0 0) 0x7fd9481039e0 con 0x7fd930039670
2024-04-25T20:26:18.092 INFO:teuthology.orchestra.run.smithi032.stdout:/usr/bin/ceph: stderr
2024-04-25T20:26:17.520+0000 7fd94e3e5700 1 -- 172.21.15.32:0/267418260 >> [v2:172.21.15.32:6800/3600055305,v1:172.21.15.32:6801/3600055305] conn(0x7fd930039670 msgr2=0x7fd93003bb30 secure :-1 s=STATE_CONNECTION_ESTABLISHED l=1).mark_down
2024-04-25T20:26:18.092 INFO:teuthology.orchestra.run.smithi032.stdout:/usr/bin/ceph: stderr
2024-04-25T20:26:17.520+0000 7fd94e3e5700 1 --2- 172.21.15.32:0/267418260 >> [v2:172.21.15.32:6800/3600055305,v1:172.21.15.32:6801/3600055305] conn(0x7fd930039670 0x7fd93003bb30 secure :-1 s=READY pgs=8 cs=0 l=1 rev1=1 crypto rx=0x7fd93c006fd0 tx=0x7fd93c006e40 comp rx=0 tx=0).stop
2024-04-25T20:26:18.092 INFO:teuthology.orchestra.run.smithi032.stdout:/usr/bin/ceph: stderr
2024-04-25T20:26:17.520+0000 7fd94e3e5700 1 -- 172.21.15.32:0/267418260 >> [v2:172.21.15.32:3300/0,v1:172.21.15.32:6789/0] conn(0x7fd948108e30 msgr2=0x7fd94819c200 secure :-1 s=STATE_CONNECTION_ESTABLISHED l=1).mark_down
2024-04-25T20:26:18.092 INFO:teuthology.orchestra.run.smithi032.stdout:/usr/bin/ceph: stderr
2024-04-25T20:26:17.520+0000 7fd94e3e5700 1 --2- 172.21.15.32:0/267418260 >> [v2:172.21.15.32:3300/0,v1:172.21.15.32:6789/0] conn(0x7fd948108e30 0x7fd94819c200 secure :-1 s=READY pgs=36 cs=0 l=1 rev1=1 crypto rx=0x7fd938003f40 tx=0x7fd938011890 comp rx=0 tx=0).stop
2024-04-25T20:26:18.092 INFO:teuthology.orchestra.run.smithi032.stdout:/usr/bin/ceph: stderr
2024-04-25T20:26:17.520+0000 7fd94e3e5700 1 -- 172.21.15.32:0/267418260 shutdown_connections
2024-04-25T20:26:18.092 INFO:teuthology.orchestra.run.smithi032.stdout:/usr/bin/ceph: stderr
2024-04-25T20:26:17.520+0000 7fd94e3e5700 1 --2- 172.21.15.32:0/267418260 >> [v2:172.21.15.32:6800/3600055305,v1:172.21.15.32:6801/3600055305] conn(0x7fd930039670 0x7fd93003bb30 unknown :-1 s=CLOSED pgs=8 cs=0 l=1 rev1=1 crypto rx=0 tx=0 comp rx=0 tx=0).stop
2024-04-25T20:26:18.092 INFO:teuthology.orchestra.run.smithi032.stdout:/usr/bin/ceph: stderr
2024-04-25T20:26:17.520+0000 7fd94e3e5700 1 --2- 172.21.15.32:0/267418260 >> [v2:172.21.15.32:3300/0,v1:172.21.15.32:6789/0] conn(0x7fd948108e30 0x7fd94819c200 unknown :-1 s=CLOSED pgs=36 cs=0 l=1 rev1=1 crypto rx=0 tx=0 comp rx=0 tx=0).stop
2024-04-25T20:26:18.092 INFO:teuthology.orchestra.run.smithi032.stdout:/usr/bin/ceph: stderr
2024-04-25T20:26:17.520+0000 7fd94e3e5700 1 -- 172.21.15.32:0/267418260 >> 172.21.15.32:0/267418260 conn(0x7fd948102860 msgr2=0x7fd9481032d0 unknown :-1 s=STATE_NONE l=0).mark_down
2024-04-25T20:26:18.092 INFO:teuthology.orchestra.run.smithi032.stdout:/usr/bin/ceph: stderr
2024-04-25T20:26:17.520+0000 7fd94e3e5700 1 -- 172.21.15.32:0/267418260 shutdown_connections
2024-04-25T20:26:18.092 INFO:teuthology.orchestra.run.smithi032.stdout:/usr/bin/ceph: stderr
2024-04-25T20:26:17.520+0000 7fd94e3e5700 1 -- 172.21.15.32:0/267418260 wait complete.
2024-04-25T20:26:18.092 INFO:teuthology.orchestra.run.smithi032.stdout:Generating ssh key...
2024-04-25T20:26:18.367 INFO:journalctl@ceph.mon.a.smithi032.stdout:Apr 25 20:26:18 smithi032 ceph-mon[29271]: from='client.14130 -' entity='client.admin' cmd=[{"prefix": "cephadm set-user", "user": "root", "target": ["mon-mgr", ""]}]: dispatch
2024-04-25T20:26:19.493 INFO:journalctl@ceph.mon.a.smithi032.stdout:Apr 25 20:26:19 smithi032 ceph-mon[29271]: from='client.14132 -' entity='client.admin' cmd=[{"prefix": "cephadm generate-key", "target": ["mon-mgr", ""]}]: dispatch
2024-04-25T20:26:19.494 INFO:journalctl@ceph.mon.a.smithi032.stdout:Apr 25 20:26:19 smithi032 ceph-mon[29271]: Generating ssh key...
2024-04-25T20:26:19.494 INFO:journalctl@ceph.mgr.x.smithi032.stdout:Apr 25 20:26:19 smithi032 ceph-cf4390ea-0341-11ef-bc93-c7b262605968-mgr-x[29502]: Generating public/private rsa key pair.
2024-04-25T20:26:19.494 INFO:journalctl@ceph.mgr.x.smithi032.stdout:Apr 25 20:26:19 smithi032 ceph-cf4390ea-0341-11ef-bc93-c7b262605968-mgr-x[29502]: Your identification has been saved in /tmp/tmpyyqev2zh/key.
2024-04-25T20:26:19.494 INFO:journalctl@ceph.mgr.x.smithi032.stdout:Apr 25 20:26:19 smithi032 ceph-cf4390ea-0341-11ef-bc93-c7b262605968-mgr-x[29502]: Your public key has been saved in /tmp/tmpyyqev2zh/key.pub.
2024-04-25T20:26:19.494 INFO:journalctl@ceph.mgr.x.smithi032.stdout:Apr 25 20:26:19 smithi032 ceph-cf4390ea-0341-11ef-bc93-c7b262605968-mgr-x[29502]: The key fingerprint is:
2024-04-25T20:26:19.494 INFO:journalctl@ceph.mgr.x.smithi032.stdout:Apr 25 20:26:19 smithi032 ceph-cf4390ea-0341-11ef-bc93-c7b262605968-mgr-x[29502]: SHA256:QvVEaZFjJ1A8RcIh+37UavCtek+kA4/768MSj03dCgc ceph-cf4390ea-0341-11ef-bc93-c7b262605968
2024-04-25T20:26:19.494 INFO:journalctl@ceph.mgr.x.smithi032.stdout:Apr 25 20:26:19 smithi032 ceph-cf4390ea-0341-11ef-bc93-c7b262605968-mgr-x[29502]: The key's randomart image is:
2024-04-25T20:26:19.494 INFO:journalctl@ceph.mgr.x.smithi032.stdout:Apr 25 20:26:19 smithi032 ceph-cf4390ea-0341-11ef-bc93-c7b262605968-mgr-x[29502]: +---[RSA 3072]----+
2024-04-25T20:26:19.494 INFO:journalctl@ceph.mgr.x.smithi032.stdout:Apr 25 20:26:19 smithi032 ceph-cf4390ea-0341-11ef-bc93-c7b262605968-mgr-x[29502]: | +*BBo |
2024-04-25T20:26:19.495 INFO:journalctl@ceph.mgr.x.smithi032.stdout:Apr 25 20:26:19 smithi032 ceph-cf4390ea-0341-11ef-bc93-c7b262605968-mgr-x[29502]: | . =@.. |
2024-04-25T20:26:19.495 INFO:journalctl@ceph.mgr.x.smithi032.stdout:Apr 25 20:26:19 smithi032 ceph-cf4390ea-0341-11ef-bc93-c7b262605968-mgr-x[29502]: | . .o.= |
2024-04-25T20:26:19.495 INFO:journalctl@ceph.mgr.x.smithi032.stdout:Apr 25 20:26:19 smithi032 ceph-cf4390ea-0341-11ef-bc93-c7b262605968-mgr-x[29502]: | . . E. |
2024-04-25T20:26:19.495 INFO:journalctl@ceph.mgr.x.smithi032.stdout:Apr 25 20:26:19 smithi032 ceph-cf4390ea-0341-11ef-bc93-c7b262605968-mgr-x[29502]: | . S + .oo. |
2024-04-25T20:26:19.495 INFO:journalctl@ceph.mgr.x.smithi032.stdout:Apr 25 20:26:19 smithi032 ceph-cf4390ea-0341-11ef-bc93-c7b262605968-mgr-x[29502]: | . ..Bo=o .|
2024-04-25T20:26:19.495 INFO:journalctl@ceph.mgr.x.smithi032.stdout:Apr 25 20:26:19 smithi032 ceph-cf4390ea-0341-11ef-bc93-c7b262605968-mgr-x[29502]: | oBOoo. |
2024-04-25T20:26:19.495 INFO:journalctl@ceph.mgr.x.smithi032.stdout:Apr 25 20:26:19 smithi032 ceph-cf4390ea-0341-11ef-bc93-c7b262605968-mgr-x[29502]: | o+*+. |
2024-04-25T20:26:19.495 INFO:journalctl@ceph.mgr.x.smithi032.stdout:Apr 25 20:26:19 smithi032 ceph-cf4390ea-0341-11ef-bc93-c7b262605968-mgr-x[29502]: | o*=+. |
2024-04-25T20:26:19.495 INFO:journalctl@ceph.mgr.x.smithi032.stdout:Apr 25 20:26:19 smithi032 ceph-cf4390ea-0341-11ef-bc93-c7b262605968-mgr-x[29502]: +----[SHA256]-----+
2024-04-25T20:26:19.769 INFO:teuthology.orchestra.run.smithi032.stdout:/usr/bin/ceph: stderr
2024-04-25T20:26:18.577+0000 7f717d66c700 1 Processor -- start
2024-04-25T20:26:19.770 INFO:teuthology.orchestra.run.smithi032.stdout:/usr/bin/ceph: stderr
2024-04-25T20:26:18.578+0000 7f717d66c700 1 -- start start
2024-04-25T20:26:19.770 INFO:teuthology.orchestra.run.smithi032.stdout:/usr/bin/ceph: stderr
2024-04-25T20:26:18.578+0000 7f717d66c700 1 --2- >> [v2:172.21.15.32:3300/0,v1:172.21.15.32:6789/0] conn(0x7f7178108e90 0x7f717810b280 unknown :-1 s=NONE pgs=0 cs=0 l=0 rev1=0 crypto rx=0 tx=0 comp rx=0 tx=0).connect
2024-04-25T20:26:19.770 INFO:teuthology.orchestra.run.smithi032.stdout:/usr/bin/ceph: stderr
2024-04-25T20:26:18.578+0000 7f717d66c700 1 -- --> [v2:172.21.15.32:3300/0,v1:172.21.15.32:6789/0] -- mon_getmap magic: 0 -- 0x7f717807be00 con 0x7f7178108e90
2024-04-25T20:26:19.770 INFO:teuthology.orchestra.run.smithi032.stdout:/usr/bin/ceph: stderr
2024-04-25T20:26:18.578+0000 7f7176ffd700 1 --2- >> [v2:172.21.15.32:3300/0,v1:172.21.15.32:6789/0] conn(0x7f7178108e90 0x7f717810b280 unknown :-1 s=BANNER_CONNECTING pgs=0 cs=0 l=0 rev1=0 crypto rx=0 tx=0 comp rx=0 tx=0)._handle_peer_banner_payload supported=3 required=0
2024-04-25T20:26:19.770 INFO:teuthology.orchestra.run.smithi032.stdout:/usr/bin/ceph: stderr
2024-04-25T20:26:18.578+0000 7f7176ffd700 1 --2- >> [v2:172.21.15.32:3300/0,v1:172.21.15.32:6789/0] conn(0x7f7178108e90 0x7f717810b280 unknown :-1 s=HELLO_CONNECTING pgs=0 cs=0 l=0 rev1=1 crypto rx=0 tx=0 comp rx=0 tx=0).handle_hello peer v2:172.21.15.32:3300/0 says I am v2:172.21.15.32:51924/0 (socket says 172.21.15.32:51924)
2024-04-25T20:26:19.770 INFO:teuthology.orchestra.run.smithi032.stdout:/usr/bin/ceph: stderr
2024-04-25T20:26:18.578+0000 7f7176ffd700 1 -- 172.21.15.32:0/3979193436 learned_addr learned my addr 172.21.15.32:0/3979193436 (peer_addr_for_me v2:172.21.15.32:0/0)
2024-04-25T20:26:19.771 INFO:teuthology.orchestra.run.smithi032.stdout:/usr/bin/ceph: stderr
2024-04-25T20:26:18.578+0000 7f7176ffd700 1 -- 172.21.15.32:0/3979193436 --> [v2:172.21.15.32:3300/0,v1:172.21.15.32:6789/0] -- mon_subscribe({config=0+,monmap=0+}) -- 0x7f717810b7c0 con 0x7f7178108e90
2024-04-25T20:26:19.771 INFO:teuthology.orchestra.run.smithi032.stdout:/usr/bin/ceph: stderr
2024-04-25T20:26:18.578+0000 7f7176ffd700 1 --2- 172.21.15.32:0/3979193436 >> [v2:172.21.15.32:3300/0,v1:172.21.15.32:6789/0] conn(0x7f7178108e90 0x7f717810b280 secure :-1 s=READY pgs=37 cs=0 l=1 rev1=1 crypto rx=0x7f716c0098a0 tx=0x7f716c009bb0 comp rx=0 tx=0).ready entity=mon.0 client_cookie=8814882d57a0bb22 server_cookie=0 in_seq=0 out_seq=0
2024-04-25T20:26:19.771 INFO:teuthology.orchestra.run.smithi032.stdout:/usr/bin/ceph: stderr
2024-04-25T20:26:18.579+0000 7f7175ffb700 1 -- 172.21.15.32:0/3979193436 <== mon.0 v2:172.21.15.32:3300/0 1 ==== mon_map magic: 0 ==== 205+0+0 (secure 0 0 0) 0x7f716c004160 con 0x7f7178108e90
2024-04-25T20:26:19.771 INFO:teuthology.orchestra.run.smithi032.stdout:/usr/bin/ceph: stderr
2024-04-25T20:26:18.579+0000 7f7175ffb700 1 -- 172.21.15.32:0/3979193436 <== mon.0 v2:172.21.15.32:3300/0 2 ==== config(26 keys) ==== 1070+0+0 (secure 0 0 0) 0x7f716c004300 con 0x7f7178108e90
2024-04-25T20:26:19.771 INFO:teuthology.orchestra.run.smithi032.stdout:/usr/bin/ceph: stderr
2024-04-25T20:26:18.579+0000 7f7175ffb700 1 -- 172.21.15.32:0/3979193436 <== mon.0 v2:172.21.15.32:3300/0 3 ==== mon_map magic: 0 ==== 205+0+0 (secure 0 0 0) 0x7f716c011af0 con 0x7f7178108e90
2024-04-25T20:26:19.771 INFO:teuthology.orchestra.run.smithi032.stdout:/usr/bin/ceph: stderr
2024-04-25T20:26:18.579+0000 7f717d66c700 1 -- 172.21.15.32:0/3979193436 >> [v2:172.21.15.32:3300/0,v1:172.21.15.32:6789/0] conn(0x7f7178108e90 msgr2=0x7f717810b280 secure :-1 s=STATE_CONNECTION_ESTABLISHED l=1).mark_down
2024-04-25T20:26:19.771 INFO:teuthology.orchestra.run.smithi032.stdout:/usr/bin/ceph: stderr
2024-04-25T20:26:18.579+0000 7f717d66c700 1 --2- 172.21.15.32:0/3979193436 >> [v2:172.21.15.32:3300/0,v1:172.21.15.32:6789/0] conn(0x7f7178108e90 0x7f717810b280 secure :-1 s=READY pgs=37 cs=0 l=1 rev1=1 crypto rx=0x7f716c0098a0 tx=0x7f716c009bb0 comp rx=0 tx=0).stop
2024-04-25T20:26:19.771 INFO:teuthology.orchestra.run.smithi032.stdout:/usr/bin/ceph: stderr
2024-04-25T20:26:18.579+0000 7f717d66c700 1 -- 172.21.15.32:0/3979193436 shutdown_connections
2024-04-25T20:26:19.771 INFO:teuthology.orchestra.run.smithi032.stdout:/usr/bin/ceph: stderr
2024-04-25T20:26:18.579+0000 7f717d66c700 1 --2- 172.21.15.32:0/3979193436 >> [v2:172.21.15.32:3300/0,v1:172.21.15.32:6789/0] conn(0x7f7178108e90 0x7f717810b280 unknown :-1 s=CLOSED pgs=37 cs=0 l=1 rev1=1 crypto rx=0 tx=0 comp rx=0 tx=0).stop
2024-04-25T20:26:19.771 INFO:teuthology.orchestra.run.smithi032.stdout:/usr/bin/ceph: stderr
2024-04-25T20:26:18.579+0000 7f717d66c700 1 -- 172.21.15.32:0/3979193436 >> 172.21.15.32:0/3979193436 conn(0x7f7178102860 msgr2=0x7f7178104c80 unknown :-1 s=STATE_NONE l=0).mark_down
2024-04-25T20:26:19.771 INFO:teuthology.orchestra.run.smithi032.stdout:/usr/bin/ceph: stderr
2024-04-25T20:26:18.579+0000 7f717d66c700 1 -- 172.21.15.32:0/3979193436 shutdown_connections
2024-04-25T20:26:19.771 INFO:teuthology.orchestra.run.smithi032.stdout:/usr/bin/ceph: stderr
2024-04-25T20:26:18.579+0000 7f717d66c700 1 -- 172.21.15.32:0/3979193436 wait complete.
2024-04-25T20:26:19.771 INFO:teuthology.orchestra.run.smithi032.stdout:/usr/bin/ceph: stderr
2024-04-25T20:26:18.580+0000 7f717d66c700 1 Processor -- start
2024-04-25T20:26:19.771 INFO:teuthology.orchestra.run.smithi032.stdout:/usr/bin/ceph: stderr
2024-04-25T20:26:18.580+0000 7f717d66c700 1 -- start start
2024-04-25T20:26:19.772 INFO:teuthology.orchestra.run.smithi032.stdout:/usr/bin/ceph: stderr
2024-04-25T20:26:18.580+0000 7f717d66c700 1 --2- >> [v2:172.21.15.32:3300/0,v1:172.21.15.32:6789/0] conn(0x7f7178108e90 0x7f717819c1d0 unknown :-1 s=NONE pgs=0 cs=0 l=1 rev1=0 crypto rx=0 tx=0 comp rx=0 tx=0).connect
2024-04-25T20:26:19.772 INFO:teuthology.orchestra.run.smithi032.stdout:/usr/bin/ceph: stderr
2024-04-25T20:26:18.580+0000 7f717d66c700 1 -- --> [v2:172.21.15.32:3300/0,v1:172.21.15.32:6789/0] -- mon_getmap magic: 0 -- 0x7f717810c720 con 0x7f7178108e90
2024-04-25T20:26:19.772 INFO:teuthology.orchestra.run.smithi032.stdout:/usr/bin/ceph: stderr
2024-04-25T20:26:18.580+0000 7f7176ffd700 1 --2- >> [v2:172.21.15.32:3300/0,v1:172.21.15.32:6789/0] conn(0x7f7178108e90 0x7f717819c1d0 unknown :-1 s=BANNER_CONNECTING pgs=0 cs=0 l=1 rev1=0 crypto rx=0 tx=0 comp rx=0 tx=0)._handle_peer_banner_payload supported=3 required=0
2024-04-25T20:26:19.772 INFO:teuthology.orchestra.run.smithi032.stdout:/usr/bin/ceph: stderr
2024-04-25T20:26:18.580+0000 7f7176ffd700 1 --2- >> [v2:172.21.15.32:3300/0,v1:172.21.15.32:6789/0] conn(0x7f7178108e90 0x7f717819c1d0 unknown :-1 s=HELLO_CONNECTING pgs=0 cs=0 l=1 rev1=1 crypto rx=0 tx=0 comp rx=0 tx=0).handle_hello peer v2:172.21.15.32:3300/0 says I am v2:172.21.15.32:51932/0 (socket says 172.21.15.32:51932)
2024-04-25T20:26:19.772 INFO:teuthology.orchestra.run.smithi032.stdout:/usr/bin/ceph: stderr
2024-04-25T20:26:18.580+0000 7f7176ffd700 1 -- 172.21.15.32:0/4189872666 learned_addr learned my addr 172.21.15.32:0/4189872666 (peer_addr_for_me v2:172.21.15.32:0/0)
2024-04-25T20:26:19.772 INFO:teuthology.orchestra.run.smithi032.stdout:/usr/bin/ceph: stderr
2024-04-25T20:26:18.581+0000 7f7176ffd700 1 -- 172.21.15.32:0/4189872666 --> [v2:172.21.15.32:3300/0,v1:172.21.15.32:6789/0] -- mon_subscribe({config=0+,monmap=0+}) -- 0x7f717819c710 con 0x7f7178108e90
2024-04-25T20:26:19.772 INFO:teuthology.orchestra.run.smithi032.stdout:/usr/bin/ceph: stderr
2024-04-25T20:26:18.581+0000 7f7176ffd700 1 --2- 172.21.15.32:0/4189872666 >> [v2:172.21.15.32:3300/0,v1:172.21.15.32:6789/0] conn(0x7f7178108e90 0x7f717819c1d0 secure :-1 s=READY pgs=38 cs=0 l=1 rev1=1 crypto rx=0x7f716c011ac0 tx=0x7f716c011ba0 comp rx=0 tx=0).ready entity=mon.0 client_cookie=0 server_cookie=0 in_seq=0 out_seq=0
2024-04-25T20:26:19.772 INFO:teuthology.orchestra.run.smithi032.stdout:/usr/bin/ceph: stderr
2024-04-25T20:26:18.581+0000 7f715ffff700 1 -- 172.21.15.32:0/4189872666 <== mon.0 v2:172.21.15.32:3300/0 1 ==== mon_map magic: 0 ==== 205+0+0 (secure 0 0 0) 0x7f716c003b20 con 0x7f7178108e90
2024-04-25T20:26:19.772 INFO:teuthology.orchestra.run.smithi032.stdout:/usr/bin/ceph: stderr
2024-04-25T20:26:18.581+0000 7f715ffff700 1 -- 172.21.15.32:0/4189872666 <== mon.0 v2:172.21.15.32:3300/0 2 ==== config(26 keys) ==== 1070+0+0 (secure 0 0 0) 0x7f716c01a8c0 con 0x7f7178108e90
2024-04-25T20:26:19.772 INFO:teuthology.orchestra.run.smithi032.stdout:/usr/bin/ceph: stderr
2024-04-25T20:26:18.581+0000 7f717d66c700 1 -- 172.21.15.32:0/4189872666 --> [v2:172.21.15.32:3300/0,v1:172.21.15.32:6789/0] -- mon_subscribe({mgrmap=0+}) -- 0x7f717819c9a0 con 0x7f7178108e90
2024-04-25T20:26:19.772 INFO:teuthology.orchestra.run.smithi032.stdout:/usr/bin/ceph: stderr
2024-04-25T20:26:18.581+0000 7f715ffff700 1 -- 172.21.15.32:0/4189872666 <== mon.0 v2:172.21.15.32:3300/0 3 ==== mon_map magic: 0 ==== 205+0+0 (secure 0 0 0) 0x7f716c0248d0 con 0x7f7178108e90
2024-04-25T20:26:19.772 INFO:teuthology.orchestra.run.smithi032.stdout:/usr/bin/ceph: stderr
2024-04-25T20:26:18.581+0000 7f717d66c700 1 -- 172.21.15.32:0/4189872666 --> [v2:172.21.15.32:3300/0,v1:172.21.15.32:6789/0] -- mon_subscribe({osdmap=0}) -- 0x7f717819f690 con 0x7f7178108e90
2024-04-25T20:26:19.772 INFO:teuthology.orchestra.run.smithi032.stdout:/usr/bin/ceph: stderr
2024-04-25T20:26:18.582+0000 7f715ffff700 1 -- 172.21.15.32:0/4189872666 <== mon.0 v2:172.21.15.32:3300/0 4 ==== mgrmap(e 8) ==== 46558+0+0 (secure 0 0 0) 0x7f716c022020 con 0x7f7178108e90
2024-04-25T20:26:19.772 INFO:teuthology.orchestra.run.smithi032.stdout:/usr/bin/ceph: stderr
2024-04-25T20:26:18.582+0000 7f715ffff700 1 --2- 172.21.15.32:0/4189872666 >> [v2:172.21.15.32:6800/3600055305,v1:172.21.15.32:6801/3600055305] conn(0x7f7160039670 0x7f716003bb30 unknown :-1 s=NONE pgs=0 cs=0 l=1 rev1=0 crypto rx=0 tx=0 comp rx=0 tx=0).connect
2024-04-25T20:26:19.773 INFO:teuthology.orchestra.run.smithi032.stdout:/usr/bin/ceph: stderr
2024-04-25T20:26:18.582+0000 7f715ffff700 1 -- 172.21.15.32:0/4189872666 <== mon.0 v2:172.21.15.32:3300/0 5 ==== osd_map(2..2 src has 1..2) ==== 940+0+0 (secure 0 0 0) 0x7f716c04d8f0 con 0x7f7178108e90
2024-04-25T20:26:19.773 INFO:teuthology.orchestra.run.smithi032.stdout:/usr/bin/ceph: stderr
2024-04-25T20:26:18.582+0000 7f71767fc700 1 --2- 172.21.15.32:0/4189872666 >> [v2:172.21.15.32:6800/3600055305,v1:172.21.15.32:6801/3600055305] conn(0x7f7160039670 0x7f716003bb30 unknown :-1 s=BANNER_CONNECTING pgs=0 cs=0 l=1 rev1=0 crypto rx=0 tx=0 comp rx=0 tx=0)._handle_peer_banner_payload supported=3 required=0
2024-04-25T20:26:19.773 INFO:teuthology.orchestra.run.smithi032.stdout:/usr/bin/ceph: stderr
2024-04-25T20:26:18.582+0000 7f717d66c700 1 -- 172.21.15.32:0/4189872666 --> [v2:172.21.15.32:3300/0,v1:172.21.15.32:6789/0] -- mon_command({"prefix": "get_command_descriptions"} v 0) -- 0x7f71780640a0 con 0x7f7178108e90
2024-04-25T20:26:19.773 INFO:teuthology.orchestra.run.smithi032.stdout:/usr/bin/ceph: stderr
2024-04-25T20:26:18.583+0000 7f71767fc700 1 --2- 172.21.15.32:0/4189872666 >> [v2:172.21.15.32:6800/3600055305,v1:172.21.15.32:6801/3600055305] conn(0x7f7160039670 0x7f716003bb30 secure :-1 s=READY pgs=9 cs=0 l=1 rev1=1 crypto rx=0x7f7168006fd0 tx=0x7f7168006e40 comp rx=0 tx=0).ready entity=mgr.14116 client_cookie=0 server_cookie=0 in_seq=0 out_seq=0
2024-04-25T20:26:19.773 INFO:teuthology.orchestra.run.smithi032.stdout:/usr/bin/ceph: stderr
2024-04-25T20:26:18.588+0000 7f715ffff700 1 -- 172.21.15.32:0/4189872666 <== mon.0 v2:172.21.15.32:3300/0 6 ==== mon_command_ack([{"prefix": "get_command_descriptions"}]=0 v0) ==== 72+0+188370 (secure 0 0 0) 0x7f716c02cdf0 con 0x7f7178108e90
2024-04-25T20:26:19.773 INFO:teuthology.orchestra.run.smithi032.stdout:/usr/bin/ceph: stderr
2024-04-25T20:26:18.797+0000 7f717d66c700 1 -- 172.21.15.32:0/4189872666 --> [v2:172.21.15.32:6800/3600055305,v1:172.21.15.32:6801/3600055305] -- mgr_command(tid 0: {"prefix": "cephadm generate-key", "target": ["mon-mgr", ""]}) -- 0x7f7178103a00 con 0x7f7160039670
2024-04-25T20:26:19.773 INFO:teuthology.orchestra.run.smithi032.stdout:/usr/bin/ceph: stderr
2024-04-25T20:26:19.193+0000 7f715ffff700 1 -- 172.21.15.32:0/4189872666 <== mgr.14116 v2:172.21.15.32:6800/3600055305 1 ==== mgr_command_reply(tid 0: 0 ) ==== 8+0+0 (secure 0 0 0) 0x7f7178103a00 con 0x7f7160039670
2024-04-25T20:26:19.773 INFO:teuthology.orchestra.run.smithi032.stdout:/usr/bin/ceph: stderr
2024-04-25T20:26:19.195+0000 7f717d66c700 1 -- 172.21.15.32:0/4189872666 >> [v2:172.21.15.32:6800/3600055305,v1:172.21.15.32:6801/3600055305] conn(0x7f7160039670 msgr2=0x7f716003bb30 secure :-1 s=STATE_CONNECTION_ESTABLISHED l=1).mark_down
2024-04-25T20:26:19.773 INFO:teuthology.orchestra.run.smithi032.stdout:/usr/bin/ceph: stderr
2024-04-25T20:26:19.195+0000 7f717d66c700 1 --2- 172.21.15.32:0/4189872666 >> [v2:172.21.15.32:6800/3600055305,v1:172.21.15.32:6801/3600055305] conn(0x7f7160039670 0x7f716003bb30 secure :-1 s=READY pgs=9 cs=0 l=1 rev1=1 crypto rx=0x7f7168006fd0 tx=0x7f7168006e40 comp rx=0 tx=0).stop
2024-04-25T20:26:19.773 INFO:teuthology.orchestra.run.smithi032.stdout:/usr/bin/ceph: stderr
2024-04-25T20:26:19.195+0000 7f717d66c700 1 -- 172.21.15.32:0/4189872666 >> [v2:172.21.15.32:3300/0,v1:172.21.15.32:6789/0] conn(0x7f7178108e90 msgr2=0x7f717819c1d0 secure :-1 s=STATE_CONNECTION_ESTABLISHED l=1).mark_down
2024-04-25T20:26:19.773 INFO:teuthology.orchestra.run.smithi032.stdout:/usr/bin/ceph: stderr
2024-04-25T20:26:19.195+0000 7f717d66c700 1 --2- 172.21.15.32:0/4189872666 >> [v2:172.21.15.32:3300/0,v1:172.21.15.32:6789/0] conn(0x7f7178108e90 0x7f717819c1d0 secure :-1 s=READY pgs=38 cs=0 l=1 rev1=1 crypto rx=0x7f716c011ac0 tx=0x7f716c011ba0 comp rx=0 tx=0).stop
2024-04-25T20:26:19.773 INFO:teuthology.orchestra.run.smithi032.stdout:/usr/bin/ceph: stderr
2024-04-25T20:26:19.196+0000 7f717d66c700 1 -- 172.21.15.32:0/4189872666 shutdown_connections
2024-04-25T20:26:19.773 INFO:teuthology.orchestra.run.smithi032.stdout:/usr/bin/ceph: stderr
2024-04-25T20:26:19.196+0000 7f717d66c700 1 --2- 172.21.15.32:0/4189872666 >> [v2:172.21.15.32:6800/3600055305,v1:172.21.15.32:6801/3600055305] conn(0x7f7160039670 0x7f716003bb30 unknown :-1 s=CLOSED pgs=9 cs=0 l=1 rev1=1 crypto rx=0 tx=0 comp rx=0 tx=0).stop
2024-04-25T20:26:19.773 INFO:teuthology.orchestra.run.smithi032.stdout:/usr/bin/ceph: stderr
2024-04-25T20:26:19.196+0000 7f717d66c700 1 --2- 172.21.15.32:0/4189872666 >> [v2:172.21.15.32:3300/0,v1:172.21.15.32:6789/0] conn(0x7f7178108e90 0x7f717819c1d0 unknown :-1 s=CLOSED pgs=38 cs=0 l=1 rev1=1 crypto rx=0 tx=0 comp rx=0 tx=0).stop
2024-04-25T20:26:19.773 INFO:teuthology.orchestra.run.smithi032.stdout:/usr/bin/ceph: stderr
2024-04-25T20:26:19.196+0000 7f717d66c700 1 -- 172.21.15.32:0/4189872666 >> 172.21.15.32:0/4189872666 conn(0x7f7178102860 msgr2=0x7f71781032f0 unknown :-1 s=STATE_NONE l=0).mark_down
2024-04-25T20:26:19.774 INFO:teuthology.orchestra.run.smithi032.stdout:/usr/bin/ceph: stderr
2024-04-25T20:26:19.196+0000 7f717d66c700 1 -- 172.21.15.32:0/4189872666 shutdown_connections
2024-04-25T20:26:19.774 INFO:teuthology.orchestra.run.smithi032.stdout:/usr/bin/ceph: stderr
2024-04-25T20:26:19.196+0000 7f717d66c700 1 -- 172.21.15.32:0/4189872666 wait complete.
2024-04-25T20:26:20.393 INFO:journalctl@ceph.mon.a.smithi032.stdout:Apr 25 20:26:20 smithi032 ceph-mon[29271]: from='mgr.14116 172.21.15.32:0/3478439069' entity='mgr.x'
2024-04-25T20:26:20.393 INFO:journalctl@ceph.mon.a.smithi032.stdout:Apr 25 20:26:20 smithi032 ceph-mon[29271]: from='mgr.14116 172.21.15.32:0/3478439069' entity='mgr.x'
2024-04-25T20:26:20.893 INFO:teuthology.orchestra.run.smithi032.stdout:/usr/bin/ceph: stdout ssh-rsa AAAAB3NzaC1yc2EAAAADAQABAAABgQDdpp0SO6m2cLsL8cDomRQcHbn4MPr1EQ6BTirjTHseMH1790mIbqNg7lPItusOTv3SADDpaO97N74m2SaDw5ZIusxNcK5g2ko28FIIz3zSTkIHF+Thp+qKStLxdI40cQJwcMFZzjlldjlYny9hZNZ9Hck5b04/KNbyPFeGEWk03Tq/8UoQMTfuAzsDK7XvcLviGbxBcEv1e6jg3r83zkA5VdCzt1IiaY3BXeeAOwNGBnYEXA/41Wl0xZWsG2o+Ld1Qai0FMU8DA1q4bb6ZanivUc96VtR4qv4QDJAnKfENviCxhBp9R5b15Sol/c0izZMjldWPTbhg+16QuXj233eeApDj52MBU3iY5CflOUcrnEsFGElXsT2OIu4zhPdMe5IJXTQTTnxnkL0PnTvHBU5B2iGxYze/yepaDrHf3BHzfwsfiQ80Hlzmjp7Zjt1B+fb9bw71X2X1OvYK3nydHVf1fU4Yp6f0epvSsorHz3AJ8qPi6d2zgMB5xwEYgLGEUSc= ceph-cf4390ea-0341-11ef-bc93-c7b262605968
2024-04-25T20:26:20.893 INFO:teuthology.orchestra.run.smithi032.stdout:/usr/bin/ceph: stderr
2024-04-25T20:26:20.198+0000 7fca91f8a700 1 Processor -- start
2024-04-25T20:26:20.893 INFO:teuthology.orchestra.run.smithi032.stdout:/usr/bin/ceph: stderr
2024-04-25T20:26:20.198+0000 7fca91f8a700 1 -- start start
2024-04-25T20:26:20.893 INFO:teuthology.orchestra.run.smithi032.stdout:/usr/bin/ceph: stderr
2024-04-25T20:26:20.198+0000 7fca91f8a700 1 --2- >> [v2:172.21.15.32:3300/0,v1:172.21.15.32:6789/0] conn(0x7fca8c106c10 0x7fca8c107030 unknown :-1 s=NONE pgs=0 cs=0 l=0 rev1=0 crypto rx=0 tx=0 comp rx=0 tx=0).connect
2024-04-25T20:26:20.893 INFO:teuthology.orchestra.run.smithi032.stdout:/usr/bin/ceph: stderr
2024-04-25T20:26:20.198+0000 7fca91f8a700 1 -- --> [v2:172.21.15.32:3300/0,v1:172.21.15.32:6789/0] -- mon_getmap magic: 0 -- 0x7fca8c07be40 con 0x7fca8c106c10
2024-04-25T20:26:20.893 INFO:teuthology.orchestra.run.smithi032.stdout:/usr/bin/ceph: stderr
2024-04-25T20:26:20.198+0000 7fca8b7fe700 1 --2- >> [v2:172.21.15.32:3300/0,v1:172.21.15.32:6789/0] conn(0x7fca8c106c10 0x7fca8c107030 unknown :-1 s=BANNER_CONNECTING pgs=0 cs=0 l=0 rev1=0 crypto rx=0 tx=0 comp rx=0 tx=0)._handle_peer_banner_payload supported=3 required=0
2024-04-25T20:26:20.893 INFO:teuthology.orchestra.run.smithi032.stdout:/usr/bin/ceph: stderr
2024-04-25T20:26:20.198+0000 7fca8b7fe700 1 --2- >> [v2:172.21.15.32:3300/0,v1:172.21.15.32:6789/0] conn(0x7fca8c106c10 0x7fca8c107030 unknown :-1 s=HELLO_CONNECTING pgs=0 cs=0 l=0 rev1=1 crypto rx=0 tx=0 comp rx=0 tx=0).handle_hello peer v2:172.21.15.32:3300/0 says I am v2:172.21.15.32:51936/0 (socket says 172.21.15.32:51936)
2024-04-25T20:26:20.893 INFO:teuthology.orchestra.run.smithi032.stdout:/usr/bin/ceph: stderr
2024-04-25T20:26:20.198+0000 7fca8b7fe700 1 -- 172.21.15.32:0/2148385183 learned_addr learned my addr 172.21.15.32:0/2148385183 (peer_addr_for_me v2:172.21.15.32:0/0)
2024-04-25T20:26:20.894 INFO:teuthology.orchestra.run.smithi032.stdout:/usr/bin/ceph: stderr
2024-04-25T20:26:20.199+0000 7fca8b7fe700 1 -- 172.21.15.32:0/2148385183 --> [v2:172.21.15.32:3300/0,v1:172.21.15.32:6789/0] -- mon_subscribe({config=0+,monmap=0+}) -- 0x7fca8c107570 con 0x7fca8c106c10
2024-04-25T20:26:20.894 INFO:teuthology.orchestra.run.smithi032.stdout:/usr/bin/ceph: stderr
2024-04-25T20:26:20.199+0000 7fca8b7fe700 1 --2- 172.21.15.32:0/2148385183 >> [v2:172.21.15.32:3300/0,v1:172.21.15.32:6789/0] conn(0x7fca8c106c10 0x7fca8c107030 secure :-1 s=READY pgs=39 cs=0 l=1 rev1=1 crypto rx=0x7fca7c0098a0 tx=0x7fca7c009bb0 comp rx=0 tx=0).ready entity=mon.0 client_cookie=334f3a16dfa14794 server_cookie=0 in_seq=0 out_seq=0
2024-04-25T20:26:20.894 INFO:teuthology.orchestra.run.smithi032.stdout:/usr/bin/ceph: stderr
2024-04-25T20:26:20.199+0000 7fca8a7fc700 1 -- 172.21.15.32:0/2148385183 <== mon.0 v2:172.21.15.32:3300/0 1 ==== mon_map magic: 0 ==== 205+0+0 (secure 0 0 0) 0x7fca7c004160 con 0x7fca8c106c10
2024-04-25T20:26:20.894 INFO:teuthology.orchestra.run.smithi032.stdout:/usr/bin/ceph: stderr
2024-04-25T20:26:20.199+0000 7fca8a7fc700 1 -- 172.21.15.32:0/2148385183 <== mon.0 v2:172.21.15.32:3300/0 2 ==== config(26 keys) ==== 1070+0+0 (secure 0 0 0) 0x7fca7c004300 con 0x7fca8c106c10
2024-04-25T20:26:20.894 INFO:teuthology.orchestra.run.smithi032.stdout:/usr/bin/ceph: stderr
2024-04-25T20:26:20.199+0000 7fca8a7fc700 1 -- 172.21.15.32:0/2148385183 <== mon.0 v2:172.21.15.32:3300/0 3 ==== mon_map magic: 0 ==== 205+0+0 (secure 0 0 0) 0x7fca7c011af0 con 0x7fca8c106c10
2024-04-25T20:26:20.894 INFO:teuthology.orchestra.run.smithi032.stdout:/usr/bin/ceph: stderr
2024-04-25T20:26:20.199+0000 7fca91f8a700 1 -- 172.21.15.32:0/2148385183 >> [v2:172.21.15.32:3300/0,v1:172.21.15.32:6789/0] conn(0x7fca8c106c10 msgr2=0x7fca8c107030 secure :-1 s=STATE_CONNECTION_ESTABLISHED l=1).mark_down
2024-04-25T20:26:20.894 INFO:teuthology.orchestra.run.smithi032.stdout:/usr/bin/ceph: stderr
2024-04-25T20:26:20.199+0000 7fca91f8a700 1 --2- 172.21.15.32:0/2148385183 >> [v2:172.21.15.32:3300/0,v1:172.21.15.32:6789/0] conn(0x7fca8c106c10 0x7fca8c107030 secure :-1 s=READY pgs=39 cs=0 l=1 rev1=1 crypto rx=0x7fca7c0098a0 tx=0x7fca7c009bb0 comp rx=0 tx=0).stop
2024-04-25T20:26:20.894 INFO:teuthology.orchestra.run.smithi032.stdout:/usr/bin/ceph: stderr
2024-04-25T20:26:20.199+0000 7fca91f8a700 1 -- 172.21.15.32:0/2148385183 shutdown_connections
2024-04-25T20:26:20.894 INFO:teuthology.orchestra.run.smithi032.stdout:/usr/bin/ceph: stderr
2024-04-25T20:26:20.200+0000 7fca91f8a700 1 --2- 172.21.15.32:0/2148385183 >> [v2:172.21.15.32:3300/0,v1:172.21.15.32:6789/0] conn(0x7fca8c106c10 0x7fca8c107030 unknown :-1 s=CLOSED pgs=39 cs=0 l=1 rev1=1 crypto rx=0 tx=0 comp rx=0 tx=0).stop
2024-04-25T20:26:20.894 INFO:teuthology.orchestra.run.smithi032.stdout:/usr/bin/ceph: stderr
2024-04-25T20:26:20.200+0000 7fca91f8a700 1 -- 172.21.15.32:0/2148385183 >> 172.21.15.32:0/2148385183 conn(0x7fca8c1027f0 msgr2=0x7fca8c104c30 unknown :-1 s=STATE_NONE l=0).mark_down
2024-04-25T20:26:20.894 INFO:teuthology.orchestra.run.smithi032.stdout:/usr/bin/ceph: stderr
2024-04-25T20:26:20.200+0000 7fca91f8a700 1 -- 172.21.15.32:0/2148385183 shutdown_connections
2024-04-25T20:26:20.894 INFO:teuthology.orchestra.run.smithi032.stdout:/usr/bin/ceph: stderr
2024-04-25T20:26:20.200+0000 7fca91f8a700 1 -- 172.21.15.32:0/2148385183 wait complete.
2024-04-25T20:26:20.894 INFO:teuthology.orchestra.run.smithi032.stdout:/usr/bin/ceph: stderr
2024-04-25T20:26:20.200+0000 7fca91f8a700 1 Processor -- start
2024-04-25T20:26:20.895 INFO:teuthology.orchestra.run.smithi032.stdout:/usr/bin/ceph: stderr
2024-04-25T20:26:20.200+0000 7fca91f8a700 1 -- start start
2024-04-25T20:26:20.895 INFO:teuthology.orchestra.run.smithi032.stdout:/usr/bin/ceph: stderr
2024-04-25T20:26:20.201+0000 7fca91f8a700 1 --2- >> [v2:172.21.15.32:3300/0,v1:172.21.15.32:6789/0] conn(0x7fca8c106c10 0x7fca8c19e3b0 unknown :-1 s=NONE pgs=0 cs=0 l=1 rev1=0 crypto rx=0 tx=0 comp rx=0 tx=0).connect
2024-04-25T20:26:20.895 INFO:teuthology.orchestra.run.smithi032.stdout:/usr/bin/ceph: stderr
2024-04-25T20:26:20.201+0000 7fca91f8a700 1 -- --> [v2:172.21.15.32:3300/0,v1:172.21.15.32:6789/0] -- mon_getmap magic: 0 -- 0x7fca8c1085a0 con 0x7fca8c106c10
2024-04-25T20:26:20.895 INFO:teuthology.orchestra.run.smithi032.stdout:/usr/bin/ceph: stderr
2024-04-25T20:26:20.201+0000 7fca8b7fe700 1 --2- >> [v2:172.21.15.32:3300/0,v1:172.21.15.32:6789/0] conn(0x7fca8c106c10 0x7fca8c19e3b0 unknown :-1 s=BANNER_CONNECTING pgs=0 cs=0 l=1 rev1=0 crypto rx=0 tx=0 comp rx=0 tx=0)._handle_peer_banner_payload supported=3 required=0
2024-04-25T20:26:20.895 INFO:teuthology.orchestra.run.smithi032.stdout:/usr/bin/ceph: stderr
2024-04-25T20:26:20.201+0000 7fca8b7fe700 1 --2- >> [v2:172.21.15.32:3300/0,v1:172.21.15.32:6789/0] conn(0x7fca8c106c10 0x7fca8c19e3b0 unknown :-1 s=HELLO_CONNECTING pgs=0 cs=0 l=1 rev1=1 crypto rx=0 tx=0 comp rx=0 tx=0).handle_hello peer v2:172.21.15.32:3300/0 says I am v2:172.21.15.32:51948/0 (socket says 172.21.15.32:51948)
2024-04-25T20:26:20.895 INFO:teuthology.orchestra.run.smithi032.stdout:/usr/bin/ceph: stderr
2024-04-25T20:26:20.201+0000 7fca8b7fe700 1 -- 172.21.15.32:0/285474573 learned_addr learned my addr 172.21.15.32:0/285474573 (peer_addr_for_me v2:172.21.15.32:0/0)
2024-04-25T20:26:20.895 INFO:teuthology.orchestra.run.smithi032.stdout:/usr/bin/ceph: stderr
2024-04-25T20:26:20.201+0000 7fca8b7fe700 1 -- 172.21.15.32:0/285474573 --> [v2:172.21.15.32:3300/0,v1:172.21.15.32:6789/0] -- mon_subscribe({config=0+,monmap=0+}) -- 0x7fca8c19e8f0 con 0x7fca8c106c10
2024-04-25T20:26:20.895 INFO:teuthology.orchestra.run.smithi032.stdout:/usr/bin/ceph: stderr
2024-04-25T20:26:20.201+0000 7fca8b7fe700 1 --2- 172.21.15.32:0/285474573 >> [v2:172.21.15.32:3300/0,v1:172.21.15.32:6789/0] conn(0x7fca8c106c10 0x7fca8c19e3b0 secure :-1 s=READY pgs=40 cs=0 l=1 rev1=1 crypto rx=0x7fca7c003f40 tx=0x7fca7c011890 comp rx=0 tx=0).ready entity=mon.0 client_cookie=0 server_cookie=0 in_seq=0 out_seq=0
2024-04-25T20:26:20.895 INFO:teuthology.orchestra.run.smithi032.stdout:/usr/bin/ceph: stderr
2024-04-25T20:26:20.201+0000 7fca88ff9700 1 -- 172.21.15.32:0/285474573 <== mon.0 v2:172.21.15.32:3300/0 1 ==== mon_map magic: 0 ==== 205+0+0 (secure 0 0 0) 0x7fca7c0038b0 con 0x7fca8c106c10
2024-04-25T20:26:20.895 INFO:teuthology.orchestra.run.smithi032.stdout:/usr/bin/ceph: stderr
2024-04-25T20:26:20.201+0000 7fca88ff9700 1 -- 172.21.15.32:0/285474573 <== mon.0 v2:172.21.15.32:3300/0 2 ==== config(26 keys) ==== 1070+0+0 (secure 0 0 0) 0x7fca7c003a50 con 0x7fca8c106c10
2024-04-25T20:26:20.895 INFO:teuthology.orchestra.run.smithi032.stdout:/usr/bin/ceph: stderr
2024-04-25T20:26:20.201+0000 7fca91f8a700 1 -- 172.21.15.32:0/285474573 --> [v2:172.21.15.32:3300/0,v1:172.21.15.32:6789/0] -- mon_subscribe({mgrmap=0+}) -- 0x7fca8c19eb80 con 0x7fca8c106c10
2024-04-25T20:26:20.895 INFO:teuthology.orchestra.run.smithi032.stdout:/usr/bin/ceph: stderr
2024-04-25T20:26:20.201+0000 7fca88ff9700 1 -- 172.21.15.32:0/285474573 <== mon.0 v2:172.21.15.32:3300/0 3 ==== mon_map magic: 0 ==== 205+0+0 (secure 0 0 0) 0x7fca7c01a5c0 con 0x7fca8c106c10
2024-04-25T20:26:20.896 INFO:teuthology.orchestra.run.smithi032.stdout:/usr/bin/ceph: stderr
2024-04-25T20:26:20.201+0000 7fca91f8a700 1 -- 172.21.15.32:0/285474573 --> [v2:172.21.15.32:3300/0,v1:172.21.15.32:6789/0] -- mon_subscribe({osdmap=0}) -- 0x7fca8c1a1870 con 0x7fca8c106c10
2024-04-25T20:26:20.896 INFO:teuthology.orchestra.run.smithi032.stdout:/usr/bin/ceph: stderr
2024-04-25T20:26:20.202+0000 7fca88ff9700 1 -- 172.21.15.32:0/285474573 <== mon.0 v2:172.21.15.32:3300/0 4 ==== mgrmap(e 8) ==== 46558+0+0 (secure 0 0 0) 0x7fca7c01a870 con 0x7fca8c106c10
2024-04-25T20:26:20.896 INFO:teuthology.orchestra.run.smithi032.stdout:/usr/bin/ceph: stderr
2024-04-25T20:26:20.202+0000 7fca91f8a700 1 -- 172.21.15.32:0/285474573 --> [v2:172.21.15.32:3300/0,v1:172.21.15.32:6789/0] -- mon_command({"prefix": "get_command_descriptions"} v 0) -- 0x7fca8c0640a0 con 0x7fca8c106c10
2024-04-25T20:26:20.896 INFO:teuthology.orchestra.run.smithi032.stdout:/usr/bin/ceph: stderr
2024-04-25T20:26:20.203+0000 7fca88ff9700 1 --2- 172.21.15.32:0/285474573 >> [v2:172.21.15.32:6800/3600055305,v1:172.21.15.32:6801/3600055305] conn(0x7fca74039670 0x7fca7403bb30 unknown :-1 s=NONE pgs=0 cs=0 l=1 rev1=0 crypto rx=0 tx=0 comp rx=0 tx=0).connect
2024-04-25T20:26:20.896 INFO:teuthology.orchestra.run.smithi032.stdout:/usr/bin/ceph: stderr
2024-04-25T20:26:20.203+0000 7fca88ff9700 1 -- 172.21.15.32:0/285474573 <== mon.0 v2:172.21.15.32:3300/0 5 ==== osd_map(2..2 src has 1..2) ==== 940+0+0 (secure 0 0 0) 0x7fca7c04dce0 con 0x7fca8c106c10
2024-04-25T20:26:20.896 INFO:teuthology.orchestra.run.smithi032.stdout:/usr/bin/ceph: stderr
2024-04-25T20:26:20.203+0000 7fca8affd700 1 --2- 172.21.15.32:0/285474573 >> [v2:172.21.15.32:6800/3600055305,v1:172.21.15.32:6801/3600055305] conn(0x7fca74039670 0x7fca7403bb30 unknown :-1 s=BANNER_CONNECTING pgs=0 cs=0 l=1 rev1=0 crypto rx=0 tx=0 comp rx=0 tx=0)._handle_peer_banner_payload supported=3 required=0
2024-04-25T20:26:20.896 INFO:teuthology.orchestra.run.smithi032.stdout:/usr/bin/ceph: stderr
2024-04-25T20:26:20.203+0000 7fca8affd700 1 --2- 172.21.15.32:0/285474573 >> [v2:172.21.15.32:6800/3600055305,v1:172.21.15.32:6801/3600055305] conn(0x7fca74039670 0x7fca7403bb30 secure :-1 s=READY pgs=10 cs=0 l=1 rev1=1 crypto rx=0x7fca80006fd0 tx=0x7fca80006e40 comp rx=0 tx=0).ready entity=mgr.14116 client_cookie=0 server_cookie=0 in_seq=0 out_seq=0
2024-04-25T20:26:20.896 INFO:teuthology.orchestra.run.smithi032.stdout:/usr/bin/ceph: stderr
2024-04-25T20:26:20.208+0000 7fca88ff9700 1 -- 172.21.15.32:0/285474573 <== mon.0 v2:172.21.15.32:3300/0 6 ==== mon_command_ack([{"prefix": "get_command_descriptions"}]=0 v0) ==== 72+0+188370 (secure 0 0 0) 0x7fca7c019c70 con 0x7fca8c106c10
2024-04-25T20:26:20.896 INFO:teuthology.orchestra.run.smithi032.stdout:/usr/bin/ceph: stderr
2024-04-25T20:26:20.420+0000 7fca91f8a700 1 -- 172.21.15.32:0/285474573 --> [v2:172.21.15.32:6800/3600055305,v1:172.21.15.32:6801/3600055305] -- mgr_command(tid 0: {"prefix": "cephadm get-pub-key", "target": ["mon-mgr", ""]}) -- 0x7fca8c02e360 con 0x7fca74039670
2024-04-25T20:26:20.896 INFO:teuthology.orchestra.run.smithi032.stdout:/usr/bin/ceph: stderr
2024-04-25T20:26:20.421+0000 7fca88ff9700 1 -- 172.21.15.32:0/285474573 <== mgr.14116 v2:172.21.15.32:6800/3600055305 1 ==== mgr_command_reply(tid 0: 0 ) ==== 8+0+595 (secure 0 0 0) 0x7fca8c02e360 con 0x7fca74039670
2024-04-25T20:26:20.896 INFO:teuthology.orchestra.run.smithi032.stdout:/usr/bin/ceph: stderr
2024-04-25T20:26:20.423+0000 7fca91f8a700 1 -- 172.21.15.32:0/285474573 >> [v2:172.21.15.32:6800/3600055305,v1:172.21.15.32:6801/3600055305] conn(0x7fca74039670 msgr2=0x7fca7403bb30 secure :-1 s=STATE_CONNECTION_ESTABLISHED l=1).mark_down
2024-04-25T20:26:20.896 INFO:teuthology.orchestra.run.smithi032.stdout:/usr/bin/ceph: stderr
2024-04-25T20:26:20.423+0000 7fca91f8a700 1 --2- 172.21.15.32:0/285474573 >> [v2:172.21.15.32:6800/3600055305,v1:172.21.15.32:6801/3600055305] conn(0x7fca74039670 0x7fca7403bb30 secure :-1 s=READY pgs=10 cs=0 l=1 rev1=1 crypto rx=0x7fca80006fd0 tx=0x7fca80006e40 comp rx=0 tx=0).stop
2024-04-25T20:26:20.896 INFO:teuthology.orchestra.run.smithi032.stdout:/usr/bin/ceph: stderr
2024-04-25T20:26:20.423+0000 7fca91f8a700 1 -- 172.21.15.32:0/285474573 >> [v2:172.21.15.32:3300/0,v1:172.21.15.32:6789/0] conn(0x7fca8c106c10 msgr2=0x7fca8c19e3b0 secure :-1 s=STATE_CONNECTION_ESTABLISHED l=1).mark_down
2024-04-25T20:26:20.897 INFO:teuthology.orchestra.run.smithi032.stdout:/usr/bin/ceph: stderr
2024-04-25T20:26:20.423+0000 7fca91f8a700 1 --2- 172.21.15.32:0/285474573 >> [v2:172.21.15.32:3300/0,v1:172.21.15.32:6789/0] conn(0x7fca8c106c10 0x7fca8c19e3b0 secure :-1 s=READY pgs=40 cs=0 l=1 rev1=1 crypto rx=0x7fca7c003f40 tx=0x7fca7c011890 comp rx=0 tx=0).stop
2024-04-25T20:26:20.897 INFO:teuthology.orchestra.run.smithi032.stdout:/usr/bin/ceph: stderr
2024-04-25T20:26:20.423+0000 7fca91f8a700 1 -- 172.21.15.32:0/285474573 shutdown_connections
2024-04-25T20:26:20.897 INFO:teuthology.orchestra.run.smithi032.stdout:/usr/bin/ceph: stderr
2024-04-25T20:26:20.423+0000 7fca91f8a700 1 --2- 172.21.15.32:0/285474573 >> [v2:172.21.15.32:6800/3600055305,v1:172.21.15.32:6801/3600055305] conn(0x7fca74039670 0x7fca7403bb30 unknown :-1 s=CLOSED pgs=10 cs=0 l=1 rev1=1 crypto rx=0 tx=0 comp rx=0 tx=0).stop
2024-04-25T20:26:20.897 INFO:teuthology.orchestra.run.smithi032.stdout:/usr/bin/ceph: stderr
2024-04-25T20:26:20.423+0000 7fca91f8a700 1 --2- 172.21.15.32:0/285474573 >> [v2:172.21.15.32:3300/0,v1:172.21.15.32:6789/0] conn(0x7fca8c106c10 0x7fca8c19e3b0 unknown :-1 s=CLOSED pgs=40 cs=0 l=1 rev1=1 crypto rx=0 tx=0 comp rx=0 tx=0).stop
2024-04-25T20:26:20.897 INFO:teuthology.orchestra.run.smithi032.stdout:/usr/bin/ceph: stderr
2024-04-25T20:26:20.423+0000 7fca91f8a700 1 -- 172.21.15.32:0/285474573 >> 172.21.15.32:0/285474573 conn(0x7fca8c1027f0 msgr2=0x7fca8c194fc0 unknown :-1 s=STATE_NONE l=0).mark_down
2024-04-25T20:26:20.897 INFO:teuthology.orchestra.run.smithi032.stdout:/usr/bin/ceph: stderr
2024-04-25T20:26:20.423+0000 7fca91f8a700 1 -- 172.21.15.32:0/285474573 shutdown_connections
2024-04-25T20:26:20.897 INFO:teuthology.orchestra.run.smithi032.stdout:/usr/bin/ceph: stderr
2024-04-25T20:26:20.423+0000 7fca91f8a700 1 -- 172.21.15.32:0/285474573 wait complete.
2024-04-25T20:26:20.897 INFO:teuthology.orchestra.run.smithi032.stdout:Wrote public SSH key to /home/ubuntu/cephtest/ceph.pub
2024-04-25T20:26:20.897 INFO:teuthology.orchestra.run.smithi032.stdout:Adding key to root@localhost authorized_keys...
2024-04-25T20:26:20.897 INFO:teuthology.orchestra.run.smithi032.stdout:Adding host smithi032...
2024-04-25T20:26:21.559 INFO:journalctl@ceph.mon.a.smithi032.stdout:Apr 25 20:26:21 smithi032 ceph-mon[29271]: from='client.14134 -' entity='client.admin' cmd=[{"prefix": "cephadm get-pub-key", "target": ["mon-mgr", ""]}]: dispatch
2024-04-25T20:26:22.456 INFO:journalctl@ceph.mon.a.smithi032.stdout:Apr 25 20:26:22 smithi032 ceph-mon[29271]: from='client.14136 -' entity='client.admin' cmd=[{"prefix": "orch host add", "hostname": "smithi032", "addr": "172.21.15.32", "target": ["mon-mgr", ""]}]: dispatch
2024-04-25T20:26:23.643 INFO:journalctl@ceph.mon.a.smithi032.stdout:Apr 25 20:26:23 smithi032 ceph-mon[29271]: Deploying cephadm binary to smithi032
2024-04-25T20:26:26.442 INFO:teuthology.orchestra.run.smithi032.stdout:/usr/bin/ceph: stdout Added host 'smithi032' with addr '172.21.15.32'
2024-04-25T20:26:26.442 INFO:teuthology.orchestra.run.smithi032.stdout:/usr/bin/ceph: stderr
2024-04-25T20:26:21.332+0000 7fe4dad9a700 1 Processor -- start
2024-04-25T20:26:26.442 INFO:teuthology.orchestra.run.smithi032.stdout:/usr/bin/ceph: stderr
2024-04-25T20:26:21.332+0000 7fe4dad9a700 1 -- start start
2024-04-25T20:26:26.442 INFO:teuthology.orchestra.run.smithi032.stdout:/usr/bin/ceph: stderr
2024-04-25T20:26:21.332+0000 7fe4dad9a700 1 --2- >> [v2:172.21.15.32:3300/0,v1:172.21.15.32:6789/0] conn(0x7fe4d41083b0 0x7fe4d41087d0 unknown :-1 s=NONE pgs=0 cs=0 l=0 rev1=0 crypto rx=0 tx=0 comp rx=0 tx=0).connect
2024-04-25T20:26:26.442 INFO:teuthology.orchestra.run.smithi032.stdout:/usr/bin/ceph: stderr
2024-04-25T20:26:21.332+0000 7fe4dad9a700 1 -- --> [v2:172.21.15.32:3300/0,v1:172.21.15.32:6789/0] -- mon_getmap magic: 0 -- 0x7fe4d4108da0 con 0x7fe4d41083b0
2024-04-25T20:26:26.442 INFO:teuthology.orchestra.run.smithi032.stdout:/usr/bin/ceph: stderr
2024-04-25T20:26:21.332+0000 7fe4d8b36700 1 --2- >> [v2:172.21.15.32:3300/0,v1:172.21.15.32:6789/0] conn(0x7fe4d41083b0 0x7fe4d41087d0 unknown :-1 s=BANNER_CONNECTING pgs=0 cs=0 l=0 rev1=0 crypto rx=0 tx=0 comp rx=0 tx=0)._handle_peer_banner_payload supported=3 required=0
2024-04-25T20:26:26.442 INFO:teuthology.orchestra.run.smithi032.stdout:/usr/bin/ceph: stderr
2024-04-25T20:26:21.332+0000 7fe4d8b36700 1 --2- >> [v2:172.21.15.32:3300/0,v1:172.21.15.32:6789/0] conn(0x7fe4d41083b0 0x7fe4d41087d0 unknown :-1 s=HELLO_CONNECTING pgs=0 cs=0 l=0 rev1=1 crypto rx=0 tx=0 comp rx=0 tx=0).handle_hello peer v2:172.21.15.32:3300/0 says I am v2:172.21.15.32:51964/0 (socket says 172.21.15.32:51964)
2024-04-25T20:26:26.442 INFO:teuthology.orchestra.run.smithi032.stdout:/usr/bin/ceph: stderr
2024-04-25T20:26:21.332+0000 7fe4d8b36700 1 -- 172.21.15.32:0/2932637914 learned_addr learned my addr 172.21.15.32:0/2932637914 (peer_addr_for_me v2:172.21.15.32:0/0)
2024-04-25T20:26:26.443 INFO:teuthology.orchestra.run.smithi032.stdout:/usr/bin/ceph: stderr
2024-04-25T20:26:21.333+0000 7fe4d8b36700 1 -- 172.21.15.32:0/2932637914 --> [v2:172.21.15.32:3300/0,v1:172.21.15.32:6789/0] -- mon_subscribe({config=0+,monmap=0+}) -- 0x7fe4d4109560 con 0x7fe4d41083b0
2024-04-25T20:26:26.443 INFO:teuthology.orchestra.run.smithi032.stdout:/usr/bin/ceph: stderr
2024-04-25T20:26:21.333+0000 7fe4d8b36700 1 --2- 172.21.15.32:0/2932637914 >> [v2:172.21.15.32:3300/0,v1:172.21.15.32:6789/0] conn(0x7fe4d41083b0 0x7fe4d41087d0 secure :-1 s=READY pgs=41 cs=0 l=1 rev1=1 crypto rx=0x7fe4c80098a0 tx=0x7fe4c8009bb0 comp rx=0 tx=0).ready entity=mon.0 client_cookie=e5a912dee78b0d86 server_cookie=0 in_seq=0 out_seq=0
2024-04-25T20:26:26.443 INFO:teuthology.orchestra.run.smithi032.stdout:/usr/bin/ceph: stderr
2024-04-25T20:26:21.333+0000 7fe4d37fe700 1 -- 172.21.15.32:0/2932637914 <== mon.0 v2:172.21.15.32:3300/0 1 ==== mon_map magic: 0 ==== 205+0+0 (secure 0 0 0) 0x7fe4c8004160 con 0x7fe4d41083b0
2024-04-25T20:26:26.443 INFO:teuthology.orchestra.run.smithi032.stdout:/usr/bin/ceph: stderr
2024-04-25T20:26:21.333+0000 7fe4d37fe700 1 -- 172.21.15.32:0/2932637914 <== mon.0 v2:172.21.15.32:3300/0 2 ==== config(26 keys) ==== 1070+0+0 (secure 0 0 0) 0x7fe4c8004300 con 0x7fe4d41083b0
2024-04-25T20:26:26.443 INFO:teuthology.orchestra.run.smithi032.stdout:/usr/bin/ceph: stderr
2024-04-25T20:26:21.333+0000 7fe4d37fe700 1 -- 172.21.15.32:0/2932637914 <== mon.0 v2:172.21.15.32:3300/0 3 ==== mon_map magic: 0 ==== 205+0+0 (secure 0 0 0) 0x7fe4c8011af0 con 0x7fe4d41083b0
2024-04-25T20:26:26.443 INFO:teuthology.orchestra.run.smithi032.stdout:/usr/bin/ceph: stderr
2024-04-25T20:26:21.334+0000 7fe4dad9a700 1 -- 172.21.15.32:0/2932637914 >> [v2:172.21.15.32:3300/0,v1:172.21.15.32:6789/0] conn(0x7fe4d41083b0 msgr2=0x7fe4d41087d0 secure :-1 s=STATE_CONNECTION_ESTABLISHED l=1).mark_down
2024-04-25T20:26:26.443 INFO:teuthology.orchestra.run.smithi032.stdout:/usr/bin/ceph: stderr
2024-04-25T20:26:21.334+0000 7fe4dad9a700 1 --2- 172.21.15.32:0/2932637914 >> [v2:172.21.15.32:3300/0,v1:172.21.15.32:6789/0] conn(0x7fe4d41083b0 0x7fe4d41087d0 secure :-1 s=READY pgs=41 cs=0 l=1 rev1=1 crypto rx=0x7fe4c80098a0 tx=0x7fe4c8009bb0 comp rx=0 tx=0).stop
2024-04-25T20:26:26.443 INFO:teuthology.orchestra.run.smithi032.stdout:/usr/bin/ceph: stderr
2024-04-25T20:26:21.334+0000 7fe4dad9a700 1 -- 172.21.15.32:0/2932637914 shutdown_connections
2024-04-25T20:26:26.443 INFO:teuthology.orchestra.run.smithi032.stdout:/usr/bin/ceph: stderr
2024-04-25T20:26:21.334+0000 7fe4dad9a700 1 --2- 172.21.15.32:0/2932637914 >> [v2:172.21.15.32:3300/0,v1:172.21.15.32:6789/0] conn(0x7fe4d41083b0 0x7fe4d41087d0 unknown :-1 s=CLOSED pgs=41 cs=0 l=1 rev1=1 crypto rx=0 tx=0 comp rx=0 tx=0).stop
2024-04-25T20:26:26.443 INFO:teuthology.orchestra.run.smithi032.stdout:/usr/bin/ceph: stderr
2024-04-25T20:26:21.334+0000 7fe4dad9a700 1 -- 172.21.15.32:0/2932637914 >> 172.21.15.32:0/2932637914 conn(0x7fe4d41039b0 msgr2=0x7fe4d4105dd0 unknown :-1 s=STATE_NONE l=0).mark_down
2024-04-25T20:26:26.443 INFO:teuthology.orchestra.run.smithi032.stdout:/usr/bin/ceph: stderr
2024-04-25T20:26:21.334+0000 7fe4dad9a700 1 -- 172.21.15.32:0/2932637914 shutdown_connections
2024-04-25T20:26:26.443 INFO:teuthology.orchestra.run.smithi032.stdout:/usr/bin/ceph: stderr
2024-04-25T20:26:21.334+0000 7fe4dad9a700 1 -- 172.21.15.32:0/2932637914 wait complete.
2024-04-25T20:26:26.443 INFO:teuthology.orchestra.run.smithi032.stdout:/usr/bin/ceph: stderr
2024-04-25T20:26:21.334+0000 7fe4dad9a700 1 Processor -- start
2024-04-25T20:26:26.443 INFO:teuthology.orchestra.run.smithi032.stdout:/usr/bin/ceph: stderr
2024-04-25T20:26:21.334+0000 7fe4dad9a700 1 -- start start
2024-04-25T20:26:26.443 INFO:teuthology.orchestra.run.smithi032.stdout:/usr/bin/ceph: stderr
2024-04-25T20:26:21.335+0000 7fe4dad9a700 1 --2- >> [v2:172.21.15.32:3300/0,v1:172.21.15.32:6789/0] conn(0x7fe4d41083b0 0x7fe4d419c250 unknown :-1 s=NONE pgs=0 cs=0 l=1 rev1=0 crypto rx=0 tx=0 comp rx=0 tx=0).connect
