2024-04-25T20:38:32.821+0000 7f56aaffd700 1 -- 172.21.15.43:0/3693108053 >> [v2:172.21.15.43:6800/2222849100,v1:172.21.15.43:6801/2222849100] conn(0x7f56940396c0 msgr2=0x7f569403bb80 unknown :-1 s=STATE_CONNECTING_RE l=1).process reconnect failed to v2:172.21.15.43:6800/2222849100
2024-04-25T20:38:38.820 INFO:teuthology.orchestra.run.smithi043.stdout:/usr/bin/ceph: stderr
2024-04-25T20:38:32.821+0000 7f56aaffd700 1 --2- 172.21.15.43:0/3693108053 >> [v2:172.21.15.43:6800/2222849100,v1:172.21.15.43:6801/2222849100] conn(0x7f56940396c0 0x7f569403bb80 unknown :-1 s=START_CONNECT pgs=0 cs=0 l=1 rev1=0 crypto rx=0 tx=0 comp rx=0 tx=0)._fault waiting 0.400000
2024-04-25T20:38:38.820 INFO:teuthology.orchestra.run.smithi043.stdout:/usr/bin/ceph: stderr
2024-04-25T20:38:33.222+0000 7f56aaffd700 1 -- 172.21.15.43:0/3693108053 >> [v2:172.21.15.43:6800/2222849100,v1:172.21.15.43:6801/2222849100] conn(0x7f56940396c0 msgr2=0x7f569403bb80 unknown :-1 s=STATE_CONNECTING_RE l=1).process reconnect failed to v2:172.21.15.43:6800/2222849100
2024-04-25T20:38:38.820 INFO:teuthology.orchestra.run.smithi043.stdout:/usr/bin/ceph: stderr
2024-04-25T20:38:33.222+0000 7f56aaffd700 1 --2- 172.21.15.43:0/3693108053 >> [v2:172.21.15.43:6800/2222849100,v1:172.21.15.43:6801/2222849100] conn(0x7f56940396c0 0x7f569403bb80 unknown :-1 s=START_CONNECT pgs=0 cs=0 l=1 rev1=0 crypto rx=0 tx=0 comp rx=0 tx=0)._fault waiting 0.800000
2024-04-25T20:38:38.820 INFO:teuthology.orchestra.run.smithi043.stdout:/usr/bin/ceph: stderr
2024-04-25T20:38:34.024+0000 7f56aaffd700 1 -- 172.21.15.43:0/3693108053 >> [v2:172.21.15.43:6800/2222849100,v1:172.21.15.43:6801/2222849100] conn(0x7f56940396c0 msgr2=0x7f569403bb80 unknown :-1 s=STATE_CONNECTING_RE l=1).process reconnect failed to v2:172.21.15.43:6800/2222849100
2024-04-25T20:38:38.820 INFO:teuthology.orchestra.run.smithi043.stdout:/usr/bin/ceph: stderr
2024-04-25T20:38:34.024+0000 7f56aaffd700 1 --2- 172.21.15.43:0/3693108053 >> [v2:172.21.15.43:6800/2222849100,v1:172.21.15.43:6801/2222849100] conn(0x7f56940396c0 0x7f569403bb80 unknown :-1 s=START_CONNECT pgs=0 cs=0 l=1 rev1=0 crypto rx=0 tx=0 comp rx=0 tx=0)._fault waiting 1.600000
2024-04-25T20:38:38.820 INFO:teuthology.orchestra.run.smithi043.stdout:/usr/bin/ceph: stderr
2024-04-25T20:38:35.625+0000 7f56aaffd700 1 -- 172.21.15.43:0/3693108053 >> [v2:172.21.15.43:6800/2222849100,v1:172.21.15.43:6801/2222849100] conn(0x7f56940396c0 msgr2=0x7f569403bb80 unknown :-1 s=STATE_CONNECTING_RE l=1).process reconnect failed to v2:172.21.15.43:6800/2222849100
2024-04-25T20:38:38.820 INFO:teuthology.orchestra.run.smithi043.stdout:/usr/bin/ceph: stderr
2024-04-25T20:38:35.625+0000 7f56aaffd700 1 --2- 172.21.15.43:0/3693108053 >> [v2:172.21.15.43:6800/2222849100,v1:172.21.15.43:6801/2222849100] conn(0x7f56940396c0 0x7f569403bb80 unknown :-1 s=START_CONNECT pgs=0 cs=0 l=1 rev1=0 crypto rx=0 tx=0 comp rx=0 tx=0)._fault waiting 3.200000
2024-04-25T20:38:38.820 INFO:teuthology.orchestra.run.smithi043.stdout:/usr/bin/ceph: stderr
2024-04-25T20:38:37.273+0000 7f56a8ff9700 1 -- 172.21.15.43:0/3693108053 <== mon.0 v2:172.21.15.43:3300/0 6 ==== mgrmap(e 6) ==== 46325+0+0 (secure 0 0 0) 0x7f569c02d910 con 0x7f56ac1090c0
2024-04-25T20:38:38.821 INFO:teuthology.orchestra.run.smithi043.stdout:/usr/bin/ceph: stderr
2024-04-25T20:38:37.274+0000 7f56a8ff9700 1 -- 172.21.15.43:0/3693108053 >> [v2:172.21.15.43:6800/2222849100,v1:172.21.15.43:6801/2222849100] conn(0x7f56940396c0 msgr2=0x7f569403bb80 unknown :-1 s=STATE_CONNECTING l=1).mark_down
2024-04-25T20:38:38.821 INFO:teuthology.orchestra.run.smithi043.stdout:/usr/bin/ceph: stderr
2024-04-25T20:38:37.274+0000 7f56a8ff9700 1 --2- 172.21.15.43:0/3693108053 >> [v2:172.21.15.43:6800/2222849100,v1:172.21.15.43:6801/2222849100] conn(0x7f56940396c0 0x7f569403bb80 unknown :-1 s=START_CONNECT pgs=0 cs=0 l=1 rev1=0 crypto rx=0 tx=0 comp rx=0 tx=0).stop
2024-04-25T20:38:38.821 INFO:teuthology.orchestra.run.smithi043.stdout:/usr/bin/ceph: stderr
2024-04-25T20:38:38.274+0000 7f56a8ff9700 1 -- 172.21.15.43:0/3693108053 <== mon.0 v2:172.21.15.43:3300/0 7 ==== mgrmap(e 7) ==== 46452+0+0 (secure 0 0 0) 0x7f569c01ac50 con 0x7f56ac1090c0
2024-04-25T20:38:38.821 INFO:teuthology.orchestra.run.smithi043.stdout:/usr/bin/ceph: stderr
2024-04-25T20:38:38.275+0000 7f56a8ff9700 1 --2- 172.21.15.43:0/3693108053 >> [v2:172.21.15.43:6800/1388340659,v1:172.21.15.43:6801/1388340659] conn(0x7f569403cdc0 0x7f569403f1b0 unknown :-1 s=NONE pgs=0 cs=0 l=1 rev1=0 crypto rx=0 tx=0 comp rx=0 tx=0).connect
2024-04-25T20:38:38.821 INFO:teuthology.orchestra.run.smithi043.stdout:/usr/bin/ceph: stderr
2024-04-25T20:38:38.275+0000 7f56a8ff9700 1 -- 172.21.15.43:0/3693108053 --> [v2:172.21.15.43:6800/1388340659,v1:172.21.15.43:6801/1388340659] -- command(tid 0: {"prefix": "get_command_descriptions"}) -- 0x7f569c0068a0 con 0x7f569403cdc0
2024-04-25T20:38:38.821 INFO:teuthology.orchestra.run.smithi043.stdout:/usr/bin/ceph: stderr
2024-04-25T20:38:38.275+0000 7f56aaffd700 1 --2- 172.21.15.43:0/3693108053 >> [v2:172.21.15.43:6800/1388340659,v1:172.21.15.43:6801/1388340659] conn(0x7f569403cdc0 0x7f569403f1b0 unknown :-1 s=BANNER_CONNECTING pgs=0 cs=0 l=1 rev1=0 crypto rx=0 tx=0 comp rx=0 tx=0)._handle_peer_banner_payload supported=3 required=0
2024-04-25T20:38:38.821 INFO:teuthology.orchestra.run.smithi043.stdout:/usr/bin/ceph: stderr
2024-04-25T20:38:38.276+0000 7f56aaffd700 1 --2- 172.21.15.43:0/3693108053 >> [v2:172.21.15.43:6800/1388340659,v1:172.21.15.43:6801/1388340659] conn(0x7f569403cdc0 0x7f569403f1b0 secure :-1 s=READY pgs=1 cs=0 l=1 rev1=1 crypto rx=0x7f56a0003a10 tx=0x7f56a00092b0 comp rx=0 tx=0).ready entity=mgr.14120 client_cookie=0 server_cookie=0 in_seq=0 out_seq=0
2024-04-25T20:38:38.821 INFO:teuthology.orchestra.run.smithi043.stdout:/usr/bin/ceph: stderr
2024-04-25T20:38:38.276+0000 7f56a8ff9700 1 -- 172.21.15.43:0/3693108053 <== mgr.14120 v2:172.21.15.43:6800/1388340659 1 ==== command_reply(tid 0: 0 ) ==== 8+0+7774 (secure 0 0 0) 0x7f569c0068a0 con 0x7f569403cdc0
2024-04-25T20:38:38.821 INFO:teuthology.orchestra.run.smithi043.stdout:/usr/bin/ceph: stderr
2024-04-25T20:38:38.288+0000 7f56b1f09700 1 -- 172.21.15.43:0/3693108053 --> [v2:172.21.15.43:6800/1388340659,v1:172.21.15.43:6801/1388340659] -- command(tid 1: {"prefix": "mgr_status"}) -- 0x7f56ac103bc0 con 0x7f569403cdc0
2024-04-25T20:38:38.821 INFO:teuthology.orchestra.run.smithi043.stdout:/usr/bin/ceph: stderr
2024-04-25T20:38:38.288+0000 7f56a8ff9700 1 -- 172.21.15.43:0/3693108053 <== mgr.14120 v2:172.21.15.43:6800/1388340659 2 ==== command_reply(tid 1: 0 ) ==== 8+0+51 (secure 0 0 0) 0x7f56ac103bc0 con 0x7f569403cdc0
2024-04-25T20:38:38.821 INFO:teuthology.orchestra.run.smithi043.stdout:/usr/bin/ceph: stderr
2024-04-25T20:38:38.288+0000 7f56b1f09700 1 -- 172.21.15.43:0/3693108053 >> [v2:172.21.15.43:6800/1388340659,v1:172.21.15.43:6801/1388340659] conn(0x7f569403cdc0 msgr2=0x7f569403f1b0 secure :-1 s=STATE_CONNECTION_ESTABLISHED l=1).mark_down
2024-04-25T20:38:38.821 INFO:teuthology.orchestra.run.smithi043.stdout:/usr/bin/ceph: stderr
2024-04-25T20:38:38.288+0000 7f56b1f09700 1 --2- 172.21.15.43:0/3693108053 >> [v2:172.21.15.43:6800/1388340659,v1:172.21.15.43:6801/1388340659] conn(0x7f569403cdc0 0x7f569403f1b0 secure :-1 s=READY pgs=1 cs=0 l=1 rev1=1 crypto rx=0x7f56a0003a10 tx=0x7f56a00092b0 comp rx=0 tx=0).stop
2024-04-25T20:38:38.821 INFO:teuthology.orchestra.run.smithi043.stdout:/usr/bin/ceph: stderr
2024-04-25T20:38:38.288+0000 7f56b1f09700 1 -- 172.21.15.43:0/3693108053 >> [v2:172.21.15.43:3300/0,v1:172.21.15.43:6789/0] conn(0x7f56ac1090c0 msgr2=0x7f56ac19c3f0 secure :-1 s=STATE_CONNECTION_ESTABLISHED l=1).mark_down
2024-04-25T20:38:38.821 INFO:teuthology.orchestra.run.smithi043.stdout:/usr/bin/ceph: stderr
2024-04-25T20:38:38.288+0000 7f56b1f09700 1 --2- 172.21.15.43:0/3693108053 >> [v2:172.21.15.43:3300/0,v1:172.21.15.43:6789/0] conn(0x7f56ac1090c0 0x7f56ac19c3f0 secure :-1 s=READY pgs=29 cs=0 l=1 rev1=1 crypto rx=0x7f569c0117e0 tx=0x7f569c011ce0 comp rx=0 tx=0).stop
2024-04-25T20:38:38.822 INFO:teuthology.orchestra.run.smithi043.stdout:/usr/bin/ceph: stderr
2024-04-25T20:38:38.288+0000 7f56b1f09700 1 -- 172.21.15.43:0/3693108053 shutdown_connections
2024-04-25T20:38:38.822 INFO:teuthology.orchestra.run.smithi043.stdout:/usr/bin/ceph: stderr
2024-04-25T20:38:38.288+0000 7f56b1f09700 1 --2- 172.21.15.43:0/3693108053 >> [v2:172.21.15.43:6800/1388340659,v1:172.21.15.43:6801/1388340659] conn(0x7f569403cdc0 0x7f569403f1b0 unknown :-1 s=CLOSED pgs=1 cs=0 l=1 rev1=1 crypto rx=0 tx=0 comp rx=0 tx=0).stop
2024-04-25T20:38:38.822 INFO:teuthology.orchestra.run.smithi043.stdout:/usr/bin/ceph: stderr
2024-04-25T20:38:38.288+0000 7f56b1f09700 1 --2- 172.21.15.43:0/3693108053 >> [v2:172.21.15.43:3300/0,v1:172.21.15.43:6789/0] conn(0x7f56ac1090c0 0x7f56ac19c3f0 unknown :-1 s=CLOSED pgs=29 cs=0 l=1 rev1=1 crypto rx=0 tx=0 comp rx=0 tx=0).stop
2024-04-25T20:38:38.822 INFO:teuthology.orchestra.run.smithi043.stdout:/usr/bin/ceph: stderr
2024-04-25T20:38:38.288+0000 7f56b1f09700 1 --2- 172.21.15.43:0/3693108053 >> [v2:172.21.15.43:6800/2222849100,v1:172.21.15.43:6801/2222849100] conn(0x7f56940396c0 0x7f569403bb80 unknown :-1 s=CLOSED pgs=0 cs=0 l=1 rev1=0 crypto rx=0 tx=0 comp rx=0 tx=0).stop
2024-04-25T20:38:38.822 INFO:teuthology.orchestra.run.smithi043.stdout:/usr/bin/ceph: stderr
2024-04-25T20:38:38.288+0000 7f56b1f09700 1 -- 172.21.15.43:0/3693108053 >> 172.21.15.43:0/3693108053 conn(0x7f56ac102ad0 msgr2=0x7f56ac1034b0 unknown :-1 s=STATE_NONE l=0).mark_down
2024-04-25T20:38:38.822 INFO:teuthology.orchestra.run.smithi043.stdout:/usr/bin/ceph: stderr
2024-04-25T20:38:38.288+0000 7f56b1f09700 1 -- 172.21.15.43:0/3693108053 shutdown_connections
2024-04-25T20:38:38.822 INFO:teuthology.orchestra.run.smithi043.stdout:/usr/bin/ceph: stderr
2024-04-25T20:38:38.288+0000 7f56b1f09700 1 -- 172.21.15.43:0/3693108053 wait complete.
2024-04-25T20:38:38.822 INFO:teuthology.orchestra.run.smithi043.stdout:mgr epoch 5 is available
2024-04-25T20:38:38.822 INFO:teuthology.orchestra.run.smithi043.stdout:Setting orchestrator backend to cephadm...
2024-04-25T20:38:39.455 INFO:journalctl@ceph.mon.a.smithi043.stdout:Apr 25 20:38:39 smithi043 ceph-mon[29167]: from='client.14124 -' entity='client.admin' cmd=[{"prefix": "get_command_descriptions"}]: dispatch
2024-04-25T20:38:39.456 INFO:journalctl@ceph.mon.a.smithi043.stdout:Apr 25 20:38:39 smithi043 ceph-mon[29167]: from='client.14124 -' entity='client.admin' cmd=[{"prefix": "mgr_status"}]: dispatch
2024-04-25T20:38:39.456 INFO:journalctl@ceph.mon.a.smithi043.stdout:Apr 25 20:38:39 smithi043 ceph-mon[29167]: [25/Apr/2024:20:38:38] ENGINE Bus STARTING
2024-04-25T20:38:39.456 INFO:journalctl@ceph.mon.a.smithi043.stdout:Apr 25 20:38:39 smithi043 ceph-mon[29167]: [25/Apr/2024:20:38:38] ENGINE Serving on https://172.21.15.43:7150
2024-04-25T20:38:39.456 INFO:journalctl@ceph.mon.a.smithi043.stdout:Apr 25 20:38:39 smithi043 ceph-mon[29167]: [25/Apr/2024:20:38:38] ENGINE Serving on http://172.21.15.43:8765
2024-04-25T20:38:39.456 INFO:journalctl@ceph.mon.a.smithi043.stdout:Apr 25 20:38:39 smithi043 ceph-mon[29167]: [25/Apr/2024:20:38:38] ENGINE Bus STARTED
2024-04-25T20:38:39.456 INFO:journalctl@ceph.mon.a.smithi043.stdout:Apr 25 20:38:39 smithi043 ceph-mon[29167]: from='mgr.14120 172.21.15.43:0/685412627' entity='mgr.x' cmd=[{"prefix": "config dump", "format": "json"}]: dispatch
2024-04-25T20:38:39.995 INFO:teuthology.orchestra.run.smithi043.stdout:/usr/bin/ceph: stderr
2024-04-25T20:38:39.220+0000 7f4b344fd700 1 Processor -- start
2024-04-25T20:38:39.995 INFO:teuthology.orchestra.run.smithi043.stdout:/usr/bin/ceph: stderr
2024-04-25T20:38:39.220+0000 7f4b344fd700 1 -- start start
2024-04-25T20:38:39.995 INFO:teuthology.orchestra.run.smithi043.stdout:/usr/bin/ceph: stderr
2024-04-25T20:38:39.220+0000 7f4b344fd700 1 --2- >> [v2:172.21.15.43:3300/0,v1:172.21.15.43:6789/0] conn(0x7f4b2c108650 0x7f4b2c108a70 unknown :-1 s=NONE pgs=0 cs=0 l=0 rev1=0 crypto rx=0 tx=0 comp rx=0 tx=0).connect
2024-04-25T20:38:39.995 INFO:teuthology.orchestra.run.smithi043.stdout:/usr/bin/ceph: stderr
2024-04-25T20:38:39.220+0000 7f4b344fd700 1 -- --> [v2:172.21.15.43:3300/0,v1:172.21.15.43:6789/0] -- mon_getmap magic: 0 -- 0x7f4b2c109040 con 0x7f4b2c108650
2024-04-25T20:38:39.995 INFO:teuthology.orchestra.run.smithi043.stdout:/usr/bin/ceph: stderr
2024-04-25T20:38:39.220+0000 7f4b32299700 1 --2- >> [v2:172.21.15.43:3300/0,v1:172.21.15.43:6789/0] conn(0x7f4b2c108650 0x7f4b2c108a70 unknown :-1 s=BANNER_CONNECTING pgs=0 cs=0 l=0 rev1=0 crypto rx=0 tx=0 comp rx=0 tx=0)._handle_peer_banner_payload supported=3 required=0
2024-04-25T20:38:39.995 INFO:teuthology.orchestra.run.smithi043.stdout:/usr/bin/ceph: stderr
2024-04-25T20:38:39.220+0000 7f4b32299700 1 --2- >> [v2:172.21.15.43:3300/0,v1:172.21.15.43:6789/0] conn(0x7f4b2c108650 0x7f4b2c108a70 unknown :-1 s=HELLO_CONNECTING pgs=0 cs=0 l=0 rev1=1 crypto rx=0 tx=0 comp rx=0 tx=0).handle_hello peer v2:172.21.15.43:3300/0 says I am v2:172.21.15.43:60752/0 (socket says 172.21.15.43:60752)
2024-04-25T20:38:39.995 INFO:teuthology.orchestra.run.smithi043.stdout:/usr/bin/ceph: stderr
2024-04-25T20:38:39.220+0000 7f4b32299700 1 -- 172.21.15.43:0/4291020469 learned_addr learned my addr 172.21.15.43:0/4291020469 (peer_addr_for_me v2:172.21.15.43:0/0)
2024-04-25T20:38:39.995 INFO:teuthology.orchestra.run.smithi043.stdout:/usr/bin/ceph: stderr
2024-04-25T20:38:39.220+0000 7f4b32299700 1 -- 172.21.15.43:0/4291020469 --> [v2:172.21.15.43:3300/0,v1:172.21.15.43:6789/0] -- mon_subscribe({config=0+,monmap=0+}) -- 0x7f4b2c109800 con 0x7f4b2c108650
2024-04-25T20:38:39.995 INFO:teuthology.orchestra.run.smithi043.stdout:/usr/bin/ceph: stderr
2024-04-25T20:38:39.221+0000 7f4b32299700 1 --2- 172.21.15.43:0/4291020469 >> [v2:172.21.15.43:3300/0,v1:172.21.15.43:6789/0] conn(0x7f4b2c108650 0x7f4b2c108a70 secure :-1 s=READY pgs=37 cs=0 l=1 rev1=1 crypto rx=0x7f4b280098a0 tx=0x7f4b28009bb0 comp rx=0 tx=0).ready entity=mon.0 client_cookie=6f75af13f09d925b server_cookie=0 in_seq=0 out_seq=0
2024-04-25T20:38:39.995 INFO:teuthology.orchestra.run.smithi043.stdout:/usr/bin/ceph: stderr
2024-04-25T20:38:39.221+0000 7f4b31297700 1 -- 172.21.15.43:0/4291020469 <== mon.0 v2:172.21.15.43:3300/0 1 ==== mon_map magic: 0 ==== 205+0+0 (secure 0 0 0) 0x7f4b28004160 con 0x7f4b2c108650
2024-04-25T20:38:39.996 INFO:teuthology.orchestra.run.smithi043.stdout:/usr/bin/ceph: stderr
2024-04-25T20:38:39.221+0000 7f4b31297700 1 -- 172.21.15.43:0/4291020469 <== mon.0 v2:172.21.15.43:3300/0 2 ==== config(27 keys) ==== 1104+0+0 (secure 0 0 0) 0x7f4b28004300 con 0x7f4b2c108650
2024-04-25T20:38:39.996 INFO:teuthology.orchestra.run.smithi043.stdout:/usr/bin/ceph: stderr
2024-04-25T20:38:39.221+0000 7f4b31297700 1 -- 172.21.15.43:0/4291020469 <== mon.0 v2:172.21.15.43:3300/0 3 ==== mon_map magic: 0 ==== 205+0+0 (secure 0 0 0) 0x7f4b28011b20 con 0x7f4b2c108650
2024-04-25T20:38:39.996 INFO:teuthology.orchestra.run.smithi043.stdout:/usr/bin/ceph: stderr
2024-04-25T20:38:39.221+0000 7f4b344fd700 1 -- 172.21.15.43:0/4291020469 >> [v2:172.21.15.43:3300/0,v1:172.21.15.43:6789/0] conn(0x7f4b2c108650 msgr2=0x7f4b2c108a70 secure :-1 s=STATE_CONNECTION_ESTABLISHED l=1).mark_down
2024-04-25T20:38:39.996 INFO:teuthology.orchestra.run.smithi043.stdout:/usr/bin/ceph: stderr
2024-04-25T20:38:39.221+0000 7f4b344fd700 1 --2- 172.21.15.43:0/4291020469 >> [v2:172.21.15.43:3300/0,v1:172.21.15.43:6789/0] conn(0x7f4b2c108650 0x7f4b2c108a70 secure :-1 s=READY pgs=37 cs=0 l=1 rev1=1 crypto rx=0x7f4b280098a0 tx=0x7f4b28009bb0 comp rx=0 tx=0).stop
2024-04-25T20:38:39.996 INFO:teuthology.orchestra.run.smithi043.stdout:/usr/bin/ceph: stderr
2024-04-25T20:38:39.221+0000 7f4b344fd700 1 -- 172.21.15.43:0/4291020469 shutdown_connections
2024-04-25T20:38:39.996 INFO:teuthology.orchestra.run.smithi043.stdout:/usr/bin/ceph: stderr
2024-04-25T20:38:39.221+0000 7f4b344fd700 1 --2- 172.21.15.43:0/4291020469 >> [v2:172.21.15.43:3300/0,v1:172.21.15.43:6789/0] conn(0x7f4b2c108650 0x7f4b2c108a70 unknown :-1 s=CLOSED pgs=37 cs=0 l=1 rev1=1 crypto rx=0 tx=0 comp rx=0 tx=0).stop
2024-04-25T20:38:39.996 INFO:teuthology.orchestra.run.smithi043.stdout:/usr/bin/ceph: stderr
2024-04-25T20:38:39.221+0000 7f4b344fd700 1 -- 172.21.15.43:0/4291020469 >> 172.21.15.43:0/4291020469 conn(0x7f4b2c103cb0 msgr2=0x7f4b2c1060d0 unknown :-1 s=STATE_NONE l=0).mark_down
2024-04-25T20:38:39.996 INFO:teuthology.orchestra.run.smithi043.stdout:/usr/bin/ceph: stderr
2024-04-25T20:38:39.221+0000 7f4b344fd700 1 -- 172.21.15.43:0/4291020469 shutdown_connections
2024-04-25T20:38:39.996 INFO:teuthology.orchestra.run.smithi043.stdout:/usr/bin/ceph: stderr
2024-04-25T20:38:39.222+0000 7f4b344fd700 1 -- 172.21.15.43:0/4291020469 wait complete.
2024-04-25T20:38:39.996 INFO:teuthology.orchestra.run.smithi043.stdout:/usr/bin/ceph: stderr
2024-04-25T20:38:39.222+0000 7f4b344fd700 1 Processor -- start
2024-04-25T20:38:39.996 INFO:teuthology.orchestra.run.smithi043.stdout:/usr/bin/ceph: stderr
2024-04-25T20:38:39.222+0000 7f4b344fd700 1 -- start start
2024-04-25T20:38:39.996 INFO:teuthology.orchestra.run.smithi043.stdout:/usr/bin/ceph: stderr
2024-04-25T20:38:39.222+0000 7f4b344fd700 1 --2- >> [v2:172.21.15.43:3300/0,v1:172.21.15.43:6789/0] conn(0x7f4b2c108650 0x7f4b2c19c420 unknown :-1 s=NONE pgs=0 cs=0 l=1 rev1=0 crypto rx=0 tx=0 comp rx=0 tx=0).connect
2024-04-25T20:38:39.996 INFO:teuthology.orchestra.run.smithi043.stdout:/usr/bin/ceph: stderr
2024-04-25T20:38:39.222+0000 7f4b344fd700 1 -- --> [v2:172.21.15.43:3300/0,v1:172.21.15.43:6789/0] -- mon_getmap magic: 0 -- 0x7f4b2c10cbb0 con 0x7f4b2c108650
2024-04-25T20:38:39.996 INFO:teuthology.orchestra.run.smithi043.stdout:/usr/bin/ceph: stderr
2024-04-25T20:38:39.222+0000 7f4b32299700 1 --2- >> [v2:172.21.15.43:3300/0,v1:172.21.15.43:6789/0] conn(0x7f4b2c108650 0x7f4b2c19c420 unknown :-1 s=BANNER_CONNECTING pgs=0 cs=0 l=1 rev1=0 crypto rx=0 tx=0 comp rx=0 tx=0)._handle_peer_banner_payload supported=3 required=0
2024-04-25T20:38:39.997 INFO:teuthology.orchestra.run.smithi043.stdout:/usr/bin/ceph: stderr
2024-04-25T20:38:39.222+0000 7f4b32299700 1 --2- >> [v2:172.21.15.43:3300/0,v1:172.21.15.43:6789/0] conn(0x7f4b2c108650 0x7f4b2c19c420 unknown :-1 s=HELLO_CONNECTING pgs=0 cs=0 l=1 rev1=1 crypto rx=0 tx=0 comp rx=0 tx=0).handle_hello peer v2:172.21.15.43:3300/0 says I am v2:172.21.15.43:60760/0 (socket says 172.21.15.43:60760)
2024-04-25T20:38:39.997 INFO:teuthology.orchestra.run.smithi043.stdout:/usr/bin/ceph: stderr
2024-04-25T20:38:39.222+0000 7f4b32299700 1 -- 172.21.15.43:0/2103213301 learned_addr learned my addr 172.21.15.43:0/2103213301 (peer_addr_for_me v2:172.21.15.43:0/0)
2024-04-25T20:38:39.997 INFO:teuthology.orchestra.run.smithi043.stdout:/usr/bin/ceph: stderr
2024-04-25T20:38:39.223+0000 7f4b32299700 1 -- 172.21.15.43:0/2103213301 --> [v2:172.21.15.43:3300/0,v1:172.21.15.43:6789/0] -- mon_subscribe({config=0+,monmap=0+}) -- 0x7f4b2c19c960 con 0x7f4b2c108650
2024-04-25T20:38:39.997 INFO:teuthology.orchestra.run.smithi043.stdout:/usr/bin/ceph: stderr
2024-04-25T20:38:39.223+0000 7f4b32299700 1 --2- 172.21.15.43:0/2103213301 >> [v2:172.21.15.43:3300/0,v1:172.21.15.43:6789/0] conn(0x7f4b2c108650 0x7f4b2c19c420 secure :-1 s=READY pgs=38 cs=0 l=1 rev1=1 crypto rx=0x7f4b28006af0 tx=0x7f4b28011ce0 comp rx=0 tx=0).ready entity=mon.0 client_cookie=0 server_cookie=0 in_seq=0 out_seq=0
2024-04-25T20:38:39.997 INFO:teuthology.orchestra.run.smithi043.stdout:/usr/bin/ceph: stderr
2024-04-25T20:38:39.223+0000 7f4b237fe700 1 -- 172.21.15.43:0/2103213301 <== mon.0 v2:172.21.15.43:3300/0 1 ==== mon_map magic: 0 ==== 205+0+0 (secure 0 0 0) 0x7f4b28003b90 con 0x7f4b2c108650
2024-04-25T20:38:39.997 INFO:teuthology.orchestra.run.smithi043.stdout:/usr/bin/ceph: stderr
2024-04-25T20:38:39.223+0000 7f4b237fe700 1 -- 172.21.15.43:0/2103213301 <== mon.0 v2:172.21.15.43:3300/0 2 ==== config(27 keys) ==== 1104+0+0 (secure 0 0 0) 0x7f4b28003d30 con 0x7f4b2c108650
2024-04-25T20:38:39.997 INFO:teuthology.orchestra.run.smithi043.stdout:/usr/bin/ceph: stderr
2024-04-25T20:38:39.223+0000 7f4b344fd700 1 -- 172.21.15.43:0/2103213301 --> [v2:172.21.15.43:3300/0,v1:172.21.15.43:6789/0] -- mon_subscribe({mgrmap=0+}) -- 0x7f4b2c19cbf0 con 0x7f4b2c108650
2024-04-25T20:38:39.997 INFO:teuthology.orchestra.run.smithi043.stdout:/usr/bin/ceph: stderr
2024-04-25T20:38:39.223+0000 7f4b237fe700 1 -- 172.21.15.43:0/2103213301 <== mon.0 v2:172.21.15.43:3300/0 3 ==== mon_map magic: 0 ==== 205+0+0 (secure 0 0 0) 0x7f4b280197c0 con 0x7f4b2c108650
2024-04-25T20:38:39.997 INFO:teuthology.orchestra.run.smithi043.stdout:/usr/bin/ceph: stderr
2024-04-25T20:38:39.223+0000 7f4b344fd700 1 -- 172.21.15.43:0/2103213301 --> [v2:172.21.15.43:3300/0,v1:172.21.15.43:6789/0] -- mon_subscribe({osdmap=0}) -- 0x7f4b2c19d050 con 0x7f4b2c108650
2024-04-25T20:38:39.997 INFO:teuthology.orchestra.run.smithi043.stdout:/usr/bin/ceph: stderr
2024-04-25T20:38:39.224+0000 7f4b237fe700 1 -- 172.21.15.43:0/2103213301 <== mon.0 v2:172.21.15.43:3300/0 4 ==== mgrmap(e 7) ==== 46452+0+0 (secure 0 0 0) 0x7f4b28022020 con 0x7f4b2c108650
2024-04-25T20:38:39.997 INFO:teuthology.orchestra.run.smithi043.stdout:/usr/bin/ceph: stderr
2024-04-25T20:38:39.224+0000 7f4b344fd700 1 -- 172.21.15.43:0/2103213301 --> [v2:172.21.15.43:3300/0,v1:172.21.15.43:6789/0] -- mon_command({"prefix": "get_command_descriptions"} v 0) -- 0x7f4b2c0640a0 con 0x7f4b2c108650
2024-04-25T20:38:39.997 INFO:teuthology.orchestra.run.smithi043.stdout:/usr/bin/ceph: stderr
2024-04-25T20:38:39.224+0000 7f4b237fe700 1 --2- 172.21.15.43:0/2103213301 >> [v2:172.21.15.43:6800/1388340659,v1:172.21.15.43:6801/1388340659] conn(0x7f4b180395a0 0x7f4b1803ba60 unknown :-1 s=NONE pgs=0 cs=0 l=1 rev1=0 crypto rx=0 tx=0 comp rx=0 tx=0).connect
2024-04-25T20:38:39.997 INFO:teuthology.orchestra.run.smithi043.stdout:/usr/bin/ceph: stderr
2024-04-25T20:38:39.224+0000 7f4b237fe700 1 -- 172.21.15.43:0/2103213301 <== mon.0 v2:172.21.15.43:3300/0 5 ==== osd_map(2..2 src has 1..2) ==== 940+0+0 (secure 0 0 0) 0x7f4b2804d8a0 con 0x7f4b2c108650
2024-04-25T20:38:39.997 INFO:teuthology.orchestra.run.smithi043.stdout:/usr/bin/ceph: stderr
2024-04-25T20:38:39.224+0000 7f4b31a98700 1 --2- 172.21.15.43:0/2103213301 >> [v2:172.21.15.43:6800/1388340659,v1:172.21.15.43:6801/1388340659] conn(0x7f4b180395a0 0x7f4b1803ba60 unknown :-1 s=BANNER_CONNECTING pgs=0 cs=0 l=1 rev1=0 crypto rx=0 tx=0 comp rx=0 tx=0)._handle_peer_banner_payload supported=3 required=0
2024-04-25T20:38:39.997 INFO:teuthology.orchestra.run.smithi043.stdout:/usr/bin/ceph: stderr
2024-04-25T20:38:39.225+0000 7f4b31a98700 1 --2- 172.21.15.43:0/2103213301 >> [v2:172.21.15.43:6800/1388340659,v1:172.21.15.43:6801/1388340659] conn(0x7f4b180395a0 0x7f4b1803ba60 secure :-1 s=READY pgs=7 cs=0 l=1 rev1=1 crypto rx=0x7f4b1c006fd0 tx=0x7f4b1c006e40 comp rx=0 tx=0).ready entity=mgr.14120 client_cookie=0 server_cookie=0 in_seq=0 out_seq=0
2024-04-25T20:38:39.998 INFO:teuthology.orchestra.run.smithi043.stdout:/usr/bin/ceph: stderr
2024-04-25T20:38:39.230+0000 7f4b237fe700 1 -- 172.21.15.43:0/2103213301 <== mon.0 v2:172.21.15.43:3300/0 6 ==== mon_command_ack([{"prefix": "get_command_descriptions"}]=0 v0) ==== 72+0+188370 (secure 0 0 0) 0x7f4b2802bd90 con 0x7f4b2c108650
2024-04-25T20:38:39.998 INFO:teuthology.orchestra.run.smithi043.stdout:/usr/bin/ceph: stderr
2024-04-25T20:38:39.328+0000 7f4b237fe700 1 -- 172.21.15.43:0/2103213301 <== mon.0 v2:172.21.15.43:3300/0 7 ==== mgrmap(e 8) ==== 46558+0+0 (secure 0 0 0) 0x7f4b2802c720 con 0x7f4b2c108650
2024-04-25T20:38:39.998 INFO:teuthology.orchestra.run.smithi043.stdout:/usr/bin/ceph: stderr
2024-04-25T20:38:39.455+0000 7f4b344fd700 1 -- 172.21.15.43:0/2103213301 --> [v2:172.21.15.43:6800/1388340659,v1:172.21.15.43:6801/1388340659] -- mgr_command(tid 0: {"prefix": "orch set backend", "module_name": "cephadm", "target": ["mon-mgr", ""]}) -- 0x7f4b2c104dc0 con 0x7f4b180395a0
2024-04-25T20:38:39.998 INFO:teuthology.orchestra.run.smithi043.stdout:/usr/bin/ceph: stderr
2024-04-25T20:38:39.459+0000 7f4b237fe700 1 -- 172.21.15.43:0/2103213301 <== mgr.14120 v2:172.21.15.43:6800/1388340659 1 ==== mgr_command_reply(tid 0: 0 ) ==== 8+0+0 (secure 0 0 0) 0x7f4b2c104dc0 con 0x7f4b180395a0
2024-04-25T20:38:39.998 INFO:teuthology.orchestra.run.smithi043.stdout:/usr/bin/ceph: stderr
2024-04-25T20:38:39.462+0000 7f4b344fd700 1 -- 172.21.15.43:0/2103213301 >> [v2:172.21.15.43:6800/1388340659,v1:172.21.15.43:6801/1388340659] conn(0x7f4b180395a0 msgr2=0x7f4b1803ba60 secure :-1 s=STATE_CONNECTION_ESTABLISHED l=1).mark_down
2024-04-25T20:38:39.998 INFO:teuthology.orchestra.run.smithi043.stdout:/usr/bin/ceph: stderr
2024-04-25T20:38:39.462+0000 7f4b344fd700 1 --2- 172.21.15.43:0/2103213301 >> [v2:172.21.15.43:6800/1388340659,v1:172.21.15.43:6801/1388340659] conn(0x7f4b180395a0 0x7f4b1803ba60 secure :-1 s=READY pgs=7 cs=0 l=1 rev1=1 crypto rx=0x7f4b1c006fd0 tx=0x7f4b1c006e40 comp rx=0 tx=0).stop
2024-04-25T20:38:39.998 INFO:teuthology.orchestra.run.smithi043.stdout:/usr/bin/ceph: stderr
2024-04-25T20:38:39.462+0000 7f4b344fd700 1 -- 172.21.15.43:0/2103213301 >> [v2:172.21.15.43:3300/0,v1:172.21.15.43:6789/0] conn(0x7f4b2c108650 msgr2=0x7f4b2c19c420 secure :-1 s=STATE_CONNECTION_ESTABLISHED l=1).mark_down
2024-04-25T20:38:39.998 INFO:teuthology.orchestra.run.smithi043.stdout:/usr/bin/ceph: stderr
2024-04-25T20:38:39.462+0000 7f4b344fd700 1 --2- 172.21.15.43:0/2103213301 >> [v2:172.21.15.43:3300/0,v1:172.21.15.43:6789/0] conn(0x7f4b2c108650 0x7f4b2c19c420 secure :-1 s=READY pgs=38 cs=0 l=1 rev1=1 crypto rx=0x7f4b28006af0 tx=0x7f4b28011ce0 comp rx=0 tx=0).stop
2024-04-25T20:38:39.998 INFO:teuthology.orchestra.run.smithi043.stdout:/usr/bin/ceph: stderr
2024-04-25T20:38:39.462+0000 7f4b344fd700 1 -- 172.21.15.43:0/2103213301 shutdown_connections
2024-04-25T20:38:39.998 INFO:teuthology.orchestra.run.smithi043.stdout:/usr/bin/ceph: stderr
2024-04-25T20:38:39.462+0000 7f4b344fd700 1 --2- 172.21.15.43:0/2103213301 >> [v2:172.21.15.43:6800/1388340659,v1:172.21.15.43:6801/1388340659] conn(0x7f4b180395a0 0x7f4b1803ba60 unknown :-1 s=CLOSED pgs=7 cs=0 l=1 rev1=1 crypto rx=0 tx=0 comp rx=0 tx=0).stop
2024-04-25T20:38:39.998 INFO:teuthology.orchestra.run.smithi043.stdout:/usr/bin/ceph: stderr
2024-04-25T20:38:39.462+0000 7f4b344fd700 1 --2- 172.21.15.43:0/2103213301 >> [v2:172.21.15.43:3300/0,v1:172.21.15.43:6789/0] conn(0x7f4b2c108650 0x7f4b2c19c420 unknown :-1 s=CLOSED pgs=38 cs=0 l=1 rev1=1 crypto rx=0 tx=0 comp rx=0 tx=0).stop
2024-04-25T20:38:39.998 INFO:teuthology.orchestra.run.smithi043.stdout:/usr/bin/ceph: stderr
2024-04-25T20:38:39.462+0000 7f4b344fd700 1 -- 172.21.15.43:0/2103213301 >> 172.21.15.43:0/2103213301 conn(0x7f4b2c103cb0 msgr2=0x7f4b2c1046b0 unknown :-1 s=STATE_NONE l=0).mark_down
2024-04-25T20:38:39.998 INFO:teuthology.orchestra.run.smithi043.stdout:/usr/bin/ceph: stderr
2024-04-25T20:38:39.462+0000 7f4b344fd700 1 -- 172.21.15.43:0/2103213301 shutdown_connections
2024-04-25T20:38:39.998 INFO:teuthology.orchestra.run.smithi043.stdout:/usr/bin/ceph: stderr
2024-04-25T20:38:39.462+0000 7f4b344fd700 1 -- 172.21.15.43:0/2103213301 wait complete.
2024-04-25T20:38:40.373 INFO:journalctl@ceph.mon.a.smithi043.stdout:Apr 25 20:38:40 smithi043 ceph-mon[29167]: mgrmap e8: x(active, since 2s)
2024-04-25T20:38:40.373 INFO:journalctl@ceph.mon.a.smithi043.stdout:Apr 25 20:38:40 smithi043 ceph-mon[29167]: from='client.14132 -' entity='client.admin' cmd=[{"prefix": "orch set backend", "module_name": "cephadm", "target": ["mon-mgr", ""]}]: dispatch
2024-04-25T20:38:40.373 INFO:journalctl@ceph.mon.a.smithi043.stdout:Apr 25 20:38:40 smithi043 ceph-mon[29167]: from='mgr.14120 172.21.15.43:0/685412627' entity='mgr.x'
2024-04-25T20:38:40.373 INFO:journalctl@ceph.mon.a.smithi043.stdout:Apr 25 20:38:40 smithi043 ceph-mon[29167]: from='mgr.14120 172.21.15.43:0/685412627' entity='mgr.x' cmd=[{"prefix": "config dump", "format": "json"}]: dispatch
2024-04-25T20:38:41.176 INFO:teuthology.orchestra.run.smithi043.stdout:/usr/bin/ceph: stdout value unchanged
2024-04-25T20:38:41.176 INFO:teuthology.orchestra.run.smithi043.stdout:/usr/bin/ceph: stderr
2024-04-25T20:38:40.402+0000 7fd9c9ef5700 1 Processor -- start
2024-04-25T20:38:41.176 INFO:teuthology.orchestra.run.smithi043.stdout:/usr/bin/ceph: stderr
2024-04-25T20:38:40.402+0000 7fd9c9ef5700 1 -- start start
2024-04-25T20:38:41.177 INFO:teuthology.orchestra.run.smithi043.stdout:/usr/bin/ceph: stderr
2024-04-25T20:38:40.403+0000 7fd9c9ef5700 1 --2- >> [v2:172.21.15.43:3300/0,v1:172.21.15.43:6789/0] conn(0x7fd9c41090b0 0x7fd9c410b4a0 unknown :-1 s=NONE pgs=0 cs=0 l=0 rev1=0 crypto rx=0 tx=0 comp rx=0 tx=0).connect
2024-04-25T20:38:41.177 INFO:teuthology.orchestra.run.smithi043.stdout:/usr/bin/ceph: stderr
2024-04-25T20:38:40.403+0000 7fd9c9ef5700 1 -- --> [v2:172.21.15.43:3300/0,v1:172.21.15.43:6789/0] -- mon_getmap magic: 0 -- 0x7fd9c407bea0 con 0x7fd9c41090b0
2024-04-25T20:38:41.177 INFO:teuthology.orchestra.run.smithi043.stdout:/usr/bin/ceph: stderr
2024-04-25T20:38:40.403+0000 7fd9c37fe700 1 --2- >> [v2:172.21.15.43:3300/0,v1:172.21.15.43:6789/0] conn(0x7fd9c41090b0 0x7fd9c410b4a0 unknown :-1 s=BANNER_CONNECTING pgs=0 cs=0 l=0 rev1=0 crypto rx=0 tx=0 comp rx=0 tx=0)._handle_peer_banner_payload supported=3 required=0
2024-04-25T20:38:41.177 INFO:teuthology.orchestra.run.smithi043.stdout:/usr/bin/ceph: stderr
2024-04-25T20:38:40.403+0000 7fd9c37fe700 1 --2- >> [v2:172.21.15.43:3300/0,v1:172.21.15.43:6789/0] conn(0x7fd9c41090b0 0x7fd9c410b4a0 unknown :-1 s=HELLO_CONNECTING pgs=0 cs=0 l=0 rev1=1 crypto rx=0 tx=0 comp rx=0 tx=0).handle_hello peer v2:172.21.15.43:3300/0 says I am v2:172.21.15.43:60766/0 (socket says 172.21.15.43:60766)
2024-04-25T20:38:41.177 INFO:teuthology.orchestra.run.smithi043.stdout:/usr/bin/ceph: stderr
2024-04-25T20:38:40.403+0000 7fd9c37fe700 1 -- 172.21.15.43:0/781849560 learned_addr learned my addr 172.21.15.43:0/781849560 (peer_addr_for_me v2:172.21.15.43:0/0)
2024-04-25T20:38:41.177 INFO:teuthology.orchestra.run.smithi043.stdout:/usr/bin/ceph: stderr
2024-04-25T20:38:40.403+0000 7fd9c37fe700 1 -- 172.21.15.43:0/781849560 --> [v2:172.21.15.43:3300/0,v1:172.21.15.43:6789/0] -- mon_subscribe({config=0+,monmap=0+}) -- 0x7fd9c410b9e0 con 0x7fd9c41090b0
2024-04-25T20:38:41.177 INFO:teuthology.orchestra.run.smithi043.stdout:/usr/bin/ceph: stderr
2024-04-25T20:38:40.403+0000 7fd9c37fe700 1 --2- 172.21.15.43:0/781849560 >> [v2:172.21.15.43:3300/0,v1:172.21.15.43:6789/0] conn(0x7fd9c41090b0 0x7fd9c410b4a0 secure :-1 s=READY pgs=39 cs=0 l=1 rev1=1 crypto rx=0x7fd9b40098a0 tx=0x7fd9b4009bb0 comp rx=0 tx=0).ready entity=mon.0 client_cookie=aea61f36fe00eb3c server_cookie=0 in_seq=0 out_seq=0
2024-04-25T20:38:41.177 INFO:teuthology.orchestra.run.smithi043.stdout:/usr/bin/ceph: stderr
2024-04-25T20:38:40.403+0000 7fd9c27fc700 1 -- 172.21.15.43:0/781849560 <== mon.0 v2:172.21.15.43:3300/0 1 ==== mon_map magic: 0 ==== 205+0+0 (secure 0 0 0) 0x7fd9b4004160 con 0x7fd9c41090b0
2024-04-25T20:38:41.177 INFO:teuthology.orchestra.run.smithi043.stdout:/usr/bin/ceph: stderr
2024-04-25T20:38:40.403+0000 7fd9c27fc700 1 -- 172.21.15.43:0/781849560 <== mon.0 v2:172.21.15.43:3300/0 2 ==== config(27 keys) ==== 1104+0+0 (secure 0 0 0) 0x7fd9b4004300 con 0x7fd9c41090b0
2024-04-25T20:38:41.177 INFO:teuthology.orchestra.run.smithi043.stdout:/usr/bin/ceph: stderr
2024-04-25T20:38:40.404+0000 7fd9c27fc700 1 -- 172.21.15.43:0/781849560 <== mon.0 v2:172.21.15.43:3300/0 3 ==== mon_map magic: 0 ==== 205+0+0 (secure 0 0 0) 0x7fd9b4011b20 con 0x7fd9c41090b0
2024-04-25T20:38:41.177 INFO:teuthology.orchestra.run.smithi043.stdout:/usr/bin/ceph: stderr
2024-04-25T20:38:40.404+0000 7fd9c9ef5700 1 -- 172.21.15.43:0/781849560 >> [v2:172.21.15.43:3300/0,v1:172.21.15.43:6789/0] conn(0x7fd9c41090b0 msgr2=0x7fd9c410b4a0 secure :-1 s=STATE_CONNECTION_ESTABLISHED l=1).mark_down
2024-04-25T20:38:41.177 INFO:teuthology.orchestra.run.smithi043.stdout:/usr/bin/ceph: stderr
2024-04-25T20:38:40.404+0000 7fd9c9ef5700 1 --2- 172.21.15.43:0/781849560 >> [v2:172.21.15.43:3300/0,v1:172.21.15.43:6789/0] conn(0x7fd9c41090b0 0x7fd9c410b4a0 secure :-1 s=READY pgs=39 cs=0 l=1 rev1=1 crypto rx=0x7fd9b40098a0 tx=0x7fd9b4009bb0 comp rx=0 tx=0).stop
2024-04-25T20:38:41.177 INFO:teuthology.orchestra.run.smithi043.stdout:/usr/bin/ceph: stderr
2024-04-25T20:38:40.404+0000 7fd9c9ef5700 1 -- 172.21.15.43:0/781849560 shutdown_connections
2024-04-25T20:38:41.177 INFO:teuthology.orchestra.run.smithi043.stdout:/usr/bin/ceph: stderr
2024-04-25T20:38:40.404+0000 7fd9c9ef5700 1 --2- 172.21.15.43:0/781849560 >> [v2:172.21.15.43:3300/0,v1:172.21.15.43:6789/0] conn(0x7fd9c41090b0 0x7fd9c410b4a0 unknown :-1 s=CLOSED pgs=39 cs=0 l=1 rev1=1 crypto rx=0 tx=0 comp rx=0 tx=0).stop
2024-04-25T20:38:41.178 INFO:teuthology.orchestra.run.smithi043.stdout:/usr/bin/ceph: stderr
2024-04-25T20:38:40.404+0000 7fd9c9ef5700 1 -- 172.21.15.43:0/781849560 >> 172.21.15.43:0/781849560 conn(0x7fd9c4102ae0 msgr2=0x7fd9c4104f20 unknown :-1 s=STATE_NONE l=0).mark_down
2024-04-25T20:38:41.178 INFO:teuthology.orchestra.run.smithi043.stdout:/usr/bin/ceph: stderr
2024-04-25T20:38:40.404+0000 7fd9c9ef5700 1 -- 172.21.15.43:0/781849560 shutdown_connections
2024-04-25T20:38:41.178 INFO:teuthology.orchestra.run.smithi043.stdout:/usr/bin/ceph: stderr
2024-04-25T20:38:40.404+0000 7fd9c9ef5700 1 -- 172.21.15.43:0/781849560 wait complete.
2024-04-25T20:38:41.178 INFO:teuthology.orchestra.run.smithi043.stdout:/usr/bin/ceph: stderr
2024-04-25T20:38:40.405+0000 7fd9c9ef5700 1 Processor -- start
2024-04-25T20:38:41.178 INFO:teuthology.orchestra.run.smithi043.stdout:/usr/bin/ceph: stderr
2024-04-25T20:38:40.405+0000 7fd9c9ef5700 1 -- start start
2024-04-25T20:38:41.178 INFO:teuthology.orchestra.run.smithi043.stdout:/usr/bin/ceph: stderr
2024-04-25T20:38:40.405+0000 7fd9c9ef5700 1 --2- >> [v2:172.21.15.43:3300/0,v1:172.21.15.43:6789/0] conn(0x7fd9c41090b0 0x7fd9c419c3d0 unknown :-1 s=NONE pgs=0 cs=0 l=1 rev1=0 crypto rx=0 tx=0 comp rx=0 tx=0).connect
2024-04-25T20:38:41.178 INFO:teuthology.orchestra.run.smithi043.stdout:/usr/bin/ceph: stderr
2024-04-25T20:38:40.405+0000 7fd9c9ef5700 1 -- --> [v2:172.21.15.43:3300/0,v1:172.21.15.43:6789/0] -- mon_getmap magic: 0 -- 0x7fd9c410c9a0 con 0x7fd9c41090b0
2024-04-25T20:38:41.178 INFO:teuthology.orchestra.run.smithi043.stdout:/usr/bin/ceph: stderr
2024-04-25T20:38:40.405+0000 7fd9c37fe700 1 --2- >> [v2:172.21.15.43:3300/0,v1:172.21.15.43:6789/0] conn(0x7fd9c41090b0 0x7fd9c419c3d0 unknown :-1 s=BANNER_CONNECTING pgs=0 cs=0 l=1 rev1=0 crypto rx=0 tx=0 comp rx=0 tx=0)._handle_peer_banner_payload supported=3 required=0
2024-04-25T20:38:41.178 INFO:teuthology.orchestra.run.smithi043.stdout:/usr/bin/ceph: stderr
2024-04-25T20:38:40.405+0000 7fd9c37fe700 1 --2- >> [v2:172.21.15.43:3300/0,v1:172.21.15.43:6789/0] conn(0x7fd9c41090b0 0x7fd9c419c3d0 unknown :-1 s=HELLO_CONNECTING pgs=0 cs=0 l=1 rev1=1 crypto rx=0 tx=0 comp rx=0 tx=0).handle_hello peer v2:172.21.15.43:3300/0 says I am v2:172.21.15.43:60768/0 (socket says 172.21.15.43:60768)
2024-04-25T20:38:41.178 INFO:teuthology.orchestra.run.smithi043.stdout:/usr/bin/ceph: stderr
2024-04-25T20:38:40.405+0000 7fd9c37fe700 1 -- 172.21.15.43:0/3060226481 learned_addr learned my addr 172.21.15.43:0/3060226481 (peer_addr_for_me v2:172.21.15.43:0/0)
2024-04-25T20:38:41.178 INFO:teuthology.orchestra.run.smithi043.stdout:/usr/bin/ceph: stderr
2024-04-25T20:38:40.405+0000 7fd9c37fe700 1 -- 172.21.15.43:0/3060226481 --> [v2:172.21.15.43:3300/0,v1:172.21.15.43:6789/0] -- mon_subscribe({config=0+,monmap=0+}) -- 0x7fd9c419c910 con 0x7fd9c41090b0
2024-04-25T20:38:41.178 INFO:teuthology.orchestra.run.smithi043.stdout:/usr/bin/ceph: stderr
2024-04-25T20:38:40.406+0000 7fd9c37fe700 1 --2- 172.21.15.43:0/3060226481 >> [v2:172.21.15.43:3300/0,v1:172.21.15.43:6789/0] conn(0x7fd9c41090b0 0x7fd9c419c3d0 secure :-1 s=READY pgs=40 cs=0 l=1 rev1=1 crypto rx=0x7fd9b4006af0 tx=0x7fd9b4011ce0 comp rx=0 tx=0).ready entity=mon.0 client_cookie=0 server_cookie=0 in_seq=0 out_seq=0
2024-04-25T20:38:41.178 INFO:teuthology.orchestra.run.smithi043.stdout:/usr/bin/ceph: stderr
2024-04-25T20:38:40.406+0000 7fd9c0ff9700 1 -- 172.21.15.43:0/3060226481 <== mon.0 v2:172.21.15.43:3300/0 1 ==== mon_map magic: 0 ==== 205+0+0 (secure 0 0 0) 0x7fd9b40039a0 con 0x7fd9c41090b0
2024-04-25T20:38:41.179 INFO:teuthology.orchestra.run.smithi043.stdout:/usr/bin/ceph: stderr
2024-04-25T20:38:40.406+0000 7fd9c0ff9700 1 -- 172.21.15.43:0/3060226481 <== mon.0 v2:172.21.15.43:3300/0 2 ==== config(27 keys) ==== 1104+0+0 (secure 0 0 0) 0x7fd9b4003b40 con 0x7fd9c41090b0
2024-04-25T20:38:41.179 INFO:teuthology.orchestra.run.smithi043.stdout:/usr/bin/ceph: stderr
2024-04-25T20:38:40.406+0000 7fd9c9ef5700 1 -- 172.21.15.43:0/3060226481 --> [v2:172.21.15.43:3300/0,v1:172.21.15.43:6789/0] -- mon_subscribe({mgrmap=0+}) -- 0x7fd9c419cba0 con 0x7fd9c41090b0
2024-04-25T20:38:41.179 INFO:teuthology.orchestra.run.smithi043.stdout:/usr/bin/ceph: stderr
2024-04-25T20:38:40.406+0000 7fd9c0ff9700 1 -- 172.21.15.43:0/3060226481 <== mon.0 v2:172.21.15.43:3300/0 3 ==== mon_map magic: 0 ==== 205+0+0 (secure 0 0 0) 0x7fd9b4019670 con 0x7fd9c41090b0
2024-04-25T20:38:41.179 INFO:teuthology.orchestra.run.smithi043.stdout:/usr/bin/ceph: stderr
2024-04-25T20:38:40.406+0000 7fd9c9ef5700 1 -- 172.21.15.43:0/3060226481 --> [v2:172.21.15.43:3300/0,v1:172.21.15.43:6789/0] -- mon_subscribe({osdmap=0}) -- 0x7fd9c419d000 con 0x7fd9c41090b0
2024-04-25T20:38:41.179 INFO:teuthology.orchestra.run.smithi043.stdout:/usr/bin/ceph: stderr
2024-04-25T20:38:40.407+0000 7fd9c0ff9700 1 -- 172.21.15.43:0/3060226481 <== mon.0 v2:172.21.15.43:3300/0 4 ==== mgrmap(e 8) ==== 46558+0+0 (secure 0 0 0) 0x7fd9b40198e0 con 0x7fd9c41090b0
2024-04-25T20:38:41.179 INFO:teuthology.orchestra.run.smithi043.stdout:/usr/bin/ceph: stderr
2024-04-25T20:38:40.407+0000 7fd9c9ef5700 1 -- 172.21.15.43:0/3060226481 --> [v2:172.21.15.43:3300/0,v1:172.21.15.43:6789/0] -- mon_command({"prefix": "get_command_descriptions"} v 0) -- 0x7fd9c40640a0 con 0x7fd9c41090b0
2024-04-25T20:38:41.179 INFO:teuthology.orchestra.run.smithi043.stdout:/usr/bin/ceph: stderr
2024-04-25T20:38:40.407+0000 7fd9c0ff9700 1 --2- 172.21.15.43:0/3060226481 >> [v2:172.21.15.43:6800/1388340659,v1:172.21.15.43:6801/1388340659] conn(0x7fd9ac039670 0x7fd9ac03bb30 unknown :-1 s=NONE pgs=0 cs=0 l=1 rev1=0 crypto rx=0 tx=0 comp rx=0 tx=0).connect
2024-04-25T20:38:41.179 INFO:teuthology.orchestra.run.smithi043.stdout:/usr/bin/ceph: stderr
2024-04-25T20:38:40.407+0000 7fd9c0ff9700 1 -- 172.21.15.43:0/3060226481 <== mon.0 v2:172.21.15.43:3300/0 5 ==== osd_map(2..2 src has 1..2) ==== 940+0+0 (secure 0 0 0) 0x7fd9b404db70 con 0x7fd9c41090b0
2024-04-25T20:38:41.179 INFO:teuthology.orchestra.run.smithi043.stdout:/usr/bin/ceph: stderr
2024-04-25T20:38:40.407+0000 7fd9c2ffd700 1 --2- 172.21.15.43:0/3060226481 >> [v2:172.21.15.43:6800/1388340659,v1:172.21.15.43:6801/1388340659] conn(0x7fd9ac039670 0x7fd9ac03bb30 unknown :-1 s=BANNER_CONNECTING pgs=0 cs=0 l=1 rev1=0 crypto rx=0 tx=0 comp rx=0 tx=0)._handle_peer_banner_payload supported=3 required=0
2024-04-25T20:38:41.179 INFO:teuthology.orchestra.run.smithi043.stdout:/usr/bin/ceph: stderr
2024-04-25T20:38:40.407+0000 7fd9c2ffd700 1 --2- 172.21.15.43:0/3060226481 >> [v2:172.21.15.43:6800/1388340659,v1:172.21.15.43:6801/1388340659] conn(0x7fd9ac039670 0x7fd9ac03bb30 secure :-1 s=READY pgs=8 cs=0 l=1 rev1=1 crypto rx=0x7fd9b8006fd0 tx=0x7fd9b8006e40 comp rx=0 tx=0).ready entity=mgr.14120 client_cookie=0 server_cookie=0 in_seq=0 out_seq=0
2024-04-25T20:38:41.179 INFO:teuthology.orchestra.run.smithi043.stdout:/usr/bin/ceph: stderr
2024-04-25T20:38:40.412+0000 7fd9c0ff9700 1 -- 172.21.15.43:0/3060226481 <== mon.0 v2:172.21.15.43:3300/0 6 ==== mon_command_ack([{"prefix": "get_command_descriptions"}]=0 v0) ==== 72+0+188370 (secure 0 0 0) 0x7fd9b4011e20 con 0x7fd9c41090b0
2024-04-25T20:38:41.179 INFO:teuthology.orchestra.run.smithi043.stdout:/usr/bin/ceph: stderr
2024-04-25T20:38:40.621+0000 7fd9c9ef5700 1 -- 172.21.15.43:0/3060226481 --> [v2:172.21.15.43:6800/1388340659,v1:172.21.15.43:6801/1388340659] -- mgr_command(tid 0: {"prefix": "cephadm set-user", "user": "root", "target": ["mon-mgr", ""]}) -- 0x7fd9c4103bf0 con 0x7fd9ac039670
2024-04-25T20:38:41.179 INFO:teuthology.orchestra.run.smithi043.stdout:/usr/bin/ceph: stderr
2024-04-25T20:38:40.622+0000 7fd9c0ff9700 1 -- 172.21.15.43:0/3060226481 <== mgr.14120 v2:172.21.15.43:6800/1388340659 1 ==== mgr_command_reply(tid 0: 0 ) ==== 8+0+16 (secure 0 0 0) 0x7fd9c4103bf0 con 0x7fd9ac039670
2024-04-25T20:38:41.179 INFO:teuthology.orchestra.run.smithi043.stdout:/usr/bin/ceph: stderr
2024-04-25T20:38:40.624+0000 7fd9c9ef5700 1 -- 172.21.15.43:0/3060226481 >> [v2:172.21.15.43:6800/1388340659,v1:172.21.15.43:6801/1388340659] conn(0x7fd9ac039670 msgr2=0x7fd9ac03bb30 secure :-1 s=STATE_CONNECTION_ESTABLISHED l=1).mark_down
2024-04-25T20:38:41.180 INFO:teuthology.orchestra.run.smithi043.stdout:/usr/bin/ceph: stderr
2024-04-25T20:38:40.624+0000 7fd9c9ef5700 1 --2- 172.21.15.43:0/3060226481 >> [v2:172.21.15.43:6800/1388340659,v1:172.21.15.43:6801/1388340659] conn(0x7fd9ac039670 0x7fd9ac03bb30 secure :-1 s=READY pgs=8 cs=0 l=1 rev1=1 crypto rx=0x7fd9b8006fd0 tx=0x7fd9b8006e40 comp rx=0 tx=0).stop
2024-04-25T20:38:41.180 INFO:teuthology.orchestra.run.smithi043.stdout:/usr/bin/ceph: stderr
2024-04-25T20:38:40.624+0000 7fd9c9ef5700 1 -- 172.21.15.43:0/3060226481 >> [v2:172.21.15.43:3300/0,v1:172.21.15.43:6789/0] conn(0x7fd9c41090b0 msgr2=0x7fd9c419c3d0 secure :-1 s=STATE_CONNECTION_ESTABLISHED l=1).mark_down
2024-04-25T20:38:41.180 INFO:teuthology.orchestra.run.smithi043.stdout:/usr/bin/ceph: stderr
2024-04-25T20:38:40.624+0000 7fd9c9ef5700 1 --2- 172.21.15.43:0/3060226481 >> [v2:172.21.15.43:3300/0,v1:172.21.15.43:6789/0] conn(0x7fd9c41090b0 0x7fd9c419c3d0 secure :-1 s=READY pgs=40 cs=0 l=1 rev1=1 crypto rx=0x7fd9b4006af0 tx=0x7fd9b4011ce0 comp rx=0 tx=0).stop
2024-04-25T20:38:41.180 INFO:teuthology.orchestra.run.smithi043.stdout:/usr/bin/ceph: stderr
2024-04-25T20:38:40.624+0000 7fd9c9ef5700 1 -- 172.21.15.43:0/3060226481 shutdown_connections
2024-04-25T20:38:41.180 INFO:teuthology.orchestra.run.smithi043.stdout:/usr/bin/ceph: stderr
2024-04-25T20:38:40.624+0000 7fd9c9ef5700 1 --2- 172.21.15.43:0/3060226481 >> [v2:172.21.15.43:6800/1388340659,v1:172.21.15.43:6801/1388340659] conn(0x7fd9ac039670 0x7fd9ac03bb30 unknown :-1 s=CLOSED pgs=8 cs=0 l=1 rev1=1 crypto rx=0 tx=0 comp rx=0 tx=0).stop
2024-04-25T20:38:41.180 INFO:teuthology.orchestra.run.smithi043.stdout:/usr/bin/ceph: stderr
2024-04-25T20:38:40.624+0000 7fd9c9ef5700 1 --2- 172.21.15.43:0/3060226481 >> [v2:172.21.15.43:3300/0,v1:172.21.15.43:6789/0] conn(0x7fd9c41090b0 0x7fd9c419c3d0 unknown :-1 s=CLOSED pgs=40 cs=0 l=1 rev1=1 crypto rx=0 tx=0 comp rx=0 tx=0).stop
2024-04-25T20:38:41.180 INFO:teuthology.orchestra.run.smithi043.stdout:/usr/bin/ceph: stderr
2024-04-25T20:38:40.624+0000 7fd9c9ef5700 1 -- 172.21.15.43:0/3060226481 >> 172.21.15.43:0/3060226481 conn(0x7fd9c4102ae0 msgr2=0x7fd9c41034e0 unknown :-1 s=STATE_NONE l=0).mark_down
2024-04-25T20:38:41.180 INFO:teuthology.orchestra.run.smithi043.stdout:/usr/bin/ceph: stderr
2024-04-25T20:38:40.624+0000 7fd9c9ef5700 1 -- 172.21.15.43:0/3060226481 shutdown_connections
2024-04-25T20:38:41.180 INFO:teuthology.orchestra.run.smithi043.stdout:/usr/bin/ceph: stderr
2024-04-25T20:38:40.624+0000 7fd9c9ef5700 1 -- 172.21.15.43:0/3060226481 wait complete.
2024-04-25T20:38:41.180 INFO:teuthology.orchestra.run.smithi043.stdout:Generating ssh key...
2024-04-25T20:38:41.448 INFO:journalctl@ceph.mon.a.smithi043.stdout:Apr 25 20:38:41 smithi043 ceph-mon[29167]: from='client.14134 -' entity='client.admin' cmd=[{"prefix": "cephadm set-user", "user": "root", "target": ["mon-mgr", ""]}]: dispatch
2024-04-25T20:38:42.458 INFO:journalctl@ceph.mgr.x.smithi043.stdout:Apr 25 20:38:42 smithi043 ceph-92e6f50e-0343-11ef-bc93-c7b262605968-mgr-x[29402]: Generating public/private rsa key pair.
2024-04-25T20:38:42.458 INFO:journalctl@ceph.mgr.x.smithi043.stdout:Apr 25 20:38:42 smithi043 ceph-92e6f50e-0343-11ef-bc93-c7b262605968-mgr-x[29402]: Your identification has been saved in /tmp/tmpeey4b3ao/key.
2024-04-25T20:38:42.458 INFO:journalctl@ceph.mgr.x.smithi043.stdout:Apr 25 20:38:42 smithi043 ceph-92e6f50e-0343-11ef-bc93-c7b262605968-mgr-x[29402]: Your public key has been saved in /tmp/tmpeey4b3ao/key.pub.
2024-04-25T20:38:42.459 INFO:journalctl@ceph.mgr.x.smithi043.stdout:Apr 25 20:38:42 smithi043 ceph-92e6f50e-0343-11ef-bc93-c7b262605968-mgr-x[29402]: The key fingerprint is:
2024-04-25T20:38:42.459 INFO:journalctl@ceph.mgr.x.smithi043.stdout:Apr 25 20:38:42 smithi043 ceph-92e6f50e-0343-11ef-bc93-c7b262605968-mgr-x[29402]: SHA256:P1u1PwpEigRvQ4NMw1VbpGpgyNtfmzXVhjtzUWYDark ceph-92e6f50e-0343-11ef-bc93-c7b262605968
2024-04-25T20:38:42.459 INFO:journalctl@ceph.mgr.x.smithi043.stdout:Apr 25 20:38:42 smithi043 ceph-92e6f50e-0343-11ef-bc93-c7b262605968-mgr-x[29402]: The key's randomart image is:
2024-04-25T20:38:42.459 INFO:journalctl@ceph.mgr.x.smithi043.stdout:Apr 25 20:38:42 smithi043 ceph-92e6f50e-0343-11ef-bc93-c7b262605968-mgr-x[29402]: +---[RSA 3072]----+
2024-04-25T20:38:42.459 INFO:journalctl@ceph.mgr.x.smithi043.stdout:Apr 25 20:38:42 smithi043 ceph-92e6f50e-0343-11ef-bc93-c7b262605968-mgr-x[29402]: | ++o+...o ...+|
2024-04-25T20:38:42.459 INFO:journalctl@ceph.mgr.x.smithi043.stdout:Apr 25 20:38:42 smithi043 ceph-92e6f50e-0343-11ef-bc93-c7b262605968-mgr-x[29402]: | . .+= . + o ooo|
2024-04-25T20:38:42.459 INFO:journalctl@ceph.mgr.x.smithi043.stdout:Apr 25 20:38:42 smithi043 ceph-92e6f50e-0343-11ef-bc93-c7b262605968-mgr-x[29402]: | o o = o = o + |
2024-04-25T20:38:42.459 INFO:journalctl@ceph.mgr.x.smithi043.stdout:Apr 25 20:38:42 smithi043 ceph-92e6f50e-0343-11ef-bc93-c7b262605968-mgr-x[29402]: | + + + + o o .|
2024-04-25T20:38:42.459 INFO:journalctl@ceph.mgr.x.smithi043.stdout:Apr 25 20:38:42 smithi043 ceph-92e6f50e-0343-11ef-bc93-c7b262605968-mgr-x[29402]: | . . +So E +.. |
2024-04-25T20:38:42.459 INFO:journalctl@ceph.mgr.x.smithi043.stdout:Apr 25 20:38:42 smithi043 ceph-92e6f50e-0343-11ef-bc93-c7b262605968-mgr-x[29402]: | o ..= ..+. |
2024-04-25T20:38:42.459 INFO:journalctl@ceph.mgr.x.smithi043.stdout:Apr 25 20:38:42 smithi043 ceph-92e6f50e-0343-11ef-bc93-c7b262605968-mgr-x[29402]: | . oo.. . |
2024-04-25T20:38:42.459 INFO:journalctl@ceph.mgr.x.smithi043.stdout:Apr 25 20:38:42 smithi043 ceph-92e6f50e-0343-11ef-bc93-c7b262605968-mgr-x[29402]: | +. o |
2024-04-25T20:38:42.459 INFO:journalctl@ceph.mgr.x.smithi043.stdout:Apr 25 20:38:42 smithi043 ceph-92e6f50e-0343-11ef-bc93-c7b262605968-mgr-x[29402]: | . .. o|
2024-04-25T20:38:42.459 INFO:journalctl@ceph.mgr.x.smithi043.stdout:Apr 25 20:38:42 smithi043 ceph-92e6f50e-0343-11ef-bc93-c7b262605968-mgr-x[29402]: +----[SHA256]-----+
2024-04-25T20:38:42.724 INFO:teuthology.orchestra.run.smithi043.stdout:/usr/bin/ceph: stderr
2024-04-25T20:38:41.637+0000 7f2238d20700 1 Processor -- start
2024-04-25T20:38:42.725 INFO:teuthology.orchestra.run.smithi043.stdout:/usr/bin/ceph: stderr
2024-04-25T20:38:41.637+0000 7f2238d20700 1 -- start start
2024-04-25T20:38:42.725 INFO:teuthology.orchestra.run.smithi043.stdout:/usr/bin/ceph: stderr
2024-04-25T20:38:41.637+0000 7f2238d20700 1 --2- >> [v2:172.21.15.43:3300/0,v1:172.21.15.43:6789/0] conn(0x7f2234108650 0x7f2234108a70 unknown :-1 s=NONE pgs=0 cs=0 l=0 rev1=0 crypto rx=0 tx=0 comp rx=0 tx=0).connect
2024-04-25T20:38:42.725 INFO:teuthology.orchestra.run.smithi043.stdout:/usr/bin/ceph: stderr
2024-04-25T20:38:41.637+0000 7f2238d20700 1 -- --> [v2:172.21.15.43:3300/0,v1:172.21.15.43:6789/0] -- mon_getmap magic: 0 -- 0x7f2234109040 con 0x7f2234108650
2024-04-25T20:38:42.725 INFO:teuthology.orchestra.run.smithi043.stdout:/usr/bin/ceph: stderr
2024-04-25T20:38:41.637+0000 7f223259c700 1 --2- >> [v2:172.21.15.43:3300/0,v1:172.21.15.43:6789/0] conn(0x7f2234108650 0x7f2234108a70 unknown :-1 s=BANNER_CONNECTING pgs=0 cs=0 l=0 rev1=0 crypto rx=0 tx=0 comp rx=0 tx=0)._handle_peer_banner_payload supported=3 required=0
2024-04-25T20:38:42.725 INFO:teuthology.orchestra.run.smithi043.stdout:/usr/bin/ceph: stderr
2024-04-25T20:38:41.637+0000 7f223259c700 1 --2- >> [v2:172.21.15.43:3300/0,v1:172.21.15.43:6789/0] conn(0x7f2234108650 0x7f2234108a70 unknown :-1 s=HELLO_CONNECTING pgs=0 cs=0 l=0 rev1=1 crypto rx=0 tx=0 comp rx=0 tx=0).handle_hello peer v2:172.21.15.43:3300/0 says I am v2:172.21.15.43:60770/0 (socket says 172.21.15.43:60770)
2024-04-25T20:38:42.725 INFO:teuthology.orchestra.run.smithi043.stdout:/usr/bin/ceph: stderr
2024-04-25T20:38:41.637+0000 7f223259c700 1 -- 172.21.15.43:0/3640745816 learned_addr learned my addr 172.21.15.43:0/3640745816 (peer_addr_for_me v2:172.21.15.43:0/0)
2024-04-25T20:38:42.725 INFO:teuthology.orchestra.run.smithi043.stdout:/usr/bin/ceph: stderr
2024-04-25T20:38:41.637+0000 7f223259c700 1 -- 172.21.15.43:0/3640745816 --> [v2:172.21.15.43:3300/0,v1:172.21.15.43:6789/0] -- mon_subscribe({config=0+,monmap=0+}) -- 0x7f2234109800 con 0x7f2234108650
2024-04-25T20:38:42.725 INFO:teuthology.orchestra.run.smithi043.stdout:/usr/bin/ceph: stderr
2024-04-25T20:38:41.638+0000 7f223259c700 1 --2- 172.21.15.43:0/3640745816 >> [v2:172.21.15.43:3300/0,v1:172.21.15.43:6789/0] conn(0x7f2234108650 0x7f2234108a70 secure :-1 s=READY pgs=41 cs=0 l=1 rev1=1 crypto rx=0x7f221c0098a0 tx=0x7f221c009bb0 comp rx=0 tx=0).ready entity=mon.0 client_cookie=a3e4bfc0ee41a472 server_cookie=0 in_seq=0 out_seq=0
2024-04-25T20:38:42.725 INFO:teuthology.orchestra.run.smithi043.stdout:/usr/bin/ceph: stderr
2024-04-25T20:38:41.638+0000 7f223159a700 1 -- 172.21.15.43:0/3640745816 <== mon.0 v2:172.21.15.43:3300/0 1 ==== mon_map magic: 0 ==== 205+0+0 (secure 0 0 0) 0x7f221c004160 con 0x7f2234108650
2024-04-25T20:38:42.725 INFO:teuthology.orchestra.run.smithi043.stdout:/usr/bin/ceph: stderr
