2024-04-25T20:38:41.638+0000 7f223159a700 1 -- 172.21.15.43:0/3640745816 <== mon.0 v2:172.21.15.43:3300/0 2 ==== config(27 keys) ==== 1104+0+0 (secure 0 0 0) 0x7f221c004300 con 0x7f2234108650
2024-04-25T20:38:42.725 INFO:teuthology.orchestra.run.smithi043.stdout:/usr/bin/ceph: stderr
2024-04-25T20:38:41.638+0000 7f223159a700 1 -- 172.21.15.43:0/3640745816 <== mon.0 v2:172.21.15.43:3300/0 3 ==== mon_map magic: 0 ==== 205+0+0 (secure 0 0 0) 0x7f221c011b20 con 0x7f2234108650
2024-04-25T20:38:42.725 INFO:teuthology.orchestra.run.smithi043.stdout:/usr/bin/ceph: stderr
2024-04-25T20:38:41.638+0000 7f2238d20700 1 -- 172.21.15.43:0/3640745816 >> [v2:172.21.15.43:3300/0,v1:172.21.15.43:6789/0] conn(0x7f2234108650 msgr2=0x7f2234108a70 secure :-1 s=STATE_CONNECTION_ESTABLISHED l=1).mark_down
2024-04-25T20:38:42.725 INFO:teuthology.orchestra.run.smithi043.stdout:/usr/bin/ceph: stderr
2024-04-25T20:38:41.638+0000 7f2238d20700 1 --2- 172.21.15.43:0/3640745816 >> [v2:172.21.15.43:3300/0,v1:172.21.15.43:6789/0] conn(0x7f2234108650 0x7f2234108a70 secure :-1 s=READY pgs=41 cs=0 l=1 rev1=1 crypto rx=0x7f221c0098a0 tx=0x7f221c009bb0 comp rx=0 tx=0).stop
2024-04-25T20:38:42.726 INFO:teuthology.orchestra.run.smithi043.stdout:/usr/bin/ceph: stderr
2024-04-25T20:38:41.639+0000 7f2238d20700 1 -- 172.21.15.43:0/3640745816 shutdown_connections
2024-04-25T20:38:42.726 INFO:teuthology.orchestra.run.smithi043.stdout:/usr/bin/ceph: stderr
2024-04-25T20:38:41.639+0000 7f2238d20700 1 --2- 172.21.15.43:0/3640745816 >> [v2:172.21.15.43:3300/0,v1:172.21.15.43:6789/0] conn(0x7f2234108650 0x7f2234108a70 unknown :-1 s=CLOSED pgs=41 cs=0 l=1 rev1=1 crypto rx=0 tx=0 comp rx=0 tx=0).stop
2024-04-25T20:38:42.726 INFO:teuthology.orchestra.run.smithi043.stdout:/usr/bin/ceph: stderr
2024-04-25T20:38:41.639+0000 7f2238d20700 1 -- 172.21.15.43:0/3640745816 >> 172.21.15.43:0/3640745816 conn(0x7f2234103cb0 msgr2=0x7f22341060d0 unknown :-1 s=STATE_NONE l=0).mark_down
2024-04-25T20:38:42.726 INFO:teuthology.orchestra.run.smithi043.stdout:/usr/bin/ceph: stderr
2024-04-25T20:38:41.639+0000 7f2238d20700 1 -- 172.21.15.43:0/3640745816 shutdown_connections
2024-04-25T20:38:42.726 INFO:teuthology.orchestra.run.smithi043.stdout:/usr/bin/ceph: stderr
2024-04-25T20:38:41.639+0000 7f2238d20700 1 -- 172.21.15.43:0/3640745816 wait complete.
2024-04-25T20:38:42.726 INFO:teuthology.orchestra.run.smithi043.stdout:/usr/bin/ceph: stderr
2024-04-25T20:38:41.639+0000 7f2238d20700 1 Processor -- start
2024-04-25T20:38:42.726 INFO:teuthology.orchestra.run.smithi043.stdout:/usr/bin/ceph: stderr
2024-04-25T20:38:41.639+0000 7f2238d20700 1 -- start start
2024-04-25T20:38:42.726 INFO:teuthology.orchestra.run.smithi043.stdout:/usr/bin/ceph: stderr
2024-04-25T20:38:41.640+0000 7f2238d20700 1 --2- >> [v2:172.21.15.43:3300/0,v1:172.21.15.43:6789/0] conn(0x7f2234108650 0x7f223419c420 unknown :-1 s=NONE pgs=0 cs=0 l=1 rev1=0 crypto rx=0 tx=0 comp rx=0 tx=0).connect
2024-04-25T20:38:42.726 INFO:teuthology.orchestra.run.smithi043.stdout:/usr/bin/ceph: stderr
2024-04-25T20:38:41.640+0000 7f2238d20700 1 -- --> [v2:172.21.15.43:3300/0,v1:172.21.15.43:6789/0] -- mon_getmap magic: 0 -- 0x7f223410cbb0 con 0x7f2234108650
2024-04-25T20:38:42.726 INFO:teuthology.orchestra.run.smithi043.stdout:/usr/bin/ceph: stderr
2024-04-25T20:38:41.640+0000 7f223259c700 1 --2- >> [v2:172.21.15.43:3300/0,v1:172.21.15.43:6789/0] conn(0x7f2234108650 0x7f223419c420 unknown :-1 s=BANNER_CONNECTING pgs=0 cs=0 l=1 rev1=0 crypto rx=0 tx=0 comp rx=0 tx=0)._handle_peer_banner_payload supported=3 required=0
2024-04-25T20:38:42.726 INFO:teuthology.orchestra.run.smithi043.stdout:/usr/bin/ceph: stderr
2024-04-25T20:38:41.640+0000 7f223259c700 1 --2- >> [v2:172.21.15.43:3300/0,v1:172.21.15.43:6789/0] conn(0x7f2234108650 0x7f223419c420 unknown :-1 s=HELLO_CONNECTING pgs=0 cs=0 l=1 rev1=1 crypto rx=0 tx=0 comp rx=0 tx=0).handle_hello peer v2:172.21.15.43:3300/0 says I am v2:172.21.15.43:60784/0 (socket says 172.21.15.43:60784)
2024-04-25T20:38:42.726 INFO:teuthology.orchestra.run.smithi043.stdout:/usr/bin/ceph: stderr
2024-04-25T20:38:41.640+0000 7f223259c700 1 -- 172.21.15.43:0/1395422308 learned_addr learned my addr 172.21.15.43:0/1395422308 (peer_addr_for_me v2:172.21.15.43:0/0)
2024-04-25T20:38:42.727 INFO:teuthology.orchestra.run.smithi043.stdout:/usr/bin/ceph: stderr
2024-04-25T20:38:41.640+0000 7f223259c700 1 -- 172.21.15.43:0/1395422308 --> [v2:172.21.15.43:3300/0,v1:172.21.15.43:6789/0] -- mon_subscribe({config=0+,monmap=0+}) -- 0x7f223419c960 con 0x7f2234108650
2024-04-25T20:38:42.727 INFO:teuthology.orchestra.run.smithi043.stdout:/usr/bin/ceph: stderr
2024-04-25T20:38:41.640+0000 7f223259c700 1 --2- 172.21.15.43:0/1395422308 >> [v2:172.21.15.43:3300/0,v1:172.21.15.43:6789/0] conn(0x7f2234108650 0x7f223419c420 secure :-1 s=READY pgs=42 cs=0 l=1 rev1=1 crypto rx=0x7f221c006af0 tx=0x7f221c011c10 comp rx=0 tx=0).ready entity=mon.0 client_cookie=0 server_cookie=0 in_seq=0 out_seq=0
2024-04-25T20:38:42.727 INFO:teuthology.orchestra.run.smithi043.stdout:/usr/bin/ceph: stderr
2024-04-25T20:38:41.640+0000 7f222b7fe700 1 -- 172.21.15.43:0/1395422308 <== mon.0 v2:172.21.15.43:3300/0 1 ==== mon_map magic: 0 ==== 205+0+0 (secure 0 0 0) 0x7f221c003930 con 0x7f2234108650
2024-04-25T20:38:42.727 INFO:teuthology.orchestra.run.smithi043.stdout:/usr/bin/ceph: stderr
2024-04-25T20:38:41.640+0000 7f222b7fe700 1 -- 172.21.15.43:0/1395422308 <== mon.0 v2:172.21.15.43:3300/0 2 ==== config(27 keys) ==== 1104+0+0 (secure 0 0 0) 0x7f221c003ad0 con 0x7f2234108650
2024-04-25T20:38:42.727 INFO:teuthology.orchestra.run.smithi043.stdout:/usr/bin/ceph: stderr
2024-04-25T20:38:41.640+0000 7f2238d20700 1 -- 172.21.15.43:0/1395422308 --> [v2:172.21.15.43:3300/0,v1:172.21.15.43:6789/0] -- mon_subscribe({mgrmap=0+}) -- 0x7f223419cbf0 con 0x7f2234108650
2024-04-25T20:38:42.727 INFO:teuthology.orchestra.run.smithi043.stdout:/usr/bin/ceph: stderr
2024-04-25T20:38:41.640+0000 7f222b7fe700 1 -- 172.21.15.43:0/1395422308 <== mon.0 v2:172.21.15.43:3300/0 3 ==== mon_map magic: 0 ==== 205+0+0 (secure 0 0 0) 0x7f221c019610 con 0x7f2234108650
2024-04-25T20:38:42.727 INFO:teuthology.orchestra.run.smithi043.stdout:/usr/bin/ceph: stderr
2024-04-25T20:38:41.640+0000 7f2238d20700 1 -- 172.21.15.43:0/1395422308 --> [v2:172.21.15.43:3300/0,v1:172.21.15.43:6789/0] -- mon_subscribe({osdmap=0}) -- 0x7f223419d050 con 0x7f2234108650
2024-04-25T20:38:42.727 INFO:teuthology.orchestra.run.smithi043.stdout:/usr/bin/ceph: stderr
2024-04-25T20:38:41.641+0000 7f222b7fe700 1 -- 172.21.15.43:0/1395422308 <== mon.0 v2:172.21.15.43:3300/0 4 ==== mgrmap(e 8) ==== 46558+0+0 (secure 0 0 0) 0x7f221c019880 con 0x7f2234108650
2024-04-25T20:38:42.727 INFO:teuthology.orchestra.run.smithi043.stdout:/usr/bin/ceph: stderr
2024-04-25T20:38:41.641+0000 7f2238d20700 1 -- 172.21.15.43:0/1395422308 --> [v2:172.21.15.43:3300/0,v1:172.21.15.43:6789/0] -- mon_command({"prefix": "get_command_descriptions"} v 0) -- 0x7f22340640a0 con 0x7f2234108650
2024-04-25T20:38:42.727 INFO:teuthology.orchestra.run.smithi043.stdout:/usr/bin/ceph: stderr
2024-04-25T20:38:41.642+0000 7f222b7fe700 1 --2- 172.21.15.43:0/1395422308 >> [v2:172.21.15.43:6800/1388340659,v1:172.21.15.43:6801/1388340659] conn(0x7f2220039670 0x7f222003bb30 unknown :-1 s=NONE pgs=0 cs=0 l=1 rev1=0 crypto rx=0 tx=0 comp rx=0 tx=0).connect
2024-04-25T20:38:42.727 INFO:teuthology.orchestra.run.smithi043.stdout:/usr/bin/ceph: stderr
2024-04-25T20:38:41.642+0000 7f222b7fe700 1 -- 172.21.15.43:0/1395422308 <== mon.0 v2:172.21.15.43:3300/0 5 ==== osd_map(2..2 src has 1..2) ==== 940+0+0 (secure 0 0 0) 0x7f221c04dc70 con 0x7f2234108650
2024-04-25T20:38:42.727 INFO:teuthology.orchestra.run.smithi043.stdout:/usr/bin/ceph: stderr
2024-04-25T20:38:41.642+0000 7f2231d9b700 1 --2- 172.21.15.43:0/1395422308 >> [v2:172.21.15.43:6800/1388340659,v1:172.21.15.43:6801/1388340659] conn(0x7f2220039670 0x7f222003bb30 unknown :-1 s=BANNER_CONNECTING pgs=0 cs=0 l=1 rev1=0 crypto rx=0 tx=0 comp rx=0 tx=0)._handle_peer_banner_payload supported=3 required=0
2024-04-25T20:38:42.727 INFO:teuthology.orchestra.run.smithi043.stdout:/usr/bin/ceph: stderr
2024-04-25T20:38:41.642+0000 7f2231d9b700 1 --2- 172.21.15.43:0/1395422308 >> [v2:172.21.15.43:6800/1388340659,v1:172.21.15.43:6801/1388340659] conn(0x7f2220039670 0x7f222003bb30 secure :-1 s=READY pgs=9 cs=0 l=1 rev1=1 crypto rx=0x7f2224006fd0 tx=0x7f2224006e40 comp rx=0 tx=0).ready entity=mgr.14120 client_cookie=0 server_cookie=0 in_seq=0 out_seq=0
2024-04-25T20:38:42.728 INFO:teuthology.orchestra.run.smithi043.stdout:/usr/bin/ceph: stderr
2024-04-25T20:38:41.647+0000 7f222b7fe700 1 -- 172.21.15.43:0/1395422308 <== mon.0 v2:172.21.15.43:3300/0 6 ==== mon_command_ack([{"prefix": "get_command_descriptions"}]=0 v0) ==== 72+0+188370 (secure 0 0 0) 0x7f221c011e20 con 0x7f2234108650
2024-04-25T20:38:42.728 INFO:teuthology.orchestra.run.smithi043.stdout:/usr/bin/ceph: stderr
2024-04-25T20:38:41.856+0000 7f2238d20700 1 -- 172.21.15.43:0/1395422308 --> [v2:172.21.15.43:6800/1388340659,v1:172.21.15.43:6801/1388340659] -- mgr_command(tid 0: {"prefix": "cephadm generate-key", "target": ["mon-mgr", ""]}) -- 0x7f2234104dc0 con 0x7f2220039670
2024-04-25T20:38:42.728 INFO:teuthology.orchestra.run.smithi043.stdout:/usr/bin/ceph: stderr
2024-04-25T20:38:42.119+0000 7f222b7fe700 1 -- 172.21.15.43:0/1395422308 <== mgr.14120 v2:172.21.15.43:6800/1388340659 1 ==== mgr_command_reply(tid 0: 0 ) ==== 8+0+0 (secure 0 0 0) 0x7f2234104dc0 con 0x7f2220039670
2024-04-25T20:38:42.728 INFO:teuthology.orchestra.run.smithi043.stdout:/usr/bin/ceph: stderr
2024-04-25T20:38:42.121+0000 7f2238d20700 1 -- 172.21.15.43:0/1395422308 >> [v2:172.21.15.43:6800/1388340659,v1:172.21.15.43:6801/1388340659] conn(0x7f2220039670 msgr2=0x7f222003bb30 secure :-1 s=STATE_CONNECTION_ESTABLISHED l=1).mark_down
2024-04-25T20:38:42.728 INFO:teuthology.orchestra.run.smithi043.stdout:/usr/bin/ceph: stderr
2024-04-25T20:38:42.121+0000 7f2238d20700 1 --2- 172.21.15.43:0/1395422308 >> [v2:172.21.15.43:6800/1388340659,v1:172.21.15.43:6801/1388340659] conn(0x7f2220039670 0x7f222003bb30 secure :-1 s=READY pgs=9 cs=0 l=1 rev1=1 crypto rx=0x7f2224006fd0 tx=0x7f2224006e40 comp rx=0 tx=0).stop
2024-04-25T20:38:42.728 INFO:teuthology.orchestra.run.smithi043.stdout:/usr/bin/ceph: stderr
2024-04-25T20:38:42.121+0000 7f2238d20700 1 -- 172.21.15.43:0/1395422308 >> [v2:172.21.15.43:3300/0,v1:172.21.15.43:6789/0] conn(0x7f2234108650 msgr2=0x7f223419c420 secure :-1 s=STATE_CONNECTION_ESTABLISHED l=1).mark_down
2024-04-25T20:38:42.728 INFO:teuthology.orchestra.run.smithi043.stdout:/usr/bin/ceph: stderr
2024-04-25T20:38:42.121+0000 7f2238d20700 1 --2- 172.21.15.43:0/1395422308 >> [v2:172.21.15.43:3300/0,v1:172.21.15.43:6789/0] conn(0x7f2234108650 0x7f223419c420 secure :-1 s=READY pgs=42 cs=0 l=1 rev1=1 crypto rx=0x7f221c006af0 tx=0x7f221c011c10 comp rx=0 tx=0).stop
2024-04-25T20:38:42.728 INFO:teuthology.orchestra.run.smithi043.stdout:/usr/bin/ceph: stderr
2024-04-25T20:38:42.122+0000 7f2238d20700 1 -- 172.21.15.43:0/1395422308 shutdown_connections
2024-04-25T20:38:42.728 INFO:teuthology.orchestra.run.smithi043.stdout:/usr/bin/ceph: stderr
2024-04-25T20:38:42.122+0000 7f2238d20700 1 --2- 172.21.15.43:0/1395422308 >> [v2:172.21.15.43:6800/1388340659,v1:172.21.15.43:6801/1388340659] conn(0x7f2220039670 0x7f222003bb30 unknown :-1 s=CLOSED pgs=9 cs=0 l=1 rev1=1 crypto rx=0 tx=0 comp rx=0 tx=0).stop
2024-04-25T20:38:42.728 INFO:teuthology.orchestra.run.smithi043.stdout:/usr/bin/ceph: stderr
2024-04-25T20:38:42.122+0000 7f2238d20700 1 --2- 172.21.15.43:0/1395422308 >> [v2:172.21.15.43:3300/0,v1:172.21.15.43:6789/0] conn(0x7f2234108650 0x7f223419c420 unknown :-1 s=CLOSED pgs=42 cs=0 l=1 rev1=1 crypto rx=0 tx=0 comp rx=0 tx=0).stop
2024-04-25T20:38:42.728 INFO:teuthology.orchestra.run.smithi043.stdout:/usr/bin/ceph: stderr
2024-04-25T20:38:42.122+0000 7f2238d20700 1 -- 172.21.15.43:0/1395422308 >> 172.21.15.43:0/1395422308 conn(0x7f2234103cb0 msgr2=0x7f22341046b0 unknown :-1 s=STATE_NONE l=0).mark_down
2024-04-25T20:38:42.728 INFO:teuthology.orchestra.run.smithi043.stdout:/usr/bin/ceph: stderr
2024-04-25T20:38:42.122+0000 7f2238d20700 1 -- 172.21.15.43:0/1395422308 shutdown_connections
2024-04-25T20:38:42.728 INFO:teuthology.orchestra.run.smithi043.stdout:/usr/bin/ceph: stderr
2024-04-25T20:38:42.122+0000 7f2238d20700 1 -- 172.21.15.43:0/1395422308 wait complete.
2024-04-25T20:38:43.294 INFO:journalctl@ceph.mon.a.smithi043.stdout:Apr 25 20:38:43 smithi043 ceph-mon[29167]: from='client.14136 -' entity='client.admin' cmd=[{"prefix": "cephadm generate-key", "target": ["mon-mgr", ""]}]: dispatch
2024-04-25T20:38:43.295 INFO:journalctl@ceph.mon.a.smithi043.stdout:Apr 25 20:38:43 smithi043 ceph-mon[29167]: Generating ssh key...
2024-04-25T20:38:43.295 INFO:journalctl@ceph.mon.a.smithi043.stdout:Apr 25 20:38:43 smithi043 ceph-mon[29167]: from='mgr.14120 172.21.15.43:0/685412627' entity='mgr.x'
2024-04-25T20:38:43.295 INFO:journalctl@ceph.mon.a.smithi043.stdout:Apr 25 20:38:43 smithi043 ceph-mon[29167]: from='mgr.14120 172.21.15.43:0/685412627' entity='mgr.x'
2024-04-25T20:38:43.896 INFO:teuthology.orchestra.run.smithi043.stdout:/usr/bin/ceph: stdout ssh-rsa AAAAB3NzaC1yc2EAAAADAQABAAABgQDIxBkA0qVc/2f25I/iIkdIpTzvii8LiqzM6D2bItTRNJeVDjt4zNoiW3yTj/wdca35z0O+s387KZU4FJrwSB0OpYAlisQD+wzxw69uFU9CWfoFhsp6ZbJvkG6lW2FYvDqqUmKuUyC/7KhxtOcB6XOasQ6MdPd5RB2gDbsrgDbMtyI+MdA1dJLqOfI9uRctvoAHSNJbwutX5B9iDbPjc2Q9RxZRPtSDB5PBNZw0rtz39QUPWeeahlbAswGkLKzYwHGMHnU/S/DR72xXSPHQ8/UwJucj2p7OOwVL9oEd5kC+d5ie+6YWTdgh8OxMyztf6KFRI7g8Jy4cYghsdHdvTNjX0mTM0s0q3l2bIgGdgLp/VgiuiX7eKlHNQaMS41VTrCX3Xyfwz7CC0ljRj9eTx8ZPKfWIW1HoSRiCjTKCQ1inm0ccjctfea/trVOOEHMuDF4K/+aLRKmmR/GRNTHNho2UelVBU7j5cs+vCcpq4O7E/lPUGUsYvEeLYCsFaY1Ubas= ceph-92e6f50e-0343-11ef-bc93-c7b262605968
2024-04-25T20:38:43.896 INFO:teuthology.orchestra.run.smithi043.stdout:/usr/bin/ceph: stderr
2024-04-25T20:38:43.146+0000 7fb007e50700 1 Processor -- start
2024-04-25T20:38:43.896 INFO:teuthology.orchestra.run.smithi043.stdout:/usr/bin/ceph: stderr
2024-04-25T20:38:43.147+0000 7fb007e50700 1 -- start start
2024-04-25T20:38:43.896 INFO:teuthology.orchestra.run.smithi043.stdout:/usr/bin/ceph: stderr
2024-04-25T20:38:43.147+0000 7fb007e50700 1 --2- >> [v2:172.21.15.43:3300/0,v1:172.21.15.43:6789/0] conn(0x7fb00007de20 0x7fb00007c2d0 unknown :-1 s=NONE pgs=0 cs=0 l=0 rev1=0 crypto rx=0 tx=0 comp rx=0 tx=0).connect
2024-04-25T20:38:43.896 INFO:teuthology.orchestra.run.smithi043.stdout:/usr/bin/ceph: stderr
2024-04-25T20:38:43.147+0000 7fb007e50700 1 -- --> [v2:172.21.15.43:3300/0,v1:172.21.15.43:6789/0] -- mon_getmap magic: 0 -- 0x7fb00007c810 con 0x7fb00007de20
2024-04-25T20:38:43.896 INFO:teuthology.orchestra.run.smithi043.stdout:/usr/bin/ceph: stderr
2024-04-25T20:38:43.147+0000 7fb005bec700 1 --2- >> [v2:172.21.15.43:3300/0,v1:172.21.15.43:6789/0] conn(0x7fb00007de20 0x7fb00007c2d0 unknown :-1 s=BANNER_CONNECTING pgs=0 cs=0 l=0 rev1=0 crypto rx=0 tx=0 comp rx=0 tx=0)._handle_peer_banner_payload supported=3 required=0
2024-04-25T20:38:43.897 INFO:teuthology.orchestra.run.smithi043.stdout:/usr/bin/ceph: stderr
2024-04-25T20:38:43.147+0000 7fb005bec700 1 --2- >> [v2:172.21.15.43:3300/0,v1:172.21.15.43:6789/0] conn(0x7fb00007de20 0x7fb00007c2d0 unknown :-1 s=HELLO_CONNECTING pgs=0 cs=0 l=0 rev1=1 crypto rx=0 tx=0 comp rx=0 tx=0).handle_hello peer v2:172.21.15.43:3300/0 says I am v2:172.21.15.43:60790/0 (socket says 172.21.15.43:60790)
2024-04-25T20:38:43.897 INFO:teuthology.orchestra.run.smithi043.stdout:/usr/bin/ceph: stderr
2024-04-25T20:38:43.147+0000 7fb005bec700 1 -- 172.21.15.43:0/3671887444 learned_addr learned my addr 172.21.15.43:0/3671887444 (peer_addr_for_me v2:172.21.15.43:0/0)
2024-04-25T20:38:43.897 INFO:teuthology.orchestra.run.smithi043.stdout:/usr/bin/ceph: stderr
2024-04-25T20:38:43.148+0000 7fb005bec700 1 -- 172.21.15.43:0/3671887444 --> [v2:172.21.15.43:3300/0,v1:172.21.15.43:6789/0] -- mon_subscribe({config=0+,monmap=0+}) -- 0x7fb00007c990 con 0x7fb00007de20
2024-04-25T20:38:43.897 INFO:teuthology.orchestra.run.smithi043.stdout:/usr/bin/ceph: stderr
2024-04-25T20:38:43.148+0000 7fb005bec700 1 --2- 172.21.15.43:0/3671887444 >> [v2:172.21.15.43:3300/0,v1:172.21.15.43:6789/0] conn(0x7fb00007de20 0x7fb00007c2d0 secure :-1 s=READY pgs=43 cs=0 l=1 rev1=1 crypto rx=0x7faff40098a0 tx=0x7faff4009bb0 comp rx=0 tx=0).ready entity=mon.0 client_cookie=9b96309bd44c4c3b server_cookie=0 in_seq=0 out_seq=0
2024-04-25T20:38:43.897 INFO:teuthology.orchestra.run.smithi043.stdout:/usr/bin/ceph: stderr
2024-04-25T20:38:43.148+0000 7fb004bea700 1 -- 172.21.15.43:0/3671887444 <== mon.0 v2:172.21.15.43:3300/0 1 ==== mon_map magic: 0 ==== 205+0+0 (secure 0 0 0) 0x7faff4004160 con 0x7fb00007de20
2024-04-25T20:38:43.897 INFO:teuthology.orchestra.run.smithi043.stdout:/usr/bin/ceph: stderr
2024-04-25T20:38:43.148+0000 7fb004bea700 1 -- 172.21.15.43:0/3671887444 <== mon.0 v2:172.21.15.43:3300/0 2 ==== config(27 keys) ==== 1104+0+0 (secure 0 0 0) 0x7faff4004300 con 0x7fb00007de20
2024-04-25T20:38:43.897 INFO:teuthology.orchestra.run.smithi043.stdout:/usr/bin/ceph: stderr
2024-04-25T20:38:43.148+0000 7fb004bea700 1 -- 172.21.15.43:0/3671887444 <== mon.0 v2:172.21.15.43:3300/0 3 ==== mon_map magic: 0 ==== 205+0+0 (secure 0 0 0) 0x7faff4011b20 con 0x7fb00007de20
2024-04-25T20:38:43.897 INFO:teuthology.orchestra.run.smithi043.stdout:/usr/bin/ceph: stderr
2024-04-25T20:38:43.148+0000 7fb007e50700 1 -- 172.21.15.43:0/3671887444 >> [v2:172.21.15.43:3300/0,v1:172.21.15.43:6789/0] conn(0x7fb00007de20 msgr2=0x7fb00007c2d0 secure :-1 s=STATE_CONNECTION_ESTABLISHED l=1).mark_down
2024-04-25T20:38:43.897 INFO:teuthology.orchestra.run.smithi043.stdout:/usr/bin/ceph: stderr
2024-04-25T20:38:43.148+0000 7fb007e50700 1 --2- 172.21.15.43:0/3671887444 >> [v2:172.21.15.43:3300/0,v1:172.21.15.43:6789/0] conn(0x7fb00007de20 0x7fb00007c2d0 secure :-1 s=READY pgs=43 cs=0 l=1 rev1=1 crypto rx=0x7faff40098a0 tx=0x7faff4009bb0 comp rx=0 tx=0).stop
2024-04-25T20:38:43.897 INFO:teuthology.orchestra.run.smithi043.stdout:/usr/bin/ceph: stderr
2024-04-25T20:38:43.149+0000 7fb007e50700 1 -- 172.21.15.43:0/3671887444 shutdown_connections
2024-04-25T20:38:43.897 INFO:teuthology.orchestra.run.smithi043.stdout:/usr/bin/ceph: stderr
2024-04-25T20:38:43.149+0000 7fb007e50700 1 --2- 172.21.15.43:0/3671887444 >> [v2:172.21.15.43:3300/0,v1:172.21.15.43:6789/0] conn(0x7fb00007de20 0x7fb00007c2d0 unknown :-1 s=CLOSED pgs=43 cs=0 l=1 rev1=1 crypto rx=0 tx=0 comp rx=0 tx=0).stop
2024-04-25T20:38:43.897 INFO:teuthology.orchestra.run.smithi043.stdout:/usr/bin/ceph: stderr
2024-04-25T20:38:43.149+0000 7fb007e50700 1 -- 172.21.15.43:0/3671887444 >> 172.21.15.43:0/3671887444 conn(0x7fb000103cb0 msgr2=0x7fb0001060d0 unknown :-1 s=STATE_NONE l=0).mark_down
2024-04-25T20:38:43.897 INFO:teuthology.orchestra.run.smithi043.stdout:/usr/bin/ceph: stderr
2024-04-25T20:38:43.149+0000 7fb007e50700 1 -- 172.21.15.43:0/3671887444 shutdown_connections
2024-04-25T20:38:43.897 INFO:teuthology.orchestra.run.smithi043.stdout:/usr/bin/ceph: stderr
2024-04-25T20:38:43.149+0000 7fb007e50700 1 -- 172.21.15.43:0/3671887444 wait complete.
2024-04-25T20:38:43.897 INFO:teuthology.orchestra.run.smithi043.stdout:/usr/bin/ceph: stderr
2024-04-25T20:38:43.149+0000 7fb007e50700 1 Processor -- start
2024-04-25T20:38:43.898 INFO:teuthology.orchestra.run.smithi043.stdout:/usr/bin/ceph: stderr
2024-04-25T20:38:43.149+0000 7fb007e50700 1 -- start start
2024-04-25T20:38:43.898 INFO:teuthology.orchestra.run.smithi043.stdout:/usr/bin/ceph: stderr
2024-04-25T20:38:43.149+0000 7fb007e50700 1 --2- >> [v2:172.21.15.43:3300/0,v1:172.21.15.43:6789/0] conn(0x7fb00007de20 0x7fb00019e5f0 unknown :-1 s=NONE pgs=0 cs=0 l=1 rev1=0 crypto rx=0 tx=0 comp rx=0 tx=0).connect
2024-04-25T20:38:43.898 INFO:teuthology.orchestra.run.smithi043.stdout:/usr/bin/ceph: stderr
2024-04-25T20:38:43.149+0000 7fb007e50700 1 -- --> [v2:172.21.15.43:3300/0,v1:172.21.15.43:6789/0] -- mon_getmap magic: 0 -- 0x7fb00010eb60 con 0x7fb00007de20
2024-04-25T20:38:43.898 INFO:teuthology.orchestra.run.smithi043.stdout:/usr/bin/ceph: stderr
2024-04-25T20:38:43.150+0000 7fb005bec700 1 --2- >> [v2:172.21.15.43:3300/0,v1:172.21.15.43:6789/0] conn(0x7fb00007de20 0x7fb00019e5f0 unknown :-1 s=BANNER_CONNECTING pgs=0 cs=0 l=1 rev1=0 crypto rx=0 tx=0 comp rx=0 tx=0)._handle_peer_banner_payload supported=3 required=0
2024-04-25T20:38:43.898 INFO:teuthology.orchestra.run.smithi043.stdout:/usr/bin/ceph: stderr
2024-04-25T20:38:43.150+0000 7fb005bec700 1 --2- >> [v2:172.21.15.43:3300/0,v1:172.21.15.43:6789/0] conn(0x7fb00007de20 0x7fb00019e5f0 unknown :-1 s=HELLO_CONNECTING pgs=0 cs=0 l=1 rev1=1 crypto rx=0 tx=0 comp rx=0 tx=0).handle_hello peer v2:172.21.15.43:3300/0 says I am v2:172.21.15.43:60804/0 (socket says 172.21.15.43:60804)
2024-04-25T20:38:43.898 INFO:teuthology.orchestra.run.smithi043.stdout:/usr/bin/ceph: stderr
2024-04-25T20:38:43.150+0000 7fb005bec700 1 -- 172.21.15.43:0/4028375422 learned_addr learned my addr 172.21.15.43:0/4028375422 (peer_addr_for_me v2:172.21.15.43:0/0)
2024-04-25T20:38:43.898 INFO:teuthology.orchestra.run.smithi043.stdout:/usr/bin/ceph: stderr
2024-04-25T20:38:43.150+0000 7fb005bec700 1 -- 172.21.15.43:0/4028375422 --> [v2:172.21.15.43:3300/0,v1:172.21.15.43:6789/0] -- mon_subscribe({config=0+,monmap=0+}) -- 0x7fb00019eb30 con 0x7fb00007de20
2024-04-25T20:38:43.898 INFO:teuthology.orchestra.run.smithi043.stdout:/usr/bin/ceph: stderr
2024-04-25T20:38:43.150+0000 7fb005bec700 1 --2- 172.21.15.43:0/4028375422 >> [v2:172.21.15.43:3300/0,v1:172.21.15.43:6789/0] conn(0x7fb00007de20 0x7fb00019e5f0 secure :-1 s=READY pgs=44 cs=0 l=1 rev1=1 crypto rx=0x7faff40116a0 tx=0x7faff4011ce0 comp rx=0 tx=0).ready entity=mon.0 client_cookie=0 server_cookie=0 in_seq=0 out_seq=0
2024-04-25T20:38:43.898 INFO:teuthology.orchestra.run.smithi043.stdout:/usr/bin/ceph: stderr
2024-04-25T20:38:43.150+0000 7faff2ffd700 1 -- 172.21.15.43:0/4028375422 <== mon.0 v2:172.21.15.43:3300/0 1 ==== mon_map magic: 0 ==== 205+0+0 (secure 0 0 0) 0x7faff4003ab0 con 0x7fb00007de20
2024-04-25T20:38:43.898 INFO:teuthology.orchestra.run.smithi043.stdout:/usr/bin/ceph: stderr
2024-04-25T20:38:43.150+0000 7faff2ffd700 1 -- 172.21.15.43:0/4028375422 <== mon.0 v2:172.21.15.43:3300/0 2 ==== config(27 keys) ==== 1104+0+0 (secure 0 0 0) 0x7faff4003c50 con 0x7fb00007de20
2024-04-25T20:38:43.898 INFO:teuthology.orchestra.run.smithi043.stdout:/usr/bin/ceph: stderr
2024-04-25T20:38:43.150+0000 7fb007e50700 1 -- 172.21.15.43:0/4028375422 --> [v2:172.21.15.43:3300/0,v1:172.21.15.43:6789/0] -- mon_subscribe({mgrmap=0+}) -- 0x7fb00019edc0 con 0x7fb00007de20
2024-04-25T20:38:43.898 INFO:teuthology.orchestra.run.smithi043.stdout:/usr/bin/ceph: stderr
2024-04-25T20:38:43.150+0000 7fb007e50700 1 -- 172.21.15.43:0/4028375422 --> [v2:172.21.15.43:3300/0,v1:172.21.15.43:6789/0] -- mon_subscribe({osdmap=0}) -- 0x7fb00019f220 con 0x7fb00007de20
2024-04-25T20:38:43.898 INFO:teuthology.orchestra.run.smithi043.stdout:/usr/bin/ceph: stderr
2024-04-25T20:38:43.150+0000 7faff2ffd700 1 -- 172.21.15.43:0/4028375422 <== mon.0 v2:172.21.15.43:3300/0 3 ==== mon_map magic: 0 ==== 205+0+0 (secure 0 0 0) 0x7faff4019870 con 0x7fb00007de20
2024-04-25T20:38:43.898 INFO:teuthology.orchestra.run.smithi043.stdout:/usr/bin/ceph: stderr
2024-04-25T20:38:43.151+0000 7faff2ffd700 1 -- 172.21.15.43:0/4028375422 <== mon.0 v2:172.21.15.43:3300/0 4 ==== mgrmap(e 8) ==== 46558+0+0 (secure 0 0 0) 0x7faff4019b30 con 0x7fb00007de20
2024-04-25T20:38:43.899 INFO:teuthology.orchestra.run.smithi043.stdout:/usr/bin/ceph: stderr
2024-04-25T20:38:43.151+0000 7fb007e50700 1 -- 172.21.15.43:0/4028375422 --> [v2:172.21.15.43:3300/0,v1:172.21.15.43:6789/0] -- mon_command({"prefix": "get_command_descriptions"} v 0) -- 0x7fb0000640a0 con 0x7fb00007de20
2024-04-25T20:38:43.899 INFO:teuthology.orchestra.run.smithi043.stdout:/usr/bin/ceph: stderr
2024-04-25T20:38:43.151+0000 7faff2ffd700 1 --2- 172.21.15.43:0/4028375422 >> [v2:172.21.15.43:6800/1388340659,v1:172.21.15.43:6801/1388340659] conn(0x7fafec039620 0x7fafec03bae0 unknown :-1 s=NONE pgs=0 cs=0 l=1 rev1=0 crypto rx=0 tx=0 comp rx=0 tx=0).connect
2024-04-25T20:38:43.899 INFO:teuthology.orchestra.run.smithi043.stdout:/usr/bin/ceph: stderr
2024-04-25T20:38:43.151+0000 7faff2ffd700 1 -- 172.21.15.43:0/4028375422 <== mon.0 v2:172.21.15.43:3300/0 5 ==== osd_map(2..2 src has 1..2) ==== 940+0+0 (secure 0 0 0) 0x7faff404dad0 con 0x7fb00007de20
2024-04-25T20:38:43.899 INFO:teuthology.orchestra.run.smithi043.stdout:/usr/bin/ceph: stderr
2024-04-25T20:38:43.152+0000 7fb0053eb700 1 --2- 172.21.15.43:0/4028375422 >> [v2:172.21.15.43:6800/1388340659,v1:172.21.15.43:6801/1388340659] conn(0x7fafec039620 0x7fafec03bae0 unknown :-1 s=BANNER_CONNECTING pgs=0 cs=0 l=1 rev1=0 crypto rx=0 tx=0 comp rx=0 tx=0)._handle_peer_banner_payload supported=3 required=0
2024-04-25T20:38:43.899 INFO:teuthology.orchestra.run.smithi043.stdout:/usr/bin/ceph: stderr
2024-04-25T20:38:43.152+0000 7fb0053eb700 1 --2- 172.21.15.43:0/4028375422 >> [v2:172.21.15.43:6800/1388340659,v1:172.21.15.43:6801/1388340659] conn(0x7fafec039620 0x7fafec03bae0 secure :-1 s=READY pgs=10 cs=0 l=1 rev1=1 crypto rx=0x7faffc006fd0 tx=0x7faffc006e40 comp rx=0 tx=0).ready entity=mgr.14120 client_cookie=0 server_cookie=0 in_seq=0 out_seq=0
2024-04-25T20:38:43.899 INFO:teuthology.orchestra.run.smithi043.stdout:/usr/bin/ceph: stderr
2024-04-25T20:38:43.157+0000 7faff2ffd700 1 -- 172.21.15.43:0/4028375422 <== mon.0 v2:172.21.15.43:3300/0 6 ==== mon_command_ack([{"prefix": "get_command_descriptions"}]=0 v0) ==== 72+0+188370 (secure 0 0 0) 0x7faff4011e20 con 0x7fb00007de20
2024-04-25T20:38:43.899 INFO:teuthology.orchestra.run.smithi043.stdout:/usr/bin/ceph: stderr
2024-04-25T20:38:43.369+0000 7fb007e50700 1 -- 172.21.15.43:0/4028375422 --> [v2:172.21.15.43:6800/1388340659,v1:172.21.15.43:6801/1388340659] -- mgr_command(tid 0: {"prefix": "cephadm get-pub-key", "target": ["mon-mgr", ""]}) -- 0x7fb000104dc0 con 0x7fafec039620
2024-04-25T20:38:43.899 INFO:teuthology.orchestra.run.smithi043.stdout:/usr/bin/ceph: stderr
2024-04-25T20:38:43.369+0000 7faff2ffd700 1 -- 172.21.15.43:0/4028375422 <== mgr.14120 v2:172.21.15.43:6800/1388340659 1 ==== mgr_command_reply(tid 0: 0 ) ==== 8+0+595 (secure 0 0 0) 0x7fb000104dc0 con 0x7fafec039620
2024-04-25T20:38:43.899 INFO:teuthology.orchestra.run.smithi043.stdout:/usr/bin/ceph: stderr
2024-04-25T20:38:43.371+0000 7fb007e50700 1 -- 172.21.15.43:0/4028375422 >> [v2:172.21.15.43:6800/1388340659,v1:172.21.15.43:6801/1388340659] conn(0x7fafec039620 msgr2=0x7fafec03bae0 secure :-1 s=STATE_CONNECTION_ESTABLISHED l=1).mark_down
2024-04-25T20:38:43.899 INFO:teuthology.orchestra.run.smithi043.stdout:/usr/bin/ceph: stderr
2024-04-25T20:38:43.371+0000 7fb007e50700 1 --2- 172.21.15.43:0/4028375422 >> [v2:172.21.15.43:6800/1388340659,v1:172.21.15.43:6801/1388340659] conn(0x7fafec039620 0x7fafec03bae0 secure :-1 s=READY pgs=10 cs=0 l=1 rev1=1 crypto rx=0x7faffc006fd0 tx=0x7faffc006e40 comp rx=0 tx=0).stop
2024-04-25T20:38:43.899 INFO:teuthology.orchestra.run.smithi043.stdout:/usr/bin/ceph: stderr
2024-04-25T20:38:43.371+0000 7fb007e50700 1 -- 172.21.15.43:0/4028375422 >> [v2:172.21.15.43:3300/0,v1:172.21.15.43:6789/0] conn(0x7fb00007de20 msgr2=0x7fb00019e5f0 secure :-1 s=STATE_CONNECTION_ESTABLISHED l=1).mark_down
2024-04-25T20:38:43.899 INFO:teuthology.orchestra.run.smithi043.stdout:/usr/bin/ceph: stderr
2024-04-25T20:38:43.371+0000 7fb007e50700 1 --2- 172.21.15.43:0/4028375422 >> [v2:172.21.15.43:3300/0,v1:172.21.15.43:6789/0] conn(0x7fb00007de20 0x7fb00019e5f0 secure :-1 s=READY pgs=44 cs=0 l=1 rev1=1 crypto rx=0x7faff40116a0 tx=0x7faff4011ce0 comp rx=0 tx=0).stop
2024-04-25T20:38:43.899 INFO:teuthology.orchestra.run.smithi043.stdout:/usr/bin/ceph: stderr
2024-04-25T20:38:43.371+0000 7fb007e50700 1 -- 172.21.15.43:0/4028375422 shutdown_connections
2024-04-25T20:38:43.900 INFO:teuthology.orchestra.run.smithi043.stdout:/usr/bin/ceph: stderr
2024-04-25T20:38:43.371+0000 7fb007e50700 1 --2- 172.21.15.43:0/4028375422 >> [v2:172.21.15.43:6800/1388340659,v1:172.21.15.43:6801/1388340659] conn(0x7fafec039620 0x7fafec03bae0 unknown :-1 s=CLOSED pgs=10 cs=0 l=1 rev1=1 crypto rx=0 tx=0 comp rx=0 tx=0).stop
2024-04-25T20:38:43.900 INFO:teuthology.orchestra.run.smithi043.stdout:/usr/bin/ceph: stderr
2024-04-25T20:38:43.371+0000 7fb007e50700 1 --2- 172.21.15.43:0/4028375422 >> [v2:172.21.15.43:3300/0,v1:172.21.15.43:6789/0] conn(0x7fb00007de20 0x7fb00019e5f0 unknown :-1 s=CLOSED pgs=44 cs=0 l=1 rev1=1 crypto rx=0 tx=0 comp rx=0 tx=0).stop
2024-04-25T20:38:43.900 INFO:teuthology.orchestra.run.smithi043.stdout:/usr/bin/ceph: stderr
2024-04-25T20:38:43.371+0000 7fb007e50700 1 -- 172.21.15.43:0/4028375422 >> 172.21.15.43:0/4028375422 conn(0x7fb000103cb0 msgr2=0x7fb0001046b0 unknown :-1 s=STATE_NONE l=0).mark_down
2024-04-25T20:38:43.900 INFO:teuthology.orchestra.run.smithi043.stdout:/usr/bin/ceph: stderr
2024-04-25T20:38:43.371+0000 7fb007e50700 1 -- 172.21.15.43:0/4028375422 shutdown_connections
2024-04-25T20:38:43.900 INFO:teuthology.orchestra.run.smithi043.stdout:/usr/bin/ceph: stderr
2024-04-25T20:38:43.372+0000 7fb007e50700 1 -- 172.21.15.43:0/4028375422 wait complete.
2024-04-25T20:38:43.900 INFO:teuthology.orchestra.run.smithi043.stdout:Wrote public SSH key to /home/ubuntu/cephtest/ceph.pub
2024-04-25T20:38:43.900 INFO:teuthology.orchestra.run.smithi043.stdout:Adding key to root@localhost authorized_keys...
2024-04-25T20:38:43.900 INFO:teuthology.orchestra.run.smithi043.stdout:Adding host smithi043...
2024-04-25T20:38:44.534 INFO:journalctl@ceph.mon.a.smithi043.stdout:Apr 25 20:38:44 smithi043 ceph-mon[29167]: from='client.14138 -' entity='client.admin' cmd=[{"prefix": "cephadm get-pub-key", "target": ["mon-mgr", ""]}]: dispatch
2024-04-25T20:38:45.438 INFO:journalctl@ceph.mon.a.smithi043.stdout:Apr 25 20:38:45 smithi043 ceph-mon[29167]: from='client.14140 -' entity='client.admin' cmd=[{"prefix": "orch host add", "hostname": "smithi043", "addr": "172.21.15.43", "target": ["mon-mgr", ""]}]: dispatch
2024-04-25T20:38:45.438 INFO:journalctl@ceph.mon.a.smithi043.stdout:Apr 25 20:38:45 smithi043 ceph-mon[29167]: Deploying cephadm binary to smithi043
2024-04-25T20:38:49.337 INFO:teuthology.orchestra.run.smithi043.stdout:/usr/bin/ceph: stdout Added host 'smithi043' with addr '172.21.15.43'
2024-04-25T20:38:49.337 INFO:teuthology.orchestra.run.smithi043.stdout:/usr/bin/ceph: stderr
2024-04-25T20:38:44.306+0000 7f9cfbf8f700 1 Processor -- start
2024-04-25T20:38:49.337 INFO:teuthology.orchestra.run.smithi043.stdout:/usr/bin/ceph: stderr
2024-04-25T20:38:44.306+0000 7f9cfbf8f700 1 -- start start
2024-04-25T20:38:49.337 INFO:teuthology.orchestra.run.smithi043.stdout:/usr/bin/ceph: stderr
2024-04-25T20:38:44.306+0000 7f9cfbf8f700 1 --2- >> [v2:172.21.15.43:3300/0,v1:172.21.15.43:6789/0] conn(0x7f9cf407de20 0x7f9cf407c2d0 unknown :-1 s=NONE pgs=0 cs=0 l=0 rev1=0 crypto rx=0 tx=0 comp rx=0 tx=0).connect
2024-04-25T20:38:49.337 INFO:teuthology.orchestra.run.smithi043.stdout:/usr/bin/ceph: stderr
2024-04-25T20:38:44.306+0000 7f9cfbf8f700 1 -- --> [v2:172.21.15.43:3300/0,v1:172.21.15.43:6789/0] -- mon_getmap magic: 0 -- 0x7f9cf407c810 con 0x7f9cf407de20
2024-04-25T20:38:49.337 INFO:teuthology.orchestra.run.smithi043.stdout:/usr/bin/ceph: stderr
2024-04-25T20:38:44.306+0000 7f9cf9d2b700 1 --2- >> [v2:172.21.15.43:3300/0,v1:172.21.15.43:6789/0] conn(0x7f9cf407de20 0x7f9cf407c2d0 unknown :-1 s=BANNER_CONNECTING pgs=0 cs=0 l=0 rev1=0 crypto rx=0 tx=0 comp rx=0 tx=0)._handle_peer_banner_payload supported=3 required=0
2024-04-25T20:38:49.338 INFO:teuthology.orchestra.run.smithi043.stdout:/usr/bin/ceph: stderr
2024-04-25T20:38:44.306+0000 7f9cf9d2b700 1 --2- >> [v2:172.21.15.43:3300/0,v1:172.21.15.43:6789/0] conn(0x7f9cf407de20 0x7f9cf407c2d0 unknown :-1 s=HELLO_CONNECTING pgs=0 cs=0 l=0 rev1=1 crypto rx=0 tx=0 comp rx=0 tx=0).handle_hello peer v2:172.21.15.43:3300/0 says I am v2:172.21.15.43:60818/0 (socket says 172.21.15.43:60818)
2024-04-25T20:38:49.338 INFO:teuthology.orchestra.run.smithi043.stdout:/usr/bin/ceph: stderr
2024-04-25T20:38:44.306+0000 7f9cf9d2b700 1 -- 172.21.15.43:0/822100454 learned_addr learned my addr 172.21.15.43:0/822100454 (peer_addr_for_me v2:172.21.15.43:0/0)
2024-04-25T20:38:49.338 INFO:teuthology.orchestra.run.smithi043.stdout:/usr/bin/ceph: stderr
2024-04-25T20:38:44.307+0000 7f9cf9d2b700 1 -- 172.21.15.43:0/822100454 --> [v2:172.21.15.43:3300/0,v1:172.21.15.43:6789/0] -- mon_subscribe({config=0+,monmap=0+}) -- 0x7f9cf407c990 con 0x7f9cf407de20
2024-04-25T20:38:49.338 INFO:teuthology.orchestra.run.smithi043.stdout:/usr/bin/ceph: stderr
2024-04-25T20:38:44.307+0000 7f9cf9d2b700 1 --2- 172.21.15.43:0/822100454 >> [v2:172.21.15.43:3300/0,v1:172.21.15.43:6789/0] conn(0x7f9cf407de20 0x7f9cf407c2d0 secure :-1 s=READY pgs=45 cs=0 l=1 rev1=1 crypto rx=0x7f9cf00098a0 tx=0x7f9cf0009bb0 comp rx=0 tx=0).ready entity=mon.0 client_cookie=6c39968fc0b2ab3c server_cookie=0 in_seq=0 out_seq=0
2024-04-25T20:38:49.338 INFO:teuthology.orchestra.run.smithi043.stdout:/usr/bin/ceph: stderr
2024-04-25T20:38:44.307+0000 7f9cf8d29700 1 -- 172.21.15.43:0/822100454 <== mon.0 v2:172.21.15.43:3300/0 1 ==== mon_map magic: 0 ==== 205+0+0 (secure 0 0 0) 0x7f9cf0004160 con 0x7f9cf407de20
2024-04-25T20:38:49.338 INFO:teuthology.orchestra.run.smithi043.stdout:/usr/bin/ceph: stderr
2024-04-25T20:38:44.307+0000 7f9cf8d29700 1 -- 172.21.15.43:0/822100454 <== mon.0 v2:172.21.15.43:3300/0 2 ==== config(27 keys) ==== 1104+0+0 (secure 0 0 0) 0x7f9cf0004300 con 0x7f9cf407de20
2024-04-25T20:38:49.338 INFO:teuthology.orchestra.run.smithi043.stdout:/usr/bin/ceph: stderr
2024-04-25T20:38:44.307+0000 7f9cf8d29700 1 -- 172.21.15.43:0/822100454 <== mon.0 v2:172.21.15.43:3300/0 3 ==== mon_map magic: 0 ==== 205+0+0 (secure 0 0 0) 0x7f9cf0011b20 con 0x7f9cf407de20
2024-04-25T20:38:49.338 INFO:teuthology.orchestra.run.smithi043.stdout:/usr/bin/ceph: stderr
2024-04-25T20:38:44.308+0000 7f9cfbf8f700 1 -- 172.21.15.43:0/822100454 >> [v2:172.21.15.43:3300/0,v1:172.21.15.43:6789/0] conn(0x7f9cf407de20 msgr2=0x7f9cf407c2d0 secure :-1 s=STATE_CONNECTION_ESTABLISHED l=1).mark_down
2024-04-25T20:38:49.338 INFO:teuthology.orchestra.run.smithi043.stdout:/usr/bin/ceph: stderr
2024-04-25T20:38:44.308+0000 7f9cfbf8f700 1 --2- 172.21.15.43:0/822100454 >> [v2:172.21.15.43:3300/0,v1:172.21.15.43:6789/0] conn(0x7f9cf407de20 0x7f9cf407c2d0 secure :-1 s=READY pgs=45 cs=0 l=1 rev1=1 crypto rx=0x7f9cf00098a0 tx=0x7f9cf0009bb0 comp rx=0 tx=0).stop
2024-04-25T20:38:49.338 INFO:teuthology.orchestra.run.smithi043.stdout:/usr/bin/ceph: stderr
2024-04-25T20:38:44.308+0000 7f9cfbf8f700 1 -- 172.21.15.43:0/822100454 shutdown_connections
2024-04-25T20:38:49.338 INFO:teuthology.orchestra.run.smithi043.stdout:/usr/bin/ceph: stderr
2024-04-25T20:38:44.308+0000 7f9cfbf8f700 1 --2- 172.21.15.43:0/822100454 >> [v2:172.21.15.43:3300/0,v1:172.21.15.43:6789/0] conn(0x7f9cf407de20 0x7f9cf407c2d0 unknown :-1 s=CLOSED pgs=45 cs=0 l=1 rev1=1 crypto rx=0 tx=0 comp rx=0 tx=0).stop
2024-04-25T20:38:49.338 INFO:teuthology.orchestra.run.smithi043.stdout:/usr/bin/ceph: stderr
2024-04-25T20:38:44.308+0000 7f9cfbf8f700 1 -- 172.21.15.43:0/822100454 >> 172.21.15.43:0/822100454 conn(0x7f9cf4103cb0 msgr2=0x7f9cf41060d0 unknown :-1 s=STATE_NONE l=0).mark_down
2024-04-25T20:38:49.338 INFO:teuthology.orchestra.run.smithi043.stdout:/usr/bin/ceph: stderr
2024-04-25T20:38:44.308+0000 7f9cfbf8f700 1 -- 172.21.15.43:0/822100454 shutdown_connections
2024-04-25T20:38:49.338 INFO:teuthology.orchestra.run.smithi043.stdout:/usr/bin/ceph: stderr
2024-04-25T20:38:44.308+0000 7f9cfbf8f700 1 -- 172.21.15.43:0/822100454 wait complete.
2024-04-25T20:38:49.339 INFO:teuthology.orchestra.run.smithi043.stdout:/usr/bin/ceph: stderr
2024-04-25T20:38:44.308+0000 7f9cfbf8f700 1 Processor -- start
2024-04-25T20:38:49.339 INFO:teuthology.orchestra.run.smithi043.stdout:/usr/bin/ceph: stderr
2024-04-25T20:38:44.308+0000 7f9cfbf8f700 1 -- start start
2024-04-25T20:38:49.339 INFO:teuthology.orchestra.run.smithi043.stdout:/usr/bin/ceph: stderr
2024-04-25T20:38:44.309+0000 7f9cfbf8f700 1 --2- >> [v2:172.21.15.43:3300/0,v1:172.21.15.43:6789/0] conn(0x7f9cf407de20 0x7f9cf419e5f0 unknown :-1 s=NONE pgs=0 cs=0 l=1 rev1=0 crypto rx=0 tx=0 comp rx=0 tx=0).connect
2024-04-25T20:38:49.339 INFO:teuthology.orchestra.run.smithi043.stdout:/usr/bin/ceph: stderr
2024-04-25T20:38:44.309+0000 7f9cfbf8f700 1 -- --> [v2:172.21.15.43:3300/0,v1:172.21.15.43:6789/0] -- mon_getmap magic: 0 -- 0x7f9cf410eb60 con 0x7f9cf407de20
2024-04-25T20:38:49.339 INFO:teuthology.orchestra.run.smithi043.stdout:/usr/bin/ceph: stderr
2024-04-25T20:38:44.309+0000 7f9cf9d2b700 1 --2- >> [v2:172.21.15.43:3300/0,v1:172.21.15.43:6789/0] conn(0x7f9cf407de20 0x7f9cf419e5f0 unknown :-1 s=BANNER_CONNECTING pgs=0 cs=0 l=1 rev1=0 crypto rx=0 tx=0 comp rx=0 tx=0)._handle_peer_banner_payload supported=3 required=0
2024-04-25T20:38:49.339 INFO:teuthology.orchestra.run.smithi043.stdout:/usr/bin/ceph: stderr
2024-04-25T20:38:44.309+0000 7f9cf9d2b700 1 --2- >> [v2:172.21.15.43:3300/0,v1:172.21.15.43:6789/0] conn(0x7f9cf407de20 0x7f9cf419e5f0 unknown :-1 s=HELLO_CONNECTING pgs=0 cs=0 l=1 rev1=1 crypto rx=0 tx=0 comp rx=0 tx=0).handle_hello peer v2:172.21.15.43:3300/0 says I am v2:172.21.15.43:60828/0 (socket says 172.21.15.43:60828)
2024-04-25T20:38:49.339 INFO:teuthology.orchestra.run.smithi043.stdout:/usr/bin/ceph: stderr
2024-04-25T20:38:44.309+0000 7f9cf9d2b700 1 -- 172.21.15.43:0/3480867398 learned_addr learned my addr 172.21.15.43:0/3480867398 (peer_addr_for_me v2:172.21.15.43:0/0)
2024-04-25T20:38:49.339 INFO:teuthology.orchestra.run.smithi043.stdout:/usr/bin/ceph: stderr
2024-04-25T20:38:44.309+0000 7f9cf9d2b700 1 -- 172.21.15.43:0/3480867398 --> [v2:172.21.15.43:3300/0,v1:172.21.15.43:6789/0] -- mon_subscribe({config=0+,monmap=0+}) -- 0x7f9cf419eb30 con 0x7f9cf407de20
2024-04-25T20:38:49.339 INFO:teuthology.orchestra.run.smithi043.stdout:/usr/bin/ceph: stderr
2024-04-25T20:38:44.309+0000 7f9cf9d2b700 1 --2- 172.21.15.43:0/3480867398 >> [v2:172.21.15.43:3300/0,v1:172.21.15.43:6789/0] conn(0x7f9cf407de20 0x7f9cf419e5f0 secure :-1 s=READY pgs=46 cs=0 l=1 rev1=1 crypto rx=0x7f9cf00116a0 tx=0x7f9cf0011ce0 comp rx=0 tx=0).ready entity=mon.0 client_cookie=0 server_cookie=0 in_seq=0 out_seq=0
2024-04-25T20:38:49.339 INFO:teuthology.orchestra.run.smithi043.stdout:/usr/bin/ceph: stderr
2024-04-25T20:38:44.309+0000 7f9ceaffd700 1 -- 172.21.15.43:0/3480867398 <== mon.0 v2:172.21.15.43:3300/0 1 ==== mon_map magic: 0 ==== 205+0+0 (secure 0 0 0) 0x7f9cf0003ab0 con 0x7f9cf407de20
2024-04-25T20:38:49.339 INFO:teuthology.orchestra.run.smithi043.stdout:/usr/bin/ceph: stderr
2024-04-25T20:38:44.309+0000 7f9ceaffd700 1 -- 172.21.15.43:0/3480867398 <== mon.0 v2:172.21.15.43:3300/0 2 ==== config(27 keys) ==== 1104+0+0 (secure 0 0 0) 0x7f9cf0003c50 con 0x7f9cf407de20
2024-04-25T20:38:49.339 INFO:teuthology.orchestra.run.smithi043.stdout:/usr/bin/ceph: stderr
2024-04-25T20:38:44.309+0000 7f9cfbf8f700 1 -- 172.21.15.43:0/3480867398 --> [v2:172.21.15.43:3300/0,v1:172.21.15.43:6789/0] -- mon_subscribe({mgrmap=0+}) -- 0x7f9cf419edc0 con 0x7f9cf407de20
2024-04-25T20:38:49.339 INFO:teuthology.orchestra.run.smithi043.stdout:/usr/bin/ceph: stderr
2024-04-25T20:38:44.309+0000 7f9ceaffd700 1 -- 172.21.15.43:0/3480867398 <== mon.0 v2:172.21.15.43:3300/0 3 ==== mon_map magic: 0 ==== 205+0+0 (secure 0 0 0) 0x7f9cf0019870 con 0x7f9cf407de20
2024-04-25T20:38:49.340 INFO:teuthology.orchestra.run.smithi043.stdout:/usr/bin/ceph: stderr
2024-04-25T20:38:44.309+0000 7f9cfbf8f700 1 -- 172.21.15.43:0/3480867398 --> [v2:172.21.15.43:3300/0,v1:172.21.15.43:6789/0] -- mon_subscribe({osdmap=0}) -- 0x7f9cf419f220 con 0x7f9cf407de20
2024-04-25T20:38:49.340 INFO:teuthology.orchestra.run.smithi043.stdout:/usr/bin/ceph: stderr
2024-04-25T20:38:44.310+0000 7f9ceaffd700 1 -- 172.21.15.43:0/3480867398 <== mon.0 v2:172.21.15.43:3300/0 4 ==== mgrmap(e 8) ==== 46558+0+0 (secure 0 0 0) 0x7f9cf001ac00 con 0x7f9cf407de20
2024-04-25T20:38:49.340 INFO:teuthology.orchestra.run.smithi043.stdout:/usr/bin/ceph: stderr
2024-04-25T20:38:44.310+0000 7f9cfbf8f700 1 -- 172.21.15.43:0/3480867398 --> [v2:172.21.15.43:3300/0,v1:172.21.15.43:6789/0] -- mon_command({"prefix": "get_command_descriptions"} v 0) -- 0x7f9cf40640a0 con 0x7f9cf407de20
2024-04-25T20:38:49.340 INFO:teuthology.orchestra.run.smithi043.stdout:/usr/bin/ceph: stderr
2024-04-25T20:38:44.311+0000 7f9ceaffd700 1 --2- 172.21.15.43:0/3480867398 >> [v2:172.21.15.43:6800/1388340659,v1:172.21.15.43:6801/1388340659] conn(0x7f9ce0039670 0x7f9ce003bb30 unknown :-1 s=NONE pgs=0 cs=0 l=1 rev1=0 crypto rx=0 tx=0 comp rx=0 tx=0).connect
2024-04-25T20:38:49.340 INFO:teuthology.orchestra.run.smithi043.stdout:/usr/bin/ceph: stderr
2024-04-25T20:38:44.311+0000 7f9ceaffd700 1 -- 172.21.15.43:0/3480867398 <== mon.0 v2:172.21.15.43:3300/0 5 ==== osd_map(2..2 src has 1..2) ==== 940+0+0 (secure 0 0 0) 0x7f9cf004dac0 con 0x7f9cf407de20
2024-04-25T20:38:49.340 INFO:teuthology.orchestra.run.smithi043.stdout:/usr/bin/ceph: stderr
2024-04-25T20:38:44.311+0000 7f9cf952a700 1 --2- 172.21.15.43:0/3480867398 >> [v2:172.21.15.43:6800/1388340659,v1:172.21.15.43:6801/1388340659] conn(0x7f9ce0039670 0x7f9ce003bb30 unknown :-1 s=BANNER_CONNECTING pgs=0 cs=0 l=1 rev1=0 crypto rx=0 tx=0 comp rx=0 tx=0)._handle_peer_banner_payload supported=3 required=0
2024-04-25T20:38:49.340 INFO:teuthology.orchestra.run.smithi043.stdout:/usr/bin/ceph: stderr
2024-04-25T20:38:44.311+0000 7f9cf952a700 1 --2- 172.21.15.43:0/3480867398 >> [v2:172.21.15.43:6800/1388340659,v1:172.21.15.43:6801/1388340659] conn(0x7f9ce0039670 0x7f9ce003bb30 secure :-1 s=READY pgs=11 cs=0 l=1 rev1=1 crypto rx=0x7f9ce4006fd0 tx=0x7f9ce4006e40 comp rx=0 tx=0).ready entity=mgr.14120 client_cookie=0 server_cookie=0 in_seq=0 out_seq=0
2024-04-25T20:38:49.340 INFO:teuthology.orchestra.run.smithi043.stdout:/usr/bin/ceph: stderr
2024-04-25T20:38:44.316+0000 7f9ceaffd700 1 -- 172.21.15.43:0/3480867398 <== mon.0 v2:172.21.15.43:3300/0 6 ==== mon_command_ack([{"prefix": "get_command_descriptions"}]=0 v0) ==== 72+0+188370 (secure 0 0 0) 0x7f9cf0011e20 con 0x7f9cf407de20
2024-04-25T20:38:49.340 INFO:teuthology.orchestra.run.smithi043.stdout:/usr/bin/ceph: stderr
2024-04-25T20:38:44.534+0000 7f9cfbf8f700 1 -- 172.21.15.43:0/3480867398 --> [v2:172.21.15.43:6800/1388340659,v1:172.21.15.43:6801/1388340659] -- mgr_command(tid 0: {"prefix": "orch host add", "hostname": "smithi043", "addr": "172.21.15.43", "target": ["mon-mgr", ""]}) -- 0x7f9cf4104dc0 con 0x7f9ce0039670
2024-04-25T20:38:49.340 INFO:teuthology.orchestra.run.smithi043.stdout:/usr/bin/ceph: stderr
2024-04-25T20:38:48.754+0000 7f9ceaffd700 1 -- 172.21.15.43:0/3480867398 <== mgr.14120 v2:172.21.15.43:6800/1388340659 1 ==== mgr_command_reply(tid 0: 0 ) ==== 8+0+48 (secure 0 0 0) 0x7f9cf4104dc0 con 0x7f9ce0039670
2024-04-25T20:38:49.340 INFO:teuthology.orchestra.run.smithi043.stdout:/usr/bin/ceph: stderr
2024-04-25T20:38:48.757+0000 7f9cfbf8f700 1 -- 172.21.15.43:0/3480867398 >> [v2:172.21.15.43:6800/1388340659,v1:172.21.15.43:6801/1388340659] conn(0x7f9ce0039670 msgr2=0x7f9ce003bb30 secure :-1 s=STATE_CONNECTION_ESTABLISHED l=1).mark_down
2024-04-25T20:38:49.340 INFO:teuthology.orchestra.run.smithi043.stdout:/usr/bin/ceph: stderr
2024-04-25T20:38:48.757+0000 7f9cfbf8f700 1 --2- 172.21.15.43:0/3480867398 >> [v2:172.21.15.43:6800/1388340659,v1:172.21.15.43:6801/1388340659] conn(0x7f9ce0039670 0x7f9ce003bb30 secure :-1 s=READY pgs=11 cs=0 l=1 rev1=1 crypto rx=0x7f9ce4006fd0 tx=0x7f9ce4006e40 comp rx=0 tx=0).stop
2024-04-25T20:38:49.340 INFO:teuthology.orchestra.run.smithi043.stdout:/usr/bin/ceph: stderr
2024-04-25T20:38:48.757+0000 7f9cfbf8f700 1 -- 172.21.15.43:0/3480867398 >> [v2:172.21.15.43:3300/0,v1:172.21.15.43:6789/0] conn(0x7f9cf407de20 msgr2=0x7f9cf419e5f0 secure :-1 s=STATE_CONNECTION_ESTABLISHED l=1).mark_down
2024-04-25T20:38:49.341 INFO:teuthology.orchestra.run.smithi043.stdout:/usr/bin/ceph: stderr
2024-04-25T20:38:48.757+0000 7f9cfbf8f700 1 --2- 172.21.15.43:0/3480867398 >> [v2:172.21.15.43:3300/0,v1:172.21.15.43:6789/0] conn(0x7f9cf407de20 0x7f9cf419e5f0 secure :-1 s=READY pgs=46 cs=0 l=1 rev1=1 crypto rx=0x7f9cf00116a0 tx=0x7f9cf0011ce0 comp rx=0 tx=0).stop
2024-04-25T20:38:49.341 INFO:teuthology.orchestra.run.smithi043.stdout:/usr/bin/ceph: stderr
2024-04-25T20:38:48.757+0000 7f9cfbf8f700 1 -- 172.21.15.43:0/3480867398 shutdown_connections
2024-04-25T20:38:49.341 INFO:teuthology.orchestra.run.smithi043.stdout:/usr/bin/ceph: stderr
2024-04-25T20:38:48.757+0000 7f9cfbf8f700 1 --2- 172.21.15.43:0/3480867398 >> [v2:172.21.15.43:6800/1388340659,v1:172.21.15.43:6801/1388340659] conn(0x7f9ce0039670 0x7f9ce003bb30 unknown :-1 s=CLOSED pgs=11 cs=0 l=1 rev1=1 crypto rx=0 tx=0 comp rx=0 tx=0).stop
2024-04-25T20:38:49.341 INFO:teuthology.orchestra.run.smithi043.stdout:/usr/bin/ceph: stderr
2024-04-25T20:38:48.757+0000 7f9cfbf8f700 1 --2- 172.21.15.43:0/3480867398 >> [v2:172.21.15.43:3300/0,v1:172.21.15.43:6789/0] conn(0x7f9cf407de20 0x7f9cf419e5f0 unknown :-1 s=CLOSED pgs=46 cs=0 l=1 rev1=1 crypto rx=0 tx=0 comp rx=0 tx=0).stop
2024-04-25T20:38:49.341 INFO:teuthology.orchestra.run.smithi043.stdout:/usr/bin/ceph: stderr
2024-04-25T20:38:48.757+0000 7f9cfbf8f700 1 -- 172.21.15.43:0/3480867398 >> 172.21.15.43:0/3480867398 conn(0x7f9cf4103cb0 msgr2=0x7f9cf41046b0 unknown :-1 s=STATE_NONE l=0).mark_down
2024-04-25T20:38:49.341 INFO:teuthology.orchestra.run.smithi043.stdout:/usr/bin/ceph: stderr
2024-04-25T20:38:48.757+0000 7f9cfbf8f700 1 -- 172.21.15.43:0/3480867398 shutdown_connections
2024-04-25T20:38:49.341 INFO:teuthology.orchestra.run.smithi043.stdout:/usr/bin/ceph: stderr
2024-04-25T20:38:48.757+0000 7f9cfbf8f700 1 -- 172.21.15.43:0/3480867398 wait complete.
2024-04-25T20:38:49.341 INFO:teuthology.orchestra.run.smithi043.stdout:Deploying unmanaged mon service...
2024-04-25T20:38:50.010 INFO:journalctl@ceph.mon.a.smithi043.stdout:Apr 25 20:38:49 smithi043 ceph-mon[29167]: from='mgr.14120 172.21.15.43:0/685412627' entity='mgr.x'
2024-04-25T20:38:50.010 INFO:journalctl@ceph.mon.a.smithi043.stdout:Apr 25 20:38:49 smithi043 ceph-mon[29167]: Added host smithi043
2024-04-25T20:38:50.011 INFO:journalctl@ceph.mon.a.smithi043.stdout:Apr 25 20:38:49 smithi043 ceph-mon[29167]: from='mgr.14120 172.21.15.43:0/685412627' entity='mgr.x' cmd=[{"prefix": "config dump", "format": "json"}]: dispatch
2024-04-25T20:38:51.294 INFO:journalctl@ceph.mon.a.smithi043.stdout:Apr 25 20:38:51 smithi043 ceph-mon[29167]: from='client.14142 -' entity='client.admin' cmd=[{"prefix": "orch apply", "service_type": "mon", "unmanaged": true, "target": ["mon-mgr", ""]}]: dispatch
2024-04-25T20:38:51.295 INFO:journalctl@ceph.mon.a.smithi043.stdout:Apr 25 20:38:51 smithi043 ceph-mon[29167]: Saving service mon spec with placement count:5
2024-04-25T20:38:51.295 INFO:journalctl@ceph.mon.a.smithi043.stdout:Apr 25 20:38:51 smithi043 ceph-mon[29167]: from='mgr.14120 172.21.15.43:0/685412627' entity='mgr.x'
2024-04-25T20:38:51.586 INFO:teuthology.orchestra.run.smithi043.stdout:/usr/bin/ceph: stdout Scheduled mon update...
2024-04-25T20:38:51.586 INFO:teuthology.orchestra.run.smithi043.stdout:/usr/bin/ceph: stderr
2024-04-25T20:38:49.795+0000 7f88c6a45700 1 Processor -- start
2024-04-25T20:38:51.586 INFO:teuthology.orchestra.run.smithi043.stdout:/usr/bin/ceph: stderr
2024-04-25T20:38:49.795+0000 7f88c6a45700 1 -- start start
2024-04-25T20:38:51.586 INFO:teuthology.orchestra.run.smithi043.stdout:/usr/bin/ceph: stderr
2024-04-25T20:38:49.795+0000 7f88c6a45700 1 --2- >> [v2:172.21.15.43:3300/0,v1:172.21.15.43:6789/0] conn(0x7f88c0108650 0x7f88c0108a70 unknown :-1 s=NONE pgs=0 cs=0 l=0 rev1=0 crypto rx=0 tx=0 comp rx=0 tx=0).connect
2024-04-25T20:38:51.586 INFO:teuthology.orchestra.run.smithi043.stdout:/usr/bin/ceph: stderr
2024-04-25T20:38:49.795+0000 7f88c6a45700 1 -- --> [v2:172.21.15.43:3300/0,v1:172.21.15.43:6789/0] -- mon_getmap magic: 0 -- 0x7f88c0109040 con 0x7f88c0108650
2024-04-25T20:38:51.587 INFO:teuthology.orchestra.run.smithi043.stdout:/usr/bin/ceph: stderr
2024-04-25T20:38:49.795+0000 7f88bffff700 1 --2- >> [v2:172.21.15.43:3300/0,v1:172.21.15.43:6789/0] conn(0x7f88c0108650 0x7f88c0108a70 unknown :-1 s=BANNER_CONNECTING pgs=0 cs=0 l=0 rev1=0 crypto rx=0 tx=0 comp rx=0 tx=0)._handle_peer_banner_payload supported=3 required=0
2024-04-25T20:38:51.587 INFO:teuthology.orchestra.run.smithi043.stdout:/usr/bin/ceph: stderr
2024-04-25T20:38:49.796+0000 7f88bffff700 1 --2- >> [v2:172.21.15.43:3300/0,v1:172.21.15.43:6789/0] conn(0x7f88c0108650 0x7f88c0108a70 unknown :-1 s=HELLO_CONNECTING pgs=0 cs=0 l=0 rev1=1 crypto rx=0 tx=0 comp rx=0 tx=0).handle_hello peer v2:172.21.15.43:3300/0 says I am v2:172.21.15.43:40904/0 (socket says 172.21.15.43:40904)
2024-04-25T20:38:51.587 INFO:teuthology.orchestra.run.smithi043.stdout:/usr/bin/ceph: stderr
2024-04-25T20:38:49.796+0000 7f88bffff700 1 -- 172.21.15.43:0/2584452426 learned_addr learned my addr 172.21.15.43:0/2584452426 (peer_addr_for_me v2:172.21.15.43:0/0)
2024-04-25T20:38:51.587 INFO:teuthology.orchestra.run.smithi043.stdout:/usr/bin/ceph: stderr
2024-04-25T20:38:49.796+0000 7f88bffff700 1 -- 172.21.15.43:0/2584452426 --> [v2:172.21.15.43:3300/0,v1:172.21.15.43:6789/0] -- mon_subscribe({config=0+,monmap=0+}) -- 0x7f88c0109800 con 0x7f88c0108650
2024-04-25T20:38:51.587 INFO:teuthology.orchestra.run.smithi043.stdout:/usr/bin/ceph: stderr
2024-04-25T20:38:49.796+0000 7f88bffff700 1 --2- 172.21.15.43:0/2584452426 >> [v2:172.21.15.43:3300/0,v1:172.21.15.43:6789/0] conn(0x7f88c0108650 0x7f88c0108a70 secure :-1 s=READY pgs=47 cs=0 l=1 rev1=1 crypto rx=0x7f88b00098a0 tx=0x7f88b0009bb0 comp rx=0 tx=0).ready entity=mon.0 client_cookie=50cae06fab7f4833 server_cookie=0 in_seq=0 out_seq=0
2024-04-25T20:38:51.587 INFO:teuthology.orchestra.run.smithi043.stdout:/usr/bin/ceph: stderr
