2024-04-25T20:39:48.852+0000 7fc73ea23700 1 -- 172.21.15.45:0/1325516072 shutdown_connections
2024-04-25T20:39:50.212 INFO:teuthology.orchestra.run.smithi045.stdout:/usr/bin/ceph: stderr
2024-04-25T20:39:48.853+0000 7fc73ea23700 1 -- 172.21.15.45:0/1325516072 wait complete.
2024-04-25T20:39:50.212 INFO:teuthology.orchestra.run.smithi045.stdout:/usr/bin/ceph: stderr
2024-04-25T20:39:48.853+0000 7fc73ea23700 1 Processor -- start
2024-04-25T20:39:50.212 INFO:teuthology.orchestra.run.smithi045.stdout:/usr/bin/ceph: stderr
2024-04-25T20:39:48.853+0000 7fc73ea23700 1 -- start start
2024-04-25T20:39:50.212 INFO:teuthology.orchestra.run.smithi045.stdout:/usr/bin/ceph: stderr
2024-04-25T20:39:48.853+0000 7fc73ea23700 1 --2- >> [v2:172.21.15.45:3300/0,v1:172.21.15.45:6789/0] conn(0x7fc73807de60 0x7fc73819e5a0 unknown :-1 s=NONE pgs=0 cs=0 l=1 rev1=0 crypto rx=0 tx=0 comp rx=0 tx=0).connect
2024-04-25T20:39:50.212 INFO:teuthology.orchestra.run.smithi045.stdout:/usr/bin/ceph: stderr
2024-04-25T20:39:48.853+0000 7fc73ea23700 1 -- --> [v2:172.21.15.45:3300/0,v1:172.21.15.45:6789/0] -- mon_getmap magic: 0 -- 0x7fc73810eb40 con 0x7fc73807de60
2024-04-25T20:39:50.212 INFO:teuthology.orchestra.run.smithi045.stdout:/usr/bin/ceph: stderr
2024-04-25T20:39:48.854+0000 7fc737fff700 1 --2- >> [v2:172.21.15.45:3300/0,v1:172.21.15.45:6789/0] conn(0x7fc73807de60 0x7fc73819e5a0 unknown :-1 s=BANNER_CONNECTING pgs=0 cs=0 l=1 rev1=0 crypto rx=0 tx=0 comp rx=0 tx=0)._handle_peer_banner_payload supported=3 required=0
2024-04-25T20:39:50.212 INFO:teuthology.orchestra.run.smithi045.stdout:/usr/bin/ceph: stderr
2024-04-25T20:39:48.854+0000 7fc737fff700 1 --2- >> [v2:172.21.15.45:3300/0,v1:172.21.15.45:6789/0] conn(0x7fc73807de60 0x7fc73819e5a0 unknown :-1 s=HELLO_CONNECTING pgs=0 cs=0 l=1 rev1=1 crypto rx=0 tx=0 comp rx=0 tx=0).handle_hello peer v2:172.21.15.45:3300/0 says I am v2:172.21.15.45:35094/0 (socket says 172.21.15.45:35094)
2024-04-25T20:39:50.212 INFO:teuthology.orchestra.run.smithi045.stdout:/usr/bin/ceph: stderr
2024-04-25T20:39:48.854+0000 7fc737fff700 1 -- 172.21.15.45:0/2843644229 learned_addr learned my addr 172.21.15.45:0/2843644229 (peer_addr_for_me v2:172.21.15.45:0/0)
2024-04-25T20:39:50.212 INFO:teuthology.orchestra.run.smithi045.stdout:/usr/bin/ceph: stderr
2024-04-25T20:39:48.854+0000 7fc737fff700 1 -- 172.21.15.45:0/2843644229 --> [v2:172.21.15.45:3300/0,v1:172.21.15.45:6789/0] -- mon_subscribe({config=0+,monmap=0+}) -- 0x7fc73819eae0 con 0x7fc73807de60
2024-04-25T20:39:50.212 INFO:teuthology.orchestra.run.smithi045.stdout:/usr/bin/ceph: stderr
2024-04-25T20:39:48.854+0000 7fc737fff700 1 --2- 172.21.15.45:0/2843644229 >> [v2:172.21.15.45:3300/0,v1:172.21.15.45:6789/0] conn(0x7fc73807de60 0x7fc73819e5a0 secure :-1 s=READY pgs=23 cs=0 l=1 rev1=1 crypto rx=0x7fc7280117e0 tx=0x7fc728011ce0 comp rx=0 tx=0).ready entity=mon.0 client_cookie=0 server_cookie=0 in_seq=0 out_seq=0
2024-04-25T20:39:50.212 INFO:teuthology.orchestra.run.smithi045.stdout:/usr/bin/ceph: stderr
2024-04-25T20:39:48.854+0000 7fc7357fa700 1 -- 172.21.15.45:0/2843644229 <== mon.0 v2:172.21.15.45:3300/0 1 ==== mon_map magic: 0 ==== 205+0+0 (secure 0 0 0) 0x7fc728003b30 con 0x7fc73807de60
2024-04-25T20:39:50.213 INFO:teuthology.orchestra.run.smithi045.stdout:/usr/bin/ceph: stderr
2024-04-25T20:39:48.854+0000 7fc7357fa700 1 -- 172.21.15.45:0/2843644229 <== mon.0 v2:172.21.15.45:3300/0 2 ==== config(27 keys) ==== 1104+0+0 (secure 0 0 0) 0x7fc728003cd0 con 0x7fc73807de60
2024-04-25T20:39:50.213 INFO:teuthology.orchestra.run.smithi045.stdout:/usr/bin/ceph: stderr
2024-04-25T20:39:48.854+0000 7fc73ea23700 1 -- 172.21.15.45:0/2843644229 --> [v2:172.21.15.45:3300/0,v1:172.21.15.45:6789/0] -- mon_subscribe({mgrmap=0+}) -- 0x7fc73819ed70 con 0x7fc73807de60
2024-04-25T20:39:50.213 INFO:teuthology.orchestra.run.smithi045.stdout:/usr/bin/ceph: stderr
2024-04-25T20:39:48.854+0000 7fc7357fa700 1 -- 172.21.15.45:0/2843644229 <== mon.0 v2:172.21.15.45:3300/0 3 ==== mon_map magic: 0 ==== 205+0+0 (secure 0 0 0) 0x7fc72801a7c0 con 0x7fc73807de60
2024-04-25T20:39:50.213 INFO:teuthology.orchestra.run.smithi045.stdout:/usr/bin/ceph: stderr
2024-04-25T20:39:48.854+0000 7fc73ea23700 1 -- 172.21.15.45:0/2843644229 --> [v2:172.21.15.45:3300/0,v1:172.21.15.45:6789/0] -- mon_subscribe({osdmap=0}) -- 0x7fc73819f1d0 con 0x7fc73807de60
2024-04-25T20:39:50.213 INFO:teuthology.orchestra.run.smithi045.stdout:/usr/bin/ceph: stderr
2024-04-25T20:39:48.855+0000 7fc7357fa700 1 -- 172.21.15.45:0/2843644229 <== mon.0 v2:172.21.15.45:3300/0 4 ==== mgrmap(e 4) ==== 46547+0+0 (secure 0 0 0) 0x7fc72801a960 con 0x7fc73807de60
2024-04-25T20:39:50.213 INFO:teuthology.orchestra.run.smithi045.stdout:/usr/bin/ceph: stderr
2024-04-25T20:39:48.855+0000 7fc73ea23700 1 -- 172.21.15.45:0/2843644229 --> [v2:172.21.15.45:3300/0,v1:172.21.15.45:6789/0] -- mon_command({"prefix": "get_command_descriptions"} v 0) -- 0x7fc7380640a0 con 0x7fc73807de60
2024-04-25T20:39:50.213 INFO:teuthology.orchestra.run.smithi045.stdout:/usr/bin/ceph: stderr
2024-04-25T20:39:48.855+0000 7fc7357fa700 1 --2- 172.21.15.45:0/2843644229 >> [v2:172.21.15.45:6800/412416638,v1:172.21.15.45:6801/412416638] conn(0x7fc7200396c0 0x7fc72003bb80 unknown :-1 s=NONE pgs=0 cs=0 l=1 rev1=0 crypto rx=0 tx=0 comp rx=0 tx=0).connect
2024-04-25T20:39:50.213 INFO:teuthology.orchestra.run.smithi045.stdout:/usr/bin/ceph: stderr
2024-04-25T20:39:48.855+0000 7fc7357fa700 1 -- 172.21.15.45:0/2843644229 <== mon.0 v2:172.21.15.45:3300/0 5 ==== osd_map(1..1 src has 1..1) ==== 725+0+0 (secure 0 0 0) 0x7fc72804dac0 con 0x7fc73807de60
2024-04-25T20:39:50.213 INFO:teuthology.orchestra.run.smithi045.stdout:/usr/bin/ceph: stderr
2024-04-25T20:39:48.855+0000 7fc7377fe700 1 --2- 172.21.15.45:0/2843644229 >> [v2:172.21.15.45:6800/412416638,v1:172.21.15.45:6801/412416638] conn(0x7fc7200396c0 0x7fc72003bb80 unknown :-1 s=BANNER_CONNECTING pgs=0 cs=0 l=1 rev1=0 crypto rx=0 tx=0 comp rx=0 tx=0)._handle_peer_banner_payload supported=3 required=0
2024-04-25T20:39:50.213 INFO:teuthology.orchestra.run.smithi045.stdout:/usr/bin/ceph: stderr
2024-04-25T20:39:48.856+0000 7fc7377fe700 1 --2- 172.21.15.45:0/2843644229 >> [v2:172.21.15.45:6800/412416638,v1:172.21.15.45:6801/412416638] conn(0x7fc7200396c0 0x7fc72003bb80 secure :-1 s=READY pgs=8 cs=0 l=1 rev1=1 crypto rx=0x7fc72c006fd0 tx=0x7fc72c006e40 comp rx=0 tx=0).ready entity=mgr.14100 client_cookie=0 server_cookie=0 in_seq=0 out_seq=0
2024-04-25T20:39:50.213 INFO:teuthology.orchestra.run.smithi045.stdout:/usr/bin/ceph: stderr
2024-04-25T20:39:48.860+0000 7fc7357fa700 1 -- 172.21.15.45:0/2843644229 <== mon.0 v2:172.21.15.45:3300/0 6 ==== mon_command_ack([{"prefix": "get_command_descriptions"}]=0 v0) ==== 72+0+188370 (secure 0 0 0) 0x7fc728019c70 con 0x7fc73807de60
2024-04-25T20:39:50.213 INFO:teuthology.orchestra.run.smithi045.stdout:/usr/bin/ceph: stderr
2024-04-25T20:39:49.130+0000 7fc73ea23700 1 -- 172.21.15.45:0/2843644229 --> [v2:172.21.15.45:3300/0,v1:172.21.15.45:6789/0] -- mon_command({"prefix": "mgr module enable", "module": "cephadm"} v 0) -- 0x7fc7381a1c60 con 0x7fc73807de60
2024-04-25T20:39:50.213 INFO:teuthology.orchestra.run.smithi045.stdout:/usr/bin/ceph: stderr
2024-04-25T20:39:49.612+0000 7fc7357fa700 1 -- 172.21.15.45:0/2843644229 <== mon.0 v2:172.21.15.45:3300/0 7 ==== mon_command_ack([{"prefix": "mgr module enable", "module": "cephadm"}]=0 v5) ==== 86+0+0 (secure 0 0 0) 0x7fc7280042e0 con 0x7fc73807de60
2024-04-25T20:39:50.213 INFO:teuthology.orchestra.run.smithi045.stdout:/usr/bin/ceph: stderr
2024-04-25T20:39:49.613+0000 7fc7357fa700 1 -- 172.21.15.45:0/2843644229 <== mon.0 v2:172.21.15.45:3300/0 8 ==== mgrmap(e 5) ==== 46558+0+0 (secure 0 0 0) 0x7fc72801ad00 con 0x7fc73807de60
2024-04-25T20:39:50.213 INFO:teuthology.orchestra.run.smithi045.stdout:/usr/bin/ceph: stderr
2024-04-25T20:39:49.615+0000 7fc73ea23700 1 -- 172.21.15.45:0/2843644229 >> [v2:172.21.15.45:6800/412416638,v1:172.21.15.45:6801/412416638] conn(0x7fc7200396c0 msgr2=0x7fc72003bb80 secure :-1 s=STATE_CONNECTION_ESTABLISHED l=1).mark_down
2024-04-25T20:39:50.214 INFO:teuthology.orchestra.run.smithi045.stdout:/usr/bin/ceph: stderr
2024-04-25T20:39:49.615+0000 7fc73ea23700 1 --2- 172.21.15.45:0/2843644229 >> [v2:172.21.15.45:6800/412416638,v1:172.21.15.45:6801/412416638] conn(0x7fc7200396c0 0x7fc72003bb80 secure :-1 s=READY pgs=8 cs=0 l=1 rev1=1 crypto rx=0x7fc72c006fd0 tx=0x7fc72c006e40 comp rx=0 tx=0).stop
2024-04-25T20:39:50.214 INFO:teuthology.orchestra.run.smithi045.stdout:/usr/bin/ceph: stderr
2024-04-25T20:39:49.615+0000 7fc73ea23700 1 -- 172.21.15.45:0/2843644229 >> [v2:172.21.15.45:3300/0,v1:172.21.15.45:6789/0] conn(0x7fc73807de60 msgr2=0x7fc73819e5a0 secure :-1 s=STATE_CONNECTION_ESTABLISHED l=1).mark_down
2024-04-25T20:39:50.214 INFO:teuthology.orchestra.run.smithi045.stdout:/usr/bin/ceph: stderr
2024-04-25T20:39:49.615+0000 7fc73ea23700 1 --2- 172.21.15.45:0/2843644229 >> [v2:172.21.15.45:3300/0,v1:172.21.15.45:6789/0] conn(0x7fc73807de60 0x7fc73819e5a0 secure :-1 s=READY pgs=23 cs=0 l=1 rev1=1 crypto rx=0x7fc7280117e0 tx=0x7fc728011ce0 comp rx=0 tx=0).stop
2024-04-25T20:39:50.214 INFO:teuthology.orchestra.run.smithi045.stdout:/usr/bin/ceph: stderr
2024-04-25T20:39:49.615+0000 7fc73ea23700 1 -- 172.21.15.45:0/2843644229 shutdown_connections
2024-04-25T20:39:50.214 INFO:teuthology.orchestra.run.smithi045.stdout:/usr/bin/ceph: stderr
2024-04-25T20:39:49.615+0000 7fc73ea23700 1 --2- 172.21.15.45:0/2843644229 >> [v2:172.21.15.45:6800/412416638,v1:172.21.15.45:6801/412416638] conn(0x7fc7200396c0 0x7fc72003bb80 unknown :-1 s=CLOSED pgs=8 cs=0 l=1 rev1=1 crypto rx=0 tx=0 comp rx=0 tx=0).stop
2024-04-25T20:39:50.214 INFO:teuthology.orchestra.run.smithi045.stdout:/usr/bin/ceph: stderr
2024-04-25T20:39:49.615+0000 7fc73ea23700 1 --2- 172.21.15.45:0/2843644229 >> [v2:172.21.15.45:3300/0,v1:172.21.15.45:6789/0] conn(0x7fc73807de60 0x7fc73819e5a0 unknown :-1 s=CLOSED pgs=23 cs=0 l=1 rev1=1 crypto rx=0 tx=0 comp rx=0 tx=0).stop
2024-04-25T20:39:50.214 INFO:teuthology.orchestra.run.smithi045.stdout:/usr/bin/ceph: stderr
2024-04-25T20:39:49.615+0000 7fc73ea23700 1 -- 172.21.15.45:0/2843644229 >> 172.21.15.45:0/2843644229 conn(0x7fc738103c10 msgr2=0x7fc7381045c0 unknown :-1 s=STATE_NONE l=0).mark_down
2024-04-25T20:39:50.214 INFO:teuthology.orchestra.run.smithi045.stdout:/usr/bin/ceph: stderr
2024-04-25T20:39:49.615+0000 7fc73ea23700 1 -- 172.21.15.45:0/2843644229 shutdown_connections
2024-04-25T20:39:50.214 INFO:teuthology.orchestra.run.smithi045.stdout:/usr/bin/ceph: stderr
2024-04-25T20:39:49.615+0000 7fc73ea23700 1 -- 172.21.15.45:0/2843644229 wait complete.
2024-04-25T20:39:50.458 INFO:journalctl@ceph.mgr.x.smithi045.stdout:Apr 25 20:39:50 smithi045 ceph-ba416f08-0343-11ef-bc93-c7b262605968-mgr-x[29340]:
2024-04-25T20:39:50.415+0000 7fb6f341e200 -1 mgr[py] Module progress has missing NOTIFY_TYPES member
2024-04-25T20:39:50.858 INFO:journalctl@ceph.mon.a.smithi045.stdout:Apr 25 20:39:50 smithi045 ceph-mon[29113]: from='client.? 172.21.15.45:0/2843644229' entity='client.admin' cmd='[{"prefix": "mgr module enable", "module": "cephadm"}]': finished
2024-04-25T20:39:50.859 INFO:journalctl@ceph.mon.a.smithi045.stdout:Apr 25 20:39:50 smithi045 ceph-mon[29113]: mgrmap e5: x(active, since 6s)
2024-04-25T20:39:50.859 INFO:journalctl@ceph.mgr.x.smithi045.stdout:Apr 25 20:39:50 smithi045 ceph-ba416f08-0343-11ef-bc93-c7b262605968-mgr-x[29340]:
2024-04-25T20:39:50.507+0000 7fb6f341e200 -1 mgr[py] Module influx has missing NOTIFY_TYPES member
2024-04-25T20:39:51.549 INFO:teuthology.orchestra.run.smithi045.stdout:/usr/bin/ceph: stdout {
2024-04-25T20:39:51.549 INFO:teuthology.orchestra.run.smithi045.stdout:/usr/bin/ceph: stdout "epoch": 5,
2024-04-25T20:39:51.549 INFO:teuthology.orchestra.run.smithi045.stdout:/usr/bin/ceph: stdout "available": true,
2024-04-25T20:39:51.549 INFO:teuthology.orchestra.run.smithi045.stdout:/usr/bin/ceph: stdout "active_name": "x",
2024-04-25T20:39:51.549 INFO:teuthology.orchestra.run.smithi045.stdout:/usr/bin/ceph: stdout "num_standby": 0
2024-04-25T20:39:51.549 INFO:teuthology.orchestra.run.smithi045.stdout:/usr/bin/ceph: stdout }
2024-04-25T20:39:51.549 INFO:teuthology.orchestra.run.smithi045.stdout:/usr/bin/ceph: stderr
2024-04-25T20:39:50.654+0000 7f427bbbc700 1 Processor -- start
2024-04-25T20:39:51.550 INFO:teuthology.orchestra.run.smithi045.stdout:/usr/bin/ceph: stderr
2024-04-25T20:39:50.654+0000 7f427bbbc700 1 -- start start
2024-04-25T20:39:51.550 INFO:teuthology.orchestra.run.smithi045.stdout:/usr/bin/ceph: stderr
2024-04-25T20:39:50.654+0000 7f427bbbc700 1 --2- >> [v2:172.21.15.45:3300/0,v1:172.21.15.45:6789/0] conn(0x7f4274109050 0x7f427410b440 unknown :-1 s=NONE pgs=0 cs=0 l=0 rev1=0 crypto rx=0 tx=0 comp rx=0 tx=0).connect
2024-04-25T20:39:51.550 INFO:teuthology.orchestra.run.smithi045.stdout:/usr/bin/ceph: stderr
2024-04-25T20:39:50.654+0000 7f427bbbc700 1 -- --> [v2:172.21.15.45:3300/0,v1:172.21.15.45:6789/0] -- mon_getmap magic: 0 -- 0x7f427407be60 con 0x7f4274109050
2024-04-25T20:39:51.550 INFO:teuthology.orchestra.run.smithi045.stdout:/usr/bin/ceph: stderr
2024-04-25T20:39:50.654+0000 7f4279958700 1 --2- >> [v2:172.21.15.45:3300/0,v1:172.21.15.45:6789/0] conn(0x7f4274109050 0x7f427410b440 unknown :-1 s=BANNER_CONNECTING pgs=0 cs=0 l=0 rev1=0 crypto rx=0 tx=0 comp rx=0 tx=0)._handle_peer_banner_payload supported=3 required=0
2024-04-25T20:39:51.550 INFO:teuthology.orchestra.run.smithi045.stdout:/usr/bin/ceph: stderr
2024-04-25T20:39:50.654+0000 7f4279958700 1 --2- >> [v2:172.21.15.45:3300/0,v1:172.21.15.45:6789/0] conn(0x7f4274109050 0x7f427410b440 unknown :-1 s=HELLO_CONNECTING pgs=0 cs=0 l=0 rev1=1 crypto rx=0 tx=0 comp rx=0 tx=0).handle_hello peer v2:172.21.15.45:3300/0 says I am v2:172.21.15.45:35114/0 (socket says 172.21.15.45:35114)
2024-04-25T20:39:51.550 INFO:teuthology.orchestra.run.smithi045.stdout:/usr/bin/ceph: stderr
2024-04-25T20:39:50.654+0000 7f4279958700 1 -- 172.21.15.45:0/3672218299 learned_addr learned my addr 172.21.15.45:0/3672218299 (peer_addr_for_me v2:172.21.15.45:0/0)
2024-04-25T20:39:51.550 INFO:teuthology.orchestra.run.smithi045.stdout:/usr/bin/ceph: stderr
2024-04-25T20:39:50.655+0000 7f4279958700 1 -- 172.21.15.45:0/3672218299 --> [v2:172.21.15.45:3300/0,v1:172.21.15.45:6789/0] -- mon_subscribe({config=0+,monmap=0+}) -- 0x7f427410b980 con 0x7f4274109050
2024-04-25T20:39:51.550 INFO:teuthology.orchestra.run.smithi045.stdout:/usr/bin/ceph: stderr
2024-04-25T20:39:50.655+0000 7f4279958700 1 --2- 172.21.15.45:0/3672218299 >> [v2:172.21.15.45:3300/0,v1:172.21.15.45:6789/0] conn(0x7f4274109050 0x7f427410b440 secure :-1 s=READY pgs=26 cs=0 l=1 rev1=1 crypto rx=0x7f42700098a0 tx=0x7f4270009bb0 comp rx=0 tx=0).ready entity=mon.0 client_cookie=b0ce57f2b2a94625 server_cookie=0 in_seq=0 out_seq=0
2024-04-25T20:39:51.550 INFO:teuthology.orchestra.run.smithi045.stdout:/usr/bin/ceph: stderr
2024-04-25T20:39:50.655+0000 7f4278956700 1 -- 172.21.15.45:0/3672218299 <== mon.0 v2:172.21.15.45:3300/0 1 ==== mon_map magic: 0 ==== 205+0+0 (secure 0 0 0) 0x7f4270004160 con 0x7f4274109050
2024-04-25T20:39:51.550 INFO:teuthology.orchestra.run.smithi045.stdout:/usr/bin/ceph: stderr
2024-04-25T20:39:50.655+0000 7f4278956700 1 -- 172.21.15.45:0/3672218299 <== mon.0 v2:172.21.15.45:3300/0 2 ==== config(27 keys) ==== 1104+0+0 (secure 0 0 0) 0x7f4270004300 con 0x7f4274109050
2024-04-25T20:39:51.550 INFO:teuthology.orchestra.run.smithi045.stdout:/usr/bin/ceph: stderr
2024-04-25T20:39:50.655+0000 7f4278956700 1 -- 172.21.15.45:0/3672218299 <== mon.0 v2:172.21.15.45:3300/0 3 ==== mon_map magic: 0 ==== 205+0+0 (secure 0 0 0) 0x7f4270011b20 con 0x7f4274109050
2024-04-25T20:39:51.550 INFO:teuthology.orchestra.run.smithi045.stdout:/usr/bin/ceph: stderr
2024-04-25T20:39:50.656+0000 7f427bbbc700 1 -- 172.21.15.45:0/3672218299 >> [v2:172.21.15.45:3300/0,v1:172.21.15.45:6789/0] conn(0x7f4274109050 msgr2=0x7f427410b440 secure :-1 s=STATE_CONNECTION_ESTABLISHED l=1).mark_down
2024-04-25T20:39:51.550 INFO:teuthology.orchestra.run.smithi045.stdout:/usr/bin/ceph: stderr
2024-04-25T20:39:50.656+0000 7f427bbbc700 1 --2- 172.21.15.45:0/3672218299 >> [v2:172.21.15.45:3300/0,v1:172.21.15.45:6789/0] conn(0x7f4274109050 0x7f427410b440 secure :-1 s=READY pgs=26 cs=0 l=1 rev1=1 crypto rx=0x7f42700098a0 tx=0x7f4270009bb0 comp rx=0 tx=0).stop
2024-04-25T20:39:51.551 INFO:teuthology.orchestra.run.smithi045.stdout:/usr/bin/ceph: stderr
2024-04-25T20:39:50.656+0000 7f427bbbc700 1 -- 172.21.15.45:0/3672218299 shutdown_connections
2024-04-25T20:39:51.551 INFO:teuthology.orchestra.run.smithi045.stdout:/usr/bin/ceph: stderr
2024-04-25T20:39:50.656+0000 7f427bbbc700 1 --2- 172.21.15.45:0/3672218299 >> [v2:172.21.15.45:3300/0,v1:172.21.15.45:6789/0] conn(0x7f4274109050 0x7f427410b440 unknown :-1 s=CLOSED pgs=26 cs=0 l=1 rev1=1 crypto rx=0 tx=0 comp rx=0 tx=0).stop
2024-04-25T20:39:51.551 INFO:teuthology.orchestra.run.smithi045.stdout:/usr/bin/ceph: stderr
2024-04-25T20:39:50.656+0000 7f427bbbc700 1 -- 172.21.15.45:0/3672218299 >> 172.21.15.45:0/3672218299 conn(0x7f4274102a40 msgr2=0x7f4274104e80 unknown :-1 s=STATE_NONE l=0).mark_down
2024-04-25T20:39:51.551 INFO:teuthology.orchestra.run.smithi045.stdout:/usr/bin/ceph: stderr
2024-04-25T20:39:50.656+0000 7f427bbbc700 1 -- 172.21.15.45:0/3672218299 shutdown_connections
2024-04-25T20:39:51.551 INFO:teuthology.orchestra.run.smithi045.stdout:/usr/bin/ceph: stderr
2024-04-25T20:39:50.656+0000 7f427bbbc700 1 -- 172.21.15.45:0/3672218299 wait complete.
2024-04-25T20:39:51.551 INFO:teuthology.orchestra.run.smithi045.stdout:/usr/bin/ceph: stderr
2024-04-25T20:39:50.656+0000 7f427bbbc700 1 Processor -- start
2024-04-25T20:39:51.551 INFO:teuthology.orchestra.run.smithi045.stdout:/usr/bin/ceph: stderr
2024-04-25T20:39:50.657+0000 7f427bbbc700 1 -- start start
2024-04-25T20:39:51.551 INFO:teuthology.orchestra.run.smithi045.stdout:/usr/bin/ceph: stderr
2024-04-25T20:39:50.657+0000 7f427bbbc700 1 --2- >> [v2:172.21.15.45:3300/0,v1:172.21.15.45:6789/0] conn(0x7f4274109050 0x7f427419c400 unknown :-1 s=NONE pgs=0 cs=0 l=1 rev1=0 crypto rx=0 tx=0 comp rx=0 tx=0).connect
2024-04-25T20:39:51.551 INFO:teuthology.orchestra.run.smithi045.stdout:/usr/bin/ceph: stderr
2024-04-25T20:39:50.657+0000 7f427bbbc700 1 -- --> [v2:172.21.15.45:3300/0,v1:172.21.15.45:6789/0] -- mon_getmap magic: 0 -- 0x7f427410c9a0 con 0x7f4274109050
2024-04-25T20:39:51.551 INFO:teuthology.orchestra.run.smithi045.stdout:/usr/bin/ceph: stderr
2024-04-25T20:39:50.657+0000 7f4279958700 1 --2- >> [v2:172.21.15.45:3300/0,v1:172.21.15.45:6789/0] conn(0x7f4274109050 0x7f427419c400 unknown :-1 s=BANNER_CONNECTING pgs=0 cs=0 l=1 rev1=0 crypto rx=0 tx=0 comp rx=0 tx=0)._handle_peer_banner_payload supported=3 required=0
2024-04-25T20:39:51.551 INFO:teuthology.orchestra.run.smithi045.stdout:/usr/bin/ceph: stderr
2024-04-25T20:39:50.657+0000 7f4279958700 1 --2- >> [v2:172.21.15.45:3300/0,v1:172.21.15.45:6789/0] conn(0x7f4274109050 0x7f427419c400 unknown :-1 s=HELLO_CONNECTING pgs=0 cs=0 l=1 rev1=1 crypto rx=0 tx=0 comp rx=0 tx=0).handle_hello peer v2:172.21.15.45:3300/0 says I am v2:172.21.15.45:35120/0 (socket says 172.21.15.45:35120)
2024-04-25T20:39:51.551 INFO:teuthology.orchestra.run.smithi045.stdout:/usr/bin/ceph: stderr
2024-04-25T20:39:50.657+0000 7f4279958700 1 -- 172.21.15.45:0/3443005904 learned_addr learned my addr 172.21.15.45:0/3443005904 (peer_addr_for_me v2:172.21.15.45:0/0)
2024-04-25T20:39:51.551 INFO:teuthology.orchestra.run.smithi045.stdout:/usr/bin/ceph: stderr
2024-04-25T20:39:50.657+0000 7f4279958700 1 -- 172.21.15.45:0/3443005904 --> [v2:172.21.15.45:3300/0,v1:172.21.15.45:6789/0] -- mon_subscribe({config=0+,monmap=0+}) -- 0x7f427419c940 con 0x7f4274109050
2024-04-25T20:39:51.551 INFO:teuthology.orchestra.run.smithi045.stdout:/usr/bin/ceph: stderr
2024-04-25T20:39:50.657+0000 7f4279958700 1 --2- 172.21.15.45:0/3443005904 >> [v2:172.21.15.45:3300/0,v1:172.21.15.45:6789/0] conn(0x7f4274109050 0x7f427419c400 secure :-1 s=READY pgs=27 cs=0 l=1 rev1=1 crypto rx=0x7f42700117e0 tx=0x7f4270011ce0 comp rx=0 tx=0).ready entity=mon.0 client_cookie=0 server_cookie=0 in_seq=0 out_seq=0
2024-04-25T20:39:51.552 INFO:teuthology.orchestra.run.smithi045.stdout:/usr/bin/ceph: stderr
2024-04-25T20:39:50.657+0000 7f426affd700 1 -- 172.21.15.45:0/3443005904 <== mon.0 v2:172.21.15.45:3300/0 1 ==== mon_map magic: 0 ==== 205+0+0 (secure 0 0 0) 0x7f4270003b30 con 0x7f4274109050
2024-04-25T20:39:51.552 INFO:teuthology.orchestra.run.smithi045.stdout:/usr/bin/ceph: stderr
2024-04-25T20:39:50.658+0000 7f426affd700 1 -- 172.21.15.45:0/3443005904 <== mon.0 v2:172.21.15.45:3300/0 2 ==== config(27 keys) ==== 1104+0+0 (secure 0 0 0) 0x7f4270003cd0 con 0x7f4274109050
2024-04-25T20:39:51.552 INFO:teuthology.orchestra.run.smithi045.stdout:/usr/bin/ceph: stderr
2024-04-25T20:39:50.658+0000 7f426affd700 1 -- 172.21.15.45:0/3443005904 <== mon.0 v2:172.21.15.45:3300/0 3 ==== mon_map magic: 0 ==== 205+0+0 (secure 0 0 0) 0x7f427001a7c0 con 0x7f4274109050
2024-04-25T20:39:51.552 INFO:teuthology.orchestra.run.smithi045.stdout:/usr/bin/ceph: stderr
2024-04-25T20:39:50.658+0000 7f427bbbc700 1 -- 172.21.15.45:0/3443005904 --> [v2:172.21.15.45:3300/0,v1:172.21.15.45:6789/0] -- mon_subscribe({mgrmap=0+}) -- 0x7f427419cbd0 con 0x7f4274109050
2024-04-25T20:39:51.552 INFO:teuthology.orchestra.run.smithi045.stdout:/usr/bin/ceph: stderr
2024-04-25T20:39:50.658+0000 7f427bbbc700 1 -- 172.21.15.45:0/3443005904 --> [v2:172.21.15.45:3300/0,v1:172.21.15.45:6789/0] -- mon_subscribe({osdmap=0}) -- 0x7f427419d030 con 0x7f4274109050
2024-04-25T20:39:51.552 INFO:teuthology.orchestra.run.smithi045.stdout:/usr/bin/ceph: stderr
2024-04-25T20:39:50.658+0000 7f426affd700 1 -- 172.21.15.45:0/3443005904 <== mon.0 v2:172.21.15.45:3300/0 4 ==== mgrmap(e 5) ==== 46558+0+0 (secure 0 0 0) 0x7f427001a960 con 0x7f4274109050
2024-04-25T20:39:51.552 INFO:teuthology.orchestra.run.smithi045.stdout:/usr/bin/ceph: stderr
2024-04-25T20:39:50.659+0000 7f426affd700 1 --2- 172.21.15.45:0/3443005904 >> [v2:172.21.15.45:6800/412416638,v1:172.21.15.45:6801/412416638] conn(0x7f42600396c0 0x7f426003bb80 unknown :-1 s=NONE pgs=0 cs=0 l=1 rev1=0 crypto rx=0 tx=0 comp rx=0 tx=0).connect
2024-04-25T20:39:51.552 INFO:teuthology.orchestra.run.smithi045.stdout:/usr/bin/ceph: stderr
2024-04-25T20:39:50.659+0000 7f426affd700 1 -- 172.21.15.45:0/3443005904 <== mon.0 v2:172.21.15.45:3300/0 5 ==== osd_map(1..1 src has 1..1) ==== 725+0+0 (secure 0 0 0) 0x7f427004e090 con 0x7f4274109050
2024-04-25T20:39:51.552 INFO:teuthology.orchestra.run.smithi045.stdout:/usr/bin/ceph: stderr
2024-04-25T20:39:50.659+0000 7f4279157700 1 -- 172.21.15.45:0/3443005904 >> [v2:172.21.15.45:6800/412416638,v1:172.21.15.45:6801/412416638] conn(0x7f42600396c0 msgr2=0x7f426003bb80 unknown :-1 s=STATE_CONNECTING_RE l=1).process reconnect failed to v2:172.21.15.45:6800/412416638
2024-04-25T20:39:51.552 INFO:teuthology.orchestra.run.smithi045.stdout:/usr/bin/ceph: stderr
2024-04-25T20:39:50.659+0000 7f4279157700 1 --2- 172.21.15.45:0/3443005904 >> [v2:172.21.15.45:6800/412416638,v1:172.21.15.45:6801/412416638] conn(0x7f42600396c0 0x7f426003bb80 unknown :-1 s=START_CONNECT pgs=0 cs=0 l=1 rev1=0 crypto rx=0 tx=0 comp rx=0 tx=0)._fault waiting 0.200000
2024-04-25T20:39:51.552 INFO:teuthology.orchestra.run.smithi045.stdout:/usr/bin/ceph: stderr
2024-04-25T20:39:50.659+0000 7f427bbbc700 1 -- 172.21.15.45:0/3443005904 --> [v2:172.21.15.45:3300/0,v1:172.21.15.45:6789/0] -- mon_command({"prefix": "get_command_descriptions"} v 0) -- 0x7f42740640a0 con 0x7f4274109050
2024-04-25T20:39:51.552 INFO:teuthology.orchestra.run.smithi045.stdout:/usr/bin/ceph: stderr
2024-04-25T20:39:50.664+0000 7f426affd700 1 -- 172.21.15.45:0/3443005904 <== mon.0 v2:172.21.15.45:3300/0 6 ==== mon_command_ack([{"prefix": "get_command_descriptions"}]=0 v0) ==== 72+0+188370 (secure 0 0 0) 0x7f427002c350 con 0x7f4274109050
2024-04-25T20:39:51.552 INFO:teuthology.orchestra.run.smithi045.stdout:/usr/bin/ceph: stderr
2024-04-25T20:39:50.860+0000 7f4279157700 1 -- 172.21.15.45:0/3443005904 >> [v2:172.21.15.45:6800/412416638,v1:172.21.15.45:6801/412416638] conn(0x7f42600396c0 msgr2=0x7f426003bb80 unknown :-1 s=STATE_CONNECTING_RE l=1).process reconnect failed to v2:172.21.15.45:6800/412416638
2024-04-25T20:39:51.553 INFO:teuthology.orchestra.run.smithi045.stdout:/usr/bin/ceph: stderr
2024-04-25T20:39:50.860+0000 7f4279157700 1 --2- 172.21.15.45:0/3443005904 >> [v2:172.21.15.45:6800/412416638,v1:172.21.15.45:6801/412416638] conn(0x7f42600396c0 0x7f426003bb80 unknown :-1 s=START_CONNECT pgs=0 cs=0 l=1 rev1=0 crypto rx=0 tx=0 comp rx=0 tx=0)._fault waiting 0.400000
2024-04-25T20:39:51.553 INFO:teuthology.orchestra.run.smithi045.stdout:/usr/bin/ceph: stderr
2024-04-25T20:39:50.978+0000 7f427bbbc700 1 -- 172.21.15.45:0/3443005904 --> [v2:172.21.15.45:3300/0,v1:172.21.15.45:6789/0] -- mon_command({"prefix": "mgr stat"} v 0) -- 0x7f427419fdc0 con 0x7f4274109050
2024-04-25T20:39:51.553 INFO:teuthology.orchestra.run.smithi045.stdout:/usr/bin/ceph: stderr
2024-04-25T20:39:50.979+0000 7f426affd700 1 -- 172.21.15.45:0/3443005904 <== mon.0 v2:172.21.15.45:3300/0 7 ==== mon_command_ack([{"prefix": "mgr stat"}]=0 v5) ==== 56+0+88 (secure 0 0 0) 0x7f4270019e10 con 0x7f4274109050
2024-04-25T20:39:51.553 INFO:teuthology.orchestra.run.smithi045.stdout:/usr/bin/ceph: stderr
2024-04-25T20:39:50.981+0000 7f427bbbc700 1 -- 172.21.15.45:0/3443005904 >> [v2:172.21.15.45:6800/412416638,v1:172.21.15.45:6801/412416638] conn(0x7f42600396c0 msgr2=0x7f426003bb80 unknown :-1 s=STATE_CONNECTING l=1).mark_down
2024-04-25T20:39:51.553 INFO:teuthology.orchestra.run.smithi045.stdout:/usr/bin/ceph: stderr
2024-04-25T20:39:50.981+0000 7f427bbbc700 1 --2- 172.21.15.45:0/3443005904 >> [v2:172.21.15.45:6800/412416638,v1:172.21.15.45:6801/412416638] conn(0x7f42600396c0 0x7f426003bb80 unknown :-1 s=START_CONNECT pgs=0 cs=0 l=1 rev1=0 crypto rx=0 tx=0 comp rx=0 tx=0).stop
2024-04-25T20:39:51.553 INFO:teuthology.orchestra.run.smithi045.stdout:/usr/bin/ceph: stderr
2024-04-25T20:39:50.981+0000 7f427bbbc700 1 -- 172.21.15.45:0/3443005904 >> [v2:172.21.15.45:3300/0,v1:172.21.15.45:6789/0] conn(0x7f4274109050 msgr2=0x7f427419c400 secure :-1 s=STATE_CONNECTION_ESTABLISHED l=1).mark_down
2024-04-25T20:39:51.553 INFO:teuthology.orchestra.run.smithi045.stdout:/usr/bin/ceph: stderr
2024-04-25T20:39:50.981+0000 7f427bbbc700 1 --2- 172.21.15.45:0/3443005904 >> [v2:172.21.15.45:3300/0,v1:172.21.15.45:6789/0] conn(0x7f4274109050 0x7f427419c400 secure :-1 s=READY pgs=27 cs=0 l=1 rev1=1 crypto rx=0x7f42700117e0 tx=0x7f4270011ce0 comp rx=0 tx=0).stop
2024-04-25T20:39:51.553 INFO:teuthology.orchestra.run.smithi045.stdout:/usr/bin/ceph: stderr
2024-04-25T20:39:50.981+0000 7f427bbbc700 1 -- 172.21.15.45:0/3443005904 shutdown_connections
2024-04-25T20:39:51.553 INFO:teuthology.orchestra.run.smithi045.stdout:/usr/bin/ceph: stderr
2024-04-25T20:39:50.981+0000 7f427bbbc700 1 --2- 172.21.15.45:0/3443005904 >> [v2:172.21.15.45:6800/412416638,v1:172.21.15.45:6801/412416638] conn(0x7f42600396c0 0x7f426003bb80 unknown :-1 s=CLOSED pgs=0 cs=0 l=1 rev1=0 crypto rx=0 tx=0 comp rx=0 tx=0).stop
2024-04-25T20:39:51.553 INFO:teuthology.orchestra.run.smithi045.stdout:/usr/bin/ceph: stderr
2024-04-25T20:39:50.981+0000 7f427bbbc700 1 --2- 172.21.15.45:0/3443005904 >> [v2:172.21.15.45:3300/0,v1:172.21.15.45:6789/0] conn(0x7f4274109050 0x7f427419c400 unknown :-1 s=CLOSED pgs=27 cs=0 l=1 rev1=1 crypto rx=0 tx=0 comp rx=0 tx=0).stop
2024-04-25T20:39:51.553 INFO:teuthology.orchestra.run.smithi045.stdout:/usr/bin/ceph: stderr
2024-04-25T20:39:50.981+0000 7f427bbbc700 1 -- 172.21.15.45:0/3443005904 >> 172.21.15.45:0/3443005904 conn(0x7f4274102a40 msgr2=0x7f4274103460 unknown :-1 s=STATE_NONE l=0).mark_down
2024-04-25T20:39:51.553 INFO:teuthology.orchestra.run.smithi045.stdout:/usr/bin/ceph: stderr
2024-04-25T20:39:50.981+0000 7f427bbbc700 1 -- 172.21.15.45:0/3443005904 shutdown_connections
2024-04-25T20:39:51.553 INFO:teuthology.orchestra.run.smithi045.stdout:/usr/bin/ceph: stderr
2024-04-25T20:39:50.981+0000 7f427bbbc700 1 -- 172.21.15.45:0/3443005904 wait complete.
2024-04-25T20:39:51.553 INFO:teuthology.orchestra.run.smithi045.stdout:Waiting for the mgr to restart...
2024-04-25T20:39:51.553 INFO:teuthology.orchestra.run.smithi045.stdout:Waiting for mgr epoch 5...
2024-04-25T20:39:51.808 INFO:journalctl@ceph.mon.a.smithi045.stdout:Apr 25 20:39:51 smithi045 ceph-mon[29113]: from='client.? 172.21.15.45:0/3443005904' entity='client.admin' cmd=[{"prefix": "mgr stat"}]: dispatch
2024-04-25T20:39:51.808 INFO:journalctl@ceph.mgr.x.smithi045.stdout:Apr 25 20:39:51 smithi045 ceph-ba416f08-0343-11ef-bc93-c7b262605968-mgr-x[29340]:
2024-04-25T20:39:51.773+0000 7fb6f341e200 -1 mgr[py] Module telegraf has missing NOTIFY_TYPES member
2024-04-25T20:39:52.108 INFO:journalctl@ceph.mgr.x.smithi045.stdout:Apr 25 20:39:51 smithi045 ceph-ba416f08-0343-11ef-bc93-c7b262605968-mgr-x[29340]:
2024-04-25T20:39:51.956+0000 7fb6f341e200 -1 mgr[py] Module osd_support has missing NOTIFY_TYPES member
2024-04-25T20:39:52.435 INFO:journalctl@ceph.mgr.x.smithi045.stdout:Apr 25 20:39:52 smithi045 ceph-ba416f08-0343-11ef-bc93-c7b262605968-mgr-x[29340]:
2024-04-25T20:39:52.134+0000 7fb6f341e200 -1 mgr[py] Module iostat has missing NOTIFY_TYPES member
2024-04-25T20:39:52.435 INFO:journalctl@ceph.mgr.x.smithi045.stdout:Apr 25 20:39:52 smithi045 ceph-ba416f08-0343-11ef-bc93-c7b262605968-mgr-x[29340]:
2024-04-25T20:39:52.434+0000 7fb6f341e200 -1 mgr[py] Module alerts has missing NOTIFY_TYPES member
2024-04-25T20:39:52.741 INFO:journalctl@ceph.mgr.x.smithi045.stdout:Apr 25 20:39:52 smithi045 ceph-ba416f08-0343-11ef-bc93-c7b262605968-mgr-x[29340]:
2024-04-25T20:39:52.530+0000 7fb6f341e200 -1 mgr[py] Module selftest has missing NOTIFY_TYPES member
2024-04-25T20:39:52.741 INFO:journalctl@ceph.mgr.x.smithi045.stdout:Apr 25 20:39:52 smithi045 ceph-ba416f08-0343-11ef-bc93-c7b262605968-mgr-x[29340]:
2024-04-25T20:39:52.740+0000 7fb6f341e200 -1 mgr[py] Module pg_autoscaler has missing NOTIFY_TYPES member
2024-04-25T20:39:53.108 INFO:journalctl@ceph.mgr.x.smithi045.stdout:Apr 25 20:39:52 smithi045 ceph-ba416f08-0343-11ef-bc93-c7b262605968-mgr-x[29340]:
2024-04-25T20:39:52.942+0000 7fb6f341e200 -1 mgr[py] Module test_orchestrator has missing NOTIFY_TYPES member
2024-04-25T20:39:53.858 INFO:journalctl@ceph.mgr.x.smithi045.stdout:Apr 25 20:39:53 smithi045 ceph-ba416f08-0343-11ef-bc93-c7b262605968-mgr-x[29340]:
2024-04-25T20:39:53.564+0000 7fb6f341e200 -1 mgr[py] Module rook has missing NOTIFY_TYPES member
2024-04-25T20:39:54.315 INFO:journalctl@ceph.mgr.x.smithi045.stdout:Apr 25 20:39:54 smithi045 ceph-ba416f08-0343-11ef-bc93-c7b262605968-mgr-x[29340]:
2024-04-25T20:39:54.003+0000 7fb6f341e200 -1 mgr[py] Module volumes has missing NOTIFY_TYPES member
2024-04-25T20:39:54.315 INFO:journalctl@ceph.mgr.x.smithi045.stdout:Apr 25 20:39:54 smithi045 ceph-ba416f08-0343-11ef-bc93-c7b262605968-mgr-x[29340]:
2024-04-25T20:39:54.103+0000 7fb6f341e200 -1 mgr[py] Module crash has missing NOTIFY_TYPES member
2024-04-25T20:39:54.315 INFO:journalctl@ceph.mgr.x.smithi045.stdout:Apr 25 20:39:54 smithi045 ceph-ba416f08-0343-11ef-bc93-c7b262605968-mgr-x[29340]:
2024-04-25T20:39:54.314+0000 7fb6f341e200 -1 mgr[py] Module rgw has missing NOTIFY_TYPES member
2024-04-25T20:39:55.216 INFO:journalctl@ceph.mgr.x.smithi045.stdout:Apr 25 20:39:54 smithi045 ceph-ba416f08-0343-11ef-bc93-c7b262605968-mgr-x[29340]:
2024-04-25T20:39:54.866+0000 7fb6f341e200 -1 mgr[py] Module prometheus has missing NOTIFY_TYPES member
2024-04-25T20:39:55.216 INFO:journalctl@ceph.mgr.x.smithi045.stdout:Apr 25 20:39:54 smithi045 ceph-ba416f08-0343-11ef-bc93-c7b262605968-mgr-x[29340]:
2024-04-25T20:39:54.962+0000 7fb6f341e200 -1 mgr[py] Module devicehealth has missing NOTIFY_TYPES member
2024-04-25T20:39:55.572 INFO:journalctl@ceph.mgr.x.smithi045.stdout:Apr 25 20:39:55 smithi045 ceph-ba416f08-0343-11ef-bc93-c7b262605968-mgr-x[29340]:
2024-04-25T20:39:55.214+0000 7fb6f341e200 -1 mgr[py] Module telemetry has missing NOTIFY_TYPES member
2024-04-25T20:39:55.572 INFO:journalctl@ceph.mgr.x.smithi045.stdout:Apr 25 20:39:55 smithi045 ceph-ba416f08-0343-11ef-bc93-c7b262605968-mgr-x[29340]:
2024-04-25T20:39:55.353+0000 7fb6f341e200 -1 mgr[py] Module diskprediction_local has missing NOTIFY_TYPES member
2024-04-25T20:39:55.572 INFO:journalctl@ceph.mgr.x.smithi045.stdout:Apr 25 20:39:55 smithi045 ceph-ba416f08-0343-11ef-bc93-c7b262605968-mgr-x[29340]:
2024-04-25T20:39:55.451+0000 7fb6f341e200 -1 mgr[py] Module osd_perf_query has missing NOTIFY_TYPES member
2024-04-25T20:39:55.572 INFO:journalctl@ceph.mgr.x.smithi045.stdout:Apr 25 20:39:55 smithi045 ceph-ba416f08-0343-11ef-bc93-c7b262605968-mgr-x[29340]:
2024-04-25T20:39:55.570+0000 7fb6f341e200 -1 mgr[py] Module rbd_support has missing NOTIFY_TYPES member
2024-04-25T20:39:56.362 INFO:journalctl@ceph.mgr.x.smithi045.stdout:Apr 25 20:39:55 smithi045 ceph-ba416f08-0343-11ef-bc93-c7b262605968-mgr-x[29340]:
2024-04-25T20:39:55.882+0000 7fb6f341e200 -1 mgr[py] Module zabbix has missing NOTIFY_TYPES member
2024-04-25T20:39:56.785 INFO:journalctl@ceph.mgr.x.smithi045.stdout:Apr 25 20:39:56 smithi045 ceph-ba416f08-0343-11ef-bc93-c7b262605968-mgr-x[29340]:
2024-04-25T20:39:56.509+0000 7fb6f341e200 -1 mgr[py] Module status has missing NOTIFY_TYPES member
2024-04-25T20:39:56.785 INFO:journalctl@ceph.mgr.x.smithi045.stdout:Apr 25 20:39:56 smithi045 ceph-ba416f08-0343-11ef-bc93-c7b262605968-mgr-x[29340]:
2024-04-25T20:39:56.732+0000 7fb6f341e200 -1 mgr[py] Module nfs has missing NOTIFY_TYPES member
2024-04-25T20:39:57.109 INFO:journalctl@ceph.mon.a.smithi045.stdout:Apr 25 20:39:56 smithi045 ceph-mon[29113]: Active manager daemon x restarted
2024-04-25T20:39:57.109 INFO:journalctl@ceph.mon.a.smithi045.stdout:Apr 25 20:39:56 smithi045 ceph-mon[29113]: Activating manager daemon x
2024-04-25T20:39:57.109 INFO:journalctl@ceph.mon.a.smithi045.stdout:Apr 25 20:39:56 smithi045 ceph-mon[29113]: osdmap e2: 0 total, 0 up, 0 in
2024-04-25T20:39:57.109 INFO:journalctl@ceph.mon.a.smithi045.stdout:Apr 25 20:39:56 smithi045 ceph-mon[29113]: mgrmap e6: x(active, starting, since 0.00339101s)
2024-04-25T20:39:57.109 INFO:journalctl@ceph.mon.a.smithi045.stdout:Apr 25 20:39:56 smithi045 ceph-mon[29113]: from='mgr.14120 172.21.15.45:0/2715698788' entity='mgr.x' cmd=[{"prefix": "mon metadata", "id": "a"}]: dispatch
2024-04-25T20:39:57.109 INFO:journalctl@ceph.mon.a.smithi045.stdout:Apr 25 20:39:56 smithi045 ceph-mon[29113]: from='mgr.14120 172.21.15.45:0/2715698788' entity='mgr.x' cmd=[{"prefix": "mgr metadata", "who": "x", "id": "x"}]: dispatch
2024-04-25T20:39:57.109 INFO:journalctl@ceph.mon.a.smithi045.stdout:Apr 25 20:39:56 smithi045 ceph-mon[29113]: from='mgr.14120 172.21.15.45:0/2715698788' entity='mgr.x' cmd=[{"prefix": "mds metadata"}]: dispatch
2024-04-25T20:39:57.109 INFO:journalctl@ceph.mon.a.smithi045.stdout:Apr 25 20:39:56 smithi045 ceph-mon[29113]: from='mgr.14120 172.21.15.45:0/2715698788' entity='mgr.x' cmd=[{"prefix": "osd metadata"}]: dispatch
2024-04-25T20:39:57.109 INFO:journalctl@ceph.mon.a.smithi045.stdout:Apr 25 20:39:56 smithi045 ceph-mon[29113]: from='mgr.14120 172.21.15.45:0/2715698788' entity='mgr.x' cmd=[{"prefix": "mon metadata"}]: dispatch
2024-04-25T20:39:57.109 INFO:journalctl@ceph.mon.a.smithi045.stdout:Apr 25 20:39:56 smithi045 ceph-mon[29113]: Manager daemon x is now available
2024-04-25T20:39:57.109 INFO:journalctl@ceph.mon.a.smithi045.stdout:Apr 25 20:39:56 smithi045 ceph-mon[29113]: from='mgr.14120 172.21.15.45:0/2715698788' entity='mgr.x'
2024-04-25T20:39:57.109 INFO:journalctl@ceph.mon.a.smithi045.stdout:Apr 25 20:39:56 smithi045 ceph-mon[29113]: from='mgr.14120 172.21.15.45:0/2715698788' entity='mgr.x'
2024-04-25T20:39:57.110 INFO:journalctl@ceph.mon.a.smithi045.stdout:Apr 25 20:39:56 smithi045 ceph-mon[29113]: from='mgr.14120 172.21.15.45:0/2715698788' entity='mgr.x' cmd=[{"prefix": "config dump", "format": "json"}]: dispatch
2024-04-25T20:39:57.110 INFO:journalctl@ceph.mon.a.smithi045.stdout:Apr 25 20:39:56 smithi045 ceph-mon[29113]: from='mgr.14120 172.21.15.45:0/2715698788' entity='mgr.x' cmd=[{"prefix": "config dump", "format": "json"}]: dispatch
2024-04-25T20:39:57.110 INFO:journalctl@ceph.mon.a.smithi045.stdout:Apr 25 20:39:56 smithi045 ceph-mon[29113]: from='mgr.14120 172.21.15.45:0/2715698788' entity='mgr.x' cmd=[{"prefix":"config rm","who":"mgr","name":"mgr/rbd_support/x/mirror_snapshot_schedule"}]: dispatch
2024-04-25T20:39:58.054 INFO:journalctl@ceph.mon.a.smithi045.stdout:Apr 25 20:39:57 smithi045 ceph-mon[29113]: Found migration_current of "None". Setting to last migration.
2024-04-25T20:39:58.055 INFO:journalctl@ceph.mon.a.smithi045.stdout:Apr 25 20:39:57 smithi045 ceph-mon[29113]: from='mgr.14120 172.21.15.45:0/2715698788' entity='mgr.x' cmd=[{"prefix":"config rm","who":"mgr","name":"mgr/rbd_support/x/trash_purge_schedule"}]: dispatch
2024-04-25T20:39:58.055 INFO:journalctl@ceph.mon.a.smithi045.stdout:Apr 25 20:39:57 smithi045 ceph-mon[29113]: from='mgr.14120 172.21.15.45:0/2715698788' entity='mgr.x'
2024-04-25T20:39:58.055 INFO:journalctl@ceph.mon.a.smithi045.stdout:Apr 25 20:39:57 smithi045 ceph-mon[29113]: from='mgr.14120 172.21.15.45:0/2715698788' entity='mgr.x'
2024-04-25T20:39:58.055 INFO:journalctl@ceph.mon.a.smithi045.stdout:Apr 25 20:39:57 smithi045 ceph-mon[29113]: mgrmap e7: x(active, since 1.00545s)
2024-04-25T20:39:58.331 INFO:teuthology.orchestra.run.smithi045.stdout:/usr/bin/ceph: stdout {
2024-04-25T20:39:58.331 INFO:teuthology.orchestra.run.smithi045.stdout:/usr/bin/ceph: stdout "mgrmap_epoch": 7,
2024-04-25T20:39:58.331 INFO:teuthology.orchestra.run.smithi045.stdout:/usr/bin/ceph: stdout "initialized": true
2024-04-25T20:39:58.331 INFO:teuthology.orchestra.run.smithi045.stdout:/usr/bin/ceph: stdout }
2024-04-25T20:39:58.332 INFO:teuthology.orchestra.run.smithi045.stdout:/usr/bin/ceph: stderr
2024-04-25T20:39:51.987+0000 7fb4c44cb700 1 Processor -- start
2024-04-25T20:39:58.332 INFO:teuthology.orchestra.run.smithi045.stdout:/usr/bin/ceph: stderr
2024-04-25T20:39:51.987+0000 7fb4c44cb700 1 -- start start
2024-04-25T20:39:58.332 INFO:teuthology.orchestra.run.smithi045.stdout:/usr/bin/ceph: stderr
2024-04-25T20:39:51.987+0000 7fb4c44cb700 1 --2- >> [v2:172.21.15.45:3300/0,v1:172.21.15.45:6789/0] conn(0x7fb4bc1074a0 0x7fb4bc1078c0 unknown :-1 s=NONE pgs=0 cs=0 l=0 rev1=0 crypto rx=0 tx=0 comp rx=0 tx=0).connect
2024-04-25T20:39:58.332 INFO:teuthology.orchestra.run.smithi045.stdout:/usr/bin/ceph: stderr
2024-04-25T20:39:51.987+0000 7fb4c44cb700 1 -- --> [v2:172.21.15.45:3300/0,v1:172.21.15.45:6789/0] -- mon_getmap magic: 0 -- 0x7fb4bc107e90 con 0x7fb4bc1074a0
2024-04-25T20:39:58.332 INFO:teuthology.orchestra.run.smithi045.stdout:/usr/bin/ceph: stderr
2024-04-25T20:39:51.987+0000 7fb4c2267700 1 --2- >> [v2:172.21.15.45:3300/0,v1:172.21.15.45:6789/0] conn(0x7fb4bc1074a0 0x7fb4bc1078c0 unknown :-1 s=BANNER_CONNECTING pgs=0 cs=0 l=0 rev1=0 crypto rx=0 tx=0 comp rx=0 tx=0)._handle_peer_banner_payload supported=3 required=0
2024-04-25T20:39:58.332 INFO:teuthology.orchestra.run.smithi045.stdout:/usr/bin/ceph: stderr
2024-04-25T20:39:51.987+0000 7fb4c2267700 1 --2- >> [v2:172.21.15.45:3300/0,v1:172.21.15.45:6789/0] conn(0x7fb4bc1074a0 0x7fb4bc1078c0 unknown :-1 s=HELLO_CONNECTING pgs=0 cs=0 l=0 rev1=1 crypto rx=0 tx=0 comp rx=0 tx=0).handle_hello peer v2:172.21.15.45:3300/0 says I am v2:172.21.15.45:35134/0 (socket says 172.21.15.45:35134)
2024-04-25T20:39:58.332 INFO:teuthology.orchestra.run.smithi045.stdout:/usr/bin/ceph: stderr
2024-04-25T20:39:51.987+0000 7fb4c2267700 1 -- 172.21.15.45:0/881893813 learned_addr learned my addr 172.21.15.45:0/881893813 (peer_addr_for_me v2:172.21.15.45:0/0)
2024-04-25T20:39:58.332 INFO:teuthology.orchestra.run.smithi045.stdout:/usr/bin/ceph: stderr
2024-04-25T20:39:51.987+0000 7fb4c2267700 1 -- 172.21.15.45:0/881893813 --> [v2:172.21.15.45:3300/0,v1:172.21.15.45:6789/0] -- mon_subscribe({config=0+,monmap=0+}) -- 0x7fb4bc1086a0 con 0x7fb4bc1074a0
2024-04-25T20:39:58.332 INFO:teuthology.orchestra.run.smithi045.stdout:/usr/bin/ceph: stderr
2024-04-25T20:39:51.988+0000 7fb4c2267700 1 --2- 172.21.15.45:0/881893813 >> [v2:172.21.15.45:3300/0,v1:172.21.15.45:6789/0] conn(0x7fb4bc1074a0 0x7fb4bc1078c0 secure :-1 s=READY pgs=28 cs=0 l=1 rev1=1 crypto rx=0x7fb4ac0098a0 tx=0x7fb4ac009bb0 comp rx=0 tx=0).ready entity=mon.0 client_cookie=15b0e40bc9d4675f server_cookie=0 in_seq=0 out_seq=0
2024-04-25T20:39:58.332 INFO:teuthology.orchestra.run.smithi045.stdout:/usr/bin/ceph: stderr
2024-04-25T20:39:51.988+0000 7fb4c1265700 1 -- 172.21.15.45:0/881893813 <== mon.0 v2:172.21.15.45:3300/0 1 ==== mon_map magic: 0 ==== 205+0+0 (secure 0 0 0) 0x7fb4ac004160 con 0x7fb4bc1074a0
2024-04-25T20:39:58.332 INFO:teuthology.orchestra.run.smithi045.stdout:/usr/bin/ceph: stderr
2024-04-25T20:39:51.988+0000 7fb4c1265700 1 -- 172.21.15.45:0/881893813 <== mon.0 v2:172.21.15.45:3300/0 2 ==== config(27 keys) ==== 1104+0+0 (secure 0 0 0) 0x7fb4ac004300 con 0x7fb4bc1074a0
2024-04-25T20:39:58.332 INFO:teuthology.orchestra.run.smithi045.stdout:/usr/bin/ceph: stderr
2024-04-25T20:39:51.988+0000 7fb4c1265700 1 -- 172.21.15.45:0/881893813 <== mon.0 v2:172.21.15.45:3300/0 3 ==== mon_map magic: 0 ==== 205+0+0 (secure 0 0 0) 0x7fb4ac011b20 con 0x7fb4bc1074a0
2024-04-25T20:39:58.332 INFO:teuthology.orchestra.run.smithi045.stdout:/usr/bin/ceph: stderr
2024-04-25T20:39:51.988+0000 7fb4c44cb700 1 -- 172.21.15.45:0/881893813 >> [v2:172.21.15.45:3300/0,v1:172.21.15.45:6789/0] conn(0x7fb4bc1074a0 msgr2=0x7fb4bc1078c0 secure :-1 s=STATE_CONNECTION_ESTABLISHED l=1).mark_down
2024-04-25T20:39:58.332 INFO:teuthology.orchestra.run.smithi045.stdout:/usr/bin/ceph: stderr
2024-04-25T20:39:51.988+0000 7fb4c44cb700 1 --2- 172.21.15.45:0/881893813 >> [v2:172.21.15.45:3300/0,v1:172.21.15.45:6789/0] conn(0x7fb4bc1074a0 0x7fb4bc1078c0 secure :-1 s=READY pgs=28 cs=0 l=1 rev1=1 crypto rx=0x7fb4ac0098a0 tx=0x7fb4ac009bb0 comp rx=0 tx=0).stop
2024-04-25T20:39:58.333 INFO:teuthology.orchestra.run.smithi045.stdout:/usr/bin/ceph: stderr
2024-04-25T20:39:51.989+0000 7fb4c44cb700 1 -- 172.21.15.45:0/881893813 shutdown_connections
2024-04-25T20:39:58.333 INFO:teuthology.orchestra.run.smithi045.stdout:/usr/bin/ceph: stderr
2024-04-25T20:39:51.989+0000 7fb4c44cb700 1 --2- 172.21.15.45:0/881893813 >> [v2:172.21.15.45:3300/0,v1:172.21.15.45:6789/0] conn(0x7fb4bc1074a0 0x7fb4bc1078c0 unknown :-1 s=CLOSED pgs=28 cs=0 l=1 rev1=1 crypto rx=0 tx=0 comp rx=0 tx=0).stop
2024-04-25T20:39:58.333 INFO:teuthology.orchestra.run.smithi045.stdout:/usr/bin/ceph: stderr
2024-04-25T20:39:51.989+0000 7fb4c44cb700 1 -- 172.21.15.45:0/881893813 >> 172.21.15.45:0/881893813 conn(0x7fb4bc102a40 msgr2=0x7fb4bc104e80 unknown :-1 s=STATE_NONE l=0).mark_down
2024-04-25T20:39:58.333 INFO:teuthology.orchestra.run.smithi045.stdout:/usr/bin/ceph: stderr
2024-04-25T20:39:51.989+0000 7fb4c44cb700 1 -- 172.21.15.45:0/881893813 shutdown_connections
2024-04-25T20:39:58.333 INFO:teuthology.orchestra.run.smithi045.stdout:/usr/bin/ceph: stderr
2024-04-25T20:39:51.989+0000 7fb4c44cb700 1 -- 172.21.15.45:0/881893813 wait complete.
2024-04-25T20:39:58.333 INFO:teuthology.orchestra.run.smithi045.stdout:/usr/bin/ceph: stderr
2024-04-25T20:39:51.989+0000 7fb4c44cb700 1 Processor -- start
2024-04-25T20:39:58.333 INFO:teuthology.orchestra.run.smithi045.stdout:/usr/bin/ceph: stderr
2024-04-25T20:39:51.989+0000 7fb4c44cb700 1 -- start start
2024-04-25T20:39:58.333 INFO:teuthology.orchestra.run.smithi045.stdout:/usr/bin/ceph: stderr
2024-04-25T20:39:51.990+0000 7fb4c44cb700 1 --2- >> [v2:172.21.15.45:3300/0,v1:172.21.15.45:6789/0] conn(0x7fb4bc1074a0 0x7fb4bc19b370 unknown :-1 s=NONE pgs=0 cs=0 l=1 rev1=0 crypto rx=0 tx=0 comp rx=0 tx=0).connect
2024-04-25T20:39:58.333 INFO:teuthology.orchestra.run.smithi045.stdout:/usr/bin/ceph: stderr
2024-04-25T20:39:51.990+0000 7fb4c44cb700 1 -- --> [v2:172.21.15.45:3300/0,v1:172.21.15.45:6789/0] -- mon_getmap magic: 0 -- 0x7fb4bc10ba50 con 0x7fb4bc1074a0
2024-04-25T20:39:58.333 INFO:teuthology.orchestra.run.smithi045.stdout:/usr/bin/ceph: stderr
2024-04-25T20:39:51.990+0000 7fb4c2267700 1 --2- >> [v2:172.21.15.45:3300/0,v1:172.21.15.45:6789/0] conn(0x7fb4bc1074a0 0x7fb4bc19b370 unknown :-1 s=BANNER_CONNECTING pgs=0 cs=0 l=1 rev1=0 crypto rx=0 tx=0 comp rx=0 tx=0)._handle_peer_banner_payload supported=3 required=0
2024-04-25T20:39:58.333 INFO:teuthology.orchestra.run.smithi045.stdout:/usr/bin/ceph: stderr
2024-04-25T20:39:51.990+0000 7fb4c2267700 1 --2- >> [v2:172.21.15.45:3300/0,v1:172.21.15.45:6789/0] conn(0x7fb4bc1074a0 0x7fb4bc19b370 unknown :-1 s=HELLO_CONNECTING pgs=0 cs=0 l=1 rev1=1 crypto rx=0 tx=0 comp rx=0 tx=0).handle_hello peer v2:172.21.15.45:3300/0 says I am v2:172.21.15.45:35148/0 (socket says 172.21.15.45:35148)
2024-04-25T20:39:58.333 INFO:teuthology.orchestra.run.smithi045.stdout:/usr/bin/ceph: stderr
2024-04-25T20:39:51.990+0000 7fb4c2267700 1 -- 172.21.15.45:0/4156765496 learned_addr learned my addr 172.21.15.45:0/4156765496 (peer_addr_for_me v2:172.21.15.45:0/0)
2024-04-25T20:39:58.333 INFO:teuthology.orchestra.run.smithi045.stdout:/usr/bin/ceph: stderr
2024-04-25T20:39:51.990+0000 7fb4c2267700 1 -- 172.21.15.45:0/4156765496 --> [v2:172.21.15.45:3300/0,v1:172.21.15.45:6789/0] -- mon_subscribe({config=0+,monmap=0+}) -- 0x7fb4bc19b8b0 con 0x7fb4bc1074a0
2024-04-25T20:39:58.333 INFO:teuthology.orchestra.run.smithi045.stdout:/usr/bin/ceph: stderr
2024-04-25T20:39:51.990+0000 7fb4c2267700 1 --2- 172.21.15.45:0/4156765496 >> [v2:172.21.15.45:3300/0,v1:172.21.15.45:6789/0] conn(0x7fb4bc1074a0 0x7fb4bc19b370 secure :-1 s=READY pgs=29 cs=0 l=1 rev1=1 crypto rx=0x7fb4ac0117e0 tx=0x7fb4ac011ce0 comp rx=0 tx=0).ready entity=mon.0 client_cookie=0 server_cookie=0 in_seq=0 out_seq=0
2024-04-25T20:39:58.333 INFO:teuthology.orchestra.run.smithi045.stdout:/usr/bin/ceph: stderr
2024-04-25T20:39:51.990+0000 7fb4b37fe700 1 -- 172.21.15.45:0/4156765496 <== mon.0 v2:172.21.15.45:3300/0 1 ==== mon_map magic: 0 ==== 205+0+0 (secure 0 0 0) 0x7fb4ac003b20 con 0x7fb4bc1074a0
2024-04-25T20:39:58.334 INFO:teuthology.orchestra.run.smithi045.stdout:/usr/bin/ceph: stderr
2024-04-25T20:39:51.990+0000 7fb4b37fe700 1 -- 172.21.15.45:0/4156765496 <== mon.0 v2:172.21.15.45:3300/0 2 ==== config(27 keys) ==== 1104+0+0 (secure 0 0 0) 0x7fb4ac003cc0 con 0x7fb4bc1074a0
2024-04-25T20:39:58.334 INFO:teuthology.orchestra.run.smithi045.stdout:/usr/bin/ceph: stderr
2024-04-25T20:39:51.990+0000 7fb4c44cb700 1 -- 172.21.15.45:0/4156765496 --> [v2:172.21.15.45:3300/0,v1:172.21.15.45:6789/0] -- mon_subscribe({mgrmap=0+}) -- 0x7fb4bc19bb40 con 0x7fb4bc1074a0
2024-04-25T20:39:58.334 INFO:teuthology.orchestra.run.smithi045.stdout:/usr/bin/ceph: stderr
2024-04-25T20:39:51.990+0000 7fb4b37fe700 1 -- 172.21.15.45:0/4156765496 <== mon.0 v2:172.21.15.45:3300/0 3 ==== mon_map magic: 0 ==== 205+0+0 (secure 0 0 0) 0x7fb4ac019870 con 0x7fb4bc1074a0
2024-04-25T20:39:58.334 INFO:teuthology.orchestra.run.smithi045.stdout:/usr/bin/ceph: stderr
2024-04-25T20:39:51.991+0000 7fb4c44cb700 1 -- 172.21.15.45:0/4156765496 --> [v2:172.21.15.45:3300/0,v1:172.21.15.45:6789/0] -- mon_subscribe({osdmap=0}) -- 0x7fb4bc19bfa0 con 0x7fb4bc1074a0
2024-04-25T20:39:58.334 INFO:teuthology.orchestra.run.smithi045.stdout:/usr/bin/ceph: stderr
2024-04-25T20:39:51.991+0000 7fb4b37fe700 1 -- 172.21.15.45:0/4156765496 <== mon.0 v2:172.21.15.45:3300/0 4 ==== mgrmap(e 5) ==== 46558+0+0 (secure 0 0 0) 0x7fb4ac019af0 con 0x7fb4bc1074a0
2024-04-25T20:39:58.334 INFO:teuthology.orchestra.run.smithi045.stdout:/usr/bin/ceph: stderr
2024-04-25T20:39:51.992+0000 7fb4b37fe700 1 --2- 172.21.15.45:0/4156765496 >> [v2:172.21.15.45:6800/412416638,v1:172.21.15.45:6801/412416638] conn(0x7fb4a8039620 0x7fb4a803bae0 unknown :-1 s=NONE pgs=0 cs=0 l=1 rev1=0 crypto rx=0 tx=0 comp rx=0 tx=0).connect
2024-04-25T20:39:58.334 INFO:teuthology.orchestra.run.smithi045.stdout:/usr/bin/ceph: stderr
2024-04-25T20:39:51.992+0000 7fb4b37fe700 1 -- 172.21.15.45:0/4156765496 --> [v2:172.21.15.45:6800/412416638,v1:172.21.15.45:6801/412416638] -- command(tid 0: {"prefix": "get_command_descriptions"}) -- 0x7fb4a803c1f0 con 0x7fb4a8039620
2024-04-25T20:39:58.334 INFO:teuthology.orchestra.run.smithi045.stdout:/usr/bin/ceph: stderr
2024-04-25T20:39:51.992+0000 7fb4b37fe700 1 -- 172.21.15.45:0/4156765496 <== mon.0 v2:172.21.15.45:3300/0 5 ==== osd_map(1..1 src has 1..1) ==== 725+0+0 (secure 0 0 0) 0x7fb4ac04dcc0 con 0x7fb4bc1074a0
2024-04-25T20:39:58.334 INFO:teuthology.orchestra.run.smithi045.stdout:/usr/bin/ceph: stderr
2024-04-25T20:39:51.992+0000 7fb4c1a66700 1 -- 172.21.15.45:0/4156765496 >> [v2:172.21.15.45:6800/412416638,v1:172.21.15.45:6801/412416638] conn(0x7fb4a8039620 msgr2=0x7fb4a803bae0 unknown :-1 s=STATE_CONNECTING_RE l=1).process reconnect failed to v2:172.21.15.45:6800/412416638
2024-04-25T20:39:58.334 INFO:teuthology.orchestra.run.smithi045.stdout:/usr/bin/ceph: stderr
2024-04-25T20:39:51.992+0000 7fb4c1a66700 1 --2- 172.21.15.45:0/4156765496 >> [v2:172.21.15.45:6800/412416638,v1:172.21.15.45:6801/412416638] conn(0x7fb4a8039620 0x7fb4a803bae0 unknown :-1 s=START_CONNECT pgs=0 cs=0 l=1 rev1=0 crypto rx=0 tx=0 comp rx=0 tx=0)._fault waiting 0.200000
2024-04-25T20:39:58.334 INFO:teuthology.orchestra.run.smithi045.stdout:/usr/bin/ceph: stderr
2024-04-25T20:39:52.193+0000 7fb4c1a66700 1 -- 172.21.15.45:0/4156765496 >> [v2:172.21.15.45:6800/412416638,v1:172.21.15.45:6801/412416638] conn(0x7fb4a8039620 msgr2=0x7fb4a803bae0 unknown :-1 s=STATE_CONNECTING_RE l=1).process reconnect failed to v2:172.21.15.45:6800/412416638
2024-04-25T20:39:58.334 INFO:teuthology.orchestra.run.smithi045.stdout:/usr/bin/ceph: stderr
2024-04-25T20:39:52.193+0000 7fb4c1a66700 1 --2- 172.21.15.45:0/4156765496 >> [v2:172.21.15.45:6800/412416638,v1:172.21.15.45:6801/412416638] conn(0x7fb4a8039620 0x7fb4a803bae0 unknown :-1 s=START_CONNECT pgs=0 cs=0 l=1 rev1=0 crypto rx=0 tx=0 comp rx=0 tx=0)._fault waiting 0.400000
