2024-04-25T20:40:24.289+0000 7efc59b40200 -1 mgr[py] Module status has missing NOTIFY_TYPES member
2024-04-25T20:40:24.568 INFO:journalctl@ceph.mgr.x.smithi045.stdout:Apr 25 20:40:24 smithi045 ceph-ba416f08-0343-11ef-bc93-c7b262605968-mgr-x[29340]:
2024-04-25T20:40:24.514+0000 7efc59b40200 -1 mgr[py] Module nfs has missing NOTIFY_TYPES member
2024-04-25T20:40:24.859 INFO:journalctl@ceph.mon.a.smithi045.stdout:Apr 25 20:40:24 smithi045 ceph-mon[29113]: Active manager daemon x restarted
2024-04-25T20:40:24.859 INFO:journalctl@ceph.mon.a.smithi045.stdout:Apr 25 20:40:24 smithi045 ceph-mon[29113]: Activating manager daemon x
2024-04-25T20:40:24.859 INFO:journalctl@ceph.mon.a.smithi045.stdout:Apr 25 20:40:24 smithi045 ceph-mon[29113]: osdmap e3: 0 total, 0 up, 0 in
2024-04-25T20:40:24.859 INFO:journalctl@ceph.mon.a.smithi045.stdout:Apr 25 20:40:24 smithi045 ceph-mon[29113]: mgrmap e10: x(active, starting, since 0.00344812s)
2024-04-25T20:40:24.859 INFO:journalctl@ceph.mon.a.smithi045.stdout:Apr 25 20:40:24 smithi045 ceph-mon[29113]: from='mgr.14152 172.21.15.45:0/1415937222' entity='mgr.x' cmd=[{"prefix": "mon metadata", "id": "a"}]: dispatch
2024-04-25T20:40:24.859 INFO:journalctl@ceph.mon.a.smithi045.stdout:Apr 25 20:40:24 smithi045 ceph-mon[29113]: from='mgr.14152 172.21.15.45:0/1415937222' entity='mgr.x' cmd=[{"prefix": "mgr metadata", "who": "x", "id": "x"}]: dispatch
2024-04-25T20:40:24.859 INFO:journalctl@ceph.mon.a.smithi045.stdout:Apr 25 20:40:24 smithi045 ceph-mon[29113]: from='mgr.14152 172.21.15.45:0/1415937222' entity='mgr.x' cmd=[{"prefix": "mds metadata"}]: dispatch
2024-04-25T20:40:24.859 INFO:journalctl@ceph.mon.a.smithi045.stdout:Apr 25 20:40:24 smithi045 ceph-mon[29113]: from='mgr.14152 172.21.15.45:0/1415937222' entity='mgr.x' cmd=[{"prefix": "osd metadata"}]: dispatch
2024-04-25T20:40:24.859 INFO:journalctl@ceph.mon.a.smithi045.stdout:Apr 25 20:40:24 smithi045 ceph-mon[29113]: from='mgr.14152 172.21.15.45:0/1415937222' entity='mgr.x' cmd=[{"prefix": "mon metadata"}]: dispatch
2024-04-25T20:40:24.860 INFO:journalctl@ceph.mon.a.smithi045.stdout:Apr 25 20:40:24 smithi045 ceph-mon[29113]: Manager daemon x is now available
2024-04-25T20:40:24.860 INFO:journalctl@ceph.mon.a.smithi045.stdout:Apr 25 20:40:24 smithi045 ceph-mon[29113]: from='mgr.14152 172.21.15.45:0/1415937222' entity='mgr.x' cmd=[{"prefix": "config dump", "format": "json"}]: dispatch
2024-04-25T20:40:25.796 INFO:journalctl@ceph.mon.a.smithi045.stdout:Apr 25 20:40:25 smithi045 ceph-mon[29113]: from='mgr.14152 172.21.15.45:0/1415937222' entity='mgr.x' cmd=[{"prefix":"config rm","who":"mgr","name":"mgr/rbd_support/x/mirror_snapshot_schedule"}]: dispatch
2024-04-25T20:40:25.797 INFO:journalctl@ceph.mon.a.smithi045.stdout:Apr 25 20:40:25 smithi045 ceph-mon[29113]: from='mgr.14152 172.21.15.45:0/1415937222' entity='mgr.x' cmd=[{"prefix":"config rm","who":"mgr","name":"mgr/rbd_support/x/trash_purge_schedule"}]: dispatch
2024-04-25T20:40:25.797 INFO:journalctl@ceph.mon.a.smithi045.stdout:Apr 25 20:40:25 smithi045 ceph-mon[29113]: mgrmap e11: x(active, since 1.00619s)
2024-04-25T20:40:26.373 INFO:teuthology.orchestra.run.smithi045.stdout:/usr/bin/ceph: stdout {
2024-04-25T20:40:26.373 INFO:teuthology.orchestra.run.smithi045.stdout:/usr/bin/ceph: stdout "mgrmap_epoch": 11,
2024-04-25T20:40:26.373 INFO:teuthology.orchestra.run.smithi045.stdout:/usr/bin/ceph: stdout "initialized": true
2024-04-25T20:40:26.373 INFO:teuthology.orchestra.run.smithi045.stdout:/usr/bin/ceph: stdout }
2024-04-25T20:40:26.373 INFO:teuthology.orchestra.run.smithi045.stdout:/usr/bin/ceph: stderr
2024-04-25T20:40:19.941+0000 7fb3c6a72700 1 Processor -- start
2024-04-25T20:40:26.373 INFO:teuthology.orchestra.run.smithi045.stdout:/usr/bin/ceph: stderr
2024-04-25T20:40:19.941+0000 7fb3c6a72700 1 -- start start
2024-04-25T20:40:26.373 INFO:teuthology.orchestra.run.smithi045.stdout:/usr/bin/ceph: stderr
2024-04-25T20:40:19.941+0000 7fb3c6a72700 1 --2- >> [v2:172.21.15.45:3300/0,v1:172.21.15.45:6789/0] conn(0x7fb3c0106eb0 0x7fb3c01072d0 unknown :-1 s=NONE pgs=0 cs=0 l=0 rev1=0 crypto rx=0 tx=0 comp rx=0 tx=0).connect
2024-04-25T20:40:26.373 INFO:teuthology.orchestra.run.smithi045.stdout:/usr/bin/ceph: stderr
2024-04-25T20:40:19.941+0000 7fb3c6a72700 1 -- --> [v2:172.21.15.45:3300/0,v1:172.21.15.45:6789/0] -- mon_getmap magic: 0 -- 0x7fb3c007be60 con 0x7fb3c0106eb0
2024-04-25T20:40:26.374 INFO:teuthology.orchestra.run.smithi045.stdout:/usr/bin/ceph: stderr
2024-04-25T20:40:19.942+0000 7fb3c480e700 1 --2- >> [v2:172.21.15.45:3300/0,v1:172.21.15.45:6789/0] conn(0x7fb3c0106eb0 0x7fb3c01072d0 unknown :-1 s=BANNER_CONNECTING pgs=0 cs=0 l=0 rev1=0 crypto rx=0 tx=0 comp rx=0 tx=0)._handle_peer_banner_payload supported=3 required=0
2024-04-25T20:40:26.374 INFO:teuthology.orchestra.run.smithi045.stdout:/usr/bin/ceph: stderr
2024-04-25T20:40:19.942+0000 7fb3c480e700 1 --2- >> [v2:172.21.15.45:3300/0,v1:172.21.15.45:6789/0] conn(0x7fb3c0106eb0 0x7fb3c01072d0 unknown :-1 s=HELLO_CONNECTING pgs=0 cs=0 l=0 rev1=1 crypto rx=0 tx=0 comp rx=0 tx=0).handle_hello peer v2:172.21.15.45:3300/0 says I am v2:172.21.15.45:34742/0 (socket says 172.21.15.45:34742)
2024-04-25T20:40:26.374 INFO:teuthology.orchestra.run.smithi045.stdout:/usr/bin/ceph: stderr
2024-04-25T20:40:19.942+0000 7fb3c480e700 1 -- 172.21.15.45:0/1006393119 learned_addr learned my addr 172.21.15.45:0/1006393119 (peer_addr_for_me v2:172.21.15.45:0/0)
2024-04-25T20:40:26.374 INFO:teuthology.orchestra.run.smithi045.stdout:/usr/bin/ceph: stderr
2024-04-25T20:40:19.942+0000 7fb3c480e700 1 -- 172.21.15.45:0/1006393119 --> [v2:172.21.15.45:3300/0,v1:172.21.15.45:6789/0] -- mon_subscribe({config=0+,monmap=0+}) -- 0x7fb3c0107810 con 0x7fb3c0106eb0
2024-04-25T20:40:26.374 INFO:teuthology.orchestra.run.smithi045.stdout:/usr/bin/ceph: stderr
2024-04-25T20:40:19.942+0000 7fb3c480e700 1 --2- 172.21.15.45:0/1006393119 >> [v2:172.21.15.45:3300/0,v1:172.21.15.45:6789/0] conn(0x7fb3c0106eb0 0x7fb3c01072d0 secure :-1 s=READY pgs=61 cs=0 l=1 rev1=1 crypto rx=0x7fb3b40098a0 tx=0x7fb3b4009bb0 comp rx=0 tx=0).ready entity=mon.0 client_cookie=423a4213f4a85eaa server_cookie=0 in_seq=0 out_seq=0
2024-04-25T20:40:26.374 INFO:teuthology.orchestra.run.smithi045.stdout:/usr/bin/ceph: stderr
2024-04-25T20:40:19.942+0000 7fb3bf7fe700 1 -- 172.21.15.45:0/1006393119 <== mon.0 v2:172.21.15.45:3300/0 1 ==== mon_map magic: 0 ==== 205+0+0 (secure 0 0 0) 0x7fb3b4004160 con 0x7fb3c0106eb0
2024-04-25T20:40:26.374 INFO:teuthology.orchestra.run.smithi045.stdout:/usr/bin/ceph: stderr
2024-04-25T20:40:19.942+0000 7fb3bf7fe700 1 -- 172.21.15.45:0/1006393119 <== mon.0 v2:172.21.15.45:3300/0 2 ==== config(27 keys) ==== 1135+0+0 (secure 0 0 0) 0x7fb3b4004300 con 0x7fb3c0106eb0
2024-04-25T20:40:26.374 INFO:teuthology.orchestra.run.smithi045.stdout:/usr/bin/ceph: stderr
2024-04-25T20:40:19.942+0000 7fb3bf7fe700 1 -- 172.21.15.45:0/1006393119 <== mon.0 v2:172.21.15.45:3300/0 3 ==== mon_map magic: 0 ==== 205+0+0 (secure 0 0 0) 0x7fb3b4011af0 con 0x7fb3c0106eb0
2024-04-25T20:40:26.374 INFO:teuthology.orchestra.run.smithi045.stdout:/usr/bin/ceph: stderr
2024-04-25T20:40:19.943+0000 7fb3c6a72700 1 -- 172.21.15.45:0/1006393119 >> [v2:172.21.15.45:3300/0,v1:172.21.15.45:6789/0] conn(0x7fb3c0106eb0 msgr2=0x7fb3c01072d0 secure :-1 s=STATE_CONNECTION_ESTABLISHED l=1).mark_down
2024-04-25T20:40:26.374 INFO:teuthology.orchestra.run.smithi045.stdout:/usr/bin/ceph: stderr
2024-04-25T20:40:19.943+0000 7fb3c6a72700 1 --2- 172.21.15.45:0/1006393119 >> [v2:172.21.15.45:3300/0,v1:172.21.15.45:6789/0] conn(0x7fb3c0106eb0 0x7fb3c01072d0 secure :-1 s=READY pgs=61 cs=0 l=1 rev1=1 crypto rx=0x7fb3b40098a0 tx=0x7fb3b4009bb0 comp rx=0 tx=0).stop
2024-04-25T20:40:26.374 INFO:teuthology.orchestra.run.smithi045.stdout:/usr/bin/ceph: stderr
2024-04-25T20:40:19.943+0000 7fb3c6a72700 1 -- 172.21.15.45:0/1006393119 shutdown_connections
2024-04-25T20:40:26.374 INFO:teuthology.orchestra.run.smithi045.stdout:/usr/bin/ceph: stderr
2024-04-25T20:40:19.943+0000 7fb3c6a72700 1 --2- 172.21.15.45:0/1006393119 >> [v2:172.21.15.45:3300/0,v1:172.21.15.45:6789/0] conn(0x7fb3c0106eb0 0x7fb3c01072d0 unknown :-1 s=CLOSED pgs=61 cs=0 l=1 rev1=1 crypto rx=0 tx=0 comp rx=0 tx=0).stop
2024-04-25T20:40:26.375 INFO:teuthology.orchestra.run.smithi045.stdout:/usr/bin/ceph: stderr
2024-04-25T20:40:19.943+0000 7fb3c6a72700 1 -- 172.21.15.45:0/1006393119 >> 172.21.15.45:0/1006393119 conn(0x7fb3c0102ad0 msgr2=0x7fb3c0104ef0 unknown :-1 s=STATE_NONE l=0).mark_down
2024-04-25T20:40:26.375 INFO:teuthology.orchestra.run.smithi045.stdout:/usr/bin/ceph: stderr
2024-04-25T20:40:19.943+0000 7fb3c6a72700 1 -- 172.21.15.45:0/1006393119 shutdown_connections
2024-04-25T20:40:26.375 INFO:teuthology.orchestra.run.smithi045.stdout:/usr/bin/ceph: stderr
2024-04-25T20:40:19.943+0000 7fb3c6a72700 1 -- 172.21.15.45:0/1006393119 wait complete.
2024-04-25T20:40:26.375 INFO:teuthology.orchestra.run.smithi045.stdout:/usr/bin/ceph: stderr
2024-04-25T20:40:19.944+0000 7fb3c6a72700 1 Processor -- start
2024-04-25T20:40:26.375 INFO:teuthology.orchestra.run.smithi045.stdout:/usr/bin/ceph: stderr
2024-04-25T20:40:19.944+0000 7fb3c6a72700 1 -- start start
2024-04-25T20:40:26.375 INFO:teuthology.orchestra.run.smithi045.stdout:/usr/bin/ceph: stderr
2024-04-25T20:40:19.944+0000 7fb3c6a72700 1 --2- >> [v2:172.21.15.45:3300/0,v1:172.21.15.45:6789/0] conn(0x7fb3c0106eb0 0x7fb3c019e630 unknown :-1 s=NONE pgs=0 cs=0 l=1 rev1=0 crypto rx=0 tx=0 comp rx=0 tx=0).connect
2024-04-25T20:40:26.375 INFO:teuthology.orchestra.run.smithi045.stdout:/usr/bin/ceph: stderr
2024-04-25T20:40:19.944+0000 7fb3c6a72700 1 -- --> [v2:172.21.15.45:3300/0,v1:172.21.15.45:6789/0] -- mon_getmap magic: 0 -- 0x7fb3c01088e0 con 0x7fb3c0106eb0
2024-04-25T20:40:26.375 INFO:teuthology.orchestra.run.smithi045.stdout:/usr/bin/ceph: stderr
2024-04-25T20:40:19.944+0000 7fb3c480e700 1 --2- >> [v2:172.21.15.45:3300/0,v1:172.21.15.45:6789/0] conn(0x7fb3c0106eb0 0x7fb3c019e630 unknown :-1 s=BANNER_CONNECTING pgs=0 cs=0 l=1 rev1=0 crypto rx=0 tx=0 comp rx=0 tx=0)._handle_peer_banner_payload supported=3 required=0
2024-04-25T20:40:26.375 INFO:teuthology.orchestra.run.smithi045.stdout:/usr/bin/ceph: stderr
2024-04-25T20:40:19.944+0000 7fb3c480e700 1 --2- >> [v2:172.21.15.45:3300/0,v1:172.21.15.45:6789/0] conn(0x7fb3c0106eb0 0x7fb3c019e630 unknown :-1 s=HELLO_CONNECTING pgs=0 cs=0 l=1 rev1=1 crypto rx=0 tx=0 comp rx=0 tx=0).handle_hello peer v2:172.21.15.45:3300/0 says I am v2:172.21.15.45:34748/0 (socket says 172.21.15.45:34748)
2024-04-25T20:40:26.375 INFO:teuthology.orchestra.run.smithi045.stdout:/usr/bin/ceph: stderr
2024-04-25T20:40:19.944+0000 7fb3c480e700 1 -- 172.21.15.45:0/1791586316 learned_addr learned my addr 172.21.15.45:0/1791586316 (peer_addr_for_me v2:172.21.15.45:0/0)
2024-04-25T20:40:26.375 INFO:teuthology.orchestra.run.smithi045.stdout:/usr/bin/ceph: stderr
2024-04-25T20:40:19.945+0000 7fb3c480e700 1 -- 172.21.15.45:0/1791586316 --> [v2:172.21.15.45:3300/0,v1:172.21.15.45:6789/0] -- mon_subscribe({config=0+,monmap=0+}) -- 0x7fb3c019eb70 con 0x7fb3c0106eb0
2024-04-25T20:40:26.375 INFO:teuthology.orchestra.run.smithi045.stdout:/usr/bin/ceph: stderr
2024-04-25T20:40:19.945+0000 7fb3c480e700 1 --2- 172.21.15.45:0/1791586316 >> [v2:172.21.15.45:3300/0,v1:172.21.15.45:6789/0] conn(0x7fb3c0106eb0 0x7fb3c019e630 secure :-1 s=READY pgs=62 cs=0 l=1 rev1=1 crypto rx=0x7fb3b4003f90 tx=0x7fb3b4011b70 comp rx=0 tx=0).ready entity=mon.0 client_cookie=0 server_cookie=0 in_seq=0 out_seq=0
2024-04-25T20:40:26.375 INFO:teuthology.orchestra.run.smithi045.stdout:/usr/bin/ceph: stderr
2024-04-25T20:40:19.945+0000 7fb3bdffb700 1 -- 172.21.15.45:0/1791586316 <== mon.0 v2:172.21.15.45:3300/0 1 ==== mon_map magic: 0 ==== 205+0+0 (secure 0 0 0) 0x7fb3b40039e0 con 0x7fb3c0106eb0
2024-04-25T20:40:26.376 INFO:teuthology.orchestra.run.smithi045.stdout:/usr/bin/ceph: stderr
2024-04-25T20:40:19.945+0000 7fb3bdffb700 1 -- 172.21.15.45:0/1791586316 <== mon.0 v2:172.21.15.45:3300/0 2 ==== config(27 keys) ==== 1135+0+0 (secure 0 0 0) 0x7fb3b4003b80 con 0x7fb3c0106eb0
2024-04-25T20:40:26.376 INFO:teuthology.orchestra.run.smithi045.stdout:/usr/bin/ceph: stderr
2024-04-25T20:40:19.945+0000 7fb3c6a72700 1 -- 172.21.15.45:0/1791586316 --> [v2:172.21.15.45:3300/0,v1:172.21.15.45:6789/0] -- mon_subscribe({mgrmap=0+}) -- 0x7fb3c019ee00 con 0x7fb3c0106eb0
2024-04-25T20:40:26.376 INFO:teuthology.orchestra.run.smithi045.stdout:/usr/bin/ceph: stderr
2024-04-25T20:40:19.945+0000 7fb3bdffb700 1 -- 172.21.15.45:0/1791586316 <== mon.0 v2:172.21.15.45:3300/0 3 ==== mon_map magic: 0 ==== 205+0+0 (secure 0 0 0) 0x7fb3b40196e0 con 0x7fb3c0106eb0
2024-04-25T20:40:26.376 INFO:teuthology.orchestra.run.smithi045.stdout:/usr/bin/ceph: stderr
2024-04-25T20:40:19.945+0000 7fb3c6a72700 1 -- 172.21.15.45:0/1791586316 --> [v2:172.21.15.45:3300/0,v1:172.21.15.45:6789/0] -- mon_subscribe({osdmap=0}) -- 0x7fb3c01a1af0 con 0x7fb3c0106eb0
2024-04-25T20:40:26.376 INFO:teuthology.orchestra.run.smithi045.stdout:/usr/bin/ceph: stderr
2024-04-25T20:40:19.946+0000 7fb3bdffb700 1 -- 172.21.15.45:0/1791586316 <== mon.0 v2:172.21.15.45:3300/0 4 ==== mgrmap(e 9) ==== 46571+0+0 (secure 0 0 0) 0x7fb3b4022020 con 0x7fb3c0106eb0
2024-04-25T20:40:26.376 INFO:teuthology.orchestra.run.smithi045.stdout:/usr/bin/ceph: stderr
2024-04-25T20:40:19.946+0000 7fb3bdffb700 1 --2- 172.21.15.45:0/1791586316 >> [v2:172.21.15.45:6800/1084016869,v1:172.21.15.45:6801/1084016869] conn(0x7fb3b00396c0 0x7fb3b003bb80 unknown :-1 s=NONE pgs=0 cs=0 l=1 rev1=0 crypto rx=0 tx=0 comp rx=0 tx=0).connect
2024-04-25T20:40:26.376 INFO:teuthology.orchestra.run.smithi045.stdout:/usr/bin/ceph: stderr
2024-04-25T20:40:19.946+0000 7fb3bdffb700 1 -- 172.21.15.45:0/1791586316 --> [v2:172.21.15.45:6800/1084016869,v1:172.21.15.45:6801/1084016869] -- command(tid 0: {"prefix": "get_command_descriptions"}) -- 0x7fb3b003c290 con 0x7fb3b00396c0
2024-04-25T20:40:26.376 INFO:teuthology.orchestra.run.smithi045.stdout:/usr/bin/ceph: stderr
2024-04-25T20:40:19.946+0000 7fb3bdffb700 1 -- 172.21.15.45:0/1791586316 <== mon.0 v2:172.21.15.45:3300/0 5 ==== osd_map(2..2 src has 1..2) ==== 940+0+0 (secure 0 0 0) 0x7fb3b404d900 con 0x7fb3c0106eb0
2024-04-25T20:40:26.376 INFO:teuthology.orchestra.run.smithi045.stdout:/usr/bin/ceph: stderr
2024-04-25T20:40:19.946+0000 7fb3bffff700 1 -- 172.21.15.45:0/1791586316 >> [v2:172.21.15.45:6800/1084016869,v1:172.21.15.45:6801/1084016869] conn(0x7fb3b00396c0 msgr2=0x7fb3b003bb80 unknown :-1 s=STATE_CONNECTING_RE l=1).process reconnect failed to v2:172.21.15.45:6800/1084016869
2024-04-25T20:40:26.376 INFO:teuthology.orchestra.run.smithi045.stdout:/usr/bin/ceph: stderr
2024-04-25T20:40:19.946+0000 7fb3bffff700 1 --2- 172.21.15.45:0/1791586316 >> [v2:172.21.15.45:6800/1084016869,v1:172.21.15.45:6801/1084016869] conn(0x7fb3b00396c0 0x7fb3b003bb80 unknown :-1 s=START_CONNECT pgs=0 cs=0 l=1 rev1=0 crypto rx=0 tx=0 comp rx=0 tx=0)._fault waiting 0.200000
2024-04-25T20:40:26.376 INFO:teuthology.orchestra.run.smithi045.stdout:/usr/bin/ceph: stderr
2024-04-25T20:40:20.147+0000 7fb3bffff700 1 -- 172.21.15.45:0/1791586316 >> [v2:172.21.15.45:6800/1084016869,v1:172.21.15.45:6801/1084016869] conn(0x7fb3b00396c0 msgr2=0x7fb3b003bb80 unknown :-1 s=STATE_CONNECTING_RE l=1).process reconnect failed to v2:172.21.15.45:6800/1084016869
2024-04-25T20:40:26.376 INFO:teuthology.orchestra.run.smithi045.stdout:/usr/bin/ceph: stderr
2024-04-25T20:40:20.147+0000 7fb3bffff700 1 --2- 172.21.15.45:0/1791586316 >> [v2:172.21.15.45:6800/1084016869,v1:172.21.15.45:6801/1084016869] conn(0x7fb3b00396c0 0x7fb3b003bb80 unknown :-1 s=START_CONNECT pgs=0 cs=0 l=1 rev1=0 crypto rx=0 tx=0 comp rx=0 tx=0)._fault waiting 0.400000
2024-04-25T20:40:26.376 INFO:teuthology.orchestra.run.smithi045.stdout:/usr/bin/ceph: stderr
2024-04-25T20:40:20.548+0000 7fb3bffff700 1 -- 172.21.15.45:0/1791586316 >> [v2:172.21.15.45:6800/1084016869,v1:172.21.15.45:6801/1084016869] conn(0x7fb3b00396c0 msgr2=0x7fb3b003bb80 unknown :-1 s=STATE_CONNECTING_RE l=1).process reconnect failed to v2:172.21.15.45:6800/1084016869
2024-04-25T20:40:26.376 INFO:teuthology.orchestra.run.smithi045.stdout:/usr/bin/ceph: stderr
2024-04-25T20:40:20.548+0000 7fb3bffff700 1 --2- 172.21.15.45:0/1791586316 >> [v2:172.21.15.45:6800/1084016869,v1:172.21.15.45:6801/1084016869] conn(0x7fb3b00396c0 0x7fb3b003bb80 unknown :-1 s=START_CONNECT pgs=0 cs=0 l=1 rev1=0 crypto rx=0 tx=0 comp rx=0 tx=0)._fault waiting 0.800000
2024-04-25T20:40:26.377 INFO:teuthology.orchestra.run.smithi045.stdout:/usr/bin/ceph: stderr
2024-04-25T20:40:21.349+0000 7fb3bffff700 1 -- 172.21.15.45:0/1791586316 >> [v2:172.21.15.45:6800/1084016869,v1:172.21.15.45:6801/1084016869] conn(0x7fb3b00396c0 msgr2=0x7fb3b003bb80 unknown :-1 s=STATE_CONNECTING_RE l=1).process reconnect failed to v2:172.21.15.45:6800/1084016869
2024-04-25T20:40:26.377 INFO:teuthology.orchestra.run.smithi045.stdout:/usr/bin/ceph: stderr
2024-04-25T20:40:21.349+0000 7fb3bffff700 1 --2- 172.21.15.45:0/1791586316 >> [v2:172.21.15.45:6800/1084016869,v1:172.21.15.45:6801/1084016869] conn(0x7fb3b00396c0 0x7fb3b003bb80 unknown :-1 s=START_CONNECT pgs=0 cs=0 l=1 rev1=0 crypto rx=0 tx=0 comp rx=0 tx=0)._fault waiting 1.600000
2024-04-25T20:40:26.377 INFO:teuthology.orchestra.run.smithi045.stdout:/usr/bin/ceph: stderr
2024-04-25T20:40:22.951+0000 7fb3bffff700 1 -- 172.21.15.45:0/1791586316 >> [v2:172.21.15.45:6800/1084016869,v1:172.21.15.45:6801/1084016869] conn(0x7fb3b00396c0 msgr2=0x7fb3b003bb80 unknown :-1 s=STATE_CONNECTING_RE l=1).process reconnect failed to v2:172.21.15.45:6800/1084016869
2024-04-25T20:40:26.377 INFO:teuthology.orchestra.run.smithi045.stdout:/usr/bin/ceph: stderr
2024-04-25T20:40:22.951+0000 7fb3bffff700 1 --2- 172.21.15.45:0/1791586316 >> [v2:172.21.15.45:6800/1084016869,v1:172.21.15.45:6801/1084016869] conn(0x7fb3b00396c0 0x7fb3b003bb80 unknown :-1 s=START_CONNECT pgs=0 cs=0 l=1 rev1=0 crypto rx=0 tx=0 comp rx=0 tx=0)._fault waiting 3.200000
2024-04-25T20:40:26.377 INFO:teuthology.orchestra.run.smithi045.stdout:/usr/bin/ceph: stderr
2024-04-25T20:40:24.517+0000 7fb3bdffb700 1 -- 172.21.15.45:0/1791586316 <== mon.0 v2:172.21.15.45:3300/0 6 ==== mgrmap(e 10) ==== 46338+0+0 (secure 0 0 0) 0x7fb3b4019ce0 con 0x7fb3c0106eb0
2024-04-25T20:40:26.377 INFO:teuthology.orchestra.run.smithi045.stdout:/usr/bin/ceph: stderr
2024-04-25T20:40:24.518+0000 7fb3bdffb700 1 -- 172.21.15.45:0/1791586316 >> [v2:172.21.15.45:6800/1084016869,v1:172.21.15.45:6801/1084016869] conn(0x7fb3b00396c0 msgr2=0x7fb3b003bb80 unknown :-1 s=STATE_CONNECTING l=1).mark_down
2024-04-25T20:40:26.377 INFO:teuthology.orchestra.run.smithi045.stdout:/usr/bin/ceph: stderr
2024-04-25T20:40:24.518+0000 7fb3bdffb700 1 --2- 172.21.15.45:0/1791586316 >> [v2:172.21.15.45:6800/1084016869,v1:172.21.15.45:6801/1084016869] conn(0x7fb3b00396c0 0x7fb3b003bb80 unknown :-1 s=START_CONNECT pgs=0 cs=0 l=1 rev1=0 crypto rx=0 tx=0 comp rx=0 tx=0).stop
2024-04-25T20:40:26.377 INFO:teuthology.orchestra.run.smithi045.stdout:/usr/bin/ceph: stderr
2024-04-25T20:40:25.519+0000 7fb3bdffb700 1 -- 172.21.15.45:0/1791586316 <== mon.0 v2:172.21.15.45:3300/0 7 ==== mgrmap(e 11) ==== 46465+0+0 (secure 0 0 0) 0x7fb3b404f980 con 0x7fb3c0106eb0
2024-04-25T20:40:26.377 INFO:teuthology.orchestra.run.smithi045.stdout:/usr/bin/ceph: stderr
2024-04-25T20:40:25.519+0000 7fb3bdffb700 1 --2- 172.21.15.45:0/1791586316 >> [v2:172.21.15.45:6800/3987888514,v1:172.21.15.45:6801/3987888514] conn(0x7fb3b003cfb0 0x7fb3b003f3a0 unknown :-1 s=NONE pgs=0 cs=0 l=1 rev1=0 crypto rx=0 tx=0 comp rx=0 tx=0).connect
2024-04-25T20:40:26.377 INFO:teuthology.orchestra.run.smithi045.stdout:/usr/bin/ceph: stderr
2024-04-25T20:40:25.519+0000 7fb3bdffb700 1 -- 172.21.15.45:0/1791586316 --> [v2:172.21.15.45:6800/3987888514,v1:172.21.15.45:6801/3987888514] -- command(tid 0: {"prefix": "get_command_descriptions"}) -- 0x7fb3b003c290 con 0x7fb3b003cfb0
2024-04-25T20:40:26.377 INFO:teuthology.orchestra.run.smithi045.stdout:/usr/bin/ceph: stderr
2024-04-25T20:40:25.520+0000 7fb3bffff700 1 --2- 172.21.15.45:0/1791586316 >> [v2:172.21.15.45:6800/3987888514,v1:172.21.15.45:6801/3987888514] conn(0x7fb3b003cfb0 0x7fb3b003f3a0 unknown :-1 s=BANNER_CONNECTING pgs=0 cs=0 l=1 rev1=0 crypto rx=0 tx=0 comp rx=0 tx=0)._handle_peer_banner_payload supported=3 required=0
2024-04-25T20:40:26.377 INFO:teuthology.orchestra.run.smithi045.stdout:/usr/bin/ceph: stderr
2024-04-25T20:40:25.521+0000 7fb3bffff700 1 --2- 172.21.15.45:0/1791586316 >> [v2:172.21.15.45:6800/3987888514,v1:172.21.15.45:6801/3987888514] conn(0x7fb3b003cfb0 0x7fb3b003f3a0 secure :-1 s=READY pgs=1 cs=0 l=1 rev1=1 crypto rx=0x7fb3ac003a10 tx=0x7fb3ac0092b0 comp rx=0 tx=0).ready entity=mgr.14152 client_cookie=0 server_cookie=0 in_seq=0 out_seq=0
2024-04-25T20:40:26.377 INFO:teuthology.orchestra.run.smithi045.stdout:/usr/bin/ceph: stderr
2024-04-25T20:40:25.521+0000 7fb3bdffb700 1 -- 172.21.15.45:0/1791586316 <== mgr.14152 v2:172.21.15.45:6800/3987888514 1 ==== command_reply(tid 0: 0 ) ==== 8+0+7774 (secure 0 0 0) 0x7fb3b003c290 con 0x7fb3b003cfb0
2024-04-25T20:40:26.377 INFO:teuthology.orchestra.run.smithi045.stdout:/usr/bin/ceph: stderr
2024-04-25T20:40:25.528+0000 7fb3c6a72700 1 -- 172.21.15.45:0/1791586316 --> [v2:172.21.15.45:6800/3987888514,v1:172.21.15.45:6801/3987888514] -- command(tid 1: {"prefix": "mgr_status"}) -- 0x7fb3c00640a0 con 0x7fb3b003cfb0
2024-04-25T20:40:26.378 INFO:teuthology.orchestra.run.smithi045.stdout:/usr/bin/ceph: stderr
2024-04-25T20:40:25.529+0000 7fb3bdffb700 1 -- 172.21.15.45:0/1791586316 <== mgr.14152 v2:172.21.15.45:6800/3987888514 2 ==== command_reply(tid 1: 0 ) ==== 8+0+52 (secure 0 0 0) 0x7fb3c00640a0 con 0x7fb3b003cfb0
2024-04-25T20:40:26.378 INFO:teuthology.orchestra.run.smithi045.stdout:/usr/bin/ceph: stderr
2024-04-25T20:40:25.529+0000 7fb3c6a72700 1 -- 172.21.15.45:0/1791586316 >> [v2:172.21.15.45:6800/3987888514,v1:172.21.15.45:6801/3987888514] conn(0x7fb3b003cfb0 msgr2=0x7fb3b003f3a0 secure :-1 s=STATE_CONNECTION_ESTABLISHED l=1).mark_down
2024-04-25T20:40:26.378 INFO:teuthology.orchestra.run.smithi045.stdout:/usr/bin/ceph: stderr
2024-04-25T20:40:25.529+0000 7fb3c6a72700 1 --2- 172.21.15.45:0/1791586316 >> [v2:172.21.15.45:6800/3987888514,v1:172.21.15.45:6801/3987888514] conn(0x7fb3b003cfb0 0x7fb3b003f3a0 secure :-1 s=READY pgs=1 cs=0 l=1 rev1=1 crypto rx=0x7fb3ac003a10 tx=0x7fb3ac0092b0 comp rx=0 tx=0).stop
2024-04-25T20:40:26.378 INFO:teuthology.orchestra.run.smithi045.stdout:/usr/bin/ceph: stderr
2024-04-25T20:40:25.529+0000 7fb3c6a72700 1 -- 172.21.15.45:0/1791586316 >> [v2:172.21.15.45:3300/0,v1:172.21.15.45:6789/0] conn(0x7fb3c0106eb0 msgr2=0x7fb3c019e630 secure :-1 s=STATE_CONNECTION_ESTABLISHED l=1).mark_down
2024-04-25T20:40:26.378 INFO:teuthology.orchestra.run.smithi045.stdout:/usr/bin/ceph: stderr
2024-04-25T20:40:25.529+0000 7fb3c6a72700 1 --2- 172.21.15.45:0/1791586316 >> [v2:172.21.15.45:3300/0,v1:172.21.15.45:6789/0] conn(0x7fb3c0106eb0 0x7fb3c019e630 secure :-1 s=READY pgs=62 cs=0 l=1 rev1=1 crypto rx=0x7fb3b4003f90 tx=0x7fb3b4011b70 comp rx=0 tx=0).stop
2024-04-25T20:40:26.378 INFO:teuthology.orchestra.run.smithi045.stdout:/usr/bin/ceph: stderr
2024-04-25T20:40:25.529+0000 7fb3c6a72700 1 -- 172.21.15.45:0/1791586316 shutdown_connections
2024-04-25T20:40:26.378 INFO:teuthology.orchestra.run.smithi045.stdout:/usr/bin/ceph: stderr
2024-04-25T20:40:25.529+0000 7fb3c6a72700 1 --2- 172.21.15.45:0/1791586316 >> [v2:172.21.15.45:6800/3987888514,v1:172.21.15.45:6801/3987888514] conn(0x7fb3b003cfb0 0x7fb3b003f3a0 unknown :-1 s=CLOSED pgs=1 cs=0 l=1 rev1=1 crypto rx=0 tx=0 comp rx=0 tx=0).stop
2024-04-25T20:40:26.378 INFO:teuthology.orchestra.run.smithi045.stdout:/usr/bin/ceph: stderr
2024-04-25T20:40:25.529+0000 7fb3c6a72700 1 --2- 172.21.15.45:0/1791586316 >> [v2:172.21.15.45:3300/0,v1:172.21.15.45:6789/0] conn(0x7fb3c0106eb0 0x7fb3c019e630 unknown :-1 s=CLOSED pgs=62 cs=0 l=1 rev1=1 crypto rx=0 tx=0 comp rx=0 tx=0).stop
2024-04-25T20:40:26.378 INFO:teuthology.orchestra.run.smithi045.stdout:/usr/bin/ceph: stderr
2024-04-25T20:40:25.529+0000 7fb3c6a72700 1 --2- 172.21.15.45:0/1791586316 >> [v2:172.21.15.45:6800/1084016869,v1:172.21.15.45:6801/1084016869] conn(0x7fb3b00396c0 0x7fb3b003bb80 unknown :-1 s=CLOSED pgs=0 cs=0 l=1 rev1=0 crypto rx=0 tx=0 comp rx=0 tx=0).stop
2024-04-25T20:40:26.378 INFO:teuthology.orchestra.run.smithi045.stdout:/usr/bin/ceph: stderr
2024-04-25T20:40:25.529+0000 7fb3c6a72700 1 -- 172.21.15.45:0/1791586316 >> 172.21.15.45:0/1791586316 conn(0x7fb3c0102ad0 msgr2=0x7fb3c01952d0 unknown :-1 s=STATE_NONE l=0).mark_down
2024-04-25T20:40:26.378 INFO:teuthology.orchestra.run.smithi045.stdout:/usr/bin/ceph: stderr
2024-04-25T20:40:25.529+0000 7fb3c6a72700 1 -- 172.21.15.45:0/1791586316 shutdown_connections
2024-04-25T20:40:26.378 INFO:teuthology.orchestra.run.smithi045.stdout:/usr/bin/ceph: stderr
2024-04-25T20:40:25.529+0000 7fb3c6a72700 1 -- 172.21.15.45:0/1791586316 wait complete.
2024-04-25T20:40:26.378 INFO:teuthology.orchestra.run.smithi045.stdout:mgr epoch 9 is available
2024-04-25T20:40:26.378 INFO:teuthology.orchestra.run.smithi045.stdout:Generating a dashboard self-signed certificate...
2024-04-25T20:40:26.748 INFO:journalctl@ceph.mon.a.smithi045.stdout:Apr 25 20:40:26 smithi045 ceph-mon[29113]: [25/Apr/2024:20:40:25] ENGINE Bus STARTING
2024-04-25T20:40:26.749 INFO:journalctl@ceph.mon.a.smithi045.stdout:Apr 25 20:40:26 smithi045 ceph-mon[29113]: [25/Apr/2024:20:40:25] ENGINE Serving on https://172.21.15.45:7150
2024-04-25T20:40:26.749 INFO:journalctl@ceph.mon.a.smithi045.stdout:Apr 25 20:40:26 smithi045 ceph-mon[29113]: [25/Apr/2024:20:40:25] ENGINE Serving on http://172.21.15.45:8765
2024-04-25T20:40:26.749 INFO:journalctl@ceph.mon.a.smithi045.stdout:Apr 25 20:40:26 smithi045 ceph-mon[29113]: [25/Apr/2024:20:40:25] ENGINE Bus STARTED
2024-04-25T20:40:26.749 INFO:journalctl@ceph.mon.a.smithi045.stdout:Apr 25 20:40:26 smithi045 ceph-mon[29113]: from='mgr.14152 172.21.15.45:0/1415937222' entity='mgr.x'
2024-04-25T20:40:27.743 INFO:teuthology.orchestra.run.smithi045.stdout:/usr/bin/ceph: stdout Self-signed certificate created
2024-04-25T20:40:27.743 INFO:teuthology.orchestra.run.smithi045.stdout:/usr/bin/ceph: stderr
2024-04-25T20:40:26.851+0000 7f1565598700 1 Processor -- start
2024-04-25T20:40:27.743 INFO:teuthology.orchestra.run.smithi045.stdout:/usr/bin/ceph: stderr
2024-04-25T20:40:26.851+0000 7f1565598700 1 -- start start
2024-04-25T20:40:27.743 INFO:teuthology.orchestra.run.smithi045.stdout:/usr/bin/ceph: stderr
2024-04-25T20:40:26.851+0000 7f1565598700 1 --2- >> [v2:172.21.15.45:3300/0,v1:172.21.15.45:6789/0] conn(0x7f1560106e90 0x7f15601072b0 unknown :-1 s=NONE pgs=0 cs=0 l=0 rev1=0 crypto rx=0 tx=0 comp rx=0 tx=0).connect
2024-04-25T20:40:27.743 INFO:teuthology.orchestra.run.smithi045.stdout:/usr/bin/ceph: stderr
2024-04-25T20:40:26.851+0000 7f1565598700 1 -- --> [v2:172.21.15.45:3300/0,v1:172.21.15.45:6789/0] -- mon_getmap magic: 0 -- 0x7f156007be20 con 0x7f1560106e90
2024-04-25T20:40:27.743 INFO:teuthology.orchestra.run.smithi045.stdout:/usr/bin/ceph: stderr
2024-04-25T20:40:26.852+0000 7f155effd700 1 --2- >> [v2:172.21.15.45:3300/0,v1:172.21.15.45:6789/0] conn(0x7f1560106e90 0x7f15601072b0 unknown :-1 s=BANNER_CONNECTING pgs=0 cs=0 l=0 rev1=0 crypto rx=0 tx=0 comp rx=0 tx=0)._handle_peer_banner_payload supported=3 required=0
2024-04-25T20:40:27.743 INFO:teuthology.orchestra.run.smithi045.stdout:/usr/bin/ceph: stderr
2024-04-25T20:40:26.852+0000 7f155effd700 1 --2- >> [v2:172.21.15.45:3300/0,v1:172.21.15.45:6789/0] conn(0x7f1560106e90 0x7f15601072b0 unknown :-1 s=HELLO_CONNECTING pgs=0 cs=0 l=0 rev1=1 crypto rx=0 tx=0 comp rx=0 tx=0).handle_hello peer v2:172.21.15.45:3300/0 says I am v2:172.21.15.45:56400/0 (socket says 172.21.15.45:56400)
2024-04-25T20:40:27.743 INFO:teuthology.orchestra.run.smithi045.stdout:/usr/bin/ceph: stderr
2024-04-25T20:40:26.852+0000 7f155effd700 1 -- 172.21.15.45:0/52396440 learned_addr learned my addr 172.21.15.45:0/52396440 (peer_addr_for_me v2:172.21.15.45:0/0)
2024-04-25T20:40:27.743 INFO:teuthology.orchestra.run.smithi045.stdout:/usr/bin/ceph: stderr
2024-04-25T20:40:26.852+0000 7f155effd700 1 -- 172.21.15.45:0/52396440 --> [v2:172.21.15.45:3300/0,v1:172.21.15.45:6789/0] -- mon_subscribe({config=0+,monmap=0+}) -- 0x7f15601077f0 con 0x7f1560106e90
2024-04-25T20:40:27.744 INFO:teuthology.orchestra.run.smithi045.stdout:/usr/bin/ceph: stderr
2024-04-25T20:40:26.852+0000 7f155effd700 1 --2- 172.21.15.45:0/52396440 >> [v2:172.21.15.45:3300/0,v1:172.21.15.45:6789/0] conn(0x7f1560106e90 0x7f15601072b0 secure :-1 s=READY pgs=70 cs=0 l=1 rev1=1 crypto rx=0x7f15500098a0 tx=0x7f1550009bb0 comp rx=0 tx=0).ready entity=mon.0 client_cookie=5544badc517e374d server_cookie=0 in_seq=0 out_seq=0
2024-04-25T20:40:27.744 INFO:teuthology.orchestra.run.smithi045.stdout:/usr/bin/ceph: stderr
2024-04-25T20:40:26.853+0000 7f155dffb700 1 -- 172.21.15.45:0/52396440 <== mon.0 v2:172.21.15.45:3300/0 1 ==== mon_map magic: 0 ==== 205+0+0 (secure 0 0 0) 0x7f1550004160 con 0x7f1560106e90
2024-04-25T20:40:27.744 INFO:teuthology.orchestra.run.smithi045.stdout:/usr/bin/ceph: stderr
2024-04-25T20:40:26.853+0000 7f155dffb700 1 -- 172.21.15.45:0/52396440 <== mon.0 v2:172.21.15.45:3300/0 2 ==== config(27 keys) ==== 1135+0+0 (secure 0 0 0) 0x7f1550004300 con 0x7f1560106e90
2024-04-25T20:40:27.744 INFO:teuthology.orchestra.run.smithi045.stdout:/usr/bin/ceph: stderr
2024-04-25T20:40:26.853+0000 7f155dffb700 1 -- 172.21.15.45:0/52396440 <== mon.0 v2:172.21.15.45:3300/0 3 ==== mon_map magic: 0 ==== 205+0+0 (secure 0 0 0) 0x7f1550011af0 con 0x7f1560106e90
2024-04-25T20:40:27.744 INFO:teuthology.orchestra.run.smithi045.stdout:/usr/bin/ceph: stderr
2024-04-25T20:40:26.853+0000 7f1565598700 1 -- 172.21.15.45:0/52396440 >> [v2:172.21.15.45:3300/0,v1:172.21.15.45:6789/0] conn(0x7f1560106e90 msgr2=0x7f15601072b0 secure :-1 s=STATE_CONNECTION_ESTABLISHED l=1).mark_down
2024-04-25T20:40:27.744 INFO:teuthology.orchestra.run.smithi045.stdout:/usr/bin/ceph: stderr
2024-04-25T20:40:26.853+0000 7f1565598700 1 --2- 172.21.15.45:0/52396440 >> [v2:172.21.15.45:3300/0,v1:172.21.15.45:6789/0] conn(0x7f1560106e90 0x7f15601072b0 secure :-1 s=READY pgs=70 cs=0 l=1 rev1=1 crypto rx=0x7f15500098a0 tx=0x7f1550009bb0 comp rx=0 tx=0).stop
2024-04-25T20:40:27.744 INFO:teuthology.orchestra.run.smithi045.stdout:/usr/bin/ceph: stderr
2024-04-25T20:40:26.853+0000 7f1565598700 1 -- 172.21.15.45:0/52396440 shutdown_connections
2024-04-25T20:40:27.744 INFO:teuthology.orchestra.run.smithi045.stdout:/usr/bin/ceph: stderr
2024-04-25T20:40:26.853+0000 7f1565598700 1 --2- 172.21.15.45:0/52396440 >> [v2:172.21.15.45:3300/0,v1:172.21.15.45:6789/0] conn(0x7f1560106e90 0x7f15601072b0 unknown :-1 s=CLOSED pgs=70 cs=0 l=1 rev1=1 crypto rx=0 tx=0 comp rx=0 tx=0).stop
2024-04-25T20:40:27.744 INFO:teuthology.orchestra.run.smithi045.stdout:/usr/bin/ceph: stderr
2024-04-25T20:40:26.853+0000 7f1565598700 1 -- 172.21.15.45:0/52396440 >> 172.21.15.45:0/52396440 conn(0x7f1560102a90 msgr2=0x7f1560104eb0 unknown :-1 s=STATE_NONE l=0).mark_down
2024-04-25T20:40:27.744 INFO:teuthology.orchestra.run.smithi045.stdout:/usr/bin/ceph: stderr
2024-04-25T20:40:26.853+0000 7f1565598700 1 -- 172.21.15.45:0/52396440 shutdown_connections
2024-04-25T20:40:27.744 INFO:teuthology.orchestra.run.smithi045.stdout:/usr/bin/ceph: stderr
2024-04-25T20:40:26.853+0000 7f1565598700 1 -- 172.21.15.45:0/52396440 wait complete.
2024-04-25T20:40:27.744 INFO:teuthology.orchestra.run.smithi045.stdout:/usr/bin/ceph: stderr
2024-04-25T20:40:26.854+0000 7f1565598700 1 Processor -- start
2024-04-25T20:40:27.744 INFO:teuthology.orchestra.run.smithi045.stdout:/usr/bin/ceph: stderr
2024-04-25T20:40:26.854+0000 7f1565598700 1 -- start start
2024-04-25T20:40:27.744 INFO:teuthology.orchestra.run.smithi045.stdout:/usr/bin/ceph: stderr
2024-04-25T20:40:26.854+0000 7f1565598700 1 --2- >> [v2:172.21.15.45:3300/0,v1:172.21.15.45:6789/0] conn(0x7f1560106e90 0x7f156019e620 unknown :-1 s=NONE pgs=0 cs=0 l=1 rev1=0 crypto rx=0 tx=0 comp rx=0 tx=0).connect
2024-04-25T20:40:27.745 INFO:teuthology.orchestra.run.smithi045.stdout:/usr/bin/ceph: stderr
2024-04-25T20:40:26.854+0000 7f1565598700 1 -- --> [v2:172.21.15.45:3300/0,v1:172.21.15.45:6789/0] -- mon_getmap magic: 0 -- 0x7f15601088c0 con 0x7f1560106e90
2024-04-25T20:40:27.745 INFO:teuthology.orchestra.run.smithi045.stdout:/usr/bin/ceph: stderr
2024-04-25T20:40:26.854+0000 7f155effd700 1 --2- >> [v2:172.21.15.45:3300/0,v1:172.21.15.45:6789/0] conn(0x7f1560106e90 0x7f156019e620 unknown :-1 s=BANNER_CONNECTING pgs=0 cs=0 l=1 rev1=0 crypto rx=0 tx=0 comp rx=0 tx=0)._handle_peer_banner_payload supported=3 required=0
2024-04-25T20:40:27.745 INFO:teuthology.orchestra.run.smithi045.stdout:/usr/bin/ceph: stderr
2024-04-25T20:40:26.854+0000 7f155effd700 1 --2- >> [v2:172.21.15.45:3300/0,v1:172.21.15.45:6789/0] conn(0x7f1560106e90 0x7f156019e620 unknown :-1 s=HELLO_CONNECTING pgs=0 cs=0 l=1 rev1=1 crypto rx=0 tx=0 comp rx=0 tx=0).handle_hello peer v2:172.21.15.45:3300/0 says I am v2:172.21.15.45:56406/0 (socket says 172.21.15.45:56406)
2024-04-25T20:40:27.745 INFO:teuthology.orchestra.run.smithi045.stdout:/usr/bin/ceph: stderr
2024-04-25T20:40:26.854+0000 7f155effd700 1 -- 172.21.15.45:0/2898240114 learned_addr learned my addr 172.21.15.45:0/2898240114 (peer_addr_for_me v2:172.21.15.45:0/0)
2024-04-25T20:40:27.745 INFO:teuthology.orchestra.run.smithi045.stdout:/usr/bin/ceph: stderr
2024-04-25T20:40:26.855+0000 7f155effd700 1 -- 172.21.15.45:0/2898240114 --> [v2:172.21.15.45:3300/0,v1:172.21.15.45:6789/0] -- mon_subscribe({config=0+,monmap=0+}) -- 0x7f156019eb60 con 0x7f1560106e90
2024-04-25T20:40:27.745 INFO:teuthology.orchestra.run.smithi045.stdout:/usr/bin/ceph: stderr
2024-04-25T20:40:26.855+0000 7f155effd700 1 --2- 172.21.15.45:0/2898240114 >> [v2:172.21.15.45:3300/0,v1:172.21.15.45:6789/0] conn(0x7f1560106e90 0x7f156019e620 secure :-1 s=READY pgs=71 cs=0 l=1 rev1=1 crypto rx=0x7f15500117b0 tx=0x7f1550003eb0 comp rx=0 tx=0).ready entity=mon.0 client_cookie=0 server_cookie=0 in_seq=0 out_seq=0
2024-04-25T20:40:27.745 INFO:teuthology.orchestra.run.smithi045.stdout:/usr/bin/ceph: stderr
2024-04-25T20:40:26.855+0000 7f1547fff700 1 -- 172.21.15.45:0/2898240114 <== mon.0 v2:172.21.15.45:3300/0 1 ==== mon_map magic: 0 ==== 205+0+0 (secure 0 0 0) 0x7f15500036a0 con 0x7f1560106e90
2024-04-25T20:40:27.745 INFO:teuthology.orchestra.run.smithi045.stdout:/usr/bin/ceph: stderr
2024-04-25T20:40:26.855+0000 7f1547fff700 1 -- 172.21.15.45:0/2898240114 <== mon.0 v2:172.21.15.45:3300/0 2 ==== config(27 keys) ==== 1135+0+0 (secure 0 0 0) 0x7f155001a430 con 0x7f1560106e90
2024-04-25T20:40:27.745 INFO:teuthology.orchestra.run.smithi045.stdout:/usr/bin/ceph: stderr
2024-04-25T20:40:26.855+0000 7f1565598700 1 -- 172.21.15.45:0/2898240114 --> [v2:172.21.15.45:3300/0,v1:172.21.15.45:6789/0] -- mon_subscribe({mgrmap=0+}) -- 0x7f156019edf0 con 0x7f1560106e90
2024-04-25T20:40:27.745 INFO:teuthology.orchestra.run.smithi045.stdout:/usr/bin/ceph: stderr
2024-04-25T20:40:26.855+0000 7f1547fff700 1 -- 172.21.15.45:0/2898240114 <== mon.0 v2:172.21.15.45:3300/0 3 ==== mon_map magic: 0 ==== 205+0+0 (secure 0 0 0) 0x7f1550019530 con 0x7f1560106e90
2024-04-25T20:40:27.745 INFO:teuthology.orchestra.run.smithi045.stdout:/usr/bin/ceph: stderr
2024-04-25T20:40:26.855+0000 7f1565598700 1 -- 172.21.15.45:0/2898240114 --> [v2:172.21.15.45:3300/0,v1:172.21.15.45:6789/0] -- mon_subscribe({osdmap=0}) -- 0x7f15601a1ae0 con 0x7f1560106e90
2024-04-25T20:40:27.745 INFO:teuthology.orchestra.run.smithi045.stdout:/usr/bin/ceph: stderr
2024-04-25T20:40:26.856+0000 7f1547fff700 1 -- 172.21.15.45:0/2898240114 <== mon.0 v2:172.21.15.45:3300/0 4 ==== mgrmap(e 11) ==== 46465+0+0 (secure 0 0 0) 0x7f15500197e0 con 0x7f1560106e90
2024-04-25T20:40:27.745 INFO:teuthology.orchestra.run.smithi045.stdout:/usr/bin/ceph: stderr
2024-04-25T20:40:26.856+0000 7f1565598700 1 -- 172.21.15.45:0/2898240114 --> [v2:172.21.15.45:3300/0,v1:172.21.15.45:6789/0] -- mon_command({"prefix": "get_command_descriptions"} v 0) -- 0x7f15600640a0 con 0x7f1560106e90
2024-04-25T20:40:27.746 INFO:teuthology.orchestra.run.smithi045.stdout:/usr/bin/ceph: stderr
2024-04-25T20:40:26.856+0000 7f1547fff700 1 --2- 172.21.15.45:0/2898240114 >> [v2:172.21.15.45:6800/3987888514,v1:172.21.15.45:6801/3987888514] conn(0x7f1548039540 0x7f154803ba00 unknown :-1 s=NONE pgs=0 cs=0 l=1 rev1=0 crypto rx=0 tx=0 comp rx=0 tx=0).connect
2024-04-25T20:40:27.746 INFO:teuthology.orchestra.run.smithi045.stdout:/usr/bin/ceph: stderr
2024-04-25T20:40:26.856+0000 7f1547fff700 1 -- 172.21.15.45:0/2898240114 <== mon.0 v2:172.21.15.45:3300/0 5 ==== osd_map(3..3 src has 1..3) ==== 1155+0+0 (secure 0 0 0) 0x7f155004d7f0 con 0x7f1560106e90
2024-04-25T20:40:27.746 INFO:teuthology.orchestra.run.smithi045.stdout:/usr/bin/ceph: stderr
2024-04-25T20:40:26.856+0000 7f155e7fc700 1 --2- 172.21.15.45:0/2898240114 >> [v2:172.21.15.45:6800/3987888514,v1:172.21.15.45:6801/3987888514] conn(0x7f1548039540 0x7f154803ba00 unknown :-1 s=BANNER_CONNECTING pgs=0 cs=0 l=1 rev1=0 crypto rx=0 tx=0 comp rx=0 tx=0)._handle_peer_banner_payload supported=3 required=0
2024-04-25T20:40:27.746 INFO:teuthology.orchestra.run.smithi045.stdout:/usr/bin/ceph: stderr
2024-04-25T20:40:26.857+0000 7f155e7fc700 1 --2- 172.21.15.45:0/2898240114 >> [v2:172.21.15.45:6800/3987888514,v1:172.21.15.45:6801/3987888514] conn(0x7f1548039540 0x7f154803ba00 secure :-1 s=READY pgs=7 cs=0 l=1 rev1=1 crypto rx=0x7f1554006fd0 tx=0x7f1554006e40 comp rx=0 tx=0).ready entity=mgr.14152 client_cookie=0 server_cookie=0 in_seq=0 out_seq=0
2024-04-25T20:40:27.746 INFO:teuthology.orchestra.run.smithi045.stdout:/usr/bin/ceph: stderr
2024-04-25T20:40:26.862+0000 7f1547fff700 1 -- 172.21.15.45:0/2898240114 <== mon.0 v2:172.21.15.45:3300/0 6 ==== mon_command_ack([{"prefix": "get_command_descriptions"}]=0 v0) ==== 72+0+188370 (secure 0 0 0) 0x7f155000ba30 con 0x7f1560106e90
2024-04-25T20:40:27.746 INFO:teuthology.orchestra.run.smithi045.stdout:/usr/bin/ceph: stderr
2024-04-25T20:40:27.078+0000 7f1565598700 1 -- 172.21.15.45:0/2898240114 --> [v2:172.21.15.45:6800/3987888514,v1:172.21.15.45:6801/3987888514] -- mgr_command(tid 0: {"prefix": "dashboard create-self-signed-cert", "target": ["mon-mgr", ""]}) -- 0x7f156002e240 con 0x7f1548039540
2024-04-25T20:40:27.746 INFO:teuthology.orchestra.run.smithi045.stdout:/usr/bin/ceph: stderr
2024-04-25T20:40:27.159+0000 7f1547fff700 1 -- 172.21.15.45:0/2898240114 <== mgr.14152 v2:172.21.15.45:6800/3987888514 1 ==== mgr_command_reply(tid 0: 0 ) ==== 8+0+32 (secure 0 0 0) 0x7f156002e240 con 0x7f1548039540
2024-04-25T20:40:27.746 INFO:teuthology.orchestra.run.smithi045.stdout:/usr/bin/ceph: stderr
2024-04-25T20:40:27.161+0000 7f1565598700 1 -- 172.21.15.45:0/2898240114 >> [v2:172.21.15.45:6800/3987888514,v1:172.21.15.45:6801/3987888514] conn(0x7f1548039540 msgr2=0x7f154803ba00 secure :-1 s=STATE_CONNECTION_ESTABLISHED l=1).mark_down
2024-04-25T20:40:27.746 INFO:teuthology.orchestra.run.smithi045.stdout:/usr/bin/ceph: stderr
2024-04-25T20:40:27.161+0000 7f1565598700 1 --2- 172.21.15.45:0/2898240114 >> [v2:172.21.15.45:6800/3987888514,v1:172.21.15.45:6801/3987888514] conn(0x7f1548039540 0x7f154803ba00 secure :-1 s=READY pgs=7 cs=0 l=1 rev1=1 crypto rx=0x7f1554006fd0 tx=0x7f1554006e40 comp rx=0 tx=0).stop
2024-04-25T20:40:27.747 INFO:teuthology.orchestra.run.smithi045.stdout:/usr/bin/ceph: stderr
2024-04-25T20:40:27.161+0000 7f1565598700 1 -- 172.21.15.45:0/2898240114 >> [v2:172.21.15.45:3300/0,v1:172.21.15.45:6789/0] conn(0x7f1560106e90 msgr2=0x7f156019e620 secure :-1 s=STATE_CONNECTION_ESTABLISHED l=1).mark_down
2024-04-25T20:40:27.747 INFO:teuthology.orchestra.run.smithi045.stdout:/usr/bin/ceph: stderr
2024-04-25T20:40:27.161+0000 7f1565598700 1 --2- 172.21.15.45:0/2898240114 >> [v2:172.21.15.45:3300/0,v1:172.21.15.45:6789/0] conn(0x7f1560106e90 0x7f156019e620 secure :-1 s=READY pgs=71 cs=0 l=1 rev1=1 crypto rx=0x7f15500117b0 tx=0x7f1550003eb0 comp rx=0 tx=0).stop
2024-04-25T20:40:27.747 INFO:teuthology.orchestra.run.smithi045.stdout:/usr/bin/ceph: stderr
2024-04-25T20:40:27.161+0000 7f1565598700 1 -- 172.21.15.45:0/2898240114 shutdown_connections
2024-04-25T20:40:27.747 INFO:teuthology.orchestra.run.smithi045.stdout:/usr/bin/ceph: stderr
2024-04-25T20:40:27.161+0000 7f1565598700 1 --2- 172.21.15.45:0/2898240114 >> [v2:172.21.15.45:6800/3987888514,v1:172.21.15.45:6801/3987888514] conn(0x7f1548039540 0x7f154803ba00 unknown :-1 s=CLOSED pgs=7 cs=0 l=1 rev1=1 crypto rx=0 tx=0 comp rx=0 tx=0).stop
2024-04-25T20:40:27.747 INFO:teuthology.orchestra.run.smithi045.stdout:/usr/bin/ceph: stderr
2024-04-25T20:40:27.161+0000 7f1565598700 1 --2- 172.21.15.45:0/2898240114 >> [v2:172.21.15.45:3300/0,v1:172.21.15.45:6789/0] conn(0x7f1560106e90 0x7f156019e620 unknown :-1 s=CLOSED pgs=71 cs=0 l=1 rev1=1 crypto rx=0 tx=0 comp rx=0 tx=0).stop
2024-04-25T20:40:27.747 INFO:teuthology.orchestra.run.smithi045.stdout:/usr/bin/ceph: stderr
2024-04-25T20:40:27.161+0000 7f1565598700 1 -- 172.21.15.45:0/2898240114 >> 172.21.15.45:0/2898240114 conn(0x7f1560102a90 msgr2=0x7f15601952b0 unknown :-1 s=STATE_NONE l=0).mark_down
2024-04-25T20:40:27.747 INFO:teuthology.orchestra.run.smithi045.stdout:/usr/bin/ceph: stderr
2024-04-25T20:40:27.162+0000 7f1565598700 1 -- 172.21.15.45:0/2898240114 shutdown_connections
2024-04-25T20:40:27.747 INFO:teuthology.orchestra.run.smithi045.stdout:/usr/bin/ceph: stderr
2024-04-25T20:40:27.162+0000 7f1565598700 1 -- 172.21.15.45:0/2898240114 wait complete.
2024-04-25T20:40:27.747 INFO:teuthology.orchestra.run.smithi045.stdout:Creating initial admin user...
2024-04-25T20:40:28.419 INFO:journalctl@ceph.mon.a.smithi045.stdout:Apr 25 20:40:28 smithi045 ceph-mon[29113]: from='client.14164 -' entity='client.admin' cmd=[{"prefix": "dashboard create-self-signed-cert", "target": ["mon-mgr", ""]}]: dispatch
2024-04-25T20:40:28.419 INFO:journalctl@ceph.mon.a.smithi045.stdout:Apr 25 20:40:28 smithi045 ceph-mon[29113]: from='mgr.14152 172.21.15.45:0/1415937222' entity='mgr.x'
2024-04-25T20:40:28.419 INFO:journalctl@ceph.mon.a.smithi045.stdout:Apr 25 20:40:28 smithi045 ceph-mon[29113]: from='mgr.14152 172.21.15.45:0/1415937222' entity='mgr.x'
2024-04-25T20:40:28.419 INFO:journalctl@ceph.mon.a.smithi045.stdout:Apr 25 20:40:28 smithi045 ceph-mon[29113]: mgrmap e12: x(active, since 2s)
2024-04-25T20:40:28.419 INFO:journalctl@ceph.mon.a.smithi045.stdout:Apr 25 20:40:28 smithi045 ceph-mon[29113]: from='mgr.14152 172.21.15.45:0/1415937222' entity='mgr.x'
2024-04-25T20:40:29.487 INFO:teuthology.orchestra.run.smithi045.stdout:/usr/bin/ceph: stdout {"username": "admin", "password": "$2b$12$RB4K8S9h3WQaPNdp.AWk/.uRszsCz3S3KtusKrNpDOVwAtdTYa5S.", "roles": ["administrator"], "name": null, "email": null, "lastUpdate": 1714077628, "enabled": true, "pwdExpirationDate": null, "pwdUpdateRequired": true}
2024-04-25T20:40:29.487 INFO:teuthology.orchestra.run.smithi045.stdout:/usr/bin/ceph: stderr
2024-04-25T20:40:28.171+0000 7fc0f5785700 1 Processor -- start
2024-04-25T20:40:29.487 INFO:teuthology.orchestra.run.smithi045.stdout:/usr/bin/ceph: stderr
2024-04-25T20:40:28.171+0000 7fc0f5785700 1 -- start start
2024-04-25T20:40:29.487 INFO:teuthology.orchestra.run.smithi045.stdout:/usr/bin/ceph: stderr
2024-04-25T20:40:28.171+0000 7fc0f5785700 1 --2- >> [v2:172.21.15.45:3300/0,v1:172.21.15.45:6789/0] conn(0x7fc0f0106880 0x7fc0f0106ca0 unknown :-1 s=NONE pgs=0 cs=0 l=0 rev1=0 crypto rx=0 tx=0 comp rx=0 tx=0).connect
2024-04-25T20:40:29.487 INFO:teuthology.orchestra.run.smithi045.stdout:/usr/bin/ceph: stderr
2024-04-25T20:40:28.171+0000 7fc0f5785700 1 -- --> [v2:172.21.15.45:3300/0,v1:172.21.15.45:6789/0] -- mon_getmap magic: 0 -- 0x7fc0f0107270 con 0x7fc0f0106880
2024-04-25T20:40:29.488 INFO:teuthology.orchestra.run.smithi045.stdout:/usr/bin/ceph: stderr
2024-04-25T20:40:28.172+0000 7fc0eeffd700 1 --2- >> [v2:172.21.15.45:3300/0,v1:172.21.15.45:6789/0] conn(0x7fc0f0106880 0x7fc0f0106ca0 unknown :-1 s=BANNER_CONNECTING pgs=0 cs=0 l=0 rev1=0 crypto rx=0 tx=0 comp rx=0 tx=0)._handle_peer_banner_payload supported=3 required=0
2024-04-25T20:40:29.488 INFO:teuthology.orchestra.run.smithi045.stdout:/usr/bin/ceph: stderr
2024-04-25T20:40:28.172+0000 7fc0eeffd700 1 --2- >> [v2:172.21.15.45:3300/0,v1:172.21.15.45:6789/0] conn(0x7fc0f0106880 0x7fc0f0106ca0 unknown :-1 s=HELLO_CONNECTING pgs=0 cs=0 l=0 rev1=1 crypto rx=0 tx=0 comp rx=0 tx=0).handle_hello peer v2:172.21.15.45:3300/0 says I am v2:172.21.15.45:56414/0 (socket says 172.21.15.45:56414)
2024-04-25T20:40:29.488 INFO:teuthology.orchestra.run.smithi045.stdout:/usr/bin/ceph: stderr
2024-04-25T20:40:28.172+0000 7fc0eeffd700 1 -- 172.21.15.45:0/2035243706 learned_addr learned my addr 172.21.15.45:0/2035243706 (peer_addr_for_me v2:172.21.15.45:0/0)
2024-04-25T20:40:29.488 INFO:teuthology.orchestra.run.smithi045.stdout:/usr/bin/ceph: stderr
2024-04-25T20:40:28.172+0000 7fc0eeffd700 1 -- 172.21.15.45:0/2035243706 --> [v2:172.21.15.45:3300/0,v1:172.21.15.45:6789/0] -- mon_subscribe({config=0+,monmap=0+}) -- 0x7fc0f0109810 con 0x7fc0f0106880
2024-04-25T20:40:29.488 INFO:teuthology.orchestra.run.smithi045.stdout:/usr/bin/ceph: stderr
2024-04-25T20:40:28.172+0000 7fc0eeffd700 1 --2- 172.21.15.45:0/2035243706 >> [v2:172.21.15.45:3300/0,v1:172.21.15.45:6789/0] conn(0x7fc0f0106880 0x7fc0f0106ca0 secure :-1 s=READY pgs=72 cs=0 l=1 rev1=1 crypto rx=0x7fc0e00098a0 tx=0x7fc0e0009bb0 comp rx=0 tx=0).ready entity=mon.0 client_cookie=82ac2cee60c51860 server_cookie=0 in_seq=0 out_seq=0
2024-04-25T20:40:29.488 INFO:teuthology.orchestra.run.smithi045.stdout:/usr/bin/ceph: stderr
2024-04-25T20:40:28.172+0000 7fc0edffb700 1 -- 172.21.15.45:0/2035243706 <== mon.0 v2:172.21.15.45:3300/0 1 ==== mon_map magic: 0 ==== 205+0+0 (secure 0 0 0) 0x7fc0e0004160 con 0x7fc0f0106880
2024-04-25T20:40:29.488 INFO:teuthology.orchestra.run.smithi045.stdout:/usr/bin/ceph: stderr
2024-04-25T20:40:28.172+0000 7fc0edffb700 1 -- 172.21.15.45:0/2035243706 <== mon.0 v2:172.21.15.45:3300/0 2 ==== config(27 keys) ==== 1135+0+0 (secure 0 0 0) 0x7fc0e0004300 con 0x7fc0f0106880
2024-04-25T20:40:29.488 INFO:teuthology.orchestra.run.smithi045.stdout:/usr/bin/ceph: stderr
2024-04-25T20:40:28.172+0000 7fc0edffb700 1 -- 172.21.15.45:0/2035243706 <== mon.0 v2:172.21.15.45:3300/0 3 ==== mon_map magic: 0 ==== 205+0+0 (secure 0 0 0) 0x7fc0e0011af0 con 0x7fc0f0106880
2024-04-25T20:40:29.488 INFO:teuthology.orchestra.run.smithi045.stdout:/usr/bin/ceph: stderr
2024-04-25T20:40:28.173+0000 7fc0f5785700 1 -- 172.21.15.45:0/2035243706 >> [v2:172.21.15.45:3300/0,v1:172.21.15.45:6789/0] conn(0x7fc0f0106880 msgr2=0x7fc0f0106ca0 secure :-1 s=STATE_CONNECTION_ESTABLISHED l=1).mark_down
2024-04-25T20:40:29.488 INFO:teuthology.orchestra.run.smithi045.stdout:/usr/bin/ceph: stderr
2024-04-25T20:40:28.173+0000 7fc0f5785700 1 --2- 172.21.15.45:0/2035243706 >> [v2:172.21.15.45:3300/0,v1:172.21.15.45:6789/0] conn(0x7fc0f0106880 0x7fc0f0106ca0 secure :-1 s=READY pgs=72 cs=0 l=1 rev1=1 crypto rx=0x7fc0e00098a0 tx=0x7fc0e0009bb0 comp rx=0 tx=0).stop
2024-04-25T20:40:29.488 INFO:teuthology.orchestra.run.smithi045.stdout:/usr/bin/ceph: stderr
2024-04-25T20:40:28.173+0000 7fc0f5785700 1 -- 172.21.15.45:0/2035243706 shutdown_connections
2024-04-25T20:40:29.489 INFO:teuthology.orchestra.run.smithi045.stdout:/usr/bin/ceph: stderr
2024-04-25T20:40:28.173+0000 7fc0f5785700 1 --2- 172.21.15.45:0/2035243706 >> [v2:172.21.15.45:3300/0,v1:172.21.15.45:6789/0] conn(0x7fc0f0106880 0x7fc0f0106ca0 unknown :-1 s=CLOSED pgs=72 cs=0 l=1 rev1=1 crypto rx=0 tx=0 comp rx=0 tx=0).stop
2024-04-25T20:40:29.489 INFO:teuthology.orchestra.run.smithi045.stdout:/usr/bin/ceph: stderr
2024-04-25T20:40:28.173+0000 7fc0f5785700 1 -- 172.21.15.45:0/2035243706 >> 172.21.15.45:0/2035243706 conn(0x7fc0f01021b0 msgr2=0x7fc0f01045f0 unknown :-1 s=STATE_NONE l=0).mark_down
2024-04-25T20:40:29.489 INFO:teuthology.orchestra.run.smithi045.stdout:/usr/bin/ceph: stderr
2024-04-25T20:40:28.173+0000 7fc0f5785700 1 -- 172.21.15.45:0/2035243706 shutdown_connections
2024-04-25T20:40:29.489 INFO:teuthology.orchestra.run.smithi045.stdout:/usr/bin/ceph: stderr
2024-04-25T20:40:28.173+0000 7fc0f5785700 1 -- 172.21.15.45:0/2035243706 wait complete.
2024-04-25T20:40:29.489 INFO:teuthology.orchestra.run.smithi045.stdout:/usr/bin/ceph: stderr
2024-04-25T20:40:28.174+0000 7fc0f5785700 1 Processor -- start
2024-04-25T20:40:29.489 INFO:teuthology.orchestra.run.smithi045.stdout:/usr/bin/ceph: stderr
2024-04-25T20:40:28.174+0000 7fc0f5785700 1 -- start start
2024-04-25T20:40:29.489 INFO:teuthology.orchestra.run.smithi045.stdout:/usr/bin/ceph: stderr
2024-04-25T20:40:28.174+0000 7fc0f5785700 1 --2- >> [v2:172.21.15.45:3300/0,v1:172.21.15.45:6789/0] conn(0x7fc0f0106880 0x7fc0f019c460 unknown :-1 s=NONE pgs=0 cs=0 l=1 rev1=0 crypto rx=0 tx=0 comp rx=0 tx=0).connect
2024-04-25T20:40:29.489 INFO:teuthology.orchestra.run.smithi045.stdout:/usr/bin/ceph: stderr
2024-04-25T20:40:28.174+0000 7fc0f5785700 1 -- --> [v2:172.21.15.45:3300/0,v1:172.21.15.45:6789/0] -- mon_getmap magic: 0 -- 0x7fc0f010cbc0 con 0x7fc0f0106880
2024-04-25T20:40:29.489 INFO:teuthology.orchestra.run.smithi045.stdout:/usr/bin/ceph: stderr
2024-04-25T20:40:28.174+0000 7fc0eeffd700 1 --2- >> [v2:172.21.15.45:3300/0,v1:172.21.15.45:6789/0] conn(0x7fc0f0106880 0x7fc0f019c460 unknown :-1 s=BANNER_CONNECTING pgs=0 cs=0 l=1 rev1=0 crypto rx=0 tx=0 comp rx=0 tx=0)._handle_peer_banner_payload supported=3 required=0
2024-04-25T20:40:29.489 INFO:teuthology.orchestra.run.smithi045.stdout:/usr/bin/ceph: stderr
2024-04-25T20:40:28.174+0000 7fc0eeffd700 1 --2- >> [v2:172.21.15.45:3300/0,v1:172.21.15.45:6789/0] conn(0x7fc0f0106880 0x7fc0f019c460 unknown :-1 s=HELLO_CONNECTING pgs=0 cs=0 l=1 rev1=1 crypto rx=0 tx=0 comp rx=0 tx=0).handle_hello peer v2:172.21.15.45:3300/0 says I am v2:172.21.15.45:56430/0 (socket says 172.21.15.45:56430)
2024-04-25T20:40:29.489 INFO:teuthology.orchestra.run.smithi045.stdout:/usr/bin/ceph: stderr
