2024-04-25T20:43:52.153 INFO:teuthology.orchestra.run.smithi033.stdout:/usr/bin/ceph: stderr
2024-04-25T20:43:51.497+0000 7f58a993a700 1 -- 172.21.15.33:0/4196481760 shutdown_connections
2024-04-25T20:43:52.153 INFO:teuthology.orchestra.run.smithi033.stdout:/usr/bin/ceph: stderr
2024-04-25T20:43:51.498+0000 7f58a993a700 1 --2- 172.21.15.33:0/4196481760 >> [v2:172.21.15.33:6800/391693404,v1:172.21.15.33:6801/391693404] conn(0x7f588c039540 0x7f588c03ba00 unknown :-1 s=CLOSED pgs=7 cs=0 l=1 rev1=1 crypto rx=0 tx=0 comp rx=0 tx=0).stop
2024-04-25T20:43:52.153 INFO:teuthology.orchestra.run.smithi033.stdout:/usr/bin/ceph: stderr
2024-04-25T20:43:51.498+0000 7f58a993a700 1 --2- 172.21.15.33:0/4196481760 >> [v2:172.21.15.33:3300/0,v1:172.21.15.33:6789/0] conn(0x7f58a4109070 0x7f58a419c400 unknown :-1 s=CLOSED pgs=67 cs=0 l=1 rev1=1 crypto rx=0 tx=0 comp rx=0 tx=0).stop
2024-04-25T20:43:52.153 INFO:teuthology.orchestra.run.smithi033.stdout:/usr/bin/ceph: stderr
2024-04-25T20:43:51.498+0000 7f58a993a700 1 -- 172.21.15.33:0/4196481760 >> 172.21.15.33:0/4196481760 conn(0x7f58a4102ac0 msgr2=0x7f58a4103490 unknown :-1 s=STATE_NONE l=0).mark_down
2024-04-25T20:43:52.153 INFO:teuthology.orchestra.run.smithi033.stdout:/usr/bin/ceph: stderr
2024-04-25T20:43:51.498+0000 7f58a993a700 1 -- 172.21.15.33:0/4196481760 shutdown_connections
2024-04-25T20:43:52.153 INFO:teuthology.orchestra.run.smithi033.stdout:/usr/bin/ceph: stderr
2024-04-25T20:43:51.498+0000 7f58a993a700 1 -- 172.21.15.33:0/4196481760 wait complete.
2024-04-25T20:43:52.153 INFO:teuthology.orchestra.run.smithi033.stdout:Creating initial admin user...
2024-04-25T20:43:52.544 INFO:journalctl@ceph.mon.a.smithi033.stdout:Apr 25 20:43:52 smithi033 ceph-mon[29122]: from='client.14160 -' entity='client.admin' cmd=[{"prefix": "dashboard create-self-signed-cert", "target": ["mon-mgr", ""]}]: dispatch
2024-04-25T20:43:52.544 INFO:journalctl@ceph.mon.a.smithi033.stdout:Apr 25 20:43:52 smithi033 ceph-mon[29122]: mgrmap e12: x(active, since 2s)
2024-04-25T20:43:52.544 INFO:journalctl@ceph.mon.a.smithi033.stdout:Apr 25 20:43:52 smithi033 ceph-mon[29122]: from='mgr.14148 172.21.15.33:0/1243600276' entity='mgr.x'
2024-04-25T20:43:52.544 INFO:journalctl@ceph.mon.a.smithi033.stdout:Apr 25 20:43:52 smithi033 ceph-mon[29122]: from='mgr.14148 172.21.15.33:0/1243600276' entity='mgr.x'
2024-04-25T20:43:52.544 INFO:journalctl@ceph.mon.a.smithi033.stdout:Apr 25 20:43:52 smithi033 ceph-mon[29122]: from='mgr.14148 172.21.15.33:0/1243600276' entity='mgr.x'
2024-04-25T20:43:53.786 INFO:teuthology.orchestra.run.smithi033.stdout:/usr/bin/ceph: stdout {"username": "admin", "password": "$2b$12$hw2lKE5jKoxkENlegwfn2.0ppR8Fv/83Ll5nNhpO1na8wzmzMEPsO", "roles": ["administrator"], "name": null, "email": null, "lastUpdate": 1714077833, "enabled": true, "pwdExpirationDate": null, "pwdUpdateRequired": true}
2024-04-25T20:43:53.786 INFO:teuthology.orchestra.run.smithi033.stdout:/usr/bin/ceph: stderr
2024-04-25T20:43:52.543+0000 7f1bd9ea7700 1 Processor -- start
2024-04-25T20:43:53.786 INFO:teuthology.orchestra.run.smithi033.stdout:/usr/bin/ceph: stderr
2024-04-25T20:43:52.543+0000 7f1bd9ea7700 1 -- start start
2024-04-25T20:43:53.786 INFO:teuthology.orchestra.run.smithi033.stdout:/usr/bin/ceph: stderr
2024-04-25T20:43:52.543+0000 7f1bd9ea7700 1 --2- >> [v2:172.21.15.33:3300/0,v1:172.21.15.33:6789/0] conn(0x7f1bd4107510 0x7f1bd4107930 unknown :-1 s=NONE pgs=0 cs=0 l=0 rev1=0 crypto rx=0 tx=0 comp rx=0 tx=0).connect
2024-04-25T20:43:53.786 INFO:teuthology.orchestra.run.smithi033.stdout:/usr/bin/ceph: stderr
2024-04-25T20:43:52.543+0000 7f1bd9ea7700 1 -- --> [v2:172.21.15.33:3300/0,v1:172.21.15.33:6789/0] -- mon_getmap magic: 0 -- 0x7f1bd4107f00 con 0x7f1bd4107510
2024-04-25T20:43:53.786 INFO:teuthology.orchestra.run.smithi033.stdout:/usr/bin/ceph: stderr
2024-04-25T20:43:52.543+0000 7f1bd37fe700 1 --2- >> [v2:172.21.15.33:3300/0,v1:172.21.15.33:6789/0] conn(0x7f1bd4107510 0x7f1bd4107930 unknown :-1 s=BANNER_CONNECTING pgs=0 cs=0 l=0 rev1=0 crypto rx=0 tx=0 comp rx=0 tx=0)._handle_peer_banner_payload supported=3 required=0
2024-04-25T20:43:53.786 INFO:teuthology.orchestra.run.smithi033.stdout:/usr/bin/ceph: stderr
2024-04-25T20:43:52.543+0000 7f1bd37fe700 1 --2- >> [v2:172.21.15.33:3300/0,v1:172.21.15.33:6789/0] conn(0x7f1bd4107510 0x7f1bd4107930 unknown :-1 s=HELLO_CONNECTING pgs=0 cs=0 l=0 rev1=1 crypto rx=0 tx=0 comp rx=0 tx=0).handle_hello peer v2:172.21.15.33:3300/0 says I am v2:172.21.15.33:39792/0 (socket says 172.21.15.33:39792)
2024-04-25T20:43:53.786 INFO:teuthology.orchestra.run.smithi033.stdout:/usr/bin/ceph: stderr
2024-04-25T20:43:52.543+0000 7f1bd37fe700 1 -- 172.21.15.33:0/879883225 learned_addr learned my addr 172.21.15.33:0/879883225 (peer_addr_for_me v2:172.21.15.33:0/0)
2024-04-25T20:43:53.786 INFO:teuthology.orchestra.run.smithi033.stdout:/usr/bin/ceph: stderr
2024-04-25T20:43:52.544+0000 7f1bd37fe700 1 -- 172.21.15.33:0/879883225 --> [v2:172.21.15.33:3300/0,v1:172.21.15.33:6789/0] -- mon_subscribe({config=0+,monmap=0+}) -- 0x7f1bd4108710 con 0x7f1bd4107510
2024-04-25T20:43:53.786 INFO:teuthology.orchestra.run.smithi033.stdout:/usr/bin/ceph: stderr
2024-04-25T20:43:52.544+0000 7f1bd37fe700 1 --2- 172.21.15.33:0/879883225 >> [v2:172.21.15.33:3300/0,v1:172.21.15.33:6789/0] conn(0x7f1bd4107510 0x7f1bd4107930 secure :-1 s=READY pgs=68 cs=0 l=1 rev1=1 crypto rx=0x7f1bc40098a0 tx=0x7f1bc4009bb0 comp rx=0 tx=0).ready entity=mon.0 client_cookie=f8c095e4f463547d server_cookie=0 in_seq=0 out_seq=0
2024-04-25T20:43:53.786 INFO:teuthology.orchestra.run.smithi033.stdout:/usr/bin/ceph: stderr
2024-04-25T20:43:52.544+0000 7f1bd27fc700 1 -- 172.21.15.33:0/879883225 <== mon.0 v2:172.21.15.33:3300/0 1 ==== mon_map magic: 0 ==== 205+0+0 (secure 0 0 0) 0x7f1bc4004160 con 0x7f1bd4107510
2024-04-25T20:43:53.787 INFO:teuthology.orchestra.run.smithi033.stdout:/usr/bin/ceph: stderr
2024-04-25T20:43:52.544+0000 7f1bd27fc700 1 -- 172.21.15.33:0/879883225 <== mon.0 v2:172.21.15.33:3300/0 2 ==== config(27 keys) ==== 1135+0+0 (secure 0 0 0) 0x7f1bc4004300 con 0x7f1bd4107510
2024-04-25T20:43:53.787 INFO:teuthology.orchestra.run.smithi033.stdout:/usr/bin/ceph: stderr
2024-04-25T20:43:52.544+0000 7f1bd27fc700 1 -- 172.21.15.33:0/879883225 <== mon.0 v2:172.21.15.33:3300/0 3 ==== mon_map magic: 0 ==== 205+0+0 (secure 0 0 0) 0x7f1bc4011af0 con 0x7f1bd4107510
2024-04-25T20:43:53.787 INFO:teuthology.orchestra.run.smithi033.stdout:/usr/bin/ceph: stderr
2024-04-25T20:43:52.545+0000 7f1bd9ea7700 1 -- 172.21.15.33:0/879883225 >> [v2:172.21.15.33:3300/0,v1:172.21.15.33:6789/0] conn(0x7f1bd4107510 msgr2=0x7f1bd4107930 secure :-1 s=STATE_CONNECTION_ESTABLISHED l=1).mark_down
2024-04-25T20:43:53.787 INFO:teuthology.orchestra.run.smithi033.stdout:/usr/bin/ceph: stderr
2024-04-25T20:43:52.545+0000 7f1bd9ea7700 1 --2- 172.21.15.33:0/879883225 >> [v2:172.21.15.33:3300/0,v1:172.21.15.33:6789/0] conn(0x7f1bd4107510 0x7f1bd4107930 secure :-1 s=READY pgs=68 cs=0 l=1 rev1=1 crypto rx=0x7f1bc40098a0 tx=0x7f1bc4009bb0 comp rx=0 tx=0).stop
2024-04-25T20:43:53.787 INFO:teuthology.orchestra.run.smithi033.stdout:/usr/bin/ceph: stderr
2024-04-25T20:43:52.545+0000 7f1bd9ea7700 1 -- 172.21.15.33:0/879883225 shutdown_connections
2024-04-25T20:43:53.787 INFO:teuthology.orchestra.run.smithi033.stdout:/usr/bin/ceph: stderr
2024-04-25T20:43:52.545+0000 7f1bd9ea7700 1 --2- 172.21.15.33:0/879883225 >> [v2:172.21.15.33:3300/0,v1:172.21.15.33:6789/0] conn(0x7f1bd4107510 0x7f1bd4107930 unknown :-1 s=CLOSED pgs=68 cs=0 l=1 rev1=1 crypto rx=0 tx=0 comp rx=0 tx=0).stop
2024-04-25T20:43:53.787 INFO:teuthology.orchestra.run.smithi033.stdout:/usr/bin/ceph: stderr
2024-04-25T20:43:52.545+0000 7f1bd9ea7700 1 -- 172.21.15.33:0/879883225 >> 172.21.15.33:0/879883225 conn(0x7f1bd4102ad0 msgr2=0x7f1bd4104ef0 unknown :-1 s=STATE_NONE l=0).mark_down
2024-04-25T20:43:53.787 INFO:teuthology.orchestra.run.smithi033.stdout:/usr/bin/ceph: stderr
2024-04-25T20:43:52.545+0000 7f1bd9ea7700 1 -- 172.21.15.33:0/879883225 shutdown_connections
2024-04-25T20:43:53.787 INFO:teuthology.orchestra.run.smithi033.stdout:/usr/bin/ceph: stderr
2024-04-25T20:43:52.545+0000 7f1bd9ea7700 1 -- 172.21.15.33:0/879883225 wait complete.
2024-04-25T20:43:53.787 INFO:teuthology.orchestra.run.smithi033.stdout:/usr/bin/ceph: stderr
2024-04-25T20:43:52.546+0000 7f1bd9ea7700 1 Processor -- start
2024-04-25T20:43:53.787 INFO:teuthology.orchestra.run.smithi033.stdout:/usr/bin/ceph: stderr
2024-04-25T20:43:52.546+0000 7f1bd9ea7700 1 -- start start
2024-04-25T20:43:53.787 INFO:teuthology.orchestra.run.smithi033.stdout:/usr/bin/ceph: stderr
2024-04-25T20:43:52.546+0000 7f1bd9ea7700 1 --2- >> [v2:172.21.15.33:3300/0,v1:172.21.15.33:6789/0] conn(0x7f1bd4107510 0x7f1bd419e670 unknown :-1 s=NONE pgs=0 cs=0 l=1 rev1=0 crypto rx=0 tx=0 comp rx=0 tx=0).connect
2024-04-25T20:43:53.787 INFO:teuthology.orchestra.run.smithi033.stdout:/usr/bin/ceph: stderr
2024-04-25T20:43:52.546+0000 7f1bd9ea7700 1 -- --> [v2:172.21.15.33:3300/0,v1:172.21.15.33:6789/0] -- mon_getmap magic: 0 -- 0x7f1bd407b140 con 0x7f1bd4107510
2024-04-25T20:43:53.787 INFO:teuthology.orchestra.run.smithi033.stdout:/usr/bin/ceph: stderr
2024-04-25T20:43:52.547+0000 7f1bd37fe700 1 --2- >> [v2:172.21.15.33:3300/0,v1:172.21.15.33:6789/0] conn(0x7f1bd4107510 0x7f1bd419e670 unknown :-1 s=BANNER_CONNECTING pgs=0 cs=0 l=1 rev1=0 crypto rx=0 tx=0 comp rx=0 tx=0)._handle_peer_banner_payload supported=3 required=0
2024-04-25T20:43:53.788 INFO:teuthology.orchestra.run.smithi033.stdout:/usr/bin/ceph: stderr
2024-04-25T20:43:52.547+0000 7f1bd37fe700 1 --2- >> [v2:172.21.15.33:3300/0,v1:172.21.15.33:6789/0] conn(0x7f1bd4107510 0x7f1bd419e670 unknown :-1 s=HELLO_CONNECTING pgs=0 cs=0 l=1 rev1=1 crypto rx=0 tx=0 comp rx=0 tx=0).handle_hello peer v2:172.21.15.33:3300/0 says I am v2:172.21.15.33:39796/0 (socket says 172.21.15.33:39796)
2024-04-25T20:43:53.788 INFO:teuthology.orchestra.run.smithi033.stdout:/usr/bin/ceph: stderr
2024-04-25T20:43:52.547+0000 7f1bd37fe700 1 -- 172.21.15.33:0/1926852747 learned_addr learned my addr 172.21.15.33:0/1926852747 (peer_addr_for_me v2:172.21.15.33:0/0)
2024-04-25T20:43:53.788 INFO:teuthology.orchestra.run.smithi033.stdout:/usr/bin/ceph: stderr
2024-04-25T20:43:52.547+0000 7f1bd37fe700 1 -- 172.21.15.33:0/1926852747 --> [v2:172.21.15.33:3300/0,v1:172.21.15.33:6789/0] -- mon_subscribe({config=0+,monmap=0+}) -- 0x7f1bd419ebb0 con 0x7f1bd4107510
2024-04-25T20:43:53.788 INFO:teuthology.orchestra.run.smithi033.stdout:/usr/bin/ceph: stderr
2024-04-25T20:43:52.547+0000 7f1bd37fe700 1 --2- 172.21.15.33:0/1926852747 >> [v2:172.21.15.33:3300/0,v1:172.21.15.33:6789/0] conn(0x7f1bd4107510 0x7f1bd419e670 secure :-1 s=READY pgs=69 cs=0 l=1 rev1=1 crypto rx=0x7f1bc4003f90 tx=0x7f1bc4011b70 comp rx=0 tx=0).ready entity=mon.0 client_cookie=0 server_cookie=0 in_seq=0 out_seq=0
2024-04-25T20:43:53.788 INFO:teuthology.orchestra.run.smithi033.stdout:/usr/bin/ceph: stderr
2024-04-25T20:43:52.547+0000 7f1bd0ff9700 1 -- 172.21.15.33:0/1926852747 <== mon.0 v2:172.21.15.33:3300/0 1 ==== mon_map magic: 0 ==== 205+0+0 (secure 0 0 0) 0x7f1bc40039e0 con 0x7f1bd4107510
2024-04-25T20:43:53.788 INFO:teuthology.orchestra.run.smithi033.stdout:/usr/bin/ceph: stderr
2024-04-25T20:43:52.547+0000 7f1bd9ea7700 1 -- 172.21.15.33:0/1926852747 --> [v2:172.21.15.33:3300/0,v1:172.21.15.33:6789/0] -- mon_subscribe({mgrmap=0+}) -- 0x7f1bd419ee40 con 0x7f1bd4107510
2024-04-25T20:43:53.788 INFO:teuthology.orchestra.run.smithi033.stdout:/usr/bin/ceph: stderr
2024-04-25T20:43:52.547+0000 7f1bd9ea7700 1 -- 172.21.15.33:0/1926852747 --> [v2:172.21.15.33:3300/0,v1:172.21.15.33:6789/0] -- mon_subscribe({osdmap=0}) -- 0x7f1bd41a1b30 con 0x7f1bd4107510
2024-04-25T20:43:53.788 INFO:teuthology.orchestra.run.smithi033.stdout:/usr/bin/ceph: stderr
2024-04-25T20:43:52.547+0000 7f1bd0ff9700 1 -- 172.21.15.33:0/1926852747 <== mon.0 v2:172.21.15.33:3300/0 2 ==== config(27 keys) ==== 1135+0+0 (secure 0 0 0) 0x7f1bc4003b80 con 0x7f1bd4107510
2024-04-25T20:43:53.788 INFO:teuthology.orchestra.run.smithi033.stdout:/usr/bin/ceph: stderr
2024-04-25T20:43:52.548+0000 7f1bd0ff9700 1 -- 172.21.15.33:0/1926852747 <== mon.0 v2:172.21.15.33:3300/0 3 ==== mon_map magic: 0 ==== 205+0+0 (secure 0 0 0) 0x7f1bc40196e0 con 0x7f1bd4107510
2024-04-25T20:43:53.788 INFO:teuthology.orchestra.run.smithi033.stdout:/usr/bin/ceph: stderr
2024-04-25T20:43:52.548+0000 7f1bd0ff9700 1 -- 172.21.15.33:0/1926852747 <== mon.0 v2:172.21.15.33:3300/0 4 ==== mgrmap(e 12) ==== 46571+0+0 (secure 0 0 0) 0x7f1bc4022020 con 0x7f1bd4107510
2024-04-25T20:43:53.788 INFO:teuthology.orchestra.run.smithi033.stdout:/usr/bin/ceph: stderr
2024-04-25T20:43:52.549+0000 7f1bd9ea7700 1 -- 172.21.15.33:0/1926852747 --> [v2:172.21.15.33:3300/0,v1:172.21.15.33:6789/0] -- mon_command({"prefix": "get_command_descriptions"} v 0) -- 0x7f1bc0005360 con 0x7f1bd4107510
2024-04-25T20:43:53.788 INFO:teuthology.orchestra.run.smithi033.stdout:/usr/bin/ceph: stderr
2024-04-25T20:43:52.549+0000 7f1bd0ff9700 1 --2- 172.21.15.33:0/1926852747 >> [v2:172.21.15.33:6800/391693404,v1:172.21.15.33:6801/391693404] conn(0x7f1bbc039720 0x7f1bbc03bbe0 unknown :-1 s=NONE pgs=0 cs=0 l=1 rev1=0 crypto rx=0 tx=0 comp rx=0 tx=0).connect
2024-04-25T20:43:53.788 INFO:teuthology.orchestra.run.smithi033.stdout:/usr/bin/ceph: stderr
2024-04-25T20:43:52.549+0000 7f1bd0ff9700 1 -- 172.21.15.33:0/1926852747 <== mon.0 v2:172.21.15.33:3300/0 5 ==== osd_map(3..3 src has 1..3) ==== 1155+0+0 (secure 0 0 0) 0x7f1bc404d920 con 0x7f1bd4107510
2024-04-25T20:43:53.788 INFO:teuthology.orchestra.run.smithi033.stdout:/usr/bin/ceph: stderr
2024-04-25T20:43:52.549+0000 7f1bd2ffd700 1 --2- 172.21.15.33:0/1926852747 >> [v2:172.21.15.33:6800/391693404,v1:172.21.15.33:6801/391693404] conn(0x7f1bbc039720 0x7f1bbc03bbe0 unknown :-1 s=BANNER_CONNECTING pgs=0 cs=0 l=1 rev1=0 crypto rx=0 tx=0 comp rx=0 tx=0)._handle_peer_banner_payload supported=3 required=0
2024-04-25T20:43:53.789 INFO:teuthology.orchestra.run.smithi033.stdout:/usr/bin/ceph: stderr
2024-04-25T20:43:52.550+0000 7f1bd2ffd700 1 --2- 172.21.15.33:0/1926852747 >> [v2:172.21.15.33:6800/391693404,v1:172.21.15.33:6801/391693404] conn(0x7f1bbc039720 0x7f1bbc03bbe0 secure :-1 s=READY pgs=8 cs=0 l=1 rev1=1 crypto rx=0x7f1bc8006fd0 tx=0x7f1bc8006e40 comp rx=0 tx=0).ready entity=mgr.14148 client_cookie=0 server_cookie=0 in_seq=0 out_seq=0
2024-04-25T20:43:53.789 INFO:teuthology.orchestra.run.smithi033.stdout:/usr/bin/ceph: stderr
2024-04-25T20:43:52.555+0000 7f1bd0ff9700 1 -- 172.21.15.33:0/1926852747 <== mon.0 v2:172.21.15.33:3300/0 6 ==== mon_command_ack([{"prefix": "get_command_descriptions"}]=0 v0) ==== 72+0+188370 (secure 0 0 0) 0x7f1bc4020e80 con 0x7f1bd4107510
2024-04-25T20:43:53.789 INFO:teuthology.orchestra.run.smithi033.stdout:/usr/bin/ceph: stderr
2024-04-25T20:43:52.781+0000 7f1bd9ea7700 1 -- 172.21.15.33:0/1926852747 --> [v2:172.21.15.33:6800/391693404,v1:172.21.15.33:6801/391693404] -- mgr_command(tid 0: {"prefix": "dashboard ac-user-create", "username": "admin", "rolename": "administrator", "force_password": true, "pwd_update_required": true, "target": ["mon-mgr", ""]}) -- 0x7f1bc0002430 con 0x7f1bbc039720
2024-04-25T20:43:53.789 INFO:teuthology.orchestra.run.smithi033.stdout:/usr/bin/ceph: stderr
2024-04-25T20:43:53.027+0000 7f1bd0ff9700 1 -- 172.21.15.33:0/1926852747 <== mgr.14148 v2:172.21.15.33:6800/391693404 1 ==== mgr_command_reply(tid 0: 0 ) ==== 8+0+252 (secure 0 0 0) 0x7f1bc0002430 con 0x7f1bbc039720
2024-04-25T20:43:53.789 INFO:teuthology.orchestra.run.smithi033.stdout:/usr/bin/ceph: stderr
2024-04-25T20:43:53.030+0000 7f1bd9ea7700 1 -- 172.21.15.33:0/1926852747 >> [v2:172.21.15.33:6800/391693404,v1:172.21.15.33:6801/391693404] conn(0x7f1bbc039720 msgr2=0x7f1bbc03bbe0 secure :-1 s=STATE_CONNECTION_ESTABLISHED l=1).mark_down
2024-04-25T20:43:53.789 INFO:teuthology.orchestra.run.smithi033.stdout:/usr/bin/ceph: stderr
2024-04-25T20:43:53.030+0000 7f1bd9ea7700 1 --2- 172.21.15.33:0/1926852747 >> [v2:172.21.15.33:6800/391693404,v1:172.21.15.33:6801/391693404] conn(0x7f1bbc039720 0x7f1bbc03bbe0 secure :-1 s=READY pgs=8 cs=0 l=1 rev1=1 crypto rx=0x7f1bc8006fd0 tx=0x7f1bc8006e40 comp rx=0 tx=0).stop
2024-04-25T20:43:53.789 INFO:teuthology.orchestra.run.smithi033.stdout:/usr/bin/ceph: stderr
2024-04-25T20:43:53.030+0000 7f1bd9ea7700 1 -- 172.21.15.33:0/1926852747 >> [v2:172.21.15.33:3300/0,v1:172.21.15.33:6789/0] conn(0x7f1bd4107510 msgr2=0x7f1bd419e670 secure :-1 s=STATE_CONNECTION_ESTABLISHED l=1).mark_down
2024-04-25T20:43:53.789 INFO:teuthology.orchestra.run.smithi033.stdout:/usr/bin/ceph: stderr
2024-04-25T20:43:53.030+0000 7f1bd9ea7700 1 --2- 172.21.15.33:0/1926852747 >> [v2:172.21.15.33:3300/0,v1:172.21.15.33:6789/0] conn(0x7f1bd4107510 0x7f1bd419e670 secure :-1 s=READY pgs=69 cs=0 l=1 rev1=1 crypto rx=0x7f1bc4003f90 tx=0x7f1bc4011b70 comp rx=0 tx=0).stop
2024-04-25T20:43:53.789 INFO:teuthology.orchestra.run.smithi033.stdout:/usr/bin/ceph: stderr
2024-04-25T20:43:53.030+0000 7f1bd9ea7700 1 -- 172.21.15.33:0/1926852747 shutdown_connections
2024-04-25T20:43:53.789 INFO:teuthology.orchestra.run.smithi033.stdout:/usr/bin/ceph: stderr
2024-04-25T20:43:53.030+0000 7f1bd9ea7700 1 --2- 172.21.15.33:0/1926852747 >> [v2:172.21.15.33:6800/391693404,v1:172.21.15.33:6801/391693404] conn(0x7f1bbc039720 0x7f1bbc03bbe0 unknown :-1 s=CLOSED pgs=8 cs=0 l=1 rev1=1 crypto rx=0 tx=0 comp rx=0 tx=0).stop
2024-04-25T20:43:53.789 INFO:teuthology.orchestra.run.smithi033.stdout:/usr/bin/ceph: stderr
2024-04-25T20:43:53.030+0000 7f1bd9ea7700 1 --2- 172.21.15.33:0/1926852747 >> [v2:172.21.15.33:3300/0,v1:172.21.15.33:6789/0] conn(0x7f1bd4107510 0x7f1bd419e670 unknown :-1 s=CLOSED pgs=69 cs=0 l=1 rev1=1 crypto rx=0 tx=0 comp rx=0 tx=0).stop
2024-04-25T20:43:53.789 INFO:teuthology.orchestra.run.smithi033.stdout:/usr/bin/ceph: stderr
2024-04-25T20:43:53.030+0000 7f1bd9ea7700 1 -- 172.21.15.33:0/1926852747 >> 172.21.15.33:0/1926852747 conn(0x7f1bd4102ad0 msgr2=0x7f1bd410bb80 unknown :-1 s=STATE_NONE l=0).mark_down
2024-04-25T20:43:53.789 INFO:teuthology.orchestra.run.smithi033.stdout:/usr/bin/ceph: stderr
2024-04-25T20:43:53.030+0000 7f1bd9ea7700 1 -- 172.21.15.33:0/1926852747 shutdown_connections
2024-04-25T20:43:53.789 INFO:teuthology.orchestra.run.smithi033.stdout:/usr/bin/ceph: stderr
2024-04-25T20:43:53.030+0000 7f1bd9ea7700 1 -- 172.21.15.33:0/1926852747 wait complete.
2024-04-25T20:43:53.789 INFO:teuthology.orchestra.run.smithi033.stdout:Fetching dashboard port number...
2024-04-25T20:43:54.335 INFO:journalctl@ceph.mon.a.smithi033.stdout:Apr 25 20:43:54 smithi033 ceph-mon[29122]: from='client.14162 -' entity='client.admin' cmd=[{"prefix": "dashboard ac-user-create", "username": "admin", "rolename": "administrator", "force_password": true, "pwd_update_required": true, "target": ["mon-mgr", ""]}]: dispatch
2024-04-25T20:43:54.335 INFO:journalctl@ceph.mon.a.smithi033.stdout:Apr 25 20:43:54 smithi033 ceph-mon[29122]: from='mgr.14148 172.21.15.33:0/1243600276' entity='mgr.x'
2024-04-25T20:43:55.268 INFO:journalctl@ceph.mon.a.smithi033.stdout:Apr 25 20:43:55 smithi033 ceph-mon[29122]: from='client.? 172.21.15.33:0/3235765022' entity='client.admin' cmd=[{"prefix": "config get", "who": "mgr", "key": "mgr/dashboard/ssl_server_port"}]: dispatch
2024-04-25T20:43:55.543 INFO:teuthology.orchestra.run.smithi033.stdout:/usr/bin/ceph: stdout 8443
2024-04-25T20:43:55.543 INFO:teuthology.orchestra.run.smithi033.stdout:/usr/bin/ceph: stderr
2024-04-25T20:43:54.713+0000 7f327de24700 1 Processor -- start
2024-04-25T20:43:55.543 INFO:teuthology.orchestra.run.smithi033.stdout:/usr/bin/ceph: stderr
2024-04-25T20:43:54.713+0000 7f327de24700 1 -- start start
2024-04-25T20:43:55.543 INFO:teuthology.orchestra.run.smithi033.stdout:/usr/bin/ceph: stderr
2024-04-25T20:43:54.713+0000 7f327de24700 1 --2- >> [v2:172.21.15.33:3300/0,v1:172.21.15.33:6789/0] conn(0x7f32781090e0 0x7f327810b4d0 unknown :-1 s=NONE pgs=0 cs=0 l=0 rev1=0 crypto rx=0 tx=0 comp rx=0 tx=0).connect
2024-04-25T20:43:55.543 INFO:teuthology.orchestra.run.smithi033.stdout:/usr/bin/ceph: stderr
2024-04-25T20:43:54.713+0000 7f327de24700 1 -- --> [v2:172.21.15.33:3300/0,v1:172.21.15.33:6789/0] -- mon_getmap magic: 0 -- 0x7f327807be40 con 0x7f32781090e0
2024-04-25T20:43:55.543 INFO:teuthology.orchestra.run.smithi033.stdout:/usr/bin/ceph: stderr
2024-04-25T20:43:54.714+0000 7f32777fe700 1 --2- >> [v2:172.21.15.33:3300/0,v1:172.21.15.33:6789/0] conn(0x7f32781090e0 0x7f327810b4d0 unknown :-1 s=BANNER_CONNECTING pgs=0 cs=0 l=0 rev1=0 crypto rx=0 tx=0 comp rx=0 tx=0)._handle_peer_banner_payload supported=3 required=0
2024-04-25T20:43:55.544 INFO:teuthology.orchestra.run.smithi033.stdout:/usr/bin/ceph: stderr
2024-04-25T20:43:54.714+0000 7f32777fe700 1 --2- >> [v2:172.21.15.33:3300/0,v1:172.21.15.33:6789/0] conn(0x7f32781090e0 0x7f327810b4d0 unknown :-1 s=HELLO_CONNECTING pgs=0 cs=0 l=0 rev1=1 crypto rx=0 tx=0 comp rx=0 tx=0).handle_hello peer v2:172.21.15.33:3300/0 says I am v2:172.21.15.33:39798/0 (socket says 172.21.15.33:39798)
2024-04-25T20:43:55.544 INFO:teuthology.orchestra.run.smithi033.stdout:/usr/bin/ceph: stderr
2024-04-25T20:43:54.714+0000 7f32777fe700 1 -- 172.21.15.33:0/974182196 learned_addr learned my addr 172.21.15.33:0/974182196 (peer_addr_for_me v2:172.21.15.33:0/0)
2024-04-25T20:43:55.544 INFO:teuthology.orchestra.run.smithi033.stdout:/usr/bin/ceph: stderr
2024-04-25T20:43:54.714+0000 7f32777fe700 1 -- 172.21.15.33:0/974182196 --> [v2:172.21.15.33:3300/0,v1:172.21.15.33:6789/0] -- mon_subscribe({config=0+,monmap=0+}) -- 0x7f327810ba10 con 0x7f32781090e0
2024-04-25T20:43:55.544 INFO:teuthology.orchestra.run.smithi033.stdout:/usr/bin/ceph: stderr
2024-04-25T20:43:54.714+0000 7f32777fe700 1 --2- 172.21.15.33:0/974182196 >> [v2:172.21.15.33:3300/0,v1:172.21.15.33:6789/0] conn(0x7f32781090e0 0x7f327810b4d0 secure :-1 s=READY pgs=70 cs=0 l=1 rev1=1 crypto rx=0x7f3268009e80 tx=0x7f326800b330 comp rx=0 tx=0).ready entity=mon.0 client_cookie=88240bdc4c7f58c8 server_cookie=0 in_seq=0 out_seq=0
2024-04-25T20:43:55.544 INFO:teuthology.orchestra.run.smithi033.stdout:/usr/bin/ceph: stderr
2024-04-25T20:43:54.714+0000 7f32767fc700 1 -- 172.21.15.33:0/974182196 <== mon.0 v2:172.21.15.33:3300/0 1 ==== mon_map magic: 0 ==== 205+0+0 (secure 0 0 0) 0x7f3268017070 con 0x7f32781090e0
2024-04-25T20:43:55.544 INFO:teuthology.orchestra.run.smithi033.stdout:/usr/bin/ceph: stderr
2024-04-25T20:43:54.715+0000 7f32767fc700 1 -- 172.21.15.33:0/974182196 <== mon.0 v2:172.21.15.33:3300/0 2 ==== config(27 keys) ==== 1135+0+0 (secure 0 0 0) 0x7f326800b8c0 con 0x7f32781090e0
2024-04-25T20:43:55.544 INFO:teuthology.orchestra.run.smithi033.stdout:/usr/bin/ceph: stderr
2024-04-25T20:43:54.715+0000 7f32767fc700 1 -- 172.21.15.33:0/974182196 <== mon.0 v2:172.21.15.33:3300/0 3 ==== mon_map magic: 0 ==== 205+0+0 (secure 0 0 0) 0x7f3268004500 con 0x7f32781090e0
2024-04-25T20:43:55.544 INFO:teuthology.orchestra.run.smithi033.stdout:/usr/bin/ceph: stderr
2024-04-25T20:43:54.715+0000 7f327de24700 1 -- 172.21.15.33:0/974182196 >> [v2:172.21.15.33:3300/0,v1:172.21.15.33:6789/0] conn(0x7f32781090e0 msgr2=0x7f327810b4d0 secure :-1 s=STATE_CONNECTION_ESTABLISHED l=1).mark_down
2024-04-25T20:43:55.544 INFO:teuthology.orchestra.run.smithi033.stdout:/usr/bin/ceph: stderr
2024-04-25T20:43:54.715+0000 7f327de24700 1 --2- 172.21.15.33:0/974182196 >> [v2:172.21.15.33:3300/0,v1:172.21.15.33:6789/0] conn(0x7f32781090e0 0x7f327810b4d0 secure :-1 s=READY pgs=70 cs=0 l=1 rev1=1 crypto rx=0x7f3268009e80 tx=0x7f326800b330 comp rx=0 tx=0).stop
2024-04-25T20:43:55.544 INFO:teuthology.orchestra.run.smithi033.stdout:/usr/bin/ceph: stderr
2024-04-25T20:43:54.715+0000 7f327de24700 1 -- 172.21.15.33:0/974182196 shutdown_connections
2024-04-25T20:43:55.544 INFO:teuthology.orchestra.run.smithi033.stdout:/usr/bin/ceph: stderr
2024-04-25T20:43:54.715+0000 7f327de24700 1 --2- 172.21.15.33:0/974182196 >> [v2:172.21.15.33:3300/0,v1:172.21.15.33:6789/0] conn(0x7f32781090e0 0x7f327810b4d0 unknown :-1 s=CLOSED pgs=70 cs=0 l=1 rev1=1 crypto rx=0 tx=0 comp rx=0 tx=0).stop
2024-04-25T20:43:55.544 INFO:teuthology.orchestra.run.smithi033.stdout:/usr/bin/ceph: stderr
2024-04-25T20:43:54.715+0000 7f327de24700 1 -- 172.21.15.33:0/974182196 >> 172.21.15.33:0/974182196 conn(0x7f3278102ad0 msgr2=0x7f3278104ef0 unknown :-1 s=STATE_NONE l=0).mark_down
2024-04-25T20:43:55.544 INFO:teuthology.orchestra.run.smithi033.stdout:/usr/bin/ceph: stderr
2024-04-25T20:43:54.715+0000 7f327de24700 1 -- 172.21.15.33:0/974182196 shutdown_connections
2024-04-25T20:43:55.545 INFO:teuthology.orchestra.run.smithi033.stdout:/usr/bin/ceph: stderr
2024-04-25T20:43:54.715+0000 7f327de24700 1 -- 172.21.15.33:0/974182196 wait complete.
2024-04-25T20:43:55.545 INFO:teuthology.orchestra.run.smithi033.stdout:/usr/bin/ceph: stderr
2024-04-25T20:43:54.716+0000 7f327de24700 1 Processor -- start
2024-04-25T20:43:55.545 INFO:teuthology.orchestra.run.smithi033.stdout:/usr/bin/ceph: stderr
2024-04-25T20:43:54.716+0000 7f327de24700 1 -- start start
2024-04-25T20:43:55.545 INFO:teuthology.orchestra.run.smithi033.stdout:/usr/bin/ceph: stderr
2024-04-25T20:43:54.716+0000 7f327de24700 1 --2- >> [v2:172.21.15.33:3300/0,v1:172.21.15.33:6789/0] conn(0x7f32781090e0 0x7f327819c450 unknown :-1 s=NONE pgs=0 cs=0 l=1 rev1=0 crypto rx=0 tx=0 comp rx=0 tx=0).connect
2024-04-25T20:43:55.545 INFO:teuthology.orchestra.run.smithi033.stdout:/usr/bin/ceph: stderr
2024-04-25T20:43:54.716+0000 7f327de24700 1 -- --> [v2:172.21.15.33:3300/0,v1:172.21.15.33:6789/0] -- mon_getmap magic: 0 -- 0x7f327810ca20 con 0x7f32781090e0
2024-04-25T20:43:55.545 INFO:teuthology.orchestra.run.smithi033.stdout:/usr/bin/ceph: stderr
2024-04-25T20:43:54.716+0000 7f32777fe700 1 --2- >> [v2:172.21.15.33:3300/0,v1:172.21.15.33:6789/0] conn(0x7f32781090e0 0x7f327819c450 unknown :-1 s=BANNER_CONNECTING pgs=0 cs=0 l=1 rev1=0 crypto rx=0 tx=0 comp rx=0 tx=0)._handle_peer_banner_payload supported=3 required=0
2024-04-25T20:43:55.545 INFO:teuthology.orchestra.run.smithi033.stdout:/usr/bin/ceph: stderr
2024-04-25T20:43:54.716+0000 7f32777fe700 1 --2- >> [v2:172.21.15.33:3300/0,v1:172.21.15.33:6789/0] conn(0x7f32781090e0 0x7f327819c450 unknown :-1 s=HELLO_CONNECTING pgs=0 cs=0 l=1 rev1=1 crypto rx=0 tx=0 comp rx=0 tx=0).handle_hello peer v2:172.21.15.33:3300/0 says I am v2:172.21.15.33:39812/0 (socket says 172.21.15.33:39812)
2024-04-25T20:43:55.545 INFO:teuthology.orchestra.run.smithi033.stdout:/usr/bin/ceph: stderr
2024-04-25T20:43:54.716+0000 7f32777fe700 1 -- 172.21.15.33:0/3235765022 learned_addr learned my addr 172.21.15.33:0/3235765022 (peer_addr_for_me v2:172.21.15.33:0/0)
2024-04-25T20:43:55.545 INFO:teuthology.orchestra.run.smithi033.stdout:/usr/bin/ceph: stderr
2024-04-25T20:43:54.717+0000 7f32777fe700 1 -- 172.21.15.33:0/3235765022 --> [v2:172.21.15.33:3300/0,v1:172.21.15.33:6789/0] -- mon_subscribe({config=0+,monmap=0+}) -- 0x7f327819c990 con 0x7f32781090e0
2024-04-25T20:43:55.545 INFO:teuthology.orchestra.run.smithi033.stdout:/usr/bin/ceph: stderr
2024-04-25T20:43:54.717+0000 7f32777fe700 1 --2- 172.21.15.33:0/3235765022 >> [v2:172.21.15.33:3300/0,v1:172.21.15.33:6789/0] conn(0x7f32781090e0 0x7f327819c450 secure :-1 s=READY pgs=71 cs=0 l=1 rev1=1 crypto rx=0x7f3268009e50 tx=0x7f326800bd50 comp rx=0 tx=0).ready entity=mon.0 client_cookie=0 server_cookie=0 in_seq=0 out_seq=0
2024-04-25T20:43:55.545 INFO:teuthology.orchestra.run.smithi033.stdout:/usr/bin/ceph: stderr
2024-04-25T20:43:54.717+0000 7f3274ff9700 1 -- 172.21.15.33:0/3235765022 <== mon.0 v2:172.21.15.33:3300/0 1 ==== mon_map magic: 0 ==== 205+0+0 (secure 0 0 0) 0x7f3268021020 con 0x7f32781090e0
2024-04-25T20:43:55.545 INFO:teuthology.orchestra.run.smithi033.stdout:/usr/bin/ceph: stderr
2024-04-25T20:43:54.717+0000 7f327de24700 1 -- 172.21.15.33:0/3235765022 --> [v2:172.21.15.33:3300/0,v1:172.21.15.33:6789/0] -- mon_subscribe({mgrmap=0+}) -- 0x7f327819cc20 con 0x7f32781090e0
2024-04-25T20:43:55.545 INFO:teuthology.orchestra.run.smithi033.stdout:/usr/bin/ceph: stderr
2024-04-25T20:43:54.717+0000 7f3274ff9700 1 -- 172.21.15.33:0/3235765022 <== mon.0 v2:172.21.15.33:3300/0 2 ==== config(27 keys) ==== 1135+0+0 (secure 0 0 0) 0x7f3268003c60 con 0x7f32781090e0
2024-04-25T20:43:55.545 INFO:teuthology.orchestra.run.smithi033.stdout:/usr/bin/ceph: stderr
2024-04-25T20:43:54.717+0000 7f3274ff9700 1 -- 172.21.15.33:0/3235765022 <== mon.0 v2:172.21.15.33:3300/0 3 ==== mon_map magic: 0 ==== 205+0+0 (secure 0 0 0) 0x7f3268017040 con 0x7f32781090e0
2024-04-25T20:43:55.545 INFO:teuthology.orchestra.run.smithi033.stdout:/usr/bin/ceph: stderr
2024-04-25T20:43:54.717+0000 7f327de24700 1 -- 172.21.15.33:0/3235765022 --> [v2:172.21.15.33:3300/0,v1:172.21.15.33:6789/0] -- mon_subscribe({osdmap=0}) -- 0x7f327819f910 con 0x7f32781090e0
2024-04-25T20:43:55.546 INFO:teuthology.orchestra.run.smithi033.stdout:/usr/bin/ceph: stderr
2024-04-25T20:43:54.718+0000 7f3274ff9700 1 -- 172.21.15.33:0/3235765022 <== mon.0 v2:172.21.15.33:3300/0 4 ==== mgrmap(e 12) ==== 46571+0+0 (secure 0 0 0) 0x7f3268024020 con 0x7f32781090e0
2024-04-25T20:43:55.546 INFO:teuthology.orchestra.run.smithi033.stdout:/usr/bin/ceph: stderr
2024-04-25T20:43:54.718+0000 7f327de24700 1 -- 172.21.15.33:0/3235765022 --> [v2:172.21.15.33:3300/0,v1:172.21.15.33:6789/0] -- mon_command({"prefix": "get_command_descriptions"} v 0) -- 0x7f32780640a0 con 0x7f32781090e0
2024-04-25T20:43:55.546 INFO:teuthology.orchestra.run.smithi033.stdout:/usr/bin/ceph: stderr
2024-04-25T20:43:54.718+0000 7f3274ff9700 1 --2- 172.21.15.33:0/3235765022 >> [v2:172.21.15.33:6800/391693404,v1:172.21.15.33:6801/391693404] conn(0x7f3264039670 0x7f326403bb30 unknown :-1 s=NONE pgs=0 cs=0 l=1 rev1=0 crypto rx=0 tx=0 comp rx=0 tx=0).connect
2024-04-25T20:43:55.546 INFO:teuthology.orchestra.run.smithi033.stdout:/usr/bin/ceph: stderr
2024-04-25T20:43:54.718+0000 7f3274ff9700 1 -- 172.21.15.33:0/3235765022 <== mon.0 v2:172.21.15.33:3300/0 5 ==== osd_map(3..3 src has 1..3) ==== 1155+0+0 (secure 0 0 0) 0x7f326800f050 con 0x7f32781090e0
2024-04-25T20:43:55.546 INFO:teuthology.orchestra.run.smithi033.stdout:/usr/bin/ceph: stderr
2024-04-25T20:43:54.718+0000 7f3276ffd700 1 --2- 172.21.15.33:0/3235765022 >> [v2:172.21.15.33:6800/391693404,v1:172.21.15.33:6801/391693404] conn(0x7f3264039670 0x7f326403bb30 unknown :-1 s=BANNER_CONNECTING pgs=0 cs=0 l=1 rev1=0 crypto rx=0 tx=0 comp rx=0 tx=0)._handle_peer_banner_payload supported=3 required=0
2024-04-25T20:43:55.546 INFO:teuthology.orchestra.run.smithi033.stdout:/usr/bin/ceph: stderr
2024-04-25T20:43:54.719+0000 7f3276ffd700 1 --2- 172.21.15.33:0/3235765022 >> [v2:172.21.15.33:6800/391693404,v1:172.21.15.33:6801/391693404] conn(0x7f3264039670 0x7f326403bb30 secure :-1 s=READY pgs=9 cs=0 l=1 rev1=1 crypto rx=0x7f3260006fd0 tx=0x7f3260006e40 comp rx=0 tx=0).ready entity=mgr.14148 client_cookie=0 server_cookie=0 in_seq=0 out_seq=0
2024-04-25T20:43:55.546 INFO:teuthology.orchestra.run.smithi033.stdout:/usr/bin/ceph: stderr
2024-04-25T20:43:54.724+0000 7f3274ff9700 1 -- 172.21.15.33:0/3235765022 <== mon.0 v2:172.21.15.33:3300/0 6 ==== mon_command_ack([{"prefix": "get_command_descriptions"}]=0 v0) ==== 72+0+188370 (secure 0 0 0) 0x7f326802b020 con 0x7f32781090e0
2024-04-25T20:43:55.546 INFO:teuthology.orchestra.run.smithi033.stdout:/usr/bin/ceph: stderr
2024-04-25T20:43:54.952+0000 7f327de24700 1 -- 172.21.15.33:0/3235765022 --> [v2:172.21.15.33:3300/0,v1:172.21.15.33:6789/0] -- mon_command({"prefix": "config get", "who": "mgr", "key": "mgr/dashboard/ssl_server_port"} v 0) -- 0x7f327819fae0 con 0x7f32781090e0
2024-04-25T20:43:55.546 INFO:teuthology.orchestra.run.smithi033.stdout:/usr/bin/ceph: stderr
2024-04-25T20:43:54.952+0000 7f3274ff9700 1 -- 172.21.15.33:0/3235765022 <== mon.0 v2:172.21.15.33:3300/0 7 ==== mon_command_ack([{"prefix": "config get", "who": "mgr", "key": "mgr/dashboard/ssl_server_port"}]=0 v8) ==== 112+0+5 (secure 0 0 0) 0x7f327819fae0 con 0x7f32781090e0
2024-04-25T20:43:55.546 INFO:teuthology.orchestra.run.smithi033.stdout:/usr/bin/ceph: stderr
2024-04-25T20:43:54.954+0000 7f327de24700 1 -- 172.21.15.33:0/3235765022 >> [v2:172.21.15.33:6800/391693404,v1:172.21.15.33:6801/391693404] conn(0x7f3264039670 msgr2=0x7f326403bb30 secure :-1 s=STATE_CONNECTION_ESTABLISHED l=1).mark_down
2024-04-25T20:43:55.546 INFO:teuthology.orchestra.run.smithi033.stdout:/usr/bin/ceph: stderr
2024-04-25T20:43:54.954+0000 7f327de24700 1 --2- 172.21.15.33:0/3235765022 >> [v2:172.21.15.33:6800/391693404,v1:172.21.15.33:6801/391693404] conn(0x7f3264039670 0x7f326403bb30 secure :-1 s=READY pgs=9 cs=0 l=1 rev1=1 crypto rx=0x7f3260006fd0 tx=0x7f3260006e40 comp rx=0 tx=0).stop
2024-04-25T20:43:55.546 INFO:teuthology.orchestra.run.smithi033.stdout:/usr/bin/ceph: stderr
2024-04-25T20:43:54.954+0000 7f327de24700 1 -- 172.21.15.33:0/3235765022 >> [v2:172.21.15.33:3300/0,v1:172.21.15.33:6789/0] conn(0x7f32781090e0 msgr2=0x7f327819c450 secure :-1 s=STATE_CONNECTION_ESTABLISHED l=1).mark_down
2024-04-25T20:43:55.546 INFO:teuthology.orchestra.run.smithi033.stdout:/usr/bin/ceph: stderr
2024-04-25T20:43:54.954+0000 7f327de24700 1 --2- 172.21.15.33:0/3235765022 >> [v2:172.21.15.33:3300/0,v1:172.21.15.33:6789/0] conn(0x7f32781090e0 0x7f327819c450 secure :-1 s=READY pgs=71 cs=0 l=1 rev1=1 crypto rx=0x7f3268009e50 tx=0x7f326800bd50 comp rx=0 tx=0).stop
2024-04-25T20:43:55.547 INFO:teuthology.orchestra.run.smithi033.stdout:/usr/bin/ceph: stderr
2024-04-25T20:43:54.955+0000 7f327de24700 1 -- 172.21.15.33:0/3235765022 shutdown_connections
2024-04-25T20:43:55.547 INFO:teuthology.orchestra.run.smithi033.stdout:/usr/bin/ceph: stderr
2024-04-25T20:43:54.955+0000 7f327de24700 1 --2- 172.21.15.33:0/3235765022 >> [v2:172.21.15.33:6800/391693404,v1:172.21.15.33:6801/391693404] conn(0x7f3264039670 0x7f326403bb30 unknown :-1 s=CLOSED pgs=9 cs=0 l=1 rev1=1 crypto rx=0 tx=0 comp rx=0 tx=0).stop
2024-04-25T20:43:55.547 INFO:teuthology.orchestra.run.smithi033.stdout:/usr/bin/ceph: stderr
2024-04-25T20:43:54.955+0000 7f327de24700 1 --2- 172.21.15.33:0/3235765022 >> [v2:172.21.15.33:3300/0,v1:172.21.15.33:6789/0] conn(0x7f32781090e0 0x7f327819c450 unknown :-1 s=CLOSED pgs=71 cs=0 l=1 rev1=1 crypto rx=0 tx=0 comp rx=0 tx=0).stop
2024-04-25T20:43:55.547 INFO:teuthology.orchestra.run.smithi033.stdout:/usr/bin/ceph: stderr
2024-04-25T20:43:54.955+0000 7f327de24700 1 -- 172.21.15.33:0/3235765022 >> 172.21.15.33:0/3235765022 conn(0x7f3278102ad0 msgr2=0x7f3278103500 unknown :-1 s=STATE_NONE l=0).mark_down
2024-04-25T20:43:55.547 INFO:teuthology.orchestra.run.smithi033.stdout:/usr/bin/ceph: stderr
2024-04-25T20:43:54.955+0000 7f327de24700 1 -- 172.21.15.33:0/3235765022 shutdown_connections
2024-04-25T20:43:55.547 INFO:teuthology.orchestra.run.smithi033.stdout:/usr/bin/ceph: stderr
2024-04-25T20:43:54.955+0000 7f327de24700 1 -- 172.21.15.33:0/3235765022 wait complete.
2024-04-25T20:43:55.550 INFO:teuthology.orchestra.run.smithi033.stdout:Non-zero exit code 1 from systemctl is-enabled firewalld.service
2024-04-25T20:43:55.550 INFO:teuthology.orchestra.run.smithi033.stdout:systemctl: stdout disabled
2024-04-25T20:43:55.557 INFO:teuthology.orchestra.run.smithi033.stdout:Non-zero exit code 3 from systemctl is-active firewalld.service
2024-04-25T20:43:55.557 INFO:teuthology.orchestra.run.smithi033.stdout:systemctl: stdout inactive
2024-04-25T20:43:55.557 INFO:teuthology.orchestra.run.smithi033.stdout:firewalld.service is not enabled
2024-04-25T20:43:55.557 INFO:teuthology.orchestra.run.smithi033.stdout:Not possible to open ports <[8443]>. firewalld.service is not available
2024-04-25T20:43:55.558 INFO:teuthology.orchestra.run.smithi033.stdout:Ceph Dashboard is now available at:
2024-04-25T20:43:55.558 INFO:teuthology.orchestra.run.smithi033.stdout:
2024-04-25T20:43:55.558 INFO:teuthology.orchestra.run.smithi033.stdout: URL: https://smithi033:8443/
2024-04-25T20:43:55.559 INFO:teuthology.orchestra.run.smithi033.stdout: User: admin
2024-04-25T20:43:55.559 INFO:teuthology.orchestra.run.smithi033.stdout: Password: p8yk4y55ci
2024-04-25T20:43:55.559 INFO:teuthology.orchestra.run.smithi033.stdout:
2024-04-25T20:43:55.559 INFO:teuthology.orchestra.run.smithi033.stdout:Saving cluster configuration to /var/lib/ceph/3adbcb22-0344-11ef-bc93-c7b262605968/config directory
2024-04-25T20:43:55.559 INFO:teuthology.orchestra.run.smithi033.stdout:Enabling autotune for osd_memory_target
2024-04-25T20:43:56.201 INFO:journalctl@ceph.mon.a.smithi033.stdout:Apr 25 20:43:56 smithi033 ceph-mon[29122]: mgrmap e13: x(active, since 6s)
2024-04-25T20:43:56.783 INFO:teuthology.orchestra.run.smithi033.stdout:/usr/bin/ceph: stderr
2024-04-25T20:43:55.984+0000 7fc7d282c700 1 Processor -- start
2024-04-25T20:43:56.783 INFO:teuthology.orchestra.run.smithi033.stdout:/usr/bin/ceph: stderr
2024-04-25T20:43:55.984+0000 7fc7d282c700 1 -- start start
2024-04-25T20:43:56.783 INFO:teuthology.orchestra.run.smithi033.stdout:/usr/bin/ceph: stderr
2024-04-25T20:43:55.984+0000 7fc7d282c700 1 --2- >> [v2:172.21.15.33:3300/0,v1:172.21.15.33:6789/0] conn(0x7fc7cc108650 0x7fc7cc108a70 unknown :-1 s=NONE pgs=0 cs=0 l=0 rev1=0 crypto rx=0 tx=0 comp rx=0 tx=0).connect
2024-04-25T20:43:56.783 INFO:teuthology.orchestra.run.smithi033.stdout:/usr/bin/ceph: stderr
2024-04-25T20:43:55.984+0000 7fc7d282c700 1 -- --> [v2:172.21.15.33:3300/0,v1:172.21.15.33:6789/0] -- mon_getmap magic: 0 -- 0x7fc7cc109040 con 0x7fc7cc108650
2024-04-25T20:43:56.784 INFO:teuthology.orchestra.run.smithi033.stdout:/usr/bin/ceph: stderr
2024-04-25T20:43:55.984+0000 7fc7cbfff700 1 --2- >> [v2:172.21.15.33:3300/0,v1:172.21.15.33:6789/0] conn(0x7fc7cc108650 0x7fc7cc108a70 unknown :-1 s=BANNER_CONNECTING pgs=0 cs=0 l=0 rev1=0 crypto rx=0 tx=0 comp rx=0 tx=0)._handle_peer_banner_payload supported=3 required=0
2024-04-25T20:43:56.784 INFO:teuthology.orchestra.run.smithi033.stdout:/usr/bin/ceph: stderr
2024-04-25T20:43:55.984+0000 7fc7cbfff700 1 --2- >> [v2:172.21.15.33:3300/0,v1:172.21.15.33:6789/0] conn(0x7fc7cc108650 0x7fc7cc108a70 unknown :-1 s=HELLO_CONNECTING pgs=0 cs=0 l=0 rev1=1 crypto rx=0 tx=0 comp rx=0 tx=0).handle_hello peer v2:172.21.15.33:3300/0 says I am v2:172.21.15.33:39816/0 (socket says 172.21.15.33:39816)
2024-04-25T20:43:56.784 INFO:teuthology.orchestra.run.smithi033.stdout:/usr/bin/ceph: stderr
2024-04-25T20:43:55.984+0000 7fc7cbfff700 1 -- 172.21.15.33:0/149017282 learned_addr learned my addr 172.21.15.33:0/149017282 (peer_addr_for_me v2:172.21.15.33:0/0)
2024-04-25T20:43:56.784 INFO:teuthology.orchestra.run.smithi033.stdout:/usr/bin/ceph: stderr
2024-04-25T20:43:55.985+0000 7fc7cbfff700 1 -- 172.21.15.33:0/149017282 --> [v2:172.21.15.33:3300/0,v1:172.21.15.33:6789/0] -- mon_subscribe({config=0+,monmap=0+}) -- 0x7fc7cc109800 con 0x7fc7cc108650
2024-04-25T20:43:56.784 INFO:teuthology.orchestra.run.smithi033.stdout:/usr/bin/ceph: stderr
2024-04-25T20:43:55.985+0000 7fc7cbfff700 1 --2- 172.21.15.33:0/149017282 >> [v2:172.21.15.33:3300/0,v1:172.21.15.33:6789/0] conn(0x7fc7cc108650 0x7fc7cc108a70 secure :-1 s=READY pgs=72 cs=0 l=1 rev1=1 crypto rx=0x7fc7bc0098a0 tx=0x7fc7bc009bb0 comp rx=0 tx=0).ready entity=mon.0 client_cookie=b64cf8bc958b242c server_cookie=0 in_seq=0 out_seq=0
2024-04-25T20:43:56.784 INFO:teuthology.orchestra.run.smithi033.stdout:/usr/bin/ceph: stderr
2024-04-25T20:43:55.985+0000 7fc7caffd700 1 -- 172.21.15.33:0/149017282 <== mon.0 v2:172.21.15.33:3300/0 1 ==== mon_map magic: 0 ==== 205+0+0 (secure 0 0 0) 0x7fc7bc004160 con 0x7fc7cc108650
2024-04-25T20:43:56.784 INFO:teuthology.orchestra.run.smithi033.stdout:/usr/bin/ceph: stderr
2024-04-25T20:43:55.985+0000 7fc7caffd700 1 -- 172.21.15.33:0/149017282 <== mon.0 v2:172.21.15.33:3300/0 2 ==== config(27 keys) ==== 1135+0+0 (secure 0 0 0) 0x7fc7bc004300 con 0x7fc7cc108650
2024-04-25T20:43:56.784 INFO:teuthology.orchestra.run.smithi033.stdout:/usr/bin/ceph: stderr
2024-04-25T20:43:55.985+0000 7fc7caffd700 1 -- 172.21.15.33:0/149017282 <== mon.0 v2:172.21.15.33:3300/0 3 ==== mon_map magic: 0 ==== 205+0+0 (secure 0 0 0) 0x7fc7bc011af0 con 0x7fc7cc108650
2024-04-25T20:43:56.784 INFO:teuthology.orchestra.run.smithi033.stdout:/usr/bin/ceph: stderr
2024-04-25T20:43:55.986+0000 7fc7d282c700 1 -- 172.21.15.33:0/149017282 >> [v2:172.21.15.33:3300/0,v1:172.21.15.33:6789/0] conn(0x7fc7cc108650 msgr2=0x7fc7cc108a70 secure :-1 s=STATE_CONNECTION_ESTABLISHED l=1).mark_down
2024-04-25T20:43:56.784 INFO:teuthology.orchestra.run.smithi033.stdout:/usr/bin/ceph: stderr
2024-04-25T20:43:55.986+0000 7fc7d282c700 1 --2- 172.21.15.33:0/149017282 >> [v2:172.21.15.33:3300/0,v1:172.21.15.33:6789/0] conn(0x7fc7cc108650 0x7fc7cc108a70 secure :-1 s=READY pgs=72 cs=0 l=1 rev1=1 crypto rx=0x7fc7bc0098a0 tx=0x7fc7bc009bb0 comp rx=0 tx=0).stop
2024-04-25T20:43:56.784 INFO:teuthology.orchestra.run.smithi033.stdout:/usr/bin/ceph: stderr
2024-04-25T20:43:55.986+0000 7fc7d282c700 1 -- 172.21.15.33:0/149017282 shutdown_connections
2024-04-25T20:43:56.784 INFO:teuthology.orchestra.run.smithi033.stdout:/usr/bin/ceph: stderr
2024-04-25T20:43:55.986+0000 7fc7d282c700 1 --2- 172.21.15.33:0/149017282 >> [v2:172.21.15.33:3300/0,v1:172.21.15.33:6789/0] conn(0x7fc7cc108650 0x7fc7cc108a70 unknown :-1 s=CLOSED pgs=72 cs=0 l=1 rev1=1 crypto rx=0 tx=0 comp rx=0 tx=0).stop
2024-04-25T20:43:56.784 INFO:teuthology.orchestra.run.smithi033.stdout:/usr/bin/ceph: stderr
2024-04-25T20:43:55.986+0000 7fc7d282c700 1 -- 172.21.15.33:0/149017282 >> 172.21.15.33:0/149017282 conn(0x7fc7cc103cb0 msgr2=0x7fc7cc1060d0 unknown :-1 s=STATE_NONE l=0).mark_down
2024-04-25T20:43:56.784 INFO:teuthology.orchestra.run.smithi033.stdout:/usr/bin/ceph: stderr
2024-04-25T20:43:55.986+0000 7fc7d282c700 1 -- 172.21.15.33:0/149017282 shutdown_connections
2024-04-25T20:43:56.784 INFO:teuthology.orchestra.run.smithi033.stdout:/usr/bin/ceph: stderr
2024-04-25T20:43:55.986+0000 7fc7d282c700 1 -- 172.21.15.33:0/149017282 wait complete.
2024-04-25T20:43:56.785 INFO:teuthology.orchestra.run.smithi033.stdout:/usr/bin/ceph: stderr
2024-04-25T20:43:55.986+0000 7fc7d282c700 1 Processor -- start
2024-04-25T20:43:56.785 INFO:teuthology.orchestra.run.smithi033.stdout:/usr/bin/ceph: stderr
2024-04-25T20:43:55.986+0000 7fc7d282c700 1 -- start start
2024-04-25T20:43:56.785 INFO:teuthology.orchestra.run.smithi033.stdout:/usr/bin/ceph: stderr
2024-04-25T20:43:55.987+0000 7fc7d282c700 1 --2- >> [v2:172.21.15.33:3300/0,v1:172.21.15.33:6789/0] conn(0x7fc7cc108650 0x7fc7cc19e6a0 unknown :-1 s=NONE pgs=0 cs=0 l=1 rev1=0 crypto rx=0 tx=0 comp rx=0 tx=0).connect
2024-04-25T20:43:56.785 INFO:teuthology.orchestra.run.smithi033.stdout:/usr/bin/ceph: stderr
2024-04-25T20:43:55.987+0000 7fc7d282c700 1 -- --> [v2:172.21.15.33:3300/0,v1:172.21.15.33:6789/0] -- mon_getmap magic: 0 -- 0x7fc7cc10cbb0 con 0x7fc7cc108650
2024-04-25T20:43:56.785 INFO:teuthology.orchestra.run.smithi033.stdout:/usr/bin/ceph: stderr
2024-04-25T20:43:55.987+0000 7fc7cbfff700 1 --2- >> [v2:172.21.15.33:3300/0,v1:172.21.15.33:6789/0] conn(0x7fc7cc108650 0x7fc7cc19e6a0 unknown :-1 s=BANNER_CONNECTING pgs=0 cs=0 l=1 rev1=0 crypto rx=0 tx=0 comp rx=0 tx=0)._handle_peer_banner_payload supported=3 required=0
2024-04-25T20:43:56.785 INFO:teuthology.orchestra.run.smithi033.stdout:/usr/bin/ceph: stderr
2024-04-25T20:43:55.987+0000 7fc7cbfff700 1 --2- >> [v2:172.21.15.33:3300/0,v1:172.21.15.33:6789/0] conn(0x7fc7cc108650 0x7fc7cc19e6a0 unknown :-1 s=HELLO_CONNECTING pgs=0 cs=0 l=1 rev1=1 crypto rx=0 tx=0 comp rx=0 tx=0).handle_hello peer v2:172.21.15.33:3300/0 says I am v2:172.21.15.33:39832/0 (socket says 172.21.15.33:39832)
2024-04-25T20:43:56.785 INFO:teuthology.orchestra.run.smithi033.stdout:/usr/bin/ceph: stderr
2024-04-25T20:43:55.987+0000 7fc7cbfff700 1 -- 172.21.15.33:0/3913112293 learned_addr learned my addr 172.21.15.33:0/3913112293 (peer_addr_for_me v2:172.21.15.33:0/0)
2024-04-25T20:43:56.785 INFO:teuthology.orchestra.run.smithi033.stdout:/usr/bin/ceph: stderr
2024-04-25T20:43:55.987+0000 7fc7cbfff700 1 -- 172.21.15.33:0/3913112293 --> [v2:172.21.15.33:3300/0,v1:172.21.15.33:6789/0] -- mon_subscribe({config=0+,monmap=0+}) -- 0x7fc7cc19ebe0 con 0x7fc7cc108650
2024-04-25T20:43:56.785 INFO:teuthology.orchestra.run.smithi033.stdout:/usr/bin/ceph: stderr
2024-04-25T20:43:55.987+0000 7fc7cbfff700 1 --2- 172.21.15.33:0/3913112293 >> [v2:172.21.15.33:3300/0,v1:172.21.15.33:6789/0] conn(0x7fc7cc108650 0x7fc7cc19e6a0 secure :-1 s=READY pgs=73 cs=0 l=1 rev1=1 crypto rx=0x7fc7bc0117b0 tx=0x7fc7bc011b70 comp rx=0 tx=0).ready entity=mon.0 client_cookie=0 server_cookie=0 in_seq=0 out_seq=0
2024-04-25T20:43:56.785 INFO:teuthology.orchestra.run.smithi033.stdout:/usr/bin/ceph: stderr
2024-04-25T20:43:55.987+0000 7fc7c97fa700 1 -- 172.21.15.33:0/3913112293 <== mon.0 v2:172.21.15.33:3300/0 1 ==== mon_map magic: 0 ==== 205+0+0 (secure 0 0 0) 0x7fc7bc0039e0 con 0x7fc7cc108650
2024-04-25T20:43:56.785 INFO:teuthology.orchestra.run.smithi033.stdout:/usr/bin/ceph: stderr
2024-04-25T20:43:55.987+0000 7fc7d282c700 1 -- 172.21.15.33:0/3913112293 --> [v2:172.21.15.33:3300/0,v1:172.21.15.33:6789/0] -- mon_subscribe({mgrmap=0+}) -- 0x7fc7cc19ee70 con 0x7fc7cc108650
2024-04-25T20:43:56.785 INFO:teuthology.orchestra.run.smithi033.stdout:/usr/bin/ceph: stderr
2024-04-25T20:43:55.987+0000 7fc7c97fa700 1 -- 172.21.15.33:0/3913112293 <== mon.0 v2:172.21.15.33:3300/0 2 ==== config(27 keys) ==== 1135+0+0 (secure 0 0 0) 0x7fc7bc003b80 con 0x7fc7cc108650
2024-04-25T20:43:56.785 INFO:teuthology.orchestra.run.smithi033.stdout:/usr/bin/ceph: stderr
2024-04-25T20:43:55.987+0000 7fc7c97fa700 1 -- 172.21.15.33:0/3913112293 <== mon.0 v2:172.21.15.33:3300/0 3 ==== mon_map magic: 0 ==== 205+0+0 (secure 0 0 0) 0x7fc7bc024780 con 0x7fc7cc108650
2024-04-25T20:43:56.785 INFO:teuthology.orchestra.run.smithi033.stdout:/usr/bin/ceph: stderr
2024-04-25T20:43:55.987+0000 7fc7d282c700 1 -- 172.21.15.33:0/3913112293 --> [v2:172.21.15.33:3300/0,v1:172.21.15.33:6789/0] -- mon_subscribe({osdmap=0}) -- 0x7fc7cc1a1b60 con 0x7fc7cc108650
2024-04-25T20:43:56.786 INFO:teuthology.orchestra.run.smithi033.stdout:/usr/bin/ceph: stderr
2024-04-25T20:43:55.988+0000 7fc7c97fa700 1 -- 172.21.15.33:0/3913112293 <== mon.0 v2:172.21.15.33:3300/0 4 ==== mgrmap(e 13) ==== 46614+0+0 (secure 0 0 0) 0x7fc7bc022020 con 0x7fc7cc108650
2024-04-25T20:43:56.786 INFO:teuthology.orchestra.run.smithi033.stdout:/usr/bin/ceph: stderr
2024-04-25T20:43:55.989+0000 7fc7d282c700 1 -- 172.21.15.33:0/3913112293 --> [v2:172.21.15.33:3300/0,v1:172.21.15.33:6789/0] -- mon_command({"prefix": "get_command_descriptions"} v 0) -- 0x7fc7cc0640a0 con 0x7fc7cc108650
2024-04-25T20:43:56.786 INFO:teuthology.orchestra.run.smithi033.stdout:/usr/bin/ceph: stderr
2024-04-25T20:43:55.989+0000 7fc7c97fa700 1 --2- 172.21.15.33:0/3913112293 >> [v2:172.21.15.33:6800/391693404,v1:172.21.15.33:6801/391693404] conn(0x7fc7b4039760 0x7fc7b403bc20 unknown :-1 s=NONE pgs=0 cs=0 l=1 rev1=0 crypto rx=0 tx=0 comp rx=0 tx=0).connect
2024-04-25T20:43:56.786 INFO:teuthology.orchestra.run.smithi033.stdout:/usr/bin/ceph: stderr
2024-04-25T20:43:55.989+0000 7fc7c97fa700 1 -- 172.21.15.33:0/3913112293 <== mon.0 v2:172.21.15.33:3300/0 5 ==== osd_map(3..3 src has 1..3) ==== 1155+0+0 (secure 0 0 0) 0x7fc7bc04d980 con 0x7fc7cc108650
2024-04-25T20:43:56.786 INFO:teuthology.orchestra.run.smithi033.stdout:/usr/bin/ceph: stderr
2024-04-25T20:43:55.989+0000 7fc7cb7fe700 1 --2- 172.21.15.33:0/3913112293 >> [v2:172.21.15.33:6800/391693404,v1:172.21.15.33:6801/391693404] conn(0x7fc7b4039760 0x7fc7b403bc20 unknown :-1 s=BANNER_CONNECTING pgs=0 cs=0 l=1 rev1=0 crypto rx=0 tx=0 comp rx=0 tx=0)._handle_peer_banner_payload supported=3 required=0
2024-04-25T20:43:56.786 INFO:teuthology.orchestra.run.smithi033.stdout:/usr/bin/ceph: stderr
2024-04-25T20:43:55.989+0000 7fc7cb7fe700 1 --2- 172.21.15.33:0/3913112293 >> [v2:172.21.15.33:6800/391693404,v1:172.21.15.33:6801/391693404] conn(0x7fc7b4039760 0x7fc7b403bc20 secure :-1 s=READY pgs=10 cs=0 l=1 rev1=1 crypto rx=0x7fc7c0006fd0 tx=0x7fc7c0006e40 comp rx=0 tx=0).ready entity=mgr.14148 client_cookie=0 server_cookie=0 in_seq=0 out_seq=0
2024-04-25T20:43:56.786 INFO:teuthology.orchestra.run.smithi033.stdout:/usr/bin/ceph: stderr
2024-04-25T20:43:55.994+0000 7fc7c97fa700 1 -- 172.21.15.33:0/3913112293 <== mon.0 v2:172.21.15.33:3300/0 6 ==== mon_command_ack([{"prefix": "get_command_descriptions"}]=0 v0) ==== 72+0+188370 (secure 0 0 0) 0x7fc7bc00bc70 con 0x7fc7cc108650
2024-04-25T20:43:56.786 INFO:teuthology.orchestra.run.smithi033.stdout:/usr/bin/ceph: stderr
2024-04-25T20:43:56.200+0000 7fc7d282c700 1 -- 172.21.15.33:0/3913112293 --> [v2:172.21.15.33:3300/0,v1:172.21.15.33:6789/0] -- mon_command([{prefix=config set, name=osd_memory_target_autotune}] v 0) -- 0x7fc7cc1a2180 con 0x7fc7cc108650
2024-04-25T20:43:56.786 INFO:teuthology.orchestra.run.smithi033.stdout:/usr/bin/ceph: stderr
2024-04-25T20:43:56.201+0000 7fc7c97fa700 1 -- 172.21.15.33:0/3913112293 <== mon.0 v2:172.21.15.33:3300/0 7 ==== mon_command_ack([{prefix=config set, name=osd_memory_target_autotune}]=0 v8)=0 v8) ==== 127+0+0 (secure 0 0 0) 0x7fc7bc01ab40 con 0x7fc7cc108650
2024-04-25T20:43:56.786 INFO:teuthology.orchestra.run.smithi033.stdout:/usr/bin/ceph: stderr
2024-04-25T20:43:56.203+0000 7fc7d282c700 1 -- 172.21.15.33:0/3913112293 >> [v2:172.21.15.33:6800/391693404,v1:172.21.15.33:6801/391693404] conn(0x7fc7b4039760 msgr2=0x7fc7b403bc20 secure :-1 s=STATE_CONNECTION_ESTABLISHED l=1).mark_down
2024-04-25T20:43:56.786 INFO:teuthology.orchestra.run.smithi033.stdout:/usr/bin/ceph: stderr
2024-04-25T20:43:56.203+0000 7fc7d282c700 1 --2- 172.21.15.33:0/3913112293 >> [v2:172.21.15.33:6800/391693404,v1:172.21.15.33:6801/391693404] conn(0x7fc7b4039760 0x7fc7b403bc20 secure :-1 s=READY pgs=10 cs=0 l=1 rev1=1 crypto rx=0x7fc7c0006fd0 tx=0x7fc7c0006e40 comp rx=0 tx=0).stop
2024-04-25T20:43:56.786 INFO:teuthology.orchestra.run.smithi033.stdout:/usr/bin/ceph: stderr
2024-04-25T20:43:56.203+0000 7fc7d282c700 1 -- 172.21.15.33:0/3913112293 >> [v2:172.21.15.33:3300/0,v1:172.21.15.33:6789/0] conn(0x7fc7cc108650 msgr2=0x7fc7cc19e6a0 secure :-1 s=STATE_CONNECTION_ESTABLISHED l=1).mark_down
