2024-04-25T20:49:36.083+0000 7ff28dffb700 1 -- 172.21.15.47:0/1943154585 <== mon.0 v2:172.21.15.47:3300/0 1 ==== mon_map magic: 0 ==== 205+0+0 (secure 0 0 0) 0x7ff280004160 con 0x7ff290108670
2024-04-25T20:49:37.066 INFO:teuthology.orchestra.run.smithi047.stdout:/usr/bin/ceph: stderr
2024-04-25T20:49:36.083+0000 7ff28dffb700 1 -- 172.21.15.47:0/1943154585 <== mon.0 v2:172.21.15.47:3300/0 2 ==== config(26 keys) ==== 1101+0+0 (secure 0 0 0) 0x7ff280004300 con 0x7ff290108670
2024-04-25T20:49:37.066 INFO:teuthology.orchestra.run.smithi047.stdout:/usr/bin/ceph: stderr
2024-04-25T20:49:36.083+0000 7ff28dffb700 1 -- 172.21.15.47:0/1943154585 <== mon.0 v2:172.21.15.47:3300/0 3 ==== mon_map magic: 0 ==== 205+0+0 (secure 0 0 0) 0x7ff280011a20 con 0x7ff290108670
2024-04-25T20:49:37.067 INFO:teuthology.orchestra.run.smithi047.stdout:/usr/bin/ceph: stderr
2024-04-25T20:49:36.083+0000 7ff29558f700 1 -- 172.21.15.47:0/1943154585 >> [v2:172.21.15.47:3300/0,v1:172.21.15.47:6789/0] conn(0x7ff290108670 msgr2=0x7ff290108a90 secure :-1 s=STATE_CONNECTION_ESTABLISHED l=1).mark_down
2024-04-25T20:49:37.067 INFO:teuthology.orchestra.run.smithi047.stdout:/usr/bin/ceph: stderr
2024-04-25T20:49:36.083+0000 7ff29558f700 1 --2- 172.21.15.47:0/1943154585 >> [v2:172.21.15.47:3300/0,v1:172.21.15.47:6789/0] conn(0x7ff290108670 0x7ff290108a90 secure :-1 s=READY pgs=53 cs=0 l=1 rev1=1 crypto rx=0x7ff2800098a0 tx=0x7ff280009bb0 comp rx=0 tx=0).stop
2024-04-25T20:49:37.067 INFO:teuthology.orchestra.run.smithi047.stdout:/usr/bin/ceph: stderr
2024-04-25T20:49:36.083+0000 7ff29558f700 1 -- 172.21.15.47:0/1943154585 shutdown_connections
2024-04-25T20:49:37.067 INFO:teuthology.orchestra.run.smithi047.stdout:/usr/bin/ceph: stderr
2024-04-25T20:49:36.083+0000 7ff29558f700 1 --2- 172.21.15.47:0/1943154585 >> [v2:172.21.15.47:3300/0,v1:172.21.15.47:6789/0] conn(0x7ff290108670 0x7ff290108a90 unknown :-1 s=CLOSED pgs=53 cs=0 l=1 rev1=1 crypto rx=0 tx=0 comp rx=0 tx=0).stop
2024-04-25T20:49:37.067 INFO:teuthology.orchestra.run.smithi047.stdout:/usr/bin/ceph: stderr
2024-04-25T20:49:36.083+0000 7ff29558f700 1 -- 172.21.15.47:0/1943154585 >> 172.21.15.47:0/1943154585 conn(0x7ff290103c30 msgr2=0x7ff290106050 unknown :-1 s=STATE_NONE l=0).mark_down
2024-04-25T20:49:37.067 INFO:teuthology.orchestra.run.smithi047.stdout:/usr/bin/ceph: stderr
2024-04-25T20:49:36.083+0000 7ff29558f700 1 -- 172.21.15.47:0/1943154585 shutdown_connections
2024-04-25T20:49:37.067 INFO:teuthology.orchestra.run.smithi047.stdout:/usr/bin/ceph: stderr
2024-04-25T20:49:36.083+0000 7ff29558f700 1 -- 172.21.15.47:0/1943154585 wait complete.
2024-04-25T20:49:37.067 INFO:teuthology.orchestra.run.smithi047.stdout:/usr/bin/ceph: stderr
2024-04-25T20:49:36.084+0000 7ff29558f700 1 Processor -- start
2024-04-25T20:49:37.067 INFO:teuthology.orchestra.run.smithi047.stdout:/usr/bin/ceph: stderr
2024-04-25T20:49:36.084+0000 7ff29558f700 1 -- start start
2024-04-25T20:49:37.067 INFO:teuthology.orchestra.run.smithi047.stdout:/usr/bin/ceph: stderr
2024-04-25T20:49:36.084+0000 7ff29558f700 1 --2- >> [v2:172.21.15.47:3300/0,v1:172.21.15.47:6789/0] conn(0x7ff290108670 0x7ff29007eb70 unknown :-1 s=NONE pgs=0 cs=0 l=1 rev1=0 crypto rx=0 tx=0 comp rx=0 tx=0).connect
2024-04-25T20:49:37.067 INFO:teuthology.orchestra.run.smithi047.stdout:/usr/bin/ceph: stderr
2024-04-25T20:49:36.084+0000 7ff29558f700 1 -- --> [v2:172.21.15.47:3300/0,v1:172.21.15.47:6789/0] -- mon_getmap magic: 0 -- 0x7ff29010cbd0 con 0x7ff290108670
2024-04-25T20:49:37.067 INFO:teuthology.orchestra.run.smithi047.stdout:/usr/bin/ceph: stderr
2024-04-25T20:49:36.085+0000 7ff28effd700 1 --2- >> [v2:172.21.15.47:3300/0,v1:172.21.15.47:6789/0] conn(0x7ff290108670 0x7ff29007eb70 unknown :-1 s=BANNER_CONNECTING pgs=0 cs=0 l=1 rev1=0 crypto rx=0 tx=0 comp rx=0 tx=0)._handle_peer_banner_payload supported=3 required=0
2024-04-25T20:49:37.067 INFO:teuthology.orchestra.run.smithi047.stdout:/usr/bin/ceph: stderr
2024-04-25T20:49:36.085+0000 7ff28effd700 1 --2- >> [v2:172.21.15.47:3300/0,v1:172.21.15.47:6789/0] conn(0x7ff290108670 0x7ff29007eb70 unknown :-1 s=HELLO_CONNECTING pgs=0 cs=0 l=1 rev1=1 crypto rx=0 tx=0 comp rx=0 tx=0).handle_hello peer v2:172.21.15.47:3300/0 says I am v2:172.21.15.47:48864/0 (socket says 172.21.15.47:48864)
2024-04-25T20:49:37.068 INFO:teuthology.orchestra.run.smithi047.stdout:/usr/bin/ceph: stderr
2024-04-25T20:49:36.085+0000 7ff28effd700 1 -- 172.21.15.47:0/968111179 learned_addr learned my addr 172.21.15.47:0/968111179 (peer_addr_for_me v2:172.21.15.47:0/0)
2024-04-25T20:49:37.068 INFO:teuthology.orchestra.run.smithi047.stdout:/usr/bin/ceph: stderr
2024-04-25T20:49:36.085+0000 7ff28effd700 1 -- 172.21.15.47:0/968111179 --> [v2:172.21.15.47:3300/0,v1:172.21.15.47:6789/0] -- mon_subscribe({config=0+,monmap=0+}) -- 0x7ff29007f0b0 con 0x7ff290108670
2024-04-25T20:49:37.068 INFO:teuthology.orchestra.run.smithi047.stdout:/usr/bin/ceph: stderr
2024-04-25T20:49:36.085+0000 7ff28effd700 1 --2- 172.21.15.47:0/968111179 >> [v2:172.21.15.47:3300/0,v1:172.21.15.47:6789/0] conn(0x7ff290108670 0x7ff29007eb70 secure :-1 s=READY pgs=54 cs=0 l=1 rev1=1 crypto rx=0x7ff2800119f0 tx=0x7ff280011ad0 comp rx=0 tx=0).ready entity=mon.0 client_cookie=0 server_cookie=0 in_seq=0 out_seq=0
2024-04-25T20:49:37.068 INFO:teuthology.orchestra.run.smithi047.stdout:/usr/bin/ceph: stderr
2024-04-25T20:49:36.085+0000 7ff277fff700 1 -- 172.21.15.47:0/968111179 <== mon.0 v2:172.21.15.47:3300/0 1 ==== mon_map magic: 0 ==== 205+0+0 (secure 0 0 0) 0x7ff2800039e0 con 0x7ff290108670
2024-04-25T20:49:37.068 INFO:teuthology.orchestra.run.smithi047.stdout:/usr/bin/ceph: stderr
2024-04-25T20:49:36.085+0000 7ff29558f700 1 -- 172.21.15.47:0/968111179 --> [v2:172.21.15.47:3300/0,v1:172.21.15.47:6789/0] -- mon_subscribe({mgrmap=0+}) -- 0x7ff29007d2a0 con 0x7ff290108670
2024-04-25T20:49:37.068 INFO:teuthology.orchestra.run.smithi047.stdout:/usr/bin/ceph: stderr
2024-04-25T20:49:36.085+0000 7ff277fff700 1 -- 172.21.15.47:0/968111179 <== mon.0 v2:172.21.15.47:3300/0 2 ==== config(26 keys) ==== 1101+0+0 (secure 0 0 0) 0x7ff28001b8f0 con 0x7ff290108670
2024-04-25T20:49:37.068 INFO:teuthology.orchestra.run.smithi047.stdout:/usr/bin/ceph: stderr
2024-04-25T20:49:36.085+0000 7ff277fff700 1 -- 172.21.15.47:0/968111179 <== mon.0 v2:172.21.15.47:3300/0 3 ==== mon_map magic: 0 ==== 205+0+0 (secure 0 0 0) 0x7ff2800237a0 con 0x7ff290108670
2024-04-25T20:49:37.068 INFO:teuthology.orchestra.run.smithi047.stdout:/usr/bin/ceph: stderr
2024-04-25T20:49:36.085+0000 7ff29558f700 1 -- 172.21.15.47:0/968111179 --> [v2:172.21.15.47:3300/0,v1:172.21.15.47:6789/0] -- mon_subscribe({osdmap=0}) -- 0x7ff29007d7e0 con 0x7ff290108670
2024-04-25T20:49:37.068 INFO:teuthology.orchestra.run.smithi047.stdout:/usr/bin/ceph: stderr
2024-04-25T20:49:36.086+0000 7ff277fff700 1 -- 172.21.15.47:0/968111179 <== mon.0 v2:172.21.15.47:3300/0 4 ==== mgrmap(e 8) ==== 46558+0+0 (secure 0 0 0) 0x7ff28001b440 con 0x7ff290108670
2024-04-25T20:49:37.068 INFO:teuthology.orchestra.run.smithi047.stdout:/usr/bin/ceph: stderr
2024-04-25T20:49:36.086+0000 7ff29558f700 1 -- 172.21.15.47:0/968111179 --> [v2:172.21.15.47:3300/0,v1:172.21.15.47:6789/0] -- mon_command({"prefix": "get_command_descriptions"} v 0) -- 0x7ff29010cd50 con 0x7ff290108670
2024-04-25T20:49:37.068 INFO:teuthology.orchestra.run.smithi047.stdout:/usr/bin/ceph: stderr
2024-04-25T20:49:36.086+0000 7ff277fff700 1 --2- 172.21.15.47:0/968111179 >> [v2:172.21.15.47:6800/2212759557,v1:172.21.15.47:6801/2212759557] conn(0x7ff278039560 0x7ff27803ba20 unknown :-1 s=NONE pgs=0 cs=0 l=1 rev1=0 crypto rx=0 tx=0 comp rx=0 tx=0).connect
2024-04-25T20:49:37.068 INFO:teuthology.orchestra.run.smithi047.stdout:/usr/bin/ceph: stderr
2024-04-25T20:49:36.086+0000 7ff277fff700 1 -- 172.21.15.47:0/968111179 <== mon.0 v2:172.21.15.47:3300/0 5 ==== osd_map(2..2 src has 1..2) ==== 940+0+0 (secure 0 0 0) 0x7ff28004de80 con 0x7ff290108670
2024-04-25T20:49:37.068 INFO:teuthology.orchestra.run.smithi047.stdout:/usr/bin/ceph: stderr
2024-04-25T20:49:36.086+0000 7ff28e7fc700 1 --2- 172.21.15.47:0/968111179 >> [v2:172.21.15.47:6800/2212759557,v1:172.21.15.47:6801/2212759557] conn(0x7ff278039560 0x7ff27803ba20 unknown :-1 s=BANNER_CONNECTING pgs=0 cs=0 l=1 rev1=0 crypto rx=0 tx=0 comp rx=0 tx=0)._handle_peer_banner_payload supported=3 required=0
2024-04-25T20:49:37.068 INFO:teuthology.orchestra.run.smithi047.stdout:/usr/bin/ceph: stderr
2024-04-25T20:49:36.087+0000 7ff28e7fc700 1 --2- 172.21.15.47:0/968111179 >> [v2:172.21.15.47:6800/2212759557,v1:172.21.15.47:6801/2212759557] conn(0x7ff278039560 0x7ff27803ba20 secure :-1 s=READY pgs=15 cs=0 l=1 rev1=1 crypto rx=0x7ff284006fd0 tx=0x7ff284006e40 comp rx=0 tx=0).ready entity=mgr.14120 client_cookie=0 server_cookie=0 in_seq=0 out_seq=0
2024-04-25T20:49:37.069 INFO:teuthology.orchestra.run.smithi047.stdout:/usr/bin/ceph: stderr
2024-04-25T20:49:36.091+0000 7ff277fff700 1 -- 172.21.15.47:0/968111179 <== mon.0 v2:172.21.15.47:3300/0 6 ==== mon_command_ack([{"prefix": "get_command_descriptions"}]=0 v0) ==== 72+0+188370 (secure 0 0 0) 0x7ff28001f030 con 0x7ff290108670
2024-04-25T20:49:37.069 INFO:teuthology.orchestra.run.smithi047.stdout:/usr/bin/ceph: stderr
2024-04-25T20:49:36.310+0000 7ff29558f700 1 -- 172.21.15.47:0/968111179 --> [v2:172.21.15.47:3300/0,v1:172.21.15.47:6789/0] -- mon_command([{prefix=config set, name=mgr/dashboard/ssl_server_port}] v 0) -- 0x7ff2900640a0 con 0x7ff290108670
2024-04-25T20:49:37.069 INFO:teuthology.orchestra.run.smithi047.stdout:/usr/bin/ceph: stderr
2024-04-25T20:49:36.312+0000 7ff277fff700 1 -- 172.21.15.47:0/968111179 <== mon.0 v2:172.21.15.47:3300/0 7 ==== mon_command_ack([{prefix=config set, name=mgr/dashboard/ssl_server_port}]=0 v8)=0 v8) ==== 130+0+0 (secure 0 0 0) 0x7ff28002cdb0 con 0x7ff290108670
2024-04-25T20:49:37.069 INFO:teuthology.orchestra.run.smithi047.stdout:/usr/bin/ceph: stderr
2024-04-25T20:49:36.315+0000 7ff29558f700 1 -- 172.21.15.47:0/968111179 >> [v2:172.21.15.47:6800/2212759557,v1:172.21.15.47:6801/2212759557] conn(0x7ff278039560 msgr2=0x7ff27803ba20 secure :-1 s=STATE_CONNECTION_ESTABLISHED l=1).mark_down
2024-04-25T20:49:37.069 INFO:teuthology.orchestra.run.smithi047.stdout:/usr/bin/ceph: stderr
2024-04-25T20:49:36.315+0000 7ff29558f700 1 --2- 172.21.15.47:0/968111179 >> [v2:172.21.15.47:6800/2212759557,v1:172.21.15.47:6801/2212759557] conn(0x7ff278039560 0x7ff27803ba20 secure :-1 s=READY pgs=15 cs=0 l=1 rev1=1 crypto rx=0x7ff284006fd0 tx=0x7ff284006e40 comp rx=0 tx=0).stop
2024-04-25T20:49:37.069 INFO:teuthology.orchestra.run.smithi047.stdout:/usr/bin/ceph: stderr
2024-04-25T20:49:36.315+0000 7ff29558f700 1 -- 172.21.15.47:0/968111179 >> [v2:172.21.15.47:3300/0,v1:172.21.15.47:6789/0] conn(0x7ff290108670 msgr2=0x7ff29007eb70 secure :-1 s=STATE_CONNECTION_ESTABLISHED l=1).mark_down
2024-04-25T20:49:37.069 INFO:teuthology.orchestra.run.smithi047.stdout:/usr/bin/ceph: stderr
2024-04-25T20:49:36.315+0000 7ff29558f700 1 --2- 172.21.15.47:0/968111179 >> [v2:172.21.15.47:3300/0,v1:172.21.15.47:6789/0] conn(0x7ff290108670 0x7ff29007eb70 secure :-1 s=READY pgs=54 cs=0 l=1 rev1=1 crypto rx=0x7ff2800119f0 tx=0x7ff280011ad0 comp rx=0 tx=0).stop
2024-04-25T20:49:37.069 INFO:teuthology.orchestra.run.smithi047.stdout:/usr/bin/ceph: stderr
2024-04-25T20:49:36.315+0000 7ff29558f700 1 -- 172.21.15.47:0/968111179 shutdown_connections
2024-04-25T20:49:37.069 INFO:teuthology.orchestra.run.smithi047.stdout:/usr/bin/ceph: stderr
2024-04-25T20:49:36.315+0000 7ff29558f700 1 --2- 172.21.15.47:0/968111179 >> [v2:172.21.15.47:6800/2212759557,v1:172.21.15.47:6801/2212759557] conn(0x7ff278039560 0x7ff27803ba20 unknown :-1 s=CLOSED pgs=15 cs=0 l=1 rev1=1 crypto rx=0 tx=0 comp rx=0 tx=0).stop
2024-04-25T20:49:37.069 INFO:teuthology.orchestra.run.smithi047.stdout:/usr/bin/ceph: stderr
2024-04-25T20:49:36.315+0000 7ff29558f700 1 --2- 172.21.15.47:0/968111179 >> [v2:172.21.15.47:3300/0,v1:172.21.15.47:6789/0] conn(0x7ff290108670 0x7ff29007eb70 unknown :-1 s=CLOSED pgs=54 cs=0 l=1 rev1=1 crypto rx=0 tx=0 comp rx=0 tx=0).stop
2024-04-25T20:49:37.069 INFO:teuthology.orchestra.run.smithi047.stdout:/usr/bin/ceph: stderr
2024-04-25T20:49:36.315+0000 7ff29558f700 1 -- 172.21.15.47:0/968111179 >> 172.21.15.47:0/968111179 conn(0x7ff290103c30 msgr2=0x7ff290104720 unknown :-1 s=STATE_NONE l=0).mark_down
2024-04-25T20:49:37.069 INFO:teuthology.orchestra.run.smithi047.stdout:/usr/bin/ceph: stderr
2024-04-25T20:49:36.315+0000 7ff29558f700 1 -- 172.21.15.47:0/968111179 shutdown_connections
2024-04-25T20:49:37.069 INFO:teuthology.orchestra.run.smithi047.stdout:/usr/bin/ceph: stderr
2024-04-25T20:49:36.315+0000 7ff29558f700 1 -- 172.21.15.47:0/968111179 wait complete.
2024-04-25T20:49:37.069 INFO:teuthology.orchestra.run.smithi047.stdout:Enabling the dashboard module...
2024-04-25T20:49:37.611 INFO:journalctl@ceph.mon.a.smithi047.stdout:Apr 25 20:49:37 smithi047 ceph-mon[29195]: from='client.? 172.21.15.47:0/968111179' entity='client.admin'
2024-04-25T20:49:38.861 INFO:journalctl@ceph.mon.a.smithi047.stdout:Apr 25 20:49:38 smithi047 ceph-mon[29195]: from='mgr.14120 172.21.15.47:0/450164187' entity='mgr.x'
2024-04-25T20:49:38.861 INFO:journalctl@ceph.mon.a.smithi047.stdout:Apr 25 20:49:38 smithi047 ceph-mon[29195]: from='client.? 172.21.15.47:0/1627697410' entity='client.admin' cmd=[{"prefix": "mgr module enable", "module": "dashboard"}]: dispatch
2024-04-25T20:49:38.861 INFO:journalctl@ceph.mgr.x.smithi047.stdout:Apr 25 20:49:38 smithi047 ceph-0ca8de06-0345-11ef-bc93-c7b262605968-mgr-x[29422]: ignoring --setuser ceph since I am not root
2024-04-25T20:49:38.861 INFO:journalctl@ceph.mgr.x.smithi047.stdout:Apr 25 20:49:38 smithi047 ceph-0ca8de06-0345-11ef-bc93-c7b262605968-mgr-x[29422]: ignoring --setgroup ceph since I am not root
2024-04-25T20:49:38.862 INFO:journalctl@ceph.mgr.x.smithi047.stdout:Apr 25 20:49:38 smithi047 ceph-0ca8de06-0345-11ef-bc93-c7b262605968-mgr-x[29422]:
2024-04-25T20:49:38.791+0000 7f9889101200 -1 mgr[py] Module balancer has missing NOTIFY_TYPES member
2024-04-25T20:49:39.357 INFO:journalctl@ceph.mgr.x.smithi047.stdout:Apr 25 20:49:38 smithi047 ceph-0ca8de06-0345-11ef-bc93-c7b262605968-mgr-x[29422]:
2024-04-25T20:49:38.987+0000 7f9889101200 -1 mgr[py] Module orchestrator has missing NOTIFY_TYPES member
2024-04-25T20:49:39.357 INFO:journalctl@ceph.mgr.x.smithi047.stdout:Apr 25 20:49:39 smithi047 ceph-0ca8de06-0345-11ef-bc93-c7b262605968-mgr-x[29422]:
2024-04-25T20:49:39.094+0000 7f9889101200 -1 mgr[py] Module snap_schedule has missing NOTIFY_TYPES member
2024-04-25T20:49:39.365 INFO:teuthology.orchestra.run.smithi047.stdout:/usr/bin/ceph: stderr
2024-04-25T20:49:37.852+0000 7f9cb8b2f700 1 Processor -- start
2024-04-25T20:49:39.365 INFO:teuthology.orchestra.run.smithi047.stdout:/usr/bin/ceph: stderr
2024-04-25T20:49:37.852+0000 7f9cb8b2f700 1 -- start start
2024-04-25T20:49:39.365 INFO:teuthology.orchestra.run.smithi047.stdout:/usr/bin/ceph: stderr
2024-04-25T20:49:37.852+0000 7f9cb8b2f700 1 --2- >> [v2:172.21.15.47:3300/0,v1:172.21.15.47:6789/0] conn(0x7f9cb4108610 0x7f9cb4108a30 unknown :-1 s=NONE pgs=0 cs=0 l=0 rev1=0 crypto rx=0 tx=0 comp rx=0 tx=0).connect
2024-04-25T20:49:39.365 INFO:teuthology.orchestra.run.smithi047.stdout:/usr/bin/ceph: stderr
2024-04-25T20:49:37.852+0000 7f9cb8b2f700 1 -- --> [v2:172.21.15.47:3300/0,v1:172.21.15.47:6789/0] -- mon_getmap magic: 0 -- 0x7f9cb4109000 con 0x7f9cb4108610
2024-04-25T20:49:39.365 INFO:teuthology.orchestra.run.smithi047.stdout:/usr/bin/ceph: stderr
2024-04-25T20:49:37.853+0000 7f9cb259c700 1 --2- >> [v2:172.21.15.47:3300/0,v1:172.21.15.47:6789/0] conn(0x7f9cb4108610 0x7f9cb4108a30 unknown :-1 s=BANNER_CONNECTING pgs=0 cs=0 l=0 rev1=0 crypto rx=0 tx=0 comp rx=0 tx=0)._handle_peer_banner_payload supported=3 required=0
2024-04-25T20:49:39.366 INFO:teuthology.orchestra.run.smithi047.stdout:/usr/bin/ceph: stderr
2024-04-25T20:49:37.853+0000 7f9cb259c700 1 --2- >> [v2:172.21.15.47:3300/0,v1:172.21.15.47:6789/0] conn(0x7f9cb4108610 0x7f9cb4108a30 unknown :-1 s=HELLO_CONNECTING pgs=0 cs=0 l=0 rev1=1 crypto rx=0 tx=0 comp rx=0 tx=0).handle_hello peer v2:172.21.15.47:3300/0 says I am v2:172.21.15.47:48876/0 (socket says 172.21.15.47:48876)
2024-04-25T20:49:39.366 INFO:teuthology.orchestra.run.smithi047.stdout:/usr/bin/ceph: stderr
2024-04-25T20:49:37.853+0000 7f9cb259c700 1 -- 172.21.15.47:0/3495528646 learned_addr learned my addr 172.21.15.47:0/3495528646 (peer_addr_for_me v2:172.21.15.47:0/0)
2024-04-25T20:49:39.366 INFO:teuthology.orchestra.run.smithi047.stdout:/usr/bin/ceph: stderr
2024-04-25T20:49:37.853+0000 7f9cb259c700 1 -- 172.21.15.47:0/3495528646 --> [v2:172.21.15.47:3300/0,v1:172.21.15.47:6789/0] -- mon_subscribe({config=0+,monmap=0+}) -- 0x7f9cb4109810 con 0x7f9cb4108610
2024-04-25T20:49:39.366 INFO:teuthology.orchestra.run.smithi047.stdout:/usr/bin/ceph: stderr
2024-04-25T20:49:37.853+0000 7f9cb259c700 1 --2- 172.21.15.47:0/3495528646 >> [v2:172.21.15.47:3300/0,v1:172.21.15.47:6789/0] conn(0x7f9cb4108610 0x7f9cb4108a30 secure :-1 s=READY pgs=55 cs=0 l=1 rev1=1 crypto rx=0x7f9ca40098a0 tx=0x7f9ca4009bb0 comp rx=0 tx=0).ready entity=mon.0 client_cookie=14b1f70c8cdd25fe server_cookie=0 in_seq=0 out_seq=0
2024-04-25T20:49:39.366 INFO:teuthology.orchestra.run.smithi047.stdout:/usr/bin/ceph: stderr
2024-04-25T20:49:37.853+0000 7f9cb159a700 1 -- 172.21.15.47:0/3495528646 <== mon.0 v2:172.21.15.47:3300/0 1 ==== mon_map magic: 0 ==== 205+0+0 (secure 0 0 0) 0x7f9ca4004160 con 0x7f9cb4108610
2024-04-25T20:49:39.366 INFO:teuthology.orchestra.run.smithi047.stdout:/usr/bin/ceph: stderr
2024-04-25T20:49:37.853+0000 7f9cb159a700 1 -- 172.21.15.47:0/3495528646 <== mon.0 v2:172.21.15.47:3300/0 2 ==== config(26 keys) ==== 1101+0+0 (secure 0 0 0) 0x7f9ca4004300 con 0x7f9cb4108610
2024-04-25T20:49:39.366 INFO:teuthology.orchestra.run.smithi047.stdout:/usr/bin/ceph: stderr
2024-04-25T20:49:37.853+0000 7f9cb159a700 1 -- 172.21.15.47:0/3495528646 <== mon.0 v2:172.21.15.47:3300/0 3 ==== mon_map magic: 0 ==== 205+0+0 (secure 0 0 0) 0x7f9ca4011a20 con 0x7f9cb4108610
2024-04-25T20:49:39.366 INFO:teuthology.orchestra.run.smithi047.stdout:/usr/bin/ceph: stderr
2024-04-25T20:49:37.854+0000 7f9cb8b2f700 1 -- 172.21.15.47:0/3495528646 >> [v2:172.21.15.47:3300/0,v1:172.21.15.47:6789/0] conn(0x7f9cb4108610 msgr2=0x7f9cb4108a30 secure :-1 s=STATE_CONNECTION_ESTABLISHED l=1).mark_down
2024-04-25T20:49:39.366 INFO:teuthology.orchestra.run.smithi047.stdout:/usr/bin/ceph: stderr
2024-04-25T20:49:37.854+0000 7f9cb8b2f700 1 --2- 172.21.15.47:0/3495528646 >> [v2:172.21.15.47:3300/0,v1:172.21.15.47:6789/0] conn(0x7f9cb4108610 0x7f9cb4108a30 secure :-1 s=READY pgs=55 cs=0 l=1 rev1=1 crypto rx=0x7f9ca40098a0 tx=0x7f9ca4009bb0 comp rx=0 tx=0).stop
2024-04-25T20:49:39.366 INFO:teuthology.orchestra.run.smithi047.stdout:/usr/bin/ceph: stderr
2024-04-25T20:49:37.855+0000 7f9cb8b2f700 1 -- 172.21.15.47:0/3495528646 shutdown_connections
2024-04-25T20:49:39.366 INFO:teuthology.orchestra.run.smithi047.stdout:/usr/bin/ceph: stderr
2024-04-25T20:49:37.855+0000 7f9cb8b2f700 1 --2- 172.21.15.47:0/3495528646 >> [v2:172.21.15.47:3300/0,v1:172.21.15.47:6789/0] conn(0x7f9cb4108610 0x7f9cb4108a30 unknown :-1 s=CLOSED pgs=55 cs=0 l=1 rev1=1 crypto rx=0 tx=0 comp rx=0 tx=0).stop
2024-04-25T20:49:39.366 INFO:teuthology.orchestra.run.smithi047.stdout:/usr/bin/ceph: stderr
2024-04-25T20:49:37.855+0000 7f9cb8b2f700 1 -- 172.21.15.47:0/3495528646 >> 172.21.15.47:0/3495528646 conn(0x7f9cb4103c70 msgr2=0x7f9cb4106090 unknown :-1 s=STATE_NONE l=0).mark_down
2024-04-25T20:49:39.366 INFO:teuthology.orchestra.run.smithi047.stdout:/usr/bin/ceph: stderr
2024-04-25T20:49:37.855+0000 7f9cb8b2f700 1 -- 172.21.15.47:0/3495528646 shutdown_connections
2024-04-25T20:49:39.367 INFO:teuthology.orchestra.run.smithi047.stdout:/usr/bin/ceph: stderr
2024-04-25T20:49:37.855+0000 7f9cb8b2f700 1 -- 172.21.15.47:0/3495528646 wait complete.
2024-04-25T20:49:39.367 INFO:teuthology.orchestra.run.smithi047.stdout:/usr/bin/ceph: stderr
2024-04-25T20:49:37.855+0000 7f9cb8b2f700 1 Processor -- start
2024-04-25T20:49:39.367 INFO:teuthology.orchestra.run.smithi047.stdout:/usr/bin/ceph: stderr
2024-04-25T20:49:37.856+0000 7f9cb8b2f700 1 -- start start
2024-04-25T20:49:39.367 INFO:teuthology.orchestra.run.smithi047.stdout:/usr/bin/ceph: stderr
2024-04-25T20:49:37.856+0000 7f9cb8b2f700 1 --2- >> [v2:172.21.15.47:3300/0,v1:172.21.15.47:6789/0] conn(0x7f9cb4108610 0x7f9cb419c4b0 unknown :-1 s=NONE pgs=0 cs=0 l=1 rev1=0 crypto rx=0 tx=0 comp rx=0 tx=0).connect
2024-04-25T20:49:39.367 INFO:teuthology.orchestra.run.smithi047.stdout:/usr/bin/ceph: stderr
2024-04-25T20:49:37.856+0000 7f9cb8b2f700 1 -- --> [v2:172.21.15.47:3300/0,v1:172.21.15.47:6789/0] -- mon_getmap magic: 0 -- 0x7f9cb410cbc0 con 0x7f9cb4108610
2024-04-25T20:49:39.367 INFO:teuthology.orchestra.run.smithi047.stdout:/usr/bin/ceph: stderr
2024-04-25T20:49:37.856+0000 7f9cb259c700 1 --2- >> [v2:172.21.15.47:3300/0,v1:172.21.15.47:6789/0] conn(0x7f9cb4108610 0x7f9cb419c4b0 unknown :-1 s=BANNER_CONNECTING pgs=0 cs=0 l=1 rev1=0 crypto rx=0 tx=0 comp rx=0 tx=0)._handle_peer_banner_payload supported=3 required=0
2024-04-25T20:49:39.367 INFO:teuthology.orchestra.run.smithi047.stdout:/usr/bin/ceph: stderr
2024-04-25T20:49:37.856+0000 7f9cb259c700 1 --2- >> [v2:172.21.15.47:3300/0,v1:172.21.15.47:6789/0] conn(0x7f9cb4108610 0x7f9cb419c4b0 unknown :-1 s=HELLO_CONNECTING pgs=0 cs=0 l=1 rev1=1 crypto rx=0 tx=0 comp rx=0 tx=0).handle_hello peer v2:172.21.15.47:3300/0 says I am v2:172.21.15.47:48880/0 (socket says 172.21.15.47:48880)
2024-04-25T20:49:39.367 INFO:teuthology.orchestra.run.smithi047.stdout:/usr/bin/ceph: stderr
2024-04-25T20:49:37.856+0000 7f9cb259c700 1 -- 172.21.15.47:0/1627697410 learned_addr learned my addr 172.21.15.47:0/1627697410 (peer_addr_for_me v2:172.21.15.47:0/0)
2024-04-25T20:49:39.367 INFO:teuthology.orchestra.run.smithi047.stdout:/usr/bin/ceph: stderr
2024-04-25T20:49:37.856+0000 7f9cb259c700 1 -- 172.21.15.47:0/1627697410 --> [v2:172.21.15.47:3300/0,v1:172.21.15.47:6789/0] -- mon_subscribe({config=0+,monmap=0+}) -- 0x7f9cb419c9f0 con 0x7f9cb4108610
2024-04-25T20:49:39.367 INFO:teuthology.orchestra.run.smithi047.stdout:/usr/bin/ceph: stderr
2024-04-25T20:49:37.856+0000 7f9cb259c700 1 --2- 172.21.15.47:0/1627697410 >> [v2:172.21.15.47:3300/0,v1:172.21.15.47:6789/0] conn(0x7f9cb4108610 0x7f9cb419c4b0 secure :-1 s=READY pgs=56 cs=0 l=1 rev1=1 crypto rx=0x7f9ca4000c00 tx=0x7f9ca4011aa0 comp rx=0 tx=0).ready entity=mon.0 client_cookie=0 server_cookie=0 in_seq=0 out_seq=0
2024-04-25T20:49:39.367 INFO:teuthology.orchestra.run.smithi047.stdout:/usr/bin/ceph: stderr
2024-04-25T20:49:37.857+0000 7f9ca37fe700 1 -- 172.21.15.47:0/1627697410 <== mon.0 v2:172.21.15.47:3300/0 1 ==== mon_map magic: 0 ==== 205+0+0 (secure 0 0 0) 0x7f9ca4003aa0 con 0x7f9cb4108610
2024-04-25T20:49:39.367 INFO:teuthology.orchestra.run.smithi047.stdout:/usr/bin/ceph: stderr
2024-04-25T20:49:37.857+0000 7f9ca37fe700 1 -- 172.21.15.47:0/1627697410 <== mon.0 v2:172.21.15.47:3300/0 2 ==== config(26 keys) ==== 1101+0+0 (secure 0 0 0) 0x7f9ca401b8f0 con 0x7f9cb4108610
2024-04-25T20:49:39.367 INFO:teuthology.orchestra.run.smithi047.stdout:/usr/bin/ceph: stderr
2024-04-25T20:49:37.857+0000 7f9cb8b2f700 1 -- 172.21.15.47:0/1627697410 --> [v2:172.21.15.47:3300/0,v1:172.21.15.47:6789/0] -- mon_subscribe({mgrmap=0+}) -- 0x7f9cb419cc80 con 0x7f9cb4108610
2024-04-25T20:49:39.368 INFO:teuthology.orchestra.run.smithi047.stdout:/usr/bin/ceph: stderr
2024-04-25T20:49:37.857+0000 7f9ca37fe700 1 -- 172.21.15.47:0/1627697410 <== mon.0 v2:172.21.15.47:3300/0 3 ==== mon_map magic: 0 ==== 205+0+0 (secure 0 0 0) 0x7f9ca4023890 con 0x7f9cb4108610
2024-04-25T20:49:39.368 INFO:teuthology.orchestra.run.smithi047.stdout:/usr/bin/ceph: stderr
2024-04-25T20:49:37.857+0000 7f9cb8b2f700 1 -- 172.21.15.47:0/1627697410 --> [v2:172.21.15.47:3300/0,v1:172.21.15.47:6789/0] -- mon_subscribe({osdmap=0}) -- 0x7f9cb419f970 con 0x7f9cb4108610
2024-04-25T20:49:39.368 INFO:teuthology.orchestra.run.smithi047.stdout:/usr/bin/ceph: stderr
2024-04-25T20:49:37.858+0000 7f9ca37fe700 1 -- 172.21.15.47:0/1627697410 <== mon.0 v2:172.21.15.47:3300/0 4 ==== mgrmap(e 8) ==== 46558+0+0 (secure 0 0 0) 0x7f9ca402c3f0 con 0x7f9cb4108610
2024-04-25T20:49:39.368 INFO:teuthology.orchestra.run.smithi047.stdout:/usr/bin/ceph: stderr
2024-04-25T20:49:37.858+0000 7f9ca37fe700 1 --2- 172.21.15.47:0/1627697410 >> [v2:172.21.15.47:6800/2212759557,v1:172.21.15.47:6801/2212759557] conn(0x7f9c9c0395b0 0x7f9c9c03ba70 unknown :-1 s=NONE pgs=0 cs=0 l=1 rev1=0 crypto rx=0 tx=0 comp rx=0 tx=0).connect
2024-04-25T20:49:39.368 INFO:teuthology.orchestra.run.smithi047.stdout:/usr/bin/ceph: stderr
2024-04-25T20:49:37.858+0000 7f9cb8b2f700 1 -- 172.21.15.47:0/1627697410 --> [v2:172.21.15.47:3300/0,v1:172.21.15.47:6789/0] -- mon_command({"prefix": "get_command_descriptions"} v 0) -- 0x7f9cb410cd40 con 0x7f9cb4108610
2024-04-25T20:49:39.368 INFO:teuthology.orchestra.run.smithi047.stdout:/usr/bin/ceph: stderr
2024-04-25T20:49:37.858+0000 7f9ca37fe700 1 -- 172.21.15.47:0/1627697410 <== mon.0 v2:172.21.15.47:3300/0 5 ==== osd_map(2..2 src has 1..2) ==== 940+0+0 (secure 0 0 0) 0x7f9ca404dfb0 con 0x7f9cb4108610
2024-04-25T20:49:39.368 INFO:teuthology.orchestra.run.smithi047.stdout:/usr/bin/ceph: stderr
2024-04-25T20:49:37.858+0000 7f9cb1d9b700 1 --2- 172.21.15.47:0/1627697410 >> [v2:172.21.15.47:6800/2212759557,v1:172.21.15.47:6801/2212759557] conn(0x7f9c9c0395b0 0x7f9c9c03ba70 unknown :-1 s=BANNER_CONNECTING pgs=0 cs=0 l=1 rev1=0 crypto rx=0 tx=0 comp rx=0 tx=0)._handle_peer_banner_payload supported=3 required=0
2024-04-25T20:49:39.368 INFO:teuthology.orchestra.run.smithi047.stdout:/usr/bin/ceph: stderr
2024-04-25T20:49:37.859+0000 7f9cb1d9b700 1 --2- 172.21.15.47:0/1627697410 >> [v2:172.21.15.47:6800/2212759557,v1:172.21.15.47:6801/2212759557] conn(0x7f9c9c0395b0 0x7f9c9c03ba70 secure :-1 s=READY pgs=16 cs=0 l=1 rev1=1 crypto rx=0x7f9ca8006fd0 tx=0x7f9ca8006e40 comp rx=0 tx=0).ready entity=mgr.14120 client_cookie=0 server_cookie=0 in_seq=0 out_seq=0
2024-04-25T20:49:39.368 INFO:teuthology.orchestra.run.smithi047.stdout:/usr/bin/ceph: stderr
2024-04-25T20:49:37.868+0000 7f9ca37fe700 1 -- 172.21.15.47:0/1627697410 <== mon.0 v2:172.21.15.47:3300/0 6 ==== mon_command_ack([{"prefix": "get_command_descriptions"}]=0 v0) ==== 72+0+188370 (secure 0 0 0) 0x7f9ca401f030 con 0x7f9cb4108610
2024-04-25T20:49:39.368 INFO:teuthology.orchestra.run.smithi047.stdout:/usr/bin/ceph: stderr
2024-04-25T20:49:38.140+0000 7f9cb8b2f700 1 -- 172.21.15.47:0/1627697410 --> [v2:172.21.15.47:3300/0,v1:172.21.15.47:6789/0] -- mon_command({"prefix": "mgr module enable", "module": "dashboard"} v 0) -- 0x7f9cb40640a0 con 0x7f9cb4108610
2024-04-25T20:49:39.368 INFO:teuthology.orchestra.run.smithi047.stdout:/usr/bin/ceph: stderr
2024-04-25T20:49:38.586+0000 7f9ca37fe700 1 -- 172.21.15.47:0/1627697410 <== mon.0 v2:172.21.15.47:3300/0 7 ==== mon_command_ack([{"prefix": "mgr module enable", "module": "dashboard"}]=0 v9) ==== 88+0+0 (secure 0 0 0) 0x7f9ca401bda0 con 0x7f9cb4108610
2024-04-25T20:49:39.368 INFO:teuthology.orchestra.run.smithi047.stdout:/usr/bin/ceph: stderr
2024-04-25T20:49:38.588+0000 7f9ca37fe700 1 -- 172.21.15.47:0/1627697410 <== mon.0 v2:172.21.15.47:3300/0 8 ==== mgrmap(e 9) ==== 46571+0+0 (secure 0 0 0) 0x7f9ca400bcb0 con 0x7f9cb4108610
2024-04-25T20:49:39.368 INFO:teuthology.orchestra.run.smithi047.stdout:/usr/bin/ceph: stderr
2024-04-25T20:49:38.589+0000 7f9cb8b2f700 1 -- 172.21.15.47:0/1627697410 >> [v2:172.21.15.47:6800/2212759557,v1:172.21.15.47:6801/2212759557] conn(0x7f9c9c0395b0 msgr2=0x7f9c9c03ba70 secure :-1 s=STATE_CONNECTION_ESTABLISHED l=1).mark_down
2024-04-25T20:49:39.369 INFO:teuthology.orchestra.run.smithi047.stdout:/usr/bin/ceph: stderr
2024-04-25T20:49:38.589+0000 7f9cb8b2f700 1 --2- 172.21.15.47:0/1627697410 >> [v2:172.21.15.47:6800/2212759557,v1:172.21.15.47:6801/2212759557] conn(0x7f9c9c0395b0 0x7f9c9c03ba70 secure :-1 s=READY pgs=16 cs=0 l=1 rev1=1 crypto rx=0x7f9ca8006fd0 tx=0x7f9ca8006e40 comp rx=0 tx=0).stop
2024-04-25T20:49:39.369 INFO:teuthology.orchestra.run.smithi047.stdout:/usr/bin/ceph: stderr
2024-04-25T20:49:38.589+0000 7f9cb8b2f700 1 -- 172.21.15.47:0/1627697410 >> [v2:172.21.15.47:3300/0,v1:172.21.15.47:6789/0] conn(0x7f9cb4108610 msgr2=0x7f9cb419c4b0 secure :-1 s=STATE_CONNECTION_ESTABLISHED l=1).mark_down
2024-04-25T20:49:39.369 INFO:teuthology.orchestra.run.smithi047.stdout:/usr/bin/ceph: stderr
2024-04-25T20:49:38.589+0000 7f9cb8b2f700 1 --2- 172.21.15.47:0/1627697410 >> [v2:172.21.15.47:3300/0,v1:172.21.15.47:6789/0] conn(0x7f9cb4108610 0x7f9cb419c4b0 secure :-1 s=READY pgs=56 cs=0 l=1 rev1=1 crypto rx=0x7f9ca4000c00 tx=0x7f9ca4011aa0 comp rx=0 tx=0).stop
2024-04-25T20:49:39.369 INFO:teuthology.orchestra.run.smithi047.stdout:/usr/bin/ceph: stderr
2024-04-25T20:49:38.589+0000 7f9cb8b2f700 1 -- 172.21.15.47:0/1627697410 shutdown_connections
2024-04-25T20:49:39.369 INFO:teuthology.orchestra.run.smithi047.stdout:/usr/bin/ceph: stderr
2024-04-25T20:49:38.589+0000 7f9cb8b2f700 1 --2- 172.21.15.47:0/1627697410 >> [v2:172.21.15.47:6800/2212759557,v1:172.21.15.47:6801/2212759557] conn(0x7f9c9c0395b0 0x7f9c9c03ba70 unknown :-1 s=CLOSED pgs=16 cs=0 l=1 rev1=1 crypto rx=0 tx=0 comp rx=0 tx=0).stop
2024-04-25T20:49:39.369 INFO:teuthology.orchestra.run.smithi047.stdout:/usr/bin/ceph: stderr
2024-04-25T20:49:38.589+0000 7f9cb8b2f700 1 --2- 172.21.15.47:0/1627697410 >> [v2:172.21.15.47:3300/0,v1:172.21.15.47:6789/0] conn(0x7f9cb4108610 0x7f9cb419c4b0 unknown :-1 s=CLOSED pgs=56 cs=0 l=1 rev1=1 crypto rx=0 tx=0 comp rx=0 tx=0).stop
2024-04-25T20:49:39.369 INFO:teuthology.orchestra.run.smithi047.stdout:/usr/bin/ceph: stderr
2024-04-25T20:49:38.589+0000 7f9cb8b2f700 1 -- 172.21.15.47:0/1627697410 >> 172.21.15.47:0/1627697410 conn(0x7f9cb4103c70 msgr2=0x7f9cb4104770 unknown :-1 s=STATE_NONE l=0).mark_down
2024-04-25T20:49:39.369 INFO:teuthology.orchestra.run.smithi047.stdout:/usr/bin/ceph: stderr
2024-04-25T20:49:38.589+0000 7f9cb8b2f700 1 -- 172.21.15.47:0/1627697410 shutdown_connections
2024-04-25T20:49:39.369 INFO:teuthology.orchestra.run.smithi047.stdout:/usr/bin/ceph: stderr
2024-04-25T20:49:38.589+0000 7f9cb8b2f700 1 -- 172.21.15.47:0/1627697410 wait complete.
2024-04-25T20:49:39.611 INFO:journalctl@ceph.mon.a.smithi047.stdout:Apr 25 20:49:39 smithi047 ceph-mon[29195]: from='client.? 172.21.15.47:0/1627697410' entity='client.admin' cmd='[{"prefix": "mgr module enable", "module": "dashboard"}]': finished
2024-04-25T20:49:39.611 INFO:journalctl@ceph.mon.a.smithi047.stdout:Apr 25 20:49:39 smithi047 ceph-mon[29195]: mgrmap e9: x(active, since 19s)
2024-04-25T20:49:39.611 INFO:journalctl@ceph.mgr.x.smithi047.stdout:Apr 25 20:49:39 smithi047 ceph-0ca8de06-0345-11ef-bc93-c7b262605968-mgr-x[29422]:
2024-04-25T20:49:39.419+0000 7f9889101200 -1 mgr[py] Module progress has missing NOTIFY_TYPES member
2024-04-25T20:49:39.611 INFO:journalctl@ceph.mgr.x.smithi047.stdout:Apr 25 20:49:39 smithi047 ceph-0ca8de06-0345-11ef-bc93-c7b262605968-mgr-x[29422]:
2024-04-25T20:49:39.508+0000 7f9889101200 -1 mgr[py] Module influx has missing NOTIFY_TYPES member
2024-04-25T20:49:40.747 INFO:journalctl@ceph.mon.a.smithi047.stdout:Apr 25 20:49:40 smithi047 ceph-mon[29195]: from='client.? 172.21.15.47:0/3012590410' entity='client.admin' cmd=[{"prefix": "mgr stat"}]: dispatch
2024-04-25T20:49:40.760 INFO:teuthology.orchestra.run.smithi047.stdout:/usr/bin/ceph: stdout {
2024-04-25T20:49:40.760 INFO:teuthology.orchestra.run.smithi047.stdout:/usr/bin/ceph: stdout "epoch": 9,
2024-04-25T20:49:40.760 INFO:teuthology.orchestra.run.smithi047.stdout:/usr/bin/ceph: stdout "available": true,
2024-04-25T20:49:40.760 INFO:teuthology.orchestra.run.smithi047.stdout:/usr/bin/ceph: stdout "active_name": "x",
2024-04-25T20:49:40.760 INFO:teuthology.orchestra.run.smithi047.stdout:/usr/bin/ceph: stdout "num_standby": 0
2024-04-25T20:49:40.761 INFO:teuthology.orchestra.run.smithi047.stdout:/usr/bin/ceph: stdout }
2024-04-25T20:49:40.761 INFO:teuthology.orchestra.run.smithi047.stdout:/usr/bin/ceph: stderr
2024-04-25T20:49:39.840+0000 7fabd8b98700 1 Processor -- start
2024-04-25T20:49:40.761 INFO:teuthology.orchestra.run.smithi047.stdout:/usr/bin/ceph: stderr
2024-04-25T20:49:39.840+0000 7fabd8b98700 1 -- start start
2024-04-25T20:49:40.761 INFO:teuthology.orchestra.run.smithi047.stdout:/usr/bin/ceph: stderr
2024-04-25T20:49:39.841+0000 7fabd8b98700 1 --2- >> [v2:172.21.15.47:3300/0,v1:172.21.15.47:6789/0] conn(0x7fabd4107540 0x7fabd4107960 unknown :-1 s=NONE pgs=0 cs=0 l=0 rev1=0 crypto rx=0 tx=0 comp rx=0 tx=0).connect
2024-04-25T20:49:40.761 INFO:teuthology.orchestra.run.smithi047.stdout:/usr/bin/ceph: stderr
2024-04-25T20:49:39.841+0000 7fabd8b98700 1 -- --> [v2:172.21.15.47:3300/0,v1:172.21.15.47:6789/0] -- mon_getmap magic: 0 -- 0x7fabd4107f30 con 0x7fabd4107540
2024-04-25T20:49:40.761 INFO:teuthology.orchestra.run.smithi047.stdout:/usr/bin/ceph: stderr
2024-04-25T20:49:39.841+0000 7fabd259c700 1 --2- >> [v2:172.21.15.47:3300/0,v1:172.21.15.47:6789/0] conn(0x7fabd4107540 0x7fabd4107960 unknown :-1 s=BANNER_CONNECTING pgs=0 cs=0 l=0 rev1=0 crypto rx=0 tx=0 comp rx=0 tx=0)._handle_peer_banner_payload supported=3 required=0
2024-04-25T20:49:40.761 INFO:teuthology.orchestra.run.smithi047.stdout:/usr/bin/ceph: stderr
2024-04-25T20:49:39.841+0000 7fabd259c700 1 --2- >> [v2:172.21.15.47:3300/0,v1:172.21.15.47:6789/0] conn(0x7fabd4107540 0x7fabd4107960 unknown :-1 s=HELLO_CONNECTING pgs=0 cs=0 l=0 rev1=1 crypto rx=0 tx=0 comp rx=0 tx=0).handle_hello peer v2:172.21.15.47:3300/0 says I am v2:172.21.15.47:48912/0 (socket says 172.21.15.47:48912)
2024-04-25T20:49:40.761 INFO:teuthology.orchestra.run.smithi047.stdout:/usr/bin/ceph: stderr
2024-04-25T20:49:39.841+0000 7fabd259c700 1 -- 172.21.15.47:0/2411475069 learned_addr learned my addr 172.21.15.47:0/2411475069 (peer_addr_for_me v2:172.21.15.47:0/0)
2024-04-25T20:49:40.761 INFO:teuthology.orchestra.run.smithi047.stdout:/usr/bin/ceph: stderr
2024-04-25T20:49:39.841+0000 7fabd259c700 1 -- 172.21.15.47:0/2411475069 --> [v2:172.21.15.47:3300/0,v1:172.21.15.47:6789/0] -- mon_subscribe({config=0+,monmap=0+}) -- 0x7fabd4108740 con 0x7fabd4107540
2024-04-25T20:49:40.761 INFO:teuthology.orchestra.run.smithi047.stdout:/usr/bin/ceph: stderr
2024-04-25T20:49:39.842+0000 7fabd259c700 1 --2- 172.21.15.47:0/2411475069 >> [v2:172.21.15.47:3300/0,v1:172.21.15.47:6789/0] conn(0x7fabd4107540 0x7fabd4107960 secure :-1 s=READY pgs=59 cs=0 l=1 rev1=1 crypto rx=0x7fabc40098a0 tx=0x7fabc4009bb0 comp rx=0 tx=0).ready entity=mon.0 client_cookie=71030a3e39206c16 server_cookie=0 in_seq=0 out_seq=0
2024-04-25T20:49:40.761 INFO:teuthology.orchestra.run.smithi047.stdout:/usr/bin/ceph: stderr
2024-04-25T20:49:39.842+0000 7fabd159a700 1 -- 172.21.15.47:0/2411475069 <== mon.0 v2:172.21.15.47:3300/0 1 ==== mon_map magic: 0 ==== 205+0+0 (secure 0 0 0) 0x7fabc4004160 con 0x7fabd4107540
2024-04-25T20:49:40.761 INFO:teuthology.orchestra.run.smithi047.stdout:/usr/bin/ceph: stderr
2024-04-25T20:49:39.842+0000 7fabd159a700 1 -- 172.21.15.47:0/2411475069 <== mon.0 v2:172.21.15.47:3300/0 2 ==== config(26 keys) ==== 1101+0+0 (secure 0 0 0) 0x7fabc4004300 con 0x7fabd4107540
2024-04-25T20:49:40.762 INFO:teuthology.orchestra.run.smithi047.stdout:/usr/bin/ceph: stderr
2024-04-25T20:49:39.842+0000 7fabd159a700 1 -- 172.21.15.47:0/2411475069 <== mon.0 v2:172.21.15.47:3300/0 3 ==== mon_map magic: 0 ==== 205+0+0 (secure 0 0 0) 0x7fabc4011a20 con 0x7fabd4107540
2024-04-25T20:49:40.762 INFO:teuthology.orchestra.run.smithi047.stdout:/usr/bin/ceph: stderr
2024-04-25T20:49:39.843+0000 7fabd8b98700 1 -- 172.21.15.47:0/2411475069 >> [v2:172.21.15.47:3300/0,v1:172.21.15.47:6789/0] conn(0x7fabd4107540 msgr2=0x7fabd4107960 secure :-1 s=STATE_CONNECTION_ESTABLISHED l=1).mark_down
2024-04-25T20:49:40.762 INFO:teuthology.orchestra.run.smithi047.stdout:/usr/bin/ceph: stderr
2024-04-25T20:49:39.843+0000 7fabd8b98700 1 --2- 172.21.15.47:0/2411475069 >> [v2:172.21.15.47:3300/0,v1:172.21.15.47:6789/0] conn(0x7fabd4107540 0x7fabd4107960 secure :-1 s=READY pgs=59 cs=0 l=1 rev1=1 crypto rx=0x7fabc40098a0 tx=0x7fabc4009bb0 comp rx=0 tx=0).stop
2024-04-25T20:49:40.762 INFO:teuthology.orchestra.run.smithi047.stdout:/usr/bin/ceph: stderr
2024-04-25T20:49:39.843+0000 7fabd8b98700 1 -- 172.21.15.47:0/2411475069 shutdown_connections
2024-04-25T20:49:40.762 INFO:teuthology.orchestra.run.smithi047.stdout:/usr/bin/ceph: stderr
2024-04-25T20:49:39.843+0000 7fabd8b98700 1 --2- 172.21.15.47:0/2411475069 >> [v2:172.21.15.47:3300/0,v1:172.21.15.47:6789/0] conn(0x7fabd4107540 0x7fabd4107960 unknown :-1 s=CLOSED pgs=59 cs=0 l=1 rev1=1 crypto rx=0 tx=0 comp rx=0 tx=0).stop
2024-04-25T20:49:40.762 INFO:teuthology.orchestra.run.smithi047.stdout:/usr/bin/ceph: stderr
2024-04-25T20:49:39.843+0000 7fabd8b98700 1 -- 172.21.15.47:0/2411475069 >> 172.21.15.47:0/2411475069 conn(0x7fabd4102b80 msgr2=0x7fabd4104fa0 unknown :-1 s=STATE_NONE l=0).mark_down
2024-04-25T20:49:40.762 INFO:teuthology.orchestra.run.smithi047.stdout:/usr/bin/ceph: stderr
2024-04-25T20:49:39.843+0000 7fabd8b98700 1 -- 172.21.15.47:0/2411475069 shutdown_connections
2024-04-25T20:49:40.762 INFO:teuthology.orchestra.run.smithi047.stdout:/usr/bin/ceph: stderr
2024-04-25T20:49:39.843+0000 7fabd8b98700 1 -- 172.21.15.47:0/2411475069 wait complete.
2024-04-25T20:49:40.762 INFO:teuthology.orchestra.run.smithi047.stdout:/usr/bin/ceph: stderr
2024-04-25T20:49:39.844+0000 7fabd8b98700 1 Processor -- start
2024-04-25T20:49:40.762 INFO:teuthology.orchestra.run.smithi047.stdout:/usr/bin/ceph: stderr
2024-04-25T20:49:39.844+0000 7fabd8b98700 1 -- start start
2024-04-25T20:49:40.762 INFO:teuthology.orchestra.run.smithi047.stdout:/usr/bin/ceph: stderr
2024-04-25T20:49:39.844+0000 7fabd8b98700 1 --2- >> [v2:172.21.15.47:3300/0,v1:172.21.15.47:6789/0] conn(0x7fabd4107540 0x7fabd4192620 unknown :-1 s=NONE pgs=0 cs=0 l=1 rev1=0 crypto rx=0 tx=0 comp rx=0 tx=0).connect
2024-04-25T20:49:40.762 INFO:teuthology.orchestra.run.smithi047.stdout:/usr/bin/ceph: stderr
2024-04-25T20:49:39.844+0000 7fabd8b98700 1 -- --> [v2:172.21.15.47:3300/0,v1:172.21.15.47:6789/0] -- mon_getmap magic: 0 -- 0x7fabd410baf0 con 0x7fabd4107540
2024-04-25T20:49:40.762 INFO:teuthology.orchestra.run.smithi047.stdout:/usr/bin/ceph: stderr
2024-04-25T20:49:39.844+0000 7fabd259c700 1 --2- >> [v2:172.21.15.47:3300/0,v1:172.21.15.47:6789/0] conn(0x7fabd4107540 0x7fabd4192620 unknown :-1 s=BANNER_CONNECTING pgs=0 cs=0 l=1 rev1=0 crypto rx=0 tx=0 comp rx=0 tx=0)._handle_peer_banner_payload supported=3 required=0
2024-04-25T20:49:40.763 INFO:teuthology.orchestra.run.smithi047.stdout:/usr/bin/ceph: stderr
2024-04-25T20:49:39.844+0000 7fabd259c700 1 --2- >> [v2:172.21.15.47:3300/0,v1:172.21.15.47:6789/0] conn(0x7fabd4107540 0x7fabd4192620 unknown :-1 s=HELLO_CONNECTING pgs=0 cs=0 l=1 rev1=1 crypto rx=0 tx=0 comp rx=0 tx=0).handle_hello peer v2:172.21.15.47:3300/0 says I am v2:172.21.15.47:48924/0 (socket says 172.21.15.47:48924)
2024-04-25T20:49:40.763 INFO:teuthology.orchestra.run.smithi047.stdout:/usr/bin/ceph: stderr
2024-04-25T20:49:39.844+0000 7fabd259c700 1 -- 172.21.15.47:0/3012590410 learned_addr learned my addr 172.21.15.47:0/3012590410 (peer_addr_for_me v2:172.21.15.47:0/0)
2024-04-25T20:49:40.763 INFO:teuthology.orchestra.run.smithi047.stdout:/usr/bin/ceph: stderr
2024-04-25T20:49:39.844+0000 7fabd259c700 1 -- 172.21.15.47:0/3012590410 --> [v2:172.21.15.47:3300/0,v1:172.21.15.47:6789/0] -- mon_subscribe({config=0+,monmap=0+}) -- 0x7fabd4192b60 con 0x7fabd4107540
2024-04-25T20:49:40.763 INFO:teuthology.orchestra.run.smithi047.stdout:/usr/bin/ceph: stderr
2024-04-25T20:49:39.844+0000 7fabd259c700 1 --2- 172.21.15.47:0/3012590410 >> [v2:172.21.15.47:3300/0,v1:172.21.15.47:6789/0] conn(0x7fabd4107540 0x7fabd4192620 secure :-1 s=READY pgs=60 cs=0 l=1 rev1=1 crypto rx=0x7fabc40119f0 tx=0x7fabc4011ad0 comp rx=0 tx=0).ready entity=mon.0 client_cookie=0 server_cookie=0 in_seq=0 out_seq=0
2024-04-25T20:49:40.763 INFO:teuthology.orchestra.run.smithi047.stdout:/usr/bin/ceph: stderr
2024-04-25T20:49:39.845+0000 7fabc37fe700 1 -- 172.21.15.47:0/3012590410 <== mon.0 v2:172.21.15.47:3300/0 1 ==== mon_map magic: 0 ==== 205+0+0 (secure 0 0 0) 0x7fabc40039e0 con 0x7fabd4107540
2024-04-25T20:49:40.763 INFO:teuthology.orchestra.run.smithi047.stdout:/usr/bin/ceph: stderr
2024-04-25T20:49:39.845+0000 7fabc37fe700 1 -- 172.21.15.47:0/3012590410 <== mon.0 v2:172.21.15.47:3300/0 2 ==== config(26 keys) ==== 1101+0+0 (secure 0 0 0) 0x7fabc401b8f0 con 0x7fabd4107540
2024-04-25T20:49:40.763 INFO:teuthology.orchestra.run.smithi047.stdout:/usr/bin/ceph: stderr
2024-04-25T20:49:39.845+0000 7fabd8b98700 1 -- 172.21.15.47:0/3012590410 --> [v2:172.21.15.47:3300/0,v1:172.21.15.47:6789/0] -- mon_subscribe({mgrmap=0+}) -- 0x7fabd4190d50 con 0x7fabd4107540
2024-04-25T20:49:40.763 INFO:teuthology.orchestra.run.smithi047.stdout:/usr/bin/ceph: stderr
2024-04-25T20:49:39.845+0000 7fabc37fe700 1 -- 172.21.15.47:0/3012590410 <== mon.0 v2:172.21.15.47:3300/0 3 ==== mon_map magic: 0 ==== 205+0+0 (secure 0 0 0) 0x7fabc40237a0 con 0x7fabd4107540
2024-04-25T20:49:40.763 INFO:teuthology.orchestra.run.smithi047.stdout:/usr/bin/ceph: stderr
2024-04-25T20:49:39.845+0000 7fabd8b98700 1 -- 172.21.15.47:0/3012590410 --> [v2:172.21.15.47:3300/0,v1:172.21.15.47:6789/0] -- mon_subscribe({osdmap=0}) -- 0x7fabd4191290 con 0x7fabd4107540
2024-04-25T20:49:40.763 INFO:teuthology.orchestra.run.smithi047.stdout:/usr/bin/ceph: stderr
2024-04-25T20:49:39.845+0000 7fabc37fe700 1 -- 172.21.15.47:0/3012590410 <== mon.0 v2:172.21.15.47:3300/0 4 ==== mgrmap(e 9) ==== 46571+0+0 (secure 0 0 0) 0x7fabc4023a70 con 0x7fabd4107540
2024-04-25T20:49:40.763 INFO:teuthology.orchestra.run.smithi047.stdout:/usr/bin/ceph: stderr
2024-04-25T20:49:39.846+0000 7fabc37fe700 1 --2- 172.21.15.47:0/3012590410 >> [v2:172.21.15.47:6800/2212759557,v1:172.21.15.47:6801/2212759557] conn(0x7fabbc039260 0x7fabbc03b720 unknown :-1 s=NONE pgs=0 cs=0 l=1 rev1=0 crypto rx=0 tx=0 comp rx=0 tx=0).connect
2024-04-25T20:49:40.763 INFO:teuthology.orchestra.run.smithi047.stdout:/usr/bin/ceph: stderr
2024-04-25T20:49:39.846+0000 7fabc37fe700 1 -- 172.21.15.47:0/3012590410 <== mon.0 v2:172.21.15.47:3300/0 5 ==== osd_map(2..2 src has 1..2) ==== 940+0+0 (secure 0 0 0) 0x7fabc401baa0 con 0x7fabd4107540
2024-04-25T20:49:40.763 INFO:teuthology.orchestra.run.smithi047.stdout:/usr/bin/ceph: stderr
2024-04-25T20:49:39.846+0000 7fabd1d9b700 1 -- 172.21.15.47:0/3012590410 >> [v2:172.21.15.47:6800/2212759557,v1:172.21.15.47:6801/2212759557] conn(0x7fabbc039260 msgr2=0x7fabbc03b720 unknown :-1 s=STATE_CONNECTING_RE l=1).process reconnect failed to v2:172.21.15.47:6800/2212759557
2024-04-25T20:49:40.763 INFO:teuthology.orchestra.run.smithi047.stdout:/usr/bin/ceph: stderr
2024-04-25T20:49:39.846+0000 7fabd1d9b700 1 --2- 172.21.15.47:0/3012590410 >> [v2:172.21.15.47:6800/2212759557,v1:172.21.15.47:6801/2212759557] conn(0x7fabbc039260 0x7fabbc03b720 unknown :-1 s=START_CONNECT pgs=0 cs=0 l=1 rev1=0 crypto rx=0 tx=0 comp rx=0 tx=0)._fault waiting 0.200000
2024-04-25T20:49:40.764 INFO:teuthology.orchestra.run.smithi047.stdout:/usr/bin/ceph: stderr
2024-04-25T20:49:39.846+0000 7fabd8b98700 1 -- 172.21.15.47:0/3012590410 --> [v2:172.21.15.47:3300/0,v1:172.21.15.47:6789/0] -- mon_command({"prefix": "get_command_descriptions"} v 0) -- 0x7fabd410bc70 con 0x7fabd4107540
2024-04-25T20:49:40.764 INFO:teuthology.orchestra.run.smithi047.stdout:/usr/bin/ceph: stderr
2024-04-25T20:49:39.851+0000 7fabc37fe700 1 -- 172.21.15.47:0/3012590410 <== mon.0 v2:172.21.15.47:3300/0 6 ==== mon_command_ack([{"prefix": "get_command_descriptions"}]=0 v0) ==== 72+0+188370 (secure 0 0 0) 0x7fabc401f030 con 0x7fabd4107540
2024-04-25T20:49:40.764 INFO:teuthology.orchestra.run.smithi047.stdout:/usr/bin/ceph: stderr
2024-04-25T20:49:40.047+0000 7fabd1d9b700 1 -- 172.21.15.47:0/3012590410 >> [v2:172.21.15.47:6800/2212759557,v1:172.21.15.47:6801/2212759557] conn(0x7fabbc039260 msgr2=0x7fabbc03b720 unknown :-1 s=STATE_CONNECTING_RE l=1).process reconnect failed to v2:172.21.15.47:6800/2212759557
2024-04-25T20:49:40.764 INFO:teuthology.orchestra.run.smithi047.stdout:/usr/bin/ceph: stderr
2024-04-25T20:49:40.047+0000 7fabd1d9b700 1 --2- 172.21.15.47:0/3012590410 >> [v2:172.21.15.47:6800/2212759557,v1:172.21.15.47:6801/2212759557] conn(0x7fabbc039260 0x7fabbc03b720 unknown :-1 s=START_CONNECT pgs=0 cs=0 l=1 rev1=0 crypto rx=0 tx=0 comp rx=0 tx=0)._fault waiting 0.400000
2024-04-25T20:49:40.764 INFO:teuthology.orchestra.run.smithi047.stdout:/usr/bin/ceph: stderr
2024-04-25T20:49:40.164+0000 7fabd8b98700 1 -- 172.21.15.47:0/3012590410 --> [v2:172.21.15.47:3300/0,v1:172.21.15.47:6789/0] -- mon_command({"prefix": "mgr stat"} v 0) -- 0x7fabd4195f30 con 0x7fabd4107540
2024-04-25T20:49:40.764 INFO:teuthology.orchestra.run.smithi047.stdout:/usr/bin/ceph: stderr
2024-04-25T20:49:40.164+0000 7fabc37fe700 1 -- 172.21.15.47:0/3012590410 <== mon.0 v2:172.21.15.47:3300/0 7 ==== mon_command_ack([{"prefix": "mgr stat"}]=0 v9) ==== 56+0+88 (secure 0 0 0) 0x7fabc400be60 con 0x7fabd4107540
2024-04-25T20:49:40.764 INFO:teuthology.orchestra.run.smithi047.stdout:/usr/bin/ceph: stderr
2024-04-25T20:49:40.166+0000 7fabd8b98700 1 -- 172.21.15.47:0/3012590410 >> [v2:172.21.15.47:6800/2212759557,v1:172.21.15.47:6801/2212759557] conn(0x7fabbc039260 msgr2=0x7fabbc03b720 unknown :-1 s=STATE_CONNECTING l=1).mark_down
2024-04-25T20:49:40.764 INFO:teuthology.orchestra.run.smithi047.stdout:/usr/bin/ceph: stderr
2024-04-25T20:49:40.166+0000 7fabd8b98700 1 --2- 172.21.15.47:0/3012590410 >> [v2:172.21.15.47:6800/2212759557,v1:172.21.15.47:6801/2212759557] conn(0x7fabbc039260 0x7fabbc03b720 unknown :-1 s=START_CONNECT pgs=0 cs=0 l=1 rev1=0 crypto rx=0 tx=0 comp rx=0 tx=0).stop
2024-04-25T20:49:40.764 INFO:teuthology.orchestra.run.smithi047.stdout:/usr/bin/ceph: stderr
2024-04-25T20:49:40.166+0000 7fabd8b98700 1 -- 172.21.15.47:0/3012590410 >> [v2:172.21.15.47:3300/0,v1:172.21.15.47:6789/0] conn(0x7fabd4107540 msgr2=0x7fabd4192620 secure :-1 s=STATE_CONNECTION_ESTABLISHED l=1).mark_down
2024-04-25T20:49:40.764 INFO:teuthology.orchestra.run.smithi047.stdout:/usr/bin/ceph: stderr
2024-04-25T20:49:40.166+0000 7fabd8b98700 1 --2- 172.21.15.47:0/3012590410 >> [v2:172.21.15.47:3300/0,v1:172.21.15.47:6789/0] conn(0x7fabd4107540 0x7fabd4192620 secure :-1 s=READY pgs=60 cs=0 l=1 rev1=1 crypto rx=0x7fabc40119f0 tx=0x7fabc4011ad0 comp rx=0 tx=0).stop
2024-04-25T20:49:40.764 INFO:teuthology.orchestra.run.smithi047.stdout:/usr/bin/ceph: stderr
2024-04-25T20:49:40.166+0000 7fabd8b98700 1 -- 172.21.15.47:0/3012590410 shutdown_connections
2024-04-25T20:49:40.764 INFO:teuthology.orchestra.run.smithi047.stdout:/usr/bin/ceph: stderr
2024-04-25T20:49:40.166+0000 7fabd8b98700 1 --2- 172.21.15.47:0/3012590410 >> [v2:172.21.15.47:6800/2212759557,v1:172.21.15.47:6801/2212759557] conn(0x7fabbc039260 0x7fabbc03b720 unknown :-1 s=CLOSED pgs=0 cs=0 l=1 rev1=0 crypto rx=0 tx=0 comp rx=0 tx=0).stop
2024-04-25T20:49:40.764 INFO:teuthology.orchestra.run.smithi047.stdout:/usr/bin/ceph: stderr
2024-04-25T20:49:40.166+0000 7fabd8b98700 1 --2- 172.21.15.47:0/3012590410 >> [v2:172.21.15.47:3300/0,v1:172.21.15.47:6789/0] conn(0x7fabd4107540 0x7fabd4192620 unknown :-1 s=CLOSED pgs=60 cs=0 l=1 rev1=1 crypto rx=0 tx=0 comp rx=0 tx=0).stop
2024-04-25T20:49:40.765 INFO:teuthology.orchestra.run.smithi047.stdout:/usr/bin/ceph: stderr
2024-04-25T20:49:40.166+0000 7fabd8b98700 1 -- 172.21.15.47:0/3012590410 >> 172.21.15.47:0/3012590410 conn(0x7fabd4102b80 msgr2=0x7fabd4103a20 unknown :-1 s=STATE_NONE l=0).mark_down
2024-04-25T20:49:40.765 INFO:teuthology.orchestra.run.smithi047.stdout:/usr/bin/ceph: stderr
2024-04-25T20:49:40.166+0000 7fabd8b98700 1 -- 172.21.15.47:0/3012590410 shutdown_connections
2024-04-25T20:49:40.765 INFO:teuthology.orchestra.run.smithi047.stdout:/usr/bin/ceph: stderr
2024-04-25T20:49:40.167+0000 7fabd8b98700 1 -- 172.21.15.47:0/3012590410 wait complete.
2024-04-25T20:49:40.765 INFO:teuthology.orchestra.run.smithi047.stdout:Waiting for the mgr to restart...
2024-04-25T20:49:40.765 INFO:teuthology.orchestra.run.smithi047.stdout:Waiting for mgr epoch 9...
2024-04-25T20:49:41.004 INFO:journalctl@ceph.mgr.x.smithi047.stdout:Apr 25 20:49:40 smithi047 ceph-0ca8de06-0345-11ef-bc93-c7b262605968-mgr-x[29422]:
2024-04-25T20:49:40.801+0000 7f9889101200 -1 mgr[py] Module telegraf has missing NOTIFY_TYPES member
2024-04-25T20:49:41.004 INFO:journalctl@ceph.mgr.x.smithi047.stdout:Apr 25 20:49:40 smithi047 ceph-0ca8de06-0345-11ef-bc93-c7b262605968-mgr-x[29422]:
2024-04-25T20:49:40.980+0000 7f9889101200 -1 mgr[py] Module osd_support has missing NOTIFY_TYPES member
2024-04-25T20:49:41.361 INFO:journalctl@ceph.mgr.x.smithi047.stdout:Apr 25 20:49:41 smithi047 ceph-0ca8de06-0345-11ef-bc93-c7b262605968-mgr-x[29422]:
2024-04-25T20:49:41.161+0000 7f9889101200 -1 mgr[py] Module iostat has missing NOTIFY_TYPES member
2024-04-25T20:49:41.775 INFO:journalctl@ceph.mgr.x.smithi047.stdout:Apr 25 20:49:41 smithi047 ceph-0ca8de06-0345-11ef-bc93-c7b262605968-mgr-x[29422]:
2024-04-25T20:49:41.466+0000 7f9889101200 -1 mgr[py] Module alerts has missing NOTIFY_TYPES member
2024-04-25T20:49:41.775 INFO:journalctl@ceph.mgr.x.smithi047.stdout:Apr 25 20:49:41 smithi047 ceph-0ca8de06-0345-11ef-bc93-c7b262605968-mgr-x[29422]:
2024-04-25T20:49:41.564+0000 7f9889101200 -1 mgr[py] Module selftest has missing NOTIFY_TYPES member
2024-04-25T20:49:41.776 INFO:journalctl@ceph.mgr.x.smithi047.stdout:Apr 25 20:49:41 smithi047 ceph-0ca8de06-0345-11ef-bc93-c7b262605968-mgr-x[29422]:
2024-04-25T20:49:41.774+0000 7f9889101200 -1 mgr[py] Module pg_autoscaler has missing NOTIFY_TYPES member
2024-04-25T20:49:42.111 INFO:journalctl@ceph.mgr.x.smithi047.stdout:Apr 25 20:49:41 smithi047 ceph-0ca8de06-0345-11ef-bc93-c7b262605968-mgr-x[29422]:
2024-04-25T20:49:41.976+0000 7f9889101200 -1 mgr[py] Module test_orchestrator has missing NOTIFY_TYPES member
