2024-04-25T20:49:50.917 INFO:teuthology.orchestra.run.smithi047.stdout:/usr/bin/ceph: stderr
2024-04-25T20:49:49.640+0000 7effdad93700 1 -- 172.21.15.47:0/2415689264 >> [v2:172.21.15.47:3300/0,v1:172.21.15.47:6789/0] conn(0x7effd4108670 msgr2=0x7effd4108a90 secure :-1 s=STATE_CONNECTION_ESTABLISHED l=1).mark_down
2024-04-25T20:49:50.917 INFO:teuthology.orchestra.run.smithi047.stdout:/usr/bin/ceph: stderr
2024-04-25T20:49:49.640+0000 7effdad93700 1 --2- 172.21.15.47:0/2415689264 >> [v2:172.21.15.47:3300/0,v1:172.21.15.47:6789/0] conn(0x7effd4108670 0x7effd4108a90 secure :-1 s=READY pgs=72 cs=0 l=1 rev1=1 crypto rx=0x7effc80098a0 tx=0x7effc8009bb0 comp rx=0 tx=0).stop
2024-04-25T20:49:50.917 INFO:teuthology.orchestra.run.smithi047.stdout:/usr/bin/ceph: stderr
2024-04-25T20:49:49.640+0000 7effdad93700 1 -- 172.21.15.47:0/2415689264 shutdown_connections
2024-04-25T20:49:50.917 INFO:teuthology.orchestra.run.smithi047.stdout:/usr/bin/ceph: stderr
2024-04-25T20:49:49.640+0000 7effdad93700 1 --2- 172.21.15.47:0/2415689264 >> [v2:172.21.15.47:3300/0,v1:172.21.15.47:6789/0] conn(0x7effd4108670 0x7effd4108a90 unknown :-1 s=CLOSED pgs=72 cs=0 l=1 rev1=1 crypto rx=0 tx=0 comp rx=0 tx=0).stop
2024-04-25T20:49:50.917 INFO:teuthology.orchestra.run.smithi047.stdout:/usr/bin/ceph: stderr
2024-04-25T20:49:49.640+0000 7effdad93700 1 -- 172.21.15.47:0/2415689264 >> 172.21.15.47:0/2415689264 conn(0x7effd4103c30 msgr2=0x7effd4106050 unknown :-1 s=STATE_NONE l=0).mark_down
2024-04-25T20:49:50.917 INFO:teuthology.orchestra.run.smithi047.stdout:/usr/bin/ceph: stderr
2024-04-25T20:49:49.640+0000 7effdad93700 1 -- 172.21.15.47:0/2415689264 shutdown_connections
2024-04-25T20:49:50.917 INFO:teuthology.orchestra.run.smithi047.stdout:/usr/bin/ceph: stderr
2024-04-25T20:49:49.640+0000 7effdad93700 1 -- 172.21.15.47:0/2415689264 wait complete.
2024-04-25T20:49:50.917 INFO:teuthology.orchestra.run.smithi047.stdout:/usr/bin/ceph: stderr
2024-04-25T20:49:49.641+0000 7effdad93700 1 Processor -- start
2024-04-25T20:49:50.917 INFO:teuthology.orchestra.run.smithi047.stdout:/usr/bin/ceph: stderr
2024-04-25T20:49:49.641+0000 7effdad93700 1 -- start start
2024-04-25T20:49:50.917 INFO:teuthology.orchestra.run.smithi047.stdout:/usr/bin/ceph: stderr
2024-04-25T20:49:49.641+0000 7effdad93700 1 --2- >> [v2:172.21.15.47:3300/0,v1:172.21.15.47:6789/0] conn(0x7effd4108670 0x7effd419c4f0 unknown :-1 s=NONE pgs=0 cs=0 l=1 rev1=0 crypto rx=0 tx=0 comp rx=0 tx=0).connect
2024-04-25T20:49:50.918 INFO:teuthology.orchestra.run.smithi047.stdout:/usr/bin/ceph: stderr
2024-04-25T20:49:49.641+0000 7effdad93700 1 -- --> [v2:172.21.15.47:3300/0,v1:172.21.15.47:6789/0] -- mon_getmap magic: 0 -- 0x7effd410cbd0 con 0x7effd4108670
2024-04-25T20:49:50.918 INFO:teuthology.orchestra.run.smithi047.stdout:/usr/bin/ceph: stderr
2024-04-25T20:49:49.641+0000 7effd8b2f700 1 --2- >> [v2:172.21.15.47:3300/0,v1:172.21.15.47:6789/0] conn(0x7effd4108670 0x7effd419c4f0 unknown :-1 s=BANNER_CONNECTING pgs=0 cs=0 l=1 rev1=0 crypto rx=0 tx=0 comp rx=0 tx=0)._handle_peer_banner_payload supported=3 required=0
2024-04-25T20:49:50.918 INFO:teuthology.orchestra.run.smithi047.stdout:/usr/bin/ceph: stderr
2024-04-25T20:49:49.641+0000 7effd8b2f700 1 --2- >> [v2:172.21.15.47:3300/0,v1:172.21.15.47:6789/0] conn(0x7effd4108670 0x7effd419c4f0 unknown :-1 s=HELLO_CONNECTING pgs=0 cs=0 l=1 rev1=1 crypto rx=0 tx=0 comp rx=0 tx=0).handle_hello peer v2:172.21.15.47:3300/0 says I am v2:172.21.15.47:41424/0 (socket says 172.21.15.47:41424)
2024-04-25T20:49:50.918 INFO:teuthology.orchestra.run.smithi047.stdout:/usr/bin/ceph: stderr
2024-04-25T20:49:49.641+0000 7effd8b2f700 1 -- 172.21.15.47:0/293329174 learned_addr learned my addr 172.21.15.47:0/293329174 (peer_addr_for_me v2:172.21.15.47:0/0)
2024-04-25T20:49:50.918 INFO:teuthology.orchestra.run.smithi047.stdout:/usr/bin/ceph: stderr
2024-04-25T20:49:49.642+0000 7effd8b2f700 1 -- 172.21.15.47:0/293329174 --> [v2:172.21.15.47:3300/0,v1:172.21.15.47:6789/0] -- mon_subscribe({config=0+,monmap=0+}) -- 0x7effd419ca30 con 0x7effd4108670
2024-04-25T20:49:50.918 INFO:teuthology.orchestra.run.smithi047.stdout:/usr/bin/ceph: stderr
2024-04-25T20:49:49.642+0000 7effd8b2f700 1 --2- 172.21.15.47:0/293329174 >> [v2:172.21.15.47:3300/0,v1:172.21.15.47:6789/0] conn(0x7effd4108670 0x7effd419c4f0 secure :-1 s=READY pgs=73 cs=0 l=1 rev1=1 crypto rx=0x7effc80119f0 tx=0x7effc8011ad0 comp rx=0 tx=0).ready entity=mon.0 client_cookie=0 server_cookie=0 in_seq=0 out_seq=0
2024-04-25T20:49:50.918 INFO:teuthology.orchestra.run.smithi047.stdout:/usr/bin/ceph: stderr
2024-04-25T20:49:49.642+0000 7effd1ffb700 1 -- 172.21.15.47:0/293329174 <== mon.0 v2:172.21.15.47:3300/0 1 ==== mon_map magic: 0 ==== 205+0+0 (secure 0 0 0) 0x7effc80039e0 con 0x7effd4108670
2024-04-25T20:49:50.918 INFO:teuthology.orchestra.run.smithi047.stdout:/usr/bin/ceph: stderr
2024-04-25T20:49:49.642+0000 7effd1ffb700 1 -- 172.21.15.47:0/293329174 <== mon.0 v2:172.21.15.47:3300/0 2 ==== config(26 keys) ==== 1101+0+0 (secure 0 0 0) 0x7effc801b8f0 con 0x7effd4108670
2024-04-25T20:49:50.918 INFO:teuthology.orchestra.run.smithi047.stdout:/usr/bin/ceph: stderr
2024-04-25T20:49:49.642+0000 7effdad93700 1 -- 172.21.15.47:0/293329174 --> [v2:172.21.15.47:3300/0,v1:172.21.15.47:6789/0] -- mon_subscribe({mgrmap=0+}) -- 0x7effd419ccc0 con 0x7effd4108670
2024-04-25T20:49:50.919 INFO:teuthology.orchestra.run.smithi047.stdout:/usr/bin/ceph: stderr
2024-04-25T20:49:49.642+0000 7effd1ffb700 1 -- 172.21.15.47:0/293329174 <== mon.0 v2:172.21.15.47:3300/0 3 ==== mon_map magic: 0 ==== 205+0+0 (secure 0 0 0) 0x7effc80237a0 con 0x7effd4108670
2024-04-25T20:49:50.919 INFO:teuthology.orchestra.run.smithi047.stdout:/usr/bin/ceph: stderr
2024-04-25T20:49:49.642+0000 7effdad93700 1 -- 172.21.15.47:0/293329174 --> [v2:172.21.15.47:3300/0,v1:172.21.15.47:6789/0] -- mon_subscribe({osdmap=0}) -- 0x7effd419f9b0 con 0x7effd4108670
2024-04-25T20:49:50.919 INFO:teuthology.orchestra.run.smithi047.stdout:/usr/bin/ceph: stderr
2024-04-25T20:49:49.643+0000 7effd1ffb700 1 -- 172.21.15.47:0/293329174 <== mon.0 v2:172.21.15.47:3300/0 4 ==== mgrmap(e 12) ==== 46571+0+0 (secure 0 0 0) 0x7effc8023a50 con 0x7effd4108670
2024-04-25T20:49:50.919 INFO:teuthology.orchestra.run.smithi047.stdout:/usr/bin/ceph: stderr
2024-04-25T20:49:49.643+0000 7effdad93700 1 -- 172.21.15.47:0/293329174 --> [v2:172.21.15.47:3300/0,v1:172.21.15.47:6789/0] -- mon_command({"prefix": "get_command_descriptions"} v 0) -- 0x7effd410cd50 con 0x7effd4108670
2024-04-25T20:49:50.919 INFO:teuthology.orchestra.run.smithi047.stdout:/usr/bin/ceph: stderr
2024-04-25T20:49:49.643+0000 7effd1ffb700 1 --2- 172.21.15.47:0/293329174 >> [v2:172.21.15.47:6800/253800519,v1:172.21.15.47:6801/253800519] conn(0x7effc4039610 0x7effc403bad0 unknown :-1 s=NONE pgs=0 cs=0 l=1 rev1=0 crypto rx=0 tx=0 comp rx=0 tx=0).connect
2024-04-25T20:49:50.919 INFO:teuthology.orchestra.run.smithi047.stdout:/usr/bin/ceph: stderr
2024-04-25T20:49:49.643+0000 7effd1ffb700 1 -- 172.21.15.47:0/293329174 <== mon.0 v2:172.21.15.47:3300/0 5 ==== osd_map(3..3 src has 1..3) ==== 1155+0+0 (secure 0 0 0) 0x7effc804e170 con 0x7effd4108670
2024-04-25T20:49:50.919 INFO:teuthology.orchestra.run.smithi047.stdout:/usr/bin/ceph: stderr
2024-04-25T20:49:49.644+0000 7effd3fff700 1 --2- 172.21.15.47:0/293329174 >> [v2:172.21.15.47:6800/253800519,v1:172.21.15.47:6801/253800519] conn(0x7effc4039610 0x7effc403bad0 unknown :-1 s=BANNER_CONNECTING pgs=0 cs=0 l=1 rev1=0 crypto rx=0 tx=0 comp rx=0 tx=0)._handle_peer_banner_payload supported=3 required=0
2024-04-25T20:49:50.919 INFO:teuthology.orchestra.run.smithi047.stdout:/usr/bin/ceph: stderr
2024-04-25T20:49:49.644+0000 7effd3fff700 1 --2- 172.21.15.47:0/293329174 >> [v2:172.21.15.47:6800/253800519,v1:172.21.15.47:6801/253800519] conn(0x7effc4039610 0x7effc403bad0 secure :-1 s=READY pgs=8 cs=0 l=1 rev1=1 crypto rx=0x7effc0006fd0 tx=0x7effc0006e40 comp rx=0 tx=0).ready entity=mgr.14152 client_cookie=0 server_cookie=0 in_seq=0 out_seq=0
2024-04-25T20:49:50.919 INFO:teuthology.orchestra.run.smithi047.stdout:/usr/bin/ceph: stderr
2024-04-25T20:49:49.648+0000 7effd1ffb700 1 -- 172.21.15.47:0/293329174 <== mon.0 v2:172.21.15.47:3300/0 6 ==== mon_command_ack([{"prefix": "get_command_descriptions"}]=0 v0) ==== 72+0+188370 (secure 0 0 0) 0x7effc801f030 con 0x7effd4108670
2024-04-25T20:49:50.919 INFO:teuthology.orchestra.run.smithi047.stdout:/usr/bin/ceph: stderr
2024-04-25T20:49:49.888+0000 7effdad93700 1 -- 172.21.15.47:0/293329174 --> [v2:172.21.15.47:6800/253800519,v1:172.21.15.47:6801/253800519] -- mgr_command(tid 0: {"prefix": "dashboard ac-user-create", "username": "admin", "rolename": "administrator", "force_password": true, "pwd_update_required": true, "target": ["mon-mgr", ""]}) -- 0x7effd4104ea0 con 0x7effc4039610
2024-04-25T20:49:50.919 INFO:teuthology.orchestra.run.smithi047.stdout:/usr/bin/ceph: stderr
2024-04-25T20:49:50.134+0000 7effd1ffb700 1 -- 172.21.15.47:0/293329174 <== mgr.14152 v2:172.21.15.47:6800/253800519 1 ==== mgr_command_reply(tid 0: 0 ) ==== 8+0+252 (secure 0 0 0) 0x7effd4104ea0 con 0x7effc4039610
2024-04-25T20:49:50.919 INFO:teuthology.orchestra.run.smithi047.stdout:/usr/bin/ceph: stderr
2024-04-25T20:49:50.136+0000 7effdad93700 1 -- 172.21.15.47:0/293329174 >> [v2:172.21.15.47:6800/253800519,v1:172.21.15.47:6801/253800519] conn(0x7effc4039610 msgr2=0x7effc403bad0 secure :-1 s=STATE_CONNECTION_ESTABLISHED l=1).mark_down
2024-04-25T20:49:50.919 INFO:teuthology.orchestra.run.smithi047.stdout:/usr/bin/ceph: stderr
2024-04-25T20:49:50.136+0000 7effdad93700 1 --2- 172.21.15.47:0/293329174 >> [v2:172.21.15.47:6800/253800519,v1:172.21.15.47:6801/253800519] conn(0x7effc4039610 0x7effc403bad0 secure :-1 s=READY pgs=8 cs=0 l=1 rev1=1 crypto rx=0x7effc0006fd0 tx=0x7effc0006e40 comp rx=0 tx=0).stop
2024-04-25T20:49:50.920 INFO:teuthology.orchestra.run.smithi047.stdout:/usr/bin/ceph: stderr
2024-04-25T20:49:50.136+0000 7effdad93700 1 -- 172.21.15.47:0/293329174 >> [v2:172.21.15.47:3300/0,v1:172.21.15.47:6789/0] conn(0x7effd4108670 msgr2=0x7effd419c4f0 secure :-1 s=STATE_CONNECTION_ESTABLISHED l=1).mark_down
2024-04-25T20:49:50.920 INFO:teuthology.orchestra.run.smithi047.stdout:/usr/bin/ceph: stderr
2024-04-25T20:49:50.136+0000 7effdad93700 1 --2- 172.21.15.47:0/293329174 >> [v2:172.21.15.47:3300/0,v1:172.21.15.47:6789/0] conn(0x7effd4108670 0x7effd419c4f0 secure :-1 s=READY pgs=73 cs=0 l=1 rev1=1 crypto rx=0x7effc80119f0 tx=0x7effc8011ad0 comp rx=0 tx=0).stop
2024-04-25T20:49:50.920 INFO:teuthology.orchestra.run.smithi047.stdout:/usr/bin/ceph: stderr
2024-04-25T20:49:50.136+0000 7effdad93700 1 -- 172.21.15.47:0/293329174 shutdown_connections
2024-04-25T20:49:50.920 INFO:teuthology.orchestra.run.smithi047.stdout:/usr/bin/ceph: stderr
2024-04-25T20:49:50.136+0000 7effdad93700 1 --2- 172.21.15.47:0/293329174 >> [v2:172.21.15.47:6800/253800519,v1:172.21.15.47:6801/253800519] conn(0x7effc4039610 0x7effc403bad0 unknown :-1 s=CLOSED pgs=8 cs=0 l=1 rev1=1 crypto rx=0 tx=0 comp rx=0 tx=0).stop
2024-04-25T20:49:50.920 INFO:teuthology.orchestra.run.smithi047.stdout:/usr/bin/ceph: stderr
2024-04-25T20:49:50.136+0000 7effdad93700 1 --2- 172.21.15.47:0/293329174 >> [v2:172.21.15.47:3300/0,v1:172.21.15.47:6789/0] conn(0x7effd4108670 0x7effd419c4f0 unknown :-1 s=CLOSED pgs=73 cs=0 l=1 rev1=1 crypto rx=0 tx=0 comp rx=0 tx=0).stop
2024-04-25T20:49:50.920 INFO:teuthology.orchestra.run.smithi047.stdout:/usr/bin/ceph: stderr
2024-04-25T20:49:50.136+0000 7effdad93700 1 -- 172.21.15.47:0/293329174 >> 172.21.15.47:0/293329174 conn(0x7effd4103c30 msgr2=0x7effd4104790 unknown :-1 s=STATE_NONE l=0).mark_down
2024-04-25T20:49:50.920 INFO:teuthology.orchestra.run.smithi047.stdout:/usr/bin/ceph: stderr
2024-04-25T20:49:50.136+0000 7effdad93700 1 -- 172.21.15.47:0/293329174 shutdown_connections
2024-04-25T20:49:50.920 INFO:teuthology.orchestra.run.smithi047.stdout:/usr/bin/ceph: stderr
2024-04-25T20:49:50.136+0000 7effdad93700 1 -- 172.21.15.47:0/293329174 wait complete.
2024-04-25T20:49:50.920 INFO:teuthology.orchestra.run.smithi047.stdout:Fetching dashboard port number...
2024-04-25T20:49:51.218 INFO:journalctl@ceph.mon.a.smithi047.stdout:Apr 25 20:49:51 smithi047 ceph-mon[29195]: from='client.14166 -' entity='client.admin' cmd=[{"prefix": "dashboard ac-user-create", "username": "admin", "rolename": "administrator", "force_password": true, "pwd_update_required": true, "target": ["mon-mgr", ""]}]: dispatch
2024-04-25T20:49:51.218 INFO:journalctl@ceph.mon.a.smithi047.stdout:Apr 25 20:49:51 smithi047 ceph-mon[29195]: from='mgr.14152 172.21.15.47:0/3412491784' entity='mgr.x'
2024-04-25T20:49:52.432 INFO:journalctl@ceph.mon.a.smithi047.stdout:Apr 25 20:49:52 smithi047 ceph-mon[29195]: from='client.? 172.21.15.47:0/1699251071' entity='client.admin' cmd=[{"prefix": "config get", "who": "mgr", "key": "mgr/dashboard/ssl_server_port"}]: dispatch
2024-04-25T20:49:52.440 INFO:teuthology.orchestra.run.smithi047.stdout:/usr/bin/ceph: stdout 8443
2024-04-25T20:49:52.440 INFO:teuthology.orchestra.run.smithi047.stdout:/usr/bin/ceph: stderr
2024-04-25T20:49:51.615+0000 7f6f24f41700 1 Processor -- start
2024-04-25T20:49:52.440 INFO:teuthology.orchestra.run.smithi047.stdout:/usr/bin/ceph: stderr
2024-04-25T20:49:51.615+0000 7f6f24f41700 1 -- start start
2024-04-25T20:49:52.440 INFO:teuthology.orchestra.run.smithi047.stdout:/usr/bin/ceph: stderr
2024-04-25T20:49:51.615+0000 7f6f24f41700 1 --2- >> [v2:172.21.15.47:3300/0,v1:172.21.15.47:6789/0] conn(0x7f6f201074f0 0x7f6f20107910 unknown :-1 s=NONE pgs=0 cs=0 l=0 rev1=0 crypto rx=0 tx=0 comp rx=0 tx=0).connect
2024-04-25T20:49:52.440 INFO:teuthology.orchestra.run.smithi047.stdout:/usr/bin/ceph: stderr
2024-04-25T20:49:51.615+0000 7f6f24f41700 1 -- --> [v2:172.21.15.47:3300/0,v1:172.21.15.47:6789/0] -- mon_getmap magic: 0 -- 0x7f6f20107ee0 con 0x7f6f201074f0
2024-04-25T20:49:52.440 INFO:teuthology.orchestra.run.smithi047.stdout:/usr/bin/ceph: stderr
2024-04-25T20:49:51.616+0000 7f6f1e59c700 1 --2- >> [v2:172.21.15.47:3300/0,v1:172.21.15.47:6789/0] conn(0x7f6f201074f0 0x7f6f20107910 unknown :-1 s=BANNER_CONNECTING pgs=0 cs=0 l=0 rev1=0 crypto rx=0 tx=0 comp rx=0 tx=0)._handle_peer_banner_payload supported=3 required=0
2024-04-25T20:49:52.440 INFO:teuthology.orchestra.run.smithi047.stdout:/usr/bin/ceph: stderr
2024-04-25T20:49:51.616+0000 7f6f1e59c700 1 --2- >> [v2:172.21.15.47:3300/0,v1:172.21.15.47:6789/0] conn(0x7f6f201074f0 0x7f6f20107910 unknown :-1 s=HELLO_CONNECTING pgs=0 cs=0 l=0 rev1=1 crypto rx=0 tx=0 comp rx=0 tx=0).handle_hello peer v2:172.21.15.47:3300/0 says I am v2:172.21.15.47:41440/0 (socket says 172.21.15.47:41440)
2024-04-25T20:49:52.440 INFO:teuthology.orchestra.run.smithi047.stdout:/usr/bin/ceph: stderr
2024-04-25T20:49:51.616+0000 7f6f1e59c700 1 -- 172.21.15.47:0/2775181517 learned_addr learned my addr 172.21.15.47:0/2775181517 (peer_addr_for_me v2:172.21.15.47:0/0)
2024-04-25T20:49:52.440 INFO:teuthology.orchestra.run.smithi047.stdout:/usr/bin/ceph: stderr
2024-04-25T20:49:51.616+0000 7f6f1e59c700 1 -- 172.21.15.47:0/2775181517 --> [v2:172.21.15.47:3300/0,v1:172.21.15.47:6789/0] -- mon_subscribe({config=0+,monmap=0+}) -- 0x7f6f201086f0 con 0x7f6f201074f0
2024-04-25T20:49:52.440 INFO:teuthology.orchestra.run.smithi047.stdout:/usr/bin/ceph: stderr
2024-04-25T20:49:51.616+0000 7f6f1e59c700 1 --2- 172.21.15.47:0/2775181517 >> [v2:172.21.15.47:3300/0,v1:172.21.15.47:6789/0] conn(0x7f6f201074f0 0x7f6f20107910 secure :-1 s=READY pgs=74 cs=0 l=1 rev1=1 crypto rx=0x7f6f100098a0 tx=0x7f6f10009bb0 comp rx=0 tx=0).ready entity=mon.0 client_cookie=7a8f40e83ba182ab server_cookie=0 in_seq=0 out_seq=0
2024-04-25T20:49:52.440 INFO:teuthology.orchestra.run.smithi047.stdout:/usr/bin/ceph: stderr
2024-04-25T20:49:51.616+0000 7f6f1d59a700 1 -- 172.21.15.47:0/2775181517 <== mon.0 v2:172.21.15.47:3300/0 1 ==== mon_map magic: 0 ==== 205+0+0 (secure 0 0 0) 0x7f6f10004160 con 0x7f6f201074f0
2024-04-25T20:49:52.441 INFO:teuthology.orchestra.run.smithi047.stdout:/usr/bin/ceph: stderr
2024-04-25T20:49:51.616+0000 7f6f1d59a700 1 -- 172.21.15.47:0/2775181517 <== mon.0 v2:172.21.15.47:3300/0 2 ==== config(26 keys) ==== 1101+0+0 (secure 0 0 0) 0x7f6f10004300 con 0x7f6f201074f0
2024-04-25T20:49:52.441 INFO:teuthology.orchestra.run.smithi047.stdout:/usr/bin/ceph: stderr
2024-04-25T20:49:51.616+0000 7f6f1d59a700 1 -- 172.21.15.47:0/2775181517 <== mon.0 v2:172.21.15.47:3300/0 3 ==== mon_map magic: 0 ==== 205+0+0 (secure 0 0 0) 0x7f6f10011a20 con 0x7f6f201074f0
2024-04-25T20:49:52.441 INFO:teuthology.orchestra.run.smithi047.stdout:/usr/bin/ceph: stderr
2024-04-25T20:49:51.617+0000 7f6f24f41700 1 -- 172.21.15.47:0/2775181517 >> [v2:172.21.15.47:3300/0,v1:172.21.15.47:6789/0] conn(0x7f6f201074f0 msgr2=0x7f6f20107910 secure :-1 s=STATE_CONNECTION_ESTABLISHED l=1).mark_down
2024-04-25T20:49:52.441 INFO:teuthology.orchestra.run.smithi047.stdout:/usr/bin/ceph: stderr
2024-04-25T20:49:51.617+0000 7f6f24f41700 1 --2- 172.21.15.47:0/2775181517 >> [v2:172.21.15.47:3300/0,v1:172.21.15.47:6789/0] conn(0x7f6f201074f0 0x7f6f20107910 secure :-1 s=READY pgs=74 cs=0 l=1 rev1=1 crypto rx=0x7f6f100098a0 tx=0x7f6f10009bb0 comp rx=0 tx=0).stop
2024-04-25T20:49:52.441 INFO:teuthology.orchestra.run.smithi047.stdout:/usr/bin/ceph: stderr
2024-04-25T20:49:51.617+0000 7f6f24f41700 1 -- 172.21.15.47:0/2775181517 shutdown_connections
2024-04-25T20:49:52.441 INFO:teuthology.orchestra.run.smithi047.stdout:/usr/bin/ceph: stderr
2024-04-25T20:49:51.617+0000 7f6f24f41700 1 --2- 172.21.15.47:0/2775181517 >> [v2:172.21.15.47:3300/0,v1:172.21.15.47:6789/0] conn(0x7f6f201074f0 0x7f6f20107910 unknown :-1 s=CLOSED pgs=74 cs=0 l=1 rev1=1 crypto rx=0 tx=0 comp rx=0 tx=0).stop
2024-04-25T20:49:52.441 INFO:teuthology.orchestra.run.smithi047.stdout:/usr/bin/ceph: stderr
2024-04-25T20:49:51.617+0000 7f6f24f41700 1 -- 172.21.15.47:0/2775181517 >> 172.21.15.47:0/2775181517 conn(0x7f6f20102af0 msgr2=0x7f6f20104f10 unknown :-1 s=STATE_NONE l=0).mark_down
2024-04-25T20:49:52.441 INFO:teuthology.orchestra.run.smithi047.stdout:/usr/bin/ceph: stderr
2024-04-25T20:49:51.617+0000 7f6f24f41700 1 -- 172.21.15.47:0/2775181517 shutdown_connections
2024-04-25T20:49:52.441 INFO:teuthology.orchestra.run.smithi047.stdout:/usr/bin/ceph: stderr
2024-04-25T20:49:51.617+0000 7f6f24f41700 1 -- 172.21.15.47:0/2775181517 wait complete.
2024-04-25T20:49:52.441 INFO:teuthology.orchestra.run.smithi047.stdout:/usr/bin/ceph: stderr
2024-04-25T20:49:51.618+0000 7f6f24f41700 1 Processor -- start
2024-04-25T20:49:52.441 INFO:teuthology.orchestra.run.smithi047.stdout:/usr/bin/ceph: stderr
2024-04-25T20:49:51.618+0000 7f6f24f41700 1 -- start start
2024-04-25T20:49:52.441 INFO:teuthology.orchestra.run.smithi047.stdout:/usr/bin/ceph: stderr
2024-04-25T20:49:51.618+0000 7f6f24f41700 1 --2- >> [v2:172.21.15.47:3300/0,v1:172.21.15.47:6789/0] conn(0x7f6f201074f0 0x7f6f20192580 unknown :-1 s=NONE pgs=0 cs=0 l=1 rev1=0 crypto rx=0 tx=0 comp rx=0 tx=0).connect
2024-04-25T20:49:52.441 INFO:teuthology.orchestra.run.smithi047.stdout:/usr/bin/ceph: stderr
2024-04-25T20:49:51.618+0000 7f6f24f41700 1 -- --> [v2:172.21.15.47:3300/0,v1:172.21.15.47:6789/0] -- mon_getmap magic: 0 -- 0x7f6f2010baa0 con 0x7f6f201074f0
2024-04-25T20:49:52.441 INFO:teuthology.orchestra.run.smithi047.stdout:/usr/bin/ceph: stderr
2024-04-25T20:49:51.618+0000 7f6f1e59c700 1 --2- >> [v2:172.21.15.47:3300/0,v1:172.21.15.47:6789/0] conn(0x7f6f201074f0 0x7f6f20192580 unknown :-1 s=BANNER_CONNECTING pgs=0 cs=0 l=1 rev1=0 crypto rx=0 tx=0 comp rx=0 tx=0)._handle_peer_banner_payload supported=3 required=0
2024-04-25T20:49:52.441 INFO:teuthology.orchestra.run.smithi047.stdout:/usr/bin/ceph: stderr
2024-04-25T20:49:51.618+0000 7f6f1e59c700 1 --2- >> [v2:172.21.15.47:3300/0,v1:172.21.15.47:6789/0] conn(0x7f6f201074f0 0x7f6f20192580 unknown :-1 s=HELLO_CONNECTING pgs=0 cs=0 l=1 rev1=1 crypto rx=0 tx=0 comp rx=0 tx=0).handle_hello peer v2:172.21.15.47:3300/0 says I am v2:172.21.15.47:41444/0 (socket says 172.21.15.47:41444)
2024-04-25T20:49:52.441 INFO:teuthology.orchestra.run.smithi047.stdout:/usr/bin/ceph: stderr
2024-04-25T20:49:51.618+0000 7f6f1e59c700 1 -- 172.21.15.47:0/1699251071 learned_addr learned my addr 172.21.15.47:0/1699251071 (peer_addr_for_me v2:172.21.15.47:0/0)
2024-04-25T20:49:52.442 INFO:teuthology.orchestra.run.smithi047.stdout:/usr/bin/ceph: stderr
2024-04-25T20:49:51.618+0000 7f6f1e59c700 1 -- 172.21.15.47:0/1699251071 --> [v2:172.21.15.47:3300/0,v1:172.21.15.47:6789/0] -- mon_subscribe({config=0+,monmap=0+}) -- 0x7f6f20192ac0 con 0x7f6f201074f0
2024-04-25T20:49:52.442 INFO:teuthology.orchestra.run.smithi047.stdout:/usr/bin/ceph: stderr
2024-04-25T20:49:51.618+0000 7f6f1e59c700 1 --2- 172.21.15.47:0/1699251071 >> [v2:172.21.15.47:3300/0,v1:172.21.15.47:6789/0] conn(0x7f6f201074f0 0x7f6f20192580 secure :-1 s=READY pgs=75 cs=0 l=1 rev1=1 crypto rx=0x7f6f100119f0 tx=0x7f6f10011ad0 comp rx=0 tx=0).ready entity=mon.0 client_cookie=0 server_cookie=0 in_seq=0 out_seq=0
2024-04-25T20:49:52.442 INFO:teuthology.orchestra.run.smithi047.stdout:/usr/bin/ceph: stderr
2024-04-25T20:49:51.619+0000 7f6f0f7fe700 1 -- 172.21.15.47:0/1699251071 <== mon.0 v2:172.21.15.47:3300/0 1 ==== mon_map magic: 0 ==== 205+0+0 (secure 0 0 0) 0x7f6f100039e0 con 0x7f6f201074f0
2024-04-25T20:49:52.442 INFO:teuthology.orchestra.run.smithi047.stdout:/usr/bin/ceph: stderr
2024-04-25T20:49:51.619+0000 7f6f24f41700 1 -- 172.21.15.47:0/1699251071 --> [v2:172.21.15.47:3300/0,v1:172.21.15.47:6789/0] -- mon_subscribe({mgrmap=0+}) -- 0x7f6f20190d00 con 0x7f6f201074f0
2024-04-25T20:49:52.442 INFO:teuthology.orchestra.run.smithi047.stdout:/usr/bin/ceph: stderr
2024-04-25T20:49:51.619+0000 7f6f0f7fe700 1 -- 172.21.15.47:0/1699251071 <== mon.0 v2:172.21.15.47:3300/0 2 ==== config(26 keys) ==== 1101+0+0 (secure 0 0 0) 0x7f6f1001b8f0 con 0x7f6f201074f0
2024-04-25T20:49:52.442 INFO:teuthology.orchestra.run.smithi047.stdout:/usr/bin/ceph: stderr
2024-04-25T20:49:51.619+0000 7f6f0f7fe700 1 -- 172.21.15.47:0/1699251071 <== mon.0 v2:172.21.15.47:3300/0 3 ==== mon_map magic: 0 ==== 205+0+0 (secure 0 0 0) 0x7f6f100237a0 con 0x7f6f201074f0
2024-04-25T20:49:52.442 INFO:teuthology.orchestra.run.smithi047.stdout:/usr/bin/ceph: stderr
2024-04-25T20:49:51.619+0000 7f6f24f41700 1 -- 172.21.15.47:0/1699251071 --> [v2:172.21.15.47:3300/0,v1:172.21.15.47:6789/0] -- mon_subscribe({osdmap=0}) -- 0x7f6f201911e0 con 0x7f6f201074f0
2024-04-25T20:49:52.442 INFO:teuthology.orchestra.run.smithi047.stdout:/usr/bin/ceph: stderr
2024-04-25T20:49:51.620+0000 7f6f0f7fe700 1 -- 172.21.15.47:0/1699251071 <== mon.0 v2:172.21.15.47:3300/0 4 ==== mgrmap(e 12) ==== 46571+0+0 (secure 0 0 0) 0x7f6f1002c3f0 con 0x7f6f201074f0
2024-04-25T20:49:52.442 INFO:teuthology.orchestra.run.smithi047.stdout:/usr/bin/ceph: stderr
2024-04-25T20:49:51.620+0000 7f6f24f41700 1 -- 172.21.15.47:0/1699251071 --> [v2:172.21.15.47:3300/0,v1:172.21.15.47:6789/0] -- mon_command({"prefix": "get_command_descriptions"} v 0) -- 0x7f6f2010bc20 con 0x7f6f201074f0
2024-04-25T20:49:52.442 INFO:teuthology.orchestra.run.smithi047.stdout:/usr/bin/ceph: stderr
2024-04-25T20:49:51.620+0000 7f6f0f7fe700 1 --2- 172.21.15.47:0/1699251071 >> [v2:172.21.15.47:6800/253800519,v1:172.21.15.47:6801/253800519] conn(0x7f6f080395b0 0x7f6f0803ba70 unknown :-1 s=NONE pgs=0 cs=0 l=1 rev1=0 crypto rx=0 tx=0 comp rx=0 tx=0).connect
2024-04-25T20:49:52.442 INFO:teuthology.orchestra.run.smithi047.stdout:/usr/bin/ceph: stderr
2024-04-25T20:49:51.620+0000 7f6f0f7fe700 1 -- 172.21.15.47:0/1699251071 <== mon.0 v2:172.21.15.47:3300/0 5 ==== osd_map(3..3 src has 1..3) ==== 1155+0+0 (secure 0 0 0) 0x7f6f1004e130 con 0x7f6f201074f0
2024-04-25T20:49:52.442 INFO:teuthology.orchestra.run.smithi047.stdout:/usr/bin/ceph: stderr
2024-04-25T20:49:51.620+0000 7f6f1dd9b700 1 --2- 172.21.15.47:0/1699251071 >> [v2:172.21.15.47:6800/253800519,v1:172.21.15.47:6801/253800519] conn(0x7f6f080395b0 0x7f6f0803ba70 unknown :-1 s=BANNER_CONNECTING pgs=0 cs=0 l=1 rev1=0 crypto rx=0 tx=0 comp rx=0 tx=0)._handle_peer_banner_payload supported=3 required=0
2024-04-25T20:49:52.442 INFO:teuthology.orchestra.run.smithi047.stdout:/usr/bin/ceph: stderr
2024-04-25T20:49:51.620+0000 7f6f1dd9b700 1 --2- 172.21.15.47:0/1699251071 >> [v2:172.21.15.47:6800/253800519,v1:172.21.15.47:6801/253800519] conn(0x7f6f080395b0 0x7f6f0803ba70 secure :-1 s=READY pgs=9 cs=0 l=1 rev1=1 crypto rx=0x7f6f14006fd0 tx=0x7f6f14006e40 comp rx=0 tx=0).ready entity=mgr.14152 client_cookie=0 server_cookie=0 in_seq=0 out_seq=0
2024-04-25T20:49:52.442 INFO:teuthology.orchestra.run.smithi047.stdout:/usr/bin/ceph: stderr
2024-04-25T20:49:51.625+0000 7f6f0f7fe700 1 -- 172.21.15.47:0/1699251071 <== mon.0 v2:172.21.15.47:3300/0 6 ==== mon_command_ack([{"prefix": "get_command_descriptions"}]=0 v0) ==== 72+0+188370 (secure 0 0 0) 0x7f6f1001f030 con 0x7f6f201074f0
2024-04-25T20:49:52.443 INFO:teuthology.orchestra.run.smithi047.stdout:/usr/bin/ceph: stderr
2024-04-25T20:49:51.832+0000 7f6f24f41700 1 -- 172.21.15.47:0/1699251071 --> [v2:172.21.15.47:3300/0,v1:172.21.15.47:6789/0] -- mon_command({"prefix": "config get", "who": "mgr", "key": "mgr/dashboard/ssl_server_port"} v 0) -- 0x7f6f20196290 con 0x7f6f201074f0
2024-04-25T20:49:52.443 INFO:teuthology.orchestra.run.smithi047.stdout:/usr/bin/ceph: stderr
2024-04-25T20:49:51.832+0000 7f6f0f7fe700 1 -- 172.21.15.47:0/1699251071 <== mon.0 v2:172.21.15.47:3300/0 7 ==== mon_command_ack([{"prefix": "config get", "who": "mgr", "key": "mgr/dashboard/ssl_server_port"}]=0 v8) ==== 112+0+5 (secure 0 0 0) 0x7f6f1001bb10 con 0x7f6f201074f0
2024-04-25T20:49:52.443 INFO:teuthology.orchestra.run.smithi047.stdout:/usr/bin/ceph: stderr
2024-04-25T20:49:51.835+0000 7f6f24f41700 1 -- 172.21.15.47:0/1699251071 >> [v2:172.21.15.47:6800/253800519,v1:172.21.15.47:6801/253800519] conn(0x7f6f080395b0 msgr2=0x7f6f0803ba70 secure :-1 s=STATE_CONNECTION_ESTABLISHED l=1).mark_down
2024-04-25T20:49:52.443 INFO:teuthology.orchestra.run.smithi047.stdout:/usr/bin/ceph: stderr
2024-04-25T20:49:51.835+0000 7f6f24f41700 1 --2- 172.21.15.47:0/1699251071 >> [v2:172.21.15.47:6800/253800519,v1:172.21.15.47:6801/253800519] conn(0x7f6f080395b0 0x7f6f0803ba70 secure :-1 s=READY pgs=9 cs=0 l=1 rev1=1 crypto rx=0x7f6f14006fd0 tx=0x7f6f14006e40 comp rx=0 tx=0).stop
2024-04-25T20:49:52.443 INFO:teuthology.orchestra.run.smithi047.stdout:/usr/bin/ceph: stderr
2024-04-25T20:49:51.835+0000 7f6f24f41700 1 -- 172.21.15.47:0/1699251071 >> [v2:172.21.15.47:3300/0,v1:172.21.15.47:6789/0] conn(0x7f6f201074f0 msgr2=0x7f6f20192580 secure :-1 s=STATE_CONNECTION_ESTABLISHED l=1).mark_down
2024-04-25T20:49:52.443 INFO:teuthology.orchestra.run.smithi047.stdout:/usr/bin/ceph: stderr
2024-04-25T20:49:51.835+0000 7f6f24f41700 1 --2- 172.21.15.47:0/1699251071 >> [v2:172.21.15.47:3300/0,v1:172.21.15.47:6789/0] conn(0x7f6f201074f0 0x7f6f20192580 secure :-1 s=READY pgs=75 cs=0 l=1 rev1=1 crypto rx=0x7f6f100119f0 tx=0x7f6f10011ad0 comp rx=0 tx=0).stop
2024-04-25T20:49:52.443 INFO:teuthology.orchestra.run.smithi047.stdout:/usr/bin/ceph: stderr
2024-04-25T20:49:51.835+0000 7f6f24f41700 1 -- 172.21.15.47:0/1699251071 shutdown_connections
2024-04-25T20:49:52.443 INFO:teuthology.orchestra.run.smithi047.stdout:/usr/bin/ceph: stderr
2024-04-25T20:49:51.835+0000 7f6f24f41700 1 --2- 172.21.15.47:0/1699251071 >> [v2:172.21.15.47:6800/253800519,v1:172.21.15.47:6801/253800519] conn(0x7f6f080395b0 0x7f6f0803ba70 unknown :-1 s=CLOSED pgs=9 cs=0 l=1 rev1=1 crypto rx=0 tx=0 comp rx=0 tx=0).stop
2024-04-25T20:49:52.443 INFO:teuthology.orchestra.run.smithi047.stdout:/usr/bin/ceph: stderr
2024-04-25T20:49:51.835+0000 7f6f24f41700 1 --2- 172.21.15.47:0/1699251071 >> [v2:172.21.15.47:3300/0,v1:172.21.15.47:6789/0] conn(0x7f6f201074f0 0x7f6f20192580 unknown :-1 s=CLOSED pgs=75 cs=0 l=1 rev1=1 crypto rx=0 tx=0 comp rx=0 tx=0).stop
2024-04-25T20:49:52.443 INFO:teuthology.orchestra.run.smithi047.stdout:/usr/bin/ceph: stderr
2024-04-25T20:49:51.835+0000 7f6f24f41700 1 -- 172.21.15.47:0/1699251071 >> 172.21.15.47:0/1699251071 conn(0x7f6f20102af0 msgr2=0x7f6f201039e0 unknown :-1 s=STATE_NONE l=0).mark_down
2024-04-25T20:49:52.443 INFO:teuthology.orchestra.run.smithi047.stdout:/usr/bin/ceph: stderr
2024-04-25T20:49:51.835+0000 7f6f24f41700 1 -- 172.21.15.47:0/1699251071 shutdown_connections
2024-04-25T20:49:52.443 INFO:teuthology.orchestra.run.smithi047.stdout:/usr/bin/ceph: stderr
2024-04-25T20:49:51.835+0000 7f6f24f41700 1 -- 172.21.15.47:0/1699251071 wait complete.
2024-04-25T20:49:52.447 INFO:teuthology.orchestra.run.smithi047.stdout:Non-zero exit code 1 from systemctl is-enabled firewalld.service
2024-04-25T20:49:52.447 INFO:teuthology.orchestra.run.smithi047.stdout:systemctl: stdout disabled
2024-04-25T20:49:52.455 INFO:teuthology.orchestra.run.smithi047.stdout:Non-zero exit code 3 from systemctl is-active firewalld.service
2024-04-25T20:49:52.455 INFO:teuthology.orchestra.run.smithi047.stdout:systemctl: stdout inactive
2024-04-25T20:49:52.455 INFO:teuthology.orchestra.run.smithi047.stdout:firewalld.service is not enabled
2024-04-25T20:49:52.455 INFO:teuthology.orchestra.run.smithi047.stdout:Not possible to open ports <[8443]>. firewalld.service is not available
2024-04-25T20:49:52.457 INFO:teuthology.orchestra.run.smithi047.stdout:Ceph Dashboard is now available at:
2024-04-25T20:49:52.457 INFO:teuthology.orchestra.run.smithi047.stdout:
2024-04-25T20:49:52.457 INFO:teuthology.orchestra.run.smithi047.stdout: URL: https://smithi047:8443/
2024-04-25T20:49:52.457 INFO:teuthology.orchestra.run.smithi047.stdout: User: admin
2024-04-25T20:49:52.457 INFO:teuthology.orchestra.run.smithi047.stdout: Password: 8fp281dzpj
2024-04-25T20:49:52.457 INFO:teuthology.orchestra.run.smithi047.stdout:
2024-04-25T20:49:52.457 INFO:teuthology.orchestra.run.smithi047.stdout:Saving cluster configuration to /var/lib/ceph/0ca8de06-0345-11ef-bc93-c7b262605968/config directory
2024-04-25T20:49:52.458 INFO:teuthology.orchestra.run.smithi047.stdout:Enabling autotune for osd_memory_target
2024-04-25T20:49:53.346 INFO:journalctl@ceph.mon.a.smithi047.stdout:Apr 25 20:49:53 smithi047 ceph-mon[29195]: mgrmap e13: x(active, since 6s)
2024-04-25T20:49:53.630 INFO:teuthology.orchestra.run.smithi047.stdout:/usr/bin/ceph: stderr
2024-04-25T20:49:52.830+0000 7f8726e5c700 1 Processor -- start
2024-04-25T20:49:53.630 INFO:teuthology.orchestra.run.smithi047.stdout:/usr/bin/ceph: stderr
2024-04-25T20:49:52.830+0000 7f8726e5c700 1 -- start start
2024-04-25T20:49:53.630 INFO:teuthology.orchestra.run.smithi047.stdout:/usr/bin/ceph: stderr
2024-04-25T20:49:52.830+0000 7f8726e5c700 1 --2- >> [v2:172.21.15.47:3300/0,v1:172.21.15.47:6789/0] conn(0x7f8720108600 0x7f8720108a20 unknown :-1 s=NONE pgs=0 cs=0 l=0 rev1=0 crypto rx=0 tx=0 comp rx=0 tx=0).connect
2024-04-25T20:49:53.630 INFO:teuthology.orchestra.run.smithi047.stdout:/usr/bin/ceph: stderr
2024-04-25T20:49:52.830+0000 7f8726e5c700 1 -- --> [v2:172.21.15.47:3300/0,v1:172.21.15.47:6789/0] -- mon_getmap magic: 0 -- 0x7f8720108ff0 con 0x7f8720108600
2024-04-25T20:49:53.630 INFO:teuthology.orchestra.run.smithi047.stdout:/usr/bin/ceph: stderr
2024-04-25T20:49:52.831+0000 7f8724bf8700 1 --2- >> [v2:172.21.15.47:3300/0,v1:172.21.15.47:6789/0] conn(0x7f8720108600 0x7f8720108a20 unknown :-1 s=BANNER_CONNECTING pgs=0 cs=0 l=0 rev1=0 crypto rx=0 tx=0 comp rx=0 tx=0)._handle_peer_banner_payload supported=3 required=0
2024-04-25T20:49:53.630 INFO:teuthology.orchestra.run.smithi047.stdout:/usr/bin/ceph: stderr
2024-04-25T20:49:52.831+0000 7f8724bf8700 1 --2- >> [v2:172.21.15.47:3300/0,v1:172.21.15.47:6789/0] conn(0x7f8720108600 0x7f8720108a20 unknown :-1 s=HELLO_CONNECTING pgs=0 cs=0 l=0 rev1=1 crypto rx=0 tx=0 comp rx=0 tx=0).handle_hello peer v2:172.21.15.47:3300/0 says I am v2:172.21.15.47:41456/0 (socket says 172.21.15.47:41456)
2024-04-25T20:49:53.630 INFO:teuthology.orchestra.run.smithi047.stdout:/usr/bin/ceph: stderr
2024-04-25T20:49:52.831+0000 7f8724bf8700 1 -- 172.21.15.47:0/3149562188 learned_addr learned my addr 172.21.15.47:0/3149562188 (peer_addr_for_me v2:172.21.15.47:0/0)
2024-04-25T20:49:53.630 INFO:teuthology.orchestra.run.smithi047.stdout:/usr/bin/ceph: stderr
2024-04-25T20:49:52.831+0000 7f8724bf8700 1 -- 172.21.15.47:0/3149562188 --> [v2:172.21.15.47:3300/0,v1:172.21.15.47:6789/0] -- mon_subscribe({config=0+,monmap=0+}) -- 0x7f8720109800 con 0x7f8720108600
2024-04-25T20:49:53.631 INFO:teuthology.orchestra.run.smithi047.stdout:/usr/bin/ceph: stderr
2024-04-25T20:49:52.831+0000 7f8724bf8700 1 --2- 172.21.15.47:0/3149562188 >> [v2:172.21.15.47:3300/0,v1:172.21.15.47:6789/0] conn(0x7f8720108600 0x7f8720108a20 secure :-1 s=READY pgs=76 cs=0 l=1 rev1=1 crypto rx=0x7f87140098a0 tx=0x7f8714009bb0 comp rx=0 tx=0).ready entity=mon.0 client_cookie=607748acecacf28e server_cookie=0 in_seq=0 out_seq=0
2024-04-25T20:49:53.631 INFO:teuthology.orchestra.run.smithi047.stdout:/usr/bin/ceph: stderr
2024-04-25T20:49:52.831+0000 7f871f7fe700 1 -- 172.21.15.47:0/3149562188 <== mon.0 v2:172.21.15.47:3300/0 1 ==== mon_map magic: 0 ==== 205+0+0 (secure 0 0 0) 0x7f8714004160 con 0x7f8720108600
2024-04-25T20:49:53.631 INFO:teuthology.orchestra.run.smithi047.stdout:/usr/bin/ceph: stderr
2024-04-25T20:49:52.831+0000 7f871f7fe700 1 -- 172.21.15.47:0/3149562188 <== mon.0 v2:172.21.15.47:3300/0 2 ==== config(26 keys) ==== 1101+0+0 (secure 0 0 0) 0x7f8714004300 con 0x7f8720108600
2024-04-25T20:49:53.631 INFO:teuthology.orchestra.run.smithi047.stdout:/usr/bin/ceph: stderr
2024-04-25T20:49:52.831+0000 7f871f7fe700 1 -- 172.21.15.47:0/3149562188 <== mon.0 v2:172.21.15.47:3300/0 3 ==== mon_map magic: 0 ==== 205+0+0 (secure 0 0 0) 0x7f8714011a20 con 0x7f8720108600
2024-04-25T20:49:53.631 INFO:teuthology.orchestra.run.smithi047.stdout:/usr/bin/ceph: stderr
2024-04-25T20:49:52.832+0000 7f8726e5c700 1 -- 172.21.15.47:0/3149562188 >> [v2:172.21.15.47:3300/0,v1:172.21.15.47:6789/0] conn(0x7f8720108600 msgr2=0x7f8720108a20 secure :-1 s=STATE_CONNECTION_ESTABLISHED l=1).mark_down
2024-04-25T20:49:53.631 INFO:teuthology.orchestra.run.smithi047.stdout:/usr/bin/ceph: stderr
2024-04-25T20:49:52.832+0000 7f8726e5c700 1 --2- 172.21.15.47:0/3149562188 >> [v2:172.21.15.47:3300/0,v1:172.21.15.47:6789/0] conn(0x7f8720108600 0x7f8720108a20 secure :-1 s=READY pgs=76 cs=0 l=1 rev1=1 crypto rx=0x7f87140098a0 tx=0x7f8714009bb0 comp rx=0 tx=0).stop
2024-04-25T20:49:53.631 INFO:teuthology.orchestra.run.smithi047.stdout:/usr/bin/ceph: stderr
2024-04-25T20:49:52.832+0000 7f8726e5c700 1 -- 172.21.15.47:0/3149562188 shutdown_connections
2024-04-25T20:49:53.631 INFO:teuthology.orchestra.run.smithi047.stdout:/usr/bin/ceph: stderr
2024-04-25T20:49:52.832+0000 7f8726e5c700 1 --2- 172.21.15.47:0/3149562188 >> [v2:172.21.15.47:3300/0,v1:172.21.15.47:6789/0] conn(0x7f8720108600 0x7f8720108a20 unknown :-1 s=CLOSED pgs=76 cs=0 l=1 rev1=1 crypto rx=0 tx=0 comp rx=0 tx=0).stop
2024-04-25T20:49:53.631 INFO:teuthology.orchestra.run.smithi047.stdout:/usr/bin/ceph: stderr
2024-04-25T20:49:52.832+0000 7f8726e5c700 1 -- 172.21.15.47:0/3149562188 >> 172.21.15.47:0/3149562188 conn(0x7f8720103be0 msgr2=0x7f8720106000 unknown :-1 s=STATE_NONE l=0).mark_down
2024-04-25T20:49:53.631 INFO:teuthology.orchestra.run.smithi047.stdout:/usr/bin/ceph: stderr
2024-04-25T20:49:52.832+0000 7f8726e5c700 1 -- 172.21.15.47:0/3149562188 shutdown_connections
2024-04-25T20:49:53.631 INFO:teuthology.orchestra.run.smithi047.stdout:/usr/bin/ceph: stderr
2024-04-25T20:49:52.832+0000 7f8726e5c700 1 -- 172.21.15.47:0/3149562188 wait complete.
2024-04-25T20:49:53.631 INFO:teuthology.orchestra.run.smithi047.stdout:/usr/bin/ceph: stderr
2024-04-25T20:49:52.832+0000 7f8726e5c700 1 Processor -- start
2024-04-25T20:49:53.631 INFO:teuthology.orchestra.run.smithi047.stdout:/usr/bin/ceph: stderr
2024-04-25T20:49:52.832+0000 7f8726e5c700 1 -- start start
2024-04-25T20:49:53.632 INFO:teuthology.orchestra.run.smithi047.stdout:/usr/bin/ceph: stderr
2024-04-25T20:49:52.833+0000 7f8726e5c700 1 --2- >> [v2:172.21.15.47:3300/0,v1:172.21.15.47:6789/0] conn(0x7f8720108600 0x7f872007eb70 unknown :-1 s=NONE pgs=0 cs=0 l=1 rev1=0 crypto rx=0 tx=0 comp rx=0 tx=0).connect
2024-04-25T20:49:53.632 INFO:teuthology.orchestra.run.smithi047.stdout:/usr/bin/ceph: stderr
2024-04-25T20:49:52.833+0000 7f8726e5c700 1 -- --> [v2:172.21.15.47:3300/0,v1:172.21.15.47:6789/0] -- mon_getmap magic: 0 -- 0x7f872010cbb0 con 0x7f8720108600
2024-04-25T20:49:53.632 INFO:teuthology.orchestra.run.smithi047.stdout:/usr/bin/ceph: stderr
2024-04-25T20:49:52.833+0000 7f8724bf8700 1 --2- >> [v2:172.21.15.47:3300/0,v1:172.21.15.47:6789/0] conn(0x7f8720108600 0x7f872007eb70 unknown :-1 s=BANNER_CONNECTING pgs=0 cs=0 l=1 rev1=0 crypto rx=0 tx=0 comp rx=0 tx=0)._handle_peer_banner_payload supported=3 required=0
2024-04-25T20:49:53.632 INFO:teuthology.orchestra.run.smithi047.stdout:/usr/bin/ceph: stderr
2024-04-25T20:49:52.833+0000 7f8724bf8700 1 --2- >> [v2:172.21.15.47:3300/0,v1:172.21.15.47:6789/0] conn(0x7f8720108600 0x7f872007eb70 unknown :-1 s=HELLO_CONNECTING pgs=0 cs=0 l=1 rev1=1 crypto rx=0 tx=0 comp rx=0 tx=0).handle_hello peer v2:172.21.15.47:3300/0 says I am v2:172.21.15.47:41458/0 (socket says 172.21.15.47:41458)
2024-04-25T20:49:53.632 INFO:teuthology.orchestra.run.smithi047.stdout:/usr/bin/ceph: stderr
2024-04-25T20:49:52.833+0000 7f8724bf8700 1 -- 172.21.15.47:0/651550578 learned_addr learned my addr 172.21.15.47:0/651550578 (peer_addr_for_me v2:172.21.15.47:0/0)
2024-04-25T20:49:53.632 INFO:teuthology.orchestra.run.smithi047.stdout:/usr/bin/ceph: stderr
2024-04-25T20:49:52.833+0000 7f8724bf8700 1 -- 172.21.15.47:0/651550578 --> [v2:172.21.15.47:3300/0,v1:172.21.15.47:6789/0] -- mon_subscribe({config=0+,monmap=0+}) -- 0x7f872007f0b0 con 0x7f8720108600
2024-04-25T20:49:53.632 INFO:teuthology.orchestra.run.smithi047.stdout:/usr/bin/ceph: stderr
2024-04-25T20:49:52.833+0000 7f8724bf8700 1 --2- 172.21.15.47:0/651550578 >> [v2:172.21.15.47:3300/0,v1:172.21.15.47:6789/0] conn(0x7f8720108600 0x7f872007eb70 secure :-1 s=READY pgs=77 cs=0 l=1 rev1=1 crypto rx=0x7f87140119f0 tx=0x7f8714011ad0 comp rx=0 tx=0).ready entity=mon.0 client_cookie=0 server_cookie=0 in_seq=0 out_seq=0
2024-04-25T20:49:53.632 INFO:teuthology.orchestra.run.smithi047.stdout:/usr/bin/ceph: stderr
2024-04-25T20:49:52.833+0000 7f871dffb700 1 -- 172.21.15.47:0/651550578 <== mon.0 v2:172.21.15.47:3300/0 1 ==== mon_map magic: 0 ==== 205+0+0 (secure 0 0 0) 0x7f87140039e0 con 0x7f8720108600
2024-04-25T20:49:53.632 INFO:teuthology.orchestra.run.smithi047.stdout:/usr/bin/ceph: stderr
2024-04-25T20:49:52.833+0000 7f871dffb700 1 -- 172.21.15.47:0/651550578 <== mon.0 v2:172.21.15.47:3300/0 2 ==== config(26 keys) ==== 1101+0+0 (secure 0 0 0) 0x7f871401b8f0 con 0x7f8720108600
2024-04-25T20:49:53.632 INFO:teuthology.orchestra.run.smithi047.stdout:/usr/bin/ceph: stderr
2024-04-25T20:49:52.833+0000 7f871dffb700 1 -- 172.21.15.47:0/651550578 <== mon.0 v2:172.21.15.47:3300/0 3 ==== mon_map magic: 0 ==== 205+0+0 (secure 0 0 0) 0x7f87140237a0 con 0x7f8720108600
2024-04-25T20:49:53.632 INFO:teuthology.orchestra.run.smithi047.stdout:/usr/bin/ceph: stderr
2024-04-25T20:49:52.833+0000 7f8726e5c700 1 -- 172.21.15.47:0/651550578 --> [v2:172.21.15.47:3300/0,v1:172.21.15.47:6789/0] -- mon_subscribe({mgrmap=0+}) -- 0x7f872007d2a0 con 0x7f8720108600
2024-04-25T20:49:53.632 INFO:teuthology.orchestra.run.smithi047.stdout:/usr/bin/ceph: stderr
2024-04-25T20:49:52.834+0000 7f8726e5c700 1 -- 172.21.15.47:0/651550578 --> [v2:172.21.15.47:3300/0,v1:172.21.15.47:6789/0] -- mon_subscribe({osdmap=0}) -- 0x7f872007d7e0 con 0x7f8720108600
2024-04-25T20:49:53.632 INFO:teuthology.orchestra.run.smithi047.stdout:/usr/bin/ceph: stderr
2024-04-25T20:49:52.834+0000 7f871dffb700 1 -- 172.21.15.47:0/651550578 <== mon.0 v2:172.21.15.47:3300/0 4 ==== mgrmap(e 13) ==== 46614+0+0 (secure 0 0 0) 0x7f871401b440 con 0x7f8720108600
2024-04-25T20:49:53.632 INFO:teuthology.orchestra.run.smithi047.stdout:/usr/bin/ceph: stderr
2024-04-25T20:49:52.834+0000 7f8726e5c700 1 -- 172.21.15.47:0/651550578 --> [v2:172.21.15.47:3300/0,v1:172.21.15.47:6789/0] -- mon_command({"prefix": "get_command_descriptions"} v 0) -- 0x7f872010cd30 con 0x7f8720108600
2024-04-25T20:49:53.633 INFO:teuthology.orchestra.run.smithi047.stdout:/usr/bin/ceph: stderr
2024-04-25T20:49:52.835+0000 7f871dffb700 1 --2- 172.21.15.47:0/651550578 >> [v2:172.21.15.47:6800/253800519,v1:172.21.15.47:6801/253800519] conn(0x7f87100396b0 0x7f871003bb70 unknown :-1 s=NONE pgs=0 cs=0 l=1 rev1=0 crypto rx=0 tx=0 comp rx=0 tx=0).connect
2024-04-25T20:49:53.633 INFO:teuthology.orchestra.run.smithi047.stdout:/usr/bin/ceph: stderr
2024-04-25T20:49:52.835+0000 7f871dffb700 1 -- 172.21.15.47:0/651550578 <== mon.0 v2:172.21.15.47:3300/0 5 ==== osd_map(3..3 src has 1..3) ==== 1155+0+0 (secure 0 0 0) 0x7f871404e010 con 0x7f8720108600
2024-04-25T20:49:53.633 INFO:teuthology.orchestra.run.smithi047.stdout:/usr/bin/ceph: stderr
2024-04-25T20:49:52.835+0000 7f871ffff700 1 --2- 172.21.15.47:0/651550578 >> [v2:172.21.15.47:6800/253800519,v1:172.21.15.47:6801/253800519] conn(0x7f87100396b0 0x7f871003bb70 unknown :-1 s=BANNER_CONNECTING pgs=0 cs=0 l=1 rev1=0 crypto rx=0 tx=0 comp rx=0 tx=0)._handle_peer_banner_payload supported=3 required=0
2024-04-25T20:49:53.633 INFO:teuthology.orchestra.run.smithi047.stdout:/usr/bin/ceph: stderr
2024-04-25T20:49:52.835+0000 7f871ffff700 1 --2- 172.21.15.47:0/651550578 >> [v2:172.21.15.47:6800/253800519,v1:172.21.15.47:6801/253800519] conn(0x7f87100396b0 0x7f871003bb70 secure :-1 s=READY pgs=10 cs=0 l=1 rev1=1 crypto rx=0x7f870c006fd0 tx=0x7f870c006e40 comp rx=0 tx=0).ready entity=mgr.14152 client_cookie=0 server_cookie=0 in_seq=0 out_seq=0
2024-04-25T20:49:53.633 INFO:teuthology.orchestra.run.smithi047.stdout:/usr/bin/ceph: stderr
2024-04-25T20:49:52.840+0000 7f871dffb700 1 -- 172.21.15.47:0/651550578 <== mon.0 v2:172.21.15.47:3300/0 6 ==== mon_command_ack([{"prefix": "get_command_descriptions"}]=0 v0) ==== 72+0+188370 (secure 0 0 0) 0x7f871401f030 con 0x7f8720108600
2024-04-25T20:49:53.633 INFO:teuthology.orchestra.run.smithi047.stdout:/usr/bin/ceph: stderr
2024-04-25T20:49:53.044+0000 7f8726e5c700 1 -- 172.21.15.47:0/651550578 --> [v2:172.21.15.47:3300/0,v1:172.21.15.47:6789/0] -- mon_command([{prefix=config set, name=osd_memory_target_autotune}] v 0) -- 0x7f87200640a0 con 0x7f8720108600
2024-04-25T20:49:53.633 INFO:teuthology.orchestra.run.smithi047.stdout:/usr/bin/ceph: stderr
2024-04-25T20:49:53.045+0000 7f871dffb700 1 -- 172.21.15.47:0/651550578 <== mon.0 v2:172.21.15.47:3300/0 7 ==== mon_command_ack([{prefix=config set, name=osd_memory_target_autotune}]=0 v8)=0 v8) ==== 127+0+0 (secure 0 0 0) 0x7f8714018350 con 0x7f8720108600
2024-04-25T20:49:53.633 INFO:teuthology.orchestra.run.smithi047.stdout:/usr/bin/ceph: stderr
2024-04-25T20:49:53.047+0000 7f8726e5c700 1 -- 172.21.15.47:0/651550578 >> [v2:172.21.15.47:6800/253800519,v1:172.21.15.47:6801/253800519] conn(0x7f87100396b0 msgr2=0x7f871003bb70 secure :-1 s=STATE_CONNECTION_ESTABLISHED l=1).mark_down
2024-04-25T20:49:53.633 INFO:teuthology.orchestra.run.smithi047.stdout:/usr/bin/ceph: stderr
2024-04-25T20:49:53.047+0000 7f8726e5c700 1 --2- 172.21.15.47:0/651550578 >> [v2:172.21.15.47:6800/253800519,v1:172.21.15.47:6801/253800519] conn(0x7f87100396b0 0x7f871003bb70 secure :-1 s=READY pgs=10 cs=0 l=1 rev1=1 crypto rx=0x7f870c006fd0 tx=0x7f870c006e40 comp rx=0 tx=0).stop
2024-04-25T20:49:53.633 INFO:teuthology.orchestra.run.smithi047.stdout:/usr/bin/ceph: stderr
2024-04-25T20:49:53.047+0000 7f8726e5c700 1 -- 172.21.15.47:0/651550578 >> [v2:172.21.15.47:3300/0,v1:172.21.15.47:6789/0] conn(0x7f8720108600 msgr2=0x7f872007eb70 secure :-1 s=STATE_CONNECTION_ESTABLISHED l=1).mark_down
2024-04-25T20:49:53.633 INFO:teuthology.orchestra.run.smithi047.stdout:/usr/bin/ceph: stderr
2024-04-25T20:49:53.047+0000 7f8726e5c700 1 --2- 172.21.15.47:0/651550578 >> [v2:172.21.15.47:3300/0,v1:172.21.15.47:6789/0] conn(0x7f8720108600 0x7f872007eb70 secure :-1 s=READY pgs=77 cs=0 l=1 rev1=1 crypto rx=0x7f87140119f0 tx=0x7f8714011ad0 comp rx=0 tx=0).stop
2024-04-25T20:49:53.633 INFO:teuthology.orchestra.run.smithi047.stdout:/usr/bin/ceph: stderr
2024-04-25T20:49:53.047+0000 7f8726e5c700 1 -- 172.21.15.47:0/651550578 shutdown_connections
2024-04-25T20:49:53.633 INFO:teuthology.orchestra.run.smithi047.stdout:/usr/bin/ceph: stderr
2024-04-25T20:49:53.047+0000 7f8726e5c700 1 --2- 172.21.15.47:0/651550578 >> [v2:172.21.15.47:6800/253800519,v1:172.21.15.47:6801/253800519] conn(0x7f87100396b0 0x7f871003bb70 unknown :-1 s=CLOSED pgs=10 cs=0 l=1 rev1=1 crypto rx=0 tx=0 comp rx=0 tx=0).stop
2024-04-25T20:49:53.634 INFO:teuthology.orchestra.run.smithi047.stdout:/usr/bin/ceph: stderr
2024-04-25T20:49:53.047+0000 7f8726e5c700 1 --2- 172.21.15.47:0/651550578 >> [v2:172.21.15.47:3300/0,v1:172.21.15.47:6789/0] conn(0x7f8720108600 0x7f872007eb70 unknown :-1 s=CLOSED pgs=77 cs=0 l=1 rev1=1 crypto rx=0 tx=0 comp rx=0 tx=0).stop
2024-04-25T20:49:53.634 INFO:teuthology.orchestra.run.smithi047.stdout:/usr/bin/ceph: stderr
2024-04-25T20:49:53.047+0000 7f8726e5c700 1 -- 172.21.15.47:0/651550578 >> 172.21.15.47:0/651550578 conn(0x7f8720103be0 msgr2=0x7f8720104770 unknown :-1 s=STATE_NONE l=0).mark_down
2024-04-25T20:49:53.634 INFO:teuthology.orchestra.run.smithi047.stdout:/usr/bin/ceph: stderr
2024-04-25T20:49:53.047+0000 7f8726e5c700 1 -- 172.21.15.47:0/651550578 shutdown_connections
2024-04-25T20:49:53.634 INFO:teuthology.orchestra.run.smithi047.stdout:/usr/bin/ceph: stderr
2024-04-25T20:49:53.047+0000 7f8726e5c700 1 -- 172.21.15.47:0/651550578 wait complete.
2024-04-25T20:49:54.895 INFO:teuthology.orchestra.run.smithi047.stdout:/usr/bin/ceph: stderr
2024-04-25T20:49:54.058+0000 7f9b2abac700 1 Processor -- start
2024-04-25T20:49:54.895 INFO:teuthology.orchestra.run.smithi047.stdout:/usr/bin/ceph: stderr
2024-04-25T20:49:54.058+0000 7f9b2abac700 1 -- start start
2024-04-25T20:49:54.895 INFO:teuthology.orchestra.run.smithi047.stdout:/usr/bin/ceph: stderr
2024-04-25T20:49:54.058+0000 7f9b2abac700 1 --2- >> [v2:172.21.15.47:3300/0,v1:172.21.15.47:6789/0] conn(0x7f9b24108670 0x7f9b24108a90 unknown :-1 s=NONE pgs=0 cs=0 l=0 rev1=0 crypto rx=0 tx=0 comp rx=0 tx=0).connect
2024-04-25T20:49:54.895 INFO:teuthology.orchestra.run.smithi047.stdout:/usr/bin/ceph: stderr
2024-04-25T20:49:54.058+0000 7f9b2abac700 1 -- --> [v2:172.21.15.47:3300/0,v1:172.21.15.47:6789/0] -- mon_getmap magic: 0 -- 0x7f9b24109060 con 0x7f9b24108670
2024-04-25T20:49:54.895 INFO:teuthology.orchestra.run.smithi047.stdout:/usr/bin/ceph: stderr
2024-04-25T20:49:54.059+0000 7f9b28948700 1 --2- >> [v2:172.21.15.47:3300/0,v1:172.21.15.47:6789/0] conn(0x7f9b24108670 0x7f9b24108a90 unknown :-1 s=BANNER_CONNECTING pgs=0 cs=0 l=0 rev1=0 crypto rx=0 tx=0 comp rx=0 tx=0)._handle_peer_banner_payload supported=3 required=0
2024-04-25T20:49:54.896 INFO:teuthology.orchestra.run.smithi047.stdout:/usr/bin/ceph: stderr
2024-04-25T20:49:54.059+0000 7f9b28948700 1 --2- >> [v2:172.21.15.47:3300/0,v1:172.21.15.47:6789/0] conn(0x7f9b24108670 0x7f9b24108a90 unknown :-1 s=HELLO_CONNECTING pgs=0 cs=0 l=0 rev1=1 crypto rx=0 tx=0 comp rx=0 tx=0).handle_hello peer v2:172.21.15.47:3300/0 says I am v2:172.21.15.47:53016/0 (socket says 172.21.15.47:53016)
2024-04-25T20:49:54.896 INFO:teuthology.orchestra.run.smithi047.stdout:/usr/bin/ceph: stderr
2024-04-25T20:49:54.059+0000 7f9b28948700 1 -- 172.21.15.47:0/1223489545 learned_addr learned my addr 172.21.15.47:0/1223489545 (peer_addr_for_me v2:172.21.15.47:0/0)
2024-04-25T20:49:54.896 INFO:teuthology.orchestra.run.smithi047.stdout:/usr/bin/ceph: stderr
2024-04-25T20:49:54.059+0000 7f9b28948700 1 -- 172.21.15.47:0/1223489545 --> [v2:172.21.15.47:3300/0,v1:172.21.15.47:6789/0] -- mon_subscribe({config=0+,monmap=0+}) -- 0x7f9b24109870 con 0x7f9b24108670
2024-04-25T20:49:54.896 INFO:teuthology.orchestra.run.smithi047.stdout:/usr/bin/ceph: stderr
2024-04-25T20:49:54.059+0000 7f9b28948700 1 --2- 172.21.15.47:0/1223489545 >> [v2:172.21.15.47:3300/0,v1:172.21.15.47:6789/0] conn(0x7f9b24108670 0x7f9b24108a90 secure :-1 s=READY pgs=78 cs=0 l=1 rev1=1 crypto rx=0x7f9b1c009e80 tx=0x7f9b1c00b330 comp rx=0 tx=0).ready entity=mon.0 client_cookie=ae343798938ddb76 server_cookie=0 in_seq=0 out_seq=0
2024-04-25T20:49:54.896 INFO:teuthology.orchestra.run.smithi047.stdout:/usr/bin/ceph: stderr
2024-04-25T20:49:54.059+0000 7f9b237fe700 1 -- 172.21.15.47:0/1223489545 <== mon.0 v2:172.21.15.47:3300/0 1 ==== mon_map magic: 0 ==== 205+0+0 (secure 0 0 0) 0x7f9b1c017070 con 0x7f9b24108670
2024-04-25T20:49:54.896 INFO:teuthology.orchestra.run.smithi047.stdout:/usr/bin/ceph: stderr
2024-04-25T20:49:54.059+0000 7f9b237fe700 1 -- 172.21.15.47:0/1223489545 <== mon.0 v2:172.21.15.47:3300/0 2 ==== config(26 keys) ==== 1101+0+0 (secure 0 0 0) 0x7f9b1c00b8c0 con 0x7f9b24108670
2024-04-25T20:49:54.896 INFO:teuthology.orchestra.run.smithi047.stdout:/usr/bin/ceph: stderr
2024-04-25T20:49:54.059+0000 7f9b237fe700 1 -- 172.21.15.47:0/1223489545 <== mon.0 v2:172.21.15.47:3300/0 3 ==== mon_map magic: 0 ==== 205+0+0 (secure 0 0 0) 0x7f9b1c004490 con 0x7f9b24108670
2024-04-25T20:49:54.896 INFO:teuthology.orchestra.run.smithi047.stdout:/usr/bin/ceph: stderr
2024-04-25T20:49:54.060+0000 7f9b2abac700 1 -- 172.21.15.47:0/1223489545 >> [v2:172.21.15.47:3300/0,v1:172.21.15.47:6789/0] conn(0x7f9b24108670 msgr2=0x7f9b24108a90 secure :-1 s=STATE_CONNECTION_ESTABLISHED l=1).mark_down
2024-04-25T20:49:54.896 INFO:teuthology.orchestra.run.smithi047.stdout:/usr/bin/ceph: stderr
2024-04-25T20:49:54.060+0000 7f9b2abac700 1 --2- 172.21.15.47:0/1223489545 >> [v2:172.21.15.47:3300/0,v1:172.21.15.47:6789/0] conn(0x7f9b24108670 0x7f9b24108a90 secure :-1 s=READY pgs=78 cs=0 l=1 rev1=1 crypto rx=0x7f9b1c009e80 tx=0x7f9b1c00b330 comp rx=0 tx=0).stop
2024-04-25T20:49:54.896 INFO:teuthology.orchestra.run.smithi047.stdout:/usr/bin/ceph: stderr
2024-04-25T20:49:54.060+0000 7f9b2abac700 1 -- 172.21.15.47:0/1223489545 shutdown_connections
2024-04-25T20:49:54.896 INFO:teuthology.orchestra.run.smithi047.stdout:/usr/bin/ceph: stderr
