2024-04-25T20:57:34.485 INFO:journalctl@ceph.mon.a.smithi037.stdout:Apr 25 20:57:34 smithi037 ceph-mon[29195]: Activating manager daemon x
2024-04-25T20:57:34.485 INFO:journalctl@ceph.mon.a.smithi037.stdout:Apr 25 20:57:34 smithi037 ceph-mon[29195]: osdmap e3: 0 total, 0 up, 0 in
2024-04-25T20:57:34.485 INFO:journalctl@ceph.mon.a.smithi037.stdout:Apr 25 20:57:34 smithi037 ceph-mon[29195]: mgrmap e10: x(active, starting, since 0.00322873s)
2024-04-25T20:57:34.486 INFO:journalctl@ceph.mon.a.smithi037.stdout:Apr 25 20:57:34 smithi037 ceph-mon[29195]: from='mgr.14152 172.21.15.37:0/1725309741' entity='mgr.x' cmd=[{"prefix": "mon metadata", "id": "a"}]: dispatch
2024-04-25T20:57:34.486 INFO:journalctl@ceph.mon.a.smithi037.stdout:Apr 25 20:57:34 smithi037 ceph-mon[29195]: from='mgr.14152 172.21.15.37:0/1725309741' entity='mgr.x' cmd=[{"prefix": "mgr metadata", "who": "x", "id": "x"}]: dispatch
2024-04-25T20:57:34.486 INFO:journalctl@ceph.mon.a.smithi037.stdout:Apr 25 20:57:34 smithi037 ceph-mon[29195]: from='mgr.14152 172.21.15.37:0/1725309741' entity='mgr.x' cmd=[{"prefix": "mds metadata"}]: dispatch
2024-04-25T20:57:34.486 INFO:journalctl@ceph.mon.a.smithi037.stdout:Apr 25 20:57:34 smithi037 ceph-mon[29195]: from='mgr.14152 172.21.15.37:0/1725309741' entity='mgr.x' cmd=[{"prefix": "osd metadata"}]: dispatch
2024-04-25T20:57:34.486 INFO:journalctl@ceph.mon.a.smithi037.stdout:Apr 25 20:57:34 smithi037 ceph-mon[29195]: from='mgr.14152 172.21.15.37:0/1725309741' entity='mgr.x' cmd=[{"prefix": "mon metadata"}]: dispatch
2024-04-25T20:57:34.486 INFO:journalctl@ceph.mon.a.smithi037.stdout:Apr 25 20:57:34 smithi037 ceph-mon[29195]: Manager daemon x is now available
2024-04-25T20:57:34.486 INFO:journalctl@ceph.mon.a.smithi037.stdout:Apr 25 20:57:34 smithi037 ceph-mon[29195]: from='mgr.14152 172.21.15.37:0/1725309741' entity='mgr.x' cmd=[{"prefix": "config dump", "format": "json"}]: dispatch
2024-04-25T20:57:35.381 INFO:journalctl@ceph.mon.a.smithi037.stdout:Apr 25 20:57:35 smithi037 ceph-mon[29195]: from='mgr.14152 172.21.15.37:0/1725309741' entity='mgr.x' cmd=[{"prefix":"config rm","who":"mgr","name":"mgr/rbd_support/x/mirror_snapshot_schedule"}]: dispatch
2024-04-25T20:57:35.381 INFO:journalctl@ceph.mon.a.smithi037.stdout:Apr 25 20:57:35 smithi037 ceph-mon[29195]: from='mgr.14152 172.21.15.37:0/1725309741' entity='mgr.x' cmd=[{"prefix":"config rm","who":"mgr","name":"mgr/rbd_support/x/trash_purge_schedule"}]: dispatch
2024-04-25T20:57:35.381 INFO:journalctl@ceph.mon.a.smithi037.stdout:Apr 25 20:57:35 smithi037 ceph-mon[29195]: [25/Apr/2024:20:57:34] ENGINE Bus STARTING
2024-04-25T20:57:35.381 INFO:journalctl@ceph.mon.a.smithi037.stdout:Apr 25 20:57:35 smithi037 ceph-mon[29195]: [25/Apr/2024:20:57:34] ENGINE Serving on https://172.21.15.37:7150
2024-04-25T20:57:35.381 INFO:journalctl@ceph.mon.a.smithi037.stdout:Apr 25 20:57:35 smithi037 ceph-mon[29195]: [25/Apr/2024:20:57:34] ENGINE Serving on http://172.21.15.37:8765
2024-04-25T20:57:35.381 INFO:journalctl@ceph.mon.a.smithi037.stdout:Apr 25 20:57:35 smithi037 ceph-mon[29195]: [25/Apr/2024:20:57:34] ENGINE Bus STARTED
2024-04-25T20:57:35.381 INFO:journalctl@ceph.mon.a.smithi037.stdout:Apr 25 20:57:35 smithi037 ceph-mon[29195]: mgrmap e11: x(active, since 1.00692s)
2024-04-25T20:57:35.673 INFO:teuthology.orchestra.run.smithi037.stdout:/usr/bin/ceph: stdout {
2024-04-25T20:57:35.673 INFO:teuthology.orchestra.run.smithi037.stdout:/usr/bin/ceph: stdout "mgrmap_epoch": 11,
2024-04-25T20:57:35.673 INFO:teuthology.orchestra.run.smithi037.stdout:/usr/bin/ceph: stdout "initialized": true
2024-04-25T20:57:35.673 INFO:teuthology.orchestra.run.smithi037.stdout:/usr/bin/ceph: stdout }
2024-04-25T20:57:35.673 INFO:teuthology.orchestra.run.smithi037.stdout:/usr/bin/ceph: stderr
2024-04-25T20:57:29.683+0000 7f4af96c2700 1 Processor -- start
2024-04-25T20:57:35.674 INFO:teuthology.orchestra.run.smithi037.stdout:/usr/bin/ceph: stderr
2024-04-25T20:57:29.683+0000 7f4af96c2700 1 -- start start
2024-04-25T20:57:35.674 INFO:teuthology.orchestra.run.smithi037.stdout:/usr/bin/ceph: stderr
2024-04-25T20:57:29.683+0000 7f4af96c2700 1 --2- >> [v2:172.21.15.37:3300/0,v1:172.21.15.37:6789/0] conn(0x7f4af4108fa0 0x7f4af410b390 unknown :-1 s=NONE pgs=0 cs=0 l=0 rev1=0 crypto rx=0 tx=0 comp rx=0 tx=0).connect
2024-04-25T20:57:35.674 INFO:teuthology.orchestra.run.smithi037.stdout:/usr/bin/ceph: stderr
2024-04-25T20:57:29.683+0000 7f4af96c2700 1 -- --> [v2:172.21.15.37:3300/0,v1:172.21.15.37:6789/0] -- mon_getmap magic: 0 -- 0x7f4af407bec0 con 0x7f4af4108fa0
2024-04-25T20:57:35.674 INFO:teuthology.orchestra.run.smithi037.stdout:/usr/bin/ceph: stderr
2024-04-25T20:57:29.684+0000 7f4af2ffd700 1 --2- >> [v2:172.21.15.37:3300/0,v1:172.21.15.37:6789/0] conn(0x7f4af4108fa0 0x7f4af410b390 unknown :-1 s=BANNER_CONNECTING pgs=0 cs=0 l=0 rev1=0 crypto rx=0 tx=0 comp rx=0 tx=0)._handle_peer_banner_payload supported=3 required=0
2024-04-25T20:57:35.674 INFO:teuthology.orchestra.run.smithi037.stdout:/usr/bin/ceph: stderr
2024-04-25T20:57:29.684+0000 7f4af2ffd700 1 --2- >> [v2:172.21.15.37:3300/0,v1:172.21.15.37:6789/0] conn(0x7f4af4108fa0 0x7f4af410b390 unknown :-1 s=HELLO_CONNECTING pgs=0 cs=0 l=0 rev1=1 crypto rx=0 tx=0 comp rx=0 tx=0).handle_hello peer v2:172.21.15.37:3300/0 says I am v2:172.21.15.37:42714/0 (socket says 172.21.15.37:42714)
2024-04-25T20:57:35.675 INFO:teuthology.orchestra.run.smithi037.stdout:/usr/bin/ceph: stderr
2024-04-25T20:57:29.684+0000 7f4af2ffd700 1 -- 172.21.15.37:0/1724551854 learned_addr learned my addr 172.21.15.37:0/1724551854 (peer_addr_for_me v2:172.21.15.37:0/0)
2024-04-25T20:57:35.675 INFO:teuthology.orchestra.run.smithi037.stdout:/usr/bin/ceph: stderr
2024-04-25T20:57:29.684+0000 7f4af2ffd700 1 -- 172.21.15.37:0/1724551854 --> [v2:172.21.15.37:3300/0,v1:172.21.15.37:6789/0] -- mon_subscribe({config=0+,monmap=0+}) -- 0x7f4af410b8d0 con 0x7f4af4108fa0
2024-04-25T20:57:35.675 INFO:teuthology.orchestra.run.smithi037.stdout:/usr/bin/ceph: stderr
2024-04-25T20:57:29.684+0000 7f4af2ffd700 1 --2- 172.21.15.37:0/1724551854 >> [v2:172.21.15.37:3300/0,v1:172.21.15.37:6789/0] conn(0x7f4af4108fa0 0x7f4af410b390 secure :-1 s=READY pgs=61 cs=0 l=1 rev1=1 crypto rx=0x7f4ae80098a0 tx=0x7f4ae8009bb0 comp rx=0 tx=0).ready entity=mon.0 client_cookie=dd4ad3edc2178047 server_cookie=0 in_seq=0 out_seq=0
2024-04-25T20:57:35.675 INFO:teuthology.orchestra.run.smithi037.stdout:/usr/bin/ceph: stderr
2024-04-25T20:57:29.684+0000 7f4af1ffb700 1 -- 172.21.15.37:0/1724551854 <== mon.0 v2:172.21.15.37:3300/0 1 ==== mon_map magic: 0 ==== 205+0+0 (secure 0 0 0) 0x7f4ae8004160 con 0x7f4af4108fa0
2024-04-25T20:57:35.675 INFO:teuthology.orchestra.run.smithi037.stdout:/usr/bin/ceph: stderr
2024-04-25T20:57:29.684+0000 7f4af1ffb700 1 -- 172.21.15.37:0/1724551854 <== mon.0 v2:172.21.15.37:3300/0 2 ==== config(26 keys) ==== 1101+0+0 (secure 0 0 0) 0x7f4ae8004300 con 0x7f4af4108fa0
2024-04-25T20:57:35.675 INFO:teuthology.orchestra.run.smithi037.stdout:/usr/bin/ceph: stderr
2024-04-25T20:57:29.684+0000 7f4af1ffb700 1 -- 172.21.15.37:0/1724551854 <== mon.0 v2:172.21.15.37:3300/0 3 ==== mon_map magic: 0 ==== 205+0+0 (secure 0 0 0) 0x7f4ae8011a20 con 0x7f4af4108fa0
2024-04-25T20:57:35.676 INFO:teuthology.orchestra.run.smithi037.stdout:/usr/bin/ceph: stderr
2024-04-25T20:57:29.685+0000 7f4af96c2700 1 -- 172.21.15.37:0/1724551854 >> [v2:172.21.15.37:3300/0,v1:172.21.15.37:6789/0] conn(0x7f4af4108fa0 msgr2=0x7f4af410b390 secure :-1 s=STATE_CONNECTION_ESTABLISHED l=1).mark_down
2024-04-25T20:57:35.676 INFO:teuthology.orchestra.run.smithi037.stdout:/usr/bin/ceph: stderr
2024-04-25T20:57:29.685+0000 7f4af96c2700 1 --2- 172.21.15.37:0/1724551854 >> [v2:172.21.15.37:3300/0,v1:172.21.15.37:6789/0] conn(0x7f4af4108fa0 0x7f4af410b390 secure :-1 s=READY pgs=61 cs=0 l=1 rev1=1 crypto rx=0x7f4ae80098a0 tx=0x7f4ae8009bb0 comp rx=0 tx=0).stop
2024-04-25T20:57:35.676 INFO:teuthology.orchestra.run.smithi037.stdout:/usr/bin/ceph: stderr
2024-04-25T20:57:29.685+0000 7f4af96c2700 1 -- 172.21.15.37:0/1724551854 shutdown_connections
2024-04-25T20:57:35.676 INFO:teuthology.orchestra.run.smithi037.stdout:/usr/bin/ceph: stderr
2024-04-25T20:57:29.685+0000 7f4af96c2700 1 --2- 172.21.15.37:0/1724551854 >> [v2:172.21.15.37:3300/0,v1:172.21.15.37:6789/0] conn(0x7f4af4108fa0 0x7f4af410b390 unknown :-1 s=CLOSED pgs=61 cs=0 l=1 rev1=1 crypto rx=0 tx=0 comp rx=0 tx=0).stop
2024-04-25T20:57:35.676 INFO:teuthology.orchestra.run.smithi037.stdout:/usr/bin/ceph: stderr
2024-04-25T20:57:29.685+0000 7f4af96c2700 1 -- 172.21.15.37:0/1724551854 >> 172.21.15.37:0/1724551854 conn(0x7f4af4102a10 msgr2=0x7f4af4104e30 unknown :-1 s=STATE_NONE l=0).mark_down
2024-04-25T20:57:35.676 INFO:teuthology.orchestra.run.smithi037.stdout:/usr/bin/ceph: stderr
2024-04-25T20:57:29.685+0000 7f4af96c2700 1 -- 172.21.15.37:0/1724551854 shutdown_connections
2024-04-25T20:57:35.677 INFO:teuthology.orchestra.run.smithi037.stdout:/usr/bin/ceph: stderr
2024-04-25T20:57:29.685+0000 7f4af96c2700 1 -- 172.21.15.37:0/1724551854 wait complete.
2024-04-25T20:57:35.677 INFO:teuthology.orchestra.run.smithi037.stdout:/usr/bin/ceph: stderr
2024-04-25T20:57:29.686+0000 7f4af96c2700 1 Processor -- start
2024-04-25T20:57:35.677 INFO:teuthology.orchestra.run.smithi037.stdout:/usr/bin/ceph: stderr
2024-04-25T20:57:29.686+0000 7f4af96c2700 1 -- start start
2024-04-25T20:57:35.677 INFO:teuthology.orchestra.run.smithi037.stdout:/usr/bin/ceph: stderr
2024-04-25T20:57:29.686+0000 7f4af96c2700 1 --2- >> [v2:172.21.15.37:3300/0,v1:172.21.15.37:6789/0] conn(0x7f4af4108fa0 0x7f4af419e5f0 unknown :-1 s=NONE pgs=0 cs=0 l=1 rev1=0 crypto rx=0 tx=0 comp rx=0 tx=0).connect
2024-04-25T20:57:35.677 INFO:teuthology.orchestra.run.smithi037.stdout:/usr/bin/ceph: stderr
2024-04-25T20:57:29.686+0000 7f4af96c2700 1 -- --> [v2:172.21.15.37:3300/0,v1:172.21.15.37:6789/0] -- mon_getmap magic: 0 -- 0x7f4af410c8e0 con 0x7f4af4108fa0
2024-04-25T20:57:35.677 INFO:teuthology.orchestra.run.smithi037.stdout:/usr/bin/ceph: stderr
2024-04-25T20:57:29.686+0000 7f4af2ffd700 1 --2- >> [v2:172.21.15.37:3300/0,v1:172.21.15.37:6789/0] conn(0x7f4af4108fa0 0x7f4af419e5f0 unknown :-1 s=BANNER_CONNECTING pgs=0 cs=0 l=1 rev1=0 crypto rx=0 tx=0 comp rx=0 tx=0)._handle_peer_banner_payload supported=3 required=0
2024-04-25T20:57:35.678 INFO:teuthology.orchestra.run.smithi037.stdout:/usr/bin/ceph: stderr
2024-04-25T20:57:29.686+0000 7f4af2ffd700 1 --2- >> [v2:172.21.15.37:3300/0,v1:172.21.15.37:6789/0] conn(0x7f4af4108fa0 0x7f4af419e5f0 unknown :-1 s=HELLO_CONNECTING pgs=0 cs=0 l=1 rev1=1 crypto rx=0 tx=0 comp rx=0 tx=0).handle_hello peer v2:172.21.15.37:3300/0 says I am v2:172.21.15.37:42716/0 (socket says 172.21.15.37:42716)
2024-04-25T20:57:35.678 INFO:teuthology.orchestra.run.smithi037.stdout:/usr/bin/ceph: stderr
2024-04-25T20:57:29.686+0000 7f4af2ffd700 1 -- 172.21.15.37:0/3654893087 learned_addr learned my addr 172.21.15.37:0/3654893087 (peer_addr_for_me v2:172.21.15.37:0/0)
2024-04-25T20:57:35.678 INFO:teuthology.orchestra.run.smithi037.stdout:/usr/bin/ceph: stderr
2024-04-25T20:57:29.687+0000 7f4af2ffd700 1 -- 172.21.15.37:0/3654893087 --> [v2:172.21.15.37:3300/0,v1:172.21.15.37:6789/0] -- mon_subscribe({config=0+,monmap=0+}) -- 0x7f4af419eb30 con 0x7f4af4108fa0
2024-04-25T20:57:35.678 INFO:teuthology.orchestra.run.smithi037.stdout:/usr/bin/ceph: stderr
2024-04-25T20:57:29.687+0000 7f4af2ffd700 1 --2- 172.21.15.37:0/3654893087 >> [v2:172.21.15.37:3300/0,v1:172.21.15.37:6789/0] conn(0x7f4af4108fa0 0x7f4af419e5f0 secure :-1 s=READY pgs=62 cs=0 l=1 rev1=1 crypto rx=0x7f4ae80116e0 tx=0x7f4ae8011aa0 comp rx=0 tx=0).ready entity=mon.0 client_cookie=0 server_cookie=0 in_seq=0 out_seq=0
2024-04-25T20:57:35.678 INFO:teuthology.orchestra.run.smithi037.stdout:/usr/bin/ceph: stderr
2024-04-25T20:57:29.687+0000 7f4adbfff700 1 -- 172.21.15.37:0/3654893087 <== mon.0 v2:172.21.15.37:3300/0 1 ==== mon_map magic: 0 ==== 205+0+0 (secure 0 0 0) 0x7f4ae8003b20 con 0x7f4af4108fa0
2024-04-25T20:57:35.678 INFO:teuthology.orchestra.run.smithi037.stdout:/usr/bin/ceph: stderr
2024-04-25T20:57:29.687+0000 7f4af96c2700 1 -- 172.21.15.37:0/3654893087 --> [v2:172.21.15.37:3300/0,v1:172.21.15.37:6789/0] -- mon_subscribe({mgrmap=0+}) -- 0x7f4af419edc0 con 0x7f4af4108fa0
2024-04-25T20:57:35.679 INFO:teuthology.orchestra.run.smithi037.stdout:/usr/bin/ceph: stderr
2024-04-25T20:57:29.687+0000 7f4adbfff700 1 -- 172.21.15.37:0/3654893087 <== mon.0 v2:172.21.15.37:3300/0 2 ==== config(26 keys) ==== 1101+0+0 (secure 0 0 0) 0x7f4ae801b8f0 con 0x7f4af4108fa0
2024-04-25T20:57:35.679 INFO:teuthology.orchestra.run.smithi037.stdout:/usr/bin/ceph: stderr
2024-04-25T20:57:29.687+0000 7f4adbfff700 1 -- 172.21.15.37:0/3654893087 <== mon.0 v2:172.21.15.37:3300/0 3 ==== mon_map magic: 0 ==== 205+0+0 (secure 0 0 0) 0x7f4ae80238c0 con 0x7f4af4108fa0
2024-04-25T20:57:35.679 INFO:teuthology.orchestra.run.smithi037.stdout:/usr/bin/ceph: stderr
2024-04-25T20:57:29.687+0000 7f4af96c2700 1 -- 172.21.15.37:0/3654893087 --> [v2:172.21.15.37:3300/0,v1:172.21.15.37:6789/0] -- mon_subscribe({osdmap=0}) -- 0x7f4af41a1ab0 con 0x7f4af4108fa0
2024-04-25T20:57:35.679 INFO:teuthology.orchestra.run.smithi037.stdout:/usr/bin/ceph: stderr
2024-04-25T20:57:29.688+0000 7f4adbfff700 1 -- 172.21.15.37:0/3654893087 <== mon.0 v2:172.21.15.37:3300/0 4 ==== mgrmap(e 9) ==== 46571+0+0 (secure 0 0 0) 0x7f4ae8023b70 con 0x7f4af4108fa0
2024-04-25T20:57:35.679 INFO:teuthology.orchestra.run.smithi037.stdout:/usr/bin/ceph: stderr
2024-04-25T20:57:29.688+0000 7f4adbfff700 1 --2- 172.21.15.37:0/3654893087 >> [v2:172.21.15.37:6800/3898721946,v1:172.21.15.37:6801/3898721946] conn(0x7f4adc0395b0 0x7f4adc03ba70 unknown :-1 s=NONE pgs=0 cs=0 l=1 rev1=0 crypto rx=0 tx=0 comp rx=0 tx=0).connect
2024-04-25T20:57:35.679 INFO:teuthology.orchestra.run.smithi037.stdout:/usr/bin/ceph: stderr
2024-04-25T20:57:29.688+0000 7f4adbfff700 1 -- 172.21.15.37:0/3654893087 --> [v2:172.21.15.37:6800/3898721946,v1:172.21.15.37:6801/3898721946] -- command(tid 0: {"prefix": "get_command_descriptions"}) -- 0x7f4adc03c180 con 0x7f4adc0395b0
2024-04-25T20:57:35.680 INFO:teuthology.orchestra.run.smithi037.stdout:/usr/bin/ceph: stderr
2024-04-25T20:57:29.688+0000 7f4af27fc700 1 -- 172.21.15.37:0/3654893087 >> [v2:172.21.15.37:6800/3898721946,v1:172.21.15.37:6801/3898721946] conn(0x7f4adc0395b0 msgr2=0x7f4adc03ba70 unknown :-1 s=STATE_CONNECTING_RE l=1).process reconnect failed to v2:172.21.15.37:6800/3898721946
2024-04-25T20:57:35.680 INFO:teuthology.orchestra.run.smithi037.stdout:/usr/bin/ceph: stderr
2024-04-25T20:57:29.688+0000 7f4adbfff700 1 -- 172.21.15.37:0/3654893087 <== mon.0 v2:172.21.15.37:3300/0 5 ==== osd_map(2..2 src has 1..2) ==== 940+0+0 (secure 0 0 0) 0x7f4ae804e0b0 con 0x7f4af4108fa0
2024-04-25T20:57:35.680 INFO:teuthology.orchestra.run.smithi037.stdout:/usr/bin/ceph: stderr
2024-04-25T20:57:29.688+0000 7f4af27fc700 1 --2- 172.21.15.37:0/3654893087 >> [v2:172.21.15.37:6800/3898721946,v1:172.21.15.37:6801/3898721946] conn(0x7f4adc0395b0 0x7f4adc03ba70 unknown :-1 s=START_CONNECT pgs=0 cs=0 l=1 rev1=0 crypto rx=0 tx=0 comp rx=0 tx=0)._fault waiting 0.200000
2024-04-25T20:57:35.680 INFO:teuthology.orchestra.run.smithi037.stdout:/usr/bin/ceph: stderr
2024-04-25T20:57:29.889+0000 7f4af27fc700 1 -- 172.21.15.37:0/3654893087 >> [v2:172.21.15.37:6800/3898721946,v1:172.21.15.37:6801/3898721946] conn(0x7f4adc0395b0 msgr2=0x7f4adc03ba70 unknown :-1 s=STATE_CONNECTING_RE l=1).process reconnect failed to v2:172.21.15.37:6800/3898721946
2024-04-25T20:57:35.680 INFO:teuthology.orchestra.run.smithi037.stdout:/usr/bin/ceph: stderr
2024-04-25T20:57:29.889+0000 7f4af27fc700 1 --2- 172.21.15.37:0/3654893087 >> [v2:172.21.15.37:6800/3898721946,v1:172.21.15.37:6801/3898721946] conn(0x7f4adc0395b0 0x7f4adc03ba70 unknown :-1 s=START_CONNECT pgs=0 cs=0 l=1 rev1=0 crypto rx=0 tx=0 comp rx=0 tx=0)._fault waiting 0.400000
2024-04-25T20:57:35.681 INFO:teuthology.orchestra.run.smithi037.stdout:/usr/bin/ceph: stderr
2024-04-25T20:57:30.290+0000 7f4af27fc700 1 -- 172.21.15.37:0/3654893087 >> [v2:172.21.15.37:6800/3898721946,v1:172.21.15.37:6801/3898721946] conn(0x7f4adc0395b0 msgr2=0x7f4adc03ba70 unknown :-1 s=STATE_CONNECTING_RE l=1).process reconnect failed to v2:172.21.15.37:6800/3898721946
2024-04-25T20:57:35.681 INFO:teuthology.orchestra.run.smithi037.stdout:/usr/bin/ceph: stderr
2024-04-25T20:57:30.290+0000 7f4af27fc700 1 --2- 172.21.15.37:0/3654893087 >> [v2:172.21.15.37:6800/3898721946,v1:172.21.15.37:6801/3898721946] conn(0x7f4adc0395b0 0x7f4adc03ba70 unknown :-1 s=START_CONNECT pgs=0 cs=0 l=1 rev1=0 crypto rx=0 tx=0 comp rx=0 tx=0)._fault waiting 0.800000
2024-04-25T20:57:35.681 INFO:teuthology.orchestra.run.smithi037.stdout:/usr/bin/ceph: stderr
2024-04-25T20:57:31.091+0000 7f4af27fc700 1 -- 172.21.15.37:0/3654893087 >> [v2:172.21.15.37:6800/3898721946,v1:172.21.15.37:6801/3898721946] conn(0x7f4adc0395b0 msgr2=0x7f4adc03ba70 unknown :-1 s=STATE_CONNECTING_RE l=1).process reconnect failed to v2:172.21.15.37:6800/3898721946
2024-04-25T20:57:35.681 INFO:teuthology.orchestra.run.smithi037.stdout:/usr/bin/ceph: stderr
2024-04-25T20:57:31.091+0000 7f4af27fc700 1 --2- 172.21.15.37:0/3654893087 >> [v2:172.21.15.37:6800/3898721946,v1:172.21.15.37:6801/3898721946] conn(0x7f4adc0395b0 0x7f4adc03ba70 unknown :-1 s=START_CONNECT pgs=0 cs=0 l=1 rev1=0 crypto rx=0 tx=0 comp rx=0 tx=0)._fault waiting 1.600000
2024-04-25T20:57:35.681 INFO:teuthology.orchestra.run.smithi037.stdout:/usr/bin/ceph: stderr
2024-04-25T20:57:32.692+0000 7f4af27fc700 1 -- 172.21.15.37:0/3654893087 >> [v2:172.21.15.37:6800/3898721946,v1:172.21.15.37:6801/3898721946] conn(0x7f4adc0395b0 msgr2=0x7f4adc03ba70 unknown :-1 s=STATE_CONNECTING_RE l=1).process reconnect failed to v2:172.21.15.37:6800/3898721946
2024-04-25T20:57:35.681 INFO:teuthology.orchestra.run.smithi037.stdout:/usr/bin/ceph: stderr
2024-04-25T20:57:32.692+0000 7f4af27fc700 1 --2- 172.21.15.37:0/3654893087 >> [v2:172.21.15.37:6800/3898721946,v1:172.21.15.37:6801/3898721946] conn(0x7f4adc0395b0 0x7f4adc03ba70 unknown :-1 s=START_CONNECT pgs=0 cs=0 l=1 rev1=0 crypto rx=0 tx=0 comp rx=0 tx=0)._fault waiting 3.200000
2024-04-25T20:57:35.681 INFO:teuthology.orchestra.run.smithi037.stdout:/usr/bin/ceph: stderr
2024-04-25T20:57:34.093+0000 7f4adbfff700 1 -- 172.21.15.37:0/3654893087 <== mon.0 v2:172.21.15.37:3300/0 6 ==== mgrmap(e 10) ==== 46338+0+0 (secure 0 0 0) 0x7f4ae801baa0 con 0x7f4af4108fa0
2024-04-25T20:57:35.682 INFO:teuthology.orchestra.run.smithi037.stdout:/usr/bin/ceph: stderr
2024-04-25T20:57:34.094+0000 7f4adbfff700 1 -- 172.21.15.37:0/3654893087 >> [v2:172.21.15.37:6800/3898721946,v1:172.21.15.37:6801/3898721946] conn(0x7f4adc0395b0 msgr2=0x7f4adc03ba70 unknown :-1 s=STATE_CONNECTING l=1).mark_down
2024-04-25T20:57:35.682 INFO:teuthology.orchestra.run.smithi037.stdout:/usr/bin/ceph: stderr
2024-04-25T20:57:34.094+0000 7f4adbfff700 1 --2- 172.21.15.37:0/3654893087 >> [v2:172.21.15.37:6800/3898721946,v1:172.21.15.37:6801/3898721946] conn(0x7f4adc0395b0 0x7f4adc03ba70 unknown :-1 s=START_CONNECT pgs=0 cs=0 l=1 rev1=0 crypto rx=0 tx=0 comp rx=0 tx=0).stop
2024-04-25T20:57:35.682 INFO:teuthology.orchestra.run.smithi037.stdout:/usr/bin/ceph: stderr
2024-04-25T20:57:35.095+0000 7f4adbfff700 1 -- 172.21.15.37:0/3654893087 <== mon.0 v2:172.21.15.37:3300/0 7 ==== mgrmap(e 11) ==== 46465+0+0 (secure 0 0 0) 0x7f4ae8050230 con 0x7f4af4108fa0
2024-04-25T20:57:35.682 INFO:teuthology.orchestra.run.smithi037.stdout:/usr/bin/ceph: stderr
2024-04-25T20:57:35.095+0000 7f4adbfff700 1 --2- 172.21.15.37:0/3654893087 >> [v2:172.21.15.37:6800/2407888079,v1:172.21.15.37:6801/2407888079] conn(0x7f4adc03cfe0 0x7f4adc03f3d0 unknown :-1 s=NONE pgs=0 cs=0 l=1 rev1=0 crypto rx=0 tx=0 comp rx=0 tx=0).connect
2024-04-25T20:57:35.682 INFO:teuthology.orchestra.run.smithi037.stdout:/usr/bin/ceph: stderr
2024-04-25T20:57:35.096+0000 7f4adbfff700 1 -- 172.21.15.37:0/3654893087 --> [v2:172.21.15.37:6800/2407888079,v1:172.21.15.37:6801/2407888079] -- command(tid 0: {"prefix": "get_command_descriptions"}) -- 0x7f4ae800be90 con 0x7f4adc03cfe0
2024-04-25T20:57:35.682 INFO:teuthology.orchestra.run.smithi037.stdout:/usr/bin/ceph: stderr
2024-04-25T20:57:35.096+0000 7f4af27fc700 1 --2- 172.21.15.37:0/3654893087 >> [v2:172.21.15.37:6800/2407888079,v1:172.21.15.37:6801/2407888079] conn(0x7f4adc03cfe0 0x7f4adc03f3d0 unknown :-1 s=BANNER_CONNECTING pgs=0 cs=0 l=1 rev1=0 crypto rx=0 tx=0 comp rx=0 tx=0)._handle_peer_banner_payload supported=3 required=0
2024-04-25T20:57:35.682 INFO:teuthology.orchestra.run.smithi037.stdout:/usr/bin/ceph: stderr
2024-04-25T20:57:35.097+0000 7f4af27fc700 1 --2- 172.21.15.37:0/3654893087 >> [v2:172.21.15.37:6800/2407888079,v1:172.21.15.37:6801/2407888079] conn(0x7f4adc03cfe0 0x7f4adc03f3d0 secure :-1 s=READY pgs=3 cs=0 l=1 rev1=1 crypto rx=0x7f4ae4003a10 tx=0x7f4ae40092b0 comp rx=0 tx=0).ready entity=mgr.14152 client_cookie=0 server_cookie=0 in_seq=0 out_seq=0
2024-04-25T20:57:35.682 INFO:teuthology.orchestra.run.smithi037.stdout:/usr/bin/ceph: stderr
2024-04-25T20:57:35.097+0000 7f4adbfff700 1 -- 172.21.15.37:0/3654893087 <== mgr.14152 v2:172.21.15.37:6800/2407888079 1 ==== command_reply(tid 0: 0 ) ==== 8+0+7774 (secure 0 0 0) 0x7f4ae800be90 con 0x7f4adc03cfe0
2024-04-25T20:57:35.682 INFO:teuthology.orchestra.run.smithi037.stdout:/usr/bin/ceph: stderr
2024-04-25T20:57:35.104+0000 7f4af96c2700 1 -- 172.21.15.37:0/3654893087 --> [v2:172.21.15.37:6800/2407888079,v1:172.21.15.37:6801/2407888079] -- command(tid 1: {"prefix": "mgr_status"}) -- 0x7f4af4069b90 con 0x7f4adc03cfe0
2024-04-25T20:57:35.682 INFO:teuthology.orchestra.run.smithi037.stdout:/usr/bin/ceph: stderr
2024-04-25T20:57:35.104+0000 7f4adbfff700 1 -- 172.21.15.37:0/3654893087 <== mgr.14152 v2:172.21.15.37:6800/2407888079 2 ==== command_reply(tid 1: 0 ) ==== 8+0+52 (secure 0 0 0) 0x7f4af4069b90 con 0x7f4adc03cfe0
2024-04-25T20:57:35.683 INFO:teuthology.orchestra.run.smithi037.stdout:/usr/bin/ceph: stderr
2024-04-25T20:57:35.105+0000 7f4af96c2700 1 -- 172.21.15.37:0/3654893087 >> [v2:172.21.15.37:6800/2407888079,v1:172.21.15.37:6801/2407888079] conn(0x7f4adc03cfe0 msgr2=0x7f4adc03f3d0 secure :-1 s=STATE_CONNECTION_ESTABLISHED l=1).mark_down
2024-04-25T20:57:35.683 INFO:teuthology.orchestra.run.smithi037.stdout:/usr/bin/ceph: stderr
2024-04-25T20:57:35.105+0000 7f4af96c2700 1 --2- 172.21.15.37:0/3654893087 >> [v2:172.21.15.37:6800/2407888079,v1:172.21.15.37:6801/2407888079] conn(0x7f4adc03cfe0 0x7f4adc03f3d0 secure :-1 s=READY pgs=3 cs=0 l=1 rev1=1 crypto rx=0x7f4ae4003a10 tx=0x7f4ae40092b0 comp rx=0 tx=0).stop
2024-04-25T20:57:35.683 INFO:teuthology.orchestra.run.smithi037.stdout:/usr/bin/ceph: stderr
2024-04-25T20:57:35.105+0000 7f4af96c2700 1 -- 172.21.15.37:0/3654893087 >> [v2:172.21.15.37:3300/0,v1:172.21.15.37:6789/0] conn(0x7f4af4108fa0 msgr2=0x7f4af419e5f0 secure :-1 s=STATE_CONNECTION_ESTABLISHED l=1).mark_down
2024-04-25T20:57:35.683 INFO:teuthology.orchestra.run.smithi037.stdout:/usr/bin/ceph: stderr
2024-04-25T20:57:35.105+0000 7f4af96c2700 1 --2- 172.21.15.37:0/3654893087 >> [v2:172.21.15.37:3300/0,v1:172.21.15.37:6789/0] conn(0x7f4af4108fa0 0x7f4af419e5f0 secure :-1 s=READY pgs=62 cs=0 l=1 rev1=1 crypto rx=0x7f4ae80116e0 tx=0x7f4ae8011aa0 comp rx=0 tx=0).stop
2024-04-25T20:57:35.683 INFO:teuthology.orchestra.run.smithi037.stdout:/usr/bin/ceph: stderr
2024-04-25T20:57:35.105+0000 7f4af96c2700 1 -- 172.21.15.37:0/3654893087 shutdown_connections
2024-04-25T20:57:35.683 INFO:teuthology.orchestra.run.smithi037.stdout:/usr/bin/ceph: stderr
2024-04-25T20:57:35.105+0000 7f4af96c2700 1 --2- 172.21.15.37:0/3654893087 >> [v2:172.21.15.37:6800/2407888079,v1:172.21.15.37:6801/2407888079] conn(0x7f4adc03cfe0 0x7f4adc03f3d0 unknown :-1 s=CLOSED pgs=3 cs=0 l=1 rev1=1 crypto rx=0 tx=0 comp rx=0 tx=0).stop
2024-04-25T20:57:35.683 INFO:teuthology.orchestra.run.smithi037.stdout:/usr/bin/ceph: stderr
2024-04-25T20:57:35.105+0000 7f4af96c2700 1 --2- 172.21.15.37:0/3654893087 >> [v2:172.21.15.37:3300/0,v1:172.21.15.37:6789/0] conn(0x7f4af4108fa0 0x7f4af419e5f0 unknown :-1 s=CLOSED pgs=62 cs=0 l=1 rev1=1 crypto rx=0 tx=0 comp rx=0 tx=0).stop
2024-04-25T20:57:35.683 INFO:teuthology.orchestra.run.smithi037.stdout:/usr/bin/ceph: stderr
2024-04-25T20:57:35.105+0000 7f4af96c2700 1 --2- 172.21.15.37:0/3654893087 >> [v2:172.21.15.37:6800/3898721946,v1:172.21.15.37:6801/3898721946] conn(0x7f4adc0395b0 0x7f4adc03ba70 unknown :-1 s=CLOSED pgs=0 cs=0 l=1 rev1=0 crypto rx=0 tx=0 comp rx=0 tx=0).stop
2024-04-25T20:57:35.683 INFO:teuthology.orchestra.run.smithi037.stdout:/usr/bin/ceph: stderr
2024-04-25T20:57:35.105+0000 7f4af96c2700 1 -- 172.21.15.37:0/3654893087 >> 172.21.15.37:0/3654893087 conn(0x7f4af4102a10 msgr2=0x7f4af4103450 unknown :-1 s=STATE_NONE l=0).mark_down
2024-04-25T20:57:35.683 INFO:teuthology.orchestra.run.smithi037.stdout:/usr/bin/ceph: stderr
2024-04-25T20:57:35.105+0000 7f4af96c2700 1 -- 172.21.15.37:0/3654893087 shutdown_connections
2024-04-25T20:57:35.683 INFO:teuthology.orchestra.run.smithi037.stdout:/usr/bin/ceph: stderr
2024-04-25T20:57:35.105+0000 7f4af96c2700 1 -- 172.21.15.37:0/3654893087 wait complete.
2024-04-25T20:57:35.683 INFO:teuthology.orchestra.run.smithi037.stdout:mgr epoch 9 is available
2024-04-25T20:57:35.683 INFO:teuthology.orchestra.run.smithi037.stdout:Generating a dashboard self-signed certificate...
2024-04-25T20:57:36.351 INFO:journalctl@ceph.mon.a.smithi037.stdout:Apr 25 20:57:36 smithi037 ceph-mon[29195]: from='client.14156 -' entity='client.admin' cmd=[{"prefix": "get_command_descriptions"}]: dispatch
2024-04-25T20:57:36.351 INFO:journalctl@ceph.mon.a.smithi037.stdout:Apr 25 20:57:36 smithi037 ceph-mon[29195]: from='client.14156 -' entity='client.admin' cmd=[{"prefix": "mgr_status"}]: dispatch
2024-04-25T20:57:37.330 INFO:journalctl@ceph.mon.a.smithi037.stdout:Apr 25 20:57:37 smithi037 ceph-mon[29195]: mgrmap e12: x(active, since 2s)
2024-04-25T20:57:37.330 INFO:journalctl@ceph.mon.a.smithi037.stdout:Apr 25 20:57:37 smithi037 ceph-mon[29195]: from='mgr.14152 172.21.15.37:0/1725309741' entity='mgr.x'
2024-04-25T20:57:37.330 INFO:journalctl@ceph.mon.a.smithi037.stdout:Apr 25 20:57:37 smithi037 ceph-mon[29195]: from='client.14164 -' entity='client.admin' cmd=[{"prefix": "dashboard create-self-signed-cert", "target": ["mon-mgr", ""]}]: dispatch
2024-04-25T20:57:37.330 INFO:journalctl@ceph.mon.a.smithi037.stdout:Apr 25 20:57:37 smithi037 ceph-mon[29195]: from='mgr.14152 172.21.15.37:0/1725309741' entity='mgr.x'
2024-04-25T20:57:37.330 INFO:journalctl@ceph.mon.a.smithi037.stdout:Apr 25 20:57:37 smithi037 ceph-mon[29195]: from='mgr.14152 172.21.15.37:0/1725309741' entity='mgr.x'
2024-04-25T20:57:37.338 INFO:teuthology.orchestra.run.smithi037.stdout:/usr/bin/ceph: stdout Self-signed certificate created
2024-04-25T20:57:37.338 INFO:teuthology.orchestra.run.smithi037.stdout:/usr/bin/ceph: stderr
2024-04-25T20:57:36.376+0000 7fcaa32ac700 1 Processor -- start
2024-04-25T20:57:37.338 INFO:teuthology.orchestra.run.smithi037.stdout:/usr/bin/ceph: stderr
2024-04-25T20:57:36.376+0000 7fcaa32ac700 1 -- start start
2024-04-25T20:57:37.338 INFO:teuthology.orchestra.run.smithi037.stdout:/usr/bin/ceph: stderr
2024-04-25T20:57:36.376+0000 7fcaa32ac700 1 --2- >> [v2:172.21.15.37:3300/0,v1:172.21.15.37:6789/0] conn(0x7fca9c108fa0 0x7fca9c10b390 unknown :-1 s=NONE pgs=0 cs=0 l=0 rev1=0 crypto rx=0 tx=0 comp rx=0 tx=0).connect
2024-04-25T20:57:37.338 INFO:teuthology.orchestra.run.smithi037.stdout:/usr/bin/ceph: stderr
2024-04-25T20:57:36.376+0000 7fcaa32ac700 1 -- --> [v2:172.21.15.37:3300/0,v1:172.21.15.37:6789/0] -- mon_getmap magic: 0 -- 0x7fca9c07be20 con 0x7fca9c108fa0
2024-04-25T20:57:37.338 INFO:teuthology.orchestra.run.smithi037.stdout:/usr/bin/ceph: stderr
2024-04-25T20:57:36.377+0000 7fcaa1048700 1 --2- >> [v2:172.21.15.37:3300/0,v1:172.21.15.37:6789/0] conn(0x7fca9c108fa0 0x7fca9c10b390 unknown :-1 s=BANNER_CONNECTING pgs=0 cs=0 l=0 rev1=0 crypto rx=0 tx=0 comp rx=0 tx=0)._handle_peer_banner_payload supported=3 required=0
2024-04-25T20:57:37.338 INFO:teuthology.orchestra.run.smithi037.stdout:/usr/bin/ceph: stderr
2024-04-25T20:57:36.377+0000 7fcaa1048700 1 --2- >> [v2:172.21.15.37:3300/0,v1:172.21.15.37:6789/0] conn(0x7fca9c108fa0 0x7fca9c10b390 unknown :-1 s=HELLO_CONNECTING pgs=0 cs=0 l=0 rev1=1 crypto rx=0 tx=0 comp rx=0 tx=0).handle_hello peer v2:172.21.15.37:3300/0 says I am v2:172.21.15.37:42786/0 (socket says 172.21.15.37:42786)
2024-04-25T20:57:37.338 INFO:teuthology.orchestra.run.smithi037.stdout:/usr/bin/ceph: stderr
2024-04-25T20:57:36.377+0000 7fcaa1048700 1 -- 172.21.15.37:0/1899399237 learned_addr learned my addr 172.21.15.37:0/1899399237 (peer_addr_for_me v2:172.21.15.37:0/0)
2024-04-25T20:57:37.338 INFO:teuthology.orchestra.run.smithi037.stdout:/usr/bin/ceph: stderr
2024-04-25T20:57:36.377+0000 7fcaa1048700 1 -- 172.21.15.37:0/1899399237 --> [v2:172.21.15.37:3300/0,v1:172.21.15.37:6789/0] -- mon_subscribe({config=0+,monmap=0+}) -- 0x7fca9c10b8d0 con 0x7fca9c108fa0
2024-04-25T20:57:37.338 INFO:teuthology.orchestra.run.smithi037.stdout:/usr/bin/ceph: stderr
2024-04-25T20:57:36.377+0000 7fcaa1048700 1 --2- 172.21.15.37:0/1899399237 >> [v2:172.21.15.37:3300/0,v1:172.21.15.37:6789/0] conn(0x7fca9c108fa0 0x7fca9c10b390 secure :-1 s=READY pgs=70 cs=0 l=1 rev1=1 crypto rx=0x7fca980098a0 tx=0x7fca98009bb0 comp rx=0 tx=0).ready entity=mon.0 client_cookie=53e06b0395a31625 server_cookie=0 in_seq=0 out_seq=0
2024-04-25T20:57:37.339 INFO:teuthology.orchestra.run.smithi037.stdout:/usr/bin/ceph: stderr
2024-04-25T20:57:36.377+0000 7fca93fff700 1 -- 172.21.15.37:0/1899399237 <== mon.0 v2:172.21.15.37:3300/0 1 ==== mon_map magic: 0 ==== 205+0+0 (secure 0 0 0) 0x7fca98004160 con 0x7fca9c108fa0
2024-04-25T20:57:37.339 INFO:teuthology.orchestra.run.smithi037.stdout:/usr/bin/ceph: stderr
2024-04-25T20:57:36.377+0000 7fca93fff700 1 -- 172.21.15.37:0/1899399237 <== mon.0 v2:172.21.15.37:3300/0 2 ==== config(26 keys) ==== 1101+0+0 (secure 0 0 0) 0x7fca98004300 con 0x7fca9c108fa0
2024-04-25T20:57:37.339 INFO:teuthology.orchestra.run.smithi037.stdout:/usr/bin/ceph: stderr
2024-04-25T20:57:36.377+0000 7fca93fff700 1 -- 172.21.15.37:0/1899399237 <== mon.0 v2:172.21.15.37:3300/0 3 ==== mon_map magic: 0 ==== 205+0+0 (secure 0 0 0) 0x7fca98011a20 con 0x7fca9c108fa0
2024-04-25T20:57:37.339 INFO:teuthology.orchestra.run.smithi037.stdout:/usr/bin/ceph: stderr
2024-04-25T20:57:36.378+0000 7fcaa32ac700 1 -- 172.21.15.37:0/1899399237 >> [v2:172.21.15.37:3300/0,v1:172.21.15.37:6789/0] conn(0x7fca9c108fa0 msgr2=0x7fca9c10b390 secure :-1 s=STATE_CONNECTION_ESTABLISHED l=1).mark_down
2024-04-25T20:57:37.339 INFO:teuthology.orchestra.run.smithi037.stdout:/usr/bin/ceph: stderr
2024-04-25T20:57:36.378+0000 7fcaa32ac700 1 --2- 172.21.15.37:0/1899399237 >> [v2:172.21.15.37:3300/0,v1:172.21.15.37:6789/0] conn(0x7fca9c108fa0 0x7fca9c10b390 secure :-1 s=READY pgs=70 cs=0 l=1 rev1=1 crypto rx=0x7fca980098a0 tx=0x7fca98009bb0 comp rx=0 tx=0).stop
2024-04-25T20:57:37.339 INFO:teuthology.orchestra.run.smithi037.stdout:/usr/bin/ceph: stderr
2024-04-25T20:57:36.378+0000 7fcaa32ac700 1 -- 172.21.15.37:0/1899399237 shutdown_connections
2024-04-25T20:57:37.339 INFO:teuthology.orchestra.run.smithi037.stdout:/usr/bin/ceph: stderr
2024-04-25T20:57:36.378+0000 7fcaa32ac700 1 --2- 172.21.15.37:0/1899399237 >> [v2:172.21.15.37:3300/0,v1:172.21.15.37:6789/0] conn(0x7fca9c108fa0 0x7fca9c10b390 unknown :-1 s=CLOSED pgs=70 cs=0 l=1 rev1=1 crypto rx=0 tx=0 comp rx=0 tx=0).stop
2024-04-25T20:57:37.339 INFO:teuthology.orchestra.run.smithi037.stdout:/usr/bin/ceph: stderr
2024-04-25T20:57:36.378+0000 7fcaa32ac700 1 -- 172.21.15.37:0/1899399237 >> 172.21.15.37:0/1899399237 conn(0x7fca9c1029b0 msgr2=0x7fca9c104dd0 unknown :-1 s=STATE_NONE l=0).mark_down
2024-04-25T20:57:37.339 INFO:teuthology.orchestra.run.smithi037.stdout:/usr/bin/ceph: stderr
2024-04-25T20:57:36.378+0000 7fcaa32ac700 1 -- 172.21.15.37:0/1899399237 shutdown_connections
2024-04-25T20:57:37.339 INFO:teuthology.orchestra.run.smithi037.stdout:/usr/bin/ceph: stderr
2024-04-25T20:57:36.378+0000 7fcaa32ac700 1 -- 172.21.15.37:0/1899399237 wait complete.
2024-04-25T20:57:37.339 INFO:teuthology.orchestra.run.smithi037.stdout:/usr/bin/ceph: stderr
2024-04-25T20:57:36.379+0000 7fcaa32ac700 1 Processor -- start
2024-04-25T20:57:37.339 INFO:teuthology.orchestra.run.smithi037.stdout:/usr/bin/ceph: stderr
2024-04-25T20:57:36.379+0000 7fcaa32ac700 1 -- start start
2024-04-25T20:57:37.339 INFO:teuthology.orchestra.run.smithi037.stdout:/usr/bin/ceph: stderr
2024-04-25T20:57:36.379+0000 7fcaa32ac700 1 --2- >> [v2:172.21.15.37:3300/0,v1:172.21.15.37:6789/0] conn(0x7fca9c108fa0 0x7fca9c19c420 unknown :-1 s=NONE pgs=0 cs=0 l=1 rev1=0 crypto rx=0 tx=0 comp rx=0 tx=0).connect
2024-04-25T20:57:37.339 INFO:teuthology.orchestra.run.smithi037.stdout:/usr/bin/ceph: stderr
2024-04-25T20:57:36.379+0000 7fcaa32ac700 1 -- --> [v2:172.21.15.37:3300/0,v1:172.21.15.37:6789/0] -- mon_getmap magic: 0 -- 0x7fca9c10c870 con 0x7fca9c108fa0
2024-04-25T20:57:37.339 INFO:teuthology.orchestra.run.smithi037.stdout:/usr/bin/ceph: stderr
2024-04-25T20:57:36.380+0000 7fcaa1048700 1 --2- >> [v2:172.21.15.37:3300/0,v1:172.21.15.37:6789/0] conn(0x7fca9c108fa0 0x7fca9c19c420 unknown :-1 s=BANNER_CONNECTING pgs=0 cs=0 l=1 rev1=0 crypto rx=0 tx=0 comp rx=0 tx=0)._handle_peer_banner_payload supported=3 required=0
2024-04-25T20:57:37.340 INFO:teuthology.orchestra.run.smithi037.stdout:/usr/bin/ceph: stderr
2024-04-25T20:57:36.380+0000 7fcaa1048700 1 --2- >> [v2:172.21.15.37:3300/0,v1:172.21.15.37:6789/0] conn(0x7fca9c108fa0 0x7fca9c19c420 unknown :-1 s=HELLO_CONNECTING pgs=0 cs=0 l=1 rev1=1 crypto rx=0 tx=0 comp rx=0 tx=0).handle_hello peer v2:172.21.15.37:3300/0 says I am v2:172.21.15.37:42794/0 (socket says 172.21.15.37:42794)
2024-04-25T20:57:37.340 INFO:teuthology.orchestra.run.smithi037.stdout:/usr/bin/ceph: stderr
2024-04-25T20:57:36.380+0000 7fcaa1048700 1 -- 172.21.15.37:0/2520582298 learned_addr learned my addr 172.21.15.37:0/2520582298 (peer_addr_for_me v2:172.21.15.37:0/0)
2024-04-25T20:57:37.340 INFO:teuthology.orchestra.run.smithi037.stdout:/usr/bin/ceph: stderr
2024-04-25T20:57:36.380+0000 7fcaa1048700 1 -- 172.21.15.37:0/2520582298 --> [v2:172.21.15.37:3300/0,v1:172.21.15.37:6789/0] -- mon_subscribe({config=0+,monmap=0+}) -- 0x7fca9c19c960 con 0x7fca9c108fa0
2024-04-25T20:57:37.340 INFO:teuthology.orchestra.run.smithi037.stdout:/usr/bin/ceph: stderr
2024-04-25T20:57:36.380+0000 7fcaa1048700 1 --2- 172.21.15.37:0/2520582298 >> [v2:172.21.15.37:3300/0,v1:172.21.15.37:6789/0] conn(0x7fca9c108fa0 0x7fca9c19c420 secure :-1 s=READY pgs=71 cs=0 l=1 rev1=1 crypto rx=0x7fca98004660 tx=0x7fca98011aa0 comp rx=0 tx=0).ready entity=mon.0 client_cookie=0 server_cookie=0 in_seq=0 out_seq=0
2024-04-25T20:57:37.340 INFO:teuthology.orchestra.run.smithi037.stdout:/usr/bin/ceph: stderr
2024-04-25T20:57:36.380+0000 7fca927fc700 1 -- 172.21.15.37:0/2520582298 <== mon.0 v2:172.21.15.37:3300/0 1 ==== mon_map magic: 0 ==== 205+0+0 (secure 0 0 0) 0x7fca98003aa0 con 0x7fca9c108fa0
2024-04-25T20:57:37.340 INFO:teuthology.orchestra.run.smithi037.stdout:/usr/bin/ceph: stderr
2024-04-25T20:57:36.380+0000 7fcaa32ac700 1 -- 172.21.15.37:0/2520582298 --> [v2:172.21.15.37:3300/0,v1:172.21.15.37:6789/0] -- mon_subscribe({mgrmap=0+}) -- 0x7fca9c19cbf0 con 0x7fca9c108fa0
2024-04-25T20:57:37.340 INFO:teuthology.orchestra.run.smithi037.stdout:/usr/bin/ceph: stderr
2024-04-25T20:57:36.380+0000 7fcaa32ac700 1 -- 172.21.15.37:0/2520582298 --> [v2:172.21.15.37:3300/0,v1:172.21.15.37:6789/0] -- mon_subscribe({osdmap=0}) -- 0x7fca9c19f8e0 con 0x7fca9c108fa0
2024-04-25T20:57:37.340 INFO:teuthology.orchestra.run.smithi037.stdout:/usr/bin/ceph: stderr
2024-04-25T20:57:36.380+0000 7fca927fc700 1 -- 172.21.15.37:0/2520582298 <== mon.0 v2:172.21.15.37:3300/0 2 ==== config(26 keys) ==== 1101+0+0 (secure 0 0 0) 0x7fca9801b8f0 con 0x7fca9c108fa0
2024-04-25T20:57:37.340 INFO:teuthology.orchestra.run.smithi037.stdout:/usr/bin/ceph: stderr
2024-04-25T20:57:36.380+0000 7fca927fc700 1 -- 172.21.15.37:0/2520582298 <== mon.0 v2:172.21.15.37:3300/0 3 ==== mon_map magic: 0 ==== 205+0+0 (secure 0 0 0) 0x7fca98023900 con 0x7fca9c108fa0
2024-04-25T20:57:37.340 INFO:teuthology.orchestra.run.smithi037.stdout:/usr/bin/ceph: stderr
2024-04-25T20:57:36.381+0000 7fcaa32ac700 1 -- 172.21.15.37:0/2520582298 --> [v2:172.21.15.37:3300/0,v1:172.21.15.37:6789/0] -- mon_command({"prefix": "get_command_descriptions"} v 0) -- 0x7fca9c0640a0 con 0x7fca9c108fa0
2024-04-25T20:57:37.340 INFO:teuthology.orchestra.run.smithi037.stdout:/usr/bin/ceph: stderr
2024-04-25T20:57:36.381+0000 7fca927fc700 1 -- 172.21.15.37:0/2520582298 <== mon.0 v2:172.21.15.37:3300/0 4 ==== mgrmap(e 12) ==== 46571+0+0 (secure 0 0 0) 0x7fca98023bc0 con 0x7fca9c108fa0
2024-04-25T20:57:37.340 INFO:teuthology.orchestra.run.smithi037.stdout:/usr/bin/ceph: stderr
2024-04-25T20:57:36.382+0000 7fca927fc700 1 --2- 172.21.15.37:0/2520582298 >> [v2:172.21.15.37:6800/2407888079,v1:172.21.15.37:6801/2407888079] conn(0x7fca88039600 0x7fca8803bac0 unknown :-1 s=NONE pgs=0 cs=0 l=1 rev1=0 crypto rx=0 tx=0 comp rx=0 tx=0).connect
2024-04-25T20:57:37.340 INFO:teuthology.orchestra.run.smithi037.stdout:/usr/bin/ceph: stderr
2024-04-25T20:57:36.382+0000 7fca927fc700 1 -- 172.21.15.37:0/2520582298 <== mon.0 v2:172.21.15.37:3300/0 5 ==== osd_map(3..3 src has 1..3) ==== 1155+0+0 (secure 0 0 0) 0x7fca9804e160 con 0x7fca9c108fa0
2024-04-25T20:57:37.340 INFO:teuthology.orchestra.run.smithi037.stdout:/usr/bin/ceph: stderr
2024-04-25T20:57:36.382+0000 7fcaa0847700 1 --2- 172.21.15.37:0/2520582298 >> [v2:172.21.15.37:6800/2407888079,v1:172.21.15.37:6801/2407888079] conn(0x7fca88039600 0x7fca8803bac0 unknown :-1 s=BANNER_CONNECTING pgs=0 cs=0 l=1 rev1=0 crypto rx=0 tx=0 comp rx=0 tx=0)._handle_peer_banner_payload supported=3 required=0
2024-04-25T20:57:37.340 INFO:teuthology.orchestra.run.smithi037.stdout:/usr/bin/ceph: stderr
2024-04-25T20:57:36.382+0000 7fcaa0847700 1 --2- 172.21.15.37:0/2520582298 >> [v2:172.21.15.37:6800/2407888079,v1:172.21.15.37:6801/2407888079] conn(0x7fca88039600 0x7fca8803bac0 secure :-1 s=READY pgs=7 cs=0 l=1 rev1=1 crypto rx=0x7fca8c006fd0 tx=0x7fca8c006e40 comp rx=0 tx=0).ready entity=mgr.14152 client_cookie=0 server_cookie=0 in_seq=0 out_seq=0
2024-04-25T20:57:37.340 INFO:teuthology.orchestra.run.smithi037.stdout:/usr/bin/ceph: stderr
2024-04-25T20:57:36.387+0000 7fca927fc700 1 -- 172.21.15.37:0/2520582298 <== mon.0 v2:172.21.15.37:3300/0 6 ==== mon_command_ack([{"prefix": "get_command_descriptions"}]=0 v0) ==== 72+0+188370 (secure 0 0 0) 0x7fca9801f030 con 0x7fca9c108fa0
2024-04-25T20:57:37.341 INFO:teuthology.orchestra.run.smithi037.stdout:/usr/bin/ceph: stderr
2024-04-25T20:57:36.608+0000 7fcaa32ac700 1 -- 172.21.15.37:0/2520582298 --> [v2:172.21.15.37:6800/2407888079,v1:172.21.15.37:6801/2407888079] -- mgr_command(tid 0: {"prefix": "dashboard create-self-signed-cert", "target": ["mon-mgr", ""]}) -- 0x7fca9c103c20 con 0x7fca88039600
2024-04-25T20:57:37.341 INFO:teuthology.orchestra.run.smithi037.stdout:/usr/bin/ceph: stderr
2024-04-25T20:57:36.681+0000 7fca927fc700 1 -- 172.21.15.37:0/2520582298 <== mgr.14152 v2:172.21.15.37:6800/2407888079 1 ==== mgr_command_reply(tid 0: 0 ) ==== 8+0+32 (secure 0 0 0) 0x7fca9c103c20 con 0x7fca88039600
2024-04-25T20:57:37.341 INFO:teuthology.orchestra.run.smithi037.stdout:/usr/bin/ceph: stderr
2024-04-25T20:57:36.683+0000 7fcaa32ac700 1 -- 172.21.15.37:0/2520582298 >> [v2:172.21.15.37:6800/2407888079,v1:172.21.15.37:6801/2407888079] conn(0x7fca88039600 msgr2=0x7fca8803bac0 secure :-1 s=STATE_CONNECTION_ESTABLISHED l=1).mark_down
2024-04-25T20:57:37.341 INFO:teuthology.orchestra.run.smithi037.stdout:/usr/bin/ceph: stderr
2024-04-25T20:57:36.683+0000 7fcaa32ac700 1 --2- 172.21.15.37:0/2520582298 >> [v2:172.21.15.37:6800/2407888079,v1:172.21.15.37:6801/2407888079] conn(0x7fca88039600 0x7fca8803bac0 secure :-1 s=READY pgs=7 cs=0 l=1 rev1=1 crypto rx=0x7fca8c006fd0 tx=0x7fca8c006e40 comp rx=0 tx=0).stop
2024-04-25T20:57:37.341 INFO:teuthology.orchestra.run.smithi037.stdout:/usr/bin/ceph: stderr
2024-04-25T20:57:36.683+0000 7fcaa32ac700 1 -- 172.21.15.37:0/2520582298 >> [v2:172.21.15.37:3300/0,v1:172.21.15.37:6789/0] conn(0x7fca9c108fa0 msgr2=0x7fca9c19c420 secure :-1 s=STATE_CONNECTION_ESTABLISHED l=1).mark_down
2024-04-25T20:57:37.341 INFO:teuthology.orchestra.run.smithi037.stdout:/usr/bin/ceph: stderr
2024-04-25T20:57:36.683+0000 7fcaa32ac700 1 --2- 172.21.15.37:0/2520582298 >> [v2:172.21.15.37:3300/0,v1:172.21.15.37:6789/0] conn(0x7fca9c108fa0 0x7fca9c19c420 secure :-1 s=READY pgs=71 cs=0 l=1 rev1=1 crypto rx=0x7fca98004660 tx=0x7fca98011aa0 comp rx=0 tx=0).stop
2024-04-25T20:57:37.341 INFO:teuthology.orchestra.run.smithi037.stdout:/usr/bin/ceph: stderr
2024-04-25T20:57:36.683+0000 7fcaa32ac700 1 -- 172.21.15.37:0/2520582298 shutdown_connections
2024-04-25T20:57:37.341 INFO:teuthology.orchestra.run.smithi037.stdout:/usr/bin/ceph: stderr
2024-04-25T20:57:36.683+0000 7fcaa32ac700 1 --2- 172.21.15.37:0/2520582298 >> [v2:172.21.15.37:6800/2407888079,v1:172.21.15.37:6801/2407888079] conn(0x7fca88039600 0x7fca8803bac0 unknown :-1 s=CLOSED pgs=7 cs=0 l=1 rev1=1 crypto rx=0 tx=0 comp rx=0 tx=0).stop
2024-04-25T20:57:37.341 INFO:teuthology.orchestra.run.smithi037.stdout:/usr/bin/ceph: stderr
2024-04-25T20:57:36.683+0000 7fcaa32ac700 1 --2- 172.21.15.37:0/2520582298 >> [v2:172.21.15.37:3300/0,v1:172.21.15.37:6789/0] conn(0x7fca9c108fa0 0x7fca9c19c420 unknown :-1 s=CLOSED pgs=71 cs=0 l=1 rev1=1 crypto rx=0 tx=0 comp rx=0 tx=0).stop
2024-04-25T20:57:37.341 INFO:teuthology.orchestra.run.smithi037.stdout:/usr/bin/ceph: stderr
2024-04-25T20:57:36.683+0000 7fcaa32ac700 1 -- 172.21.15.37:0/2520582298 >> 172.21.15.37:0/2520582298 conn(0x7fca9c1029b0 msgr2=0x7fca9c103510 unknown :-1 s=STATE_NONE l=0).mark_down
2024-04-25T20:57:37.341 INFO:teuthology.orchestra.run.smithi037.stdout:/usr/bin/ceph: stderr
2024-04-25T20:57:36.683+0000 7fcaa32ac700 1 -- 172.21.15.37:0/2520582298 shutdown_connections
2024-04-25T20:57:37.341 INFO:teuthology.orchestra.run.smithi037.stdout:/usr/bin/ceph: stderr
2024-04-25T20:57:36.683+0000 7fcaa32ac700 1 -- 172.21.15.37:0/2520582298 wait complete.
2024-04-25T20:57:37.341 INFO:teuthology.orchestra.run.smithi037.stdout:Creating initial admin user...
2024-04-25T20:57:38.985 INFO:journalctl@ceph.mon.a.smithi037.stdout:Apr 25 20:57:38 smithi037 ceph-mon[29195]: from='mgr.14152 172.21.15.37:0/1725309741' entity='mgr.x'
2024-04-25T20:57:38.985 INFO:journalctl@ceph.mon.a.smithi037.stdout:Apr 25 20:57:38 smithi037 ceph-mon[29195]: from='mgr.14152 172.21.15.37:0/1725309741' entity='mgr.x'
2024-04-25T20:57:39.210 INFO:teuthology.orchestra.run.smithi037.stdout:/usr/bin/ceph: stdout {"username": "admin", "password": "$2b$12$8Rvxdkt1DPL6qqLKnWsSbuvj5gg/BY5oOFrs5ckGYTNz4DOCHKe7C", "roles": ["administrator"], "name": null, "email": null, "lastUpdate": 1714078658, "enabled": true, "pwdExpirationDate": null, "pwdUpdateRequired": true}
2024-04-25T20:57:39.210 INFO:teuthology.orchestra.run.smithi037.stdout:/usr/bin/ceph: stderr
2024-04-25T20:57:37.810+0000 7f279f100700 1 Processor -- start
2024-04-25T20:57:39.211 INFO:teuthology.orchestra.run.smithi037.stdout:/usr/bin/ceph: stderr
2024-04-25T20:57:37.810+0000 7f279f100700 1 -- start start
2024-04-25T20:57:39.211 INFO:teuthology.orchestra.run.smithi037.stdout:/usr/bin/ceph: stderr
2024-04-25T20:57:37.810+0000 7f279f100700 1 --2- >> [v2:172.21.15.37:3300/0,v1:172.21.15.37:6789/0] conn(0x7f27981073e0 0x7f2798107800 unknown :-1 s=NONE pgs=0 cs=0 l=0 rev1=0 crypto rx=0 tx=0 comp rx=0 tx=0).connect
2024-04-25T20:57:39.211 INFO:teuthology.orchestra.run.smithi037.stdout:/usr/bin/ceph: stderr
2024-04-25T20:57:37.810+0000 7f279f100700 1 -- --> [v2:172.21.15.37:3300/0,v1:172.21.15.37:6789/0] -- mon_getmap magic: 0 -- 0x7f2798107dd0 con 0x7f27981073e0
2024-04-25T20:57:39.211 INFO:teuthology.orchestra.run.smithi037.stdout:/usr/bin/ceph: stderr
2024-04-25T20:57:37.810+0000 7f279ce9c700 1 --2- >> [v2:172.21.15.37:3300/0,v1:172.21.15.37:6789/0] conn(0x7f27981073e0 0x7f2798107800 unknown :-1 s=BANNER_CONNECTING pgs=0 cs=0 l=0 rev1=0 crypto rx=0 tx=0 comp rx=0 tx=0)._handle_peer_banner_payload supported=3 required=0
2024-04-25T20:57:39.211 INFO:teuthology.orchestra.run.smithi037.stdout:/usr/bin/ceph: stderr
2024-04-25T20:57:37.810+0000 7f279ce9c700 1 --2- >> [v2:172.21.15.37:3300/0,v1:172.21.15.37:6789/0] conn(0x7f27981073e0 0x7f2798107800 unknown :-1 s=HELLO_CONNECTING pgs=0 cs=0 l=0 rev1=1 crypto rx=0 tx=0 comp rx=0 tx=0).handle_hello peer v2:172.21.15.37:3300/0 says I am v2:172.21.15.37:42802/0 (socket says 172.21.15.37:42802)
2024-04-25T20:57:39.211 INFO:teuthology.orchestra.run.smithi037.stdout:/usr/bin/ceph: stderr
2024-04-25T20:57:37.810+0000 7f279ce9c700 1 -- 172.21.15.37:0/3088696613 learned_addr learned my addr 172.21.15.37:0/3088696613 (peer_addr_for_me v2:172.21.15.37:0/0)
2024-04-25T20:57:39.211 INFO:teuthology.orchestra.run.smithi037.stdout:/usr/bin/ceph: stderr
2024-04-25T20:57:37.810+0000 7f279ce9c700 1 -- 172.21.15.37:0/3088696613 --> [v2:172.21.15.37:3300/0,v1:172.21.15.37:6789/0] -- mon_subscribe({config=0+,monmap=0+}) -- 0x7f27981085e0 con 0x7f27981073e0
2024-04-25T20:57:39.211 INFO:teuthology.orchestra.run.smithi037.stdout:/usr/bin/ceph: stderr
2024-04-25T20:57:37.811+0000 7f279ce9c700 1 --2- 172.21.15.37:0/3088696613 >> [v2:172.21.15.37:3300/0,v1:172.21.15.37:6789/0] conn(0x7f27981073e0 0x7f2798107800 secure :-1 s=READY pgs=72 cs=0 l=1 rev1=1 crypto rx=0x7f278c0098a0 tx=0x7f278c009bb0 comp rx=0 tx=0).ready entity=mon.0 client_cookie=1514fbb654df7d88 server_cookie=0 in_seq=0 out_seq=0
2024-04-25T20:57:39.211 INFO:teuthology.orchestra.run.smithi037.stdout:/usr/bin/ceph: stderr
2024-04-25T20:57:37.811+0000 7f27977fe700 1 -- 172.21.15.37:0/3088696613 <== mon.0 v2:172.21.15.37:3300/0 1 ==== mon_map magic: 0 ==== 205+0+0 (secure 0 0 0) 0x7f278c004160 con 0x7f27981073e0
2024-04-25T20:57:39.211 INFO:teuthology.orchestra.run.smithi037.stdout:/usr/bin/ceph: stderr
2024-04-25T20:57:37.811+0000 7f27977fe700 1 -- 172.21.15.37:0/3088696613 <== mon.0 v2:172.21.15.37:3300/0 2 ==== config(26 keys) ==== 1101+0+0 (secure 0 0 0) 0x7f278c004300 con 0x7f27981073e0
2024-04-25T20:57:39.211 INFO:teuthology.orchestra.run.smithi037.stdout:/usr/bin/ceph: stderr
2024-04-25T20:57:37.811+0000 7f27977fe700 1 -- 172.21.15.37:0/3088696613 <== mon.0 v2:172.21.15.37:3300/0 3 ==== mon_map magic: 0 ==== 205+0+0 (secure 0 0 0) 0x7f278c011a20 con 0x7f27981073e0
2024-04-25T20:57:39.211 INFO:teuthology.orchestra.run.smithi037.stdout:/usr/bin/ceph: stderr
2024-04-25T20:57:37.812+0000 7f279f100700 1 -- 172.21.15.37:0/3088696613 >> [v2:172.21.15.37:3300/0,v1:172.21.15.37:6789/0] conn(0x7f27981073e0 msgr2=0x7f2798107800 secure :-1 s=STATE_CONNECTION_ESTABLISHED l=1).mark_down
2024-04-25T20:57:39.211 INFO:teuthology.orchestra.run.smithi037.stdout:/usr/bin/ceph: stderr
2024-04-25T20:57:37.812+0000 7f279f100700 1 --2- 172.21.15.37:0/3088696613 >> [v2:172.21.15.37:3300/0,v1:172.21.15.37:6789/0] conn(0x7f27981073e0 0x7f2798107800 secure :-1 s=READY pgs=72 cs=0 l=1 rev1=1 crypto rx=0x7f278c0098a0 tx=0x7f278c009bb0 comp rx=0 tx=0).stop
2024-04-25T20:57:39.211 INFO:teuthology.orchestra.run.smithi037.stdout:/usr/bin/ceph: stderr
2024-04-25T20:57:37.812+0000 7f279f100700 1 -- 172.21.15.37:0/3088696613 shutdown_connections
2024-04-25T20:57:39.212 INFO:teuthology.orchestra.run.smithi037.stdout:/usr/bin/ceph: stderr
2024-04-25T20:57:37.812+0000 7f279f100700 1 --2- 172.21.15.37:0/3088696613 >> [v2:172.21.15.37:3300/0,v1:172.21.15.37:6789/0] conn(0x7f27981073e0 0x7f2798107800 unknown :-1 s=CLOSED pgs=72 cs=0 l=1 rev1=1 crypto rx=0 tx=0 comp rx=0 tx=0).stop
2024-04-25T20:57:39.212 INFO:teuthology.orchestra.run.smithi037.stdout:/usr/bin/ceph: stderr
2024-04-25T20:57:37.812+0000 7f279f100700 1 -- 172.21.15.37:0/3088696613 >> 172.21.15.37:0/3088696613 conn(0x7f27981029c0 msgr2=0x7f2798104de0 unknown :-1 s=STATE_NONE l=0).mark_down
2024-04-25T20:57:39.212 INFO:teuthology.orchestra.run.smithi037.stdout:/usr/bin/ceph: stderr
2024-04-25T20:57:37.812+0000 7f279f100700 1 -- 172.21.15.37:0/3088696613 shutdown_connections
2024-04-25T20:57:39.212 INFO:teuthology.orchestra.run.smithi037.stdout:/usr/bin/ceph: stderr
2024-04-25T20:57:37.812+0000 7f279f100700 1 -- 172.21.15.37:0/3088696613 wait complete.
2024-04-25T20:57:39.212 INFO:teuthology.orchestra.run.smithi037.stdout:/usr/bin/ceph: stderr
2024-04-25T20:57:37.812+0000 7f279f100700 1 Processor -- start
2024-04-25T20:57:39.212 INFO:teuthology.orchestra.run.smithi037.stdout:/usr/bin/ceph: stderr
2024-04-25T20:57:37.812+0000 7f279f100700 1 -- start start
2024-04-25T20:57:39.212 INFO:teuthology.orchestra.run.smithi037.stdout:/usr/bin/ceph: stderr
2024-04-25T20:57:37.812+0000 7f279f100700 1 --2- >> [v2:172.21.15.37:3300/0,v1:172.21.15.37:6789/0] conn(0x7f27981073e0 0x7f279819c790 unknown :-1 s=NONE pgs=0 cs=0 l=1 rev1=0 crypto rx=0 tx=0 comp rx=0 tx=0).connect
2024-04-25T20:57:39.212 INFO:teuthology.orchestra.run.smithi037.stdout:/usr/bin/ceph: stderr
2024-04-25T20:57:37.813+0000 7f279f100700 1 -- --> [v2:172.21.15.37:3300/0,v1:172.21.15.37:6789/0] -- mon_getmap magic: 0 -- 0x7f279810b990 con 0x7f27981073e0
2024-04-25T20:57:39.212 INFO:teuthology.orchestra.run.smithi037.stdout:/usr/bin/ceph: stderr
2024-04-25T20:57:37.813+0000 7f279ce9c700 1 --2- >> [v2:172.21.15.37:3300/0,v1:172.21.15.37:6789/0] conn(0x7f27981073e0 0x7f279819c790 unknown :-1 s=BANNER_CONNECTING pgs=0 cs=0 l=1 rev1=0 crypto rx=0 tx=0 comp rx=0 tx=0)._handle_peer_banner_payload supported=3 required=0
2024-04-25T20:57:39.212 INFO:teuthology.orchestra.run.smithi037.stdout:/usr/bin/ceph: stderr
2024-04-25T20:57:37.813+0000 7f279ce9c700 1 --2- >> [v2:172.21.15.37:3300/0,v1:172.21.15.37:6789/0] conn(0x7f27981073e0 0x7f279819c790 unknown :-1 s=HELLO_CONNECTING pgs=0 cs=0 l=1 rev1=1 crypto rx=0 tx=0 comp rx=0 tx=0).handle_hello peer v2:172.21.15.37:3300/0 says I am v2:172.21.15.37:42806/0 (socket says 172.21.15.37:42806)
