2024-04-25T21:11:59.480+0000 7fd2e14a7700 1 -- 172.21.15.29:0/3399594925 learned_addr learned my addr 172.21.15.29:0/3399594925 (peer_addr_for_me v2:172.21.15.29:0/0)
2024-04-25T21:12:01.502 INFO:teuthology.orchestra.run.smithi029.stdout:/usr/bin/ceph: stderr
2024-04-25T21:11:59.480+0000 7fd2e14a7700 1 -- 172.21.15.29:0/3399594925 --> [v2:172.21.15.29:3300/0,v1:172.21.15.29:6789/0] -- mon_subscribe({config=0+,monmap=0+}) -- 0x7fd2dc1929a0 con 0x7fd2dc1072f0
2024-04-25T21:12:01.503 INFO:teuthology.orchestra.run.smithi029.stdout:/usr/bin/ceph: stderr
2024-04-25T21:11:59.480+0000 7fd2e14a7700 1 --2- 172.21.15.29:0/3399594925 >> [v2:172.21.15.29:3300/0,v1:172.21.15.29:6789/0] conn(0x7fd2dc1072f0 0x7fd2dc192460 secure :-1 s=READY pgs=48 cs=0 l=1 rev1=1 crypto rx=0x7fd2d4004a60 tx=0x7fd2d400bd50 comp rx=0 tx=0).ready entity=mon.0 client_cookie=0 server_cookie=0 in_seq=0 out_seq=0
2024-04-25T21:12:01.503 INFO:teuthology.orchestra.run.smithi029.stdout:/usr/bin/ceph: stderr
2024-04-25T21:11:59.480+0000 7fd2da7fc700 1 -- 172.21.15.29:0/3399594925 <== mon.0 v2:172.21.15.29:3300/0 1 ==== mon_map magic: 0 ==== 205+0+0 (secure 0 0 0) 0x7fd2d4020020 con 0x7fd2dc1072f0
2024-04-25T21:12:01.503 INFO:teuthology.orchestra.run.smithi029.stdout:/usr/bin/ceph: stderr
2024-04-25T21:11:59.480+0000 7fd2e370b700 1 -- 172.21.15.29:0/3399594925 --> [v2:172.21.15.29:3300/0,v1:172.21.15.29:6789/0] -- mon_subscribe({mgrmap=0+}) -- 0x7fd2dc190b90 con 0x7fd2dc1072f0
2024-04-25T21:12:01.503 INFO:teuthology.orchestra.run.smithi029.stdout:/usr/bin/ceph: stderr
2024-04-25T21:11:59.480+0000 7fd2da7fc700 1 -- 172.21.15.29:0/3399594925 <== mon.0 v2:172.21.15.29:3300/0 2 ==== config(26 keys) ==== 1070+0+0 (secure 0 0 0) 0x7fd2d4012430 con 0x7fd2dc1072f0
2024-04-25T21:12:01.503 INFO:teuthology.orchestra.run.smithi029.stdout:/usr/bin/ceph: stderr
2024-04-25T21:11:59.480+0000 7fd2da7fc700 1 -- 172.21.15.29:0/3399594925 <== mon.0 v2:172.21.15.29:3300/0 3 ==== mon_map magic: 0 ==== 205+0+0 (secure 0 0 0) 0x7fd2d4017040 con 0x7fd2dc1072f0
2024-04-25T21:12:01.503 INFO:teuthology.orchestra.run.smithi029.stdout:/usr/bin/ceph: stderr
2024-04-25T21:11:59.481+0000 7fd2e370b700 1 -- 172.21.15.29:0/3399594925 --> [v2:172.21.15.29:3300/0,v1:172.21.15.29:6789/0] -- mon_subscribe({osdmap=0}) -- 0x7fd2dc1910d0 con 0x7fd2dc1072f0
2024-04-25T21:12:01.503 INFO:teuthology.orchestra.run.smithi029.stdout:/usr/bin/ceph: stderr
2024-04-25T21:11:59.481+0000 7fd2da7fc700 1 -- 172.21.15.29:0/3399594925 <== mon.0 v2:172.21.15.29:3300/0 4 ==== mgrmap(e 8) ==== 46558+0+0 (secure 0 0 0) 0x7fd2d4023020 con 0x7fd2dc1072f0
2024-04-25T21:12:01.503 INFO:teuthology.orchestra.run.smithi029.stdout:/usr/bin/ceph: stderr
2024-04-25T21:11:59.481+0000 7fd2e370b700 1 -- 172.21.15.29:0/3399594925 --> [v2:172.21.15.29:3300/0,v1:172.21.15.29:6789/0] -- mon_command({"prefix": "get_command_descriptions"} v 0) -- 0x7fd2dc0640a0 con 0x7fd2dc1072f0
2024-04-25T21:12:01.503 INFO:teuthology.orchestra.run.smithi029.stdout:/usr/bin/ceph: stderr
2024-04-25T21:11:59.481+0000 7fd2da7fc700 1 --2- 172.21.15.29:0/3399594925 >> [v2:172.21.15.29:6800/2050232511,v1:172.21.15.29:6801/2050232511] conn(0x7fd2c40395b0 0x7fd2c403ba70 unknown :-1 s=NONE pgs=0 cs=0 l=1 rev1=0 crypto rx=0 tx=0 comp rx=0 tx=0).connect
2024-04-25T21:12:01.503 INFO:teuthology.orchestra.run.smithi029.stdout:/usr/bin/ceph: stderr
2024-04-25T21:11:59.482+0000 7fd2da7fc700 1 -- 172.21.15.29:0/3399594925 <== mon.0 v2:172.21.15.29:3300/0 5 ==== osd_map(2..2 src has 1..2) ==== 940+0+0 (secure 0 0 0) 0x7fd2d400f050 con 0x7fd2dc1072f0
2024-04-25T21:12:01.503 INFO:teuthology.orchestra.run.smithi029.stdout:/usr/bin/ceph: stderr
2024-04-25T21:11:59.482+0000 7fd2e0ca6700 1 --2- 172.21.15.29:0/3399594925 >> [v2:172.21.15.29:6800/2050232511,v1:172.21.15.29:6801/2050232511] conn(0x7fd2c40395b0 0x7fd2c403ba70 unknown :-1 s=BANNER_CONNECTING pgs=0 cs=0 l=1 rev1=0 crypto rx=0 tx=0 comp rx=0 tx=0)._handle_peer_banner_payload supported=3 required=0
2024-04-25T21:12:01.504 INFO:teuthology.orchestra.run.smithi029.stdout:/usr/bin/ceph: stderr
2024-04-25T21:11:59.482+0000 7fd2e0ca6700 1 --2- 172.21.15.29:0/3399594925 >> [v2:172.21.15.29:6800/2050232511,v1:172.21.15.29:6801/2050232511] conn(0x7fd2c40395b0 0x7fd2c403ba70 secure :-1 s=READY pgs=12 cs=0 l=1 rev1=1 crypto rx=0x7fd2d0006fd0 tx=0x7fd2d0006e40 comp rx=0 tx=0).ready entity=mgr.14120 client_cookie=0 server_cookie=0 in_seq=0 out_seq=0
2024-04-25T21:12:01.504 INFO:teuthology.orchestra.run.smithi029.stdout:/usr/bin/ceph: stderr
2024-04-25T21:11:59.487+0000 7fd2da7fc700 1 -- 172.21.15.29:0/3399594925 <== mon.0 v2:172.21.15.29:3300/0 6 ==== mon_command_ack([{"prefix": "get_command_descriptions"}]=0 v0) ==== 72+0+188370 (secure 0 0 0) 0x7fd2d402a020 con 0x7fd2dc1072f0
2024-04-25T21:12:01.504 INFO:teuthology.orchestra.run.smithi029.stdout:/usr/bin/ceph: stderr
2024-04-25T21:11:59.709+0000 7fd2e370b700 1 -- 172.21.15.29:0/3399594925 --> [v2:172.21.15.29:6800/2050232511,v1:172.21.15.29:6801/2050232511] -- mgr_command(tid 0: {"prefix": "orch apply", "service_type": "mon", "unmanaged": true, "target": ["mon-mgr", ""]}) -- 0x7fd2dc196290 con 0x7fd2c40395b0
2024-04-25T21:12:01.504 INFO:teuthology.orchestra.run.smithi029.stdout:/usr/bin/ceph: stderr
2024-04-25T21:11:59.713+0000 7fd2da7fc700 1 -- 172.21.15.29:0/3399594925 <== mgr.14120 v2:172.21.15.29:6800/2050232511 1 ==== mgr_command_reply(tid 0: 0 ) ==== 8+0+24 (secure 0 0 0) 0x7fd2dc196290 con 0x7fd2c40395b0
2024-04-25T21:12:01.504 INFO:teuthology.orchestra.run.smithi029.stdout:/usr/bin/ceph: stderr
2024-04-25T21:11:59.715+0000 7fd2e370b700 1 -- 172.21.15.29:0/3399594925 >> [v2:172.21.15.29:6800/2050232511,v1:172.21.15.29:6801/2050232511] conn(0x7fd2c40395b0 msgr2=0x7fd2c403ba70 secure :-1 s=STATE_CONNECTION_ESTABLISHED l=1).mark_down
2024-04-25T21:12:01.504 INFO:teuthology.orchestra.run.smithi029.stdout:/usr/bin/ceph: stderr
2024-04-25T21:11:59.715+0000 7fd2e370b700 1 --2- 172.21.15.29:0/3399594925 >> [v2:172.21.15.29:6800/2050232511,v1:172.21.15.29:6801/2050232511] conn(0x7fd2c40395b0 0x7fd2c403ba70 secure :-1 s=READY pgs=12 cs=0 l=1 rev1=1 crypto rx=0x7fd2d0006fd0 tx=0x7fd2d0006e40 comp rx=0 tx=0).stop
2024-04-25T21:12:01.504 INFO:teuthology.orchestra.run.smithi029.stdout:/usr/bin/ceph: stderr
2024-04-25T21:11:59.715+0000 7fd2e370b700 1 -- 172.21.15.29:0/3399594925 >> [v2:172.21.15.29:3300/0,v1:172.21.15.29:6789/0] conn(0x7fd2dc1072f0 msgr2=0x7fd2dc192460 secure :-1 s=STATE_CONNECTION_ESTABLISHED l=1).mark_down
2024-04-25T21:12:01.504 INFO:teuthology.orchestra.run.smithi029.stdout:/usr/bin/ceph: stderr
2024-04-25T21:11:59.715+0000 7fd2e370b700 1 --2- 172.21.15.29:0/3399594925 >> [v2:172.21.15.29:3300/0,v1:172.21.15.29:6789/0] conn(0x7fd2dc1072f0 0x7fd2dc192460 secure :-1 s=READY pgs=48 cs=0 l=1 rev1=1 crypto rx=0x7fd2d4004a60 tx=0x7fd2d400bd50 comp rx=0 tx=0).stop
2024-04-25T21:12:01.504 INFO:teuthology.orchestra.run.smithi029.stdout:/usr/bin/ceph: stderr
2024-04-25T21:11:59.715+0000 7fd2e370b700 1 -- 172.21.15.29:0/3399594925 shutdown_connections
2024-04-25T21:12:01.504 INFO:teuthology.orchestra.run.smithi029.stdout:/usr/bin/ceph: stderr
2024-04-25T21:11:59.715+0000 7fd2e370b700 1 --2- 172.21.15.29:0/3399594925 >> [v2:172.21.15.29:6800/2050232511,v1:172.21.15.29:6801/2050232511] conn(0x7fd2c40395b0 0x7fd2c403ba70 unknown :-1 s=CLOSED pgs=12 cs=0 l=1 rev1=1 crypto rx=0 tx=0 comp rx=0 tx=0).stop
2024-04-25T21:12:01.504 INFO:teuthology.orchestra.run.smithi029.stdout:/usr/bin/ceph: stderr
2024-04-25T21:11:59.715+0000 7fd2e370b700 1 --2- 172.21.15.29:0/3399594925 >> [v2:172.21.15.29:3300/0,v1:172.21.15.29:6789/0] conn(0x7fd2dc1072f0 0x7fd2dc192460 unknown :-1 s=CLOSED pgs=48 cs=0 l=1 rev1=1 crypto rx=0 tx=0 comp rx=0 tx=0).stop
2024-04-25T21:12:01.504 INFO:teuthology.orchestra.run.smithi029.stdout:/usr/bin/ceph: stderr
2024-04-25T21:11:59.715+0000 7fd2e370b700 1 -- 172.21.15.29:0/3399594925 >> 172.21.15.29:0/3399594925 conn(0x7fd2dc102910 msgr2=0x7fd2dc103800 unknown :-1 s=STATE_NONE l=0).mark_down
2024-04-25T21:12:01.505 INFO:teuthology.orchestra.run.smithi029.stdout:/usr/bin/ceph: stderr
2024-04-25T21:11:59.716+0000 7fd2e370b700 1 -- 172.21.15.29:0/3399594925 shutdown_connections
2024-04-25T21:12:01.505 INFO:teuthology.orchestra.run.smithi029.stdout:/usr/bin/ceph: stderr
2024-04-25T21:11:59.716+0000 7fd2e370b700 1 -- 172.21.15.29:0/3399594925 wait complete.
2024-04-25T21:12:01.505 INFO:teuthology.orchestra.run.smithi029.stdout:Deploying unmanaged mgr service...
2024-04-25T21:12:02.516 INFO:journalctl@ceph.mon.a.smithi029.stdout:Apr 25 21:12:02 smithi029 ceph-mon[29343]: from='mgr.14120 172.21.15.29:0/4216082534' entity='mgr.x'
2024-04-25T21:12:02.516 INFO:journalctl@ceph.mon.a.smithi029.stdout:Apr 25 21:12:02 smithi029 ceph-mon[29343]: from='mgr.14120 172.21.15.29:0/4216082534' entity='mgr.x'
2024-04-25T21:12:03.438 INFO:journalctl@ceph.mon.a.smithi029.stdout:Apr 25 21:12:03 smithi029 ceph-mon[29343]: from='client.14144 -' entity='client.admin' cmd=[{"prefix": "orch apply", "service_type": "mgr", "unmanaged": true, "target": ["mon-mgr", ""]}]: dispatch
2024-04-25T21:12:03.439 INFO:journalctl@ceph.mon.a.smithi029.stdout:Apr 25 21:12:03 smithi029 ceph-mon[29343]: Saving service mgr spec with placement count:2
2024-04-25T21:12:03.439 INFO:journalctl@ceph.mon.a.smithi029.stdout:Apr 25 21:12:03 smithi029 ceph-mon[29343]: from='mgr.14120 172.21.15.29:0/4216082534' entity='mgr.x'
2024-04-25T21:12:03.439 INFO:journalctl@ceph.mon.a.smithi029.stdout:Apr 25 21:12:03 smithi029 ceph-mon[29343]: from='mgr.14120 172.21.15.29:0/4216082534' entity='mgr.x'
2024-04-25T21:12:03.447 INFO:teuthology.orchestra.run.smithi029.stdout:/usr/bin/ceph: stdout Scheduled mgr update...
2024-04-25T21:12:03.447 INFO:teuthology.orchestra.run.smithi029.stdout:/usr/bin/ceph: stderr
2024-04-25T21:12:01.944+0000 7f16ca0ab700 1 Processor -- start
2024-04-25T21:12:03.447 INFO:teuthology.orchestra.run.smithi029.stdout:/usr/bin/ceph: stderr
2024-04-25T21:12:01.944+0000 7f16ca0ab700 1 -- start start
2024-04-25T21:12:03.447 INFO:teuthology.orchestra.run.smithi029.stdout:/usr/bin/ceph: stderr
2024-04-25T21:12:01.944+0000 7f16ca0ab700 1 --2- >> [v2:172.21.15.29:3300/0,v1:172.21.15.29:6789/0] conn(0x7f16c4108f40 0x7f16c410b330 unknown :-1 s=NONE pgs=0 cs=0 l=0 rev1=0 crypto rx=0 tx=0 comp rx=0 tx=0).connect
2024-04-25T21:12:03.447 INFO:teuthology.orchestra.run.smithi029.stdout:/usr/bin/ceph: stderr
2024-04-25T21:12:01.944+0000 7f16ca0ab700 1 -- --> [v2:172.21.15.29:3300/0,v1:172.21.15.29:6789/0] -- mon_getmap magic: 0 -- 0x7f16c407bde0 con 0x7f16c4108f40
2024-04-25T21:12:03.447 INFO:teuthology.orchestra.run.smithi029.stdout:/usr/bin/ceph: stderr
2024-04-25T21:12:01.944+0000 7f16c37fe700 1 --2- >> [v2:172.21.15.29:3300/0,v1:172.21.15.29:6789/0] conn(0x7f16c4108f40 0x7f16c410b330 unknown :-1 s=BANNER_CONNECTING pgs=0 cs=0 l=0 rev1=0 crypto rx=0 tx=0 comp rx=0 tx=0)._handle_peer_banner_payload supported=3 required=0
2024-04-25T21:12:03.447 INFO:teuthology.orchestra.run.smithi029.stdout:/usr/bin/ceph: stderr
2024-04-25T21:12:01.944+0000 7f16c37fe700 1 --2- >> [v2:172.21.15.29:3300/0,v1:172.21.15.29:6789/0] conn(0x7f16c4108f40 0x7f16c410b330 unknown :-1 s=HELLO_CONNECTING pgs=0 cs=0 l=0 rev1=1 crypto rx=0 tx=0 comp rx=0 tx=0).handle_hello peer v2:172.21.15.29:3300/0 says I am v2:172.21.15.29:39630/0 (socket says 172.21.15.29:39630)
2024-04-25T21:12:03.447 INFO:teuthology.orchestra.run.smithi029.stdout:/usr/bin/ceph: stderr
2024-04-25T21:12:01.944+0000 7f16c37fe700 1 -- 172.21.15.29:0/2722555471 learned_addr learned my addr 172.21.15.29:0/2722555471 (peer_addr_for_me v2:172.21.15.29:0/0)
2024-04-25T21:12:03.448 INFO:teuthology.orchestra.run.smithi029.stdout:/usr/bin/ceph: stderr
2024-04-25T21:12:01.945+0000 7f16c37fe700 1 -- 172.21.15.29:0/2722555471 --> [v2:172.21.15.29:3300/0,v1:172.21.15.29:6789/0] -- mon_subscribe({config=0+,monmap=0+}) -- 0x7f16c410b870 con 0x7f16c4108f40
2024-04-25T21:12:03.448 INFO:teuthology.orchestra.run.smithi029.stdout:/usr/bin/ceph: stderr
2024-04-25T21:12:01.945+0000 7f16c37fe700 1 --2- 172.21.15.29:0/2722555471 >> [v2:172.21.15.29:3300/0,v1:172.21.15.29:6789/0] conn(0x7f16c4108f40 0x7f16c410b330 secure :-1 s=READY pgs=49 cs=0 l=1 rev1=1 crypto rx=0x7f16b40098a0 tx=0x7f16b4009bb0 comp rx=0 tx=0).ready entity=mon.0 client_cookie=c256097eb3bdd1e5 server_cookie=0 in_seq=0 out_seq=0
2024-04-25T21:12:03.448 INFO:teuthology.orchestra.run.smithi029.stdout:/usr/bin/ceph: stderr
2024-04-25T21:12:01.945+0000 7f16c27fc700 1 -- 172.21.15.29:0/2722555471 <== mon.0 v2:172.21.15.29:3300/0 1 ==== mon_map magic: 0 ==== 205+0+0 (secure 0 0 0) 0x7f16b4004160 con 0x7f16c4108f40
2024-04-25T21:12:03.448 INFO:teuthology.orchestra.run.smithi029.stdout:/usr/bin/ceph: stderr
2024-04-25T21:12:01.945+0000 7f16c27fc700 1 -- 172.21.15.29:0/2722555471 <== mon.0 v2:172.21.15.29:3300/0 2 ==== config(26 keys) ==== 1101+0+0 (secure 0 0 0) 0x7f16b4004300 con 0x7f16c4108f40
2024-04-25T21:12:03.448 INFO:teuthology.orchestra.run.smithi029.stdout:/usr/bin/ceph: stderr
2024-04-25T21:12:01.945+0000 7f16c27fc700 1 -- 172.21.15.29:0/2722555471 <== mon.0 v2:172.21.15.29:3300/0 3 ==== mon_map magic: 0 ==== 205+0+0 (secure 0 0 0) 0x7f16b4011a20 con 0x7f16c4108f40
2024-04-25T21:12:03.448 INFO:teuthology.orchestra.run.smithi029.stdout:/usr/bin/ceph: stderr
2024-04-25T21:12:01.946+0000 7f16ca0ab700 1 -- 172.21.15.29:0/2722555471 >> [v2:172.21.15.29:3300/0,v1:172.21.15.29:6789/0] conn(0x7f16c4108f40 msgr2=0x7f16c410b330 secure :-1 s=STATE_CONNECTION_ESTABLISHED l=1).mark_down
2024-04-25T21:12:03.448 INFO:teuthology.orchestra.run.smithi029.stdout:/usr/bin/ceph: stderr
2024-04-25T21:12:01.946+0000 7f16ca0ab700 1 --2- 172.21.15.29:0/2722555471 >> [v2:172.21.15.29:3300/0,v1:172.21.15.29:6789/0] conn(0x7f16c4108f40 0x7f16c410b330 secure :-1 s=READY pgs=49 cs=0 l=1 rev1=1 crypto rx=0x7f16b40098a0 tx=0x7f16b4009bb0 comp rx=0 tx=0).stop
2024-04-25T21:12:03.448 INFO:teuthology.orchestra.run.smithi029.stdout:/usr/bin/ceph: stderr
2024-04-25T21:12:01.946+0000 7f16ca0ab700 1 -- 172.21.15.29:0/2722555471 shutdown_connections
2024-04-25T21:12:03.448 INFO:teuthology.orchestra.run.smithi029.stdout:/usr/bin/ceph: stderr
2024-04-25T21:12:01.946+0000 7f16ca0ab700 1 --2- 172.21.15.29:0/2722555471 >> [v2:172.21.15.29:3300/0,v1:172.21.15.29:6789/0] conn(0x7f16c4108f40 0x7f16c410b330 unknown :-1 s=CLOSED pgs=49 cs=0 l=1 rev1=1 crypto rx=0 tx=0 comp rx=0 tx=0).stop
2024-04-25T21:12:03.448 INFO:teuthology.orchestra.run.smithi029.stdout:/usr/bin/ceph: stderr
2024-04-25T21:12:01.946+0000 7f16ca0ab700 1 -- 172.21.15.29:0/2722555471 >> 172.21.15.29:0/2722555471 conn(0x7f16c4102910 msgr2=0x7f16c4104d30 unknown :-1 s=STATE_NONE l=0).mark_down
2024-04-25T21:12:03.448 INFO:teuthology.orchestra.run.smithi029.stdout:/usr/bin/ceph: stderr
2024-04-25T21:12:01.946+0000 7f16ca0ab700 1 -- 172.21.15.29:0/2722555471 shutdown_connections
2024-04-25T21:12:03.448 INFO:teuthology.orchestra.run.smithi029.stdout:/usr/bin/ceph: stderr
2024-04-25T21:12:01.946+0000 7f16ca0ab700 1 -- 172.21.15.29:0/2722555471 wait complete.
2024-04-25T21:12:03.449 INFO:teuthology.orchestra.run.smithi029.stdout:/usr/bin/ceph: stderr
2024-04-25T21:12:01.947+0000 7f16ca0ab700 1 Processor -- start
2024-04-25T21:12:03.449 INFO:teuthology.orchestra.run.smithi029.stdout:/usr/bin/ceph: stderr
2024-04-25T21:12:01.947+0000 7f16ca0ab700 1 -- start start
2024-04-25T21:12:03.449 INFO:teuthology.orchestra.run.smithi029.stdout:/usr/bin/ceph: stderr
2024-04-25T21:12:01.947+0000 7f16ca0ab700 1 --2- >> [v2:172.21.15.29:3300/0,v1:172.21.15.29:6789/0] conn(0x7f16c4108f40 0x7f16c41087c0 unknown :-1 s=NONE pgs=0 cs=0 l=1 rev1=0 crypto rx=0 tx=0 comp rx=0 tx=0).connect
2024-04-25T21:12:03.449 INFO:teuthology.orchestra.run.smithi029.stdout:/usr/bin/ceph: stderr
2024-04-25T21:12:01.947+0000 7f16ca0ab700 1 -- --> [v2:172.21.15.29:3300/0,v1:172.21.15.29:6789/0] -- mon_getmap magic: 0 -- 0x7f16c410c7b0 con 0x7f16c4108f40
2024-04-25T21:12:03.449 INFO:teuthology.orchestra.run.smithi029.stdout:/usr/bin/ceph: stderr
2024-04-25T21:12:01.947+0000 7f16c37fe700 1 --2- >> [v2:172.21.15.29:3300/0,v1:172.21.15.29:6789/0] conn(0x7f16c4108f40 0x7f16c41087c0 unknown :-1 s=BANNER_CONNECTING pgs=0 cs=0 l=1 rev1=0 crypto rx=0 tx=0 comp rx=0 tx=0)._handle_peer_banner_payload supported=3 required=0
2024-04-25T21:12:03.449 INFO:teuthology.orchestra.run.smithi029.stdout:/usr/bin/ceph: stderr
2024-04-25T21:12:01.947+0000 7f16c37fe700 1 --2- >> [v2:172.21.15.29:3300/0,v1:172.21.15.29:6789/0] conn(0x7f16c4108f40 0x7f16c41087c0 unknown :-1 s=HELLO_CONNECTING pgs=0 cs=0 l=1 rev1=1 crypto rx=0 tx=0 comp rx=0 tx=0).handle_hello peer v2:172.21.15.29:3300/0 says I am v2:172.21.15.29:39642/0 (socket says 172.21.15.29:39642)
2024-04-25T21:12:03.449 INFO:teuthology.orchestra.run.smithi029.stdout:/usr/bin/ceph: stderr
2024-04-25T21:12:01.947+0000 7f16c37fe700 1 -- 172.21.15.29:0/1174989025 learned_addr learned my addr 172.21.15.29:0/1174989025 (peer_addr_for_me v2:172.21.15.29:0/0)
2024-04-25T21:12:03.449 INFO:teuthology.orchestra.run.smithi029.stdout:/usr/bin/ceph: stderr
2024-04-25T21:12:01.947+0000 7f16c37fe700 1 -- 172.21.15.29:0/1174989025 --> [v2:172.21.15.29:3300/0,v1:172.21.15.29:6789/0] -- mon_subscribe({config=0+,monmap=0+}) -- 0x7f16c4108d00 con 0x7f16c4108f40
2024-04-25T21:12:03.449 INFO:teuthology.orchestra.run.smithi029.stdout:/usr/bin/ceph: stderr
2024-04-25T21:12:01.948+0000 7f16c37fe700 1 --2- 172.21.15.29:0/1174989025 >> [v2:172.21.15.29:3300/0,v1:172.21.15.29:6789/0] conn(0x7f16c4108f40 0x7f16c41087c0 secure :-1 s=READY pgs=50 cs=0 l=1 rev1=1 crypto rx=0x7f16b40116e0 tx=0x7f16b4011aa0 comp rx=0 tx=0).ready entity=mon.0 client_cookie=0 server_cookie=0 in_seq=0 out_seq=0
2024-04-25T21:12:03.449 INFO:teuthology.orchestra.run.smithi029.stdout:/usr/bin/ceph: stderr
2024-04-25T21:12:01.948+0000 7f16c0ff9700 1 -- 172.21.15.29:0/1174989025 <== mon.0 v2:172.21.15.29:3300/0 1 ==== mon_map magic: 0 ==== 205+0+0 (secure 0 0 0) 0x7f16b4003b20 con 0x7f16c4108f40
2024-04-25T21:12:03.449 INFO:teuthology.orchestra.run.smithi029.stdout:/usr/bin/ceph: stderr
2024-04-25T21:12:01.948+0000 7f16ca0ab700 1 -- 172.21.15.29:0/1174989025 --> [v2:172.21.15.29:3300/0,v1:172.21.15.29:6789/0] -- mon_subscribe({mgrmap=0+}) -- 0x7f16c4106ef0 con 0x7f16c4108f40
2024-04-25T21:12:03.449 INFO:teuthology.orchestra.run.smithi029.stdout:/usr/bin/ceph: stderr
2024-04-25T21:12:01.948+0000 7f16c0ff9700 1 -- 172.21.15.29:0/1174989025 <== mon.0 v2:172.21.15.29:3300/0 2 ==== config(26 keys) ==== 1101+0+0 (secure 0 0 0) 0x7f16b401b8f0 con 0x7f16c4108f40
2024-04-25T21:12:03.450 INFO:teuthology.orchestra.run.smithi029.stdout:/usr/bin/ceph: stderr
2024-04-25T21:12:01.948+0000 7f16c0ff9700 1 -- 172.21.15.29:0/1174989025 <== mon.0 v2:172.21.15.29:3300/0 3 ==== mon_map magic: 0 ==== 205+0+0 (secure 0 0 0) 0x7f16b40238c0 con 0x7f16c4108f40
2024-04-25T21:12:03.450 INFO:teuthology.orchestra.run.smithi029.stdout:/usr/bin/ceph: stderr
2024-04-25T21:12:01.948+0000 7f16ca0ab700 1 -- 172.21.15.29:0/1174989025 --> [v2:172.21.15.29:3300/0,v1:172.21.15.29:6789/0] -- mon_subscribe({osdmap=0}) -- 0x7f16c4107430 con 0x7f16c4108f40
2024-04-25T21:12:03.450 INFO:teuthology.orchestra.run.smithi029.stdout:/usr/bin/ceph: stderr
2024-04-25T21:12:01.949+0000 7f16c0ff9700 1 -- 172.21.15.29:0/1174989025 <== mon.0 v2:172.21.15.29:3300/0 4 ==== mgrmap(e 8) ==== 46558+0+0 (secure 0 0 0) 0x7f16b4023a80 con 0x7f16c4108f40
2024-04-25T21:12:03.450 INFO:teuthology.orchestra.run.smithi029.stdout:/usr/bin/ceph: stderr
2024-04-25T21:12:01.949+0000 7f16c0ff9700 1 --2- 172.21.15.29:0/1174989025 >> [v2:172.21.15.29:6800/2050232511,v1:172.21.15.29:6801/2050232511] conn(0x7f16b00395b0 0x7f16b003ba70 unknown :-1 s=NONE pgs=0 cs=0 l=1 rev1=0 crypto rx=0 tx=0 comp rx=0 tx=0).connect
2024-04-25T21:12:03.450 INFO:teuthology.orchestra.run.smithi029.stdout:/usr/bin/ceph: stderr
2024-04-25T21:12:01.949+0000 7f16c0ff9700 1 -- 172.21.15.29:0/1174989025 <== mon.0 v2:172.21.15.29:3300/0 5 ==== osd_map(2..2 src has 1..2) ==== 940+0+0 (secure 0 0 0) 0x7f16b404e010 con 0x7f16c4108f40
2024-04-25T21:12:03.451 INFO:teuthology.orchestra.run.smithi029.stdout:/usr/bin/ceph: stderr
2024-04-25T21:12:01.949+0000 7f16c2ffd700 1 --2- 172.21.15.29:0/1174989025 >> [v2:172.21.15.29:6800/2050232511,v1:172.21.15.29:6801/2050232511] conn(0x7f16b00395b0 0x7f16b003ba70 unknown :-1 s=BANNER_CONNECTING pgs=0 cs=0 l=1 rev1=0 crypto rx=0 tx=0 comp rx=0 tx=0)._handle_peer_banner_payload supported=3 required=0
2024-04-25T21:12:03.451 INFO:teuthology.orchestra.run.smithi029.stdout:/usr/bin/ceph: stderr
2024-04-25T21:12:01.949+0000 7f16ca0ab700 1 -- 172.21.15.29:0/1174989025 --> [v2:172.21.15.29:3300/0,v1:172.21.15.29:6789/0] -- mon_command({"prefix": "get_command_descriptions"} v 0) -- 0x7f16c40640a0 con 0x7f16c4108f40
2024-04-25T21:12:03.451 INFO:teuthology.orchestra.run.smithi029.stdout:/usr/bin/ceph: stderr
2024-04-25T21:12:01.950+0000 7f16c2ffd700 1 --2- 172.21.15.29:0/1174989025 >> [v2:172.21.15.29:6800/2050232511,v1:172.21.15.29:6801/2050232511] conn(0x7f16b00395b0 0x7f16b003ba70 secure :-1 s=READY pgs=13 cs=0 l=1 rev1=1 crypto rx=0x7f16ac006fd0 tx=0x7f16ac006e40 comp rx=0 tx=0).ready entity=mgr.14120 client_cookie=0 server_cookie=0 in_seq=0 out_seq=0
2024-04-25T21:12:03.451 INFO:teuthology.orchestra.run.smithi029.stdout:/usr/bin/ceph: stderr
2024-04-25T21:12:01.959+0000 7f16c0ff9700 1 -- 172.21.15.29:0/1174989025 <== mon.0 v2:172.21.15.29:3300/0 6 ==== mon_command_ack([{"prefix": "get_command_descriptions"}]=0 v0) ==== 72+0+188370 (secure 0 0 0) 0x7f16b401f030 con 0x7f16c4108f40
2024-04-25T21:12:03.451 INFO:teuthology.orchestra.run.smithi029.stdout:/usr/bin/ceph: stderr
2024-04-25T21:12:02.202+0000 7f16ca0ab700 1 -- 172.21.15.29:0/1174989025 --> [v2:172.21.15.29:6800/2050232511,v1:172.21.15.29:6801/2050232511] -- mgr_command(tid 0: {"prefix": "orch apply", "service_type": "mgr", "unmanaged": true, "target": ["mon-mgr", ""]}) -- 0x7f16c4107b20 con 0x7f16b00395b0
2024-04-25T21:12:03.451 INFO:teuthology.orchestra.run.smithi029.stdout:/usr/bin/ceph: stderr
2024-04-25T21:12:02.207+0000 7f16c0ff9700 1 -- 172.21.15.29:0/1174989025 <== mgr.14120 v2:172.21.15.29:6800/2050232511 1 ==== mgr_command_reply(tid 0: 0 ) ==== 8+0+24 (secure 0 0 0) 0x7f16c4107b20 con 0x7f16b00395b0
2024-04-25T21:12:03.451 INFO:teuthology.orchestra.run.smithi029.stdout:/usr/bin/ceph: stderr
2024-04-25T21:12:02.210+0000 7f16ca0ab700 1 -- 172.21.15.29:0/1174989025 >> [v2:172.21.15.29:6800/2050232511,v1:172.21.15.29:6801/2050232511] conn(0x7f16b00395b0 msgr2=0x7f16b003ba70 secure :-1 s=STATE_CONNECTION_ESTABLISHED l=1).mark_down
2024-04-25T21:12:03.451 INFO:teuthology.orchestra.run.smithi029.stdout:/usr/bin/ceph: stderr
2024-04-25T21:12:02.210+0000 7f16ca0ab700 1 --2- 172.21.15.29:0/1174989025 >> [v2:172.21.15.29:6800/2050232511,v1:172.21.15.29:6801/2050232511] conn(0x7f16b00395b0 0x7f16b003ba70 secure :-1 s=READY pgs=13 cs=0 l=1 rev1=1 crypto rx=0x7f16ac006fd0 tx=0x7f16ac006e40 comp rx=0 tx=0).stop
2024-04-25T21:12:03.451 INFO:teuthology.orchestra.run.smithi029.stdout:/usr/bin/ceph: stderr
2024-04-25T21:12:02.210+0000 7f16ca0ab700 1 -- 172.21.15.29:0/1174989025 >> [v2:172.21.15.29:3300/0,v1:172.21.15.29:6789/0] conn(0x7f16c4108f40 msgr2=0x7f16c41087c0 secure :-1 s=STATE_CONNECTION_ESTABLISHED l=1).mark_down
2024-04-25T21:12:03.451 INFO:teuthology.orchestra.run.smithi029.stdout:/usr/bin/ceph: stderr
2024-04-25T21:12:02.210+0000 7f16ca0ab700 1 --2- 172.21.15.29:0/1174989025 >> [v2:172.21.15.29:3300/0,v1:172.21.15.29:6789/0] conn(0x7f16c4108f40 0x7f16c41087c0 secure :-1 s=READY pgs=50 cs=0 l=1 rev1=1 crypto rx=0x7f16b40116e0 tx=0x7f16b4011aa0 comp rx=0 tx=0).stop
2024-04-25T21:12:03.451 INFO:teuthology.orchestra.run.smithi029.stdout:/usr/bin/ceph: stderr
2024-04-25T21:12:02.210+0000 7f16ca0ab700 1 -- 172.21.15.29:0/1174989025 shutdown_connections
2024-04-25T21:12:03.451 INFO:teuthology.orchestra.run.smithi029.stdout:/usr/bin/ceph: stderr
2024-04-25T21:12:02.210+0000 7f16ca0ab700 1 --2- 172.21.15.29:0/1174989025 >> [v2:172.21.15.29:6800/2050232511,v1:172.21.15.29:6801/2050232511] conn(0x7f16b00395b0 0x7f16b003ba70 unknown :-1 s=CLOSED pgs=13 cs=0 l=1 rev1=1 crypto rx=0 tx=0 comp rx=0 tx=0).stop
2024-04-25T21:12:03.452 INFO:teuthology.orchestra.run.smithi029.stdout:/usr/bin/ceph: stderr
2024-04-25T21:12:02.210+0000 7f16ca0ab700 1 --2- 172.21.15.29:0/1174989025 >> [v2:172.21.15.29:3300/0,v1:172.21.15.29:6789/0] conn(0x7f16c4108f40 0x7f16c41087c0 unknown :-1 s=CLOSED pgs=50 cs=0 l=1 rev1=1 crypto rx=0 tx=0 comp rx=0 tx=0).stop
2024-04-25T21:12:03.452 INFO:teuthology.orchestra.run.smithi029.stdout:/usr/bin/ceph: stderr
2024-04-25T21:12:02.210+0000 7f16ca0ab700 1 -- 172.21.15.29:0/1174989025 >> 172.21.15.29:0/1174989025 conn(0x7f16c4102910 msgr2=0x7f16c4103410 unknown :-1 s=STATE_NONE l=0).mark_down
2024-04-25T21:12:03.452 INFO:teuthology.orchestra.run.smithi029.stdout:/usr/bin/ceph: stderr
2024-04-25T21:12:02.210+0000 7f16ca0ab700 1 -- 172.21.15.29:0/1174989025 shutdown_connections
2024-04-25T21:12:03.452 INFO:teuthology.orchestra.run.smithi029.stdout:/usr/bin/ceph: stderr
2024-04-25T21:12:02.210+0000 7f16ca0ab700 1 -- 172.21.15.29:0/1174989025 wait complete.
2024-04-25T21:12:04.837 INFO:teuthology.orchestra.run.smithi029.stdout:/usr/bin/ceph: stderr
2024-04-25T21:12:03.921+0000 7fac3ebf0700 1 Processor -- start
2024-04-25T21:12:04.837 INFO:teuthology.orchestra.run.smithi029.stdout:/usr/bin/ceph: stderr
2024-04-25T21:12:03.921+0000 7fac3ebf0700 1 -- start start
2024-04-25T21:12:04.837 INFO:teuthology.orchestra.run.smithi029.stdout:/usr/bin/ceph: stderr
2024-04-25T21:12:03.921+0000 7fac3ebf0700 1 --2- >> [v2:172.21.15.29:3300/0,v1:172.21.15.29:6789/0] conn(0x7fac38108f60 0x7fac3810b350 unknown :-1 s=NONE pgs=0 cs=0 l=0 rev1=0 crypto rx=0 tx=0 comp rx=0 tx=0).connect
2024-04-25T21:12:04.837 INFO:teuthology.orchestra.run.smithi029.stdout:/usr/bin/ceph: stderr
2024-04-25T21:12:03.921+0000 7fac3ebf0700 1 -- --> [v2:172.21.15.29:3300/0,v1:172.21.15.29:6789/0] -- mon_getmap magic: 0 -- 0x7fac3807be20 con 0x7fac38108f60
2024-04-25T21:12:04.837 INFO:teuthology.orchestra.run.smithi029.stdout:/usr/bin/ceph: stderr
2024-04-25T21:12:03.921+0000 7fac3c98c700 1 --2- >> [v2:172.21.15.29:3300/0,v1:172.21.15.29:6789/0] conn(0x7fac38108f60 0x7fac3810b350 unknown :-1 s=BANNER_CONNECTING pgs=0 cs=0 l=0 rev1=0 crypto rx=0 tx=0 comp rx=0 tx=0)._handle_peer_banner_payload supported=3 required=0
2024-04-25T21:12:04.837 INFO:teuthology.orchestra.run.smithi029.stdout:/usr/bin/ceph: stderr
2024-04-25T21:12:03.921+0000 7fac3c98c700 1 --2- >> [v2:172.21.15.29:3300/0,v1:172.21.15.29:6789/0] conn(0x7fac38108f60 0x7fac3810b350 unknown :-1 s=HELLO_CONNECTING pgs=0 cs=0 l=0 rev1=1 crypto rx=0 tx=0 comp rx=0 tx=0).handle_hello peer v2:172.21.15.29:3300/0 says I am v2:172.21.15.29:39648/0 (socket says 172.21.15.29:39648)
2024-04-25T21:12:04.838 INFO:teuthology.orchestra.run.smithi029.stdout:/usr/bin/ceph: stderr
2024-04-25T21:12:03.921+0000 7fac3c98c700 1 -- 172.21.15.29:0/862787685 learned_addr learned my addr 172.21.15.29:0/862787685 (peer_addr_for_me v2:172.21.15.29:0/0)
2024-04-25T21:12:04.838 INFO:teuthology.orchestra.run.smithi029.stdout:/usr/bin/ceph: stderr
2024-04-25T21:12:03.921+0000 7fac3c98c700 1 -- 172.21.15.29:0/862787685 --> [v2:172.21.15.29:3300/0,v1:172.21.15.29:6789/0] -- mon_subscribe({config=0+,monmap=0+}) -- 0x7fac3810b890 con 0x7fac38108f60
2024-04-25T21:12:04.838 INFO:teuthology.orchestra.run.smithi029.stdout:/usr/bin/ceph: stderr
2024-04-25T21:12:03.922+0000 7fac3c98c700 1 --2- 172.21.15.29:0/862787685 >> [v2:172.21.15.29:3300/0,v1:172.21.15.29:6789/0] conn(0x7fac38108f60 0x7fac3810b350 secure :-1 s=READY pgs=51 cs=0 l=1 rev1=1 crypto rx=0x7fac2c0098a0 tx=0x7fac2c009bb0 comp rx=0 tx=0).ready entity=mon.0 client_cookie=acddca37769be7f server_cookie=0 in_seq=0 out_seq=0
2024-04-25T21:12:04.838 INFO:teuthology.orchestra.run.smithi029.stdout:/usr/bin/ceph: stderr
2024-04-25T21:12:03.922+0000 7fac377fe700 1 -- 172.21.15.29:0/862787685 <== mon.0 v2:172.21.15.29:3300/0 1 ==== mon_map magic: 0 ==== 205+0+0 (secure 0 0 0) 0x7fac2c004160 con 0x7fac38108f60
2024-04-25T21:12:04.838 INFO:teuthology.orchestra.run.smithi029.stdout:/usr/bin/ceph: stderr
2024-04-25T21:12:03.922+0000 7fac377fe700 1 -- 172.21.15.29:0/862787685 <== mon.0 v2:172.21.15.29:3300/0 2 ==== config(26 keys) ==== 1101+0+0 (secure 0 0 0) 0x7fac2c004300 con 0x7fac38108f60
2024-04-25T21:12:04.838 INFO:teuthology.orchestra.run.smithi029.stdout:/usr/bin/ceph: stderr
2024-04-25T21:12:03.922+0000 7fac377fe700 1 -- 172.21.15.29:0/862787685 <== mon.0 v2:172.21.15.29:3300/0 3 ==== mon_map magic: 0 ==== 205+0+0 (secure 0 0 0) 0x7fac2c011a20 con 0x7fac38108f60
2024-04-25T21:12:04.838 INFO:teuthology.orchestra.run.smithi029.stdout:/usr/bin/ceph: stderr
2024-04-25T21:12:03.923+0000 7fac3ebf0700 1 -- 172.21.15.29:0/862787685 >> [v2:172.21.15.29:3300/0,v1:172.21.15.29:6789/0] conn(0x7fac38108f60 msgr2=0x7fac3810b350 secure :-1 s=STATE_CONNECTION_ESTABLISHED l=1).mark_down
2024-04-25T21:12:04.838 INFO:teuthology.orchestra.run.smithi029.stdout:/usr/bin/ceph: stderr
2024-04-25T21:12:03.923+0000 7fac3ebf0700 1 --2- 172.21.15.29:0/862787685 >> [v2:172.21.15.29:3300/0,v1:172.21.15.29:6789/0] conn(0x7fac38108f60 0x7fac3810b350 secure :-1 s=READY pgs=51 cs=0 l=1 rev1=1 crypto rx=0x7fac2c0098a0 tx=0x7fac2c009bb0 comp rx=0 tx=0).stop
2024-04-25T21:12:04.838 INFO:teuthology.orchestra.run.smithi029.stdout:/usr/bin/ceph: stderr
2024-04-25T21:12:03.923+0000 7fac3ebf0700 1 -- 172.21.15.29:0/862787685 shutdown_connections
2024-04-25T21:12:04.838 INFO:teuthology.orchestra.run.smithi029.stdout:/usr/bin/ceph: stderr
2024-04-25T21:12:03.923+0000 7fac3ebf0700 1 --2- 172.21.15.29:0/862787685 >> [v2:172.21.15.29:3300/0,v1:172.21.15.29:6789/0] conn(0x7fac38108f60 0x7fac3810b350 unknown :-1 s=CLOSED pgs=51 cs=0 l=1 rev1=1 crypto rx=0 tx=0 comp rx=0 tx=0).stop
2024-04-25T21:12:04.838 INFO:teuthology.orchestra.run.smithi029.stdout:/usr/bin/ceph: stderr
2024-04-25T21:12:03.923+0000 7fac3ebf0700 1 -- 172.21.15.29:0/862787685 >> 172.21.15.29:0/862787685 conn(0x7fac38102950 msgr2=0x7fac38104d70 unknown :-1 s=STATE_NONE l=0).mark_down
2024-04-25T21:12:04.838 INFO:teuthology.orchestra.run.smithi029.stdout:/usr/bin/ceph: stderr
2024-04-25T21:12:03.923+0000 7fac3ebf0700 1 -- 172.21.15.29:0/862787685 shutdown_connections
2024-04-25T21:12:04.839 INFO:teuthology.orchestra.run.smithi029.stdout:/usr/bin/ceph: stderr
2024-04-25T21:12:03.923+0000 7fac3ebf0700 1 -- 172.21.15.29:0/862787685 wait complete.
2024-04-25T21:12:04.839 INFO:teuthology.orchestra.run.smithi029.stdout:/usr/bin/ceph: stderr
2024-04-25T21:12:03.924+0000 7fac3ebf0700 1 Processor -- start
2024-04-25T21:12:04.839 INFO:teuthology.orchestra.run.smithi029.stdout:/usr/bin/ceph: stderr
2024-04-25T21:12:03.924+0000 7fac3ebf0700 1 -- start start
2024-04-25T21:12:04.839 INFO:teuthology.orchestra.run.smithi029.stdout:/usr/bin/ceph: stderr
2024-04-25T21:12:03.924+0000 7fac3ebf0700 1 --2- >> [v2:172.21.15.29:3300/0,v1:172.21.15.29:6789/0] conn(0x7fac38108f60 0x7fac3819c380 unknown :-1 s=NONE pgs=0 cs=0 l=1 rev1=0 crypto rx=0 tx=0 comp rx=0 tx=0).connect
2024-04-25T21:12:04.839 INFO:teuthology.orchestra.run.smithi029.stdout:/usr/bin/ceph: stderr
2024-04-25T21:12:03.924+0000 7fac3ebf0700 1 -- --> [v2:172.21.15.29:3300/0,v1:172.21.15.29:6789/0] -- mon_getmap magic: 0 -- 0x7fac3810c830 con 0x7fac38108f60
2024-04-25T21:12:04.839 INFO:teuthology.orchestra.run.smithi029.stdout:/usr/bin/ceph: stderr
2024-04-25T21:12:03.924+0000 7fac3c98c700 1 --2- >> [v2:172.21.15.29:3300/0,v1:172.21.15.29:6789/0] conn(0x7fac38108f60 0x7fac3819c380 unknown :-1 s=BANNER_CONNECTING pgs=0 cs=0 l=1 rev1=0 crypto rx=0 tx=0 comp rx=0 tx=0)._handle_peer_banner_payload supported=3 required=0
2024-04-25T21:12:04.839 INFO:teuthology.orchestra.run.smithi029.stdout:/usr/bin/ceph: stderr
2024-04-25T21:12:03.924+0000 7fac3c98c700 1 --2- >> [v2:172.21.15.29:3300/0,v1:172.21.15.29:6789/0] conn(0x7fac38108f60 0x7fac3819c380 unknown :-1 s=HELLO_CONNECTING pgs=0 cs=0 l=1 rev1=1 crypto rx=0 tx=0 comp rx=0 tx=0).handle_hello peer v2:172.21.15.29:3300/0 says I am v2:172.21.15.29:39650/0 (socket says 172.21.15.29:39650)
2024-04-25T21:12:04.839 INFO:teuthology.orchestra.run.smithi029.stdout:/usr/bin/ceph: stderr
2024-04-25T21:12:03.924+0000 7fac3c98c700 1 -- 172.21.15.29:0/904293728 learned_addr learned my addr 172.21.15.29:0/904293728 (peer_addr_for_me v2:172.21.15.29:0/0)
2024-04-25T21:12:04.839 INFO:teuthology.orchestra.run.smithi029.stdout:/usr/bin/ceph: stderr
2024-04-25T21:12:03.924+0000 7fac3c98c700 1 -- 172.21.15.29:0/904293728 --> [v2:172.21.15.29:3300/0,v1:172.21.15.29:6789/0] -- mon_subscribe({config=0+,monmap=0+}) -- 0x7fac3819c8c0 con 0x7fac38108f60
2024-04-25T21:12:04.839 INFO:teuthology.orchestra.run.smithi029.stdout:/usr/bin/ceph: stderr
2024-04-25T21:12:03.924+0000 7fac3c98c700 1 --2- 172.21.15.29:0/904293728 >> [v2:172.21.15.29:3300/0,v1:172.21.15.29:6789/0] conn(0x7fac38108f60 0x7fac3819c380 secure :-1 s=READY pgs=52 cs=0 l=1 rev1=1 crypto rx=0x7fac2c0116e0 tx=0x7fac2c011aa0 comp rx=0 tx=0).ready entity=mon.0 client_cookie=0 server_cookie=0 in_seq=0 out_seq=0
2024-04-25T21:12:04.839 INFO:teuthology.orchestra.run.smithi029.stdout:/usr/bin/ceph: stderr
2024-04-25T21:12:03.925+0000 7fac35ffb700 1 -- 172.21.15.29:0/904293728 <== mon.0 v2:172.21.15.29:3300/0 1 ==== mon_map magic: 0 ==== 205+0+0 (secure 0 0 0) 0x7fac2c003b20 con 0x7fac38108f60
2024-04-25T21:12:04.839 INFO:teuthology.orchestra.run.smithi029.stdout:/usr/bin/ceph: stderr
2024-04-25T21:12:03.925+0000 7fac35ffb700 1 -- 172.21.15.29:0/904293728 <== mon.0 v2:172.21.15.29:3300/0 2 ==== config(26 keys) ==== 1101+0+0 (secure 0 0 0) 0x7fac2c01b8f0 con 0x7fac38108f60
2024-04-25T21:12:04.839 INFO:teuthology.orchestra.run.smithi029.stdout:/usr/bin/ceph: stderr
2024-04-25T21:12:03.925+0000 7fac35ffb700 1 -- 172.21.15.29:0/904293728 <== mon.0 v2:172.21.15.29:3300/0 3 ==== mon_map magic: 0 ==== 205+0+0 (secure 0 0 0) 0x7fac2c0238c0 con 0x7fac38108f60
2024-04-25T21:12:04.839 INFO:teuthology.orchestra.run.smithi029.stdout:/usr/bin/ceph: stderr
2024-04-25T21:12:03.925+0000 7fac3ebf0700 1 -- 172.21.15.29:0/904293728 --> [v2:172.21.15.29:3300/0,v1:172.21.15.29:6789/0] -- mon_subscribe({mgrmap=0+}) -- 0x7fac3819cb50 con 0x7fac38108f60
2024-04-25T21:12:04.840 INFO:teuthology.orchestra.run.smithi029.stdout:/usr/bin/ceph: stderr
2024-04-25T21:12:03.925+0000 7fac3ebf0700 1 -- 172.21.15.29:0/904293728 --> [v2:172.21.15.29:3300/0,v1:172.21.15.29:6789/0] -- mon_subscribe({osdmap=0}) -- 0x7fac3819f840 con 0x7fac38108f60
2024-04-25T21:12:04.840 INFO:teuthology.orchestra.run.smithi029.stdout:/usr/bin/ceph: stderr
2024-04-25T21:12:03.926+0000 7fac35ffb700 1 -- 172.21.15.29:0/904293728 <== mon.0 v2:172.21.15.29:3300/0 4 ==== mgrmap(e 8) ==== 46558+0+0 (secure 0 0 0) 0x7fac2c01baa0 con 0x7fac38108f60
2024-04-25T21:12:04.840 INFO:teuthology.orchestra.run.smithi029.stdout:/usr/bin/ceph: stderr
2024-04-25T21:12:03.926+0000 7fac35ffb700 1 --2- 172.21.15.29:0/904293728 >> [v2:172.21.15.29:6800/2050232511,v1:172.21.15.29:6801/2050232511] conn(0x7fac28039560 0x7fac2803ba20 unknown :-1 s=NONE pgs=0 cs=0 l=1 rev1=0 crypto rx=0 tx=0 comp rx=0 tx=0).connect
2024-04-25T21:12:04.840 INFO:teuthology.orchestra.run.smithi029.stdout:/usr/bin/ceph: stderr
2024-04-25T21:12:03.926+0000 7fac35ffb700 1 -- 172.21.15.29:0/904293728 <== mon.0 v2:172.21.15.29:3300/0 5 ==== osd_map(2..2 src has 1..2) ==== 940+0+0 (secure 0 0 0) 0x7fac2c04e060 con 0x7fac38108f60
2024-04-25T21:12:04.840 INFO:teuthology.orchestra.run.smithi029.stdout:/usr/bin/ceph: stderr
2024-04-25T21:12:03.926+0000 7fac3ebf0700 1 -- 172.21.15.29:0/904293728 --> [v2:172.21.15.29:3300/0,v1:172.21.15.29:6789/0] -- mon_command({"prefix": "get_command_descriptions"} v 0) -- 0x7fac380640a0 con 0x7fac38108f60
2024-04-25T21:12:04.840 INFO:teuthology.orchestra.run.smithi029.stdout:/usr/bin/ceph: stderr
2024-04-25T21:12:03.926+0000 7fac37fff700 1 --2- 172.21.15.29:0/904293728 >> [v2:172.21.15.29:6800/2050232511,v1:172.21.15.29:6801/2050232511] conn(0x7fac28039560 0x7fac2803ba20 unknown :-1 s=BANNER_CONNECTING pgs=0 cs=0 l=1 rev1=0 crypto rx=0 tx=0 comp rx=0 tx=0)._handle_peer_banner_payload supported=3 required=0
2024-04-25T21:12:04.840 INFO:teuthology.orchestra.run.smithi029.stdout:/usr/bin/ceph: stderr
2024-04-25T21:12:03.926+0000 7fac37fff700 1 --2- 172.21.15.29:0/904293728 >> [v2:172.21.15.29:6800/2050232511,v1:172.21.15.29:6801/2050232511] conn(0x7fac28039560 0x7fac2803ba20 secure :-1 s=READY pgs=14 cs=0 l=1 rev1=1 crypto rx=0x7fac24006fd0 tx=0x7fac24006e40 comp rx=0 tx=0).ready entity=mgr.14120 client_cookie=0 server_cookie=0 in_seq=0 out_seq=0
2024-04-25T21:12:04.840 INFO:teuthology.orchestra.run.smithi029.stdout:/usr/bin/ceph: stderr
2024-04-25T21:12:03.931+0000 7fac35ffb700 1 -- 172.21.15.29:0/904293728 <== mon.0 v2:172.21.15.29:3300/0 6 ==== mon_command_ack([{"prefix": "get_command_descriptions"}]=0 v0) ==== 72+0+188370 (secure 0 0 0) 0x7fac2c01f030 con 0x7fac38108f60
2024-04-25T21:12:04.840 INFO:teuthology.orchestra.run.smithi029.stdout:/usr/bin/ceph: stderr
2024-04-25T21:12:04.140+0000 7fac3ebf0700 1 -- 172.21.15.29:0/904293728 --> [v2:172.21.15.29:3300/0,v1:172.21.15.29:6789/0] -- mon_command([{prefix=config set, name=mgr/cephadm/container_init}] v 0) -- 0x7fac3819fd20 con 0x7fac38108f60
2024-04-25T21:12:04.840 INFO:teuthology.orchestra.run.smithi029.stdout:/usr/bin/ceph: stderr
2024-04-25T21:12:04.143+0000 7fac35ffb700 1 -- 172.21.15.29:0/904293728 <== mon.0 v2:172.21.15.29:3300/0 7 ==== mon_command_ack([{prefix=config set, name=mgr/cephadm/container_init}]=0 v7)=0 v7) ==== 142+0+0 (secure 0 0 0) 0x7fac2c0292a0 con 0x7fac38108f60
2024-04-25T21:12:04.840 INFO:teuthology.orchestra.run.smithi029.stdout:/usr/bin/ceph: stderr
2024-04-25T21:12:04.145+0000 7fac3ebf0700 1 -- 172.21.15.29:0/904293728 >> [v2:172.21.15.29:6800/2050232511,v1:172.21.15.29:6801/2050232511] conn(0x7fac28039560 msgr2=0x7fac2803ba20 secure :-1 s=STATE_CONNECTION_ESTABLISHED l=1).mark_down
2024-04-25T21:12:04.840 INFO:teuthology.orchestra.run.smithi029.stdout:/usr/bin/ceph: stderr
2024-04-25T21:12:04.145+0000 7fac3ebf0700 1 --2- 172.21.15.29:0/904293728 >> [v2:172.21.15.29:6800/2050232511,v1:172.21.15.29:6801/2050232511] conn(0x7fac28039560 0x7fac2803ba20 secure :-1 s=READY pgs=14 cs=0 l=1 rev1=1 crypto rx=0x7fac24006fd0 tx=0x7fac24006e40 comp rx=0 tx=0).stop
2024-04-25T21:12:04.840 INFO:teuthology.orchestra.run.smithi029.stdout:/usr/bin/ceph: stderr
2024-04-25T21:12:04.145+0000 7fac3ebf0700 1 -- 172.21.15.29:0/904293728 >> [v2:172.21.15.29:3300/0,v1:172.21.15.29:6789/0] conn(0x7fac38108f60 msgr2=0x7fac3819c380 secure :-1 s=STATE_CONNECTION_ESTABLISHED l=1).mark_down
2024-04-25T21:12:04.840 INFO:teuthology.orchestra.run.smithi029.stdout:/usr/bin/ceph: stderr
2024-04-25T21:12:04.145+0000 7fac3ebf0700 1 --2- 172.21.15.29:0/904293728 >> [v2:172.21.15.29:3300/0,v1:172.21.15.29:6789/0] conn(0x7fac38108f60 0x7fac3819c380 secure :-1 s=READY pgs=52 cs=0 l=1 rev1=1 crypto rx=0x7fac2c0116e0 tx=0x7fac2c011aa0 comp rx=0 tx=0).stop
2024-04-25T21:12:04.841 INFO:teuthology.orchestra.run.smithi029.stdout:/usr/bin/ceph: stderr
2024-04-25T21:12:04.145+0000 7fac3ebf0700 1 -- 172.21.15.29:0/904293728 shutdown_connections
2024-04-25T21:12:04.841 INFO:teuthology.orchestra.run.smithi029.stdout:/usr/bin/ceph: stderr
2024-04-25T21:12:04.145+0000 7fac3ebf0700 1 --2- 172.21.15.29:0/904293728 >> [v2:172.21.15.29:6800/2050232511,v1:172.21.15.29:6801/2050232511] conn(0x7fac28039560 0x7fac2803ba20 unknown :-1 s=CLOSED pgs=14 cs=0 l=1 rev1=1 crypto rx=0 tx=0 comp rx=0 tx=0).stop
2024-04-25T21:12:04.841 INFO:teuthology.orchestra.run.smithi029.stdout:/usr/bin/ceph: stderr
2024-04-25T21:12:04.145+0000 7fac3ebf0700 1 --2- 172.21.15.29:0/904293728 >> [v2:172.21.15.29:3300/0,v1:172.21.15.29:6789/0] conn(0x7fac38108f60 0x7fac3819c380 unknown :-1 s=CLOSED pgs=52 cs=0 l=1 rev1=1 crypto rx=0 tx=0 comp rx=0 tx=0).stop
2024-04-25T21:12:04.841 INFO:teuthology.orchestra.run.smithi029.stdout:/usr/bin/ceph: stderr
2024-04-25T21:12:04.145+0000 7fac3ebf0700 1 -- 172.21.15.29:0/904293728 >> 172.21.15.29:0/904293728 conn(0x7fac38102950 msgr2=0x7fac38103440 unknown :-1 s=STATE_NONE l=0).mark_down
2024-04-25T21:12:04.841 INFO:teuthology.orchestra.run.smithi029.stdout:/usr/bin/ceph: stderr
2024-04-25T21:12:04.145+0000 7fac3ebf0700 1 -- 172.21.15.29:0/904293728 shutdown_connections
2024-04-25T21:12:04.841 INFO:teuthology.orchestra.run.smithi029.stdout:/usr/bin/ceph: stderr
2024-04-25T21:12:04.146+0000 7fac3ebf0700 1 -- 172.21.15.29:0/904293728 wait complete.
2024-04-25T21:12:05.448 INFO:journalctl@ceph.mon.a.smithi029.stdout:Apr 25 21:12:05 smithi029 ceph-mon[29343]: from='client.? 172.21.15.29:0/904293728' entity='client.admin'
2024-04-25T21:12:05.448 INFO:journalctl@ceph.mon.a.smithi029.stdout:Apr 25 21:12:05 smithi029 ceph-mon[29343]: from='mgr.14120 172.21.15.29:0/4216082534' entity='mgr.x'
2024-04-25T21:12:06.543 INFO:journalctl@ceph.mon.a.smithi029.stdout:Apr 25 21:12:06 smithi029 ceph-mon[29343]: from='client.? 172.21.15.29:0/4125629731' entity='client.admin'
2024-04-25T21:12:06.551 INFO:teuthology.orchestra.run.smithi029.stdout:/usr/bin/ceph: stderr
2024-04-25T21:12:05.290+0000 7fb65af81700 1 Processor -- start
2024-04-25T21:12:06.551 INFO:teuthology.orchestra.run.smithi029.stdout:/usr/bin/ceph: stderr
2024-04-25T21:12:05.290+0000 7fb65af81700 1 -- start start
2024-04-25T21:12:06.551 INFO:teuthology.orchestra.run.smithi029.stdout:/usr/bin/ceph: stderr
2024-04-25T21:12:05.291+0000 7fb65af81700 1 --2- >> [v2:172.21.15.29:3300/0,v1:172.21.15.29:6789/0] conn(0x7fb654108440 0x7fb654108860 unknown :-1 s=NONE pgs=0 cs=0 l=0 rev1=0 crypto rx=0 tx=0 comp rx=0 tx=0).connect
2024-04-25T21:12:06.552 INFO:teuthology.orchestra.run.smithi029.stdout:/usr/bin/ceph: stderr
2024-04-25T21:12:05.291+0000 7fb65af81700 1 -- --> [v2:172.21.15.29:3300/0,v1:172.21.15.29:6789/0] -- mon_getmap magic: 0 -- 0x7fb654108e30 con 0x7fb654108440
2024-04-25T21:12:06.552 INFO:teuthology.orchestra.run.smithi029.stdout:/usr/bin/ceph: stderr
2024-04-25T21:12:05.291+0000 7fb658d1d700 1 --2- >> [v2:172.21.15.29:3300/0,v1:172.21.15.29:6789/0] conn(0x7fb654108440 0x7fb654108860 unknown :-1 s=BANNER_CONNECTING pgs=0 cs=0 l=0 rev1=0 crypto rx=0 tx=0 comp rx=0 tx=0)._handle_peer_banner_payload supported=3 required=0
2024-04-25T21:12:06.552 INFO:teuthology.orchestra.run.smithi029.stdout:/usr/bin/ceph: stderr
2024-04-25T21:12:05.291+0000 7fb658d1d700 1 --2- >> [v2:172.21.15.29:3300/0,v1:172.21.15.29:6789/0] conn(0x7fb654108440 0x7fb654108860 unknown :-1 s=HELLO_CONNECTING pgs=0 cs=0 l=0 rev1=1 crypto rx=0 tx=0 comp rx=0 tx=0).handle_hello peer v2:172.21.15.29:3300/0 says I am v2:172.21.15.29:52394/0 (socket says 172.21.15.29:52394)
2024-04-25T21:12:06.552 INFO:teuthology.orchestra.run.smithi029.stdout:/usr/bin/ceph: stderr
2024-04-25T21:12:05.291+0000 7fb658d1d700 1 -- 172.21.15.29:0/3779974586 learned_addr learned my addr 172.21.15.29:0/3779974586 (peer_addr_for_me v2:172.21.15.29:0/0)
2024-04-25T21:12:06.552 INFO:teuthology.orchestra.run.smithi029.stdout:/usr/bin/ceph: stderr
2024-04-25T21:12:05.291+0000 7fb658d1d700 1 -- 172.21.15.29:0/3779974586 --> [v2:172.21.15.29:3300/0,v1:172.21.15.29:6789/0] -- mon_subscribe({config=0+,monmap=0+}) -- 0x7fb6541095f0 con 0x7fb654108440
2024-04-25T21:12:06.552 INFO:teuthology.orchestra.run.smithi029.stdout:/usr/bin/ceph: stderr
2024-04-25T21:12:05.291+0000 7fb658d1d700 1 --2- 172.21.15.29:0/3779974586 >> [v2:172.21.15.29:3300/0,v1:172.21.15.29:6789/0] conn(0x7fb654108440 0x7fb654108860 secure :-1 s=READY pgs=53 cs=0 l=1 rev1=1 crypto rx=0x7fb6480098a0 tx=0x7fb648009bb0 comp rx=0 tx=0).ready entity=mon.0 client_cookie=bed282a1e1b579c1 server_cookie=0 in_seq=0 out_seq=0
2024-04-25T21:12:06.552 INFO:teuthology.orchestra.run.smithi029.stdout:/usr/bin/ceph: stderr
2024-04-25T21:12:05.291+0000 7fb6537fe700 1 -- 172.21.15.29:0/3779974586 <== mon.0 v2:172.21.15.29:3300/0 1 ==== mon_map magic: 0 ==== 205+0+0 (secure 0 0 0) 0x7fb648004160 con 0x7fb654108440
2024-04-25T21:12:06.552 INFO:teuthology.orchestra.run.smithi029.stdout:/usr/bin/ceph: stderr
2024-04-25T21:12:05.292+0000 7fb6537fe700 1 -- 172.21.15.29:0/3779974586 <== mon.0 v2:172.21.15.29:3300/0 2 ==== config(26 keys) ==== 1101+0+0 (secure 0 0 0) 0x7fb648004300 con 0x7fb654108440
2024-04-25T21:12:06.552 INFO:teuthology.orchestra.run.smithi029.stdout:/usr/bin/ceph: stderr
2024-04-25T21:12:05.292+0000 7fb6537fe700 1 -- 172.21.15.29:0/3779974586 <== mon.0 v2:172.21.15.29:3300/0 3 ==== mon_map magic: 0 ==== 205+0+0 (secure 0 0 0) 0x7fb648011a20 con 0x7fb654108440
2024-04-25T21:12:06.552 INFO:teuthology.orchestra.run.smithi029.stdout:/usr/bin/ceph: stderr
2024-04-25T21:12:05.292+0000 7fb65af81700 1 -- 172.21.15.29:0/3779974586 >> [v2:172.21.15.29:3300/0,v1:172.21.15.29:6789/0] conn(0x7fb654108440 msgr2=0x7fb654108860 secure :-1 s=STATE_CONNECTION_ESTABLISHED l=1).mark_down
2024-04-25T21:12:06.552 INFO:teuthology.orchestra.run.smithi029.stdout:/usr/bin/ceph: stderr
2024-04-25T21:12:05.292+0000 7fb65af81700 1 --2- 172.21.15.29:0/3779974586 >> [v2:172.21.15.29:3300/0,v1:172.21.15.29:6789/0] conn(0x7fb654108440 0x7fb654108860 secure :-1 s=READY pgs=53 cs=0 l=1 rev1=1 crypto rx=0x7fb6480098a0 tx=0x7fb648009bb0 comp rx=0 tx=0).stop
2024-04-25T21:12:06.552 INFO:teuthology.orchestra.run.smithi029.stdout:/usr/bin/ceph: stderr
2024-04-25T21:12:05.292+0000 7fb65af81700 1 -- 172.21.15.29:0/3779974586 shutdown_connections
2024-04-25T21:12:06.552 INFO:teuthology.orchestra.run.smithi029.stdout:/usr/bin/ceph: stderr
2024-04-25T21:12:05.292+0000 7fb65af81700 1 --2- 172.21.15.29:0/3779974586 >> [v2:172.21.15.29:3300/0,v1:172.21.15.29:6789/0] conn(0x7fb654108440 0x7fb654108860 unknown :-1 s=CLOSED pgs=53 cs=0 l=1 rev1=1 crypto rx=0 tx=0 comp rx=0 tx=0).stop
2024-04-25T21:12:06.552 INFO:teuthology.orchestra.run.smithi029.stdout:/usr/bin/ceph: stderr
2024-04-25T21:12:05.292+0000 7fb65af81700 1 -- 172.21.15.29:0/3779974586 >> 172.21.15.29:0/3779974586 conn(0x7fb654103a00 msgr2=0x7fb654105e20 unknown :-1 s=STATE_NONE l=0).mark_down
2024-04-25T21:12:06.553 INFO:teuthology.orchestra.run.smithi029.stdout:/usr/bin/ceph: stderr
2024-04-25T21:12:05.292+0000 7fb65af81700 1 -- 172.21.15.29:0/3779974586 shutdown_connections
2024-04-25T21:12:06.553 INFO:teuthology.orchestra.run.smithi029.stdout:/usr/bin/ceph: stderr
2024-04-25T21:12:05.292+0000 7fb65af81700 1 -- 172.21.15.29:0/3779974586 wait complete.
2024-04-25T21:12:06.553 INFO:teuthology.orchestra.run.smithi029.stdout:/usr/bin/ceph: stderr
2024-04-25T21:12:05.293+0000 7fb65af81700 1 Processor -- start
2024-04-25T21:12:06.553 INFO:teuthology.orchestra.run.smithi029.stdout:/usr/bin/ceph: stderr
2024-04-25T21:12:05.293+0000 7fb65af81700 1 -- start start
2024-04-25T21:12:06.553 INFO:teuthology.orchestra.run.smithi029.stdout:/usr/bin/ceph: stderr
2024-04-25T21:12:05.293+0000 7fb65af81700 1 --2- >> [v2:172.21.15.29:3300/0,v1:172.21.15.29:6789/0] conn(0x7fb654108440 0x7fb65419c2f0 unknown :-1 s=NONE pgs=0 cs=0 l=1 rev1=0 crypto rx=0 tx=0 comp rx=0 tx=0).connect
2024-04-25T21:12:06.553 INFO:teuthology.orchestra.run.smithi029.stdout:/usr/bin/ceph: stderr
2024-04-25T21:12:05.293+0000 7fb65af81700 1 -- --> [v2:172.21.15.29:3300/0,v1:172.21.15.29:6789/0] -- mon_getmap magic: 0 -- 0x7fb65410c9a0 con 0x7fb654108440
2024-04-25T21:12:06.553 INFO:teuthology.orchestra.run.smithi029.stdout:/usr/bin/ceph: stderr
2024-04-25T21:12:05.294+0000 7fb658d1d700 1 --2- >> [v2:172.21.15.29:3300/0,v1:172.21.15.29:6789/0] conn(0x7fb654108440 0x7fb65419c2f0 unknown :-1 s=BANNER_CONNECTING pgs=0 cs=0 l=1 rev1=0 crypto rx=0 tx=0 comp rx=0 tx=0)._handle_peer_banner_payload supported=3 required=0
2024-04-25T21:12:06.553 INFO:teuthology.orchestra.run.smithi029.stdout:/usr/bin/ceph: stderr
2024-04-25T21:12:05.294+0000 7fb658d1d700 1 --2- >> [v2:172.21.15.29:3300/0,v1:172.21.15.29:6789/0] conn(0x7fb654108440 0x7fb65419c2f0 unknown :-1 s=HELLO_CONNECTING pgs=0 cs=0 l=1 rev1=1 crypto rx=0 tx=0 comp rx=0 tx=0).handle_hello peer v2:172.21.15.29:3300/0 says I am v2:172.21.15.29:52410/0 (socket says 172.21.15.29:52410)
2024-04-25T21:12:06.553 INFO:teuthology.orchestra.run.smithi029.stdout:/usr/bin/ceph: stderr
2024-04-25T21:12:05.294+0000 7fb658d1d700 1 -- 172.21.15.29:0/4125629731 learned_addr learned my addr 172.21.15.29:0/4125629731 (peer_addr_for_me v2:172.21.15.29:0/0)
2024-04-25T21:12:06.553 INFO:teuthology.orchestra.run.smithi029.stdout:/usr/bin/ceph: stderr
2024-04-25T21:12:05.294+0000 7fb658d1d700 1 -- 172.21.15.29:0/4125629731 --> [v2:172.21.15.29:3300/0,v1:172.21.15.29:6789/0] -- mon_subscribe({config=0+,monmap=0+}) -- 0x7fb65419c830 con 0x7fb654108440
2024-04-25T21:12:06.553 INFO:teuthology.orchestra.run.smithi029.stdout:/usr/bin/ceph: stderr
2024-04-25T21:12:05.294+0000 7fb658d1d700 1 --2- 172.21.15.29:0/4125629731 >> [v2:172.21.15.29:3300/0,v1:172.21.15.29:6789/0] conn(0x7fb654108440 0x7fb65419c2f0 secure :-1 s=READY pgs=54 cs=0 l=1 rev1=1 crypto rx=0x7fb648009520 tx=0x7fb648011aa0 comp rx=0 tx=0).ready entity=mon.0 client_cookie=0 server_cookie=0 in_seq=0 out_seq=0
2024-04-25T21:12:06.553 INFO:teuthology.orchestra.run.smithi029.stdout:/usr/bin/ceph: stderr
2024-04-25T21:12:05.294+0000 7fb651ffb700 1 -- 172.21.15.29:0/4125629731 <== mon.0 v2:172.21.15.29:3300/0 1 ==== mon_map magic: 0 ==== 205+0+0 (secure 0 0 0) 0x7fb6480039e0 con 0x7fb654108440
2024-04-25T21:12:06.553 INFO:teuthology.orchestra.run.smithi029.stdout:/usr/bin/ceph: stderr
2024-04-25T21:12:05.294+0000 7fb651ffb700 1 -- 172.21.15.29:0/4125629731 <== mon.0 v2:172.21.15.29:3300/0 2 ==== config(26 keys) ==== 1101+0+0 (secure 0 0 0) 0x7fb64801b8f0 con 0x7fb654108440
2024-04-25T21:12:06.553 INFO:teuthology.orchestra.run.smithi029.stdout:/usr/bin/ceph: stderr
2024-04-25T21:12:05.294+0000 7fb65af81700 1 -- 172.21.15.29:0/4125629731 --> [v2:172.21.15.29:3300/0,v1:172.21.15.29:6789/0] -- mon_subscribe({mgrmap=0+}) -- 0x7fb65419cac0 con 0x7fb654108440
2024-04-25T21:12:06.554 INFO:teuthology.orchestra.run.smithi029.stdout:/usr/bin/ceph: stderr
