2024-04-25T21:12:19.051+0000 7fe74faaf700 1 -- 172.21.15.29:0/934015400 --> [v2:172.21.15.29:3300/0,v1:172.21.15.29:6789/0] -- mon_command({"prefix": "get_command_descriptions"} v 0) -- 0x7fe7480640a0 con 0x7fe748108f20
2024-04-25T21:12:20.367 INFO:teuthology.orchestra.run.smithi029.stdout:/usr/bin/ceph: stderr
2024-04-25T21:12:19.051+0000 7fe73effd700 1 --2- 172.21.15.29:0/934015400 >> [v2:172.21.15.29:6800/111363390,v1:172.21.15.29:6801/111363390] conn(0x7fe734039610 0x7fe73403bad0 unknown :-1 s=NONE pgs=0 cs=0 l=1 rev1=0 crypto rx=0 tx=0 comp rx=0 tx=0).connect
2024-04-25T21:12:20.367 INFO:teuthology.orchestra.run.smithi029.stdout:/usr/bin/ceph: stderr
2024-04-25T21:12:19.052+0000 7fe73effd700 1 -- 172.21.15.29:0/934015400 <== mon.0 v2:172.21.15.29:3300/0 5 ==== osd_map(3..3 src has 1..3) ==== 1155+0+0 (secure 0 0 0) 0x7fe74404e140 con 0x7fe748108f20
2024-04-25T21:12:20.367 INFO:teuthology.orchestra.run.smithi029.stdout:/usr/bin/ceph: stderr
2024-04-25T21:12:19.052+0000 7fe74d04a700 1 --2- 172.21.15.29:0/934015400 >> [v2:172.21.15.29:6800/111363390,v1:172.21.15.29:6801/111363390] conn(0x7fe734039610 0x7fe73403bad0 unknown :-1 s=BANNER_CONNECTING pgs=0 cs=0 l=1 rev1=0 crypto rx=0 tx=0 comp rx=0 tx=0)._handle_peer_banner_payload supported=3 required=0
2024-04-25T21:12:20.367 INFO:teuthology.orchestra.run.smithi029.stdout:/usr/bin/ceph: stderr
2024-04-25T21:12:19.052+0000 7fe74d04a700 1 --2- 172.21.15.29:0/934015400 >> [v2:172.21.15.29:6800/111363390,v1:172.21.15.29:6801/111363390] conn(0x7fe734039610 0x7fe73403bad0 secure :-1 s=READY pgs=8 cs=0 l=1 rev1=1 crypto rx=0x7fe738006fd0 tx=0x7fe738006e40 comp rx=0 tx=0).ready entity=mgr.14152 client_cookie=0 server_cookie=0 in_seq=0 out_seq=0
2024-04-25T21:12:20.367 INFO:teuthology.orchestra.run.smithi029.stdout:/usr/bin/ceph: stderr
2024-04-25T21:12:19.057+0000 7fe73effd700 1 -- 172.21.15.29:0/934015400 <== mon.0 v2:172.21.15.29:3300/0 6 ==== mon_command_ack([{"prefix": "get_command_descriptions"}]=0 v0) ==== 72+0+188370 (secure 0 0 0) 0x7fe74401f030 con 0x7fe748108f20
2024-04-25T21:12:20.367 INFO:teuthology.orchestra.run.smithi029.stdout:/usr/bin/ceph: stderr
2024-04-25T21:12:19.288+0000 7fe74faaf700 1 -- 172.21.15.29:0/934015400 --> [v2:172.21.15.29:6800/111363390,v1:172.21.15.29:6801/111363390] -- mgr_command(tid 0: {"prefix": "dashboard ac-user-create", "username": "admin", "rolename": "administrator", "force_password": true, "pwd_update_required": true, "target": ["mon-mgr", ""]}) -- 0x7fe74819f270 con 0x7fe734039610
2024-04-25T21:12:20.367 INFO:teuthology.orchestra.run.smithi029.stdout:/usr/bin/ceph: stderr
2024-04-25T21:12:19.534+0000 7fe73effd700 1 -- 172.21.15.29:0/934015400 <== mgr.14152 v2:172.21.15.29:6800/111363390 1 ==== mgr_command_reply(tid 0: 0 ) ==== 8+0+252 (secure 0 0 0) 0x7fe74819f270 con 0x7fe734039610
2024-04-25T21:12:20.368 INFO:teuthology.orchestra.run.smithi029.stdout:/usr/bin/ceph: stderr
2024-04-25T21:12:19.536+0000 7fe74faaf700 1 -- 172.21.15.29:0/934015400 >> [v2:172.21.15.29:6800/111363390,v1:172.21.15.29:6801/111363390] conn(0x7fe734039610 msgr2=0x7fe73403bad0 secure :-1 s=STATE_CONNECTION_ESTABLISHED l=1).mark_down
2024-04-25T21:12:20.368 INFO:teuthology.orchestra.run.smithi029.stdout:/usr/bin/ceph: stderr
2024-04-25T21:12:19.536+0000 7fe74faaf700 1 --2- 172.21.15.29:0/934015400 >> [v2:172.21.15.29:6800/111363390,v1:172.21.15.29:6801/111363390] conn(0x7fe734039610 0x7fe73403bad0 secure :-1 s=READY pgs=8 cs=0 l=1 rev1=1 crypto rx=0x7fe738006fd0 tx=0x7fe738006e40 comp rx=0 tx=0).stop
2024-04-25T21:12:20.368 INFO:teuthology.orchestra.run.smithi029.stdout:/usr/bin/ceph: stderr
2024-04-25T21:12:19.536+0000 7fe74faaf700 1 -- 172.21.15.29:0/934015400 >> [v2:172.21.15.29:3300/0,v1:172.21.15.29:6789/0] conn(0x7fe748108f20 msgr2=0x7fe74819e5c0 secure :-1 s=STATE_CONNECTION_ESTABLISHED l=1).mark_down
2024-04-25T21:12:20.368 INFO:teuthology.orchestra.run.smithi029.stdout:/usr/bin/ceph: stderr
2024-04-25T21:12:19.536+0000 7fe74faaf700 1 --2- 172.21.15.29:0/934015400 >> [v2:172.21.15.29:3300/0,v1:172.21.15.29:6789/0] conn(0x7fe748108f20 0x7fe74819e5c0 secure :-1 s=READY pgs=73 cs=0 l=1 rev1=1 crypto rx=0x7fe7440116e0 tx=0x7fe744011aa0 comp rx=0 tx=0).stop
2024-04-25T21:12:20.368 INFO:teuthology.orchestra.run.smithi029.stdout:/usr/bin/ceph: stderr
2024-04-25T21:12:19.536+0000 7fe74faaf700 1 -- 172.21.15.29:0/934015400 shutdown_connections
2024-04-25T21:12:20.368 INFO:teuthology.orchestra.run.smithi029.stdout:/usr/bin/ceph: stderr
2024-04-25T21:12:19.536+0000 7fe74faaf700 1 --2- 172.21.15.29:0/934015400 >> [v2:172.21.15.29:6800/111363390,v1:172.21.15.29:6801/111363390] conn(0x7fe734039610 0x7fe73403bad0 unknown :-1 s=CLOSED pgs=8 cs=0 l=1 rev1=1 crypto rx=0 tx=0 comp rx=0 tx=0).stop
2024-04-25T21:12:20.368 INFO:teuthology.orchestra.run.smithi029.stdout:/usr/bin/ceph: stderr
2024-04-25T21:12:19.536+0000 7fe74faaf700 1 --2- 172.21.15.29:0/934015400 >> [v2:172.21.15.29:3300/0,v1:172.21.15.29:6789/0] conn(0x7fe748108f20 0x7fe74819e5c0 unknown :-1 s=CLOSED pgs=73 cs=0 l=1 rev1=1 crypto rx=0 tx=0 comp rx=0 tx=0).stop
2024-04-25T21:12:20.368 INFO:teuthology.orchestra.run.smithi029.stdout:/usr/bin/ceph: stderr
2024-04-25T21:12:19.536+0000 7fe74faaf700 1 -- 172.21.15.29:0/934015400 >> 172.21.15.29:0/934015400 conn(0x7fe748102950 msgr2=0x7fe7481033b0 unknown :-1 s=STATE_NONE l=0).mark_down
2024-04-25T21:12:20.368 INFO:teuthology.orchestra.run.smithi029.stdout:/usr/bin/ceph: stderr
2024-04-25T21:12:19.537+0000 7fe74faaf700 1 -- 172.21.15.29:0/934015400 shutdown_connections
2024-04-25T21:12:20.368 INFO:teuthology.orchestra.run.smithi029.stdout:/usr/bin/ceph: stderr
2024-04-25T21:12:19.537+0000 7fe74faaf700 1 -- 172.21.15.29:0/934015400 wait complete.
2024-04-25T21:12:20.368 INFO:teuthology.orchestra.run.smithi029.stdout:Fetching dashboard port number...
2024-04-25T21:12:20.847 INFO:journalctl@ceph.mon.a.smithi029.stdout:Apr 25 21:12:20 smithi029 ceph-mon[29343]: from='client.14166 -' entity='client.admin' cmd=[{"prefix": "dashboard ac-user-create", "username": "admin", "rolename": "administrator", "force_password": true, "pwd_update_required": true, "target": ["mon-mgr", ""]}]: dispatch
2024-04-25T21:12:20.847 INFO:journalctl@ceph.mon.a.smithi029.stdout:Apr 25 21:12:20 smithi029 ceph-mon[29343]: from='mgr.14152 172.21.15.29:0/2872833110' entity='mgr.x'
2024-04-25T21:12:21.993 INFO:journalctl@ceph.mon.a.smithi029.stdout:Apr 25 21:12:21 smithi029 ceph-mon[29343]: from='client.? 172.21.15.29:0/2698292594' entity='client.admin' cmd=[{"prefix": "config get", "who": "mgr", "key": "mgr/dashboard/ssl_server_port"}]: dispatch
2024-04-25T21:12:22.001 INFO:teuthology.orchestra.run.smithi029.stdout:/usr/bin/ceph: stdout 8443
2024-04-25T21:12:22.001 INFO:teuthology.orchestra.run.smithi029.stdout:/usr/bin/ceph: stderr
2024-04-25T21:12:20.851+0000 7fae7d63e700 1 Processor -- start
2024-04-25T21:12:22.001 INFO:teuthology.orchestra.run.smithi029.stdout:/usr/bin/ceph: stderr
2024-04-25T21:12:20.851+0000 7fae7d63e700 1 -- start start
2024-04-25T21:12:22.001 INFO:teuthology.orchestra.run.smithi029.stdout:/usr/bin/ceph: stderr
2024-04-25T21:12:20.851+0000 7fae7d63e700 1 --2- >> [v2:172.21.15.29:3300/0,v1:172.21.15.29:6789/0] conn(0x7fae78108910 0x7fae78108d30 unknown :-1 s=NONE pgs=0 cs=0 l=0 rev1=0 crypto rx=0 tx=0 comp rx=0 tx=0).connect
2024-04-25T21:12:22.001 INFO:teuthology.orchestra.run.smithi029.stdout:/usr/bin/ceph: stderr
2024-04-25T21:12:20.851+0000 7fae7d63e700 1 -- --> [v2:172.21.15.29:3300/0,v1:172.21.15.29:6789/0] -- mon_getmap magic: 0 -- 0x7fae78109300 con 0x7fae78108910
2024-04-25T21:12:22.001 INFO:teuthology.orchestra.run.smithi029.stdout:/usr/bin/ceph: stderr
2024-04-25T21:12:20.851+0000 7fae76ffd700 1 --2- >> [v2:172.21.15.29:3300/0,v1:172.21.15.29:6789/0] conn(0x7fae78108910 0x7fae78108d30 unknown :-1 s=BANNER_CONNECTING pgs=0 cs=0 l=0 rev1=0 crypto rx=0 tx=0 comp rx=0 tx=0)._handle_peer_banner_payload supported=3 required=0
2024-04-25T21:12:22.001 INFO:teuthology.orchestra.run.smithi029.stdout:/usr/bin/ceph: stderr
2024-04-25T21:12:20.851+0000 7fae76ffd700 1 --2- >> [v2:172.21.15.29:3300/0,v1:172.21.15.29:6789/0] conn(0x7fae78108910 0x7fae78108d30 unknown :-1 s=HELLO_CONNECTING pgs=0 cs=0 l=0 rev1=1 crypto rx=0 tx=0 comp rx=0 tx=0).handle_hello peer v2:172.21.15.29:3300/0 says I am v2:172.21.15.29:38658/0 (socket says 172.21.15.29:38658)
2024-04-25T21:12:22.001 INFO:teuthology.orchestra.run.smithi029.stdout:/usr/bin/ceph: stderr
2024-04-25T21:12:20.851+0000 7fae76ffd700 1 -- 172.21.15.29:0/485137383 learned_addr learned my addr 172.21.15.29:0/485137383 (peer_addr_for_me v2:172.21.15.29:0/0)
2024-04-25T21:12:22.002 INFO:teuthology.orchestra.run.smithi029.stdout:/usr/bin/ceph: stderr
2024-04-25T21:12:20.852+0000 7fae76ffd700 1 -- 172.21.15.29:0/485137383 --> [v2:172.21.15.29:3300/0,v1:172.21.15.29:6789/0] -- mon_subscribe({config=0+,monmap=0+}) -- 0x7fae78107520 con 0x7fae78108910
2024-04-25T21:12:22.002 INFO:teuthology.orchestra.run.smithi029.stdout:/usr/bin/ceph: stderr
2024-04-25T21:12:20.852+0000 7fae76ffd700 1 --2- 172.21.15.29:0/485137383 >> [v2:172.21.15.29:3300/0,v1:172.21.15.29:6789/0] conn(0x7fae78108910 0x7fae78108d30 secure :-1 s=READY pgs=74 cs=0 l=1 rev1=1 crypto rx=0x7fae680098a0 tx=0x7fae68009bb0 comp rx=0 tx=0).ready entity=mon.0 client_cookie=25abe701dae734df server_cookie=0 in_seq=0 out_seq=0
2024-04-25T21:12:22.002 INFO:teuthology.orchestra.run.smithi029.stdout:/usr/bin/ceph: stderr
2024-04-25T21:12:20.852+0000 7fae75ffb700 1 -- 172.21.15.29:0/485137383 <== mon.0 v2:172.21.15.29:3300/0 1 ==== mon_map magic: 0 ==== 205+0+0 (secure 0 0 0) 0x7fae68004160 con 0x7fae78108910
2024-04-25T21:12:22.002 INFO:teuthology.orchestra.run.smithi029.stdout:/usr/bin/ceph: stderr
2024-04-25T21:12:20.852+0000 7fae75ffb700 1 -- 172.21.15.29:0/485137383 <== mon.0 v2:172.21.15.29:3300/0 2 ==== config(26 keys) ==== 1101+0+0 (secure 0 0 0) 0x7fae68004300 con 0x7fae78108910
2024-04-25T21:12:22.002 INFO:teuthology.orchestra.run.smithi029.stdout:/usr/bin/ceph: stderr
2024-04-25T21:12:20.852+0000 7fae75ffb700 1 -- 172.21.15.29:0/485137383 <== mon.0 v2:172.21.15.29:3300/0 3 ==== mon_map magic: 0 ==== 205+0+0 (secure 0 0 0) 0x7fae68011a20 con 0x7fae78108910
2024-04-25T21:12:22.002 INFO:teuthology.orchestra.run.smithi029.stdout:/usr/bin/ceph: stderr
2024-04-25T21:12:20.853+0000 7fae7d63e700 1 -- 172.21.15.29:0/485137383 >> [v2:172.21.15.29:3300/0,v1:172.21.15.29:6789/0] conn(0x7fae78108910 msgr2=0x7fae78108d30 secure :-1 s=STATE_CONNECTION_ESTABLISHED l=1).mark_down
2024-04-25T21:12:22.002 INFO:teuthology.orchestra.run.smithi029.stdout:/usr/bin/ceph: stderr
2024-04-25T21:12:20.853+0000 7fae7d63e700 1 --2- 172.21.15.29:0/485137383 >> [v2:172.21.15.29:3300/0,v1:172.21.15.29:6789/0] conn(0x7fae78108910 0x7fae78108d30 secure :-1 s=READY pgs=74 cs=0 l=1 rev1=1 crypto rx=0x7fae680098a0 tx=0x7fae68009bb0 comp rx=0 tx=0).stop
2024-04-25T21:12:22.002 INFO:teuthology.orchestra.run.smithi029.stdout:/usr/bin/ceph: stderr
2024-04-25T21:12:20.853+0000 7fae7d63e700 1 -- 172.21.15.29:0/485137383 shutdown_connections
2024-04-25T21:12:22.002 INFO:teuthology.orchestra.run.smithi029.stdout:/usr/bin/ceph: stderr
2024-04-25T21:12:20.853+0000 7fae7d63e700 1 --2- 172.21.15.29:0/485137383 >> [v2:172.21.15.29:3300/0,v1:172.21.15.29:6789/0] conn(0x7fae78108910 0x7fae78108d30 unknown :-1 s=CLOSED pgs=74 cs=0 l=1 rev1=1 crypto rx=0 tx=0 comp rx=0 tx=0).stop
2024-04-25T21:12:22.002 INFO:teuthology.orchestra.run.smithi029.stdout:/usr/bin/ceph: stderr
2024-04-25T21:12:20.853+0000 7fae7d63e700 1 -- 172.21.15.29:0/485137383 >> 172.21.15.29:0/485137383 conn(0x7fae78102110 msgr2=0x7fae78104530 unknown :-1 s=STATE_NONE l=0).mark_down
2024-04-25T21:12:22.002 INFO:teuthology.orchestra.run.smithi029.stdout:/usr/bin/ceph: stderr
2024-04-25T21:12:20.853+0000 7fae7d63e700 1 -- 172.21.15.29:0/485137383 shutdown_connections
2024-04-25T21:12:22.002 INFO:teuthology.orchestra.run.smithi029.stdout:/usr/bin/ceph: stderr
2024-04-25T21:12:20.853+0000 7fae7d63e700 1 -- 172.21.15.29:0/485137383 wait complete.
2024-04-25T21:12:22.002 INFO:teuthology.orchestra.run.smithi029.stdout:/usr/bin/ceph: stderr
2024-04-25T21:12:20.853+0000 7fae7d63e700 1 Processor -- start
2024-04-25T21:12:22.003 INFO:teuthology.orchestra.run.smithi029.stdout:/usr/bin/ceph: stderr
2024-04-25T21:12:20.853+0000 7fae7d63e700 1 -- start start
2024-04-25T21:12:22.003 INFO:teuthology.orchestra.run.smithi029.stdout:/usr/bin/ceph: stderr
2024-04-25T21:12:20.854+0000 7fae7d63e700 1 --2- >> [v2:172.21.15.29:3300/0,v1:172.21.15.29:6789/0] conn(0x7fae78108910 0x7fae7819a190 unknown :-1 s=NONE pgs=0 cs=0 l=1 rev1=0 crypto rx=0 tx=0 comp rx=0 tx=0).connect
2024-04-25T21:12:22.003 INFO:teuthology.orchestra.run.smithi029.stdout:/usr/bin/ceph: stderr
2024-04-25T21:12:20.854+0000 7fae7d63e700 1 -- --> [v2:172.21.15.29:3300/0,v1:172.21.15.29:6789/0] -- mon_getmap magic: 0 -- 0x7fae78106410 con 0x7fae78108910
2024-04-25T21:12:22.003 INFO:teuthology.orchestra.run.smithi029.stdout:/usr/bin/ceph: stderr
2024-04-25T21:12:20.854+0000 7fae76ffd700 1 --2- >> [v2:172.21.15.29:3300/0,v1:172.21.15.29:6789/0] conn(0x7fae78108910 0x7fae7819a190 unknown :-1 s=BANNER_CONNECTING pgs=0 cs=0 l=1 rev1=0 crypto rx=0 tx=0 comp rx=0 tx=0)._handle_peer_banner_payload supported=3 required=0
2024-04-25T21:12:22.003 INFO:teuthology.orchestra.run.smithi029.stdout:/usr/bin/ceph: stderr
2024-04-25T21:12:20.854+0000 7fae76ffd700 1 --2- >> [v2:172.21.15.29:3300/0,v1:172.21.15.29:6789/0] conn(0x7fae78108910 0x7fae7819a190 unknown :-1 s=HELLO_CONNECTING pgs=0 cs=0 l=1 rev1=1 crypto rx=0 tx=0 comp rx=0 tx=0).handle_hello peer v2:172.21.15.29:3300/0 says I am v2:172.21.15.29:38668/0 (socket says 172.21.15.29:38668)
2024-04-25T21:12:22.003 INFO:teuthology.orchestra.run.smithi029.stdout:/usr/bin/ceph: stderr
2024-04-25T21:12:20.854+0000 7fae76ffd700 1 -- 172.21.15.29:0/2698292594 learned_addr learned my addr 172.21.15.29:0/2698292594 (peer_addr_for_me v2:172.21.15.29:0/0)
2024-04-25T21:12:22.003 INFO:teuthology.orchestra.run.smithi029.stdout:/usr/bin/ceph: stderr
2024-04-25T21:12:20.854+0000 7fae76ffd700 1 -- 172.21.15.29:0/2698292594 --> [v2:172.21.15.29:3300/0,v1:172.21.15.29:6789/0] -- mon_subscribe({config=0+,monmap=0+}) -- 0x7fae7819a6d0 con 0x7fae78108910
2024-04-25T21:12:22.003 INFO:teuthology.orchestra.run.smithi029.stdout:/usr/bin/ceph: stderr
2024-04-25T21:12:20.854+0000 7fae76ffd700 1 --2- 172.21.15.29:0/2698292594 >> [v2:172.21.15.29:3300/0,v1:172.21.15.29:6789/0] conn(0x7fae78108910 0x7fae7819a190 secure :-1 s=READY pgs=75 cs=0 l=1 rev1=1 crypto rx=0x7fae680116e0 tx=0x7fae68011aa0 comp rx=0 tx=0).ready entity=mon.0 client_cookie=0 server_cookie=0 in_seq=0 out_seq=0
2024-04-25T21:12:22.003 INFO:teuthology.orchestra.run.smithi029.stdout:/usr/bin/ceph: stderr
2024-04-25T21:12:20.854+0000 7fae5ffff700 1 -- 172.21.15.29:0/2698292594 <== mon.0 v2:172.21.15.29:3300/0 1 ==== mon_map magic: 0 ==== 205+0+0 (secure 0 0 0) 0x7fae680039e0 con 0x7fae78108910
2024-04-25T21:12:22.003 INFO:teuthology.orchestra.run.smithi029.stdout:/usr/bin/ceph: stderr
2024-04-25T21:12:20.854+0000 7fae5ffff700 1 -- 172.21.15.29:0/2698292594 <== mon.0 v2:172.21.15.29:3300/0 2 ==== config(26 keys) ==== 1101+0+0 (secure 0 0 0) 0x7fae6801b8f0 con 0x7fae78108910
2024-04-25T21:12:22.003 INFO:teuthology.orchestra.run.smithi029.stdout:/usr/bin/ceph: stderr
2024-04-25T21:12:20.854+0000 7fae7d63e700 1 -- 172.21.15.29:0/2698292594 --> [v2:172.21.15.29:3300/0,v1:172.21.15.29:6789/0] -- mon_subscribe({mgrmap=0+}) -- 0x7fae7819a960 con 0x7fae78108910
2024-04-25T21:12:22.003 INFO:teuthology.orchestra.run.smithi029.stdout:/usr/bin/ceph: stderr
2024-04-25T21:12:20.854+0000 7fae5ffff700 1 -- 172.21.15.29:0/2698292594 <== mon.0 v2:172.21.15.29:3300/0 3 ==== mon_map magic: 0 ==== 205+0+0 (secure 0 0 0) 0x7fae68023760 con 0x7fae78108910
2024-04-25T21:12:22.003 INFO:teuthology.orchestra.run.smithi029.stdout:/usr/bin/ceph: stderr
2024-04-25T21:12:20.854+0000 7fae7d63e700 1 -- 172.21.15.29:0/2698292594 --> [v2:172.21.15.29:3300/0,v1:172.21.15.29:6789/0] -- mon_subscribe({osdmap=0}) -- 0x7fae7819d600 con 0x7fae78108910
2024-04-25T21:12:22.003 INFO:teuthology.orchestra.run.smithi029.stdout:/usr/bin/ceph: stderr
2024-04-25T21:12:20.855+0000 7fae5ffff700 1 -- 172.21.15.29:0/2698292594 <== mon.0 v2:172.21.15.29:3300/0 4 ==== mgrmap(e 12) ==== 46571+0+0 (secure 0 0 0) 0x7fae68023900 con 0x7fae78108910
2024-04-25T21:12:22.004 INFO:teuthology.orchestra.run.smithi029.stdout:/usr/bin/ceph: stderr
2024-04-25T21:12:20.855+0000 7fae5ffff700 1 --2- 172.21.15.29:0/2698292594 >> [v2:172.21.15.29:6800/111363390,v1:172.21.15.29:6801/111363390] conn(0x7fae6003b830 0x7fae6003dcf0 unknown :-1 s=NONE pgs=0 cs=0 l=1 rev1=0 crypto rx=0 tx=0 comp rx=0 tx=0).connect
2024-04-25T21:12:22.004 INFO:teuthology.orchestra.run.smithi029.stdout:/usr/bin/ceph: stderr
2024-04-25T21:12:20.855+0000 7fae5ffff700 1 -- 172.21.15.29:0/2698292594 <== mon.0 v2:172.21.15.29:3300/0 5 ==== osd_map(3..3 src has 1..3) ==== 1155+0+0 (secure 0 0 0) 0x7fae6804e010 con 0x7fae78108910
2024-04-25T21:12:22.004 INFO:teuthology.orchestra.run.smithi029.stdout:/usr/bin/ceph: stderr
2024-04-25T21:12:20.856+0000 7fae7d63e700 1 -- 172.21.15.29:0/2698292594 --> [v2:172.21.15.29:3300/0,v1:172.21.15.29:6789/0] -- mon_command({"prefix": "get_command_descriptions"} v 0) -- 0x7fae780640a0 con 0x7fae78108910
2024-04-25T21:12:22.004 INFO:teuthology.orchestra.run.smithi029.stdout:/usr/bin/ceph: stderr
2024-04-25T21:12:20.856+0000 7fae767fc700 1 --2- 172.21.15.29:0/2698292594 >> [v2:172.21.15.29:6800/111363390,v1:172.21.15.29:6801/111363390] conn(0x7fae6003b830 0x7fae6003dcf0 unknown :-1 s=BANNER_CONNECTING pgs=0 cs=0 l=1 rev1=0 crypto rx=0 tx=0 comp rx=0 tx=0)._handle_peer_banner_payload supported=3 required=0
2024-04-25T21:12:22.004 INFO:teuthology.orchestra.run.smithi029.stdout:/usr/bin/ceph: stderr
2024-04-25T21:12:20.856+0000 7fae767fc700 1 --2- 172.21.15.29:0/2698292594 >> [v2:172.21.15.29:6800/111363390,v1:172.21.15.29:6801/111363390] conn(0x7fae6003b830 0x7fae6003dcf0 secure :-1 s=READY pgs=9 cs=0 l=1 rev1=1 crypto rx=0x7fae6c006fd0 tx=0x7fae6c006e40 comp rx=0 tx=0).ready entity=mgr.14152 client_cookie=0 server_cookie=0 in_seq=0 out_seq=0
2024-04-25T21:12:22.004 INFO:teuthology.orchestra.run.smithi029.stdout:/usr/bin/ceph: stderr
2024-04-25T21:12:20.861+0000 7fae5ffff700 1 -- 172.21.15.29:0/2698292594 <== mon.0 v2:172.21.15.29:3300/0 6 ==== mon_command_ack([{"prefix": "get_command_descriptions"}]=0 v0) ==== 72+0+188370 (secure 0 0 0) 0x7fae6801f030 con 0x7fae78108910
2024-04-25T21:12:22.004 INFO:teuthology.orchestra.run.smithi029.stdout:/usr/bin/ceph: stderr
2024-04-25T21:12:21.073+0000 7fae7d63e700 1 -- 172.21.15.29:0/2698292594 --> [v2:172.21.15.29:3300/0,v1:172.21.15.29:6789/0] -- mon_command({"prefix": "config get", "who": "mgr", "key": "mgr/dashboard/ssl_server_port"} v 0) -- 0x7fae781936f0 con 0x7fae78108910
2024-04-25T21:12:22.004 INFO:teuthology.orchestra.run.smithi029.stdout:/usr/bin/ceph: stderr
2024-04-25T21:12:21.073+0000 7fae5ffff700 1 -- 172.21.15.29:0/2698292594 <== mon.0 v2:172.21.15.29:3300/0 7 ==== mon_command_ack([{"prefix": "config get", "who": "mgr", "key": "mgr/dashboard/ssl_server_port"}]=0 v8) ==== 112+0+5 (secure 0 0 0) 0x7fae781936f0 con 0x7fae78108910
2024-04-25T21:12:22.004 INFO:teuthology.orchestra.run.smithi029.stdout:/usr/bin/ceph: stderr
2024-04-25T21:12:21.075+0000 7fae7d63e700 1 -- 172.21.15.29:0/2698292594 >> [v2:172.21.15.29:6800/111363390,v1:172.21.15.29:6801/111363390] conn(0x7fae6003b830 msgr2=0x7fae6003dcf0 secure :-1 s=STATE_CONNECTION_ESTABLISHED l=1).mark_down
2024-04-25T21:12:22.004 INFO:teuthology.orchestra.run.smithi029.stdout:/usr/bin/ceph: stderr
2024-04-25T21:12:21.075+0000 7fae7d63e700 1 --2- 172.21.15.29:0/2698292594 >> [v2:172.21.15.29:6800/111363390,v1:172.21.15.29:6801/111363390] conn(0x7fae6003b830 0x7fae6003dcf0 secure :-1 s=READY pgs=9 cs=0 l=1 rev1=1 crypto rx=0x7fae6c006fd0 tx=0x7fae6c006e40 comp rx=0 tx=0).stop
2024-04-25T21:12:22.005 INFO:teuthology.orchestra.run.smithi029.stdout:/usr/bin/ceph: stderr
2024-04-25T21:12:21.075+0000 7fae7d63e700 1 -- 172.21.15.29:0/2698292594 >> [v2:172.21.15.29:3300/0,v1:172.21.15.29:6789/0] conn(0x7fae78108910 msgr2=0x7fae7819a190 secure :-1 s=STATE_CONNECTION_ESTABLISHED l=1).mark_down
2024-04-25T21:12:22.005 INFO:teuthology.orchestra.run.smithi029.stdout:/usr/bin/ceph: stderr
2024-04-25T21:12:21.075+0000 7fae7d63e700 1 --2- 172.21.15.29:0/2698292594 >> [v2:172.21.15.29:3300/0,v1:172.21.15.29:6789/0] conn(0x7fae78108910 0x7fae7819a190 secure :-1 s=READY pgs=75 cs=0 l=1 rev1=1 crypto rx=0x7fae680116e0 tx=0x7fae68011aa0 comp rx=0 tx=0).stop
2024-04-25T21:12:22.005 INFO:teuthology.orchestra.run.smithi029.stdout:/usr/bin/ceph: stderr
2024-04-25T21:12:21.076+0000 7fae7d63e700 1 -- 172.21.15.29:0/2698292594 shutdown_connections
2024-04-25T21:12:22.005 INFO:teuthology.orchestra.run.smithi029.stdout:/usr/bin/ceph: stderr
2024-04-25T21:12:21.076+0000 7fae7d63e700 1 --2- 172.21.15.29:0/2698292594 >> [v2:172.21.15.29:6800/111363390,v1:172.21.15.29:6801/111363390] conn(0x7fae6003b830 0x7fae6003dcf0 unknown :-1 s=CLOSED pgs=9 cs=0 l=1 rev1=1 crypto rx=0 tx=0 comp rx=0 tx=0).stop
2024-04-25T21:12:22.005 INFO:teuthology.orchestra.run.smithi029.stdout:/usr/bin/ceph: stderr
2024-04-25T21:12:21.076+0000 7fae7d63e700 1 --2- 172.21.15.29:0/2698292594 >> [v2:172.21.15.29:3300/0,v1:172.21.15.29:6789/0] conn(0x7fae78108910 0x7fae7819a190 unknown :-1 s=CLOSED pgs=75 cs=0 l=1 rev1=1 crypto rx=0 tx=0 comp rx=0 tx=0).stop
2024-04-25T21:12:22.005 INFO:teuthology.orchestra.run.smithi029.stdout:/usr/bin/ceph: stderr
2024-04-25T21:12:21.076+0000 7fae7d63e700 1 -- 172.21.15.29:0/2698292594 >> 172.21.15.29:0/2698292594 conn(0x7fae78102110 msgr2=0x7fae781907b0 unknown :-1 s=STATE_NONE l=0).mark_down
2024-04-25T21:12:22.005 INFO:teuthology.orchestra.run.smithi029.stdout:/usr/bin/ceph: stderr
2024-04-25T21:12:21.076+0000 7fae7d63e700 1 -- 172.21.15.29:0/2698292594 shutdown_connections
2024-04-25T21:12:22.005 INFO:teuthology.orchestra.run.smithi029.stdout:/usr/bin/ceph: stderr
2024-04-25T21:12:21.076+0000 7fae7d63e700 1 -- 172.21.15.29:0/2698292594 wait complete.
2024-04-25T21:12:22.010 INFO:teuthology.orchestra.run.smithi029.stdout:Non-zero exit code 1 from systemctl is-enabled firewalld.service
2024-04-25T21:12:22.011 INFO:teuthology.orchestra.run.smithi029.stdout:systemctl: stdout disabled
2024-04-25T21:12:22.019 INFO:teuthology.orchestra.run.smithi029.stdout:Non-zero exit code 3 from systemctl is-active firewalld.service
2024-04-25T21:12:22.019 INFO:teuthology.orchestra.run.smithi029.stdout:systemctl: stdout inactive
2024-04-25T21:12:22.019 INFO:teuthology.orchestra.run.smithi029.stdout:firewalld.service is not enabled
2024-04-25T21:12:22.019 INFO:teuthology.orchestra.run.smithi029.stdout:Not possible to open ports <[8443]>. firewalld.service is not available
2024-04-25T21:12:22.021 INFO:teuthology.orchestra.run.smithi029.stdout:Ceph Dashboard is now available at:
2024-04-25T21:12:22.021 INFO:teuthology.orchestra.run.smithi029.stdout:
2024-04-25T21:12:22.021 INFO:teuthology.orchestra.run.smithi029.stdout: URL: https://smithi029:8443/
2024-04-25T21:12:22.021 INFO:teuthology.orchestra.run.smithi029.stdout: User: admin
2024-04-25T21:12:22.021 INFO:teuthology.orchestra.run.smithi029.stdout: Password: tsg0nuqcrl
2024-04-25T21:12:22.021 INFO:teuthology.orchestra.run.smithi029.stdout:
2024-04-25T21:12:22.022 INFO:teuthology.orchestra.run.smithi029.stdout:Saving cluster configuration to /var/lib/ceph/2f162acc-0348-11ef-bc93-c7b262605968/config directory
2024-04-25T21:12:22.022 INFO:teuthology.orchestra.run.smithi029.stdout:Enabling autotune for osd_memory_target
2024-04-25T21:12:23.015 INFO:journalctl@ceph.mon.a.smithi029.stdout:Apr 25 21:12:22 smithi029 ceph-mon[29343]: mgrmap e13: x(active, since 6s)
2024-04-25T21:12:23.367 INFO:teuthology.orchestra.run.smithi029.stdout:/usr/bin/ceph: stderr
2024-04-25T21:12:22.490+0000 7fb6d53aa700 1 Processor -- start
2024-04-25T21:12:23.367 INFO:teuthology.orchestra.run.smithi029.stdout:/usr/bin/ceph: stderr
2024-04-25T21:12:22.490+0000 7fb6d53aa700 1 -- start start
2024-04-25T21:12:23.367 INFO:teuthology.orchestra.run.smithi029.stdout:/usr/bin/ceph: stderr
2024-04-25T21:12:22.490+0000 7fb6d53aa700 1 --2- >> [v2:172.21.15.29:3300/0,v1:172.21.15.29:6789/0] conn(0x7fb6d0108ea0 0x7fb6d010b290 unknown :-1 s=NONE pgs=0 cs=0 l=0 rev1=0 crypto rx=0 tx=0 comp rx=0 tx=0).connect
2024-04-25T21:12:23.367 INFO:teuthology.orchestra.run.smithi029.stdout:/usr/bin/ceph: stderr
2024-04-25T21:12:22.490+0000 7fb6d53aa700 1 -- --> [v2:172.21.15.29:3300/0,v1:172.21.15.29:6789/0] -- mon_getmap magic: 0 -- 0x7fb6d007be80 con 0x7fb6d0108ea0
2024-04-25T21:12:23.367 INFO:teuthology.orchestra.run.smithi029.stdout:/usr/bin/ceph: stderr
2024-04-25T21:12:22.491+0000 7fb6ceffd700 1 --2- >> [v2:172.21.15.29:3300/0,v1:172.21.15.29:6789/0] conn(0x7fb6d0108ea0 0x7fb6d010b290 unknown :-1 s=BANNER_CONNECTING pgs=0 cs=0 l=0 rev1=0 crypto rx=0 tx=0 comp rx=0 tx=0)._handle_peer_banner_payload supported=3 required=0
2024-04-25T21:12:23.367 INFO:teuthology.orchestra.run.smithi029.stdout:/usr/bin/ceph: stderr
2024-04-25T21:12:22.491+0000 7fb6ceffd700 1 --2- >> [v2:172.21.15.29:3300/0,v1:172.21.15.29:6789/0] conn(0x7fb6d0108ea0 0x7fb6d010b290 unknown :-1 s=HELLO_CONNECTING pgs=0 cs=0 l=0 rev1=1 crypto rx=0 tx=0 comp rx=0 tx=0).handle_hello peer v2:172.21.15.29:3300/0 says I am v2:172.21.15.29:38684/0 (socket says 172.21.15.29:38684)
2024-04-25T21:12:23.367 INFO:teuthology.orchestra.run.smithi029.stdout:/usr/bin/ceph: stderr
2024-04-25T21:12:22.491+0000 7fb6ceffd700 1 -- 172.21.15.29:0/2540342990 learned_addr learned my addr 172.21.15.29:0/2540342990 (peer_addr_for_me v2:172.21.15.29:0/0)
2024-04-25T21:12:23.367 INFO:teuthology.orchestra.run.smithi029.stdout:/usr/bin/ceph: stderr
2024-04-25T21:12:22.491+0000 7fb6ceffd700 1 -- 172.21.15.29:0/2540342990 --> [v2:172.21.15.29:3300/0,v1:172.21.15.29:6789/0] -- mon_subscribe({config=0+,monmap=0+}) -- 0x7fb6d010b7d0 con 0x7fb6d0108ea0
2024-04-25T21:12:23.368 INFO:teuthology.orchestra.run.smithi029.stdout:/usr/bin/ceph: stderr
2024-04-25T21:12:22.491+0000 7fb6ceffd700 1 --2- 172.21.15.29:0/2540342990 >> [v2:172.21.15.29:3300/0,v1:172.21.15.29:6789/0] conn(0x7fb6d0108ea0 0x7fb6d010b290 secure :-1 s=READY pgs=76 cs=0 l=1 rev1=1 crypto rx=0x7fb6c8009e80 tx=0x7fb6c800b330 comp rx=0 tx=0).ready entity=mon.0 client_cookie=8f2e79c72bc266ef server_cookie=0 in_seq=0 out_seq=0
2024-04-25T21:12:23.368 INFO:teuthology.orchestra.run.smithi029.stdout:/usr/bin/ceph: stderr
2024-04-25T21:12:22.491+0000 7fb6cdffb700 1 -- 172.21.15.29:0/2540342990 <== mon.0 v2:172.21.15.29:3300/0 1 ==== mon_map magic: 0 ==== 205+0+0 (secure 0 0 0) 0x7fb6c8017070 con 0x7fb6d0108ea0
2024-04-25T21:12:23.368 INFO:teuthology.orchestra.run.smithi029.stdout:/usr/bin/ceph: stderr
2024-04-25T21:12:22.491+0000 7fb6cdffb700 1 -- 172.21.15.29:0/2540342990 <== mon.0 v2:172.21.15.29:3300/0 2 ==== config(26 keys) ==== 1101+0+0 (secure 0 0 0) 0x7fb6c800b8c0 con 0x7fb6d0108ea0
2024-04-25T21:12:23.368 INFO:teuthology.orchestra.run.smithi029.stdout:/usr/bin/ceph: stderr
2024-04-25T21:12:22.491+0000 7fb6cdffb700 1 -- 172.21.15.29:0/2540342990 <== mon.0 v2:172.21.15.29:3300/0 3 ==== mon_map magic: 0 ==== 205+0+0 (secure 0 0 0) 0x7fb6c8004490 con 0x7fb6d0108ea0
2024-04-25T21:12:23.368 INFO:teuthology.orchestra.run.smithi029.stdout:/usr/bin/ceph: stderr
2024-04-25T21:12:22.492+0000 7fb6d53aa700 1 -- 172.21.15.29:0/2540342990 >> [v2:172.21.15.29:3300/0,v1:172.21.15.29:6789/0] conn(0x7fb6d0108ea0 msgr2=0x7fb6d010b290 secure :-1 s=STATE_CONNECTION_ESTABLISHED l=1).mark_down
2024-04-25T21:12:23.368 INFO:teuthology.orchestra.run.smithi029.stdout:/usr/bin/ceph: stderr
2024-04-25T21:12:22.492+0000 7fb6d53aa700 1 --2- 172.21.15.29:0/2540342990 >> [v2:172.21.15.29:3300/0,v1:172.21.15.29:6789/0] conn(0x7fb6d0108ea0 0x7fb6d010b290 secure :-1 s=READY pgs=76 cs=0 l=1 rev1=1 crypto rx=0x7fb6c8009e80 tx=0x7fb6c800b330 comp rx=0 tx=0).stop
2024-04-25T21:12:23.368 INFO:teuthology.orchestra.run.smithi029.stdout:/usr/bin/ceph: stderr
2024-04-25T21:12:22.492+0000 7fb6d53aa700 1 -- 172.21.15.29:0/2540342990 shutdown_connections
2024-04-25T21:12:23.368 INFO:teuthology.orchestra.run.smithi029.stdout:/usr/bin/ceph: stderr
2024-04-25T21:12:22.492+0000 7fb6d53aa700 1 --2- 172.21.15.29:0/2540342990 >> [v2:172.21.15.29:3300/0,v1:172.21.15.29:6789/0] conn(0x7fb6d0108ea0 0x7fb6d010b290 unknown :-1 s=CLOSED pgs=76 cs=0 l=1 rev1=1 crypto rx=0 tx=0 comp rx=0 tx=0).stop
2024-04-25T21:12:23.368 INFO:teuthology.orchestra.run.smithi029.stdout:/usr/bin/ceph: stderr
2024-04-25T21:12:22.492+0000 7fb6d53aa700 1 -- 172.21.15.29:0/2540342990 >> 172.21.15.29:0/2540342990 conn(0x7fb6d0102910 msgr2=0x7fb6d0104d30 unknown :-1 s=STATE_NONE l=0).mark_down
2024-04-25T21:12:23.368 INFO:teuthology.orchestra.run.smithi029.stdout:/usr/bin/ceph: stderr
2024-04-25T21:12:22.492+0000 7fb6d53aa700 1 -- 172.21.15.29:0/2540342990 shutdown_connections
2024-04-25T21:12:23.368 INFO:teuthology.orchestra.run.smithi029.stdout:/usr/bin/ceph: stderr
2024-04-25T21:12:22.492+0000 7fb6d53aa700 1 -- 172.21.15.29:0/2540342990 wait complete.
2024-04-25T21:12:23.368 INFO:teuthology.orchestra.run.smithi029.stdout:/usr/bin/ceph: stderr
2024-04-25T21:12:22.493+0000 7fb6d53aa700 1 Processor -- start
2024-04-25T21:12:23.368 INFO:teuthology.orchestra.run.smithi029.stdout:/usr/bin/ceph: stderr
2024-04-25T21:12:22.493+0000 7fb6d53aa700 1 -- start start
2024-04-25T21:12:23.369 INFO:teuthology.orchestra.run.smithi029.stdout:/usr/bin/ceph: stderr
2024-04-25T21:12:22.493+0000 7fb6d53aa700 1 --2- >> [v2:172.21.15.29:3300/0,v1:172.21.15.29:6789/0] conn(0x7fb6d0108ea0 0x7fb6d0108720 unknown :-1 s=NONE pgs=0 cs=0 l=1 rev1=0 crypto rx=0 tx=0 comp rx=0 tx=0).connect
2024-04-25T21:12:23.369 INFO:teuthology.orchestra.run.smithi029.stdout:/usr/bin/ceph: stderr
2024-04-25T21:12:22.493+0000 7fb6d53aa700 1 -- --> [v2:172.21.15.29:3300/0,v1:172.21.15.29:6789/0] -- mon_getmap magic: 0 -- 0x7fb6d010c7d0 con 0x7fb6d0108ea0
2024-04-25T21:12:23.369 INFO:teuthology.orchestra.run.smithi029.stdout:/usr/bin/ceph: stderr
2024-04-25T21:12:22.493+0000 7fb6ceffd700 1 --2- >> [v2:172.21.15.29:3300/0,v1:172.21.15.29:6789/0] conn(0x7fb6d0108ea0 0x7fb6d0108720 unknown :-1 s=BANNER_CONNECTING pgs=0 cs=0 l=1 rev1=0 crypto rx=0 tx=0 comp rx=0 tx=0)._handle_peer_banner_payload supported=3 required=0
2024-04-25T21:12:23.369 INFO:teuthology.orchestra.run.smithi029.stdout:/usr/bin/ceph: stderr
2024-04-25T21:12:22.493+0000 7fb6ceffd700 1 --2- >> [v2:172.21.15.29:3300/0,v1:172.21.15.29:6789/0] conn(0x7fb6d0108ea0 0x7fb6d0108720 unknown :-1 s=HELLO_CONNECTING pgs=0 cs=0 l=1 rev1=1 crypto rx=0 tx=0 comp rx=0 tx=0).handle_hello peer v2:172.21.15.29:3300/0 says I am v2:172.21.15.29:38696/0 (socket says 172.21.15.29:38696)
2024-04-25T21:12:23.369 INFO:teuthology.orchestra.run.smithi029.stdout:/usr/bin/ceph: stderr
2024-04-25T21:12:22.493+0000 7fb6ceffd700 1 -- 172.21.15.29:0/237864402 learned_addr learned my addr 172.21.15.29:0/237864402 (peer_addr_for_me v2:172.21.15.29:0/0)
2024-04-25T21:12:23.369 INFO:teuthology.orchestra.run.smithi029.stdout:/usr/bin/ceph: stderr
2024-04-25T21:12:22.493+0000 7fb6ceffd700 1 -- 172.21.15.29:0/237864402 --> [v2:172.21.15.29:3300/0,v1:172.21.15.29:6789/0] -- mon_subscribe({config=0+,monmap=0+}) -- 0x7fb6d0108c60 con 0x7fb6d0108ea0
2024-04-25T21:12:23.369 INFO:teuthology.orchestra.run.smithi029.stdout:/usr/bin/ceph: stderr
2024-04-25T21:12:22.494+0000 7fb6ceffd700 1 --2- 172.21.15.29:0/237864402 >> [v2:172.21.15.29:3300/0,v1:172.21.15.29:6789/0] conn(0x7fb6d0108ea0 0x7fb6d0108720 secure :-1 s=READY pgs=77 cs=0 l=1 rev1=1 crypto rx=0x7fb6c8009e50 tx=0x7fb6c800bd50 comp rx=0 tx=0).ready entity=mon.0 client_cookie=0 server_cookie=0 in_seq=0 out_seq=0
2024-04-25T21:12:23.369 INFO:teuthology.orchestra.run.smithi029.stdout:/usr/bin/ceph: stderr
2024-04-25T21:12:22.494+0000 7fb6c7fff700 1 -- 172.21.15.29:0/237864402 <== mon.0 v2:172.21.15.29:3300/0 1 ==== mon_map magic: 0 ==== 205+0+0 (secure 0 0 0) 0x7fb6c8020020 con 0x7fb6d0108ea0
2024-04-25T21:12:23.369 INFO:teuthology.orchestra.run.smithi029.stdout:/usr/bin/ceph: stderr
2024-04-25T21:12:22.494+0000 7fb6c7fff700 1 -- 172.21.15.29:0/237864402 <== mon.0 v2:172.21.15.29:3300/0 2 ==== config(26 keys) ==== 1101+0+0 (secure 0 0 0) 0x7fb6c8003b50 con 0x7fb6d0108ea0
2024-04-25T21:12:23.369 INFO:teuthology.orchestra.run.smithi029.stdout:/usr/bin/ceph: stderr
2024-04-25T21:12:22.494+0000 7fb6d53aa700 1 -- 172.21.15.29:0/237864402 --> [v2:172.21.15.29:3300/0,v1:172.21.15.29:6789/0] -- mon_subscribe({mgrmap=0+}) -- 0x7fb6d0106e50 con 0x7fb6d0108ea0
2024-04-25T21:12:23.369 INFO:teuthology.orchestra.run.smithi029.stdout:/usr/bin/ceph: stderr
2024-04-25T21:12:22.494+0000 7fb6c7fff700 1 -- 172.21.15.29:0/237864402 <== mon.0 v2:172.21.15.29:3300/0 3 ==== mon_map magic: 0 ==== 205+0+0 (secure 0 0 0) 0x7fb6c8017040 con 0x7fb6d0108ea0
2024-04-25T21:12:23.369 INFO:teuthology.orchestra.run.smithi029.stdout:/usr/bin/ceph: stderr
2024-04-25T21:12:22.494+0000 7fb6d53aa700 1 -- 172.21.15.29:0/237864402 --> [v2:172.21.15.29:3300/0,v1:172.21.15.29:6789/0] -- mon_subscribe({osdmap=0}) -- 0x7fb6d0107390 con 0x7fb6d0108ea0
2024-04-25T21:12:23.369 INFO:teuthology.orchestra.run.smithi029.stdout:/usr/bin/ceph: stderr
2024-04-25T21:12:22.495+0000 7fb6c7fff700 1 -- 172.21.15.29:0/237864402 <== mon.0 v2:172.21.15.29:3300/0 4 ==== mgrmap(e 13) ==== 46614+0+0 (secure 0 0 0) 0x7fb6c8023020 con 0x7fb6d0108ea0
2024-04-25T21:12:23.369 INFO:teuthology.orchestra.run.smithi029.stdout:/usr/bin/ceph: stderr
2024-04-25T21:12:22.495+0000 7fb6d53aa700 1 -- 172.21.15.29:0/237864402 --> [v2:172.21.15.29:3300/0,v1:172.21.15.29:6789/0] -- mon_command({"prefix": "get_command_descriptions"} v 0) -- 0x7fb6d00640a0 con 0x7fb6d0108ea0
2024-04-25T21:12:23.370 INFO:teuthology.orchestra.run.smithi029.stdout:/usr/bin/ceph: stderr
2024-04-25T21:12:22.495+0000 7fb6c7fff700 1 --2- 172.21.15.29:0/237864402 >> [v2:172.21.15.29:6800/111363390,v1:172.21.15.29:6801/111363390] conn(0x7fb6bc039650 0x7fb6bc03bb10 unknown :-1 s=NONE pgs=0 cs=0 l=1 rev1=0 crypto rx=0 tx=0 comp rx=0 tx=0).connect
2024-04-25T21:12:23.370 INFO:teuthology.orchestra.run.smithi029.stdout:/usr/bin/ceph: stderr
2024-04-25T21:12:22.495+0000 7fb6c7fff700 1 -- 172.21.15.29:0/237864402 <== mon.0 v2:172.21.15.29:3300/0 5 ==== osd_map(3..3 src has 1..3) ==== 1155+0+0 (secure 0 0 0) 0x7fb6c800f050 con 0x7fb6d0108ea0
2024-04-25T21:12:23.370 INFO:teuthology.orchestra.run.smithi029.stdout:/usr/bin/ceph: stderr
2024-04-25T21:12:22.495+0000 7fb6ce7fc700 1 --2- 172.21.15.29:0/237864402 >> [v2:172.21.15.29:6800/111363390,v1:172.21.15.29:6801/111363390] conn(0x7fb6bc039650 0x7fb6bc03bb10 unknown :-1 s=BANNER_CONNECTING pgs=0 cs=0 l=1 rev1=0 crypto rx=0 tx=0 comp rx=0 tx=0)._handle_peer_banner_payload supported=3 required=0
2024-04-25T21:12:23.370 INFO:teuthology.orchestra.run.smithi029.stdout:/usr/bin/ceph: stderr
2024-04-25T21:12:22.496+0000 7fb6ce7fc700 1 --2- 172.21.15.29:0/237864402 >> [v2:172.21.15.29:6800/111363390,v1:172.21.15.29:6801/111363390] conn(0x7fb6bc039650 0x7fb6bc03bb10 secure :-1 s=READY pgs=10 cs=0 l=1 rev1=1 crypto rx=0x7fb6b8006fd0 tx=0x7fb6b8006e40 comp rx=0 tx=0).ready entity=mgr.14152 client_cookie=0 server_cookie=0 in_seq=0 out_seq=0
2024-04-25T21:12:23.370 INFO:teuthology.orchestra.run.smithi029.stdout:/usr/bin/ceph: stderr
2024-04-25T21:12:22.500+0000 7fb6c7fff700 1 -- 172.21.15.29:0/237864402 <== mon.0 v2:172.21.15.29:3300/0 6 ==== mon_command_ack([{"prefix": "get_command_descriptions"}]=0 v0) ==== 72+0+188370 (secure 0 0 0) 0x7fb6c802a020 con 0x7fb6d0108ea0
2024-04-25T21:12:23.370 INFO:teuthology.orchestra.run.smithi029.stdout:/usr/bin/ceph: stderr
2024-04-25T21:12:22.712+0000 7fb6d53aa700 1 -- 172.21.15.29:0/237864402 --> [v2:172.21.15.29:3300/0,v1:172.21.15.29:6789/0] -- mon_command([{prefix=config set, name=osd_memory_target_autotune}] v 0) -- 0x7fb6d0107b00 con 0x7fb6d0108ea0
2024-04-25T21:12:23.370 INFO:teuthology.orchestra.run.smithi029.stdout:/usr/bin/ceph: stderr
2024-04-25T21:12:22.713+0000 7fb6c7fff700 1 -- 172.21.15.29:0/237864402 <== mon.0 v2:172.21.15.29:3300/0 7 ==== mon_command_ack([{prefix=config set, name=osd_memory_target_autotune}]=0 v8)=0 v8) ==== 127+0+0 (secure 0 0 0) 0x7fb6c8003d70 con 0x7fb6d0108ea0
2024-04-25T21:12:23.370 INFO:teuthology.orchestra.run.smithi029.stdout:/usr/bin/ceph: stderr
2024-04-25T21:12:22.714+0000 7fb6d53aa700 1 -- 172.21.15.29:0/237864402 >> [v2:172.21.15.29:6800/111363390,v1:172.21.15.29:6801/111363390] conn(0x7fb6bc039650 msgr2=0x7fb6bc03bb10 secure :-1 s=STATE_CONNECTION_ESTABLISHED l=1).mark_down
2024-04-25T21:12:23.370 INFO:teuthology.orchestra.run.smithi029.stdout:/usr/bin/ceph: stderr
2024-04-25T21:12:22.714+0000 7fb6d53aa700 1 --2- 172.21.15.29:0/237864402 >> [v2:172.21.15.29:6800/111363390,v1:172.21.15.29:6801/111363390] conn(0x7fb6bc039650 0x7fb6bc03bb10 secure :-1 s=READY pgs=10 cs=0 l=1 rev1=1 crypto rx=0x7fb6b8006fd0 tx=0x7fb6b8006e40 comp rx=0 tx=0).stop
2024-04-25T21:12:23.370 INFO:teuthology.orchestra.run.smithi029.stdout:/usr/bin/ceph: stderr
2024-04-25T21:12:22.715+0000 7fb6d53aa700 1 -- 172.21.15.29:0/237864402 >> [v2:172.21.15.29:3300/0,v1:172.21.15.29:6789/0] conn(0x7fb6d0108ea0 msgr2=0x7fb6d0108720 secure :-1 s=STATE_CONNECTION_ESTABLISHED l=1).mark_down
2024-04-25T21:12:23.370 INFO:teuthology.orchestra.run.smithi029.stdout:/usr/bin/ceph: stderr
2024-04-25T21:12:22.715+0000 7fb6d53aa700 1 --2- 172.21.15.29:0/237864402 >> [v2:172.21.15.29:3300/0,v1:172.21.15.29:6789/0] conn(0x7fb6d0108ea0 0x7fb6d0108720 secure :-1 s=READY pgs=77 cs=0 l=1 rev1=1 crypto rx=0x7fb6c8009e50 tx=0x7fb6c800bd50 comp rx=0 tx=0).stop
2024-04-25T21:12:23.370 INFO:teuthology.orchestra.run.smithi029.stdout:/usr/bin/ceph: stderr
2024-04-25T21:12:22.715+0000 7fb6d53aa700 1 -- 172.21.15.29:0/237864402 shutdown_connections
2024-04-25T21:12:23.370 INFO:teuthology.orchestra.run.smithi029.stdout:/usr/bin/ceph: stderr
2024-04-25T21:12:22.715+0000 7fb6d53aa700 1 --2- 172.21.15.29:0/237864402 >> [v2:172.21.15.29:6800/111363390,v1:172.21.15.29:6801/111363390] conn(0x7fb6bc039650 0x7fb6bc03bb10 unknown :-1 s=CLOSED pgs=10 cs=0 l=1 rev1=1 crypto rx=0 tx=0 comp rx=0 tx=0).stop
2024-04-25T21:12:23.371 INFO:teuthology.orchestra.run.smithi029.stdout:/usr/bin/ceph: stderr
2024-04-25T21:12:22.715+0000 7fb6d53aa700 1 --2- 172.21.15.29:0/237864402 >> [v2:172.21.15.29:3300/0,v1:172.21.15.29:6789/0] conn(0x7fb6d0108ea0 0x7fb6d0108720 unknown :-1 s=CLOSED pgs=77 cs=0 l=1 rev1=1 crypto rx=0 tx=0 comp rx=0 tx=0).stop
2024-04-25T21:12:23.371 INFO:teuthology.orchestra.run.smithi029.stdout:/usr/bin/ceph: stderr
2024-04-25T21:12:22.715+0000 7fb6d53aa700 1 -- 172.21.15.29:0/237864402 >> 172.21.15.29:0/237864402 conn(0x7fb6d0102910 msgr2=0x7fb6d0103440 unknown :-1 s=STATE_NONE l=0).mark_down
2024-04-25T21:12:23.371 INFO:teuthology.orchestra.run.smithi029.stdout:/usr/bin/ceph: stderr
2024-04-25T21:12:22.715+0000 7fb6d53aa700 1 -- 172.21.15.29:0/237864402 shutdown_connections
2024-04-25T21:12:23.371 INFO:teuthology.orchestra.run.smithi029.stdout:/usr/bin/ceph: stderr
2024-04-25T21:12:22.715+0000 7fb6d53aa700 1 -- 172.21.15.29:0/237864402 wait complete.
2024-04-25T21:12:24.796 INFO:teuthology.orchestra.run.smithi029.stdout:/usr/bin/ceph: stderr
2024-04-25T21:12:23.819+0000 7fcc9c1b1700 1 Processor -- start
2024-04-25T21:12:24.797 INFO:teuthology.orchestra.run.smithi029.stdout:/usr/bin/ceph: stderr
2024-04-25T21:12:23.819+0000 7fcc9c1b1700 1 -- start start
2024-04-25T21:12:24.797 INFO:teuthology.orchestra.run.smithi029.stdout:/usr/bin/ceph: stderr
2024-04-25T21:12:23.819+0000 7fcc9c1b1700 1 --2- >> [v2:172.21.15.29:3300/0,v1:172.21.15.29:6789/0] conn(0x7fcc9407de40 0x7fcc9407c2f0 unknown :-1 s=NONE pgs=0 cs=0 l=0 rev1=0 crypto rx=0 tx=0 comp rx=0 tx=0).connect
2024-04-25T21:12:24.797 INFO:teuthology.orchestra.run.smithi029.stdout:/usr/bin/ceph: stderr
2024-04-25T21:12:23.819+0000 7fcc9c1b1700 1 -- --> [v2:172.21.15.29:3300/0,v1:172.21.15.29:6789/0] -- mon_getmap magic: 0 -- 0x7fcc9407c830 con 0x7fcc9407de40
2024-04-25T21:12:24.797 INFO:teuthology.orchestra.run.smithi029.stdout:/usr/bin/ceph: stderr
2024-04-25T21:12:23.819+0000 7fcc99f4d700 1 --2- >> [v2:172.21.15.29:3300/0,v1:172.21.15.29:6789/0] conn(0x7fcc9407de40 0x7fcc9407c2f0 unknown :-1 s=BANNER_CONNECTING pgs=0 cs=0 l=0 rev1=0 crypto rx=0 tx=0 comp rx=0 tx=0)._handle_peer_banner_payload supported=3 required=0
2024-04-25T21:12:24.797 INFO:teuthology.orchestra.run.smithi029.stdout:/usr/bin/ceph: stderr
2024-04-25T21:12:23.819+0000 7fcc99f4d700 1 --2- >> [v2:172.21.15.29:3300/0,v1:172.21.15.29:6789/0] conn(0x7fcc9407de40 0x7fcc9407c2f0 unknown :-1 s=HELLO_CONNECTING pgs=0 cs=0 l=0 rev1=1 crypto rx=0 tx=0 comp rx=0 tx=0).handle_hello peer v2:172.21.15.29:3300/0 says I am v2:172.21.15.29:38700/0 (socket says 172.21.15.29:38700)
2024-04-25T21:12:24.797 INFO:teuthology.orchestra.run.smithi029.stdout:/usr/bin/ceph: stderr
2024-04-25T21:12:23.819+0000 7fcc99f4d700 1 -- 172.21.15.29:0/1243294724 learned_addr learned my addr 172.21.15.29:0/1243294724 (peer_addr_for_me v2:172.21.15.29:0/0)
2024-04-25T21:12:24.797 INFO:teuthology.orchestra.run.smithi029.stdout:/usr/bin/ceph: stderr
2024-04-25T21:12:23.820+0000 7fcc99f4d700 1 -- 172.21.15.29:0/1243294724 --> [v2:172.21.15.29:3300/0,v1:172.21.15.29:6789/0] -- mon_subscribe({config=0+,monmap=0+}) -- 0x7fcc9407c9b0 con 0x7fcc9407de40
2024-04-25T21:12:24.797 INFO:teuthology.orchestra.run.smithi029.stdout:/usr/bin/ceph: stderr
2024-04-25T21:12:23.820+0000 7fcc99f4d700 1 --2- 172.21.15.29:0/1243294724 >> [v2:172.21.15.29:3300/0,v1:172.21.15.29:6789/0] conn(0x7fcc9407de40 0x7fcc9407c2f0 secure :-1 s=READY pgs=78 cs=0 l=1 rev1=1 crypto rx=0x7fcc900098a0 tx=0x7fcc90009bb0 comp rx=0 tx=0).ready entity=mon.0 client_cookie=d2216767d5958418 server_cookie=0 in_seq=0 out_seq=0
2024-04-25T21:12:24.797 INFO:teuthology.orchestra.run.smithi029.stdout:/usr/bin/ceph: stderr
2024-04-25T21:12:23.820+0000 7fcc98f4b700 1 -- 172.21.15.29:0/1243294724 <== mon.0 v2:172.21.15.29:3300/0 1 ==== mon_map magic: 0 ==== 205+0+0 (secure 0 0 0) 0x7fcc90004160 con 0x7fcc9407de40
2024-04-25T21:12:24.797 INFO:teuthology.orchestra.run.smithi029.stdout:/usr/bin/ceph: stderr
2024-04-25T21:12:23.820+0000 7fcc98f4b700 1 -- 172.21.15.29:0/1243294724 <== mon.0 v2:172.21.15.29:3300/0 2 ==== config(26 keys) ==== 1101+0+0 (secure 0 0 0) 0x7fcc90004300 con 0x7fcc9407de40
2024-04-25T21:12:24.797 INFO:teuthology.orchestra.run.smithi029.stdout:/usr/bin/ceph: stderr
2024-04-25T21:12:23.820+0000 7fcc98f4b700 1 -- 172.21.15.29:0/1243294724 <== mon.0 v2:172.21.15.29:3300/0 3 ==== mon_map magic: 0 ==== 205+0+0 (secure 0 0 0) 0x7fcc90011a20 con 0x7fcc9407de40
2024-04-25T21:12:24.797 INFO:teuthology.orchestra.run.smithi029.stdout:/usr/bin/ceph: stderr
2024-04-25T21:12:23.821+0000 7fcc9c1b1700 1 -- 172.21.15.29:0/1243294724 >> [v2:172.21.15.29:3300/0,v1:172.21.15.29:6789/0] conn(0x7fcc9407de40 msgr2=0x7fcc9407c2f0 secure :-1 s=STATE_CONNECTION_ESTABLISHED l=1).mark_down
2024-04-25T21:12:24.797 INFO:teuthology.orchestra.run.smithi029.stdout:/usr/bin/ceph: stderr
2024-04-25T21:12:23.821+0000 7fcc9c1b1700 1 --2- 172.21.15.29:0/1243294724 >> [v2:172.21.15.29:3300/0,v1:172.21.15.29:6789/0] conn(0x7fcc9407de40 0x7fcc9407c2f0 secure :-1 s=READY pgs=78 cs=0 l=1 rev1=1 crypto rx=0x7fcc900098a0 tx=0x7fcc90009bb0 comp rx=0 tx=0).stop
2024-04-25T21:12:24.797 INFO:teuthology.orchestra.run.smithi029.stdout:/usr/bin/ceph: stderr
2024-04-25T21:12:23.821+0000 7fcc9c1b1700 1 -- 172.21.15.29:0/1243294724 shutdown_connections
2024-04-25T21:12:24.797 INFO:teuthology.orchestra.run.smithi029.stdout:/usr/bin/ceph: stderr
2024-04-25T21:12:23.821+0000 7fcc9c1b1700 1 --2- 172.21.15.29:0/1243294724 >> [v2:172.21.15.29:3300/0,v1:172.21.15.29:6789/0] conn(0x7fcc9407de40 0x7fcc9407c2f0 unknown :-1 s=CLOSED pgs=78 cs=0 l=1 rev1=1 crypto rx=0 tx=0 comp rx=0 tx=0).stop
2024-04-25T21:12:24.798 INFO:teuthology.orchestra.run.smithi029.stdout:/usr/bin/ceph: stderr
2024-04-25T21:12:23.821+0000 7fcc9c1b1700 1 -- 172.21.15.29:0/1243294724 >> 172.21.15.29:0/1243294724 conn(0x7fcc94103ae0 msgr2=0x7fcc94105f00 unknown :-1 s=STATE_NONE l=0).mark_down
2024-04-25T21:12:24.798 INFO:teuthology.orchestra.run.smithi029.stdout:/usr/bin/ceph: stderr
2024-04-25T21:12:23.821+0000 7fcc9c1b1700 1 -- 172.21.15.29:0/1243294724 shutdown_connections
2024-04-25T21:12:24.798 INFO:teuthology.orchestra.run.smithi029.stdout:/usr/bin/ceph: stderr
2024-04-25T21:12:23.821+0000 7fcc9c1b1700 1 -- 172.21.15.29:0/1243294724 wait complete.
2024-04-25T21:12:24.798 INFO:teuthology.orchestra.run.smithi029.stdout:/usr/bin/ceph: stderr
2024-04-25T21:12:23.821+0000 7fcc9c1b1700 1 Processor -- start
2024-04-25T21:12:24.798 INFO:teuthology.orchestra.run.smithi029.stdout:/usr/bin/ceph: stderr
2024-04-25T21:12:23.822+0000 7fcc9c1b1700 1 -- start start
2024-04-25T21:12:24.798 INFO:teuthology.orchestra.run.smithi029.stdout:/usr/bin/ceph: stderr
2024-04-25T21:12:23.822+0000 7fcc9c1b1700 1 --2- >> [v2:172.21.15.29:3300/0,v1:172.21.15.29:6789/0] conn(0x7fcc9407de40 0x7fcc9419e4f0 unknown :-1 s=NONE pgs=0 cs=0 l=1 rev1=0 crypto rx=0 tx=0 comp rx=0 tx=0).connect
2024-04-25T21:12:24.798 INFO:teuthology.orchestra.run.smithi029.stdout:/usr/bin/ceph: stderr
2024-04-25T21:12:23.822+0000 7fcc9c1b1700 1 -- --> [v2:172.21.15.29:3300/0,v1:172.21.15.29:6789/0] -- mon_getmap magic: 0 -- 0x7fcc9410e9a0 con 0x7fcc9407de40
2024-04-25T21:12:24.798 INFO:teuthology.orchestra.run.smithi029.stdout:/usr/bin/ceph: stderr
2024-04-25T21:12:23.822+0000 7fcc99f4d700 1 --2- >> [v2:172.21.15.29:3300/0,v1:172.21.15.29:6789/0] conn(0x7fcc9407de40 0x7fcc9419e4f0 unknown :-1 s=BANNER_CONNECTING pgs=0 cs=0 l=1 rev1=0 crypto rx=0 tx=0 comp rx=0 tx=0)._handle_peer_banner_payload supported=3 required=0
2024-04-25T21:12:24.798 INFO:teuthology.orchestra.run.smithi029.stdout:/usr/bin/ceph: stderr
2024-04-25T21:12:23.822+0000 7fcc99f4d700 1 --2- >> [v2:172.21.15.29:3300/0,v1:172.21.15.29:6789/0] conn(0x7fcc9407de40 0x7fcc9419e4f0 unknown :-1 s=HELLO_CONNECTING pgs=0 cs=0 l=1 rev1=1 crypto rx=0 tx=0 comp rx=0 tx=0).handle_hello peer v2:172.21.15.29:3300/0 says I am v2:172.21.15.29:38708/0 (socket says 172.21.15.29:38708)
2024-04-25T21:12:24.798 INFO:teuthology.orchestra.run.smithi029.stdout:/usr/bin/ceph: stderr
2024-04-25T21:12:23.822+0000 7fcc99f4d700 1 -- 172.21.15.29:0/2576435708 learned_addr learned my addr 172.21.15.29:0/2576435708 (peer_addr_for_me v2:172.21.15.29:0/0)
2024-04-25T21:12:24.798 INFO:teuthology.orchestra.run.smithi029.stdout:/usr/bin/ceph: stderr
2024-04-25T21:12:23.822+0000 7fcc99f4d700 1 -- 172.21.15.29:0/2576435708 --> [v2:172.21.15.29:3300/0,v1:172.21.15.29:6789/0] -- mon_subscribe({config=0+,monmap=0+}) -- 0x7fcc9419ea30 con 0x7fcc9407de40
2024-04-25T21:12:24.798 INFO:teuthology.orchestra.run.smithi029.stdout:/usr/bin/ceph: stderr
2024-04-25T21:12:23.822+0000 7fcc99f4d700 1 --2- 172.21.15.29:0/2576435708 >> [v2:172.21.15.29:3300/0,v1:172.21.15.29:6789/0] conn(0x7fcc9407de40 0x7fcc9419e4f0 secure :-1 s=READY pgs=79 cs=0 l=1 rev1=1 crypto rx=0x7fcc900116e0 tx=0x7fcc90011aa0 comp rx=0 tx=0).ready entity=mon.0 client_cookie=0 server_cookie=0 in_seq=0 out_seq=0
2024-04-25T21:12:24.798 INFO:teuthology.orchestra.run.smithi029.stdout:/usr/bin/ceph: stderr
2024-04-25T21:12:23.822+0000 7fcc8affd700 1 -- 172.21.15.29:0/2576435708 <== mon.0 v2:172.21.15.29:3300/0 1 ==== mon_map magic: 0 ==== 205+0+0 (secure 0 0 0) 0x7fcc90003a60 con 0x7fcc9407de40
2024-04-25T21:12:24.798 INFO:teuthology.orchestra.run.smithi029.stdout:/usr/bin/ceph: stderr
2024-04-25T21:12:23.822+0000 7fcc8affd700 1 -- 172.21.15.29:0/2576435708 <== mon.0 v2:172.21.15.29:3300/0 2 ==== config(26 keys) ==== 1101+0+0 (secure 0 0 0) 0x7fcc9001b8f0 con 0x7fcc9407de40
2024-04-25T21:12:24.799 INFO:teuthology.orchestra.run.smithi029.stdout:/usr/bin/ceph: stderr
2024-04-25T21:12:23.823+0000 7fcc9c1b1700 1 -- 172.21.15.29:0/2576435708 --> [v2:172.21.15.29:3300/0,v1:172.21.15.29:6789/0] -- mon_subscribe({mgrmap=0+}) -- 0x7fcc9419ecc0 con 0x7fcc9407de40
2024-04-25T21:12:24.799 INFO:teuthology.orchestra.run.smithi029.stdout:/usr/bin/ceph: stderr
2024-04-25T21:12:23.823+0000 7fcc8affd700 1 -- 172.21.15.29:0/2576435708 <== mon.0 v2:172.21.15.29:3300/0 3 ==== mon_map magic: 0 ==== 205+0+0 (secure 0 0 0) 0x7fcc90019860 con 0x7fcc9407de40
2024-04-25T21:12:24.799 INFO:teuthology.orchestra.run.smithi029.stdout:/usr/bin/ceph: stderr
2024-04-25T21:12:23.823+0000 7fcc9c1b1700 1 -- 172.21.15.29:0/2576435708 --> [v2:172.21.15.29:3300/0,v1:172.21.15.29:6789/0] -- mon_subscribe({osdmap=0}) -- 0x7fcc941a19b0 con 0x7fcc9407de40
2024-04-25T21:12:24.799 INFO:teuthology.orchestra.run.smithi029.stdout:/usr/bin/ceph: stderr
2024-04-25T21:12:23.823+0000 7fcc8affd700 1 -- 172.21.15.29:0/2576435708 <== mon.0 v2:172.21.15.29:3300/0 4 ==== mgrmap(e 13) ==== 46614+0+0 (secure 0 0 0) 0x7fcc9001b440 con 0x7fcc9407de40
2024-04-25T21:12:24.799 INFO:teuthology.orchestra.run.smithi029.stdout:/usr/bin/ceph: stderr
2024-04-25T21:12:23.823+0000 7fcc9c1b1700 1 -- 172.21.15.29:0/2576435708 --> [v2:172.21.15.29:3300/0,v1:172.21.15.29:6789/0] -- mon_command({"prefix": "get_command_descriptions"} v 0) -- 0x7fcc940640a0 con 0x7fcc9407de40
2024-04-25T21:12:24.799 INFO:teuthology.orchestra.run.smithi029.stdout:/usr/bin/ceph: stderr
2024-04-25T21:12:23.824+0000 7fcc8affd700 1 --2- 172.21.15.29:0/2576435708 >> [v2:172.21.15.29:6800/111363390,v1:172.21.15.29:6801/111363390] conn(0x7fcc800396b0 0x7fcc8003bb70 unknown :-1 s=NONE pgs=0 cs=0 l=1 rev1=0 crypto rx=0 tx=0 comp rx=0 tx=0).connect
2024-04-25T21:12:24.799 INFO:teuthology.orchestra.run.smithi029.stdout:/usr/bin/ceph: stderr
2024-04-25T21:12:23.824+0000 7fcc8affd700 1 -- 172.21.15.29:0/2576435708 <== mon.0 v2:172.21.15.29:3300/0 5 ==== osd_map(3..3 src has 1..3) ==== 1155+0+0 (secure 0 0 0) 0x7fcc9004de70 con 0x7fcc9407de40
2024-04-25T21:12:24.799 INFO:teuthology.orchestra.run.smithi029.stdout:/usr/bin/ceph: stderr
