2024-04-25T21:12:16.266 INFO:journalctl@ceph.mon.a.smithi029.stdout:Apr 25 21:12:16 smithi029 ceph-mon[29343]: [25/Apr/2024:21:12:15] ENGINE Bus STARTED
2024-04-25T21:12:16.266 INFO:journalctl@ceph.mon.a.smithi029.stdout:Apr 25 21:12:16 smithi029 ceph-mon[29343]: mgrmap e11: x(active, since 1.00655s)
2024-04-25T21:12:17.102 INFO:teuthology.orchestra.run.smithi029.stdout:/usr/bin/ceph: stdout {
2024-04-25T21:12:17.102 INFO:teuthology.orchestra.run.smithi029.stdout:/usr/bin/ceph: stdout "mgrmap_epoch": 11,
2024-04-25T21:12:17.102 INFO:teuthology.orchestra.run.smithi029.stdout:/usr/bin/ceph: stdout "initialized": true
2024-04-25T21:12:17.102 INFO:teuthology.orchestra.run.smithi029.stdout:/usr/bin/ceph: stdout }
2024-04-25T21:12:17.102 INFO:teuthology.orchestra.run.smithi029.stdout:/usr/bin/ceph: stderr
2024-04-25T21:12:10.314+0000 7f2e47c54700 1 Processor -- start
2024-04-25T21:12:17.102 INFO:teuthology.orchestra.run.smithi029.stdout:/usr/bin/ceph: stderr
2024-04-25T21:12:10.314+0000 7f2e47c54700 1 -- start start
2024-04-25T21:12:17.102 INFO:teuthology.orchestra.run.smithi029.stdout:/usr/bin/ceph: stderr
2024-04-25T21:12:10.314+0000 7f2e47c54700 1 --2- >> [v2:172.21.15.29:3300/0,v1:172.21.15.29:6789/0] conn(0x7f2e40108ea0 0x7f2e4010b290 unknown :-1 s=NONE pgs=0 cs=0 l=0 rev1=0 crypto rx=0 tx=0 comp rx=0 tx=0).connect
2024-04-25T21:12:17.102 INFO:teuthology.orchestra.run.smithi029.stdout:/usr/bin/ceph: stderr
2024-04-25T21:12:10.314+0000 7f2e47c54700 1 -- --> [v2:172.21.15.29:3300/0,v1:172.21.15.29:6789/0] -- mon_getmap magic: 0 -- 0x7f2e4007bec0 con 0x7f2e40108ea0
2024-04-25T21:12:17.103 INFO:teuthology.orchestra.run.smithi029.stdout:/usr/bin/ceph: stderr
2024-04-25T21:12:10.315+0000 7f2e459f0700 1 --2- >> [v2:172.21.15.29:3300/0,v1:172.21.15.29:6789/0] conn(0x7f2e40108ea0 0x7f2e4010b290 unknown :-1 s=BANNER_CONNECTING pgs=0 cs=0 l=0 rev1=0 crypto rx=0 tx=0 comp rx=0 tx=0)._handle_peer_banner_payload supported=3 required=0
2024-04-25T21:12:17.103 INFO:teuthology.orchestra.run.smithi029.stdout:/usr/bin/ceph: stderr
2024-04-25T21:12:10.315+0000 7f2e459f0700 1 --2- >> [v2:172.21.15.29:3300/0,v1:172.21.15.29:6789/0] conn(0x7f2e40108ea0 0x7f2e4010b290 unknown :-1 s=HELLO_CONNECTING pgs=0 cs=0 l=0 rev1=1 crypto rx=0 tx=0 comp rx=0 tx=0).handle_hello peer v2:172.21.15.29:3300/0 says I am v2:172.21.15.29:52494/0 (socket says 172.21.15.29:52494)
2024-04-25T21:12:17.103 INFO:teuthology.orchestra.run.smithi029.stdout:/usr/bin/ceph: stderr
2024-04-25T21:12:10.315+0000 7f2e459f0700 1 -- 172.21.15.29:0/2850409390 learned_addr learned my addr 172.21.15.29:0/2850409390 (peer_addr_for_me v2:172.21.15.29:0/0)
2024-04-25T21:12:17.103 INFO:teuthology.orchestra.run.smithi029.stdout:/usr/bin/ceph: stderr
2024-04-25T21:12:10.315+0000 7f2e459f0700 1 -- 172.21.15.29:0/2850409390 --> [v2:172.21.15.29:3300/0,v1:172.21.15.29:6789/0] -- mon_subscribe({config=0+,monmap=0+}) -- 0x7f2e4010b7d0 con 0x7f2e40108ea0
2024-04-25T21:12:17.103 INFO:teuthology.orchestra.run.smithi029.stdout:/usr/bin/ceph: stderr
2024-04-25T21:12:10.315+0000 7f2e459f0700 1 --2- 172.21.15.29:0/2850409390 >> [v2:172.21.15.29:3300/0,v1:172.21.15.29:6789/0] conn(0x7f2e40108ea0 0x7f2e4010b290 secure :-1 s=READY pgs=61 cs=0 l=1 rev1=1 crypto rx=0x7f2e3c0098a0 tx=0x7f2e3c009bb0 comp rx=0 tx=0).ready entity=mon.0 client_cookie=cb16168d01f00c90 server_cookie=0 in_seq=0 out_seq=0
2024-04-25T21:12:17.103 INFO:teuthology.orchestra.run.smithi029.stdout:/usr/bin/ceph: stderr
2024-04-25T21:12:10.315+0000 7f2e449ee700 1 -- 172.21.15.29:0/2850409390 <== mon.0 v2:172.21.15.29:3300/0 1 ==== mon_map magic: 0 ==== 205+0+0 (secure 0 0 0) 0x7f2e3c004160 con 0x7f2e40108ea0
2024-04-25T21:12:17.103 INFO:teuthology.orchestra.run.smithi029.stdout:/usr/bin/ceph: stderr
2024-04-25T21:12:10.315+0000 7f2e449ee700 1 -- 172.21.15.29:0/2850409390 <== mon.0 v2:172.21.15.29:3300/0 2 ==== config(26 keys) ==== 1101+0+0 (secure 0 0 0) 0x7f2e3c004300 con 0x7f2e40108ea0
2024-04-25T21:12:17.103 INFO:teuthology.orchestra.run.smithi029.stdout:/usr/bin/ceph: stderr
2024-04-25T21:12:10.315+0000 7f2e449ee700 1 -- 172.21.15.29:0/2850409390 <== mon.0 v2:172.21.15.29:3300/0 3 ==== mon_map magic: 0 ==== 205+0+0 (secure 0 0 0) 0x7f2e3c011a20 con 0x7f2e40108ea0
2024-04-25T21:12:17.103 INFO:teuthology.orchestra.run.smithi029.stdout:/usr/bin/ceph: stderr
2024-04-25T21:12:10.316+0000 7f2e47c54700 1 -- 172.21.15.29:0/2850409390 >> [v2:172.21.15.29:3300/0,v1:172.21.15.29:6789/0] conn(0x7f2e40108ea0 msgr2=0x7f2e4010b290 secure :-1 s=STATE_CONNECTION_ESTABLISHED l=1).mark_down
2024-04-25T21:12:17.103 INFO:teuthology.orchestra.run.smithi029.stdout:/usr/bin/ceph: stderr
2024-04-25T21:12:10.316+0000 7f2e47c54700 1 --2- 172.21.15.29:0/2850409390 >> [v2:172.21.15.29:3300/0,v1:172.21.15.29:6789/0] conn(0x7f2e40108ea0 0x7f2e4010b290 secure :-1 s=READY pgs=61 cs=0 l=1 rev1=1 crypto rx=0x7f2e3c0098a0 tx=0x7f2e3c009bb0 comp rx=0 tx=0).stop
2024-04-25T21:12:17.103 INFO:teuthology.orchestra.run.smithi029.stdout:/usr/bin/ceph: stderr
2024-04-25T21:12:10.316+0000 7f2e47c54700 1 -- 172.21.15.29:0/2850409390 shutdown_connections
2024-04-25T21:12:17.103 INFO:teuthology.orchestra.run.smithi029.stdout:/usr/bin/ceph: stderr
2024-04-25T21:12:10.316+0000 7f2e47c54700 1 --2- 172.21.15.29:0/2850409390 >> [v2:172.21.15.29:3300/0,v1:172.21.15.29:6789/0] conn(0x7f2e40108ea0 0x7f2e4010b290 unknown :-1 s=CLOSED pgs=61 cs=0 l=1 rev1=1 crypto rx=0 tx=0 comp rx=0 tx=0).stop
2024-04-25T21:12:17.103 INFO:teuthology.orchestra.run.smithi029.stdout:/usr/bin/ceph: stderr
2024-04-25T21:12:10.316+0000 7f2e47c54700 1 -- 172.21.15.29:0/2850409390 >> 172.21.15.29:0/2850409390 conn(0x7f2e401028b0 msgr2=0x7f2e40104d10 unknown :-1 s=STATE_NONE l=0).mark_down
2024-04-25T21:12:17.103 INFO:teuthology.orchestra.run.smithi029.stdout:/usr/bin/ceph: stderr
2024-04-25T21:12:10.316+0000 7f2e47c54700 1 -- 172.21.15.29:0/2850409390 shutdown_connections
2024-04-25T21:12:17.103 INFO:teuthology.orchestra.run.smithi029.stdout:/usr/bin/ceph: stderr
2024-04-25T21:12:10.316+0000 7f2e47c54700 1 -- 172.21.15.29:0/2850409390 wait complete.
2024-04-25T21:12:17.103 INFO:teuthology.orchestra.run.smithi029.stdout:/usr/bin/ceph: stderr
2024-04-25T21:12:10.317+0000 7f2e47c54700 1 Processor -- start
2024-04-25T21:12:17.104 INFO:teuthology.orchestra.run.smithi029.stdout:/usr/bin/ceph: stderr
2024-04-25T21:12:10.317+0000 7f2e47c54700 1 -- start start
2024-04-25T21:12:17.104 INFO:teuthology.orchestra.run.smithi029.stdout:/usr/bin/ceph: stderr
2024-04-25T21:12:10.317+0000 7f2e47c54700 1 --2- >> [v2:172.21.15.29:3300/0,v1:172.21.15.29:6789/0] conn(0x7f2e40108ea0 0x7f2e4019e580 unknown :-1 s=NONE pgs=0 cs=0 l=1 rev1=0 crypto rx=0 tx=0 comp rx=0 tx=0).connect
2024-04-25T21:12:17.104 INFO:teuthology.orchestra.run.smithi029.stdout:/usr/bin/ceph: stderr
2024-04-25T21:12:10.317+0000 7f2e47c54700 1 -- --> [v2:172.21.15.29:3300/0,v1:172.21.15.29:6789/0] -- mon_getmap magic: 0 -- 0x7f2e4010c7e0 con 0x7f2e40108ea0
2024-04-25T21:12:17.104 INFO:teuthology.orchestra.run.smithi029.stdout:/usr/bin/ceph: stderr
2024-04-25T21:12:10.317+0000 7f2e459f0700 1 --2- >> [v2:172.21.15.29:3300/0,v1:172.21.15.29:6789/0] conn(0x7f2e40108ea0 0x7f2e4019e580 unknown :-1 s=BANNER_CONNECTING pgs=0 cs=0 l=1 rev1=0 crypto rx=0 tx=0 comp rx=0 tx=0)._handle_peer_banner_payload supported=3 required=0
2024-04-25T21:12:17.104 INFO:teuthology.orchestra.run.smithi029.stdout:/usr/bin/ceph: stderr
2024-04-25T21:12:10.317+0000 7f2e459f0700 1 --2- >> [v2:172.21.15.29:3300/0,v1:172.21.15.29:6789/0] conn(0x7f2e40108ea0 0x7f2e4019e580 unknown :-1 s=HELLO_CONNECTING pgs=0 cs=0 l=1 rev1=1 crypto rx=0 tx=0 comp rx=0 tx=0).handle_hello peer v2:172.21.15.29:3300/0 says I am v2:172.21.15.29:52508/0 (socket says 172.21.15.29:52508)
2024-04-25T21:12:17.104 INFO:teuthology.orchestra.run.smithi029.stdout:/usr/bin/ceph: stderr
2024-04-25T21:12:10.317+0000 7f2e459f0700 1 -- 172.21.15.29:0/737804163 learned_addr learned my addr 172.21.15.29:0/737804163 (peer_addr_for_me v2:172.21.15.29:0/0)
2024-04-25T21:12:17.104 INFO:teuthology.orchestra.run.smithi029.stdout:/usr/bin/ceph: stderr
2024-04-25T21:12:10.317+0000 7f2e459f0700 1 -- 172.21.15.29:0/737804163 --> [v2:172.21.15.29:3300/0,v1:172.21.15.29:6789/0] -- mon_subscribe({config=0+,monmap=0+}) -- 0x7f2e4019eac0 con 0x7f2e40108ea0
2024-04-25T21:12:17.104 INFO:teuthology.orchestra.run.smithi029.stdout:/usr/bin/ceph: stderr
2024-04-25T21:12:10.317+0000 7f2e459f0700 1 --2- 172.21.15.29:0/737804163 >> [v2:172.21.15.29:3300/0,v1:172.21.15.29:6789/0] conn(0x7f2e40108ea0 0x7f2e4019e580 secure :-1 s=READY pgs=62 cs=0 l=1 rev1=1 crypto rx=0x7f2e3c004660 tx=0x7f2e3c011aa0 comp rx=0 tx=0).ready entity=mon.0 client_cookie=0 server_cookie=0 in_seq=0 out_seq=0
2024-04-25T21:12:17.104 INFO:teuthology.orchestra.run.smithi029.stdout:/usr/bin/ceph: stderr
2024-04-25T21:12:10.318+0000 7f2e32ffd700 1 -- 172.21.15.29:0/737804163 <== mon.0 v2:172.21.15.29:3300/0 1 ==== mon_map magic: 0 ==== 205+0+0 (secure 0 0 0) 0x7f2e3c003aa0 con 0x7f2e40108ea0
2024-04-25T21:12:17.104 INFO:teuthology.orchestra.run.smithi029.stdout:/usr/bin/ceph: stderr
2024-04-25T21:12:10.318+0000 7f2e32ffd700 1 -- 172.21.15.29:0/737804163 <== mon.0 v2:172.21.15.29:3300/0 2 ==== config(26 keys) ==== 1101+0+0 (secure 0 0 0) 0x7f2e3c01b8f0 con 0x7f2e40108ea0
2024-04-25T21:12:17.104 INFO:teuthology.orchestra.run.smithi029.stdout:/usr/bin/ceph: stderr
2024-04-25T21:12:10.318+0000 7f2e47c54700 1 -- 172.21.15.29:0/737804163 --> [v2:172.21.15.29:3300/0,v1:172.21.15.29:6789/0] -- mon_subscribe({mgrmap=0+}) -- 0x7f2e4019ed50 con 0x7f2e40108ea0
2024-04-25T21:12:17.104 INFO:teuthology.orchestra.run.smithi029.stdout:/usr/bin/ceph: stderr
2024-04-25T21:12:10.318+0000 7f2e32ffd700 1 -- 172.21.15.29:0/737804163 <== mon.0 v2:172.21.15.29:3300/0 3 ==== mon_map magic: 0 ==== 205+0+0 (secure 0 0 0) 0x7f2e3c023900 con 0x7f2e40108ea0
2024-04-25T21:12:17.104 INFO:teuthology.orchestra.run.smithi029.stdout:/usr/bin/ceph: stderr
2024-04-25T21:12:10.318+0000 7f2e47c54700 1 -- 172.21.15.29:0/737804163 --> [v2:172.21.15.29:3300/0,v1:172.21.15.29:6789/0] -- mon_subscribe({osdmap=0}) -- 0x7f2e401a1a40 con 0x7f2e40108ea0
2024-04-25T21:12:17.104 INFO:teuthology.orchestra.run.smithi029.stdout:/usr/bin/ceph: stderr
2024-04-25T21:12:10.319+0000 7f2e32ffd700 1 -- 172.21.15.29:0/737804163 <== mon.0 v2:172.21.15.29:3300/0 4 ==== mgrmap(e 9) ==== 46571+0+0 (secure 0 0 0) 0x7f2e3c023bc0 con 0x7f2e40108ea0
2024-04-25T21:12:17.104 INFO:teuthology.orchestra.run.smithi029.stdout:/usr/bin/ceph: stderr
2024-04-25T21:12:10.319+0000 7f2e32ffd700 1 --2- 172.21.15.29:0/737804163 >> [v2:172.21.15.29:6800/2050232511,v1:172.21.15.29:6801/2050232511] conn(0x7f2e2c039600 0x7f2e2c03bac0 unknown :-1 s=NONE pgs=0 cs=0 l=1 rev1=0 crypto rx=0 tx=0 comp rx=0 tx=0).connect
2024-04-25T21:12:17.104 INFO:teuthology.orchestra.run.smithi029.stdout:/usr/bin/ceph: stderr
2024-04-25T21:12:10.319+0000 7f2e32ffd700 1 -- 172.21.15.29:0/737804163 --> [v2:172.21.15.29:6800/2050232511,v1:172.21.15.29:6801/2050232511] -- command(tid 0: {"prefix": "get_command_descriptions"}) -- 0x7f2e2c03c1d0 con 0x7f2e2c039600
2024-04-25T21:12:17.105 INFO:teuthology.orchestra.run.smithi029.stdout:/usr/bin/ceph: stderr
2024-04-25T21:12:10.319+0000 7f2e451ef700 1 -- 172.21.15.29:0/737804163 >> [v2:172.21.15.29:6800/2050232511,v1:172.21.15.29:6801/2050232511] conn(0x7f2e2c039600 msgr2=0x7f2e2c03bac0 unknown :-1 s=STATE_CONNECTING_RE l=1).process reconnect failed to v2:172.21.15.29:6800/2050232511
2024-04-25T21:12:17.105 INFO:teuthology.orchestra.run.smithi029.stdout:/usr/bin/ceph: stderr
2024-04-25T21:12:10.319+0000 7f2e32ffd700 1 -- 172.21.15.29:0/737804163 <== mon.0 v2:172.21.15.29:3300/0 5 ==== osd_map(2..2 src has 1..2) ==== 940+0+0 (secure 0 0 0) 0x7f2e3c04dfe0 con 0x7f2e40108ea0
2024-04-25T21:12:17.105 INFO:teuthology.orchestra.run.smithi029.stdout:/usr/bin/ceph: stderr
2024-04-25T21:12:10.319+0000 7f2e451ef700 1 --2- 172.21.15.29:0/737804163 >> [v2:172.21.15.29:6800/2050232511,v1:172.21.15.29:6801/2050232511] conn(0x7f2e2c039600 0x7f2e2c03bac0 unknown :-1 s=START_CONNECT pgs=0 cs=0 l=1 rev1=0 crypto rx=0 tx=0 comp rx=0 tx=0)._fault waiting 0.200000
2024-04-25T21:12:17.105 INFO:teuthology.orchestra.run.smithi029.stdout:/usr/bin/ceph: stderr
2024-04-25T21:12:10.520+0000 7f2e451ef700 1 -- 172.21.15.29:0/737804163 >> [v2:172.21.15.29:6800/2050232511,v1:172.21.15.29:6801/2050232511] conn(0x7f2e2c039600 msgr2=0x7f2e2c03bac0 unknown :-1 s=STATE_CONNECTING_RE l=1).process reconnect failed to v2:172.21.15.29:6800/2050232511
2024-04-25T21:12:17.105 INFO:teuthology.orchestra.run.smithi029.stdout:/usr/bin/ceph: stderr
2024-04-25T21:12:10.520+0000 7f2e451ef700 1 --2- 172.21.15.29:0/737804163 >> [v2:172.21.15.29:6800/2050232511,v1:172.21.15.29:6801/2050232511] conn(0x7f2e2c039600 0x7f2e2c03bac0 unknown :-1 s=START_CONNECT pgs=0 cs=0 l=1 rev1=0 crypto rx=0 tx=0 comp rx=0 tx=0)._fault waiting 0.400000
2024-04-25T21:12:17.105 INFO:teuthology.orchestra.run.smithi029.stdout:/usr/bin/ceph: stderr
2024-04-25T21:12:10.921+0000 7f2e451ef700 1 -- 172.21.15.29:0/737804163 >> [v2:172.21.15.29:6800/2050232511,v1:172.21.15.29:6801/2050232511] conn(0x7f2e2c039600 msgr2=0x7f2e2c03bac0 unknown :-1 s=STATE_CONNECTING_RE l=1).process reconnect failed to v2:172.21.15.29:6800/2050232511
2024-04-25T21:12:17.105 INFO:teuthology.orchestra.run.smithi029.stdout:/usr/bin/ceph: stderr
2024-04-25T21:12:10.921+0000 7f2e451ef700 1 --2- 172.21.15.29:0/737804163 >> [v2:172.21.15.29:6800/2050232511,v1:172.21.15.29:6801/2050232511] conn(0x7f2e2c039600 0x7f2e2c03bac0 unknown :-1 s=START_CONNECT pgs=0 cs=0 l=1 rev1=0 crypto rx=0 tx=0 comp rx=0 tx=0)._fault waiting 0.800000
2024-04-25T21:12:17.105 INFO:teuthology.orchestra.run.smithi029.stdout:/usr/bin/ceph: stderr
2024-04-25T21:12:11.722+0000 7f2e451ef700 1 -- 172.21.15.29:0/737804163 >> [v2:172.21.15.29:6800/2050232511,v1:172.21.15.29:6801/2050232511] conn(0x7f2e2c039600 msgr2=0x7f2e2c03bac0 unknown :-1 s=STATE_CONNECTING_RE l=1).process reconnect failed to v2:172.21.15.29:6800/2050232511
2024-04-25T21:12:17.105 INFO:teuthology.orchestra.run.smithi029.stdout:/usr/bin/ceph: stderr
2024-04-25T21:12:11.722+0000 7f2e451ef700 1 --2- 172.21.15.29:0/737804163 >> [v2:172.21.15.29:6800/2050232511,v1:172.21.15.29:6801/2050232511] conn(0x7f2e2c039600 0x7f2e2c03bac0 unknown :-1 s=START_CONNECT pgs=0 cs=0 l=1 rev1=0 crypto rx=0 tx=0 comp rx=0 tx=0)._fault waiting 1.600000
2024-04-25T21:12:17.105 INFO:teuthology.orchestra.run.smithi029.stdout:/usr/bin/ceph: stderr
2024-04-25T21:12:13.323+0000 7f2e451ef700 1 -- 172.21.15.29:0/737804163 >> [v2:172.21.15.29:6800/2050232511,v1:172.21.15.29:6801/2050232511] conn(0x7f2e2c039600 msgr2=0x7f2e2c03bac0 unknown :-1 s=STATE_CONNECTING_RE l=1).process reconnect failed to v2:172.21.15.29:6800/2050232511
2024-04-25T21:12:17.105 INFO:teuthology.orchestra.run.smithi029.stdout:/usr/bin/ceph: stderr
2024-04-25T21:12:13.323+0000 7f2e451ef700 1 --2- 172.21.15.29:0/737804163 >> [v2:172.21.15.29:6800/2050232511,v1:172.21.15.29:6801/2050232511] conn(0x7f2e2c039600 0x7f2e2c03bac0 unknown :-1 s=START_CONNECT pgs=0 cs=0 l=1 rev1=0 crypto rx=0 tx=0 comp rx=0 tx=0)._fault waiting 3.200000
2024-04-25T21:12:17.105 INFO:teuthology.orchestra.run.smithi029.stdout:/usr/bin/ceph: stderr
2024-04-25T21:12:14.970+0000 7f2e32ffd700 1 -- 172.21.15.29:0/737804163 <== mon.0 v2:172.21.15.29:3300/0 6 ==== mgrmap(e 10) ==== 46338+0+0 (secure 0 0 0) 0x7f2e3c01baa0 con 0x7f2e40108ea0
2024-04-25T21:12:17.105 INFO:teuthology.orchestra.run.smithi029.stdout:/usr/bin/ceph: stderr
2024-04-25T21:12:14.970+0000 7f2e32ffd700 1 -- 172.21.15.29:0/737804163 >> [v2:172.21.15.29:6800/2050232511,v1:172.21.15.29:6801/2050232511] conn(0x7f2e2c039600 msgr2=0x7f2e2c03bac0 unknown :-1 s=STATE_CONNECTING l=1).mark_down
2024-04-25T21:12:17.105 INFO:teuthology.orchestra.run.smithi029.stdout:/usr/bin/ceph: stderr
2024-04-25T21:12:14.970+0000 7f2e32ffd700 1 --2- 172.21.15.29:0/737804163 >> [v2:172.21.15.29:6800/2050232511,v1:172.21.15.29:6801/2050232511] conn(0x7f2e2c039600 0x7f2e2c03bac0 unknown :-1 s=START_CONNECT pgs=0 cs=0 l=1 rev1=0 crypto rx=0 tx=0 comp rx=0 tx=0).stop
2024-04-25T21:12:17.106 INFO:teuthology.orchestra.run.smithi029.stdout:/usr/bin/ceph: stderr
2024-04-25T21:12:15.972+0000 7f2e32ffd700 1 -- 172.21.15.29:0/737804163 <== mon.0 v2:172.21.15.29:3300/0 7 ==== mgrmap(e 11) ==== 46465+0+0 (secure 0 0 0) 0x7f2e3c02c3f0 con 0x7f2e40108ea0
2024-04-25T21:12:17.106 INFO:teuthology.orchestra.run.smithi029.stdout:/usr/bin/ceph: stderr
2024-04-25T21:12:15.972+0000 7f2e32ffd700 1 --2- 172.21.15.29:0/737804163 >> [v2:172.21.15.29:6800/111363390,v1:172.21.15.29:6801/111363390] conn(0x7f2e2c03cfe0 0x7f2e2c03f3d0 unknown :-1 s=NONE pgs=0 cs=0 l=1 rev1=0 crypto rx=0 tx=0 comp rx=0 tx=0).connect
2024-04-25T21:12:17.106 INFO:teuthology.orchestra.run.smithi029.stdout:/usr/bin/ceph: stderr
2024-04-25T21:12:15.972+0000 7f2e32ffd700 1 -- 172.21.15.29:0/737804163 --> [v2:172.21.15.29:6800/111363390,v1:172.21.15.29:6801/111363390] -- command(tid 0: {"prefix": "get_command_descriptions"}) -- 0x7f2e3c018ea0 con 0x7f2e2c03cfe0
2024-04-25T21:12:17.106 INFO:teuthology.orchestra.run.smithi029.stdout:/usr/bin/ceph: stderr
2024-04-25T21:12:15.973+0000 7f2e451ef700 1 --2- 172.21.15.29:0/737804163 >> [v2:172.21.15.29:6800/111363390,v1:172.21.15.29:6801/111363390] conn(0x7f2e2c03cfe0 0x7f2e2c03f3d0 unknown :-1 s=BANNER_CONNECTING pgs=0 cs=0 l=1 rev1=0 crypto rx=0 tx=0 comp rx=0 tx=0)._handle_peer_banner_payload supported=3 required=0
2024-04-25T21:12:17.106 INFO:teuthology.orchestra.run.smithi029.stdout:/usr/bin/ceph: stderr
2024-04-25T21:12:15.974+0000 7f2e451ef700 1 --2- 172.21.15.29:0/737804163 >> [v2:172.21.15.29:6800/111363390,v1:172.21.15.29:6801/111363390] conn(0x7f2e2c03cfe0 0x7f2e2c03f3d0 secure :-1 s=READY pgs=2 cs=0 l=1 rev1=1 crypto rx=0x7f2e34003a10 tx=0x7f2e340092b0 comp rx=0 tx=0).ready entity=mgr.14152 client_cookie=0 server_cookie=0 in_seq=0 out_seq=0
2024-04-25T21:12:17.106 INFO:teuthology.orchestra.run.smithi029.stdout:/usr/bin/ceph: stderr
2024-04-25T21:12:15.974+0000 7f2e32ffd700 1 -- 172.21.15.29:0/737804163 <== mgr.14152 v2:172.21.15.29:6800/111363390 1 ==== command_reply(tid 0: 0 ) ==== 8+0+7774 (secure 0 0 0) 0x7f2e3c018ea0 con 0x7f2e2c03cfe0
2024-04-25T21:12:17.106 INFO:teuthology.orchestra.run.smithi029.stdout:/usr/bin/ceph: stderr
2024-04-25T21:12:15.981+0000 7f2e47c54700 1 -- 172.21.15.29:0/737804163 --> [v2:172.21.15.29:6800/111363390,v1:172.21.15.29:6801/111363390] -- command(tid 1: {"prefix": "mgr_status"}) -- 0x7f2e400640a0 con 0x7f2e2c03cfe0
2024-04-25T21:12:17.106 INFO:teuthology.orchestra.run.smithi029.stdout:/usr/bin/ceph: stderr
2024-04-25T21:12:15.981+0000 7f2e32ffd700 1 -- 172.21.15.29:0/737804163 <== mgr.14152 v2:172.21.15.29:6800/111363390 2 ==== command_reply(tid 1: 0 ) ==== 8+0+52 (secure 0 0 0) 0x7f2e400640a0 con 0x7f2e2c03cfe0
2024-04-25T21:12:17.106 INFO:teuthology.orchestra.run.smithi029.stdout:/usr/bin/ceph: stderr
2024-04-25T21:12:15.982+0000 7f2e47c54700 1 -- 172.21.15.29:0/737804163 >> [v2:172.21.15.29:6800/111363390,v1:172.21.15.29:6801/111363390] conn(0x7f2e2c03cfe0 msgr2=0x7f2e2c03f3d0 secure :-1 s=STATE_CONNECTION_ESTABLISHED l=1).mark_down
2024-04-25T21:12:17.106 INFO:teuthology.orchestra.run.smithi029.stdout:/usr/bin/ceph: stderr
2024-04-25T21:12:15.982+0000 7f2e47c54700 1 --2- 172.21.15.29:0/737804163 >> [v2:172.21.15.29:6800/111363390,v1:172.21.15.29:6801/111363390] conn(0x7f2e2c03cfe0 0x7f2e2c03f3d0 secure :-1 s=READY pgs=2 cs=0 l=1 rev1=1 crypto rx=0x7f2e34003a10 tx=0x7f2e340092b0 comp rx=0 tx=0).stop
2024-04-25T21:12:17.106 INFO:teuthology.orchestra.run.smithi029.stdout:/usr/bin/ceph: stderr
2024-04-25T21:12:15.982+0000 7f2e47c54700 1 -- 172.21.15.29:0/737804163 >> [v2:172.21.15.29:3300/0,v1:172.21.15.29:6789/0] conn(0x7f2e40108ea0 msgr2=0x7f2e4019e580 secure :-1 s=STATE_CONNECTION_ESTABLISHED l=1).mark_down
2024-04-25T21:12:17.106 INFO:teuthology.orchestra.run.smithi029.stdout:/usr/bin/ceph: stderr
2024-04-25T21:12:15.982+0000 7f2e47c54700 1 --2- 172.21.15.29:0/737804163 >> [v2:172.21.15.29:3300/0,v1:172.21.15.29:6789/0] conn(0x7f2e40108ea0 0x7f2e4019e580 secure :-1 s=READY pgs=62 cs=0 l=1 rev1=1 crypto rx=0x7f2e3c004660 tx=0x7f2e3c011aa0 comp rx=0 tx=0).stop
2024-04-25T21:12:17.106 INFO:teuthology.orchestra.run.smithi029.stdout:/usr/bin/ceph: stderr
2024-04-25T21:12:15.982+0000 7f2e47c54700 1 -- 172.21.15.29:0/737804163 shutdown_connections
2024-04-25T21:12:17.106 INFO:teuthology.orchestra.run.smithi029.stdout:/usr/bin/ceph: stderr
2024-04-25T21:12:15.982+0000 7f2e47c54700 1 --2- 172.21.15.29:0/737804163 >> [v2:172.21.15.29:6800/111363390,v1:172.21.15.29:6801/111363390] conn(0x7f2e2c03cfe0 0x7f2e2c03f3d0 unknown :-1 s=CLOSED pgs=2 cs=0 l=1 rev1=1 crypto rx=0 tx=0 comp rx=0 tx=0).stop
2024-04-25T21:12:17.106 INFO:teuthology.orchestra.run.smithi029.stdout:/usr/bin/ceph: stderr
2024-04-25T21:12:15.982+0000 7f2e47c54700 1 --2- 172.21.15.29:0/737804163 >> [v2:172.21.15.29:3300/0,v1:172.21.15.29:6789/0] conn(0x7f2e40108ea0 0x7f2e4019e580 unknown :-1 s=CLOSED pgs=62 cs=0 l=1 rev1=1 crypto rx=0 tx=0 comp rx=0 tx=0).stop
2024-04-25T21:12:17.107 INFO:teuthology.orchestra.run.smithi029.stdout:/usr/bin/ceph: stderr
2024-04-25T21:12:15.982+0000 7f2e47c54700 1 --2- 172.21.15.29:0/737804163 >> [v2:172.21.15.29:6800/2050232511,v1:172.21.15.29:6801/2050232511] conn(0x7f2e2c039600 0x7f2e2c03bac0 unknown :-1 s=CLOSED pgs=0 cs=0 l=1 rev1=0 crypto rx=0 tx=0 comp rx=0 tx=0).stop
2024-04-25T21:12:17.107 INFO:teuthology.orchestra.run.smithi029.stdout:/usr/bin/ceph: stderr
2024-04-25T21:12:15.982+0000 7f2e47c54700 1 -- 172.21.15.29:0/737804163 >> 172.21.15.29:0/737804163 conn(0x7f2e401028b0 msgr2=0x7f2e40103370 unknown :-1 s=STATE_NONE l=0).mark_down
2024-04-25T21:12:17.107 INFO:teuthology.orchestra.run.smithi029.stdout:/usr/bin/ceph: stderr
2024-04-25T21:12:15.982+0000 7f2e47c54700 1 -- 172.21.15.29:0/737804163 shutdown_connections
2024-04-25T21:12:17.107 INFO:teuthology.orchestra.run.smithi029.stdout:/usr/bin/ceph: stderr
2024-04-25T21:12:15.982+0000 7f2e47c54700 1 -- 172.21.15.29:0/737804163 wait complete.
2024-04-25T21:12:17.107 INFO:teuthology.orchestra.run.smithi029.stdout:mgr epoch 9 is available
2024-04-25T21:12:17.107 INFO:teuthology.orchestra.run.smithi029.stdout:Generating a dashboard self-signed certificate...
2024-04-25T21:12:17.947 INFO:journalctl@ceph.mon.a.smithi029.stdout:Apr 25 21:12:17 smithi029 ceph-mon[29343]: from='client.14156 -' entity='client.admin' cmd=[{"prefix": "get_command_descriptions"}]: dispatch
2024-04-25T21:12:17.947 INFO:journalctl@ceph.mon.a.smithi029.stdout:Apr 25 21:12:17 smithi029 ceph-mon[29343]: from='client.14156 -' entity='client.admin' cmd=[{"prefix": "mgr_status"}]: dispatch
2024-04-25T21:12:17.947 INFO:journalctl@ceph.mon.a.smithi029.stdout:Apr 25 21:12:17 smithi029 ceph-mon[29343]: from='mgr.14152 172.21.15.29:0/2872833110' entity='mgr.x'
2024-04-25T21:12:18.583 INFO:teuthology.orchestra.run.smithi029.stdout:/usr/bin/ceph: stdout Self-signed certificate created
2024-04-25T21:12:18.583 INFO:teuthology.orchestra.run.smithi029.stdout:/usr/bin/ceph: stderr
2024-04-25T21:12:17.587+0000 7f0b2af66700 1 Processor -- start
2024-04-25T21:12:18.583 INFO:teuthology.orchestra.run.smithi029.stdout:/usr/bin/ceph: stderr
2024-04-25T21:12:17.587+0000 7f0b2af66700 1 -- start start
2024-04-25T21:12:18.583 INFO:teuthology.orchestra.run.smithi029.stdout:/usr/bin/ceph: stderr
2024-04-25T21:12:17.587+0000 7f0b2af66700 1 --2- >> [v2:172.21.15.29:3300/0,v1:172.21.15.29:6789/0] conn(0x7f0b24107330 0x7f0b24107750 unknown :-1 s=NONE pgs=0 cs=0 l=0 rev1=0 crypto rx=0 tx=0 comp rx=0 tx=0).connect
2024-04-25T21:12:18.584 INFO:teuthology.orchestra.run.smithi029.stdout:/usr/bin/ceph: stderr
2024-04-25T21:12:17.587+0000 7f0b2af66700 1 -- --> [v2:172.21.15.29:3300/0,v1:172.21.15.29:6789/0] -- mon_getmap magic: 0 -- 0x7f0b24107d20 con 0x7f0b24107330
2024-04-25T21:12:18.584 INFO:teuthology.orchestra.run.smithi029.stdout:/usr/bin/ceph: stderr
2024-04-25T21:12:17.587+0000 7f0b28d02700 1 --2- >> [v2:172.21.15.29:3300/0,v1:172.21.15.29:6789/0] conn(0x7f0b24107330 0x7f0b24107750 unknown :-1 s=BANNER_CONNECTING pgs=0 cs=0 l=0 rev1=0 crypto rx=0 tx=0 comp rx=0 tx=0)._handle_peer_banner_payload supported=3 required=0
2024-04-25T21:12:18.584 INFO:teuthology.orchestra.run.smithi029.stdout:/usr/bin/ceph: stderr
2024-04-25T21:12:17.587+0000 7f0b28d02700 1 --2- >> [v2:172.21.15.29:3300/0,v1:172.21.15.29:6789/0] conn(0x7f0b24107330 0x7f0b24107750 unknown :-1 s=HELLO_CONNECTING pgs=0 cs=0 l=0 rev1=1 crypto rx=0 tx=0 comp rx=0 tx=0).handle_hello peer v2:172.21.15.29:3300/0 says I am v2:172.21.15.29:38614/0 (socket says 172.21.15.29:38614)
2024-04-25T21:12:18.584 INFO:teuthology.orchestra.run.smithi029.stdout:/usr/bin/ceph: stderr
2024-04-25T21:12:17.587+0000 7f0b28d02700 1 -- 172.21.15.29:0/454210126 learned_addr learned my addr 172.21.15.29:0/454210126 (peer_addr_for_me v2:172.21.15.29:0/0)
2024-04-25T21:12:18.584 INFO:teuthology.orchestra.run.smithi029.stdout:/usr/bin/ceph: stderr
2024-04-25T21:12:17.587+0000 7f0b28d02700 1 -- 172.21.15.29:0/454210126 --> [v2:172.21.15.29:3300/0,v1:172.21.15.29:6789/0] -- mon_subscribe({config=0+,monmap=0+}) -- 0x7f0b24108530 con 0x7f0b24107330
2024-04-25T21:12:18.584 INFO:teuthology.orchestra.run.smithi029.stdout:/usr/bin/ceph: stderr
2024-04-25T21:12:17.588+0000 7f0b28d02700 1 --2- 172.21.15.29:0/454210126 >> [v2:172.21.15.29:3300/0,v1:172.21.15.29:6789/0] conn(0x7f0b24107330 0x7f0b24107750 secure :-1 s=READY pgs=70 cs=0 l=1 rev1=1 crypto rx=0x7f0b180098a0 tx=0x7f0b18009bb0 comp rx=0 tx=0).ready entity=mon.0 client_cookie=3a601ec80f8d942 server_cookie=0 in_seq=0 out_seq=0
2024-04-25T21:12:18.584 INFO:teuthology.orchestra.run.smithi029.stdout:/usr/bin/ceph: stderr
2024-04-25T21:12:17.588+0000 7f0b237fe700 1 -- 172.21.15.29:0/454210126 <== mon.0 v2:172.21.15.29:3300/0 1 ==== mon_map magic: 0 ==== 205+0+0 (secure 0 0 0) 0x7f0b18004160 con 0x7f0b24107330
2024-04-25T21:12:18.584 INFO:teuthology.orchestra.run.smithi029.stdout:/usr/bin/ceph: stderr
2024-04-25T21:12:17.588+0000 7f0b237fe700 1 -- 172.21.15.29:0/454210126 <== mon.0 v2:172.21.15.29:3300/0 2 ==== config(26 keys) ==== 1101+0+0 (secure 0 0 0) 0x7f0b18004300 con 0x7f0b24107330
2024-04-25T21:12:18.584 INFO:teuthology.orchestra.run.smithi029.stdout:/usr/bin/ceph: stderr
2024-04-25T21:12:17.588+0000 7f0b237fe700 1 -- 172.21.15.29:0/454210126 <== mon.0 v2:172.21.15.29:3300/0 3 ==== mon_map magic: 0 ==== 205+0+0 (secure 0 0 0) 0x7f0b18011a20 con 0x7f0b24107330
2024-04-25T21:12:18.584 INFO:teuthology.orchestra.run.smithi029.stdout:/usr/bin/ceph: stderr
2024-04-25T21:12:17.588+0000 7f0b2af66700 1 -- 172.21.15.29:0/454210126 >> [v2:172.21.15.29:3300/0,v1:172.21.15.29:6789/0] conn(0x7f0b24107330 msgr2=0x7f0b24107750 secure :-1 s=STATE_CONNECTION_ESTABLISHED l=1).mark_down
2024-04-25T21:12:18.584 INFO:teuthology.orchestra.run.smithi029.stdout:/usr/bin/ceph: stderr
2024-04-25T21:12:17.588+0000 7f0b2af66700 1 --2- 172.21.15.29:0/454210126 >> [v2:172.21.15.29:3300/0,v1:172.21.15.29:6789/0] conn(0x7f0b24107330 0x7f0b24107750 secure :-1 s=READY pgs=70 cs=0 l=1 rev1=1 crypto rx=0x7f0b180098a0 tx=0x7f0b18009bb0 comp rx=0 tx=0).stop
2024-04-25T21:12:18.584 INFO:teuthology.orchestra.run.smithi029.stdout:/usr/bin/ceph: stderr
2024-04-25T21:12:17.588+0000 7f0b2af66700 1 -- 172.21.15.29:0/454210126 shutdown_connections
2024-04-25T21:12:18.584 INFO:teuthology.orchestra.run.smithi029.stdout:/usr/bin/ceph: stderr
2024-04-25T21:12:17.588+0000 7f0b2af66700 1 --2- 172.21.15.29:0/454210126 >> [v2:172.21.15.29:3300/0,v1:172.21.15.29:6789/0] conn(0x7f0b24107330 0x7f0b24107750 unknown :-1 s=CLOSED pgs=70 cs=0 l=1 rev1=1 crypto rx=0 tx=0 comp rx=0 tx=0).stop
2024-04-25T21:12:18.585 INFO:teuthology.orchestra.run.smithi029.stdout:/usr/bin/ceph: stderr
2024-04-25T21:12:17.588+0000 7f0b2af66700 1 -- 172.21.15.29:0/454210126 >> 172.21.15.29:0/454210126 conn(0x7f0b241028b0 msgr2=0x7f0b24104d10 unknown :-1 s=STATE_NONE l=0).mark_down
2024-04-25T21:12:18.585 INFO:teuthology.orchestra.run.smithi029.stdout:/usr/bin/ceph: stderr
2024-04-25T21:12:17.589+0000 7f0b2af66700 1 -- 172.21.15.29:0/454210126 shutdown_connections
2024-04-25T21:12:18.585 INFO:teuthology.orchestra.run.smithi029.stdout:/usr/bin/ceph: stderr
2024-04-25T21:12:17.589+0000 7f0b2af66700 1 -- 172.21.15.29:0/454210126 wait complete.
2024-04-25T21:12:18.585 INFO:teuthology.orchestra.run.smithi029.stdout:/usr/bin/ceph: stderr
2024-04-25T21:12:17.589+0000 7f0b2af66700 1 Processor -- start
2024-04-25T21:12:18.585 INFO:teuthology.orchestra.run.smithi029.stdout:/usr/bin/ceph: stderr
2024-04-25T21:12:17.589+0000 7f0b2af66700 1 -- start start
2024-04-25T21:12:18.585 INFO:teuthology.orchestra.run.smithi029.stdout:/usr/bin/ceph: stderr
2024-04-25T21:12:17.589+0000 7f0b2af66700 1 --2- >> [v2:172.21.15.29:3300/0,v1:172.21.15.29:6789/0] conn(0x7f0b24107330 0x7f0b2419e600 unknown :-1 s=NONE pgs=0 cs=0 l=1 rev1=0 crypto rx=0 tx=0 comp rx=0 tx=0).connect
2024-04-25T21:12:18.585 INFO:teuthology.orchestra.run.smithi029.stdout:/usr/bin/ceph: stderr
2024-04-25T21:12:17.589+0000 7f0b2af66700 1 -- --> [v2:172.21.15.29:3300/0,v1:172.21.15.29:6789/0] -- mon_getmap magic: 0 -- 0x7f0b2407afe0 con 0x7f0b24107330
2024-04-25T21:12:18.585 INFO:teuthology.orchestra.run.smithi029.stdout:/usr/bin/ceph: stderr
2024-04-25T21:12:17.589+0000 7f0b28d02700 1 --2- >> [v2:172.21.15.29:3300/0,v1:172.21.15.29:6789/0] conn(0x7f0b24107330 0x7f0b2419e600 unknown :-1 s=BANNER_CONNECTING pgs=0 cs=0 l=1 rev1=0 crypto rx=0 tx=0 comp rx=0 tx=0)._handle_peer_banner_payload supported=3 required=0
2024-04-25T21:12:18.585 INFO:teuthology.orchestra.run.smithi029.stdout:/usr/bin/ceph: stderr
2024-04-25T21:12:17.589+0000 7f0b28d02700 1 --2- >> [v2:172.21.15.29:3300/0,v1:172.21.15.29:6789/0] conn(0x7f0b24107330 0x7f0b2419e600 unknown :-1 s=HELLO_CONNECTING pgs=0 cs=0 l=1 rev1=1 crypto rx=0 tx=0 comp rx=0 tx=0).handle_hello peer v2:172.21.15.29:3300/0 says I am v2:172.21.15.29:38626/0 (socket says 172.21.15.29:38626)
2024-04-25T21:12:18.585 INFO:teuthology.orchestra.run.smithi029.stdout:/usr/bin/ceph: stderr
2024-04-25T21:12:17.589+0000 7f0b28d02700 1 -- 172.21.15.29:0/3817382937 learned_addr learned my addr 172.21.15.29:0/3817382937 (peer_addr_for_me v2:172.21.15.29:0/0)
2024-04-25T21:12:18.585 INFO:teuthology.orchestra.run.smithi029.stdout:/usr/bin/ceph: stderr
2024-04-25T21:12:17.590+0000 7f0b28d02700 1 -- 172.21.15.29:0/3817382937 --> [v2:172.21.15.29:3300/0,v1:172.21.15.29:6789/0] -- mon_subscribe({config=0+,monmap=0+}) -- 0x7f0b2419eb40 con 0x7f0b24107330
2024-04-25T21:12:18.585 INFO:teuthology.orchestra.run.smithi029.stdout:/usr/bin/ceph: stderr
2024-04-25T21:12:17.590+0000 7f0b28d02700 1 --2- 172.21.15.29:0/3817382937 >> [v2:172.21.15.29:3300/0,v1:172.21.15.29:6789/0] conn(0x7f0b24107330 0x7f0b2419e600 secure :-1 s=READY pgs=71 cs=0 l=1 rev1=1 crypto rx=0x7f0b18000c00 tx=0x7f0b18011aa0 comp rx=0 tx=0).ready entity=mon.0 client_cookie=0 server_cookie=0 in_seq=0 out_seq=0
2024-04-25T21:12:18.585 INFO:teuthology.orchestra.run.smithi029.stdout:/usr/bin/ceph: stderr
2024-04-25T21:12:17.590+0000 7f0b21ffb700 1 -- 172.21.15.29:0/3817382937 <== mon.0 v2:172.21.15.29:3300/0 1 ==== mon_map magic: 0 ==== 205+0+0 (secure 0 0 0) 0x7f0b18003aa0 con 0x7f0b24107330
2024-04-25T21:12:18.586 INFO:teuthology.orchestra.run.smithi029.stdout:/usr/bin/ceph: stderr
2024-04-25T21:12:17.590+0000 7f0b2af66700 1 -- 172.21.15.29:0/3817382937 --> [v2:172.21.15.29:3300/0,v1:172.21.15.29:6789/0] -- mon_subscribe({mgrmap=0+}) -- 0x7f0b2419edd0 con 0x7f0b24107330
2024-04-25T21:12:18.586 INFO:teuthology.orchestra.run.smithi029.stdout:/usr/bin/ceph: stderr
2024-04-25T21:12:17.590+0000 7f0b21ffb700 1 -- 172.21.15.29:0/3817382937 <== mon.0 v2:172.21.15.29:3300/0 2 ==== config(26 keys) ==== 1101+0+0 (secure 0 0 0) 0x7f0b1801b8f0 con 0x7f0b24107330
2024-04-25T21:12:18.586 INFO:teuthology.orchestra.run.smithi029.stdout:/usr/bin/ceph: stderr
2024-04-25T21:12:17.590+0000 7f0b21ffb700 1 -- 172.21.15.29:0/3817382937 <== mon.0 v2:172.21.15.29:3300/0 3 ==== mon_map magic: 0 ==== 205+0+0 (secure 0 0 0) 0x7f0b18023890 con 0x7f0b24107330
2024-04-25T21:12:18.586 INFO:teuthology.orchestra.run.smithi029.stdout:/usr/bin/ceph: stderr
2024-04-25T21:12:17.590+0000 7f0b2af66700 1 -- 172.21.15.29:0/3817382937 --> [v2:172.21.15.29:3300/0,v1:172.21.15.29:6789/0] -- mon_subscribe({osdmap=0}) -- 0x7f0b241a1a70 con 0x7f0b24107330
2024-04-25T21:12:18.586 INFO:teuthology.orchestra.run.smithi029.stdout:/usr/bin/ceph: stderr
2024-04-25T21:12:17.591+0000 7f0b21ffb700 1 -- 172.21.15.29:0/3817382937 <== mon.0 v2:172.21.15.29:3300/0 4 ==== mgrmap(e 11) ==== 46465+0+0 (secure 0 0 0) 0x7f0b1802c3f0 con 0x7f0b24107330
2024-04-25T21:12:18.586 INFO:teuthology.orchestra.run.smithi029.stdout:/usr/bin/ceph: stderr
2024-04-25T21:12:17.591+0000 7f0b2af66700 1 -- 172.21.15.29:0/3817382937 --> [v2:172.21.15.29:3300/0,v1:172.21.15.29:6789/0] -- mon_command({"prefix": "get_command_descriptions"} v 0) -- 0x7f0b240640a0 con 0x7f0b24107330
2024-04-25T21:12:18.586 INFO:teuthology.orchestra.run.smithi029.stdout:/usr/bin/ceph: stderr
2024-04-25T21:12:17.592+0000 7f0b21ffb700 1 --2- 172.21.15.29:0/3817382937 >> [v2:172.21.15.29:6800/111363390,v1:172.21.15.29:6801/111363390] conn(0x7f0b140394e0 0x7f0b1403b9a0 unknown :-1 s=NONE pgs=0 cs=0 l=1 rev1=0 crypto rx=0 tx=0 comp rx=0 tx=0).connect
2024-04-25T21:12:18.586 INFO:teuthology.orchestra.run.smithi029.stdout:/usr/bin/ceph: stderr
2024-04-25T21:12:17.592+0000 7f0b21ffb700 1 -- 172.21.15.29:0/3817382937 <== mon.0 v2:172.21.15.29:3300/0 5 ==== osd_map(3..3 src has 1..3) ==== 1155+0+0 (secure 0 0 0) 0x7f0b1804de40 con 0x7f0b24107330
2024-04-25T21:12:18.586 INFO:teuthology.orchestra.run.smithi029.stdout:/usr/bin/ceph: stderr
2024-04-25T21:12:17.592+0000 7f0b23fff700 1 --2- 172.21.15.29:0/3817382937 >> [v2:172.21.15.29:6800/111363390,v1:172.21.15.29:6801/111363390] conn(0x7f0b140394e0 0x7f0b1403b9a0 unknown :-1 s=BANNER_CONNECTING pgs=0 cs=0 l=1 rev1=0 crypto rx=0 tx=0 comp rx=0 tx=0)._handle_peer_banner_payload supported=3 required=0
2024-04-25T21:12:18.586 INFO:teuthology.orchestra.run.smithi029.stdout:/usr/bin/ceph: stderr
2024-04-25T21:12:17.592+0000 7f0b23fff700 1 --2- 172.21.15.29:0/3817382937 >> [v2:172.21.15.29:6800/111363390,v1:172.21.15.29:6801/111363390] conn(0x7f0b140394e0 0x7f0b1403b9a0 secure :-1 s=READY pgs=7 cs=0 l=1 rev1=1 crypto rx=0x7f0b10006fd0 tx=0x7f0b10006e40 comp rx=0 tx=0).ready entity=mgr.14152 client_cookie=0 server_cookie=0 in_seq=0 out_seq=0
2024-04-25T21:12:18.586 INFO:teuthology.orchestra.run.smithi029.stdout:/usr/bin/ceph: stderr
2024-04-25T21:12:17.597+0000 7f0b21ffb700 1 -- 172.21.15.29:0/3817382937 <== mon.0 v2:172.21.15.29:3300/0 6 ==== mon_command_ack([{"prefix": "get_command_descriptions"}]=0 v0) ==== 72+0+188370 (secure 0 0 0) 0x7f0b1801f030 con 0x7f0b24107330
2024-04-25T21:12:18.586 INFO:teuthology.orchestra.run.smithi029.stdout:/usr/bin/ceph: stderr
2024-04-25T21:12:17.681+0000 7f0b21ffb700 1 -- 172.21.15.29:0/3817382937 <== mon.0 v2:172.21.15.29:3300/0 7 ==== mgrmap(e 12) ==== 46571+0+0 (secure 0 0 0) 0x7f0b180193d0 con 0x7f0b24107330
2024-04-25T21:12:18.586 INFO:teuthology.orchestra.run.smithi029.stdout:/usr/bin/ceph: stderr
2024-04-25T21:12:17.816+0000 7f0b2af66700 1 -- 172.21.15.29:0/3817382937 --> [v2:172.21.15.29:6800/111363390,v1:172.21.15.29:6801/111363390] -- mgr_command(tid 0: {"prefix": "dashboard create-self-signed-cert", "target": ["mon-mgr", ""]}) -- 0x7f0b24062e80 con 0x7f0b140394e0
2024-04-25T21:12:18.586 INFO:teuthology.orchestra.run.smithi029.stdout:/usr/bin/ceph: stderr
2024-04-25T21:12:17.947+0000 7f0b21ffb700 1 -- 172.21.15.29:0/3817382937 <== mgr.14152 v2:172.21.15.29:6800/111363390 1 ==== mgr_command_reply(tid 0: 0 ) ==== 8+0+32 (secure 0 0 0) 0x7f0b24062e80 con 0x7f0b140394e0
2024-04-25T21:12:18.587 INFO:teuthology.orchestra.run.smithi029.stdout:/usr/bin/ceph: stderr
2024-04-25T21:12:17.949+0000 7f0b2af66700 1 -- 172.21.15.29:0/3817382937 >> [v2:172.21.15.29:6800/111363390,v1:172.21.15.29:6801/111363390] conn(0x7f0b140394e0 msgr2=0x7f0b1403b9a0 secure :-1 s=STATE_CONNECTION_ESTABLISHED l=1).mark_down
2024-04-25T21:12:18.587 INFO:teuthology.orchestra.run.smithi029.stdout:/usr/bin/ceph: stderr
2024-04-25T21:12:17.949+0000 7f0b2af66700 1 --2- 172.21.15.29:0/3817382937 >> [v2:172.21.15.29:6800/111363390,v1:172.21.15.29:6801/111363390] conn(0x7f0b140394e0 0x7f0b1403b9a0 secure :-1 s=READY pgs=7 cs=0 l=1 rev1=1 crypto rx=0x7f0b10006fd0 tx=0x7f0b10006e40 comp rx=0 tx=0).stop
2024-04-25T21:12:18.587 INFO:teuthology.orchestra.run.smithi029.stdout:/usr/bin/ceph: stderr
2024-04-25T21:12:17.949+0000 7f0b2af66700 1 -- 172.21.15.29:0/3817382937 >> [v2:172.21.15.29:3300/0,v1:172.21.15.29:6789/0] conn(0x7f0b24107330 msgr2=0x7f0b2419e600 secure :-1 s=STATE_CONNECTION_ESTABLISHED l=1).mark_down
2024-04-25T21:12:18.587 INFO:teuthology.orchestra.run.smithi029.stdout:/usr/bin/ceph: stderr
2024-04-25T21:12:17.949+0000 7f0b2af66700 1 --2- 172.21.15.29:0/3817382937 >> [v2:172.21.15.29:3300/0,v1:172.21.15.29:6789/0] conn(0x7f0b24107330 0x7f0b2419e600 secure :-1 s=READY pgs=71 cs=0 l=1 rev1=1 crypto rx=0x7f0b18000c00 tx=0x7f0b18011aa0 comp rx=0 tx=0).stop
2024-04-25T21:12:18.587 INFO:teuthology.orchestra.run.smithi029.stdout:/usr/bin/ceph: stderr
2024-04-25T21:12:17.950+0000 7f0b2af66700 1 -- 172.21.15.29:0/3817382937 shutdown_connections
2024-04-25T21:12:18.587 INFO:teuthology.orchestra.run.smithi029.stdout:/usr/bin/ceph: stderr
2024-04-25T21:12:17.950+0000 7f0b2af66700 1 --2- 172.21.15.29:0/3817382937 >> [v2:172.21.15.29:6800/111363390,v1:172.21.15.29:6801/111363390] conn(0x7f0b140394e0 0x7f0b1403b9a0 unknown :-1 s=CLOSED pgs=7 cs=0 l=1 rev1=1 crypto rx=0 tx=0 comp rx=0 tx=0).stop
2024-04-25T21:12:18.587 INFO:teuthology.orchestra.run.smithi029.stdout:/usr/bin/ceph: stderr
2024-04-25T21:12:17.950+0000 7f0b2af66700 1 --2- 172.21.15.29:0/3817382937 >> [v2:172.21.15.29:3300/0,v1:172.21.15.29:6789/0] conn(0x7f0b24107330 0x7f0b2419e600 unknown :-1 s=CLOSED pgs=71 cs=0 l=1 rev1=1 crypto rx=0 tx=0 comp rx=0 tx=0).stop
2024-04-25T21:12:18.587 INFO:teuthology.orchestra.run.smithi029.stdout:/usr/bin/ceph: stderr
2024-04-25T21:12:17.950+0000 7f0b2af66700 1 -- 172.21.15.29:0/3817382937 >> 172.21.15.29:0/3817382937 conn(0x7f0b241028b0 msgr2=0x7f0b24194c20 unknown :-1 s=STATE_NONE l=0).mark_down
2024-04-25T21:12:18.587 INFO:teuthology.orchestra.run.smithi029.stdout:/usr/bin/ceph: stderr
2024-04-25T21:12:17.950+0000 7f0b2af66700 1 -- 172.21.15.29:0/3817382937 shutdown_connections
2024-04-25T21:12:18.587 INFO:teuthology.orchestra.run.smithi029.stdout:/usr/bin/ceph: stderr
2024-04-25T21:12:17.950+0000 7f0b2af66700 1 -- 172.21.15.29:0/3817382937 wait complete.
2024-04-25T21:12:18.587 INFO:teuthology.orchestra.run.smithi029.stdout:Creating initial admin user...
2024-04-25T21:12:18.836 INFO:journalctl@ceph.mon.a.smithi029.stdout:Apr 25 21:12:18 smithi029 ceph-mon[29343]: mgrmap e12: x(active, since 2s)
2024-04-25T21:12:18.836 INFO:journalctl@ceph.mon.a.smithi029.stdout:Apr 25 21:12:18 smithi029 ceph-mon[29343]: from='mgr.14152 172.21.15.29:0/2872833110' entity='mgr.x'
2024-04-25T21:12:18.836 INFO:journalctl@ceph.mon.a.smithi029.stdout:Apr 25 21:12:18 smithi029 ceph-mon[29343]: from='client.14164 -' entity='client.admin' cmd=[{"prefix": "dashboard create-self-signed-cert", "target": ["mon-mgr", ""]}]: dispatch
2024-04-25T21:12:18.836 INFO:journalctl@ceph.mon.a.smithi029.stdout:Apr 25 21:12:18 smithi029 ceph-mon[29343]: from='mgr.14152 172.21.15.29:0/2872833110' entity='mgr.x'
2024-04-25T21:12:18.836 INFO:journalctl@ceph.mon.a.smithi029.stdout:Apr 25 21:12:18 smithi029 ceph-mon[29343]: from='mgr.14152 172.21.15.29:0/2872833110' entity='mgr.x'
2024-04-25T21:12:20.364 INFO:teuthology.orchestra.run.smithi029.stdout:/usr/bin/ceph: stdout {"username": "admin", "password": "$2b$12$hwV3LiQHY1wBecKK0crWIOngY8LcVqeAvrobzUMmevgei0hgvQ6J.", "roles": ["administrator"], "name": null, "email": null, "lastUpdate": 1714079539, "enabled": true, "pwdExpirationDate": null, "pwdUpdateRequired": true}
2024-04-25T21:12:20.364 INFO:teuthology.orchestra.run.smithi029.stdout:/usr/bin/ceph: stderr
2024-04-25T21:12:19.047+0000 7fe74faaf700 1 Processor -- start
2024-04-25T21:12:20.364 INFO:teuthology.orchestra.run.smithi029.stdout:/usr/bin/ceph: stderr
2024-04-25T21:12:19.047+0000 7fe74faaf700 1 -- start start
2024-04-25T21:12:20.364 INFO:teuthology.orchestra.run.smithi029.stdout:/usr/bin/ceph: stderr
2024-04-25T21:12:19.047+0000 7fe74faaf700 1 --2- >> [v2:172.21.15.29:3300/0,v1:172.21.15.29:6789/0] conn(0x7fe748108f20 0x7fe74810b310 unknown :-1 s=NONE pgs=0 cs=0 l=0 rev1=0 crypto rx=0 tx=0 comp rx=0 tx=0).connect
2024-04-25T21:12:20.364 INFO:teuthology.orchestra.run.smithi029.stdout:/usr/bin/ceph: stderr
2024-04-25T21:12:19.047+0000 7fe74faaf700 1 -- --> [v2:172.21.15.29:3300/0,v1:172.21.15.29:6789/0] -- mon_getmap magic: 0 -- 0x7fe74807be60 con 0x7fe748108f20
2024-04-25T21:12:20.365 INFO:teuthology.orchestra.run.smithi029.stdout:/usr/bin/ceph: stderr
2024-04-25T21:12:19.047+0000 7fe74d84b700 1 --2- >> [v2:172.21.15.29:3300/0,v1:172.21.15.29:6789/0] conn(0x7fe748108f20 0x7fe74810b310 unknown :-1 s=BANNER_CONNECTING pgs=0 cs=0 l=0 rev1=0 crypto rx=0 tx=0 comp rx=0 tx=0)._handle_peer_banner_payload supported=3 required=0
2024-04-25T21:12:20.365 INFO:teuthology.orchestra.run.smithi029.stdout:/usr/bin/ceph: stderr
2024-04-25T21:12:19.047+0000 7fe74d84b700 1 --2- >> [v2:172.21.15.29:3300/0,v1:172.21.15.29:6789/0] conn(0x7fe748108f20 0x7fe74810b310 unknown :-1 s=HELLO_CONNECTING pgs=0 cs=0 l=0 rev1=1 crypto rx=0 tx=0 comp rx=0 tx=0).handle_hello peer v2:172.21.15.29:3300/0 says I am v2:172.21.15.29:38636/0 (socket says 172.21.15.29:38636)
2024-04-25T21:12:20.365 INFO:teuthology.orchestra.run.smithi029.stdout:/usr/bin/ceph: stderr
2024-04-25T21:12:19.047+0000 7fe74d84b700 1 -- 172.21.15.29:0/4201663644 learned_addr learned my addr 172.21.15.29:0/4201663644 (peer_addr_for_me v2:172.21.15.29:0/0)
2024-04-25T21:12:20.365 INFO:teuthology.orchestra.run.smithi029.stdout:/usr/bin/ceph: stderr
2024-04-25T21:12:19.047+0000 7fe74d84b700 1 -- 172.21.15.29:0/4201663644 --> [v2:172.21.15.29:3300/0,v1:172.21.15.29:6789/0] -- mon_subscribe({config=0+,monmap=0+}) -- 0x7fe74810b850 con 0x7fe748108f20
2024-04-25T21:12:20.365 INFO:teuthology.orchestra.run.smithi029.stdout:/usr/bin/ceph: stderr
2024-04-25T21:12:19.048+0000 7fe74d84b700 1 --2- 172.21.15.29:0/4201663644 >> [v2:172.21.15.29:3300/0,v1:172.21.15.29:6789/0] conn(0x7fe748108f20 0x7fe74810b310 secure :-1 s=READY pgs=72 cs=0 l=1 rev1=1 crypto rx=0x7fe7440098a0 tx=0x7fe744009bb0 comp rx=0 tx=0).ready entity=mon.0 client_cookie=da64e90ac46f6eb0 server_cookie=0 in_seq=0 out_seq=0
2024-04-25T21:12:20.365 INFO:teuthology.orchestra.run.smithi029.stdout:/usr/bin/ceph: stderr
2024-04-25T21:12:19.048+0000 7fe74c849700 1 -- 172.21.15.29:0/4201663644 <== mon.0 v2:172.21.15.29:3300/0 1 ==== mon_map magic: 0 ==== 205+0+0 (secure 0 0 0) 0x7fe744004160 con 0x7fe748108f20
2024-04-25T21:12:20.365 INFO:teuthology.orchestra.run.smithi029.stdout:/usr/bin/ceph: stderr
2024-04-25T21:12:19.048+0000 7fe74c849700 1 -- 172.21.15.29:0/4201663644 <== mon.0 v2:172.21.15.29:3300/0 2 ==== config(26 keys) ==== 1101+0+0 (secure 0 0 0) 0x7fe744004300 con 0x7fe748108f20
2024-04-25T21:12:20.365 INFO:teuthology.orchestra.run.smithi029.stdout:/usr/bin/ceph: stderr
2024-04-25T21:12:19.048+0000 7fe74c849700 1 -- 172.21.15.29:0/4201663644 <== mon.0 v2:172.21.15.29:3300/0 3 ==== mon_map magic: 0 ==== 205+0+0 (secure 0 0 0) 0x7fe744011a20 con 0x7fe748108f20
2024-04-25T21:12:20.365 INFO:teuthology.orchestra.run.smithi029.stdout:/usr/bin/ceph: stderr
2024-04-25T21:12:19.048+0000 7fe74faaf700 1 -- 172.21.15.29:0/4201663644 >> [v2:172.21.15.29:3300/0,v1:172.21.15.29:6789/0] conn(0x7fe748108f20 msgr2=0x7fe74810b310 secure :-1 s=STATE_CONNECTION_ESTABLISHED l=1).mark_down
2024-04-25T21:12:20.365 INFO:teuthology.orchestra.run.smithi029.stdout:/usr/bin/ceph: stderr
2024-04-25T21:12:19.048+0000 7fe74faaf700 1 --2- 172.21.15.29:0/4201663644 >> [v2:172.21.15.29:3300/0,v1:172.21.15.29:6789/0] conn(0x7fe748108f20 0x7fe74810b310 secure :-1 s=READY pgs=72 cs=0 l=1 rev1=1 crypto rx=0x7fe7440098a0 tx=0x7fe744009bb0 comp rx=0 tx=0).stop
2024-04-25T21:12:20.365 INFO:teuthology.orchestra.run.smithi029.stdout:/usr/bin/ceph: stderr
2024-04-25T21:12:19.048+0000 7fe74faaf700 1 -- 172.21.15.29:0/4201663644 shutdown_connections
2024-04-25T21:12:20.365 INFO:teuthology.orchestra.run.smithi029.stdout:/usr/bin/ceph: stderr
2024-04-25T21:12:19.048+0000 7fe74faaf700 1 --2- 172.21.15.29:0/4201663644 >> [v2:172.21.15.29:3300/0,v1:172.21.15.29:6789/0] conn(0x7fe748108f20 0x7fe74810b310 unknown :-1 s=CLOSED pgs=72 cs=0 l=1 rev1=1 crypto rx=0 tx=0 comp rx=0 tx=0).stop
2024-04-25T21:12:20.365 INFO:teuthology.orchestra.run.smithi029.stdout:/usr/bin/ceph: stderr
2024-04-25T21:12:19.048+0000 7fe74faaf700 1 -- 172.21.15.29:0/4201663644 >> 172.21.15.29:0/4201663644 conn(0x7fe748102950 msgr2=0x7fe748104d70 unknown :-1 s=STATE_NONE l=0).mark_down
2024-04-25T21:12:20.366 INFO:teuthology.orchestra.run.smithi029.stdout:/usr/bin/ceph: stderr
2024-04-25T21:12:19.049+0000 7fe74faaf700 1 -- 172.21.15.29:0/4201663644 shutdown_connections
2024-04-25T21:12:20.366 INFO:teuthology.orchestra.run.smithi029.stdout:/usr/bin/ceph: stderr
2024-04-25T21:12:19.049+0000 7fe74faaf700 1 -- 172.21.15.29:0/4201663644 wait complete.
2024-04-25T21:12:20.366 INFO:teuthology.orchestra.run.smithi029.stdout:/usr/bin/ceph: stderr
2024-04-25T21:12:19.049+0000 7fe74faaf700 1 Processor -- start
2024-04-25T21:12:20.366 INFO:teuthology.orchestra.run.smithi029.stdout:/usr/bin/ceph: stderr
2024-04-25T21:12:19.049+0000 7fe74faaf700 1 -- start start
2024-04-25T21:12:20.366 INFO:teuthology.orchestra.run.smithi029.stdout:/usr/bin/ceph: stderr
2024-04-25T21:12:19.049+0000 7fe74faaf700 1 --2- >> [v2:172.21.15.29:3300/0,v1:172.21.15.29:6789/0] conn(0x7fe748108f20 0x7fe74819e5c0 unknown :-1 s=NONE pgs=0 cs=0 l=1 rev1=0 crypto rx=0 tx=0 comp rx=0 tx=0).connect
2024-04-25T21:12:20.366 INFO:teuthology.orchestra.run.smithi029.stdout:/usr/bin/ceph: stderr
2024-04-25T21:12:19.049+0000 7fe74faaf700 1 -- --> [v2:172.21.15.29:3300/0,v1:172.21.15.29:6789/0] -- mon_getmap magic: 0 -- 0x7fe74810c800 con 0x7fe748108f20
2024-04-25T21:12:20.366 INFO:teuthology.orchestra.run.smithi029.stdout:/usr/bin/ceph: stderr
2024-04-25T21:12:19.049+0000 7fe74d84b700 1 --2- >> [v2:172.21.15.29:3300/0,v1:172.21.15.29:6789/0] conn(0x7fe748108f20 0x7fe74819e5c0 unknown :-1 s=BANNER_CONNECTING pgs=0 cs=0 l=1 rev1=0 crypto rx=0 tx=0 comp rx=0 tx=0)._handle_peer_banner_payload supported=3 required=0
2024-04-25T21:12:20.366 INFO:teuthology.orchestra.run.smithi029.stdout:/usr/bin/ceph: stderr
2024-04-25T21:12:19.049+0000 7fe74d84b700 1 --2- >> [v2:172.21.15.29:3300/0,v1:172.21.15.29:6789/0] conn(0x7fe748108f20 0x7fe74819e5c0 unknown :-1 s=HELLO_CONNECTING pgs=0 cs=0 l=1 rev1=1 crypto rx=0 tx=0 comp rx=0 tx=0).handle_hello peer v2:172.21.15.29:3300/0 says I am v2:172.21.15.29:38644/0 (socket says 172.21.15.29:38644)
2024-04-25T21:12:20.366 INFO:teuthology.orchestra.run.smithi029.stdout:/usr/bin/ceph: stderr
2024-04-25T21:12:19.049+0000 7fe74d84b700 1 -- 172.21.15.29:0/934015400 learned_addr learned my addr 172.21.15.29:0/934015400 (peer_addr_for_me v2:172.21.15.29:0/0)
2024-04-25T21:12:20.366 INFO:teuthology.orchestra.run.smithi029.stdout:/usr/bin/ceph: stderr
2024-04-25T21:12:19.050+0000 7fe74d84b700 1 -- 172.21.15.29:0/934015400 --> [v2:172.21.15.29:3300/0,v1:172.21.15.29:6789/0] -- mon_subscribe({config=0+,monmap=0+}) -- 0x7fe74819eb00 con 0x7fe748108f20
2024-04-25T21:12:20.366 INFO:teuthology.orchestra.run.smithi029.stdout:/usr/bin/ceph: stderr
2024-04-25T21:12:19.050+0000 7fe74d84b700 1 --2- 172.21.15.29:0/934015400 >> [v2:172.21.15.29:3300/0,v1:172.21.15.29:6789/0] conn(0x7fe748108f20 0x7fe74819e5c0 secure :-1 s=READY pgs=73 cs=0 l=1 rev1=1 crypto rx=0x7fe7440116e0 tx=0x7fe744011aa0 comp rx=0 tx=0).ready entity=mon.0 client_cookie=0 server_cookie=0 in_seq=0 out_seq=0
2024-04-25T21:12:20.366 INFO:teuthology.orchestra.run.smithi029.stdout:/usr/bin/ceph: stderr
2024-04-25T21:12:19.050+0000 7fe73effd700 1 -- 172.21.15.29:0/934015400 <== mon.0 v2:172.21.15.29:3300/0 1 ==== mon_map magic: 0 ==== 205+0+0 (secure 0 0 0) 0x7fe744003b20 con 0x7fe748108f20
2024-04-25T21:12:20.366 INFO:teuthology.orchestra.run.smithi029.stdout:/usr/bin/ceph: stderr
2024-04-25T21:12:19.050+0000 7fe73effd700 1 -- 172.21.15.29:0/934015400 <== mon.0 v2:172.21.15.29:3300/0 2 ==== config(26 keys) ==== 1101+0+0 (secure 0 0 0) 0x7fe74401b8f0 con 0x7fe748108f20
2024-04-25T21:12:20.366 INFO:teuthology.orchestra.run.smithi029.stdout:/usr/bin/ceph: stderr
2024-04-25T21:12:19.050+0000 7fe74faaf700 1 -- 172.21.15.29:0/934015400 --> [v2:172.21.15.29:3300/0,v1:172.21.15.29:6789/0] -- mon_subscribe({mgrmap=0+}) -- 0x7fe74819ed90 con 0x7fe748108f20
2024-04-25T21:12:20.367 INFO:teuthology.orchestra.run.smithi029.stdout:/usr/bin/ceph: stderr
2024-04-25T21:12:19.050+0000 7fe73effd700 1 -- 172.21.15.29:0/934015400 <== mon.0 v2:172.21.15.29:3300/0 3 ==== mon_map magic: 0 ==== 205+0+0 (secure 0 0 0) 0x7fe7440238c0 con 0x7fe748108f20
2024-04-25T21:12:20.367 INFO:teuthology.orchestra.run.smithi029.stdout:/usr/bin/ceph: stderr
2024-04-25T21:12:19.050+0000 7fe74faaf700 1 -- 172.21.15.29:0/934015400 --> [v2:172.21.15.29:3300/0,v1:172.21.15.29:6789/0] -- mon_subscribe({osdmap=0}) -- 0x7fe7481a1a30 con 0x7fe748108f20
2024-04-25T21:12:20.367 INFO:teuthology.orchestra.run.smithi029.stdout:/usr/bin/ceph: stderr
2024-04-25T21:12:19.051+0000 7fe73effd700 1 -- 172.21.15.29:0/934015400 <== mon.0 v2:172.21.15.29:3300/0 4 ==== mgrmap(e 12) ==== 46571+0+0 (secure 0 0 0) 0x7fe74401b440 con 0x7fe748108f20
2024-04-25T21:12:20.367 INFO:teuthology.orchestra.run.smithi029.stdout:/usr/bin/ceph: stderr
