2024-04-26T01:27:52.018 INFO:journalctl@ceph.mon.a.smithi028.stdout:Apr 26 01:27:51 smithi028 ceph-mon[28247]: from='mgr.14120 172.21.15.28:0/1290246631' entity='mgr.x' cmd=[{"prefix": "config dump", "format": "json"}]: dispatch
2024-04-26T01:27:53.030 INFO:journalctl@ceph.mon.a.smithi028.stdout:Apr 26 01:27:52 smithi028 ceph-mon[28247]: mgrmap e8: x(active, since 2s)
2024-04-26T01:27:53.030 INFO:journalctl@ceph.mon.a.smithi028.stdout:Apr 26 01:27:52 smithi028 ceph-mon[28247]: from='client.14132 -' entity='client.admin' cmd=[{"prefix": "orch set backend", "module_name": "cephadm", "target": ["mon-mgr", ""]}]: dispatch
2024-04-26T01:27:53.030 INFO:journalctl@ceph.mon.a.smithi028.stdout:Apr 26 01:27:52 smithi028 ceph-mon[28247]: from='mgr.14120 172.21.15.28:0/1290246631' entity='mgr.x'
2024-04-26T01:27:53.030 INFO:journalctl@ceph.mon.a.smithi028.stdout:Apr 26 01:27:52 smithi028 ceph-mon[28247]: from='mgr.14120 172.21.15.28:0/1290246631' entity='mgr.x' cmd=[{"prefix": "config dump", "format": "json"}]: dispatch
2024-04-26T01:27:53.042 INFO:teuthology.orchestra.run.smithi028.stdout:/usr/bin/ceph: stderr
2024-04-26T01:27:52.067+0000 7f4ba4e00700 1 Processor -- start
2024-04-26T01:27:53.042 INFO:teuthology.orchestra.run.smithi028.stdout:/usr/bin/ceph: stderr
2024-04-26T01:27:52.067+0000 7f4ba4e00700 1 -- start start
2024-04-26T01:27:53.042 INFO:teuthology.orchestra.run.smithi028.stdout:/usr/bin/ceph: stderr
2024-04-26T01:27:52.068+0000 7f4ba4e00700 1 --2- >> [v2:172.21.15.28:3300/0,v1:172.21.15.28:6789/0] conn(0x7f4ba0108300 0x7f4ba0108720 unknown :-1 s=NONE pgs=0 cs=0 l=0 rev1=0 crypto rx=0 tx=0 comp rx=0 tx=0).connect
2024-04-26T01:27:53.042 INFO:teuthology.orchestra.run.smithi028.stdout:/usr/bin/ceph: stderr
2024-04-26T01:27:52.068+0000 7f4ba4e00700 1 -- --> [v2:172.21.15.28:3300/0,v1:172.21.15.28:6789/0] -- mon_getmap magic: 0 -- 0x7f4ba0108cf0 con 0x7f4ba0108300
2024-04-26T01:27:53.047 INFO:teuthology.orchestra.run.smithi028.stdout:/usr/bin/ceph: stderr
2024-04-26T01:27:52.068+0000 7f4b9de00700 1 --2- >> [v2:172.21.15.28:3300/0,v1:172.21.15.28:6789/0] conn(0x7f4ba0108300 0x7f4ba0108720 unknown :-1 s=BANNER_CONNECTING pgs=0 cs=0 l=0 rev1=0 crypto rx=0 tx=0 comp rx=0 tx=0)._handle_peer_banner_payload supported=3 required=0
2024-04-26T01:27:53.047 INFO:teuthology.orchestra.run.smithi028.stdout:/usr/bin/ceph: stderr
2024-04-26T01:27:52.068+0000 7f4b9de00700 1 --2- >> [v2:172.21.15.28:3300/0,v1:172.21.15.28:6789/0] conn(0x7f4ba0108300 0x7f4ba0108720 unknown :-1 s=HELLO_CONNECTING pgs=0 cs=0 l=0 rev1=1 crypto rx=0 tx=0 comp rx=0 tx=0).handle_hello peer v2:172.21.15.28:3300/0 says I am v2:172.21.15.28:53496/0 (socket says 172.21.15.28:53496)
2024-04-26T01:27:53.047 INFO:teuthology.orchestra.run.smithi028.stdout:/usr/bin/ceph: stderr
2024-04-26T01:27:52.068+0000 7f4b9de00700 1 -- 172.21.15.28:0/2460901471 learned_addr learned my addr 172.21.15.28:0/2460901471 (peer_addr_for_me v2:172.21.15.28:0/0)
2024-04-26T01:27:53.047 INFO:teuthology.orchestra.run.smithi028.stdout:/usr/bin/ceph: stderr
2024-04-26T01:27:52.069+0000 7f4b9de00700 1 -- 172.21.15.28:0/2460901471 --> [v2:172.21.15.28:3300/0,v1:172.21.15.28:6789/0] -- mon_subscribe({config=0+,monmap=0+}) -- 0x7f4ba0109500 con 0x7f4ba0108300
2024-04-26T01:27:53.047 INFO:teuthology.orchestra.run.smithi028.stdout:/usr/bin/ceph: stderr
2024-04-26T01:27:52.069+0000 7f4b9de00700 1 --2- 172.21.15.28:0/2460901471 >> [v2:172.21.15.28:3300/0,v1:172.21.15.28:6789/0] conn(0x7f4ba0108300 0x7f4ba0108720 secure :-1 s=READY pgs=37 cs=0 l=1 rev1=1 crypto rx=0x7f4b900098a0 tx=0x7f4b90009bb0 comp rx=0 tx=0).ready entity=mon.0 client_cookie=1a6196981045aca6 server_cookie=0 in_seq=0 out_seq=0
2024-04-26T01:27:53.048 INFO:teuthology.orchestra.run.smithi028.stdout:/usr/bin/ceph: stderr
2024-04-26T01:27:52.070+0000 7f4b9d400700 1 -- 172.21.15.28:0/2460901471 <== mon.0 v2:172.21.15.28:3300/0 1 ==== mon_map magic: 0 ==== 205+0+0 (secure 0 0 0) 0x7f4b90004160 con 0x7f4ba0108300
2024-04-26T01:27:53.048 INFO:teuthology.orchestra.run.smithi028.stdout:/usr/bin/ceph: stderr
2024-04-26T01:27:52.070+0000 7f4b9d400700 1 -- 172.21.15.28:0/2460901471 <== mon.0 v2:172.21.15.28:3300/0 2 ==== config(26 keys) ==== 1070+0+0 (secure 0 0 0) 0x7f4b90004300 con 0x7f4ba0108300
2024-04-26T01:27:53.048 INFO:teuthology.orchestra.run.smithi028.stdout:/usr/bin/ceph: stderr
2024-04-26T01:27:52.070+0000 7f4b9d400700 1 -- 172.21.15.28:0/2460901471 <== mon.0 v2:172.21.15.28:3300/0 3 ==== mon_map magic: 0 ==== 205+0+0 (secure 0 0 0) 0x7f4b90011af0 con 0x7f4ba0108300
2024-04-26T01:27:53.048 INFO:teuthology.orchestra.run.smithi028.stdout:/usr/bin/ceph: stderr
2024-04-26T01:27:52.070+0000 7f4ba4e00700 1 -- 172.21.15.28:0/2460901471 >> [v2:172.21.15.28:3300/0,v1:172.21.15.28:6789/0] conn(0x7f4ba0108300 msgr2=0x7f4ba0108720 secure :-1 s=STATE_CONNECTION_ESTABLISHED l=1).mark_down
2024-04-26T01:27:53.048 INFO:teuthology.orchestra.run.smithi028.stdout:/usr/bin/ceph: stderr
2024-04-26T01:27:52.070+0000 7f4ba4e00700 1 --2- 172.21.15.28:0/2460901471 >> [v2:172.21.15.28:3300/0,v1:172.21.15.28:6789/0] conn(0x7f4ba0108300 0x7f4ba0108720 secure :-1 s=READY pgs=37 cs=0 l=1 rev1=1 crypto rx=0x7f4b900098a0 tx=0x7f4b90009bb0 comp rx=0 tx=0).stop
2024-04-26T01:27:53.048 INFO:teuthology.orchestra.run.smithi028.stdout:/usr/bin/ceph: stderr
2024-04-26T01:27:52.070+0000 7f4ba4e00700 1 -- 172.21.15.28:0/2460901471 shutdown_connections
2024-04-26T01:27:53.048 INFO:teuthology.orchestra.run.smithi028.stdout:/usr/bin/ceph: stderr
2024-04-26T01:27:52.070+0000 7f4ba4e00700 1 --2- 172.21.15.28:0/2460901471 >> [v2:172.21.15.28:3300/0,v1:172.21.15.28:6789/0] conn(0x7f4ba0108300 0x7f4ba0108720 unknown :-1 s=CLOSED pgs=37 cs=0 l=1 rev1=1 crypto rx=0 tx=0 comp rx=0 tx=0).stop
2024-04-26T01:27:53.048 INFO:teuthology.orchestra.run.smithi028.stdout:/usr/bin/ceph: stderr
2024-04-26T01:27:52.070+0000 7f4ba4e00700 1 -- 172.21.15.28:0/2460901471 >> 172.21.15.28:0/2460901471 conn(0x7f4ba01038e0 msgr2=0x7f4ba0105d00 unknown :-1 s=STATE_NONE l=0).mark_down
2024-04-26T01:27:53.048 INFO:teuthology.orchestra.run.smithi028.stdout:/usr/bin/ceph: stderr
2024-04-26T01:27:52.071+0000 7f4ba4e00700 1 -- 172.21.15.28:0/2460901471 shutdown_connections
2024-04-26T01:27:53.048 INFO:teuthology.orchestra.run.smithi028.stdout:/usr/bin/ceph: stderr
2024-04-26T01:27:52.071+0000 7f4ba4e00700 1 -- 172.21.15.28:0/2460901471 wait complete.
2024-04-26T01:27:53.048 INFO:teuthology.orchestra.run.smithi028.stdout:/usr/bin/ceph: stderr
2024-04-26T01:27:52.072+0000 7f4ba4e00700 1 Processor -- start
2024-04-26T01:27:53.048 INFO:teuthology.orchestra.run.smithi028.stdout:/usr/bin/ceph: stderr
2024-04-26T01:27:52.072+0000 7f4ba4e00700 1 -- start start
2024-04-26T01:27:53.048 INFO:teuthology.orchestra.run.smithi028.stdout:/usr/bin/ceph: stderr
2024-04-26T01:27:52.072+0000 7f4ba4e00700 1 --2- >> [v2:172.21.15.28:3300/0,v1:172.21.15.28:6789/0] conn(0x7f4ba0108300 0x7f4ba019e3f0 unknown :-1 s=NONE pgs=0 cs=0 l=1 rev1=0 crypto rx=0 tx=0 comp rx=0 tx=0).connect
2024-04-26T01:27:53.048 INFO:teuthology.orchestra.run.smithi028.stdout:/usr/bin/ceph: stderr
2024-04-26T01:27:52.072+0000 7f4ba4e00700 1 -- --> [v2:172.21.15.28:3300/0,v1:172.21.15.28:6789/0] -- mon_getmap magic: 0 -- 0x7f4ba010c8b0 con 0x7f4ba0108300
2024-04-26T01:27:53.049 INFO:teuthology.orchestra.run.smithi028.stdout:/usr/bin/ceph: stderr
2024-04-26T01:27:52.072+0000 7f4b9de00700 1 --2- >> [v2:172.21.15.28:3300/0,v1:172.21.15.28:6789/0] conn(0x7f4ba0108300 0x7f4ba019e3f0 unknown :-1 s=BANNER_CONNECTING pgs=0 cs=0 l=1 rev1=0 crypto rx=0 tx=0 comp rx=0 tx=0)._handle_peer_banner_payload supported=3 required=0
2024-04-26T01:27:53.049 INFO:teuthology.orchestra.run.smithi028.stdout:/usr/bin/ceph: stderr
2024-04-26T01:27:52.072+0000 7f4b9de00700 1 --2- >> [v2:172.21.15.28:3300/0,v1:172.21.15.28:6789/0] conn(0x7f4ba0108300 0x7f4ba019e3f0 unknown :-1 s=HELLO_CONNECTING pgs=0 cs=0 l=1 rev1=1 crypto rx=0 tx=0 comp rx=0 tx=0).handle_hello peer v2:172.21.15.28:3300/0 says I am v2:172.21.15.28:53508/0 (socket says 172.21.15.28:53508)
2024-04-26T01:27:53.049 INFO:teuthology.orchestra.run.smithi028.stdout:/usr/bin/ceph: stderr
2024-04-26T01:27:52.072+0000 7f4b9de00700 1 -- 172.21.15.28:0/1114206443 learned_addr learned my addr 172.21.15.28:0/1114206443 (peer_addr_for_me v2:172.21.15.28:0/0)
2024-04-26T01:27:53.049 INFO:teuthology.orchestra.run.smithi028.stdout:/usr/bin/ceph: stderr
2024-04-26T01:27:52.073+0000 7f4b9de00700 1 -- 172.21.15.28:0/1114206443 --> [v2:172.21.15.28:3300/0,v1:172.21.15.28:6789/0] -- mon_subscribe({config=0+,monmap=0+}) -- 0x7f4ba019e930 con 0x7f4ba0108300
2024-04-26T01:27:53.049 INFO:teuthology.orchestra.run.smithi028.stdout:/usr/bin/ceph: stderr
2024-04-26T01:27:52.073+0000 7f4b9de00700 1 --2- 172.21.15.28:0/1114206443 >> [v2:172.21.15.28:3300/0,v1:172.21.15.28:6789/0] conn(0x7f4ba0108300 0x7f4ba019e3f0 secure :-1 s=READY pgs=38 cs=0 l=1 rev1=1 crypto rx=0x7f4b90000c00 tx=0x7f4b90011b70 comp rx=0 tx=0).ready entity=mon.0 client_cookie=0 server_cookie=0 in_seq=0 out_seq=0
2024-04-26T01:27:53.049 INFO:teuthology.orchestra.run.smithi028.stdout:/usr/bin/ceph: stderr
2024-04-26T01:27:52.073+0000 7f4b96a00700 1 -- 172.21.15.28:0/1114206443 <== mon.0 v2:172.21.15.28:3300/0 1 ==== mon_map magic: 0 ==== 205+0+0 (secure 0 0 0) 0x7f4b90003b20 con 0x7f4ba0108300
2024-04-26T01:27:53.049 INFO:teuthology.orchestra.run.smithi028.stdout:/usr/bin/ceph: stderr
2024-04-26T01:27:52.073+0000 7f4b96a00700 1 -- 172.21.15.28:0/1114206443 <== mon.0 v2:172.21.15.28:3300/0 2 ==== config(26 keys) ==== 1070+0+0 (secure 0 0 0) 0x7f4b9001a8c0 con 0x7f4ba0108300
2024-04-26T01:27:53.049 INFO:teuthology.orchestra.run.smithi028.stdout:/usr/bin/ceph: stderr
2024-04-26T01:27:52.073+0000 7f4ba4e00700 1 -- 172.21.15.28:0/1114206443 --> [v2:172.21.15.28:3300/0,v1:172.21.15.28:6789/0] -- mon_subscribe({mgrmap=0+}) -- 0x7f4ba019ebc0 con 0x7f4ba0108300
2024-04-26T01:27:53.049 INFO:teuthology.orchestra.run.smithi028.stdout:/usr/bin/ceph: stderr
2024-04-26T01:27:52.073+0000 7f4b96a00700 1 -- 172.21.15.28:0/1114206443 <== mon.0 v2:172.21.15.28:3300/0 3 ==== mon_map magic: 0 ==== 205+0+0 (secure 0 0 0) 0x7f4b90024940 con 0x7f4ba0108300
2024-04-26T01:27:53.049 INFO:teuthology.orchestra.run.smithi028.stdout:/usr/bin/ceph: stderr
2024-04-26T01:27:52.074+0000 7f4ba4e00700 1 -- 172.21.15.28:0/1114206443 --> [v2:172.21.15.28:3300/0,v1:172.21.15.28:6789/0] -- mon_subscribe({osdmap=0}) -- 0x7f4ba01a18b0 con 0x7f4ba0108300
2024-04-26T01:27:53.049 INFO:teuthology.orchestra.run.smithi028.stdout:/usr/bin/ceph: stderr
2024-04-26T01:27:52.075+0000 7f4ba4e00700 1 -- 172.21.15.28:0/1114206443 --> [v2:172.21.15.28:3300/0,v1:172.21.15.28:6789/0] -- mon_command({"prefix": "get_command_descriptions"} v 0) -- 0x7f4ba00640a0 con 0x7f4ba0108300
2024-04-26T01:27:53.049 INFO:teuthology.orchestra.run.smithi028.stdout:/usr/bin/ceph: stderr
2024-04-26T01:27:52.075+0000 7f4b96a00700 1 -- 172.21.15.28:0/1114206443 <== mon.0 v2:172.21.15.28:3300/0 4 ==== mgrmap(e 8) ==== 46558+0+0 (secure 0 0 0) 0x7f4b90022020 con 0x7f4ba0108300
2024-04-26T01:27:53.049 INFO:teuthology.orchestra.run.smithi028.stdout:/usr/bin/ceph: stderr
2024-04-26T01:27:52.075+0000 7f4b96a00700 1 --2- 172.21.15.28:0/1114206443 >> [v2:172.21.15.28:6800/2991743583,v1:172.21.15.28:6801/2991743583] conn(0x7f4b840396c0 0x7f4b8403bb80 unknown :-1 s=NONE pgs=0 cs=0 l=1 rev1=0 crypto rx=0 tx=0 comp rx=0 tx=0).connect
2024-04-26T01:27:53.050 INFO:teuthology.orchestra.run.smithi028.stdout:/usr/bin/ceph: stderr
2024-04-26T01:27:52.075+0000 7f4b96a00700 1 -- 172.21.15.28:0/1114206443 <== mon.0 v2:172.21.15.28:3300/0 5 ==== osd_map(2..2 src has 1..2) ==== 940+0+0 (secure 0 0 0) 0x7f4b9004d8a0 con 0x7f4ba0108300
2024-04-26T01:27:53.050 INFO:teuthology.orchestra.run.smithi028.stdout:/usr/bin/ceph: stderr
2024-04-26T01:27:52.076+0000 7f4b97e00700 1 --2- 172.21.15.28:0/1114206443 >> [v2:172.21.15.28:6800/2991743583,v1:172.21.15.28:6801/2991743583] conn(0x7f4b840396c0 0x7f4b8403bb80 unknown :-1 s=BANNER_CONNECTING pgs=0 cs=0 l=1 rev1=0 crypto rx=0 tx=0 comp rx=0 tx=0)._handle_peer_banner_payload supported=3 required=0
2024-04-26T01:27:53.050 INFO:teuthology.orchestra.run.smithi028.stdout:/usr/bin/ceph: stderr
2024-04-26T01:27:52.076+0000 7f4b97e00700 1 --2- 172.21.15.28:0/1114206443 >> [v2:172.21.15.28:6800/2991743583,v1:172.21.15.28:6801/2991743583] conn(0x7f4b840396c0 0x7f4b8403bb80 secure :-1 s=READY pgs=7 cs=0 l=1 rev1=1 crypto rx=0x7f4b88006fd0 tx=0x7f4b88006e40 comp rx=0 tx=0).ready entity=mgr.14120 client_cookie=0 server_cookie=0 in_seq=0 out_seq=0
2024-04-26T01:27:53.050 INFO:teuthology.orchestra.run.smithi028.stdout:/usr/bin/ceph: stderr
2024-04-26T01:27:52.082+0000 7f4b96a00700 1 -- 172.21.15.28:0/1114206443 <== mon.0 v2:172.21.15.28:3300/0 6 ==== mon_command_ack([{"prefix": "get_command_descriptions"}]=0 v0) ==== 72+0+188370 (secure 0 0 0) 0x7f4b9000be50 con 0x7f4ba0108300
2024-04-26T01:27:53.050 INFO:teuthology.orchestra.run.smithi028.stdout:/usr/bin/ceph: stderr
2024-04-26T01:27:52.323+0000 7f4ba4e00700 1 -- 172.21.15.28:0/1114206443 --> [v2:172.21.15.28:6800/2991743583,v1:172.21.15.28:6801/2991743583] -- mgr_command(tid 0: {"prefix": "orch set backend", "module_name": "cephadm", "target": ["mon-mgr", ""]}) -- 0x7f4ba01049f0 con 0x7f4b840396c0
2024-04-26T01:27:53.050 INFO:teuthology.orchestra.run.smithi028.stdout:/usr/bin/ceph: stderr
2024-04-26T01:27:52.333+0000 7f4b96a00700 1 -- 172.21.15.28:0/1114206443 <== mgr.14120 v2:172.21.15.28:6800/2991743583 1 ==== mgr_command_reply(tid 0: 0 ) ==== 8+0+0 (secure 0 0 0) 0x7f4ba01049f0 con 0x7f4b840396c0
2024-04-26T01:27:53.050 INFO:teuthology.orchestra.run.smithi028.stdout:/usr/bin/ceph: stderr
2024-04-26T01:27:52.335+0000 7f4ba4e00700 1 -- 172.21.15.28:0/1114206443 >> [v2:172.21.15.28:6800/2991743583,v1:172.21.15.28:6801/2991743583] conn(0x7f4b840396c0 msgr2=0x7f4b8403bb80 secure :-1 s=STATE_CONNECTION_ESTABLISHED l=1).mark_down
2024-04-26T01:27:53.050 INFO:teuthology.orchestra.run.smithi028.stdout:/usr/bin/ceph: stderr
2024-04-26T01:27:52.335+0000 7f4ba4e00700 1 --2- 172.21.15.28:0/1114206443 >> [v2:172.21.15.28:6800/2991743583,v1:172.21.15.28:6801/2991743583] conn(0x7f4b840396c0 0x7f4b8403bb80 secure :-1 s=READY pgs=7 cs=0 l=1 rev1=1 crypto rx=0x7f4b88006fd0 tx=0x7f4b88006e40 comp rx=0 tx=0).stop
2024-04-26T01:27:53.050 INFO:teuthology.orchestra.run.smithi028.stdout:/usr/bin/ceph: stderr
2024-04-26T01:27:52.335+0000 7f4ba4e00700 1 -- 172.21.15.28:0/1114206443 >> [v2:172.21.15.28:3300/0,v1:172.21.15.28:6789/0] conn(0x7f4ba0108300 msgr2=0x7f4ba019e3f0 secure :-1 s=STATE_CONNECTION_ESTABLISHED l=1).mark_down
2024-04-26T01:27:53.050 INFO:teuthology.orchestra.run.smithi028.stdout:/usr/bin/ceph: stderr
2024-04-26T01:27:52.335+0000 7f4ba4e00700 1 --2- 172.21.15.28:0/1114206443 >> [v2:172.21.15.28:3300/0,v1:172.21.15.28:6789/0] conn(0x7f4ba0108300 0x7f4ba019e3f0 secure :-1 s=READY pgs=38 cs=0 l=1 rev1=1 crypto rx=0x7f4b90000c00 tx=0x7f4b90011b70 comp rx=0 tx=0).stop
2024-04-26T01:27:53.050 INFO:teuthology.orchestra.run.smithi028.stdout:/usr/bin/ceph: stderr
2024-04-26T01:27:52.336+0000 7f4ba4e00700 1 -- 172.21.15.28:0/1114206443 shutdown_connections
2024-04-26T01:27:53.050 INFO:teuthology.orchestra.run.smithi028.stdout:/usr/bin/ceph: stderr
2024-04-26T01:27:52.336+0000 7f4ba4e00700 1 --2- 172.21.15.28:0/1114206443 >> [v2:172.21.15.28:6800/2991743583,v1:172.21.15.28:6801/2991743583] conn(0x7f4b840396c0 0x7f4b8403bb80 unknown :-1 s=CLOSED pgs=7 cs=0 l=1 rev1=1 crypto rx=0 tx=0 comp rx=0 tx=0).stop
2024-04-26T01:27:53.051 INFO:teuthology.orchestra.run.smithi028.stdout:/usr/bin/ceph: stderr
2024-04-26T01:27:52.336+0000 7f4ba4e00700 1 --2- 172.21.15.28:0/1114206443 >> [v2:172.21.15.28:3300/0,v1:172.21.15.28:6789/0] conn(0x7f4ba0108300 0x7f4ba019e3f0 unknown :-1 s=CLOSED pgs=38 cs=0 l=1 rev1=1 crypto rx=0 tx=0 comp rx=0 tx=0).stop
2024-04-26T01:27:53.051 INFO:teuthology.orchestra.run.smithi028.stdout:/usr/bin/ceph: stderr
2024-04-26T01:27:52.336+0000 7f4ba4e00700 1 -- 172.21.15.28:0/1114206443 >> 172.21.15.28:0/1114206443 conn(0x7f4ba01038e0 msgr2=0x7f4ba01042e0 unknown :-1 s=STATE_NONE l=0).mark_down
2024-04-26T01:27:53.051 INFO:teuthology.orchestra.run.smithi028.stdout:/usr/bin/ceph: stderr
2024-04-26T01:27:52.336+0000 7f4ba4e00700 1 -- 172.21.15.28:0/1114206443 shutdown_connections
2024-04-26T01:27:53.051 INFO:teuthology.orchestra.run.smithi028.stdout:/usr/bin/ceph: stderr
2024-04-26T01:27:52.336+0000 7f4ba4e00700 1 -- 172.21.15.28:0/1114206443 wait complete.
2024-04-26T01:27:54.578 INFO:teuthology.orchestra.run.smithi028.stdout:/usr/bin/ceph: stdout value unchanged
2024-04-26T01:27:54.578 INFO:teuthology.orchestra.run.smithi028.stdout:/usr/bin/ceph: stderr
2024-04-26T01:27:53.667+0000 7f218ca00700 1 Processor -- start
2024-04-26T01:27:54.578 INFO:teuthology.orchestra.run.smithi028.stdout:/usr/bin/ceph: stderr
2024-04-26T01:27:53.668+0000 7f218ca00700 1 -- start start
2024-04-26T01:27:54.579 INFO:teuthology.orchestra.run.smithi028.stdout:/usr/bin/ceph: stderr
2024-04-26T01:27:53.668+0000 7f218ca00700 1 --2- >> [v2:172.21.15.28:3300/0,v1:172.21.15.28:6789/0] conn(0x7f2188108300 0x7f2188108720 unknown :-1 s=NONE pgs=0 cs=0 l=0 rev1=0 crypto rx=0 tx=0 comp rx=0 tx=0).connect
2024-04-26T01:27:54.579 INFO:teuthology.orchestra.run.smithi028.stdout:/usr/bin/ceph: stderr
2024-04-26T01:27:53.668+0000 7f218ca00700 1 -- --> [v2:172.21.15.28:3300/0,v1:172.21.15.28:6789/0] -- mon_getmap magic: 0 -- 0x7f2188108cf0 con 0x7f2188108300
2024-04-26T01:27:54.579 INFO:teuthology.orchestra.run.smithi028.stdout:/usr/bin/ceph: stderr
2024-04-26T01:27:53.669+0000 7f2185e00700 1 --2- >> [v2:172.21.15.28:3300/0,v1:172.21.15.28:6789/0] conn(0x7f2188108300 0x7f2188108720 unknown :-1 s=BANNER_CONNECTING pgs=0 cs=0 l=0 rev1=0 crypto rx=0 tx=0 comp rx=0 tx=0)._handle_peer_banner_payload supported=3 required=0
2024-04-26T01:27:54.579 INFO:teuthology.orchestra.run.smithi028.stdout:/usr/bin/ceph: stderr
2024-04-26T01:27:53.669+0000 7f2185e00700 1 --2- >> [v2:172.21.15.28:3300/0,v1:172.21.15.28:6789/0] conn(0x7f2188108300 0x7f2188108720 unknown :-1 s=HELLO_CONNECTING pgs=0 cs=0 l=0 rev1=1 crypto rx=0 tx=0 comp rx=0 tx=0).handle_hello peer v2:172.21.15.28:3300/0 says I am v2:172.21.15.28:53520/0 (socket says 172.21.15.28:53520)
2024-04-26T01:27:54.579 INFO:teuthology.orchestra.run.smithi028.stdout:/usr/bin/ceph: stderr
2024-04-26T01:27:53.669+0000 7f2185e00700 1 -- 172.21.15.28:0/3513826178 learned_addr learned my addr 172.21.15.28:0/3513826178 (peer_addr_for_me v2:172.21.15.28:0/0)
2024-04-26T01:27:54.580 INFO:teuthology.orchestra.run.smithi028.stdout:/usr/bin/ceph: stderr
2024-04-26T01:27:53.670+0000 7f2185e00700 1 -- 172.21.15.28:0/3513826178 --> [v2:172.21.15.28:3300/0,v1:172.21.15.28:6789/0] -- mon_subscribe({config=0+,monmap=0+}) -- 0x7f2188109500 con 0x7f2188108300
2024-04-26T01:27:54.580 INFO:teuthology.orchestra.run.smithi028.stdout:/usr/bin/ceph: stderr
2024-04-26T01:27:53.670+0000 7f2185e00700 1 --2- 172.21.15.28:0/3513826178 >> [v2:172.21.15.28:3300/0,v1:172.21.15.28:6789/0] conn(0x7f2188108300 0x7f2188108720 secure :-1 s=READY pgs=39 cs=0 l=1 rev1=1 crypto rx=0x7f21780098a0 tx=0x7f2178009bb0 comp rx=0 tx=0).ready entity=mon.0 client_cookie=c6618bb942b56a74 server_cookie=0 in_seq=0 out_seq=0
2024-04-26T01:27:54.580 INFO:teuthology.orchestra.run.smithi028.stdout:/usr/bin/ceph: stderr
2024-04-26T01:27:53.670+0000 7f2185400700 1 -- 172.21.15.28:0/3513826178 <== mon.0 v2:172.21.15.28:3300/0 1 ==== mon_map magic: 0 ==== 205+0+0 (secure 0 0 0) 0x7f2178004160 con 0x7f2188108300
2024-04-26T01:27:54.580 INFO:teuthology.orchestra.run.smithi028.stdout:/usr/bin/ceph: stderr
2024-04-26T01:27:53.670+0000 7f2185400700 1 -- 172.21.15.28:0/3513826178 <== mon.0 v2:172.21.15.28:3300/0 2 ==== config(26 keys) ==== 1070+0+0 (secure 0 0 0) 0x7f2178004300 con 0x7f2188108300
2024-04-26T01:27:54.581 INFO:teuthology.orchestra.run.smithi028.stdout:/usr/bin/ceph: stderr
2024-04-26T01:27:53.670+0000 7f2185400700 1 -- 172.21.15.28:0/3513826178 <== mon.0 v2:172.21.15.28:3300/0 3 ==== mon_map magic: 0 ==== 205+0+0 (secure 0 0 0) 0x7f2178011af0 con 0x7f2188108300
2024-04-26T01:27:54.581 INFO:teuthology.orchestra.run.smithi028.stdout:/usr/bin/ceph: stderr
2024-04-26T01:27:53.671+0000 7f218ca00700 1 -- 172.21.15.28:0/3513826178 >> [v2:172.21.15.28:3300/0,v1:172.21.15.28:6789/0] conn(0x7f2188108300 msgr2=0x7f2188108720 secure :-1 s=STATE_CONNECTION_ESTABLISHED l=1).mark_down
2024-04-26T01:27:54.581 INFO:teuthology.orchestra.run.smithi028.stdout:/usr/bin/ceph: stderr
2024-04-26T01:27:53.671+0000 7f218ca00700 1 --2- 172.21.15.28:0/3513826178 >> [v2:172.21.15.28:3300/0,v1:172.21.15.28:6789/0] conn(0x7f2188108300 0x7f2188108720 secure :-1 s=READY pgs=39 cs=0 l=1 rev1=1 crypto rx=0x7f21780098a0 tx=0x7f2178009bb0 comp rx=0 tx=0).stop
2024-04-26T01:27:54.582 INFO:teuthology.orchestra.run.smithi028.stdout:/usr/bin/ceph: stderr
2024-04-26T01:27:53.671+0000 7f218ca00700 1 -- 172.21.15.28:0/3513826178 shutdown_connections
2024-04-26T01:27:54.582 INFO:teuthology.orchestra.run.smithi028.stdout:/usr/bin/ceph: stderr
2024-04-26T01:27:53.671+0000 7f218ca00700 1 --2- 172.21.15.28:0/3513826178 >> [v2:172.21.15.28:3300/0,v1:172.21.15.28:6789/0] conn(0x7f2188108300 0x7f2188108720 unknown :-1 s=CLOSED pgs=39 cs=0 l=1 rev1=1 crypto rx=0 tx=0 comp rx=0 tx=0).stop
2024-04-26T01:27:54.582 INFO:teuthology.orchestra.run.smithi028.stdout:/usr/bin/ceph: stderr
2024-04-26T01:27:53.671+0000 7f218ca00700 1 -- 172.21.15.28:0/3513826178 >> 172.21.15.28:0/3513826178 conn(0x7f21881038e0 msgr2=0x7f2188105d00 unknown :-1 s=STATE_NONE l=0).mark_down
2024-04-26T01:27:54.583 INFO:teuthology.orchestra.run.smithi028.stdout:/usr/bin/ceph: stderr
2024-04-26T01:27:53.671+0000 7f218ca00700 1 -- 172.21.15.28:0/3513826178 shutdown_connections
2024-04-26T01:27:54.583 INFO:teuthology.orchestra.run.smithi028.stdout:/usr/bin/ceph: stderr
2024-04-26T01:27:53.671+0000 7f218ca00700 1 -- 172.21.15.28:0/3513826178 wait complete.
2024-04-26T01:27:54.583 INFO:teuthology.orchestra.run.smithi028.stdout:/usr/bin/ceph: stderr
2024-04-26T01:27:53.673+0000 7f218ca00700 1 Processor -- start
2024-04-26T01:27:54.583 INFO:teuthology.orchestra.run.smithi028.stdout:/usr/bin/ceph: stderr
2024-04-26T01:27:53.673+0000 7f218ca00700 1 -- start start
2024-04-26T01:27:54.583 INFO:teuthology.orchestra.run.smithi028.stdout:/usr/bin/ceph: stderr
2024-04-26T01:27:53.673+0000 7f218ca00700 1 --2- >> [v2:172.21.15.28:3300/0,v1:172.21.15.28:6789/0] conn(0x7f2188108300 0x7f218807db60 unknown :-1 s=NONE pgs=0 cs=0 l=1 rev1=0 crypto rx=0 tx=0 comp rx=0 tx=0).connect
2024-04-26T01:27:54.583 INFO:teuthology.orchestra.run.smithi028.stdout:/usr/bin/ceph: stderr
2024-04-26T01:27:53.673+0000 7f218ca00700 1 -- --> [v2:172.21.15.28:3300/0,v1:172.21.15.28:6789/0] -- mon_getmap magic: 0 -- 0x7f218810c8b0 con 0x7f2188108300
2024-04-26T01:27:54.583 INFO:teuthology.orchestra.run.smithi028.stdout:/usr/bin/ceph: stderr
2024-04-26T01:27:53.674+0000 7f2185e00700 1 --2- >> [v2:172.21.15.28:3300/0,v1:172.21.15.28:6789/0] conn(0x7f2188108300 0x7f218807db60 unknown :-1 s=BANNER_CONNECTING pgs=0 cs=0 l=1 rev1=0 crypto rx=0 tx=0 comp rx=0 tx=0)._handle_peer_banner_payload supported=3 required=0
2024-04-26T01:27:54.584 INFO:teuthology.orchestra.run.smithi028.stdout:/usr/bin/ceph: stderr
2024-04-26T01:27:53.674+0000 7f2185e00700 1 --2- >> [v2:172.21.15.28:3300/0,v1:172.21.15.28:6789/0] conn(0x7f2188108300 0x7f218807db60 unknown :-1 s=HELLO_CONNECTING pgs=0 cs=0 l=1 rev1=1 crypto rx=0 tx=0 comp rx=0 tx=0).handle_hello peer v2:172.21.15.28:3300/0 says I am v2:172.21.15.28:53534/0 (socket says 172.21.15.28:53534)
2024-04-26T01:27:54.584 INFO:teuthology.orchestra.run.smithi028.stdout:/usr/bin/ceph: stderr
2024-04-26T01:27:53.674+0000 7f2185e00700 1 -- 172.21.15.28:0/1689119725 learned_addr learned my addr 172.21.15.28:0/1689119725 (peer_addr_for_me v2:172.21.15.28:0/0)
2024-04-26T01:27:54.587 INFO:teuthology.orchestra.run.smithi028.stdout:/usr/bin/ceph: stderr
2024-04-26T01:27:53.674+0000 7f2185e00700 1 -- 172.21.15.28:0/1689119725 --> [v2:172.21.15.28:3300/0,v1:172.21.15.28:6789/0] -- mon_subscribe({config=0+,monmap=0+}) -- 0x7f218807e0a0 con 0x7f2188108300
2024-04-26T01:27:54.587 INFO:teuthology.orchestra.run.smithi028.stdout:/usr/bin/ceph: stderr
2024-04-26T01:27:53.674+0000 7f2185e00700 1 --2- 172.21.15.28:0/1689119725 >> [v2:172.21.15.28:3300/0,v1:172.21.15.28:6789/0] conn(0x7f2188108300 0x7f218807db60 secure :-1 s=READY pgs=40 cs=0 l=1 rev1=1 crypto rx=0x7f2178000c00 tx=0x7f2178011b70 comp rx=0 tx=0).ready entity=mon.0 client_cookie=0 server_cookie=0 in_seq=0 out_seq=0
2024-04-26T01:27:54.588 INFO:teuthology.orchestra.run.smithi028.stdout:/usr/bin/ceph: stderr
2024-04-26T01:27:53.675+0000 7f217ea00700 1 -- 172.21.15.28:0/1689119725 <== mon.0 v2:172.21.15.28:3300/0 1 ==== mon_map magic: 0 ==== 205+0+0 (secure 0 0 0) 0x7f2178003b20 con 0x7f2188108300
2024-04-26T01:27:54.588 INFO:teuthology.orchestra.run.smithi028.stdout:/usr/bin/ceph: stderr
2024-04-26T01:27:53.675+0000 7f217ea00700 1 -- 172.21.15.28:0/1689119725 <== mon.0 v2:172.21.15.28:3300/0 2 ==== config(26 keys) ==== 1070+0+0 (secure 0 0 0) 0x7f217801a8c0 con 0x7f2188108300
2024-04-26T01:27:54.588 INFO:teuthology.orchestra.run.smithi028.stdout:/usr/bin/ceph: stderr
2024-04-26T01:27:53.675+0000 7f217ea00700 1 -- 172.21.15.28:0/1689119725 <== mon.0 v2:172.21.15.28:3300/0 3 ==== mon_map magic: 0 ==== 205+0+0 (secure 0 0 0) 0x7f2178024940 con 0x7f2188108300
2024-04-26T01:27:54.588 INFO:teuthology.orchestra.run.smithi028.stdout:/usr/bin/ceph: stderr
2024-04-26T01:27:53.675+0000 7f218ca00700 1 -- 172.21.15.28:0/1689119725 --> [v2:172.21.15.28:3300/0,v1:172.21.15.28:6789/0] -- mon_subscribe({mgrmap=0+}) -- 0x7f218807c290 con 0x7f2188108300
2024-04-26T01:27:54.588 INFO:teuthology.orchestra.run.smithi028.stdout:/usr/bin/ceph: stderr
2024-04-26T01:27:53.675+0000 7f218ca00700 1 -- 172.21.15.28:0/1689119725 --> [v2:172.21.15.28:3300/0,v1:172.21.15.28:6789/0] -- mon_subscribe({osdmap=0}) -- 0x7f218807c7d0 con 0x7f2188108300
2024-04-26T01:27:54.588 INFO:teuthology.orchestra.run.smithi028.stdout:/usr/bin/ceph: stderr
2024-04-26T01:27:53.676+0000 7f218ca00700 1 -- 172.21.15.28:0/1689119725 --> [v2:172.21.15.28:3300/0,v1:172.21.15.28:6789/0] -- mon_command({"prefix": "get_command_descriptions"} v 0) -- 0x7f2188069b50 con 0x7f2188108300
2024-04-26T01:27:54.588 INFO:teuthology.orchestra.run.smithi028.stdout:/usr/bin/ceph: stderr
2024-04-26T01:27:53.676+0000 7f217ea00700 1 -- 172.21.15.28:0/1689119725 <== mon.0 v2:172.21.15.28:3300/0 4 ==== mgrmap(e 8) ==== 46558+0+0 (secure 0 0 0) 0x7f2178022020 con 0x7f2188108300
2024-04-26T01:27:54.588 INFO:teuthology.orchestra.run.smithi028.stdout:/usr/bin/ceph: stderr
2024-04-26T01:27:53.677+0000 7f217ea00700 1 --2- 172.21.15.28:0/1689119725 >> [v2:172.21.15.28:6800/2991743583,v1:172.21.15.28:6801/2991743583] conn(0x7f216c0396c0 0x7f216c03bb80 unknown :-1 s=NONE pgs=0 cs=0 l=1 rev1=0 crypto rx=0 tx=0 comp rx=0 tx=0).connect
2024-04-26T01:27:54.588 INFO:teuthology.orchestra.run.smithi028.stdout:/usr/bin/ceph: stderr
2024-04-26T01:27:53.677+0000 7f217ea00700 1 -- 172.21.15.28:0/1689119725 <== mon.0 v2:172.21.15.28:3300/0 5 ==== osd_map(2..2 src has 1..2) ==== 940+0+0 (secure 0 0 0) 0x7f217804d860 con 0x7f2188108300
2024-04-26T01:27:54.588 INFO:teuthology.orchestra.run.smithi028.stdout:/usr/bin/ceph: stderr
2024-04-26T01:27:53.677+0000 7f217fe00700 1 --2- 172.21.15.28:0/1689119725 >> [v2:172.21.15.28:6800/2991743583,v1:172.21.15.28:6801/2991743583] conn(0x7f216c0396c0 0x7f216c03bb80 unknown :-1 s=BANNER_CONNECTING pgs=0 cs=0 l=1 rev1=0 crypto rx=0 tx=0 comp rx=0 tx=0)._handle_peer_banner_payload supported=3 required=0
2024-04-26T01:27:54.588 INFO:teuthology.orchestra.run.smithi028.stdout:/usr/bin/ceph: stderr
2024-04-26T01:27:53.678+0000 7f217fe00700 1 --2- 172.21.15.28:0/1689119725 >> [v2:172.21.15.28:6800/2991743583,v1:172.21.15.28:6801/2991743583] conn(0x7f216c0396c0 0x7f216c03bb80 secure :-1 s=READY pgs=8 cs=0 l=1 rev1=1 crypto rx=0x7f2170006fd0 tx=0x7f2170006e40 comp rx=0 tx=0).ready entity=mgr.14120 client_cookie=0 server_cookie=0 in_seq=0 out_seq=0
2024-04-26T01:27:54.588 INFO:teuthology.orchestra.run.smithi028.stdout:/usr/bin/ceph: stderr
2024-04-26T01:27:53.683+0000 7f217ea00700 1 -- 172.21.15.28:0/1689119725 <== mon.0 v2:172.21.15.28:3300/0 6 ==== mon_command_ack([{"prefix": "get_command_descriptions"}]=0 v0) ==== 72+0+188370 (secure 0 0 0) 0x7f217800f2e0 con 0x7f2188108300
2024-04-26T01:27:54.588 INFO:teuthology.orchestra.run.smithi028.stdout:/usr/bin/ceph: stderr
2024-04-26T01:27:53.917+0000 7f218ca00700 1 -- 172.21.15.28:0/1689119725 --> [v2:172.21.15.28:6800/2991743583,v1:172.21.15.28:6801/2991743583] -- mgr_command(tid 0: {"prefix": "cephadm set-user", "user": "root", "target": ["mon-mgr", ""]}) -- 0x7f2188104af0 con 0x7f216c0396c0
2024-04-26T01:27:54.589 INFO:teuthology.orchestra.run.smithi028.stdout:/usr/bin/ceph: stderr
2024-04-26T01:27:53.919+0000 7f217ea00700 1 -- 172.21.15.28:0/1689119725 <== mgr.14120 v2:172.21.15.28:6800/2991743583 1 ==== mgr_command_reply(tid 0: 0 ) ==== 8+0+16 (secure 0 0 0) 0x7f2188104af0 con 0x7f216c0396c0
2024-04-26T01:27:54.589 INFO:teuthology.orchestra.run.smithi028.stdout:/usr/bin/ceph: stderr
2024-04-26T01:27:53.922+0000 7f218ca00700 1 -- 172.21.15.28:0/1689119725 >> [v2:172.21.15.28:6800/2991743583,v1:172.21.15.28:6801/2991743583] conn(0x7f216c0396c0 msgr2=0x7f216c03bb80 secure :-1 s=STATE_CONNECTION_ESTABLISHED l=1).mark_down
2024-04-26T01:27:54.589 INFO:teuthology.orchestra.run.smithi028.stdout:/usr/bin/ceph: stderr
2024-04-26T01:27:53.922+0000 7f218ca00700 1 --2- 172.21.15.28:0/1689119725 >> [v2:172.21.15.28:6800/2991743583,v1:172.21.15.28:6801/2991743583] conn(0x7f216c0396c0 0x7f216c03bb80 secure :-1 s=READY pgs=8 cs=0 l=1 rev1=1 crypto rx=0x7f2170006fd0 tx=0x7f2170006e40 comp rx=0 tx=0).stop
2024-04-26T01:27:54.589 INFO:teuthology.orchestra.run.smithi028.stdout:/usr/bin/ceph: stderr
2024-04-26T01:27:53.922+0000 7f218ca00700 1 -- 172.21.15.28:0/1689119725 >> [v2:172.21.15.28:3300/0,v1:172.21.15.28:6789/0] conn(0x7f2188108300 msgr2=0x7f218807db60 secure :-1 s=STATE_CONNECTION_ESTABLISHED l=1).mark_down
2024-04-26T01:27:54.589 INFO:teuthology.orchestra.run.smithi028.stdout:/usr/bin/ceph: stderr
2024-04-26T01:27:53.922+0000 7f218ca00700 1 --2- 172.21.15.28:0/1689119725 >> [v2:172.21.15.28:3300/0,v1:172.21.15.28:6789/0] conn(0x7f2188108300 0x7f218807db60 secure :-1 s=READY pgs=40 cs=0 l=1 rev1=1 crypto rx=0x7f2178000c00 tx=0x7f2178011b70 comp rx=0 tx=0).stop
2024-04-26T01:27:54.589 INFO:teuthology.orchestra.run.smithi028.stdout:/usr/bin/ceph: stderr
2024-04-26T01:27:53.922+0000 7f218ca00700 1 -- 172.21.15.28:0/1689119725 shutdown_connections
2024-04-26T01:27:54.589 INFO:teuthology.orchestra.run.smithi028.stdout:/usr/bin/ceph: stderr
2024-04-26T01:27:53.922+0000 7f218ca00700 1 --2- 172.21.15.28:0/1689119725 >> [v2:172.21.15.28:6800/2991743583,v1:172.21.15.28:6801/2991743583] conn(0x7f216c0396c0 0x7f216c03bb80 unknown :-1 s=CLOSED pgs=8 cs=0 l=1 rev1=1 crypto rx=0 tx=0 comp rx=0 tx=0).stop
2024-04-26T01:27:54.589 INFO:teuthology.orchestra.run.smithi028.stdout:/usr/bin/ceph: stderr
2024-04-26T01:27:53.922+0000 7f218ca00700 1 --2- 172.21.15.28:0/1689119725 >> [v2:172.21.15.28:3300/0,v1:172.21.15.28:6789/0] conn(0x7f2188108300 0x7f218807db60 unknown :-1 s=CLOSED pgs=40 cs=0 l=1 rev1=1 crypto rx=0 tx=0 comp rx=0 tx=0).stop
2024-04-26T01:27:54.589 INFO:teuthology.orchestra.run.smithi028.stdout:/usr/bin/ceph: stderr
2024-04-26T01:27:53.922+0000 7f218ca00700 1 -- 172.21.15.28:0/1689119725 >> 172.21.15.28:0/1689119725 conn(0x7f21881038e0 msgr2=0x7f21881043e0 unknown :-1 s=STATE_NONE l=0).mark_down
2024-04-26T01:27:54.589 INFO:teuthology.orchestra.run.smithi028.stdout:/usr/bin/ceph: stderr
2024-04-26T01:27:53.922+0000 7f218ca00700 1 -- 172.21.15.28:0/1689119725 shutdown_connections
2024-04-26T01:27:54.589 INFO:teuthology.orchestra.run.smithi028.stdout:/usr/bin/ceph: stderr
2024-04-26T01:27:53.922+0000 7f218ca00700 1 -- 172.21.15.28:0/1689119725 wait complete.
2024-04-26T01:27:54.590 INFO:teuthology.orchestra.run.smithi028.stdout:Generating ssh key...
2024-04-26T01:27:54.895 INFO:journalctl@ceph.mon.a.smithi028.stdout:Apr 26 01:27:54 smithi028 ceph-mon[28247]: from='client.14134 -' entity='client.admin' cmd=[{"prefix": "cephadm set-user", "user": "root", "target": ["mon-mgr", ""]}]: dispatch
2024-04-26T01:27:56.030 INFO:journalctl@ceph.mon.a.smithi028.stdout:Apr 26 01:27:55 smithi028 ceph-mon[28247]: from='client.14136 -' entity='client.admin' cmd=[{"prefix": "cephadm generate-key", "target": ["mon-mgr", ""]}]: dispatch
2024-04-26T01:27:56.030 INFO:journalctl@ceph.mon.a.smithi028.stdout:Apr 26 01:27:55 smithi028 ceph-mon[28247]: Generating ssh key...
2024-04-26T01:27:56.031 INFO:journalctl@ceph.mgr.x.smithi028.stdout:Apr 26 01:27:55 smithi028 ceph-ead407d4-036b-11ef-bc93-c7b262605968-mgr-x[28473]: Generating public/private rsa key pair.
2024-04-26T01:27:56.031 INFO:journalctl@ceph.mgr.x.smithi028.stdout:Apr 26 01:27:55 smithi028 ceph-ead407d4-036b-11ef-bc93-c7b262605968-mgr-x[28473]: Your identification has been saved in /tmp/tmpjb42hcwd/key.
2024-04-26T01:27:56.031 INFO:journalctl@ceph.mgr.x.smithi028.stdout:Apr 26 01:27:55 smithi028 ceph-ead407d4-036b-11ef-bc93-c7b262605968-mgr-x[28473]: Your public key has been saved in /tmp/tmpjb42hcwd/key.pub.
2024-04-26T01:27:56.031 INFO:journalctl@ceph.mgr.x.smithi028.stdout:Apr 26 01:27:55 smithi028 ceph-ead407d4-036b-11ef-bc93-c7b262605968-mgr-x[28473]: The key fingerprint is:
2024-04-26T01:27:56.032 INFO:journalctl@ceph.mgr.x.smithi028.stdout:Apr 26 01:27:55 smithi028 ceph-ead407d4-036b-11ef-bc93-c7b262605968-mgr-x[28473]: SHA256:oO8zdzONkapYuHdoF70+gcRtLNWFbUvGQa1v1vaTuvM ceph-ead407d4-036b-11ef-bc93-c7b262605968
2024-04-26T01:27:56.032 INFO:journalctl@ceph.mgr.x.smithi028.stdout:Apr 26 01:27:55 smithi028 ceph-ead407d4-036b-11ef-bc93-c7b262605968-mgr-x[28473]: The key's randomart image is:
2024-04-26T01:27:56.032 INFO:journalctl@ceph.mgr.x.smithi028.stdout:Apr 26 01:27:55 smithi028 ceph-ead407d4-036b-11ef-bc93-c7b262605968-mgr-x[28473]: +---[RSA 3072]----+
2024-04-26T01:27:56.032 INFO:journalctl@ceph.mgr.x.smithi028.stdout:Apr 26 01:27:55 smithi028 ceph-ead407d4-036b-11ef-bc93-c7b262605968-mgr-x[28473]: | . *+o |
2024-04-26T01:27:56.032 INFO:journalctl@ceph.mgr.x.smithi028.stdout:Apr 26 01:27:55 smithi028 ceph-ead407d4-036b-11ef-bc93-c7b262605968-mgr-x[28473]: | . o * .|
2024-04-26T01:27:56.032 INFO:journalctl@ceph.mgr.x.smithi028.stdout:Apr 26 01:27:55 smithi028 ceph-ead407d4-036b-11ef-bc93-c7b262605968-mgr-x[28473]: | .. + + o |
2024-04-26T01:27:56.032 INFO:journalctl@ceph.mgr.x.smithi028.stdout:Apr 26 01:27:55 smithi028 ceph-ead407d4-036b-11ef-bc93-c7b262605968-mgr-x[28473]: | . .+ + o |
2024-04-26T01:27:56.032 INFO:journalctl@ceph.mgr.x.smithi028.stdout:Apr 26 01:27:55 smithi028 ceph-ead407d4-036b-11ef-bc93-c7b262605968-mgr-x[28473]: | . .S= . ..|
2024-04-26T01:27:56.032 INFO:journalctl@ceph.mgr.x.smithi028.stdout:Apr 26 01:27:55 smithi028 ceph-ead407d4-036b-11ef-bc93-c7b262605968-mgr-x[28473]: | o o = *|
2024-04-26T01:27:56.032 INFO:journalctl@ceph.mgr.x.smithi028.stdout:Apr 26 01:27:55 smithi028 ceph-ead407d4-036b-11ef-bc93-c7b262605968-mgr-x[28473]: | . o. o * +o|
2024-04-26T01:27:56.032 INFO:journalctl@ceph.mgr.x.smithi028.stdout:Apr 26 01:27:55 smithi028 ceph-ead407d4-036b-11ef-bc93-c7b262605968-mgr-x[28473]: | =* = B .. o.|
2024-04-26T01:27:56.032 INFO:journalctl@ceph.mgr.x.smithi028.stdout:Apr 26 01:27:55 smithi028 ceph-ead407d4-036b-11ef-bc93-c7b262605968-mgr-x[28473]: | oooB o.+ o=E.|
2024-04-26T01:27:56.032 INFO:journalctl@ceph.mgr.x.smithi028.stdout:Apr 26 01:27:55 smithi028 ceph-ead407d4-036b-11ef-bc93-c7b262605968-mgr-x[28473]: +----[SHA256]-----+
2024-04-26T01:27:56.483 INFO:teuthology.orchestra.run.smithi028.stdout:/usr/bin/ceph: stderr
2024-04-26T01:27:55.204+0000 7fd45c200700 1 Processor -- start
2024-04-26T01:27:56.483 INFO:teuthology.orchestra.run.smithi028.stdout:/usr/bin/ceph: stderr
2024-04-26T01:27:55.204+0000 7fd45c200700 1 -- start start
2024-04-26T01:27:56.483 INFO:teuthology.orchestra.run.smithi028.stdout:/usr/bin/ceph: stderr
2024-04-26T01:27:55.205+0000 7fd45c200700 1 --2- >> [v2:172.21.15.28:3300/0,v1:172.21.15.28:6789/0] conn(0x7fd45410a5a0 0x7fd45410a9c0 unknown :-1 s=NONE pgs=0 cs=0 l=0 rev1=0 crypto rx=0 tx=0 comp rx=0 tx=0).connect
2024-04-26T01:27:56.483 INFO:teuthology.orchestra.run.smithi028.stdout:/usr/bin/ceph: stderr
2024-04-26T01:27:55.205+0000 7fd45c200700 1 -- --> [v2:172.21.15.28:3300/0,v1:172.21.15.28:6789/0] -- mon_getmap magic: 0 -- 0x7fd45410af90 con 0x7fd45410a5a0
2024-04-26T01:27:56.484 INFO:teuthology.orchestra.run.smithi028.stdout:/usr/bin/ceph: stderr
2024-04-26T01:27:55.205+0000 7fd459800700 1 --2- >> [v2:172.21.15.28:3300/0,v1:172.21.15.28:6789/0] conn(0x7fd45410a5a0 0x7fd45410a9c0 unknown :-1 s=BANNER_CONNECTING pgs=0 cs=0 l=0 rev1=0 crypto rx=0 tx=0 comp rx=0 tx=0)._handle_peer_banner_payload supported=3 required=0
2024-04-26T01:27:56.484 INFO:teuthology.orchestra.run.smithi028.stdout:/usr/bin/ceph: stderr
2024-04-26T01:27:55.205+0000 7fd459800700 1 --2- >> [v2:172.21.15.28:3300/0,v1:172.21.15.28:6789/0] conn(0x7fd45410a5a0 0x7fd45410a9c0 unknown :-1 s=HELLO_CONNECTING pgs=0 cs=0 l=0 rev1=1 crypto rx=0 tx=0 comp rx=0 tx=0).handle_hello peer v2:172.21.15.28:3300/0 says I am v2:172.21.15.28:53540/0 (socket says 172.21.15.28:53540)
2024-04-26T01:27:56.484 INFO:teuthology.orchestra.run.smithi028.stdout:/usr/bin/ceph: stderr
2024-04-26T01:27:55.205+0000 7fd459800700 1 -- 172.21.15.28:0/3855699407 learned_addr learned my addr 172.21.15.28:0/3855699407 (peer_addr_for_me v2:172.21.15.28:0/0)
2024-04-26T01:27:56.484 INFO:teuthology.orchestra.run.smithi028.stdout:/usr/bin/ceph: stderr
2024-04-26T01:27:55.206+0000 7fd459800700 1 -- 172.21.15.28:0/3855699407 --> [v2:172.21.15.28:3300/0,v1:172.21.15.28:6789/0] -- mon_subscribe({config=0+,monmap=0+}) -- 0x7fd45410b750 con 0x7fd45410a5a0
2024-04-26T01:27:56.484 INFO:teuthology.orchestra.run.smithi028.stdout:/usr/bin/ceph: stderr
2024-04-26T01:27:55.206+0000 7fd459800700 1 --2- 172.21.15.28:0/3855699407 >> [v2:172.21.15.28:3300/0,v1:172.21.15.28:6789/0] conn(0x7fd45410a5a0 0x7fd45410a9c0 secure :-1 s=READY pgs=41 cs=0 l=1 rev1=1 crypto rx=0x7fd4480098a0 tx=0x7fd448009bb0 comp rx=0 tx=0).ready entity=mon.0 client_cookie=7bcebc5d142812c5 server_cookie=0 in_seq=0 out_seq=0
2024-04-26T01:27:56.487 INFO:teuthology.orchestra.run.smithi028.stdout:/usr/bin/ceph: stderr
2024-04-26T01:27:55.206+0000 7fd453e00700 1 -- 172.21.15.28:0/3855699407 <== mon.0 v2:172.21.15.28:3300/0 1 ==== mon_map magic: 0 ==== 205+0+0 (secure 0 0 0) 0x7fd448004160 con 0x7fd45410a5a0
2024-04-26T01:27:56.487 INFO:teuthology.orchestra.run.smithi028.stdout:/usr/bin/ceph: stderr
2024-04-26T01:27:55.206+0000 7fd453e00700 1 -- 172.21.15.28:0/3855699407 <== mon.0 v2:172.21.15.28:3300/0 2 ==== config(26 keys) ==== 1070+0+0 (secure 0 0 0) 0x7fd448004300 con 0x7fd45410a5a0
2024-04-26T01:27:56.487 INFO:teuthology.orchestra.run.smithi028.stdout:/usr/bin/ceph: stderr
2024-04-26T01:27:55.206+0000 7fd453e00700 1 -- 172.21.15.28:0/3855699407 <== mon.0 v2:172.21.15.28:3300/0 3 ==== mon_map magic: 0 ==== 205+0+0 (secure 0 0 0) 0x7fd448011af0 con 0x7fd45410a5a0
2024-04-26T01:27:56.487 INFO:teuthology.orchestra.run.smithi028.stdout:/usr/bin/ceph: stderr
2024-04-26T01:27:55.207+0000 7fd45c200700 1 -- 172.21.15.28:0/3855699407 >> [v2:172.21.15.28:3300/0,v1:172.21.15.28:6789/0] conn(0x7fd45410a5a0 msgr2=0x7fd45410a9c0 secure :-1 s=STATE_CONNECTION_ESTABLISHED l=1).mark_down
2024-04-26T01:27:56.488 INFO:teuthology.orchestra.run.smithi028.stdout:/usr/bin/ceph: stderr
2024-04-26T01:27:55.207+0000 7fd45c200700 1 --2- 172.21.15.28:0/3855699407 >> [v2:172.21.15.28:3300/0,v1:172.21.15.28:6789/0] conn(0x7fd45410a5a0 0x7fd45410a9c0 secure :-1 s=READY pgs=41 cs=0 l=1 rev1=1 crypto rx=0x7fd4480098a0 tx=0x7fd448009bb0 comp rx=0 tx=0).stop
2024-04-26T01:27:56.488 INFO:teuthology.orchestra.run.smithi028.stdout:/usr/bin/ceph: stderr
2024-04-26T01:27:55.207+0000 7fd45c200700 1 -- 172.21.15.28:0/3855699407 shutdown_connections
2024-04-26T01:27:56.488 INFO:teuthology.orchestra.run.smithi028.stdout:/usr/bin/ceph: stderr
2024-04-26T01:27:55.207+0000 7fd45c200700 1 --2- 172.21.15.28:0/3855699407 >> [v2:172.21.15.28:3300/0,v1:172.21.15.28:6789/0] conn(0x7fd45410a5a0 0x7fd45410a9c0 unknown :-1 s=CLOSED pgs=41 cs=0 l=1 rev1=1 crypto rx=0 tx=0 comp rx=0 tx=0).stop
2024-04-26T01:27:56.488 INFO:teuthology.orchestra.run.smithi028.stdout:/usr/bin/ceph: stderr
2024-04-26T01:27:55.207+0000 7fd45c200700 1 -- 172.21.15.28:0/3855699407 >> 172.21.15.28:0/3855699407 conn(0x7fd45407dba0 msgr2=0x7fd4541084c0 unknown :-1 s=STATE_NONE l=0).mark_down
2024-04-26T01:27:56.488 INFO:teuthology.orchestra.run.smithi028.stdout:/usr/bin/ceph: stderr
2024-04-26T01:27:55.207+0000 7fd45c200700 1 -- 172.21.15.28:0/3855699407 shutdown_connections
2024-04-26T01:27:56.488 INFO:teuthology.orchestra.run.smithi028.stdout:/usr/bin/ceph: stderr
2024-04-26T01:27:55.207+0000 7fd45c200700 1 -- 172.21.15.28:0/3855699407 wait complete.
2024-04-26T01:27:56.488 INFO:teuthology.orchestra.run.smithi028.stdout:/usr/bin/ceph: stderr
2024-04-26T01:27:55.209+0000 7fd45c200700 1 Processor -- start
2024-04-26T01:27:56.488 INFO:teuthology.orchestra.run.smithi028.stdout:/usr/bin/ceph: stderr
2024-04-26T01:27:55.209+0000 7fd45c200700 1 -- start start
2024-04-26T01:27:56.488 INFO:teuthology.orchestra.run.smithi028.stdout:/usr/bin/ceph: stderr
2024-04-26T01:27:55.210+0000 7fd45c200700 1 --2- >> [v2:172.21.15.28:3300/0,v1:172.21.15.28:6789/0] conn(0x7fd45410a5a0 0x7fd45419e3e0 unknown :-1 s=NONE pgs=0 cs=0 l=1 rev1=0 crypto rx=0 tx=0 comp rx=0 tx=0).connect
2024-04-26T01:27:56.488 INFO:teuthology.orchestra.run.smithi028.stdout:/usr/bin/ceph: stderr
2024-04-26T01:27:55.210+0000 7fd45c200700 1 -- --> [v2:172.21.15.28:3300/0,v1:172.21.15.28:6789/0] -- mon_getmap magic: 0 -- 0x7fd45410eb00 con 0x7fd45410a5a0
2024-04-26T01:27:56.488 INFO:teuthology.orchestra.run.smithi028.stdout:/usr/bin/ceph: stderr
2024-04-26T01:27:55.210+0000 7fd459800700 1 --2- >> [v2:172.21.15.28:3300/0,v1:172.21.15.28:6789/0] conn(0x7fd45410a5a0 0x7fd45419e3e0 unknown :-1 s=BANNER_CONNECTING pgs=0 cs=0 l=1 rev1=0 crypto rx=0 tx=0 comp rx=0 tx=0)._handle_peer_banner_payload supported=3 required=0
2024-04-26T01:27:56.488 INFO:teuthology.orchestra.run.smithi028.stdout:/usr/bin/ceph: stderr
2024-04-26T01:27:55.210+0000 7fd459800700 1 --2- >> [v2:172.21.15.28:3300/0,v1:172.21.15.28:6789/0] conn(0x7fd45410a5a0 0x7fd45419e3e0 unknown :-1 s=HELLO_CONNECTING pgs=0 cs=0 l=1 rev1=1 crypto rx=0 tx=0 comp rx=0 tx=0).handle_hello peer v2:172.21.15.28:3300/0 says I am v2:172.21.15.28:53550/0 (socket says 172.21.15.28:53550)
2024-04-26T01:27:56.488 INFO:teuthology.orchestra.run.smithi028.stdout:/usr/bin/ceph: stderr
2024-04-26T01:27:55.210+0000 7fd459800700 1 -- 172.21.15.28:0/3535122484 learned_addr learned my addr 172.21.15.28:0/3535122484 (peer_addr_for_me v2:172.21.15.28:0/0)
2024-04-26T01:27:56.489 INFO:teuthology.orchestra.run.smithi028.stdout:/usr/bin/ceph: stderr
2024-04-26T01:27:55.210+0000 7fd459800700 1 -- 172.21.15.28:0/3535122484 --> [v2:172.21.15.28:3300/0,v1:172.21.15.28:6789/0] -- mon_subscribe({config=0+,monmap=0+}) -- 0x7fd45419e920 con 0x7fd45410a5a0
2024-04-26T01:27:56.489 INFO:teuthology.orchestra.run.smithi028.stdout:/usr/bin/ceph: stderr
2024-04-26T01:27:55.211+0000 7fd459800700 1 --2- 172.21.15.28:0/3535122484 >> [v2:172.21.15.28:3300/0,v1:172.21.15.28:6789/0] conn(0x7fd45410a5a0 0x7fd45419e3e0 secure :-1 s=READY pgs=42 cs=0 l=1 rev1=1 crypto rx=0x7fd448000c00 tx=0x7fd448011b70 comp rx=0 tx=0).ready entity=mon.0 client_cookie=0 server_cookie=0 in_seq=0 out_seq=0
2024-04-26T01:27:56.489 INFO:teuthology.orchestra.run.smithi028.stdout:/usr/bin/ceph: stderr
2024-04-26T01:27:55.211+0000 7fd452000700 1 -- 172.21.15.28:0/3535122484 <== mon.0 v2:172.21.15.28:3300/0 1 ==== mon_map magic: 0 ==== 205+0+0 (secure 0 0 0) 0x7fd448003b20 con 0x7fd45410a5a0
2024-04-26T01:27:56.489 INFO:teuthology.orchestra.run.smithi028.stdout:/usr/bin/ceph: stderr
2024-04-26T01:27:55.211+0000 7fd452000700 1 -- 172.21.15.28:0/3535122484 <== mon.0 v2:172.21.15.28:3300/0 2 ==== config(26 keys) ==== 1070+0+0 (secure 0 0 0) 0x7fd44801a8c0 con 0x7fd45410a5a0
2024-04-26T01:27:56.489 INFO:teuthology.orchestra.run.smithi028.stdout:/usr/bin/ceph: stderr
2024-04-26T01:27:55.211+0000 7fd452000700 1 -- 172.21.15.28:0/3535122484 <== mon.0 v2:172.21.15.28:3300/0 3 ==== mon_map magic: 0 ==== 205+0+0 (secure 0 0 0) 0x7fd448024940 con 0x7fd45410a5a0
2024-04-26T01:27:56.489 INFO:teuthology.orchestra.run.smithi028.stdout:/usr/bin/ceph: stderr
2024-04-26T01:27:55.211+0000 7fd45c200700 1 -- 172.21.15.28:0/3535122484 --> [v2:172.21.15.28:3300/0,v1:172.21.15.28:6789/0] -- mon_subscribe({mgrmap=0+}) -- 0x7fd45419ebb0 con 0x7fd45410a5a0
2024-04-26T01:27:56.489 INFO:teuthology.orchestra.run.smithi028.stdout:/usr/bin/ceph: stderr
2024-04-26T01:27:55.211+0000 7fd45c200700 1 -- 172.21.15.28:0/3535122484 --> [v2:172.21.15.28:3300/0,v1:172.21.15.28:6789/0] -- mon_subscribe({osdmap=0}) -- 0x7fd4541a18a0 con 0x7fd45410a5a0
2024-04-26T01:27:56.489 INFO:teuthology.orchestra.run.smithi028.stdout:/usr/bin/ceph: stderr
2024-04-26T01:27:55.212+0000 7fd452000700 1 -- 172.21.15.28:0/3535122484 <== mon.0 v2:172.21.15.28:3300/0 4 ==== mgrmap(e 8) ==== 46558+0+0 (secure 0 0 0) 0x7fd448022020 con 0x7fd45410a5a0
2024-04-26T01:27:56.489 INFO:teuthology.orchestra.run.smithi028.stdout:/usr/bin/ceph: stderr
2024-04-26T01:27:55.212+0000 7fd45c200700 1 -- 172.21.15.28:0/3535122484 --> [v2:172.21.15.28:3300/0,v1:172.21.15.28:6789/0] -- mon_command({"prefix": "get_command_descriptions"} v 0) -- 0x7fd4540640a0 con 0x7fd45410a5a0
2024-04-26T01:27:56.489 INFO:teuthology.orchestra.run.smithi028.stdout:/usr/bin/ceph: stderr
2024-04-26T01:27:55.213+0000 7fd452000700 1 --2- 172.21.15.28:0/3535122484 >> [v2:172.21.15.28:6800/2991743583,v1:172.21.15.28:6801/2991743583] conn(0x7fd43c039720 0x7fd43c03bbe0 unknown :-1 s=NONE pgs=0 cs=0 l=1 rev1=0 crypto rx=0 tx=0 comp rx=0 tx=0).connect
2024-04-26T01:27:56.489 INFO:teuthology.orchestra.run.smithi028.stdout:/usr/bin/ceph: stderr
2024-04-26T01:27:55.213+0000 7fd452000700 1 -- 172.21.15.28:0/3535122484 <== mon.0 v2:172.21.15.28:3300/0 5 ==== osd_map(2..2 src has 1..2) ==== 940+0+0 (secure 0 0 0) 0x7fd44804d850 con 0x7fd45410a5a0
2024-04-26T01:27:56.489 INFO:teuthology.orchestra.run.smithi028.stdout:/usr/bin/ceph: stderr
2024-04-26T01:27:55.213+0000 7fd458e00700 1 --2- 172.21.15.28:0/3535122484 >> [v2:172.21.15.28:6800/2991743583,v1:172.21.15.28:6801/2991743583] conn(0x7fd43c039720 0x7fd43c03bbe0 unknown :-1 s=BANNER_CONNECTING pgs=0 cs=0 l=1 rev1=0 crypto rx=0 tx=0 comp rx=0 tx=0)._handle_peer_banner_payload supported=3 required=0
2024-04-26T01:27:56.491 INFO:teuthology.orchestra.run.smithi028.stdout:/usr/bin/ceph: stderr
2024-04-26T01:27:55.214+0000 7fd458e00700 1 --2- 172.21.15.28:0/3535122484 >> [v2:172.21.15.28:6800/2991743583,v1:172.21.15.28:6801/2991743583] conn(0x7fd43c039720 0x7fd43c03bbe0 secure :-1 s=READY pgs=9 cs=0 l=1 rev1=1 crypto rx=0x7fd440006fd0 tx=0x7fd440006e40 comp rx=0 tx=0).ready entity=mgr.14120 client_cookie=0 server_cookie=0 in_seq=0 out_seq=0
2024-04-26T01:27:56.491 INFO:teuthology.orchestra.run.smithi028.stdout:/usr/bin/ceph: stderr
2024-04-26T01:27:55.219+0000 7fd452000700 1 -- 172.21.15.28:0/3535122484 <== mon.0 v2:172.21.15.28:3300/0 6 ==== mon_command_ack([{"prefix": "get_command_descriptions"}]=0 v0) ==== 72+0+188370 (secure 0 0 0) 0x7fd44802d3f0 con 0x7fd45410a5a0
2024-04-26T01:27:56.491 INFO:teuthology.orchestra.run.smithi028.stdout:/usr/bin/ceph: stderr
2024-04-26T01:27:55.449+0000 7fd45c200700 1 -- 172.21.15.28:0/3535122484 --> [v2:172.21.15.28:6800/2991743583,v1:172.21.15.28:6801/2991743583] -- mgr_command(tid 0: {"prefix": "cephadm generate-key", "target": ["mon-mgr", ""]}) -- 0x7fd4541082a0 con 0x7fd43c039720
2024-04-26T01:27:56.491 INFO:teuthology.orchestra.run.smithi028.stdout:/usr/bin/ceph: stderr
2024-04-26T01:27:55.800+0000 7fd452000700 1 -- 172.21.15.28:0/3535122484 <== mgr.14120 v2:172.21.15.28:6800/2991743583 1 ==== mgr_command_reply(tid 0: 0 ) ==== 8+0+0 (secure 0 0 0) 0x7fd4541082a0 con 0x7fd43c039720
2024-04-26T01:27:56.492 INFO:teuthology.orchestra.run.smithi028.stdout:/usr/bin/ceph: stderr
2024-04-26T01:27:55.804+0000 7fd45c200700 1 -- 172.21.15.28:0/3535122484 >> [v2:172.21.15.28:6800/2991743583,v1:172.21.15.28:6801/2991743583] conn(0x7fd43c039720 msgr2=0x7fd43c03bbe0 secure :-1 s=STATE_CONNECTION_ESTABLISHED l=1).mark_down
2024-04-26T01:27:56.492 INFO:teuthology.orchestra.run.smithi028.stdout:/usr/bin/ceph: stderr
2024-04-26T01:27:55.804+0000 7fd45c200700 1 --2- 172.21.15.28:0/3535122484 >> [v2:172.21.15.28:6800/2991743583,v1:172.21.15.28:6801/2991743583] conn(0x7fd43c039720 0x7fd43c03bbe0 secure :-1 s=READY pgs=9 cs=0 l=1 rev1=1 crypto rx=0x7fd440006fd0 tx=0x7fd440006e40 comp rx=0 tx=0).stop
2024-04-26T01:27:56.492 INFO:teuthology.orchestra.run.smithi028.stdout:/usr/bin/ceph: stderr
2024-04-26T01:27:55.804+0000 7fd45c200700 1 -- 172.21.15.28:0/3535122484 >> [v2:172.21.15.28:3300/0,v1:172.21.15.28:6789/0] conn(0x7fd45410a5a0 msgr2=0x7fd45419e3e0 secure :-1 s=STATE_CONNECTION_ESTABLISHED l=1).mark_down
2024-04-26T01:27:56.492 INFO:teuthology.orchestra.run.smithi028.stdout:/usr/bin/ceph: stderr
2024-04-26T01:27:55.804+0000 7fd45c200700 1 --2- 172.21.15.28:0/3535122484 >> [v2:172.21.15.28:3300/0,v1:172.21.15.28:6789/0] conn(0x7fd45410a5a0 0x7fd45419e3e0 secure :-1 s=READY pgs=42 cs=0 l=1 rev1=1 crypto rx=0x7fd448000c00 tx=0x7fd448011b70 comp rx=0 tx=0).stop
2024-04-26T01:27:56.492 INFO:teuthology.orchestra.run.smithi028.stdout:/usr/bin/ceph: stderr
2024-04-26T01:27:55.804+0000 7fd45c200700 1 -- 172.21.15.28:0/3535122484 shutdown_connections
2024-04-26T01:27:56.492 INFO:teuthology.orchestra.run.smithi028.stdout:/usr/bin/ceph: stderr
