2024-04-26T01:31:58.168 INFO:teuthology.orchestra.run.smithi052.stdout:/usr/bin/ceph: stdout "num_osds": 0,
2024-04-26T01:31:58.168 INFO:teuthology.orchestra.run.smithi052.stdout:/usr/bin/ceph: stdout "num_up_osds": 0,
2024-04-26T01:31:58.168 INFO:teuthology.orchestra.run.smithi052.stdout:/usr/bin/ceph: stdout "osd_up_since": 0,
2024-04-26T01:31:58.168 INFO:teuthology.orchestra.run.smithi052.stdout:/usr/bin/ceph: stdout "num_in_osds": 0,
2024-04-26T01:31:58.168 INFO:teuthology.orchestra.run.smithi052.stdout:/usr/bin/ceph: stdout "osd_in_since": 0,
2024-04-26T01:31:58.168 INFO:teuthology.orchestra.run.smithi052.stdout:/usr/bin/ceph: stdout "num_remapped_pgs": 0
2024-04-26T01:31:58.169 INFO:teuthology.orchestra.run.smithi052.stdout:/usr/bin/ceph: stdout },
2024-04-26T01:31:58.169 INFO:teuthology.orchestra.run.smithi052.stdout:/usr/bin/ceph: stdout "pgmap": {
2024-04-26T01:31:58.172 INFO:teuthology.orchestra.run.smithi052.stdout:/usr/bin/ceph: stdout "pgs_by_state": [],
2024-04-26T01:31:58.172 INFO:teuthology.orchestra.run.smithi052.stdout:/usr/bin/ceph: stdout "num_pgs": 0,
2024-04-26T01:31:58.173 INFO:teuthology.orchestra.run.smithi052.stdout:/usr/bin/ceph: stdout "num_pools": 0,
2024-04-26T01:31:58.173 INFO:teuthology.orchestra.run.smithi052.stdout:/usr/bin/ceph: stdout "num_objects": 0,
2024-04-26T01:31:58.173 INFO:teuthology.orchestra.run.smithi052.stdout:/usr/bin/ceph: stdout "data_bytes": 0,
2024-04-26T01:31:58.173 INFO:teuthology.orchestra.run.smithi052.stdout:/usr/bin/ceph: stdout "bytes_used": 0,
2024-04-26T01:31:58.173 INFO:teuthology.orchestra.run.smithi052.stdout:/usr/bin/ceph: stdout "bytes_avail": 0,
2024-04-26T01:31:58.173 INFO:teuthology.orchestra.run.smithi052.stdout:/usr/bin/ceph: stdout "bytes_total": 0
2024-04-26T01:31:58.173 INFO:teuthology.orchestra.run.smithi052.stdout:/usr/bin/ceph: stdout },
2024-04-26T01:31:58.173 INFO:teuthology.orchestra.run.smithi052.stdout:/usr/bin/ceph: stdout "fsmap": {
2024-04-26T01:31:58.173 INFO:teuthology.orchestra.run.smithi052.stdout:/usr/bin/ceph: stdout "epoch": 1,
2024-04-26T01:31:58.173 INFO:teuthology.orchestra.run.smithi052.stdout:/usr/bin/ceph: stdout "by_rank": [],
2024-04-26T01:31:58.173 INFO:teuthology.orchestra.run.smithi052.stdout:/usr/bin/ceph: stdout "up:standby": 0
2024-04-26T01:31:58.173 INFO:teuthology.orchestra.run.smithi052.stdout:/usr/bin/ceph: stdout },
2024-04-26T01:31:58.173 INFO:teuthology.orchestra.run.smithi052.stdout:/usr/bin/ceph: stdout "mgrmap": {
2024-04-26T01:31:58.173 INFO:teuthology.orchestra.run.smithi052.stdout:/usr/bin/ceph: stdout "available": true,
2024-04-26T01:31:58.174 INFO:teuthology.orchestra.run.smithi052.stdout:/usr/bin/ceph: stdout "num_standbys": 0,
2024-04-26T01:31:58.174 INFO:teuthology.orchestra.run.smithi052.stdout:/usr/bin/ceph: stdout "modules": [
2024-04-26T01:31:58.174 INFO:teuthology.orchestra.run.smithi052.stdout:/usr/bin/ceph: stdout "iostat",
2024-04-26T01:31:58.174 INFO:teuthology.orchestra.run.smithi052.stdout:/usr/bin/ceph: stdout "nfs",
2024-04-26T01:31:58.174 INFO:teuthology.orchestra.run.smithi052.stdout:/usr/bin/ceph: stdout "restful"
2024-04-26T01:31:58.174 INFO:teuthology.orchestra.run.smithi052.stdout:/usr/bin/ceph: stdout ],
2024-04-26T01:31:58.174 INFO:teuthology.orchestra.run.smithi052.stdout:/usr/bin/ceph: stdout "services": {}
2024-04-26T01:31:58.174 INFO:teuthology.orchestra.run.smithi052.stdout:/usr/bin/ceph: stdout },
2024-04-26T01:31:58.174 INFO:teuthology.orchestra.run.smithi052.stdout:/usr/bin/ceph: stdout "servicemap": {
2024-04-26T01:31:58.174 INFO:teuthology.orchestra.run.smithi052.stdout:/usr/bin/ceph: stdout "epoch": 1,
2024-04-26T01:31:58.174 INFO:teuthology.orchestra.run.smithi052.stdout:/usr/bin/ceph: stdout "modified": "2024-04-26T01:31:27.359437+0000",
2024-04-26T01:31:58.174 INFO:teuthology.orchestra.run.smithi052.stdout:/usr/bin/ceph: stdout "services": {}
2024-04-26T01:31:58.174 INFO:teuthology.orchestra.run.smithi052.stdout:/usr/bin/ceph: stdout },
2024-04-26T01:31:58.174 INFO:teuthology.orchestra.run.smithi052.stdout:/usr/bin/ceph: stdout "progress_events": {}
2024-04-26T01:31:58.175 INFO:teuthology.orchestra.run.smithi052.stdout:/usr/bin/ceph: stdout }
2024-04-26T01:31:58.175 INFO:teuthology.orchestra.run.smithi052.stdout:/usr/bin/ceph: stderr
2024-04-26T01:31:57.159+0000 7f7fee600700 1 Processor -- start
2024-04-26T01:31:58.175 INFO:teuthology.orchestra.run.smithi052.stdout:/usr/bin/ceph: stderr
2024-04-26T01:31:57.160+0000 7f7fee600700 1 -- start start
2024-04-26T01:31:58.175 INFO:teuthology.orchestra.run.smithi052.stdout:/usr/bin/ceph: stderr
2024-04-26T01:31:57.160+0000 7f7fee600700 1 --2- >> [v2:172.21.15.52:3300/0,v1:172.21.15.52:6789/0] conn(0x7f7fe8108540 0x7f7fe8108960 unknown :-1 s=NONE pgs=0 cs=0 l=0 rev1=0 crypto rx=0 tx=0 comp rx=0 tx=0).connect
2024-04-26T01:31:58.175 INFO:teuthology.orchestra.run.smithi052.stdout:/usr/bin/ceph: stderr
2024-04-26T01:31:57.160+0000 7f7fee600700 1 -- --> [v2:172.21.15.52:3300/0,v1:172.21.15.52:6789/0] -- mon_getmap magic: 0 -- 0x7f7fe8108f30 con 0x7f7fe8108540
2024-04-26T01:31:58.175 INFO:teuthology.orchestra.run.smithi052.stdout:/usr/bin/ceph: stderr
2024-04-26T01:31:57.160+0000 7f7fe7400700 1 --2- >> [v2:172.21.15.52:3300/0,v1:172.21.15.52:6789/0] conn(0x7f7fe8108540 0x7f7fe8108960 unknown :-1 s=BANNER_CONNECTING pgs=0 cs=0 l=0 rev1=0 crypto rx=0 tx=0 comp rx=0 tx=0)._handle_peer_banner_payload supported=3 required=0
2024-04-26T01:31:58.175 INFO:teuthology.orchestra.run.smithi052.stdout:/usr/bin/ceph: stderr
2024-04-26T01:31:57.161+0000 7f7fe7400700 1 --2- >> [v2:172.21.15.52:3300/0,v1:172.21.15.52:6789/0] conn(0x7f7fe8108540 0x7f7fe8108960 unknown :-1 s=HELLO_CONNECTING pgs=0 cs=0 l=0 rev1=1 crypto rx=0 tx=0 comp rx=0 tx=0).handle_hello peer v2:172.21.15.52:3300/0 says I am v2:172.21.15.52:49364/0 (socket says 172.21.15.52:49364)
2024-04-26T01:31:58.180 INFO:teuthology.orchestra.run.smithi052.stdout:/usr/bin/ceph: stderr
2024-04-26T01:31:57.161+0000 7f7fe7400700 1 -- 172.21.15.52:0/2115257746 learned_addr learned my addr 172.21.15.52:0/2115257746 (peer_addr_for_me v2:172.21.15.52:0/0)
2024-04-26T01:31:58.180 INFO:teuthology.orchestra.run.smithi052.stdout:/usr/bin/ceph: stderr
2024-04-26T01:31:57.161+0000 7f7fe7400700 1 -- 172.21.15.52:0/2115257746 --> [v2:172.21.15.52:3300/0,v1:172.21.15.52:6789/0] -- mon_subscribe({config=0+,monmap=0+}) -- 0x7f7fe81096f0 con 0x7f7fe8108540
2024-04-26T01:31:58.180 INFO:teuthology.orchestra.run.smithi052.stdout:/usr/bin/ceph: stderr
2024-04-26T01:31:57.161+0000 7f7fe7400700 1 --2- 172.21.15.52:0/2115257746 >> [v2:172.21.15.52:3300/0,v1:172.21.15.52:6789/0] conn(0x7f7fe8108540 0x7f7fe8108960 secure :-1 s=READY pgs=18 cs=0 l=1 rev1=1 crypto rx=0x7f7fd80098a0 tx=0x7f7fd8009bb0 comp rx=0 tx=0).ready entity=mon.0 client_cookie=2111dd8eb38a9be9 server_cookie=0 in_seq=0 out_seq=0
2024-04-26T01:31:58.180 INFO:teuthology.orchestra.run.smithi052.stdout:/usr/bin/ceph: stderr
2024-04-26T01:31:57.162+0000 7f7fe6000700 1 -- 172.21.15.52:0/2115257746 <== mon.0 v2:172.21.15.52:3300/0 1 ==== mon_map magic: 0 ==== 205+0+0 (secure 0 0 0) 0x7f7fd8004160 con 0x7f7fe8108540
2024-04-26T01:31:58.180 INFO:teuthology.orchestra.run.smithi052.stdout:/usr/bin/ceph: stderr
2024-04-26T01:31:57.162+0000 7f7fe6000700 1 -- 172.21.15.52:0/2115257746 <== mon.0 v2:172.21.15.52:3300/0 2 ==== config(26 keys) ==== 1070+0+0 (secure 0 0 0) 0x7f7fd8004300 con 0x7f7fe8108540
2024-04-26T01:31:58.180 INFO:teuthology.orchestra.run.smithi052.stdout:/usr/bin/ceph: stderr
2024-04-26T01:31:57.162+0000 7f7fe6000700 1 -- 172.21.15.52:0/2115257746 <== mon.0 v2:172.21.15.52:3300/0 3 ==== mon_map magic: 0 ==== 205+0+0 (secure 0 0 0) 0x7f7fd8011af0 con 0x7f7fe8108540
2024-04-26T01:31:58.180 INFO:teuthology.orchestra.run.smithi052.stdout:/usr/bin/ceph: stderr
2024-04-26T01:31:57.162+0000 7f7fee600700 1 -- 172.21.15.52:0/2115257746 >> [v2:172.21.15.52:3300/0,v1:172.21.15.52:6789/0] conn(0x7f7fe8108540 msgr2=0x7f7fe8108960 secure :-1 s=STATE_CONNECTION_ESTABLISHED l=1).mark_down
2024-04-26T01:31:58.180 INFO:teuthology.orchestra.run.smithi052.stdout:/usr/bin/ceph: stderr
2024-04-26T01:31:57.162+0000 7f7fee600700 1 --2- 172.21.15.52:0/2115257746 >> [v2:172.21.15.52:3300/0,v1:172.21.15.52:6789/0] conn(0x7f7fe8108540 0x7f7fe8108960 secure :-1 s=READY pgs=18 cs=0 l=1 rev1=1 crypto rx=0x7f7fd80098a0 tx=0x7f7fd8009bb0 comp rx=0 tx=0).stop
2024-04-26T01:31:58.181 INFO:teuthology.orchestra.run.smithi052.stdout:/usr/bin/ceph: stderr
2024-04-26T01:31:57.163+0000 7f7fee600700 1 -- 172.21.15.52:0/2115257746 shutdown_connections
2024-04-26T01:31:58.181 INFO:teuthology.orchestra.run.smithi052.stdout:/usr/bin/ceph: stderr
2024-04-26T01:31:57.163+0000 7f7fee600700 1 --2- 172.21.15.52:0/2115257746 >> [v2:172.21.15.52:3300/0,v1:172.21.15.52:6789/0] conn(0x7f7fe8108540 0x7f7fe8108960 unknown :-1 s=CLOSED pgs=18 cs=0 l=1 rev1=1 crypto rx=0 tx=0 comp rx=0 tx=0).stop
2024-04-26T01:31:58.181 INFO:teuthology.orchestra.run.smithi052.stdout:/usr/bin/ceph: stderr
2024-04-26T01:31:57.163+0000 7f7fee600700 1 -- 172.21.15.52:0/2115257746 >> 172.21.15.52:0/2115257746 conn(0x7f7fe8103b40 msgr2=0x7f7fe8105f60 unknown :-1 s=STATE_NONE l=0).mark_down
2024-04-26T01:31:58.181 INFO:teuthology.orchestra.run.smithi052.stdout:/usr/bin/ceph: stderr
2024-04-26T01:31:57.163+0000 7f7fee600700 1 -- 172.21.15.52:0/2115257746 shutdown_connections
2024-04-26T01:31:58.181 INFO:teuthology.orchestra.run.smithi052.stdout:/usr/bin/ceph: stderr
2024-04-26T01:31:57.163+0000 7f7fee600700 1 -- 172.21.15.52:0/2115257746 wait complete.
2024-04-26T01:31:58.181 INFO:teuthology.orchestra.run.smithi052.stdout:/usr/bin/ceph: stderr
2024-04-26T01:31:57.164+0000 7f7fee600700 1 Processor -- start
2024-04-26T01:31:58.181 INFO:teuthology.orchestra.run.smithi052.stdout:/usr/bin/ceph: stderr
2024-04-26T01:31:57.164+0000 7f7fee600700 1 -- start start
2024-04-26T01:31:58.181 INFO:teuthology.orchestra.run.smithi052.stdout:/usr/bin/ceph: stderr
2024-04-26T01:31:57.164+0000 7f7fee600700 1 --2- >> [v2:172.21.15.52:3300/0,v1:172.21.15.52:6789/0] conn(0x7f7fe8108540 0x7f7fe819e710 unknown :-1 s=NONE pgs=0 cs=0 l=1 rev1=0 crypto rx=0 tx=0 comp rx=0 tx=0).connect
2024-04-26T01:31:58.181 INFO:teuthology.orchestra.run.smithi052.stdout:/usr/bin/ceph: stderr
2024-04-26T01:31:57.164+0000 7f7fee600700 1 -- --> [v2:172.21.15.52:3300/0,v1:172.21.15.52:6789/0] -- mon_getmap magic: 0 -- 0x7f7fe810caa0 con 0x7f7fe8108540
2024-04-26T01:31:58.181 INFO:teuthology.orchestra.run.smithi052.stdout:/usr/bin/ceph: stderr
2024-04-26T01:31:57.165+0000 7f7fe7400700 1 --2- >> [v2:172.21.15.52:3300/0,v1:172.21.15.52:6789/0] conn(0x7f7fe8108540 0x7f7fe819e710 unknown :-1 s=BANNER_CONNECTING pgs=0 cs=0 l=1 rev1=0 crypto rx=0 tx=0 comp rx=0 tx=0)._handle_peer_banner_payload supported=3 required=0
2024-04-26T01:31:58.181 INFO:teuthology.orchestra.run.smithi052.stdout:/usr/bin/ceph: stderr
2024-04-26T01:31:57.165+0000 7f7fe7400700 1 --2- >> [v2:172.21.15.52:3300/0,v1:172.21.15.52:6789/0] conn(0x7f7fe8108540 0x7f7fe819e710 unknown :-1 s=HELLO_CONNECTING pgs=0 cs=0 l=1 rev1=1 crypto rx=0 tx=0 comp rx=0 tx=0).handle_hello peer v2:172.21.15.52:3300/0 says I am v2:172.21.15.52:49372/0 (socket says 172.21.15.52:49372)
2024-04-26T01:31:58.181 INFO:teuthology.orchestra.run.smithi052.stdout:/usr/bin/ceph: stderr
2024-04-26T01:31:57.165+0000 7f7fe7400700 1 -- 172.21.15.52:0/1912704271 learned_addr learned my addr 172.21.15.52:0/1912704271 (peer_addr_for_me v2:172.21.15.52:0/0)
2024-04-26T01:31:58.181 INFO:teuthology.orchestra.run.smithi052.stdout:/usr/bin/ceph: stderr
2024-04-26T01:31:57.165+0000 7f7fe7400700 1 -- 172.21.15.52:0/1912704271 --> [v2:172.21.15.52:3300/0,v1:172.21.15.52:6789/0] -- mon_subscribe({config=0+,monmap=0+}) -- 0x7f7fe819ec50 con 0x7f7fe8108540
2024-04-26T01:31:58.181 INFO:teuthology.orchestra.run.smithi052.stdout:/usr/bin/ceph: stderr
2024-04-26T01:31:57.165+0000 7f7fe7400700 1 --2- 172.21.15.52:0/1912704271 >> [v2:172.21.15.52:3300/0,v1:172.21.15.52:6789/0] conn(0x7f7fe8108540 0x7f7fe819e710 secure :-1 s=READY pgs=19 cs=0 l=1 rev1=1 crypto rx=0x7f7fd80117b0 tx=0x7f7fd8011b70 comp rx=0 tx=0).ready entity=mon.0 client_cookie=0 server_cookie=0 in_seq=0 out_seq=0
2024-04-26T01:31:58.182 INFO:teuthology.orchestra.run.smithi052.stdout:/usr/bin/ceph: stderr
2024-04-26T01:31:57.166+0000 7f7fdfe00700 1 -- 172.21.15.52:0/1912704271 <== mon.0 v2:172.21.15.52:3300/0 1 ==== mon_map magic: 0 ==== 205+0+0 (secure 0 0 0) 0x7f7fd8003af0 con 0x7f7fe8108540
2024-04-26T01:31:58.182 INFO:teuthology.orchestra.run.smithi052.stdout:/usr/bin/ceph: stderr
2024-04-26T01:31:57.166+0000 7f7fdfe00700 1 -- 172.21.15.52:0/1912704271 <== mon.0 v2:172.21.15.52:3300/0 2 ==== config(26 keys) ==== 1070+0+0 (secure 0 0 0) 0x7f7fd8020070 con 0x7f7fe8108540
2024-04-26T01:31:58.182 INFO:teuthology.orchestra.run.smithi052.stdout:/usr/bin/ceph: stderr
2024-04-26T01:31:57.166+0000 7f7fdfe00700 1 -- 172.21.15.52:0/1912704271 <== mon.0 v2:172.21.15.52:3300/0 3 ==== mon_map magic: 0 ==== 205+0+0 (secure 0 0 0) 0x7f7fd8019630 con 0x7f7fe8108540
2024-04-26T01:31:58.182 INFO:teuthology.orchestra.run.smithi052.stdout:/usr/bin/ceph: stderr
2024-04-26T01:31:57.166+0000 7f7fee600700 1 -- 172.21.15.52:0/1912704271 --> [v2:172.21.15.52:3300/0,v1:172.21.15.52:6789/0] -- mon_subscribe({mgrmap=0+}) -- 0x7f7fe819eee0 con 0x7f7fe8108540
2024-04-26T01:31:58.182 INFO:teuthology.orchestra.run.smithi052.stdout:/usr/bin/ceph: stderr
2024-04-26T01:31:57.166+0000 7f7fee600700 1 -- 172.21.15.52:0/1912704271 --> [v2:172.21.15.52:3300/0,v1:172.21.15.52:6789/0] -- mon_subscribe({osdmap=0}) -- 0x7f7fe81a1bd0 con 0x7f7fe8108540
2024-04-26T01:31:58.182 INFO:teuthology.orchestra.run.smithi052.stdout:/usr/bin/ceph: stderr
2024-04-26T01:31:57.167+0000 7f7fdfe00700 1 -- 172.21.15.52:0/1912704271 <== mon.0 v2:172.21.15.52:3300/0 4 ==== mgrmap(e 3) ==== 46441+0+0 (secure 0 0 0) 0x7f7fd801a430 con 0x7f7fe8108540
2024-04-26T01:31:58.182 INFO:teuthology.orchestra.run.smithi052.stdout:/usr/bin/ceph: stderr
2024-04-26T01:31:57.167+0000 7f7fee600700 1 -- 172.21.15.52:0/1912704271 --> [v2:172.21.15.52:3300/0,v1:172.21.15.52:6789/0] -- mon_command({"prefix": "get_command_descriptions"} v 0) -- 0x7f7fe80640a0 con 0x7f7fe8108540
2024-04-26T01:31:58.182 INFO:teuthology.orchestra.run.smithi052.stdout:/usr/bin/ceph: stderr
2024-04-26T01:31:57.168+0000 7f7fdfe00700 1 --2- 172.21.15.52:0/1912704271 >> [v2:172.21.15.52:6800/496114326,v1:172.21.15.52:6801/496114326] conn(0x7f7fcc039490 0x7f7fcc03b950 unknown :-1 s=NONE pgs=0 cs=0 l=1 rev1=0 crypto rx=0 tx=0 comp rx=0 tx=0).connect
2024-04-26T01:31:58.182 INFO:teuthology.orchestra.run.smithi052.stdout:/usr/bin/ceph: stderr
2024-04-26T01:31:57.168+0000 7f7fdfe00700 1 -- 172.21.15.52:0/1912704271 <== mon.0 v2:172.21.15.52:3300/0 5 ==== osd_map(1..1 src has 1..1) ==== 725+0+0 (secure 0 0 0) 0x7f7fd804d880 con 0x7f7fe8108540
2024-04-26T01:31:58.182 INFO:teuthology.orchestra.run.smithi052.stdout:/usr/bin/ceph: stderr
2024-04-26T01:31:57.168+0000 7f7fe6a00700 1 --2- 172.21.15.52:0/1912704271 >> [v2:172.21.15.52:6800/496114326,v1:172.21.15.52:6801/496114326] conn(0x7f7fcc039490 0x7f7fcc03b950 unknown :-1 s=BANNER_CONNECTING pgs=0 cs=0 l=1 rev1=0 crypto rx=0 tx=0 comp rx=0 tx=0)._handle_peer_banner_payload supported=3 required=0
2024-04-26T01:31:58.182 INFO:teuthology.orchestra.run.smithi052.stdout:/usr/bin/ceph: stderr
2024-04-26T01:31:57.169+0000 7f7fe6a00700 1 --2- 172.21.15.52:0/1912704271 >> [v2:172.21.15.52:6800/496114326,v1:172.21.15.52:6801/496114326] conn(0x7f7fcc039490 0x7f7fcc03b950 secure :-1 s=READY pgs=6 cs=0 l=1 rev1=1 crypto rx=0x7f7fd4006fd0 tx=0x7f7fd4006e40 comp rx=0 tx=0).ready entity=mgr.14100 client_cookie=0 server_cookie=0 in_seq=0 out_seq=0
2024-04-26T01:31:58.182 INFO:teuthology.orchestra.run.smithi052.stdout:/usr/bin/ceph: stderr
2024-04-26T01:31:57.174+0000 7f7fdfe00700 1 -- 172.21.15.52:0/1912704271 <== mon.0 v2:172.21.15.52:3300/0 6 ==== mon_command_ack([{"prefix": "get_command_descriptions"}]=0 v0) ==== 72+0+188370 (secure 0 0 0) 0x7f7fd80042a0 con 0x7f7fe8108540
2024-04-26T01:31:58.182 INFO:teuthology.orchestra.run.smithi052.stdout:/usr/bin/ceph: stderr
2024-04-26T01:31:57.242+0000 7f7fdfe00700 1 -- 172.21.15.52:0/1912704271 <== mon.0 v2:172.21.15.52:3300/0 7 ==== mgrmap(e 4) ==== 46547+0+0 (secure 0 0 0) 0x7f7fd8019850 con 0x7f7fe8108540
2024-04-26T01:31:58.183 INFO:teuthology.orchestra.run.smithi052.stdout:/usr/bin/ceph: stderr
2024-04-26T01:31:57.494+0000 7f7fee600700 1 -- 172.21.15.52:0/1912704271 --> [v2:172.21.15.52:3300/0,v1:172.21.15.52:6789/0] -- mon_command({"prefix": "status", "format": "json-pretty"} v 0) -- 0x7f7fe81a1da0 con 0x7f7fe8108540
2024-04-26T01:31:58.183 INFO:teuthology.orchestra.run.smithi052.stdout:/usr/bin/ceph: stderr
2024-04-26T01:31:57.495+0000 7f7fdfe00700 1 -- 172.21.15.52:0/1912704271 <== mon.0 v2:172.21.15.52:3300/0 8 ==== mon_command_ack([{"prefix": "status", "format": "json-pretty"}]=0 v0) ==== 79+0+1239 (secure 0 0 0) 0x7f7fe81a1da0 con 0x7f7fe8108540
2024-04-26T01:31:58.183 INFO:teuthology.orchestra.run.smithi052.stdout:/usr/bin/ceph: stderr
2024-04-26T01:31:57.499+0000 7f7fee600700 1 -- 172.21.15.52:0/1912704271 >> [v2:172.21.15.52:6800/496114326,v1:172.21.15.52:6801/496114326] conn(0x7f7fcc039490 msgr2=0x7f7fcc03b950 secure :-1 s=STATE_CONNECTION_ESTABLISHED l=1).mark_down
2024-04-26T01:31:58.183 INFO:teuthology.orchestra.run.smithi052.stdout:/usr/bin/ceph: stderr
2024-04-26T01:31:57.499+0000 7f7fee600700 1 --2- 172.21.15.52:0/1912704271 >> [v2:172.21.15.52:6800/496114326,v1:172.21.15.52:6801/496114326] conn(0x7f7fcc039490 0x7f7fcc03b950 secure :-1 s=READY pgs=6 cs=0 l=1 rev1=1 crypto rx=0x7f7fd4006fd0 tx=0x7f7fd4006e40 comp rx=0 tx=0).stop
2024-04-26T01:31:58.183 INFO:teuthology.orchestra.run.smithi052.stdout:/usr/bin/ceph: stderr
2024-04-26T01:31:57.499+0000 7f7fee600700 1 -- 172.21.15.52:0/1912704271 >> [v2:172.21.15.52:3300/0,v1:172.21.15.52:6789/0] conn(0x7f7fe8108540 msgr2=0x7f7fe819e710 secure :-1 s=STATE_CONNECTION_ESTABLISHED l=1).mark_down
2024-04-26T01:31:58.183 INFO:teuthology.orchestra.run.smithi052.stdout:/usr/bin/ceph: stderr
2024-04-26T01:31:57.499+0000 7f7fee600700 1 --2- 172.21.15.52:0/1912704271 >> [v2:172.21.15.52:3300/0,v1:172.21.15.52:6789/0] conn(0x7f7fe8108540 0x7f7fe819e710 secure :-1 s=READY pgs=19 cs=0 l=1 rev1=1 crypto rx=0x7f7fd80117b0 tx=0x7f7fd8011b70 comp rx=0 tx=0).stop
2024-04-26T01:31:58.183 INFO:teuthology.orchestra.run.smithi052.stdout:/usr/bin/ceph: stderr
2024-04-26T01:31:57.499+0000 7f7fee600700 1 -- 172.21.15.52:0/1912704271 shutdown_connections
2024-04-26T01:31:58.183 INFO:teuthology.orchestra.run.smithi052.stdout:/usr/bin/ceph: stderr
2024-04-26T01:31:57.499+0000 7f7fee600700 1 --2- 172.21.15.52:0/1912704271 >> [v2:172.21.15.52:6800/496114326,v1:172.21.15.52:6801/496114326] conn(0x7f7fcc039490 0x7f7fcc03b950 unknown :-1 s=CLOSED pgs=6 cs=0 l=1 rev1=1 crypto rx=0 tx=0 comp rx=0 tx=0).stop
2024-04-26T01:31:58.183 INFO:teuthology.orchestra.run.smithi052.stdout:/usr/bin/ceph: stderr
2024-04-26T01:31:57.499+0000 7f7fee600700 1 --2- 172.21.15.52:0/1912704271 >> [v2:172.21.15.52:3300/0,v1:172.21.15.52:6789/0] conn(0x7f7fe8108540 0x7f7fe819e710 unknown :-1 s=CLOSED pgs=19 cs=0 l=1 rev1=1 crypto rx=0 tx=0 comp rx=0 tx=0).stop
2024-04-26T01:31:58.183 INFO:teuthology.orchestra.run.smithi052.stdout:/usr/bin/ceph: stderr
2024-04-26T01:31:57.499+0000 7f7fee600700 1 -- 172.21.15.52:0/1912704271 >> 172.21.15.52:0/1912704271 conn(0x7f7fe8103b40 msgr2=0x7f7fe8104720 unknown :-1 s=STATE_NONE l=0).mark_down
2024-04-26T01:31:58.183 INFO:teuthology.orchestra.run.smithi052.stdout:/usr/bin/ceph: stderr
2024-04-26T01:31:57.499+0000 7f7fee600700 1 -- 172.21.15.52:0/1912704271 shutdown_connections
2024-04-26T01:31:58.183 INFO:teuthology.orchestra.run.smithi052.stdout:/usr/bin/ceph: stderr
2024-04-26T01:31:57.500+0000 7f7fee600700 1 -- 172.21.15.52:0/1912704271 wait complete.
2024-04-26T01:31:58.184 INFO:teuthology.orchestra.run.smithi052.stdout:mgr is available
2024-04-26T01:31:58.458 INFO:journalctl@ceph.mon.a.smithi052.stdout:Apr 26 01:31:58 smithi052 ceph-mon[27851]: mgrmap e4: x(active, since 2s)
2024-04-26T01:31:58.459 INFO:journalctl@ceph.mon.a.smithi052.stdout:Apr 26 01:31:58 smithi052 ceph-mon[27851]: from='client.? 172.21.15.52:0/1912704271' entity='client.admin' cmd=[{"prefix": "status", "format": "json-pretty"}]: dispatch
2024-04-26T01:31:59.387 INFO:journalctl@ceph.mon.a.smithi052.stdout:Apr 26 01:31:59 smithi052 ceph-mon[27851]: from='client.? 172.21.15.52:0/855402085' entity='client.admin' cmd=[{"prefix": "config assimilate-conf"}]: dispatch
2024-04-26T01:31:59.710 INFO:teuthology.orchestra.run.smithi052.stdout:/usr/bin/ceph: stdout
2024-04-26T01:31:59.710 INFO:teuthology.orchestra.run.smithi052.stdout:/usr/bin/ceph: stdout [global]
2024-04-26T01:31:59.711 INFO:teuthology.orchestra.run.smithi052.stdout:/usr/bin/ceph: stdout fsid = 8b150f36-036c-11ef-bc93-c7b262605968
2024-04-26T01:31:59.711 INFO:teuthology.orchestra.run.smithi052.stdout:/usr/bin/ceph: stdout mon_cluster_log_file_level = debug
2024-04-26T01:31:59.711 INFO:teuthology.orchestra.run.smithi052.stdout:/usr/bin/ceph: stdout mon_osd_allow_pg_remap = true
2024-04-26T01:31:59.711 INFO:teuthology.orchestra.run.smithi052.stdout:/usr/bin/ceph: stdout mon_osd_allow_primary_affinity = true
2024-04-26T01:31:59.711 INFO:teuthology.orchestra.run.smithi052.stdout:/usr/bin/ceph: stdout mon_warn_on_no_sortbitwise = false
2024-04-26T01:31:59.711 INFO:teuthology.orchestra.run.smithi052.stdout:/usr/bin/ceph: stdout osd_crush_chooseleaf_type = 0
2024-04-26T01:31:59.711 INFO:teuthology.orchestra.run.smithi052.stdout:/usr/bin/ceph: stdout
2024-04-26T01:31:59.711 INFO:teuthology.orchestra.run.smithi052.stdout:/usr/bin/ceph: stdout [mgr]
2024-04-26T01:31:59.711 INFO:teuthology.orchestra.run.smithi052.stdout:/usr/bin/ceph: stdout mgr/telemetry/nag = false
2024-04-26T01:31:59.715 INFO:teuthology.orchestra.run.smithi052.stdout:/usr/bin/ceph: stdout
2024-04-26T01:31:59.715 INFO:teuthology.orchestra.run.smithi052.stdout:/usr/bin/ceph: stdout [osd]
2024-04-26T01:31:59.715 INFO:teuthology.orchestra.run.smithi052.stdout:/usr/bin/ceph: stdout bdev_async_discard = True
2024-04-26T01:31:59.715 INFO:teuthology.orchestra.run.smithi052.stdout:/usr/bin/ceph: stdout mon_osd_backfillfull_ratio = 0.85
2024-04-26T01:31:59.715 INFO:teuthology.orchestra.run.smithi052.stdout:/usr/bin/ceph: stdout mon_osd_full_ratio = 0.9
2024-04-26T01:31:59.715 INFO:teuthology.orchestra.run.smithi052.stdout:/usr/bin/ceph: stdout mon_osd_nearfull_ratio = 0.8
2024-04-26T01:31:59.716 INFO:teuthology.orchestra.run.smithi052.stdout:/usr/bin/ceph: stdout osd_map_max_advance = 10
2024-04-26T01:31:59.716 INFO:teuthology.orchestra.run.smithi052.stdout:/usr/bin/ceph: stdout osd_sloppy_crc = true
2024-04-26T01:31:59.716 INFO:teuthology.orchestra.run.smithi052.stdout:/usr/bin/ceph: stderr
2024-04-26T01:31:58.817+0000 7f4cc4800700 1 Processor -- start
2024-04-26T01:31:59.716 INFO:teuthology.orchestra.run.smithi052.stdout:/usr/bin/ceph: stderr
2024-04-26T01:31:58.818+0000 7f4cc4800700 1 -- start start
2024-04-26T01:31:59.716 INFO:teuthology.orchestra.run.smithi052.stdout:/usr/bin/ceph: stderr
2024-04-26T01:31:58.818+0000 7f4cc4800700 1 --2- >> [v2:172.21.15.52:3300/0,v1:172.21.15.52:6789/0] conn(0x7f4cbc10be00 0x7f4cbc10c220 unknown :-1 s=NONE pgs=0 cs=0 l=0 rev1=0 crypto rx=0 tx=0 comp rx=0 tx=0).connect
2024-04-26T01:31:59.716 INFO:teuthology.orchestra.run.smithi052.stdout:/usr/bin/ceph: stderr
2024-04-26T01:31:58.818+0000 7f4cc4800700 1 -- --> [v2:172.21.15.52:3300/0,v1:172.21.15.52:6789/0] -- mon_getmap magic: 0 -- 0x7f4cbc10a390 con 0x7f4cbc10be00
2024-04-26T01:31:59.716 INFO:teuthology.orchestra.run.smithi052.stdout:/usr/bin/ceph: stderr
2024-04-26T01:31:58.819+0000 7f4cc1e00700 1 --2- >> [v2:172.21.15.52:3300/0,v1:172.21.15.52:6789/0] conn(0x7f4cbc10be00 0x7f4cbc10c220 unknown :-1 s=BANNER_CONNECTING pgs=0 cs=0 l=0 rev1=0 crypto rx=0 tx=0 comp rx=0 tx=0)._handle_peer_banner_payload supported=3 required=0
2024-04-26T01:31:59.716 INFO:teuthology.orchestra.run.smithi052.stdout:/usr/bin/ceph: stderr
2024-04-26T01:31:58.819+0000 7f4cc1e00700 1 --2- >> [v2:172.21.15.52:3300/0,v1:172.21.15.52:6789/0] conn(0x7f4cbc10be00 0x7f4cbc10c220 unknown :-1 s=HELLO_CONNECTING pgs=0 cs=0 l=0 rev1=1 crypto rx=0 tx=0 comp rx=0 tx=0).handle_hello peer v2:172.21.15.52:3300/0 says I am v2:172.21.15.52:49384/0 (socket says 172.21.15.52:49384)
2024-04-26T01:31:59.716 INFO:teuthology.orchestra.run.smithi052.stdout:/usr/bin/ceph: stderr
2024-04-26T01:31:58.819+0000 7f4cc1e00700 1 -- 172.21.15.52:0/2237075092 learned_addr learned my addr 172.21.15.52:0/2237075092 (peer_addr_for_me v2:172.21.15.52:0/0)
2024-04-26T01:31:59.716 INFO:teuthology.orchestra.run.smithi052.stdout:/usr/bin/ceph: stderr
2024-04-26T01:31:58.819+0000 7f4cc1e00700 1 -- 172.21.15.52:0/2237075092 --> [v2:172.21.15.52:3300/0,v1:172.21.15.52:6789/0] -- mon_subscribe({config=0+,monmap=0+}) -- 0x7f4cbc10a510 con 0x7f4cbc10be00
2024-04-26T01:31:59.716 INFO:teuthology.orchestra.run.smithi052.stdout:/usr/bin/ceph: stderr
2024-04-26T01:31:58.819+0000 7f4cc1e00700 1 --2- 172.21.15.52:0/2237075092 >> [v2:172.21.15.52:3300/0,v1:172.21.15.52:6789/0] conn(0x7f4cbc10be00 0x7f4cbc10c220 secure :-1 s=READY pgs=20 cs=0 l=1 rev1=1 crypto rx=0x7f4cb00098a0 tx=0x7f4cb0009bb0 comp rx=0 tx=0).ready entity=mon.0 client_cookie=69eb4094800e5d51 server_cookie=0 in_seq=0 out_seq=0
2024-04-26T01:31:59.716 INFO:teuthology.orchestra.run.smithi052.stdout:/usr/bin/ceph: stderr
2024-04-26T01:31:58.820+0000 7f4cc0a00700 1 -- 172.21.15.52:0/2237075092 <== mon.0 v2:172.21.15.52:3300/0 1 ==== mon_map magic: 0 ==== 205+0+0 (secure 0 0 0) 0x7f4cb0004160 con 0x7f4cbc10be00
2024-04-26T01:31:59.716 INFO:teuthology.orchestra.run.smithi052.stdout:/usr/bin/ceph: stderr
2024-04-26T01:31:58.820+0000 7f4cc0a00700 1 -- 172.21.15.52:0/2237075092 <== mon.0 v2:172.21.15.52:3300/0 2 ==== config(26 keys) ==== 1070+0+0 (secure 0 0 0) 0x7f4cb0004300 con 0x7f4cbc10be00
2024-04-26T01:31:59.716 INFO:teuthology.orchestra.run.smithi052.stdout:/usr/bin/ceph: stderr
2024-04-26T01:31:58.820+0000 7f4cc0a00700 1 -- 172.21.15.52:0/2237075092 <== mon.0 v2:172.21.15.52:3300/0 3 ==== mon_map magic: 0 ==== 205+0+0 (secure 0 0 0) 0x7f4cb0011af0 con 0x7f4cbc10be00
2024-04-26T01:31:59.717 INFO:teuthology.orchestra.run.smithi052.stdout:/usr/bin/ceph: stderr
2024-04-26T01:31:58.821+0000 7f4cc4800700 1 -- 172.21.15.52:0/2237075092 >> [v2:172.21.15.52:3300/0,v1:172.21.15.52:6789/0] conn(0x7f4cbc10be00 msgr2=0x7f4cbc10c220 secure :-1 s=STATE_CONNECTION_ESTABLISHED l=1).mark_down
2024-04-26T01:31:59.717 INFO:teuthology.orchestra.run.smithi052.stdout:/usr/bin/ceph: stderr
2024-04-26T01:31:58.821+0000 7f4cc4800700 1 --2- 172.21.15.52:0/2237075092 >> [v2:172.21.15.52:3300/0,v1:172.21.15.52:6789/0] conn(0x7f4cbc10be00 0x7f4cbc10c220 secure :-1 s=READY pgs=20 cs=0 l=1 rev1=1 crypto rx=0x7f4cb00098a0 tx=0x7f4cb0009bb0 comp rx=0 tx=0).stop
2024-04-26T01:31:59.717 INFO:teuthology.orchestra.run.smithi052.stdout:/usr/bin/ceph: stderr
2024-04-26T01:31:58.821+0000 7f4cc4800700 1 -- 172.21.15.52:0/2237075092 shutdown_connections
2024-04-26T01:31:59.717 INFO:teuthology.orchestra.run.smithi052.stdout:/usr/bin/ceph: stderr
2024-04-26T01:31:58.821+0000 7f4cc4800700 1 --2- 172.21.15.52:0/2237075092 >> [v2:172.21.15.52:3300/0,v1:172.21.15.52:6789/0] conn(0x7f4cbc10be00 0x7f4cbc10c220 unknown :-1 s=CLOSED pgs=20 cs=0 l=1 rev1=1 crypto rx=0 tx=0 comp rx=0 tx=0).stop
2024-04-26T01:31:59.717 INFO:teuthology.orchestra.run.smithi052.stdout:/usr/bin/ceph: stderr
2024-04-26T01:31:58.821+0000 7f4cc4800700 1 -- 172.21.15.52:0/2237075092 >> 172.21.15.52:0/2237075092 conn(0x7f4cbc07dc00 msgr2=0x7f4cbc1084e0 unknown :-1 s=STATE_NONE l=0).mark_down
2024-04-26T01:31:59.717 INFO:teuthology.orchestra.run.smithi052.stdout:/usr/bin/ceph: stderr
2024-04-26T01:31:58.821+0000 7f4cc4800700 1 -- 172.21.15.52:0/2237075092 shutdown_connections
2024-04-26T01:31:59.717 INFO:teuthology.orchestra.run.smithi052.stdout:/usr/bin/ceph: stderr
2024-04-26T01:31:58.821+0000 7f4cc4800700 1 -- 172.21.15.52:0/2237075092 wait complete.
2024-04-26T01:31:59.717 INFO:teuthology.orchestra.run.smithi052.stdout:/usr/bin/ceph: stderr
2024-04-26T01:31:58.822+0000 7f4cc4800700 1 Processor -- start
2024-04-26T01:31:59.717 INFO:teuthology.orchestra.run.smithi052.stdout:/usr/bin/ceph: stderr
2024-04-26T01:31:58.822+0000 7f4cc4800700 1 -- start start
2024-04-26T01:31:59.717 INFO:teuthology.orchestra.run.smithi052.stdout:/usr/bin/ceph: stderr
2024-04-26T01:31:58.823+0000 7f4cc4800700 1 --2- >> [v2:172.21.15.52:3300/0,v1:172.21.15.52:6789/0] conn(0x7f4cbc10be00 0x7f4cbc19e7e0 unknown :-1 s=NONE pgs=0 cs=0 l=1 rev1=0 crypto rx=0 tx=0 comp rx=0 tx=0).connect
2024-04-26T01:31:59.717 INFO:teuthology.orchestra.run.smithi052.stdout:/usr/bin/ceph: stderr
2024-04-26T01:31:58.823+0000 7f4cc4800700 1 -- --> [v2:172.21.15.52:3300/0,v1:172.21.15.52:6789/0] -- mon_getmap magic: 0 -- 0x7f4cbc10ecd0 con 0x7f4cbc10be00
2024-04-26T01:31:59.717 INFO:teuthology.orchestra.run.smithi052.stdout:/usr/bin/ceph: stderr
2024-04-26T01:31:58.823+0000 7f4cc1e00700 1 --2- >> [v2:172.21.15.52:3300/0,v1:172.21.15.52:6789/0] conn(0x7f4cbc10be00 0x7f4cbc19e7e0 unknown :-1 s=BANNER_CONNECTING pgs=0 cs=0 l=1 rev1=0 crypto rx=0 tx=0 comp rx=0 tx=0)._handle_peer_banner_payload supported=3 required=0
2024-04-26T01:31:59.717 INFO:teuthology.orchestra.run.smithi052.stdout:/usr/bin/ceph: stderr
2024-04-26T01:31:58.823+0000 7f4cc1e00700 1 --2- >> [v2:172.21.15.52:3300/0,v1:172.21.15.52:6789/0] conn(0x7f4cbc10be00 0x7f4cbc19e7e0 unknown :-1 s=HELLO_CONNECTING pgs=0 cs=0 l=1 rev1=1 crypto rx=0 tx=0 comp rx=0 tx=0).handle_hello peer v2:172.21.15.52:3300/0 says I am v2:172.21.15.52:49392/0 (socket says 172.21.15.52:49392)
2024-04-26T01:31:59.718 INFO:teuthology.orchestra.run.smithi052.stdout:/usr/bin/ceph: stderr
2024-04-26T01:31:58.823+0000 7f4cc1e00700 1 -- 172.21.15.52:0/855402085 learned_addr learned my addr 172.21.15.52:0/855402085 (peer_addr_for_me v2:172.21.15.52:0/0)
2024-04-26T01:31:59.718 INFO:teuthology.orchestra.run.smithi052.stdout:/usr/bin/ceph: stderr
2024-04-26T01:31:58.823+0000 7f4cc1e00700 1 -- 172.21.15.52:0/855402085 --> [v2:172.21.15.52:3300/0,v1:172.21.15.52:6789/0] -- mon_subscribe({config=0+,monmap=0+}) -- 0x7f4cbc19ed20 con 0x7f4cbc10be00
2024-04-26T01:31:59.718 INFO:teuthology.orchestra.run.smithi052.stdout:/usr/bin/ceph: stderr
2024-04-26T01:31:58.823+0000 7f4cc1e00700 1 --2- 172.21.15.52:0/855402085 >> [v2:172.21.15.52:3300/0,v1:172.21.15.52:6789/0] conn(0x7f4cbc10be00 0x7f4cbc19e7e0 secure :-1 s=READY pgs=21 cs=0 l=1 rev1=1 crypto rx=0x7f4cb00117b0 tx=0x7f4cb0011b70 comp rx=0 tx=0).ready entity=mon.0 client_cookie=0 server_cookie=0 in_seq=0 out_seq=0
2024-04-26T01:31:59.718 INFO:teuthology.orchestra.run.smithi052.stdout:/usr/bin/ceph: stderr
2024-04-26T01:31:58.824+0000 7f4cb6a00700 1 -- 172.21.15.52:0/855402085 <== mon.0 v2:172.21.15.52:3300/0 1 ==== mon_map magic: 0 ==== 205+0+0 (secure 0 0 0) 0x7f4cb0003af0 con 0x7f4cbc10be00
2024-04-26T01:31:59.720 INFO:teuthology.orchestra.run.smithi052.stdout:/usr/bin/ceph: stderr
2024-04-26T01:31:58.824+0000 7f4cb6a00700 1 -- 172.21.15.52:0/855402085 <== mon.0 v2:172.21.15.52:3300/0 2 ==== config(26 keys) ==== 1070+0+0 (secure 0 0 0) 0x7f4cb0020070 con 0x7f4cbc10be00
2024-04-26T01:31:59.720 INFO:teuthology.orchestra.run.smithi052.stdout:/usr/bin/ceph: stderr
2024-04-26T01:31:58.824+0000 7f4cb6a00700 1 -- 172.21.15.52:0/855402085 <== mon.0 v2:172.21.15.52:3300/0 3 ==== mon_map magic: 0 ==== 205+0+0 (secure 0 0 0) 0x7f4cb0019630 con 0x7f4cbc10be00
2024-04-26T01:31:59.720 INFO:teuthology.orchestra.run.smithi052.stdout:/usr/bin/ceph: stderr
2024-04-26T01:31:58.824+0000 7f4cc4800700 1 -- 172.21.15.52:0/855402085 --> [v2:172.21.15.52:3300/0,v1:172.21.15.52:6789/0] -- mon_subscribe({mgrmap=0+}) -- 0x7f4cbc19efb0 con 0x7f4cbc10be00
2024-04-26T01:31:59.720 INFO:teuthology.orchestra.run.smithi052.stdout:/usr/bin/ceph: stderr
2024-04-26T01:31:58.824+0000 7f4cc4800700 1 -- 172.21.15.52:0/855402085 --> [v2:172.21.15.52:3300/0,v1:172.21.15.52:6789/0] -- mon_subscribe({osdmap=0}) -- 0x7f4cbc1a1ca0 con 0x7f4cbc10be00
2024-04-26T01:31:59.720 INFO:teuthology.orchestra.run.smithi052.stdout:/usr/bin/ceph: stderr
2024-04-26T01:31:58.825+0000 7f4cc4800700 1 -- 172.21.15.52:0/855402085 --> [v2:172.21.15.52:3300/0,v1:172.21.15.52:6789/0] -- mon_command({"prefix": "get_command_descriptions"} v 0) -- 0x7f4cbc10ee50 con 0x7f4cbc10be00
2024-04-26T01:31:59.720 INFO:teuthology.orchestra.run.smithi052.stdout:/usr/bin/ceph: stderr
2024-04-26T01:31:58.825+0000 7f4cb6a00700 1 -- 172.21.15.52:0/855402085 <== mon.0 v2:172.21.15.52:3300/0 4 ==== mgrmap(e 4) ==== 46547+0+0 (secure 0 0 0) 0x7f4cb001a9c0 con 0x7f4cbc10be00
2024-04-26T01:31:59.720 INFO:teuthology.orchestra.run.smithi052.stdout:/usr/bin/ceph: stderr
2024-04-26T01:31:58.826+0000 7f4cb6a00700 1 --2- 172.21.15.52:0/855402085 >> [v2:172.21.15.52:6800/496114326,v1:172.21.15.52:6801/496114326] conn(0x7f4ca40395b0 0x7f4ca403ba70 unknown :-1 s=NONE pgs=0 cs=0 l=1 rev1=0 crypto rx=0 tx=0 comp rx=0 tx=0).connect
2024-04-26T01:31:59.720 INFO:teuthology.orchestra.run.smithi052.stdout:/usr/bin/ceph: stderr
2024-04-26T01:31:58.826+0000 7f4cb6a00700 1 -- 172.21.15.52:0/855402085 <== mon.0 v2:172.21.15.52:3300/0 5 ==== osd_map(1..1 src has 1..1) ==== 725+0+0 (secure 0 0 0) 0x7f4cb004dae0 con 0x7f4cbc10be00
2024-04-26T01:31:59.721 INFO:teuthology.orchestra.run.smithi052.stdout:/usr/bin/ceph: stderr
2024-04-26T01:31:58.826+0000 7f4cc1400700 1 --2- 172.21.15.52:0/855402085 >> [v2:172.21.15.52:6800/496114326,v1:172.21.15.52:6801/496114326] conn(0x7f4ca40395b0 0x7f4ca403ba70 unknown :-1 s=BANNER_CONNECTING pgs=0 cs=0 l=1 rev1=0 crypto rx=0 tx=0 comp rx=0 tx=0)._handle_peer_banner_payload supported=3 required=0
2024-04-26T01:31:59.721 INFO:teuthology.orchestra.run.smithi052.stdout:/usr/bin/ceph: stderr
2024-04-26T01:31:58.827+0000 7f4cc1400700 1 --2- 172.21.15.52:0/855402085 >> [v2:172.21.15.52:6800/496114326,v1:172.21.15.52:6801/496114326] conn(0x7f4ca40395b0 0x7f4ca403ba70 secure :-1 s=READY pgs=7 cs=0 l=1 rev1=1 crypto rx=0x7f4cac006fd0 tx=0x7f4cac006e40 comp rx=0 tx=0).ready entity=mgr.14100 client_cookie=0 server_cookie=0 in_seq=0 out_seq=0
2024-04-26T01:31:59.721 INFO:teuthology.orchestra.run.smithi052.stdout:/usr/bin/ceph: stderr
2024-04-26T01:31:58.831+0000 7f4cb6a00700 1 -- 172.21.15.52:0/855402085 <== mon.0 v2:172.21.15.52:3300/0 6 ==== mon_command_ack([{"prefix": "get_command_descriptions"}]=0 v0) ==== 72+0+188370 (secure 0 0 0) 0x7f4cb000e260 con 0x7f4cbc10be00
2024-04-26T01:31:59.721 INFO:teuthology.orchestra.run.smithi052.stdout:/usr/bin/ceph: stderr
2024-04-26T01:31:59.061+0000 7f4cc4800700 1 -- 172.21.15.52:0/855402085 --> [v2:172.21.15.52:3300/0,v1:172.21.15.52:6789/0] -- mon_command({"prefix": "config assimilate-conf"} v 0) -- 0x7f4cbc1a1e70 con 0x7f4cbc10be00
2024-04-26T01:31:59.721 INFO:teuthology.orchestra.run.smithi052.stdout:/usr/bin/ceph: stderr
2024-04-26T01:31:59.064+0000 7f4cb6a00700 1 -- 172.21.15.52:0/855402085 <== mon.0 v2:172.21.15.52:3300/0 7 ==== mon_command_ack([{"prefix": "config assimilate-conf"}]=0 v3) ==== 70+0+436 (secure 0 0 0) 0x7f4cb00042a0 con 0x7f4cbc10be00
2024-04-26T01:31:59.721 INFO:teuthology.orchestra.run.smithi052.stdout:/usr/bin/ceph: stderr
2024-04-26T01:31:59.067+0000 7f4cc4800700 1 -- 172.21.15.52:0/855402085 >> [v2:172.21.15.52:6800/496114326,v1:172.21.15.52:6801/496114326] conn(0x7f4ca40395b0 msgr2=0x7f4ca403ba70 secure :-1 s=STATE_CONNECTION_ESTABLISHED l=1).mark_down
2024-04-26T01:31:59.721 INFO:teuthology.orchestra.run.smithi052.stdout:/usr/bin/ceph: stderr
2024-04-26T01:31:59.067+0000 7f4cc4800700 1 --2- 172.21.15.52:0/855402085 >> [v2:172.21.15.52:6800/496114326,v1:172.21.15.52:6801/496114326] conn(0x7f4ca40395b0 0x7f4ca403ba70 secure :-1 s=READY pgs=7 cs=0 l=1 rev1=1 crypto rx=0x7f4cac006fd0 tx=0x7f4cac006e40 comp rx=0 tx=0).stop
2024-04-26T01:31:59.721 INFO:teuthology.orchestra.run.smithi052.stdout:/usr/bin/ceph: stderr
2024-04-26T01:31:59.067+0000 7f4cc4800700 1 -- 172.21.15.52:0/855402085 >> [v2:172.21.15.52:3300/0,v1:172.21.15.52:6789/0] conn(0x7f4cbc10be00 msgr2=0x7f4cbc19e7e0 secure :-1 s=STATE_CONNECTION_ESTABLISHED l=1).mark_down
2024-04-26T01:31:59.721 INFO:teuthology.orchestra.run.smithi052.stdout:/usr/bin/ceph: stderr
2024-04-26T01:31:59.067+0000 7f4cc4800700 1 --2- 172.21.15.52:0/855402085 >> [v2:172.21.15.52:3300/0,v1:172.21.15.52:6789/0] conn(0x7f4cbc10be00 0x7f4cbc19e7e0 secure :-1 s=READY pgs=21 cs=0 l=1 rev1=1 crypto rx=0x7f4cb00117b0 tx=0x7f4cb0011b70 comp rx=0 tx=0).stop
2024-04-26T01:31:59.721 INFO:teuthology.orchestra.run.smithi052.stdout:/usr/bin/ceph: stderr
2024-04-26T01:31:59.068+0000 7f4cc4800700 1 -- 172.21.15.52:0/855402085 shutdown_connections
2024-04-26T01:31:59.721 INFO:teuthology.orchestra.run.smithi052.stdout:/usr/bin/ceph: stderr
2024-04-26T01:31:59.068+0000 7f4cc4800700 1 --2- 172.21.15.52:0/855402085 >> [v2:172.21.15.52:6800/496114326,v1:172.21.15.52:6801/496114326] conn(0x7f4ca40395b0 0x7f4ca403ba70 unknown :-1 s=CLOSED pgs=7 cs=0 l=1 rev1=1 crypto rx=0 tx=0 comp rx=0 tx=0).stop
2024-04-26T01:31:59.721 INFO:teuthology.orchestra.run.smithi052.stdout:/usr/bin/ceph: stderr
2024-04-26T01:31:59.068+0000 7f4cc4800700 1 --2- 172.21.15.52:0/855402085 >> [v2:172.21.15.52:3300/0,v1:172.21.15.52:6789/0] conn(0x7f4cbc10be00 0x7f4cbc19e7e0 unknown :-1 s=CLOSED pgs=21 cs=0 l=1 rev1=1 crypto rx=0 tx=0 comp rx=0 tx=0).stop
2024-04-26T01:31:59.721 INFO:teuthology.orchestra.run.smithi052.stdout:/usr/bin/ceph: stderr
2024-04-26T01:31:59.068+0000 7f4cc4800700 1 -- 172.21.15.52:0/855402085 >> 172.21.15.52:0/855402085 conn(0x7f4cbc07dc00 msgr2=0x7f4cbc107c80 unknown :-1 s=STATE_NONE l=0).mark_down
2024-04-26T01:31:59.721 INFO:teuthology.orchestra.run.smithi052.stdout:/usr/bin/ceph: stderr
2024-04-26T01:31:59.068+0000 7f4cc4800700 1 -- 172.21.15.52:0/855402085 shutdown_connections
2024-04-26T01:31:59.721 INFO:teuthology.orchestra.run.smithi052.stdout:/usr/bin/ceph: stderr
2024-04-26T01:31:59.068+0000 7f4cc4800700 1 -- 172.21.15.52:0/855402085 wait complete.
2024-04-26T01:31:59.722 INFO:teuthology.orchestra.run.smithi052.stdout:Enabling cephadm module...
2024-04-26T01:32:00.958 INFO:journalctl@ceph.mon.a.smithi052.stdout:Apr 26 01:32:00 smithi052 ceph-mon[27851]: from='client.? 172.21.15.52:0/3874873575' entity='client.admin' cmd=[{"prefix": "mgr module enable", "module": "cephadm"}]: dispatch
2024-04-26T01:32:00.959 INFO:journalctl@ceph.mgr.x.smithi052.stdout:Apr 26 01:32:00 smithi052 ceph-8b150f36-036c-11ef-bc93-c7b262605968-mgr-x[28090]: ignoring --setuser ceph since I am not root
2024-04-26T01:32:00.959 INFO:journalctl@ceph.mgr.x.smithi052.stdout:Apr 26 01:32:00 smithi052 ceph-8b150f36-036c-11ef-bc93-c7b262605968-mgr-x[28090]: ignoring --setgroup ceph since I am not root
2024-04-26T01:32:01.371 INFO:journalctl@ceph.mgr.x.smithi052.stdout:Apr 26 01:32:01 smithi052 ceph-8b150f36-036c-11ef-bc93-c7b262605968-mgr-x[28090]:
2024-04-26T01:32:01.024+0000 7f106e17f200 -1 mgr[py] Module balancer has missing NOTIFY_TYPES member
2024-04-26T01:32:01.371 INFO:journalctl@ceph.mgr.x.smithi052.stdout:Apr 26 01:32:01 smithi052 ceph-8b150f36-036c-11ef-bc93-c7b262605968-mgr-x[28090]:
2024-04-26T01:32:01.268+0000 7f106e17f200 -1 mgr[py] Module orchestrator has missing NOTIFY_TYPES member
2024-04-26T01:32:01.382 INFO:teuthology.orchestra.run.smithi052.stdout:/usr/bin/ceph: stderr
2024-04-26T01:32:00.380+0000 7f94f4a00700 1 Processor -- start
2024-04-26T01:32:01.382 INFO:teuthology.orchestra.run.smithi052.stdout:/usr/bin/ceph: stderr
2024-04-26T01:32:00.380+0000 7f94f4a00700 1 -- start start
2024-04-26T01:32:01.382 INFO:teuthology.orchestra.run.smithi052.stdout:/usr/bin/ceph: stderr
2024-04-26T01:32:00.381+0000 7f94f4a00700 1 --2- >> [v2:172.21.15.52:3300/0,v1:172.21.15.52:6789/0] conn(0x7f94f0108350 0x7f94f0108770 unknown :-1 s=NONE pgs=0 cs=0 l=0 rev1=0 crypto rx=0 tx=0 comp rx=0 tx=0).connect
2024-04-26T01:32:01.382 INFO:teuthology.orchestra.run.smithi052.stdout:/usr/bin/ceph: stderr
2024-04-26T01:32:00.381+0000 7f94f4a00700 1 -- --> [v2:172.21.15.52:3300/0,v1:172.21.15.52:6789/0] -- mon_getmap magic: 0 -- 0x7f94f0108d40 con 0x7f94f0108350
2024-04-26T01:32:01.382 INFO:teuthology.orchestra.run.smithi052.stdout:/usr/bin/ceph: stderr
2024-04-26T01:32:00.381+0000 7f94ee800700 1 --2- >> [v2:172.21.15.52:3300/0,v1:172.21.15.52:6789/0] conn(0x7f94f0108350 0x7f94f0108770 unknown :-1 s=BANNER_CONNECTING pgs=0 cs=0 l=0 rev1=0 crypto rx=0 tx=0 comp rx=0 tx=0)._handle_peer_banner_payload supported=3 required=0
2024-04-26T01:32:01.385 INFO:teuthology.orchestra.run.smithi052.stdout:/usr/bin/ceph: stderr
2024-04-26T01:32:00.381+0000 7f94ee800700 1 --2- >> [v2:172.21.15.52:3300/0,v1:172.21.15.52:6789/0] conn(0x7f94f0108350 0x7f94f0108770 unknown :-1 s=HELLO_CONNECTING pgs=0 cs=0 l=0 rev1=1 crypto rx=0 tx=0 comp rx=0 tx=0).handle_hello peer v2:172.21.15.52:3300/0 says I am v2:172.21.15.52:49402/0 (socket says 172.21.15.52:49402)
2024-04-26T01:32:01.385 INFO:teuthology.orchestra.run.smithi052.stdout:/usr/bin/ceph: stderr
2024-04-26T01:32:00.382+0000 7f94ee800700 1 -- 172.21.15.52:0/1265740018 learned_addr learned my addr 172.21.15.52:0/1265740018 (peer_addr_for_me v2:172.21.15.52:0/0)
2024-04-26T01:32:01.386 INFO:teuthology.orchestra.run.smithi052.stdout:/usr/bin/ceph: stderr
2024-04-26T01:32:00.382+0000 7f94ee800700 1 -- 172.21.15.52:0/1265740018 --> [v2:172.21.15.52:3300/0,v1:172.21.15.52:6789/0] -- mon_subscribe({config=0+,monmap=0+}) -- 0x7f94f0109550 con 0x7f94f0108350
2024-04-26T01:32:01.386 INFO:teuthology.orchestra.run.smithi052.stdout:/usr/bin/ceph: stderr
2024-04-26T01:32:00.382+0000 7f94ee800700 1 --2- 172.21.15.52:0/1265740018 >> [v2:172.21.15.52:3300/0,v1:172.21.15.52:6789/0] conn(0x7f94f0108350 0x7f94f0108770 secure :-1 s=READY pgs=22 cs=0 l=1 rev1=1 crypto rx=0x7f94e00098a0 tx=0x7f94e0009bb0 comp rx=0 tx=0).ready entity=mon.0 client_cookie=53af6b5b74a63763 server_cookie=0 in_seq=0 out_seq=0
2024-04-26T01:32:01.386 INFO:teuthology.orchestra.run.smithi052.stdout:/usr/bin/ceph: stderr
2024-04-26T01:32:00.383+0000 7f94ed400700 1 -- 172.21.15.52:0/1265740018 <== mon.0 v2:172.21.15.52:3300/0 1 ==== mon_map magic: 0 ==== 205+0+0 (secure 0 0 0) 0x7f94e0004160 con 0x7f94f0108350
2024-04-26T01:32:01.386 INFO:teuthology.orchestra.run.smithi052.stdout:/usr/bin/ceph: stderr
2024-04-26T01:32:00.383+0000 7f94ed400700 1 -- 172.21.15.52:0/1265740018 <== mon.0 v2:172.21.15.52:3300/0 2 ==== config(26 keys) ==== 1070+0+0 (secure 0 0 0) 0x7f94e0004300 con 0x7f94f0108350
2024-04-26T01:32:01.386 INFO:teuthology.orchestra.run.smithi052.stdout:/usr/bin/ceph: stderr
2024-04-26T01:32:00.383+0000 7f94ed400700 1 -- 172.21.15.52:0/1265740018 <== mon.0 v2:172.21.15.52:3300/0 3 ==== mon_map magic: 0 ==== 205+0+0 (secure 0 0 0) 0x7f94e0011af0 con 0x7f94f0108350
2024-04-26T01:32:01.386 INFO:teuthology.orchestra.run.smithi052.stdout:/usr/bin/ceph: stderr
2024-04-26T01:32:00.383+0000 7f94f4a00700 1 -- 172.21.15.52:0/1265740018 >> [v2:172.21.15.52:3300/0,v1:172.21.15.52:6789/0] conn(0x7f94f0108350 msgr2=0x7f94f0108770 secure :-1 s=STATE_CONNECTION_ESTABLISHED l=1).mark_down
2024-04-26T01:32:01.386 INFO:teuthology.orchestra.run.smithi052.stdout:/usr/bin/ceph: stderr
2024-04-26T01:32:00.383+0000 7f94f4a00700 1 --2- 172.21.15.52:0/1265740018 >> [v2:172.21.15.52:3300/0,v1:172.21.15.52:6789/0] conn(0x7f94f0108350 0x7f94f0108770 secure :-1 s=READY pgs=22 cs=0 l=1 rev1=1 crypto rx=0x7f94e00098a0 tx=0x7f94e0009bb0 comp rx=0 tx=0).stop
2024-04-26T01:32:01.386 INFO:teuthology.orchestra.run.smithi052.stdout:/usr/bin/ceph: stderr
2024-04-26T01:32:00.383+0000 7f94f4a00700 1 -- 172.21.15.52:0/1265740018 shutdown_connections
2024-04-26T01:32:01.386 INFO:teuthology.orchestra.run.smithi052.stdout:/usr/bin/ceph: stderr
2024-04-26T01:32:00.383+0000 7f94f4a00700 1 --2- 172.21.15.52:0/1265740018 >> [v2:172.21.15.52:3300/0,v1:172.21.15.52:6789/0] conn(0x7f94f0108350 0x7f94f0108770 unknown :-1 s=CLOSED pgs=22 cs=0 l=1 rev1=1 crypto rx=0 tx=0 comp rx=0 tx=0).stop
2024-04-26T01:32:01.386 INFO:teuthology.orchestra.run.smithi052.stdout:/usr/bin/ceph: stderr
2024-04-26T01:32:00.384+0000 7f94f4a00700 1 -- 172.21.15.52:0/1265740018 >> 172.21.15.52:0/1265740018 conn(0x7f94f0103910 msgr2=0x7f94f0105d30 unknown :-1 s=STATE_NONE l=0).mark_down
2024-04-26T01:32:01.386 INFO:teuthology.orchestra.run.smithi052.stdout:/usr/bin/ceph: stderr
2024-04-26T01:32:00.384+0000 7f94f4a00700 1 -- 172.21.15.52:0/1265740018 shutdown_connections
2024-04-26T01:32:01.387 INFO:teuthology.orchestra.run.smithi052.stdout:/usr/bin/ceph: stderr
2024-04-26T01:32:00.384+0000 7f94f4a00700 1 -- 172.21.15.52:0/1265740018 wait complete.
2024-04-26T01:32:01.387 INFO:teuthology.orchestra.run.smithi052.stdout:/usr/bin/ceph: stderr
2024-04-26T01:32:00.385+0000 7f94f4a00700 1 Processor -- start
2024-04-26T01:32:01.387 INFO:teuthology.orchestra.run.smithi052.stdout:/usr/bin/ceph: stderr
2024-04-26T01:32:00.385+0000 7f94f4a00700 1 -- start start
2024-04-26T01:32:01.387 INFO:teuthology.orchestra.run.smithi052.stdout:/usr/bin/ceph: stderr
2024-04-26T01:32:00.385+0000 7f94f4a00700 1 --2- >> [v2:172.21.15.52:3300/0,v1:172.21.15.52:6789/0] conn(0x7f94f0108350 0x7f94f019c320 unknown :-1 s=NONE pgs=0 cs=0 l=1 rev1=0 crypto rx=0 tx=0 comp rx=0 tx=0).connect
2024-04-26T01:32:01.387 INFO:teuthology.orchestra.run.smithi052.stdout:/usr/bin/ceph: stderr
2024-04-26T01:32:00.385+0000 7f94f4a00700 1 -- --> [v2:172.21.15.52:3300/0,v1:172.21.15.52:6789/0] -- mon_getmap magic: 0 -- 0x7f94f010c900 con 0x7f94f0108350
2024-04-26T01:32:01.387 INFO:teuthology.orchestra.run.smithi052.stdout:/usr/bin/ceph: stderr
2024-04-26T01:32:00.385+0000 7f94ee800700 1 --2- >> [v2:172.21.15.52:3300/0,v1:172.21.15.52:6789/0] conn(0x7f94f0108350 0x7f94f019c320 unknown :-1 s=BANNER_CONNECTING pgs=0 cs=0 l=1 rev1=0 crypto rx=0 tx=0 comp rx=0 tx=0)._handle_peer_banner_payload supported=3 required=0
2024-04-26T01:32:01.387 INFO:teuthology.orchestra.run.smithi052.stdout:/usr/bin/ceph: stderr
2024-04-26T01:32:00.385+0000 7f94ee800700 1 --2- >> [v2:172.21.15.52:3300/0,v1:172.21.15.52:6789/0] conn(0x7f94f0108350 0x7f94f019c320 unknown :-1 s=HELLO_CONNECTING pgs=0 cs=0 l=1 rev1=1 crypto rx=0 tx=0 comp rx=0 tx=0).handle_hello peer v2:172.21.15.52:3300/0 says I am v2:172.21.15.52:49404/0 (socket says 172.21.15.52:49404)
2024-04-26T01:32:01.387 INFO:teuthology.orchestra.run.smithi052.stdout:/usr/bin/ceph: stderr
2024-04-26T01:32:00.385+0000 7f94ee800700 1 -- 172.21.15.52:0/3874873575 learned_addr learned my addr 172.21.15.52:0/3874873575 (peer_addr_for_me v2:172.21.15.52:0/0)
2024-04-26T01:32:01.387 INFO:teuthology.orchestra.run.smithi052.stdout:/usr/bin/ceph: stderr
2024-04-26T01:32:00.386+0000 7f94ee800700 1 -- 172.21.15.52:0/3874873575 --> [v2:172.21.15.52:3300/0,v1:172.21.15.52:6789/0] -- mon_subscribe({config=0+,monmap=0+}) -- 0x7f94f019c860 con 0x7f94f0108350
2024-04-26T01:32:01.388 INFO:teuthology.orchestra.run.smithi052.stdout:/usr/bin/ceph: stderr
2024-04-26T01:32:00.386+0000 7f94ee800700 1 --2- 172.21.15.52:0/3874873575 >> [v2:172.21.15.52:3300/0,v1:172.21.15.52:6789/0] conn(0x7f94f0108350 0x7f94f019c320 secure :-1 s=READY pgs=23 cs=0 l=1 rev1=1 crypto rx=0x7f94e0000c00 tx=0x7f94e0011b70 comp rx=0 tx=0).ready entity=mon.0 client_cookie=0 server_cookie=0 in_seq=0 out_seq=0
2024-04-26T01:32:01.388 INFO:teuthology.orchestra.run.smithi052.stdout:/usr/bin/ceph: stderr
2024-04-26T01:32:00.386+0000 7f94e7400700 1 -- 172.21.15.52:0/3874873575 <== mon.0 v2:172.21.15.52:3300/0 1 ==== mon_map magic: 0 ==== 205+0+0 (secure 0 0 0) 0x7f94e0003b20 con 0x7f94f0108350
2024-04-26T01:32:01.388 INFO:teuthology.orchestra.run.smithi052.stdout:/usr/bin/ceph: stderr
2024-04-26T01:32:00.386+0000 7f94e7400700 1 -- 172.21.15.52:0/3874873575 <== mon.0 v2:172.21.15.52:3300/0 2 ==== config(26 keys) ==== 1070+0+0 (secure 0 0 0) 0x7f94e001a8c0 con 0x7f94f0108350
2024-04-26T01:32:01.388 INFO:teuthology.orchestra.run.smithi052.stdout:/usr/bin/ceph: stderr
2024-04-26T01:32:00.386+0000 7f94f4a00700 1 -- 172.21.15.52:0/3874873575 --> [v2:172.21.15.52:3300/0,v1:172.21.15.52:6789/0] -- mon_subscribe({mgrmap=0+}) -- 0x7f94f019caf0 con 0x7f94f0108350
2024-04-26T01:32:01.390 INFO:teuthology.orchestra.run.smithi052.stdout:/usr/bin/ceph: stderr
2024-04-26T01:32:00.387+0000 7f94e7400700 1 -- 172.21.15.52:0/3874873575 <== mon.0 v2:172.21.15.52:3300/0 3 ==== mon_map magic: 0 ==== 205+0+0 (secure 0 0 0) 0x7f94e0024940 con 0x7f94f0108350
2024-04-26T01:32:01.390 INFO:teuthology.orchestra.run.smithi052.stdout:/usr/bin/ceph: stderr
2024-04-26T01:32:00.387+0000 7f94f4a00700 1 -- 172.21.15.52:0/3874873575 --> [v2:172.21.15.52:3300/0,v1:172.21.15.52:6789/0] -- mon_subscribe({osdmap=0}) -- 0x7f94f019f7e0 con 0x7f94f0108350
2024-04-26T01:32:01.390 INFO:teuthology.orchestra.run.smithi052.stdout:/usr/bin/ceph: stderr
2024-04-26T01:32:00.388+0000 7f94e7400700 1 -- 172.21.15.52:0/3874873575 <== mon.0 v2:172.21.15.52:3300/0 4 ==== mgrmap(e 4) ==== 46547+0+0 (secure 0 0 0) 0x7f94e0022020 con 0x7f94f0108350
2024-04-26T01:32:01.391 INFO:teuthology.orchestra.run.smithi052.stdout:/usr/bin/ceph: stderr
2024-04-26T01:32:00.388+0000 7f94f4a00700 1 -- 172.21.15.52:0/3874873575 --> [v2:172.21.15.52:3300/0,v1:172.21.15.52:6789/0] -- mon_command({"prefix": "get_command_descriptions"} v 0) -- 0x7f94f0069ba0 con 0x7f94f0108350
2024-04-26T01:32:01.391 INFO:teuthology.orchestra.run.smithi052.stdout:/usr/bin/ceph: stderr
2024-04-26T01:32:00.388+0000 7f94e7400700 1 --2- 172.21.15.52:0/3874873575 >> [v2:172.21.15.52:6800/496114326,v1:172.21.15.52:6801/496114326] conn(0x7f94d40395b0 0x7f94d403ba70 unknown :-1 s=NONE pgs=0 cs=0 l=1 rev1=0 crypto rx=0 tx=0 comp rx=0 tx=0).connect
2024-04-26T01:32:01.391 INFO:teuthology.orchestra.run.smithi052.stdout:/usr/bin/ceph: stderr
2024-04-26T01:32:00.388+0000 7f94e7400700 1 -- 172.21.15.52:0/3874873575 <== mon.0 v2:172.21.15.52:3300/0 5 ==== osd_map(1..1 src has 1..1) ==== 725+0+0 (secure 0 0 0) 0x7f94e004d400 con 0x7f94f0108350
