2024-04-26T01:33:53.813 INFO:journalctl@ceph.mon.a.smithi006.stdout:Apr 26 01:33:53 smithi006 ceph-mon[28419]: from='client.? 172.21.15.6:0/3923845080' entity='client.admin' cmd=[{"prefix": "config get", "who": "mgr", "key": "mgr/dashboard/ssl_server_port"}]: dispatch
2024-04-26T01:33:54.138 INFO:teuthology.orchestra.run.smithi006.stdout:/usr/bin/ceph: stdout 8443
2024-04-26T01:33:54.139 INFO:teuthology.orchestra.run.smithi006.stdout:/usr/bin/ceph: stderr
2024-04-26T01:33:53.276+0000 7ff753400700 1 Processor -- start
2024-04-26T01:33:54.139 INFO:teuthology.orchestra.run.smithi006.stdout:/usr/bin/ceph: stderr
2024-04-26T01:33:53.276+0000 7ff753400700 1 -- start start
2024-04-26T01:33:54.139 INFO:teuthology.orchestra.run.smithi006.stdout:/usr/bin/ceph: stderr
2024-04-26T01:33:53.277+0000 7ff753400700 1 --2- >> [v2:172.21.15.6:3300/0,v1:172.21.15.6:6789/0] conn(0x7ff74c07cde0 0x7ff74c07b240 unknown :-1 s=NONE pgs=0 cs=0 l=0 rev1=0 crypto rx=0 tx=0 comp rx=0 tx=0).connect
2024-04-26T01:33:54.139 INFO:teuthology.orchestra.run.smithi006.stdout:/usr/bin/ceph: stderr
2024-04-26T01:33:53.277+0000 7ff753400700 1 -- --> [v2:172.21.15.6:3300/0,v1:172.21.15.6:6789/0] -- mon_getmap magic: 0 -- 0x7ff74c07b810 con 0x7ff74c07cde0
2024-04-26T01:33:54.139 INFO:teuthology.orchestra.run.smithi006.stdout:/usr/bin/ceph: stderr
2024-04-26T01:33:53.277+0000 7ff750a00700 1 --2- >> [v2:172.21.15.6:3300/0,v1:172.21.15.6:6789/0] conn(0x7ff74c07cde0 0x7ff74c07b240 unknown :-1 s=BANNER_CONNECTING pgs=0 cs=0 l=0 rev1=0 crypto rx=0 tx=0 comp rx=0 tx=0)._handle_peer_banner_payload supported=3 required=0
2024-04-26T01:33:54.142 INFO:teuthology.orchestra.run.smithi006.stdout:/usr/bin/ceph: stderr
2024-04-26T01:33:53.277+0000 7ff750a00700 1 --2- >> [v2:172.21.15.6:3300/0,v1:172.21.15.6:6789/0] conn(0x7ff74c07cde0 0x7ff74c07b240 unknown :-1 s=HELLO_CONNECTING pgs=0 cs=0 l=0 rev1=1 crypto rx=0 tx=0 comp rx=0 tx=0).handle_hello peer v2:172.21.15.6:3300/0 says I am v2:172.21.15.6:33116/0 (socket says 172.21.15.6:33116)
2024-04-26T01:33:54.142 INFO:teuthology.orchestra.run.smithi006.stdout:/usr/bin/ceph: stderr
2024-04-26T01:33:53.277+0000 7ff750a00700 1 -- 172.21.15.6:0/1089820690 learned_addr learned my addr 172.21.15.6:0/1089820690 (peer_addr_for_me v2:172.21.15.6:0/0)
2024-04-26T01:33:54.143 INFO:teuthology.orchestra.run.smithi006.stdout:/usr/bin/ceph: stderr
2024-04-26T01:33:53.278+0000 7ff750a00700 1 -- 172.21.15.6:0/1089820690 --> [v2:172.21.15.6:3300/0,v1:172.21.15.6:6789/0] -- mon_subscribe({config=0+,monmap=0+}) -- 0x7ff74c07b990 con 0x7ff74c07cde0
2024-04-26T01:33:54.143 INFO:teuthology.orchestra.run.smithi006.stdout:/usr/bin/ceph: stderr
2024-04-26T01:33:53.278+0000 7ff750a00700 1 --2- 172.21.15.6:0/1089820690 >> [v2:172.21.15.6:3300/0,v1:172.21.15.6:6789/0] conn(0x7ff74c07cde0 0x7ff74c07b240 secure :-1 s=READY pgs=74 cs=0 l=1 rev1=1 crypto rx=0x7ff7400098a0 tx=0x7ff740009bb0 comp rx=0 tx=0).ready entity=mon.0 client_cookie=fbca58f45406a896 server_cookie=0 in_seq=0 out_seq=0
2024-04-26T01:33:54.143 INFO:teuthology.orchestra.run.smithi006.stdout:/usr/bin/ceph: stderr
2024-04-26T01:33:53.278+0000 7ff74b400700 1 -- 172.21.15.6:0/1089820690 <== mon.0 v2:172.21.15.6:3300/0 1 ==== mon_map magic: 0 ==== 205+0+0 (secure 0 0 0) 0x7ff740004160 con 0x7ff74c07cde0
2024-04-26T01:33:54.143 INFO:teuthology.orchestra.run.smithi006.stdout:/usr/bin/ceph: stderr
2024-04-26T01:33:53.278+0000 7ff74b400700 1 -- 172.21.15.6:0/1089820690 <== mon.0 v2:172.21.15.6:3300/0 2 ==== config(26 keys) ==== 1101+0+0 (secure 0 0 0) 0x7ff740004300 con 0x7ff74c07cde0
2024-04-26T01:33:54.143 INFO:teuthology.orchestra.run.smithi006.stdout:/usr/bin/ceph: stderr
2024-04-26T01:33:53.278+0000 7ff74b400700 1 -- 172.21.15.6:0/1089820690 <== mon.0 v2:172.21.15.6:3300/0 3 ==== mon_map magic: 0 ==== 205+0+0 (secure 0 0 0) 0x7ff740011a20 con 0x7ff74c07cde0
2024-04-26T01:33:54.143 INFO:teuthology.orchestra.run.smithi006.stdout:/usr/bin/ceph: stderr
2024-04-26T01:33:53.279+0000 7ff753400700 1 -- 172.21.15.6:0/1089820690 >> [v2:172.21.15.6:3300/0,v1:172.21.15.6:6789/0] conn(0x7ff74c07cde0 msgr2=0x7ff74c07b240 secure :-1 s=STATE_CONNECTION_ESTABLISHED l=1).mark_down
2024-04-26T01:33:54.143 INFO:teuthology.orchestra.run.smithi006.stdout:/usr/bin/ceph: stderr
2024-04-26T01:33:53.279+0000 7ff753400700 1 --2- 172.21.15.6:0/1089820690 >> [v2:172.21.15.6:3300/0,v1:172.21.15.6:6789/0] conn(0x7ff74c07cde0 0x7ff74c07b240 secure :-1 s=READY pgs=74 cs=0 l=1 rev1=1 crypto rx=0x7ff7400098a0 tx=0x7ff740009bb0 comp rx=0 tx=0).stop
2024-04-26T01:33:54.143 INFO:teuthology.orchestra.run.smithi006.stdout:/usr/bin/ceph: stderr
2024-04-26T01:33:53.279+0000 7ff753400700 1 -- 172.21.15.6:0/1089820690 shutdown_connections
2024-04-26T01:33:54.143 INFO:teuthology.orchestra.run.smithi006.stdout:/usr/bin/ceph: stderr
2024-04-26T01:33:53.279+0000 7ff753400700 1 --2- 172.21.15.6:0/1089820690 >> [v2:172.21.15.6:3300/0,v1:172.21.15.6:6789/0] conn(0x7ff74c07cde0 0x7ff74c07b240 unknown :-1 s=CLOSED pgs=74 cs=0 l=1 rev1=1 crypto rx=0 tx=0 comp rx=0 tx=0).stop
2024-04-26T01:33:54.143 INFO:teuthology.orchestra.run.smithi006.stdout:/usr/bin/ceph: stderr
2024-04-26T01:33:53.279+0000 7ff753400700 1 -- 172.21.15.6:0/1089820690 >> 172.21.15.6:0/1089820690 conn(0x7ff74c103b50 msgr2=0x7ff74c105f70 unknown :-1 s=STATE_NONE l=0).mark_down
2024-04-26T01:33:54.143 INFO:teuthology.orchestra.run.smithi006.stdout:/usr/bin/ceph: stderr
2024-04-26T01:33:53.279+0000 7ff753400700 1 -- 172.21.15.6:0/1089820690 shutdown_connections
2024-04-26T01:33:54.143 INFO:teuthology.orchestra.run.smithi006.stdout:/usr/bin/ceph: stderr
2024-04-26T01:33:53.279+0000 7ff753400700 1 -- 172.21.15.6:0/1089820690 wait complete.
2024-04-26T01:33:54.143 INFO:teuthology.orchestra.run.smithi006.stdout:/usr/bin/ceph: stderr
2024-04-26T01:33:53.280+0000 7ff753400700 1 Processor -- start
2024-04-26T01:33:54.143 INFO:teuthology.orchestra.run.smithi006.stdout:/usr/bin/ceph: stderr
2024-04-26T01:33:53.281+0000 7ff753400700 1 -- start start
2024-04-26T01:33:54.144 INFO:teuthology.orchestra.run.smithi006.stdout:/usr/bin/ceph: stderr
2024-04-26T01:33:53.281+0000 7ff753400700 1 --2- >> [v2:172.21.15.6:3300/0,v1:172.21.15.6:6789/0] conn(0x7ff74c07cde0 0x7ff74c19e630 unknown :-1 s=NONE pgs=0 cs=0 l=1 rev1=0 crypto rx=0 tx=0 comp rx=0 tx=0).connect
2024-04-26T01:33:54.144 INFO:teuthology.orchestra.run.smithi006.stdout:/usr/bin/ceph: stderr
2024-04-26T01:33:53.281+0000 7ff753400700 1 -- --> [v2:172.21.15.6:3300/0,v1:172.21.15.6:6789/0] -- mon_getmap magic: 0 -- 0x7ff74c10eb40 con 0x7ff74c07cde0
2024-04-26T01:33:54.144 INFO:teuthology.orchestra.run.smithi006.stdout:/usr/bin/ceph: stderr
2024-04-26T01:33:53.281+0000 7ff750a00700 1 --2- >> [v2:172.21.15.6:3300/0,v1:172.21.15.6:6789/0] conn(0x7ff74c07cde0 0x7ff74c19e630 unknown :-1 s=BANNER_CONNECTING pgs=0 cs=0 l=1 rev1=0 crypto rx=0 tx=0 comp rx=0 tx=0)._handle_peer_banner_payload supported=3 required=0
2024-04-26T01:33:54.144 INFO:teuthology.orchestra.run.smithi006.stdout:/usr/bin/ceph: stderr
2024-04-26T01:33:53.281+0000 7ff750a00700 1 --2- >> [v2:172.21.15.6:3300/0,v1:172.21.15.6:6789/0] conn(0x7ff74c07cde0 0x7ff74c19e630 unknown :-1 s=HELLO_CONNECTING pgs=0 cs=0 l=1 rev1=1 crypto rx=0 tx=0 comp rx=0 tx=0).handle_hello peer v2:172.21.15.6:3300/0 says I am v2:172.21.15.6:33122/0 (socket says 172.21.15.6:33122)
2024-04-26T01:33:54.144 INFO:teuthology.orchestra.run.smithi006.stdout:/usr/bin/ceph: stderr
2024-04-26T01:33:53.281+0000 7ff750a00700 1 -- 172.21.15.6:0/3923845080 learned_addr learned my addr 172.21.15.6:0/3923845080 (peer_addr_for_me v2:172.21.15.6:0/0)
2024-04-26T01:33:54.144 INFO:teuthology.orchestra.run.smithi006.stdout:/usr/bin/ceph: stderr
2024-04-26T01:33:53.282+0000 7ff750a00700 1 -- 172.21.15.6:0/3923845080 --> [v2:172.21.15.6:3300/0,v1:172.21.15.6:6789/0] -- mon_subscribe({config=0+,monmap=0+}) -- 0x7ff74c19eb70 con 0x7ff74c07cde0
2024-04-26T01:33:54.144 INFO:teuthology.orchestra.run.smithi006.stdout:/usr/bin/ceph: stderr
2024-04-26T01:33:53.282+0000 7ff750a00700 1 --2- 172.21.15.6:0/3923845080 >> [v2:172.21.15.6:3300/0,v1:172.21.15.6:6789/0] conn(0x7ff74c07cde0 0x7ff74c19e630 secure :-1 s=READY pgs=75 cs=0 l=1 rev1=1 crypto rx=0x7ff740009520 tx=0x7ff740011aa0 comp rx=0 tx=0).ready entity=mon.0 client_cookie=0 server_cookie=0 in_seq=0 out_seq=0
2024-04-26T01:33:54.144 INFO:teuthology.orchestra.run.smithi006.stdout:/usr/bin/ceph: stderr
2024-04-26T01:33:53.283+0000 7ff749600700 1 -- 172.21.15.6:0/3923845080 <== mon.0 v2:172.21.15.6:3300/0 1 ==== mon_map magic: 0 ==== 205+0+0 (secure 0 0 0) 0x7ff740003af0 con 0x7ff74c07cde0
2024-04-26T01:33:54.144 INFO:teuthology.orchestra.run.smithi006.stdout:/usr/bin/ceph: stderr
2024-04-26T01:33:53.283+0000 7ff749600700 1 -- 172.21.15.6:0/3923845080 <== mon.0 v2:172.21.15.6:3300/0 2 ==== config(26 keys) ==== 1101+0+0 (secure 0 0 0) 0x7ff74001a8e0 con 0x7ff74c07cde0
2024-04-26T01:33:54.144 INFO:teuthology.orchestra.run.smithi006.stdout:/usr/bin/ceph: stderr
2024-04-26T01:33:53.283+0000 7ff753400700 1 -- 172.21.15.6:0/3923845080 --> [v2:172.21.15.6:3300/0,v1:172.21.15.6:6789/0] -- mon_subscribe({mgrmap=0+}) -- 0x7ff74c19ee00 con 0x7ff74c07cde0
2024-04-26T01:33:54.144 INFO:teuthology.orchestra.run.smithi006.stdout:/usr/bin/ceph: stderr
2024-04-26T01:33:53.283+0000 7ff749600700 1 -- 172.21.15.6:0/3923845080 <== mon.0 v2:172.21.15.6:3300/0 3 ==== mon_map magic: 0 ==== 205+0+0 (secure 0 0 0) 0x7ff7400247a0 con 0x7ff74c07cde0
2024-04-26T01:33:54.144 INFO:teuthology.orchestra.run.smithi006.stdout:/usr/bin/ceph: stderr
2024-04-26T01:33:53.283+0000 7ff753400700 1 -- 172.21.15.6:0/3923845080 --> [v2:172.21.15.6:3300/0,v1:172.21.15.6:6789/0] -- mon_subscribe({osdmap=0}) -- 0x7ff74c1a1af0 con 0x7ff74c07cde0
2024-04-26T01:33:54.144 INFO:teuthology.orchestra.run.smithi006.stdout:/usr/bin/ceph: stderr
2024-04-26T01:33:53.284+0000 7ff753400700 1 -- 172.21.15.6:0/3923845080 --> [v2:172.21.15.6:3300/0,v1:172.21.15.6:6789/0] -- mon_command({"prefix": "get_command_descriptions"} v 0) -- 0x7ff74c0640a0 con 0x7ff74c07cde0
2024-04-26T01:33:54.144 INFO:teuthology.orchestra.run.smithi006.stdout:/usr/bin/ceph: stderr
2024-04-26T01:33:53.284+0000 7ff749600700 1 -- 172.21.15.6:0/3923845080 <== mon.0 v2:172.21.15.6:3300/0 4 ==== mgrmap(e 12) ==== 46571+0+0 (secure 0 0 0) 0x7ff740022020 con 0x7ff74c07cde0
2024-04-26T01:33:54.146 INFO:teuthology.orchestra.run.smithi006.stdout:/usr/bin/ceph: stderr
2024-04-26T01:33:53.285+0000 7ff749600700 1 --2- 172.21.15.6:0/3923845080 >> [v2:172.21.15.6:6800/809793211,v1:172.21.15.6:6801/809793211] conn(0x7ff734039660 0x7ff73403bb20 unknown :-1 s=NONE pgs=0 cs=0 l=1 rev1=0 crypto rx=0 tx=0 comp rx=0 tx=0).connect
2024-04-26T01:33:54.146 INFO:teuthology.orchestra.run.smithi006.stdout:/usr/bin/ceph: stderr
2024-04-26T01:33:53.285+0000 7ff749600700 1 -- 172.21.15.6:0/3923845080 <== mon.0 v2:172.21.15.6:3300/0 5 ==== osd_map(3..3 src has 1..3) ==== 1155+0+0 (secure 0 0 0) 0x7ff74004da90 con 0x7ff74c07cde0
2024-04-26T01:33:54.147 INFO:teuthology.orchestra.run.smithi006.stdout:/usr/bin/ceph: stderr
2024-04-26T01:33:53.285+0000 7ff74be00700 1 --2- 172.21.15.6:0/3923845080 >> [v2:172.21.15.6:6800/809793211,v1:172.21.15.6:6801/809793211] conn(0x7ff734039660 0x7ff73403bb20 unknown :-1 s=BANNER_CONNECTING pgs=0 cs=0 l=1 rev1=0 crypto rx=0 tx=0 comp rx=0 tx=0)._handle_peer_banner_payload supported=3 required=0
2024-04-26T01:33:54.147 INFO:teuthology.orchestra.run.smithi006.stdout:/usr/bin/ceph: stderr
2024-04-26T01:33:53.286+0000 7ff74be00700 1 --2- 172.21.15.6:0/3923845080 >> [v2:172.21.15.6:6800/809793211,v1:172.21.15.6:6801/809793211] conn(0x7ff734039660 0x7ff73403bb20 secure :-1 s=READY pgs=9 cs=0 l=1 rev1=1 crypto rx=0x7ff738006fd0 tx=0x7ff738006e40 comp rx=0 tx=0).ready entity=mgr.14152 client_cookie=0 server_cookie=0 in_seq=0 out_seq=0
2024-04-26T01:33:54.147 INFO:teuthology.orchestra.run.smithi006.stdout:/usr/bin/ceph: stderr
2024-04-26T01:33:53.291+0000 7ff749600700 1 -- 172.21.15.6:0/3923845080 <== mon.0 v2:172.21.15.6:3300/0 6 ==== mon_command_ack([{"prefix": "get_command_descriptions"}]=0 v0) ==== 72+0+188370 (secure 0 0 0) 0x7ff74000b3e0 con 0x7ff74c07cde0
2024-04-26T01:33:54.147 INFO:teuthology.orchestra.run.smithi006.stdout:/usr/bin/ceph: stderr
2024-04-26T01:33:53.528+0000 7ff753400700 1 -- 172.21.15.6:0/3923845080 --> [v2:172.21.15.6:3300/0,v1:172.21.15.6:6789/0] -- mon_command({"prefix": "config get", "who": "mgr", "key": "mgr/dashboard/ssl_server_port"} v 0) -- 0x7ff74c1a1cc0 con 0x7ff74c07cde0
2024-04-26T01:33:54.147 INFO:teuthology.orchestra.run.smithi006.stdout:/usr/bin/ceph: stderr
2024-04-26T01:33:53.528+0000 7ff749600700 1 -- 172.21.15.6:0/3923845080 <== mon.0 v2:172.21.15.6:3300/0 7 ==== mon_command_ack([{"prefix": "config get", "who": "mgr", "key": "mgr/dashboard/ssl_server_port"}]=0 v8) ==== 112+0+5 (secure 0 0 0) 0x7ff74002ddb0 con 0x7ff74c07cde0
2024-04-26T01:33:54.147 INFO:teuthology.orchestra.run.smithi006.stdout:/usr/bin/ceph: stderr
2024-04-26T01:33:53.531+0000 7ff753400700 1 -- 172.21.15.6:0/3923845080 >> [v2:172.21.15.6:6800/809793211,v1:172.21.15.6:6801/809793211] conn(0x7ff734039660 msgr2=0x7ff73403bb20 secure :-1 s=STATE_CONNECTION_ESTABLISHED l=1).mark_down
2024-04-26T01:33:54.147 INFO:teuthology.orchestra.run.smithi006.stdout:/usr/bin/ceph: stderr
2024-04-26T01:33:53.531+0000 7ff753400700 1 --2- 172.21.15.6:0/3923845080 >> [v2:172.21.15.6:6800/809793211,v1:172.21.15.6:6801/809793211] conn(0x7ff734039660 0x7ff73403bb20 secure :-1 s=READY pgs=9 cs=0 l=1 rev1=1 crypto rx=0x7ff738006fd0 tx=0x7ff738006e40 comp rx=0 tx=0).stop
2024-04-26T01:33:54.147 INFO:teuthology.orchestra.run.smithi006.stdout:/usr/bin/ceph: stderr
2024-04-26T01:33:53.531+0000 7ff753400700 1 -- 172.21.15.6:0/3923845080 >> [v2:172.21.15.6:3300/0,v1:172.21.15.6:6789/0] conn(0x7ff74c07cde0 msgr2=0x7ff74c19e630 secure :-1 s=STATE_CONNECTION_ESTABLISHED l=1).mark_down
2024-04-26T01:33:54.147 INFO:teuthology.orchestra.run.smithi006.stdout:/usr/bin/ceph: stderr
2024-04-26T01:33:53.531+0000 7ff753400700 1 --2- 172.21.15.6:0/3923845080 >> [v2:172.21.15.6:3300/0,v1:172.21.15.6:6789/0] conn(0x7ff74c07cde0 0x7ff74c19e630 secure :-1 s=READY pgs=75 cs=0 l=1 rev1=1 crypto rx=0x7ff740009520 tx=0x7ff740011aa0 comp rx=0 tx=0).stop
2024-04-26T01:33:54.147 INFO:teuthology.orchestra.run.smithi006.stdout:/usr/bin/ceph: stderr
2024-04-26T01:33:53.532+0000 7ff753400700 1 -- 172.21.15.6:0/3923845080 shutdown_connections
2024-04-26T01:33:54.147 INFO:teuthology.orchestra.run.smithi006.stdout:/usr/bin/ceph: stderr
2024-04-26T01:33:53.532+0000 7ff753400700 1 --2- 172.21.15.6:0/3923845080 >> [v2:172.21.15.6:6800/809793211,v1:172.21.15.6:6801/809793211] conn(0x7ff734039660 0x7ff73403bb20 unknown :-1 s=CLOSED pgs=9 cs=0 l=1 rev1=1 crypto rx=0 tx=0 comp rx=0 tx=0).stop
2024-04-26T01:33:54.147 INFO:teuthology.orchestra.run.smithi006.stdout:/usr/bin/ceph: stderr
2024-04-26T01:33:53.532+0000 7ff753400700 1 --2- 172.21.15.6:0/3923845080 >> [v2:172.21.15.6:3300/0,v1:172.21.15.6:6789/0] conn(0x7ff74c07cde0 0x7ff74c19e630 unknown :-1 s=CLOSED pgs=75 cs=0 l=1 rev1=1 crypto rx=0 tx=0 comp rx=0 tx=0).stop
2024-04-26T01:33:54.147 INFO:teuthology.orchestra.run.smithi006.stdout:/usr/bin/ceph: stderr
2024-04-26T01:33:53.532+0000 7ff753400700 1 -- 172.21.15.6:0/3923845080 >> 172.21.15.6:0/3923845080 conn(0x7ff74c103b50 msgr2=0x7ff74c1045d0 unknown :-1 s=STATE_NONE l=0).mark_down
2024-04-26T01:33:54.147 INFO:teuthology.orchestra.run.smithi006.stdout:/usr/bin/ceph: stderr
2024-04-26T01:33:53.532+0000 7ff753400700 1 -- 172.21.15.6:0/3923845080 shutdown_connections
2024-04-26T01:33:54.148 INFO:teuthology.orchestra.run.smithi006.stdout:/usr/bin/ceph: stderr
2024-04-26T01:33:53.532+0000 7ff753400700 1 -- 172.21.15.6:0/3923845080 wait complete.
2024-04-26T01:33:54.172 INFO:teuthology.orchestra.run.smithi006.stdout:Non-zero exit code 1 from systemctl is-enabled firewalld.service
2024-04-26T01:33:54.173 INFO:teuthology.orchestra.run.smithi006.stdout:systemctl: stdout disabled
2024-04-26T01:33:54.195 INFO:teuthology.orchestra.run.smithi006.stdout:Non-zero exit code 3 from systemctl is-active firewalld.service
2024-04-26T01:33:54.195 INFO:teuthology.orchestra.run.smithi006.stdout:systemctl: stdout inactive
2024-04-26T01:33:54.196 INFO:teuthology.orchestra.run.smithi006.stdout:firewalld.service is not enabled
2024-04-26T01:33:54.196 INFO:teuthology.orchestra.run.smithi006.stdout:Not possible to open ports <[8443]>. firewalld.service is not available
2024-04-26T01:33:54.199 INFO:teuthology.orchestra.run.smithi006.stdout:Ceph Dashboard is now available at:
2024-04-26T01:33:54.199 INFO:teuthology.orchestra.run.smithi006.stdout:
2024-04-26T01:33:54.199 INFO:teuthology.orchestra.run.smithi006.stdout: URL: https://smithi006.front.sepia.ceph.com:8443/
2024-04-26T01:33:54.199 INFO:teuthology.orchestra.run.smithi006.stdout: User: admin
2024-04-26T01:33:54.199 INFO:teuthology.orchestra.run.smithi006.stdout: Password: tkqar34jzk
2024-04-26T01:33:54.199 INFO:teuthology.orchestra.run.smithi006.stdout:
2024-04-26T01:33:54.200 INFO:teuthology.orchestra.run.smithi006.stdout:Saving cluster configuration to /var/lib/ceph/a5b72bee-036c-11ef-bc93-c7b262605968/config directory
2024-04-26T01:33:54.201 INFO:teuthology.orchestra.run.smithi006.stdout:Enabling autotune for osd_memory_target
2024-04-26T01:33:55.064 INFO:journalctl@ceph.mon.a.smithi006.stdout:Apr 26 01:33:54 smithi006 ceph-mon[28419]: mgrmap e13: x(active, since 6s)
2024-04-26T01:33:56.234 INFO:teuthology.orchestra.run.smithi006.stdout:/usr/bin/ceph: stderr
2024-04-26T01:33:55.248+0000 7f3e43800700 1 Processor -- start
2024-04-26T01:33:56.235 INFO:teuthology.orchestra.run.smithi006.stdout:/usr/bin/ceph: stderr
2024-04-26T01:33:55.248+0000 7f3e43800700 1 -- start start
2024-04-26T01:33:56.235 INFO:teuthology.orchestra.run.smithi006.stdout:/usr/bin/ceph: stderr
2024-04-26T01:33:55.248+0000 7f3e43800700 1 --2- >> [v2:172.21.15.6:3300/0,v1:172.21.15.6:6789/0] conn(0x7f3e3c108540 0x7f3e3c108960 unknown :-1 s=NONE pgs=0 cs=0 l=0 rev1=0 crypto rx=0 tx=0 comp rx=0 tx=0).connect
2024-04-26T01:33:56.235 INFO:teuthology.orchestra.run.smithi006.stdout:/usr/bin/ceph: stderr
2024-04-26T01:33:55.248+0000 7f3e43800700 1 -- --> [v2:172.21.15.6:3300/0,v1:172.21.15.6:6789/0] -- mon_getmap magic: 0 -- 0x7f3e3c108f30 con 0x7f3e3c108540
2024-04-26T01:33:56.235 INFO:teuthology.orchestra.run.smithi006.stdout:/usr/bin/ceph: stderr
2024-04-26T01:33:55.249+0000 7f3e40e00700 1 --2- >> [v2:172.21.15.6:3300/0,v1:172.21.15.6:6789/0] conn(0x7f3e3c108540 0x7f3e3c108960 unknown :-1 s=BANNER_CONNECTING pgs=0 cs=0 l=0 rev1=0 crypto rx=0 tx=0 comp rx=0 tx=0)._handle_peer_banner_payload supported=3 required=0
2024-04-26T01:33:56.235 INFO:teuthology.orchestra.run.smithi006.stdout:/usr/bin/ceph: stderr
2024-04-26T01:33:55.249+0000 7f3e40e00700 1 --2- >> [v2:172.21.15.6:3300/0,v1:172.21.15.6:6789/0] conn(0x7f3e3c108540 0x7f3e3c108960 unknown :-1 s=HELLO_CONNECTING pgs=0 cs=0 l=0 rev1=1 crypto rx=0 tx=0 comp rx=0 tx=0).handle_hello peer v2:172.21.15.6:3300/0 says I am v2:172.21.15.6:33128/0 (socket says 172.21.15.6:33128)
2024-04-26T01:33:56.235 INFO:teuthology.orchestra.run.smithi006.stdout:/usr/bin/ceph: stderr
2024-04-26T01:33:55.249+0000 7f3e40e00700 1 -- 172.21.15.6:0/1771743142 learned_addr learned my addr 172.21.15.6:0/1771743142 (peer_addr_for_me v2:172.21.15.6:0/0)
2024-04-26T01:33:56.235 INFO:teuthology.orchestra.run.smithi006.stdout:/usr/bin/ceph: stderr
2024-04-26T01:33:55.249+0000 7f3e40e00700 1 -- 172.21.15.6:0/1771743142 --> [v2:172.21.15.6:3300/0,v1:172.21.15.6:6789/0] -- mon_subscribe({config=0+,monmap=0+}) -- 0x7f3e3c1096f0 con 0x7f3e3c108540
2024-04-26T01:33:56.235 INFO:teuthology.orchestra.run.smithi006.stdout:/usr/bin/ceph: stderr
2024-04-26T01:33:55.250+0000 7f3e40e00700 1 --2- 172.21.15.6:0/1771743142 >> [v2:172.21.15.6:3300/0,v1:172.21.15.6:6789/0] conn(0x7f3e3c108540 0x7f3e3c108960 secure :-1 s=READY pgs=76 cs=0 l=1 rev1=1 crypto rx=0x7f3e300098a0 tx=0x7f3e30009bb0 comp rx=0 tx=0).ready entity=mon.0 client_cookie=550b83a9f9b56af9 server_cookie=0 in_seq=0 out_seq=0
2024-04-26T01:33:56.235 INFO:teuthology.orchestra.run.smithi006.stdout:/usr/bin/ceph: stderr
2024-04-26T01:33:55.250+0000 7f3e3b400700 1 -- 172.21.15.6:0/1771743142 <== mon.0 v2:172.21.15.6:3300/0 1 ==== mon_map magic: 0 ==== 205+0+0 (secure 0 0 0) 0x7f3e30004160 con 0x7f3e3c108540
2024-04-26T01:33:56.236 INFO:teuthology.orchestra.run.smithi006.stdout:/usr/bin/ceph: stderr
2024-04-26T01:33:55.250+0000 7f3e3b400700 1 -- 172.21.15.6:0/1771743142 <== mon.0 v2:172.21.15.6:3300/0 2 ==== config(26 keys) ==== 1101+0+0 (secure 0 0 0) 0x7f3e30004300 con 0x7f3e3c108540
2024-04-26T01:33:56.236 INFO:teuthology.orchestra.run.smithi006.stdout:/usr/bin/ceph: stderr
2024-04-26T01:33:55.250+0000 7f3e3b400700 1 -- 172.21.15.6:0/1771743142 <== mon.0 v2:172.21.15.6:3300/0 3 ==== mon_map magic: 0 ==== 205+0+0 (secure 0 0 0) 0x7f3e30011a20 con 0x7f3e3c108540
2024-04-26T01:33:56.236 INFO:teuthology.orchestra.run.smithi006.stdout:/usr/bin/ceph: stderr
2024-04-26T01:33:55.251+0000 7f3e43800700 1 -- 172.21.15.6:0/1771743142 >> [v2:172.21.15.6:3300/0,v1:172.21.15.6:6789/0] conn(0x7f3e3c108540 msgr2=0x7f3e3c108960 secure :-1 s=STATE_CONNECTION_ESTABLISHED l=1).mark_down
2024-04-26T01:33:56.236 INFO:teuthology.orchestra.run.smithi006.stdout:/usr/bin/ceph: stderr
2024-04-26T01:33:55.251+0000 7f3e43800700 1 --2- 172.21.15.6:0/1771743142 >> [v2:172.21.15.6:3300/0,v1:172.21.15.6:6789/0] conn(0x7f3e3c108540 0x7f3e3c108960 secure :-1 s=READY pgs=76 cs=0 l=1 rev1=1 crypto rx=0x7f3e300098a0 tx=0x7f3e30009bb0 comp rx=0 tx=0).stop
2024-04-26T01:33:56.236 INFO:teuthology.orchestra.run.smithi006.stdout:/usr/bin/ceph: stderr
2024-04-26T01:33:55.251+0000 7f3e43800700 1 -- 172.21.15.6:0/1771743142 shutdown_connections
2024-04-26T01:33:56.236 INFO:teuthology.orchestra.run.smithi006.stdout:/usr/bin/ceph: stderr
2024-04-26T01:33:55.251+0000 7f3e43800700 1 --2- 172.21.15.6:0/1771743142 >> [v2:172.21.15.6:3300/0,v1:172.21.15.6:6789/0] conn(0x7f3e3c108540 0x7f3e3c108960 unknown :-1 s=CLOSED pgs=76 cs=0 l=1 rev1=1 crypto rx=0 tx=0 comp rx=0 tx=0).stop
2024-04-26T01:33:56.236 INFO:teuthology.orchestra.run.smithi006.stdout:/usr/bin/ceph: stderr
2024-04-26T01:33:55.251+0000 7f3e43800700 1 -- 172.21.15.6:0/1771743142 >> 172.21.15.6:0/1771743142 conn(0x7f3e3c103b40 msgr2=0x7f3e3c105f60 unknown :-1 s=STATE_NONE l=0).mark_down
2024-04-26T01:33:56.236 INFO:teuthology.orchestra.run.smithi006.stdout:/usr/bin/ceph: stderr
2024-04-26T01:33:55.251+0000 7f3e43800700 1 -- 172.21.15.6:0/1771743142 shutdown_connections
2024-04-26T01:33:56.236 INFO:teuthology.orchestra.run.smithi006.stdout:/usr/bin/ceph: stderr
2024-04-26T01:33:55.251+0000 7f3e43800700 1 -- 172.21.15.6:0/1771743142 wait complete.
2024-04-26T01:33:56.237 INFO:teuthology.orchestra.run.smithi006.stdout:/usr/bin/ceph: stderr
2024-04-26T01:33:55.252+0000 7f3e43800700 1 Processor -- start
2024-04-26T01:33:56.237 INFO:teuthology.orchestra.run.smithi006.stdout:/usr/bin/ceph: stderr
2024-04-26T01:33:55.253+0000 7f3e43800700 1 -- start start
2024-04-26T01:33:56.237 INFO:teuthology.orchestra.run.smithi006.stdout:/usr/bin/ceph: stderr
2024-04-26T01:33:55.253+0000 7f3e43800700 1 --2- >> [v2:172.21.15.6:3300/0,v1:172.21.15.6:6789/0] conn(0x7f3e3c108540 0x7f3e3c19c4a0 unknown :-1 s=NONE pgs=0 cs=0 l=1 rev1=0 crypto rx=0 tx=0 comp rx=0 tx=0).connect
2024-04-26T01:33:56.237 INFO:teuthology.orchestra.run.smithi006.stdout:/usr/bin/ceph: stderr
2024-04-26T01:33:55.253+0000 7f3e43800700 1 -- --> [v2:172.21.15.6:3300/0,v1:172.21.15.6:6789/0] -- mon_getmap magic: 0 -- 0x7f3e3c10caa0 con 0x7f3e3c108540
2024-04-26T01:33:56.237 INFO:teuthology.orchestra.run.smithi006.stdout:/usr/bin/ceph: stderr
2024-04-26T01:33:55.253+0000 7f3e40e00700 1 --2- >> [v2:172.21.15.6:3300/0,v1:172.21.15.6:6789/0] conn(0x7f3e3c108540 0x7f3e3c19c4a0 unknown :-1 s=BANNER_CONNECTING pgs=0 cs=0 l=1 rev1=0 crypto rx=0 tx=0 comp rx=0 tx=0)._handle_peer_banner_payload supported=3 required=0
2024-04-26T01:33:56.237 INFO:teuthology.orchestra.run.smithi006.stdout:/usr/bin/ceph: stderr
2024-04-26T01:33:55.253+0000 7f3e40e00700 1 --2- >> [v2:172.21.15.6:3300/0,v1:172.21.15.6:6789/0] conn(0x7f3e3c108540 0x7f3e3c19c4a0 unknown :-1 s=HELLO_CONNECTING pgs=0 cs=0 l=1 rev1=1 crypto rx=0 tx=0 comp rx=0 tx=0).handle_hello peer v2:172.21.15.6:3300/0 says I am v2:172.21.15.6:33136/0 (socket says 172.21.15.6:33136)
2024-04-26T01:33:56.237 INFO:teuthology.orchestra.run.smithi006.stdout:/usr/bin/ceph: stderr
2024-04-26T01:33:55.253+0000 7f3e40e00700 1 -- 172.21.15.6:0/266542621 learned_addr learned my addr 172.21.15.6:0/266542621 (peer_addr_for_me v2:172.21.15.6:0/0)
2024-04-26T01:33:56.237 INFO:teuthology.orchestra.run.smithi006.stdout:/usr/bin/ceph: stderr
2024-04-26T01:33:55.254+0000 7f3e40e00700 1 -- 172.21.15.6:0/266542621 --> [v2:172.21.15.6:3300/0,v1:172.21.15.6:6789/0] -- mon_subscribe({config=0+,monmap=0+}) -- 0x7f3e3c19c9e0 con 0x7f3e3c108540
2024-04-26T01:33:56.237 INFO:teuthology.orchestra.run.smithi006.stdout:/usr/bin/ceph: stderr
2024-04-26T01:33:55.254+0000 7f3e40e00700 1 --2- 172.21.15.6:0/266542621 >> [v2:172.21.15.6:3300/0,v1:172.21.15.6:6789/0] conn(0x7f3e3c108540 0x7f3e3c19c4a0 secure :-1 s=READY pgs=77 cs=0 l=1 rev1=1 crypto rx=0x7f3e30000c00 tx=0x7f3e30011aa0 comp rx=0 tx=0).ready entity=mon.0 client_cookie=0 server_cookie=0 in_seq=0 out_seq=0
2024-04-26T01:33:56.237 INFO:teuthology.orchestra.run.smithi006.stdout:/usr/bin/ceph: stderr
2024-04-26T01:33:55.254+0000 7f3e39600700 1 -- 172.21.15.6:0/266542621 <== mon.0 v2:172.21.15.6:3300/0 1 ==== mon_map magic: 0 ==== 205+0+0 (secure 0 0 0) 0x7f3e30003aa0 con 0x7f3e3c108540
2024-04-26T01:33:56.237 INFO:teuthology.orchestra.run.smithi006.stdout:/usr/bin/ceph: stderr
2024-04-26T01:33:55.254+0000 7f3e39600700 1 -- 172.21.15.6:0/266542621 <== mon.0 v2:172.21.15.6:3300/0 2 ==== config(26 keys) ==== 1101+0+0 (secure 0 0 0) 0x7f3e3001b8f0 con 0x7f3e3c108540
2024-04-26T01:33:56.238 INFO:teuthology.orchestra.run.smithi006.stdout:/usr/bin/ceph: stderr
2024-04-26T01:33:55.254+0000 7f3e43800700 1 -- 172.21.15.6:0/266542621 --> [v2:172.21.15.6:3300/0,v1:172.21.15.6:6789/0] -- mon_subscribe({mgrmap=0+}) -- 0x7f3e3c19cc70 con 0x7f3e3c108540
2024-04-26T01:33:56.238 INFO:teuthology.orchestra.run.smithi006.stdout:/usr/bin/ceph: stderr
2024-04-26T01:33:55.254+0000 7f3e39600700 1 -- 172.21.15.6:0/266542621 <== mon.0 v2:172.21.15.6:3300/0 3 ==== mon_map magic: 0 ==== 205+0+0 (secure 0 0 0) 0x7f3e30023890 con 0x7f3e3c108540
2024-04-26T01:33:56.238 INFO:teuthology.orchestra.run.smithi006.stdout:/usr/bin/ceph: stderr
2024-04-26T01:33:55.254+0000 7f3e43800700 1 -- 172.21.15.6:0/266542621 --> [v2:172.21.15.6:3300/0,v1:172.21.15.6:6789/0] -- mon_subscribe({osdmap=0}) -- 0x7f3e3c19f960 con 0x7f3e3c108540
2024-04-26T01:33:56.238 INFO:teuthology.orchestra.run.smithi006.stdout:/usr/bin/ceph: stderr
2024-04-26T01:33:55.255+0000 7f3e39600700 1 -- 172.21.15.6:0/266542621 <== mon.0 v2:172.21.15.6:3300/0 4 ==== mgrmap(e 13) ==== 46613+0+0 (secure 0 0 0) 0x7f3e3001b440 con 0x7f3e3c108540
2024-04-26T01:33:56.238 INFO:teuthology.orchestra.run.smithi006.stdout:/usr/bin/ceph: stderr
2024-04-26T01:33:55.255+0000 7f3e43800700 1 -- 172.21.15.6:0/266542621 --> [v2:172.21.15.6:3300/0,v1:172.21.15.6:6789/0] -- mon_command({"prefix": "get_command_descriptions"} v 0) -- 0x7f3e3c0640a0 con 0x7f3e3c108540
2024-04-26T01:33:56.238 INFO:teuthology.orchestra.run.smithi006.stdout:/usr/bin/ceph: stderr
2024-04-26T01:33:55.256+0000 7f3e39600700 1 --2- 172.21.15.6:0/266542621 >> [v2:172.21.15.6:6800/809793211,v1:172.21.15.6:6801/809793211] conn(0x7f3e240396a0 0x7f3e2403bb60 unknown :-1 s=NONE pgs=0 cs=0 l=1 rev1=0 crypto rx=0 tx=0 comp rx=0 tx=0).connect
2024-04-26T01:33:56.238 INFO:teuthology.orchestra.run.smithi006.stdout:/usr/bin/ceph: stderr
2024-04-26T01:33:55.256+0000 7f3e39600700 1 -- 172.21.15.6:0/266542621 <== mon.0 v2:172.21.15.6:3300/0 5 ==== osd_map(3..3 src has 1..3) ==== 1155+0+0 (secure 0 0 0) 0x7f3e3004e0b0 con 0x7f3e3c108540
2024-04-26T01:33:56.238 INFO:teuthology.orchestra.run.smithi006.stdout:/usr/bin/ceph: stderr
2024-04-26T01:33:55.256+0000 7f3e3be00700 1 --2- 172.21.15.6:0/266542621 >> [v2:172.21.15.6:6800/809793211,v1:172.21.15.6:6801/809793211] conn(0x7f3e240396a0 0x7f3e2403bb60 unknown :-1 s=BANNER_CONNECTING pgs=0 cs=0 l=1 rev1=0 crypto rx=0 tx=0 comp rx=0 tx=0)._handle_peer_banner_payload supported=3 required=0
2024-04-26T01:33:56.238 INFO:teuthology.orchestra.run.smithi006.stdout:/usr/bin/ceph: stderr
2024-04-26T01:33:55.257+0000 7f3e3be00700 1 --2- 172.21.15.6:0/266542621 >> [v2:172.21.15.6:6800/809793211,v1:172.21.15.6:6801/809793211] conn(0x7f3e240396a0 0x7f3e2403bb60 secure :-1 s=READY pgs=10 cs=0 l=1 rev1=1 crypto rx=0x7f3e28006fd0 tx=0x7f3e28006e40 comp rx=0 tx=0).ready entity=mgr.14152 client_cookie=0 server_cookie=0 in_seq=0 out_seq=0
2024-04-26T01:33:56.238 INFO:teuthology.orchestra.run.smithi006.stdout:/usr/bin/ceph: stderr
2024-04-26T01:33:55.262+0000 7f3e39600700 1 -- 172.21.15.6:0/266542621 <== mon.0 v2:172.21.15.6:3300/0 6 ==== mon_command_ack([{"prefix": "get_command_descriptions"}]=0 v0) ==== 72+0+188370 (secure 0 0 0) 0x7f3e3001f030 con 0x7f3e3c108540
2024-04-26T01:33:56.238 INFO:teuthology.orchestra.run.smithi006.stdout:/usr/bin/ceph: stderr
2024-04-26T01:33:55.497+0000 7f3e43800700 1 -- 172.21.15.6:0/266542621 --> [v2:172.21.15.6:3300/0,v1:172.21.15.6:6789/0] -- mon_command([{prefix=config set, name=osd_memory_target_autotune}] v 0) -- 0x7f3e3c19ffc0 con 0x7f3e3c108540
2024-04-26T01:33:56.239 INFO:teuthology.orchestra.run.smithi006.stdout:/usr/bin/ceph: stderr
2024-04-26T01:33:55.498+0000 7f3e39600700 1 -- 172.21.15.6:0/266542621 <== mon.0 v2:172.21.15.6:3300/0 7 ==== mon_command_ack([{prefix=config set, name=osd_memory_target_autotune}]=0 v8)=0 v8) ==== 127+0+0 (secure 0 0 0) 0x7f3e3000be50 con 0x7f3e3c108540
2024-04-26T01:33:56.239 INFO:teuthology.orchestra.run.smithi006.stdout:/usr/bin/ceph: stderr
2024-04-26T01:33:55.500+0000 7f3e43800700 1 -- 172.21.15.6:0/266542621 >> [v2:172.21.15.6:6800/809793211,v1:172.21.15.6:6801/809793211] conn(0x7f3e240396a0 msgr2=0x7f3e2403bb60 secure :-1 s=STATE_CONNECTION_ESTABLISHED l=1).mark_down
2024-04-26T01:33:56.239 INFO:teuthology.orchestra.run.smithi006.stdout:/usr/bin/ceph: stderr
2024-04-26T01:33:55.500+0000 7f3e43800700 1 --2- 172.21.15.6:0/266542621 >> [v2:172.21.15.6:6800/809793211,v1:172.21.15.6:6801/809793211] conn(0x7f3e240396a0 0x7f3e2403bb60 secure :-1 s=READY pgs=10 cs=0 l=1 rev1=1 crypto rx=0x7f3e28006fd0 tx=0x7f3e28006e40 comp rx=0 tx=0).stop
2024-04-26T01:33:56.239 INFO:teuthology.orchestra.run.smithi006.stdout:/usr/bin/ceph: stderr
2024-04-26T01:33:55.500+0000 7f3e43800700 1 -- 172.21.15.6:0/266542621 >> [v2:172.21.15.6:3300/0,v1:172.21.15.6:6789/0] conn(0x7f3e3c108540 msgr2=0x7f3e3c19c4a0 secure :-1 s=STATE_CONNECTION_ESTABLISHED l=1).mark_down
2024-04-26T01:33:56.239 INFO:teuthology.orchestra.run.smithi006.stdout:/usr/bin/ceph: stderr
2024-04-26T01:33:55.500+0000 7f3e43800700 1 --2- 172.21.15.6:0/266542621 >> [v2:172.21.15.6:3300/0,v1:172.21.15.6:6789/0] conn(0x7f3e3c108540 0x7f3e3c19c4a0 secure :-1 s=READY pgs=77 cs=0 l=1 rev1=1 crypto rx=0x7f3e30000c00 tx=0x7f3e30011aa0 comp rx=0 tx=0).stop
2024-04-26T01:33:56.239 INFO:teuthology.orchestra.run.smithi006.stdout:/usr/bin/ceph: stderr
2024-04-26T01:33:55.501+0000 7f3e43800700 1 -- 172.21.15.6:0/266542621 shutdown_connections
2024-04-26T01:33:56.239 INFO:teuthology.orchestra.run.smithi006.stdout:/usr/bin/ceph: stderr
2024-04-26T01:33:55.501+0000 7f3e43800700 1 --2- 172.21.15.6:0/266542621 >> [v2:172.21.15.6:6800/809793211,v1:172.21.15.6:6801/809793211] conn(0x7f3e240396a0 0x7f3e2403bb60 unknown :-1 s=CLOSED pgs=10 cs=0 l=1 rev1=1 crypto rx=0 tx=0 comp rx=0 tx=0).stop
2024-04-26T01:33:56.239 INFO:teuthology.orchestra.run.smithi006.stdout:/usr/bin/ceph: stderr
2024-04-26T01:33:55.501+0000 7f3e43800700 1 --2- 172.21.15.6:0/266542621 >> [v2:172.21.15.6:3300/0,v1:172.21.15.6:6789/0] conn(0x7f3e3c108540 0x7f3e3c19c4a0 unknown :-1 s=CLOSED pgs=77 cs=0 l=1 rev1=1 crypto rx=0 tx=0 comp rx=0 tx=0).stop
2024-04-26T01:33:56.239 INFO:teuthology.orchestra.run.smithi006.stdout:/usr/bin/ceph: stderr
2024-04-26T01:33:55.501+0000 7f3e43800700 1 -- 172.21.15.6:0/266542621 >> 172.21.15.6:0/266542621 conn(0x7f3e3c103b40 msgr2=0x7f3e3c1046f0 unknown :-1 s=STATE_NONE l=0).mark_down
2024-04-26T01:33:56.239 INFO:teuthology.orchestra.run.smithi006.stdout:/usr/bin/ceph: stderr
2024-04-26T01:33:55.501+0000 7f3e43800700 1 -- 172.21.15.6:0/266542621 shutdown_connections
2024-04-26T01:33:56.239 INFO:teuthology.orchestra.run.smithi006.stdout:/usr/bin/ceph: stderr
2024-04-26T01:33:55.501+0000 7f3e43800700 1 -- 172.21.15.6:0/266542621 wait complete.
2024-04-26T01:33:57.886 INFO:teuthology.orchestra.run.smithi006.stdout:/usr/bin/ceph: stderr
2024-04-26T01:33:56.858+0000 7f02efa00700 1 Processor -- start
2024-04-26T01:33:57.886 INFO:teuthology.orchestra.run.smithi006.stdout:/usr/bin/ceph: stderr
2024-04-26T01:33:56.858+0000 7f02efa00700 1 -- start start
2024-04-26T01:33:57.886 INFO:teuthology.orchestra.run.smithi006.stdout:/usr/bin/ceph: stderr
2024-04-26T01:33:56.859+0000 7f02efa00700 1 --2- >> [v2:172.21.15.6:3300/0,v1:172.21.15.6:6789/0] conn(0x7f02e8108540 0x7f02e8108960 unknown :-1 s=NONE pgs=0 cs=0 l=0 rev1=0 crypto rx=0 tx=0 comp rx=0 tx=0).connect
2024-04-26T01:33:57.886 INFO:teuthology.orchestra.run.smithi006.stdout:/usr/bin/ceph: stderr
2024-04-26T01:33:56.859+0000 7f02efa00700 1 -- --> [v2:172.21.15.6:3300/0,v1:172.21.15.6:6789/0] -- mon_getmap magic: 0 -- 0x7f02e8108f30 con 0x7f02e8108540
2024-04-26T01:33:57.886 INFO:teuthology.orchestra.run.smithi006.stdout:/usr/bin/ceph: stderr
2024-04-26T01:33:56.859+0000 7f02ed000700 1 --2- >> [v2:172.21.15.6:3300/0,v1:172.21.15.6:6789/0] conn(0x7f02e8108540 0x7f02e8108960 unknown :-1 s=BANNER_CONNECTING pgs=0 cs=0 l=0 rev1=0 crypto rx=0 tx=0 comp rx=0 tx=0)._handle_peer_banner_payload supported=3 required=0
2024-04-26T01:33:57.886 INFO:teuthology.orchestra.run.smithi006.stdout:/usr/bin/ceph: stderr
2024-04-26T01:33:56.859+0000 7f02ed000700 1 --2- >> [v2:172.21.15.6:3300/0,v1:172.21.15.6:6789/0] conn(0x7f02e8108540 0x7f02e8108960 unknown :-1 s=HELLO_CONNECTING pgs=0 cs=0 l=0 rev1=1 crypto rx=0 tx=0 comp rx=0 tx=0).handle_hello peer v2:172.21.15.6:3300/0 says I am v2:172.21.15.6:33142/0 (socket says 172.21.15.6:33142)
2024-04-26T01:33:57.886 INFO:teuthology.orchestra.run.smithi006.stdout:/usr/bin/ceph: stderr
2024-04-26T01:33:56.859+0000 7f02ed000700 1 -- 172.21.15.6:0/1711893087 learned_addr learned my addr 172.21.15.6:0/1711893087 (peer_addr_for_me v2:172.21.15.6:0/0)
2024-04-26T01:33:57.886 INFO:teuthology.orchestra.run.smithi006.stdout:/usr/bin/ceph: stderr
2024-04-26T01:33:56.860+0000 7f02ed000700 1 -- 172.21.15.6:0/1711893087 --> [v2:172.21.15.6:3300/0,v1:172.21.15.6:6789/0] -- mon_subscribe({config=0+,monmap=0+}) -- 0x7f02e81096f0 con 0x7f02e8108540
2024-04-26T01:33:57.886 INFO:teuthology.orchestra.run.smithi006.stdout:/usr/bin/ceph: stderr
2024-04-26T01:33:56.860+0000 7f02ed000700 1 --2- 172.21.15.6:0/1711893087 >> [v2:172.21.15.6:3300/0,v1:172.21.15.6:6789/0] conn(0x7f02e8108540 0x7f02e8108960 secure :-1 s=READY pgs=78 cs=0 l=1 rev1=1 crypto rx=0x7f02dc0098a0 tx=0x7f02dc009bb0 comp rx=0 tx=0).ready entity=mon.0 client_cookie=a3b21f5f778da535 server_cookie=0 in_seq=0 out_seq=0
2024-04-26T01:33:57.886 INFO:teuthology.orchestra.run.smithi006.stdout:/usr/bin/ceph: stderr
2024-04-26T01:33:56.860+0000 7f02e7400700 1 -- 172.21.15.6:0/1711893087 <== mon.0 v2:172.21.15.6:3300/0 1 ==== mon_map magic: 0 ==== 205+0+0 (secure 0 0 0) 0x7f02dc004160 con 0x7f02e8108540
2024-04-26T01:33:57.886 INFO:teuthology.orchestra.run.smithi006.stdout:/usr/bin/ceph: stderr
2024-04-26T01:33:56.860+0000 7f02e7400700 1 -- 172.21.15.6:0/1711893087 <== mon.0 v2:172.21.15.6:3300/0 2 ==== config(26 keys) ==== 1101+0+0 (secure 0 0 0) 0x7f02dc004300 con 0x7f02e8108540
2024-04-26T01:33:57.887 INFO:teuthology.orchestra.run.smithi006.stdout:/usr/bin/ceph: stderr
2024-04-26T01:33:56.860+0000 7f02e7400700 1 -- 172.21.15.6:0/1711893087 <== mon.0 v2:172.21.15.6:3300/0 3 ==== mon_map magic: 0 ==== 205+0+0 (secure 0 0 0) 0x7f02dc011a20 con 0x7f02e8108540
2024-04-26T01:33:57.887 INFO:teuthology.orchestra.run.smithi006.stdout:/usr/bin/ceph: stderr
2024-04-26T01:33:56.861+0000 7f02efa00700 1 -- 172.21.15.6:0/1711893087 >> [v2:172.21.15.6:3300/0,v1:172.21.15.6:6789/0] conn(0x7f02e8108540 msgr2=0x7f02e8108960 secure :-1 s=STATE_CONNECTION_ESTABLISHED l=1).mark_down
2024-04-26T01:33:57.887 INFO:teuthology.orchestra.run.smithi006.stdout:/usr/bin/ceph: stderr
2024-04-26T01:33:56.861+0000 7f02efa00700 1 --2- 172.21.15.6:0/1711893087 >> [v2:172.21.15.6:3300/0,v1:172.21.15.6:6789/0] conn(0x7f02e8108540 0x7f02e8108960 secure :-1 s=READY pgs=78 cs=0 l=1 rev1=1 crypto rx=0x7f02dc0098a0 tx=0x7f02dc009bb0 comp rx=0 tx=0).stop
2024-04-26T01:33:57.887 INFO:teuthology.orchestra.run.smithi006.stdout:/usr/bin/ceph: stderr
2024-04-26T01:33:56.861+0000 7f02efa00700 1 -- 172.21.15.6:0/1711893087 shutdown_connections
2024-04-26T01:33:57.887 INFO:teuthology.orchestra.run.smithi006.stdout:/usr/bin/ceph: stderr
2024-04-26T01:33:56.861+0000 7f02efa00700 1 --2- 172.21.15.6:0/1711893087 >> [v2:172.21.15.6:3300/0,v1:172.21.15.6:6789/0] conn(0x7f02e8108540 0x7f02e8108960 unknown :-1 s=CLOSED pgs=78 cs=0 l=1 rev1=1 crypto rx=0 tx=0 comp rx=0 tx=0).stop
2024-04-26T01:33:57.887 INFO:teuthology.orchestra.run.smithi006.stdout:/usr/bin/ceph: stderr
2024-04-26T01:33:56.861+0000 7f02efa00700 1 -- 172.21.15.6:0/1711893087 >> 172.21.15.6:0/1711893087 conn(0x7f02e8103b40 msgr2=0x7f02e8105f60 unknown :-1 s=STATE_NONE l=0).mark_down
2024-04-26T01:33:57.887 INFO:teuthology.orchestra.run.smithi006.stdout:/usr/bin/ceph: stderr
2024-04-26T01:33:56.861+0000 7f02efa00700 1 -- 172.21.15.6:0/1711893087 shutdown_connections
2024-04-26T01:33:57.887 INFO:teuthology.orchestra.run.smithi006.stdout:/usr/bin/ceph: stderr
2024-04-26T01:33:56.861+0000 7f02efa00700 1 -- 172.21.15.6:0/1711893087 wait complete.
2024-04-26T01:33:57.887 INFO:teuthology.orchestra.run.smithi006.stdout:/usr/bin/ceph: stderr
2024-04-26T01:33:56.862+0000 7f02efa00700 1 Processor -- start
2024-04-26T01:33:57.887 INFO:teuthology.orchestra.run.smithi006.stdout:/usr/bin/ceph: stderr
2024-04-26T01:33:56.863+0000 7f02efa00700 1 -- start start
2024-04-26T01:33:57.887 INFO:teuthology.orchestra.run.smithi006.stdout:/usr/bin/ceph: stderr
2024-04-26T01:33:56.863+0000 7f02efa00700 1 --2- >> [v2:172.21.15.6:3300/0,v1:172.21.15.6:6789/0] conn(0x7f02e8108540 0x7f02e819c4a0 unknown :-1 s=NONE pgs=0 cs=0 l=1 rev1=0 crypto rx=0 tx=0 comp rx=0 tx=0).connect
2024-04-26T01:33:57.887 INFO:teuthology.orchestra.run.smithi006.stdout:/usr/bin/ceph: stderr
2024-04-26T01:33:56.863+0000 7f02efa00700 1 -- --> [v2:172.21.15.6:3300/0,v1:172.21.15.6:6789/0] -- mon_getmap magic: 0 -- 0x7f02e810caa0 con 0x7f02e8108540
2024-04-26T01:33:57.887 INFO:teuthology.orchestra.run.smithi006.stdout:/usr/bin/ceph: stderr
2024-04-26T01:33:56.863+0000 7f02ed000700 1 --2- >> [v2:172.21.15.6:3300/0,v1:172.21.15.6:6789/0] conn(0x7f02e8108540 0x7f02e819c4a0 unknown :-1 s=BANNER_CONNECTING pgs=0 cs=0 l=1 rev1=0 crypto rx=0 tx=0 comp rx=0 tx=0)._handle_peer_banner_payload supported=3 required=0
2024-04-26T01:33:57.887 INFO:teuthology.orchestra.run.smithi006.stdout:/usr/bin/ceph: stderr
2024-04-26T01:33:56.863+0000 7f02ed000700 1 --2- >> [v2:172.21.15.6:3300/0,v1:172.21.15.6:6789/0] conn(0x7f02e8108540 0x7f02e819c4a0 unknown :-1 s=HELLO_CONNECTING pgs=0 cs=0 l=1 rev1=1 crypto rx=0 tx=0 comp rx=0 tx=0).handle_hello peer v2:172.21.15.6:3300/0 says I am v2:172.21.15.6:33146/0 (socket says 172.21.15.6:33146)
2024-04-26T01:33:57.887 INFO:teuthology.orchestra.run.smithi006.stdout:/usr/bin/ceph: stderr
2024-04-26T01:33:56.863+0000 7f02ed000700 1 -- 172.21.15.6:0/2790159110 learned_addr learned my addr 172.21.15.6:0/2790159110 (peer_addr_for_me v2:172.21.15.6:0/0)
2024-04-26T01:33:57.888 INFO:teuthology.orchestra.run.smithi006.stdout:/usr/bin/ceph: stderr
2024-04-26T01:33:56.864+0000 7f02ed000700 1 -- 172.21.15.6:0/2790159110 --> [v2:172.21.15.6:3300/0,v1:172.21.15.6:6789/0] -- mon_subscribe({config=0+,monmap=0+}) -- 0x7f02e819c9e0 con 0x7f02e8108540
2024-04-26T01:33:57.888 INFO:teuthology.orchestra.run.smithi006.stdout:/usr/bin/ceph: stderr
2024-04-26T01:33:56.864+0000 7f02ed000700 1 --2- 172.21.15.6:0/2790159110 >> [v2:172.21.15.6:3300/0,v1:172.21.15.6:6789/0] conn(0x7f02e8108540 0x7f02e819c4a0 secure :-1 s=READY pgs=79 cs=0 l=1 rev1=1 crypto rx=0x7f02dc000c00 tx=0x7f02dc011aa0 comp rx=0 tx=0).ready entity=mon.0 client_cookie=0 server_cookie=0 in_seq=0 out_seq=0
2024-04-26T01:33:57.888 INFO:teuthology.orchestra.run.smithi006.stdout:/usr/bin/ceph: stderr
2024-04-26T01:33:56.864+0000 7f02e5600700 1 -- 172.21.15.6:0/2790159110 <== mon.0 v2:172.21.15.6:3300/0 1 ==== mon_map magic: 0 ==== 205+0+0 (secure 0 0 0) 0x7f02dc003aa0 con 0x7f02e8108540
2024-04-26T01:33:57.888 INFO:teuthology.orchestra.run.smithi006.stdout:/usr/bin/ceph: stderr
2024-04-26T01:33:56.864+0000 7f02e5600700 1 -- 172.21.15.6:0/2790159110 <== mon.0 v2:172.21.15.6:3300/0 2 ==== config(26 keys) ==== 1101+0+0 (secure 0 0 0) 0x7f02dc01b8f0 con 0x7f02e8108540
2024-04-26T01:33:57.888 INFO:teuthology.orchestra.run.smithi006.stdout:/usr/bin/ceph: stderr
2024-04-26T01:33:56.864+0000 7f02efa00700 1 -- 172.21.15.6:0/2790159110 --> [v2:172.21.15.6:3300/0,v1:172.21.15.6:6789/0] -- mon_subscribe({mgrmap=0+}) -- 0x7f02e819cc70 con 0x7f02e8108540
2024-04-26T01:33:57.888 INFO:teuthology.orchestra.run.smithi006.stdout:/usr/bin/ceph: stderr
2024-04-26T01:33:56.864+0000 7f02e5600700 1 -- 172.21.15.6:0/2790159110 <== mon.0 v2:172.21.15.6:3300/0 3 ==== mon_map magic: 0 ==== 205+0+0 (secure 0 0 0) 0x7f02dc023890 con 0x7f02e8108540
2024-04-26T01:33:57.888 INFO:teuthology.orchestra.run.smithi006.stdout:/usr/bin/ceph: stderr
2024-04-26T01:33:56.864+0000 7f02efa00700 1 -- 172.21.15.6:0/2790159110 --> [v2:172.21.15.6:3300/0,v1:172.21.15.6:6789/0] -- mon_subscribe({osdmap=0}) -- 0x7f02e819f960 con 0x7f02e8108540
2024-04-26T01:33:57.888 INFO:teuthology.orchestra.run.smithi006.stdout:/usr/bin/ceph: stderr
2024-04-26T01:33:56.866+0000 7f02efa00700 1 -- 172.21.15.6:0/2790159110 --> [v2:172.21.15.6:3300/0,v1:172.21.15.6:6789/0] -- mon_command({"prefix": "get_command_descriptions"} v 0) -- 0x7f02e80640a0 con 0x7f02e8108540
2024-04-26T01:33:57.888 INFO:teuthology.orchestra.run.smithi006.stdout:/usr/bin/ceph: stderr
2024-04-26T01:33:56.866+0000 7f02e5600700 1 -- 172.21.15.6:0/2790159110 <== mon.0 v2:172.21.15.6:3300/0 4 ==== mgrmap(e 13) ==== 46613+0+0 (secure 0 0 0) 0x7f02dc01b440 con 0x7f02e8108540
2024-04-26T01:33:57.888 INFO:teuthology.orchestra.run.smithi006.stdout:/usr/bin/ceph: stderr
2024-04-26T01:33:56.866+0000 7f02e5600700 1 --2- 172.21.15.6:0/2790159110 >> [v2:172.21.15.6:6800/809793211,v1:172.21.15.6:6801/809793211] conn(0x7f02d00396a0 0x7f02d003bb60 unknown :-1 s=NONE pgs=0 cs=0 l=1 rev1=0 crypto rx=0 tx=0 comp rx=0 tx=0).connect
2024-04-26T01:33:57.888 INFO:teuthology.orchestra.run.smithi006.stdout:/usr/bin/ceph: stderr
2024-04-26T01:33:56.866+0000 7f02e5600700 1 -- 172.21.15.6:0/2790159110 <== mon.0 v2:172.21.15.6:3300/0 5 ==== osd_map(3..3 src has 1..3) ==== 1155+0+0 (secure 0 0 0) 0x7f02dc04e130 con 0x7f02e8108540
2024-04-26T01:33:57.888 INFO:teuthology.orchestra.run.smithi006.stdout:/usr/bin/ceph: stderr
2024-04-26T01:33:56.867+0000 7f02e7e00700 1 --2- 172.21.15.6:0/2790159110 >> [v2:172.21.15.6:6800/809793211,v1:172.21.15.6:6801/809793211] conn(0x7f02d00396a0 0x7f02d003bb60 unknown :-1 s=BANNER_CONNECTING pgs=0 cs=0 l=1 rev1=0 crypto rx=0 tx=0 comp rx=0 tx=0)._handle_peer_banner_payload supported=3 required=0
2024-04-26T01:33:57.888 INFO:teuthology.orchestra.run.smithi006.stdout:/usr/bin/ceph: stderr
2024-04-26T01:33:56.867+0000 7f02e7e00700 1 --2- 172.21.15.6:0/2790159110 >> [v2:172.21.15.6:6800/809793211,v1:172.21.15.6:6801/809793211] conn(0x7f02d00396a0 0x7f02d003bb60 secure :-1 s=READY pgs=11 cs=0 l=1 rev1=1 crypto rx=0x7f02d4006fd0 tx=0x7f02d4006e40 comp rx=0 tx=0).ready entity=mgr.14152 client_cookie=0 server_cookie=0 in_seq=0 out_seq=0
2024-04-26T01:33:57.888 INFO:teuthology.orchestra.run.smithi006.stdout:/usr/bin/ceph: stderr
2024-04-26T01:33:56.872+0000 7f02e5600700 1 -- 172.21.15.6:0/2790159110 <== mon.0 v2:172.21.15.6:3300/0 6 ==== mon_command_ack([{"prefix": "get_command_descriptions"}]=0 v0) ==== 72+0+188370 (secure 0 0 0) 0x7f02dc01f030 con 0x7f02e8108540
2024-04-26T01:33:57.888 INFO:teuthology.orchestra.run.smithi006.stdout:/usr/bin/ceph: stderr
2024-04-26T01:33:57.224+0000 7f02efa00700 1 -- 172.21.15.6:0/2790159110 --> [v2:172.21.15.6:3300/0,v1:172.21.15.6:6789/0] -- mon_command([{prefix=config-key set, key=mgr/dashboard/cluster/status}] v 0) -- 0x7f02e807c5c0 con 0x7f02e8108540
2024-04-26T01:33:57.889 INFO:teuthology.orchestra.run.smithi006.stdout:/usr/bin/ceph: stderr
2024-04-26T01:33:57.228+0000 7f02e5600700 1 -- 172.21.15.6:0/2790159110 <== mon.0 v2:172.21.15.6:3300/0 7 ==== mon_command_ack([{prefix=config-key set, key=mgr/dashboard/cluster/status}]=0 set mgr/dashboard/cluster/status v28)=0 set mgr/dashboard/cluster/status v28) ==== 153+0+0 (secure 0 0 0) 0x7f02dc016260 con 0x7f02e8108540
2024-04-26T01:33:57.889 INFO:teuthology.orchestra.run.smithi006.stdout:/usr/bin/ceph: stderr
2024-04-26T01:33:57.230+0000 7f02efa00700 1 -- 172.21.15.6:0/2790159110 >> [v2:172.21.15.6:6800/809793211,v1:172.21.15.6:6801/809793211] conn(0x7f02d00396a0 msgr2=0x7f02d003bb60 secure :-1 s=STATE_CONNECTION_ESTABLISHED l=1).mark_down
2024-04-26T01:33:57.889 INFO:teuthology.orchestra.run.smithi006.stdout:/usr/bin/ceph: stderr
2024-04-26T01:33:57.230+0000 7f02efa00700 1 --2- 172.21.15.6:0/2790159110 >> [v2:172.21.15.6:6800/809793211,v1:172.21.15.6:6801/809793211] conn(0x7f02d00396a0 0x7f02d003bb60 secure :-1 s=READY pgs=11 cs=0 l=1 rev1=1 crypto rx=0x7f02d4006fd0 tx=0x7f02d4006e40 comp rx=0 tx=0).stop
2024-04-26T01:33:57.889 INFO:teuthology.orchestra.run.smithi006.stdout:/usr/bin/ceph: stderr
2024-04-26T01:33:57.231+0000 7f02efa00700 1 -- 172.21.15.6:0/2790159110 >> [v2:172.21.15.6:3300/0,v1:172.21.15.6:6789/0] conn(0x7f02e8108540 msgr2=0x7f02e819c4a0 secure :-1 s=STATE_CONNECTION_ESTABLISHED l=1).mark_down
2024-04-26T01:33:57.889 INFO:teuthology.orchestra.run.smithi006.stdout:/usr/bin/ceph: stderr
2024-04-26T01:33:57.231+0000 7f02efa00700 1 --2- 172.21.15.6:0/2790159110 >> [v2:172.21.15.6:3300/0,v1:172.21.15.6:6789/0] conn(0x7f02e8108540 0x7f02e819c4a0 secure :-1 s=READY pgs=79 cs=0 l=1 rev1=1 crypto rx=0x7f02dc000c00 tx=0x7f02dc011aa0 comp rx=0 tx=0).stop
2024-04-26T01:33:57.889 INFO:teuthology.orchestra.run.smithi006.stdout:/usr/bin/ceph: stderr
2024-04-26T01:33:57.231+0000 7f02efa00700 1 -- 172.21.15.6:0/2790159110 shutdown_connections
2024-04-26T01:33:57.889 INFO:teuthology.orchestra.run.smithi006.stdout:/usr/bin/ceph: stderr
2024-04-26T01:33:57.231+0000 7f02efa00700 1 --2- 172.21.15.6:0/2790159110 >> [v2:172.21.15.6:6800/809793211,v1:172.21.15.6:6801/809793211] conn(0x7f02d00396a0 0x7f02d003bb60 unknown :-1 s=CLOSED pgs=11 cs=0 l=1 rev1=1 crypto rx=0 tx=0 comp rx=0 tx=0).stop
2024-04-26T01:33:57.889 INFO:teuthology.orchestra.run.smithi006.stdout:/usr/bin/ceph: stderr
2024-04-26T01:33:57.231+0000 7f02efa00700 1 --2- 172.21.15.6:0/2790159110 >> [v2:172.21.15.6:3300/0,v1:172.21.15.6:6789/0] conn(0x7f02e8108540 0x7f02e819c4a0 unknown :-1 s=CLOSED pgs=79 cs=0 l=1 rev1=1 crypto rx=0 tx=0 comp rx=0 tx=0).stop
2024-04-26T01:33:57.889 INFO:teuthology.orchestra.run.smithi006.stdout:/usr/bin/ceph: stderr
2024-04-26T01:33:57.231+0000 7f02efa00700 1 -- 172.21.15.6:0/2790159110 >> 172.21.15.6:0/2790159110 conn(0x7f02e8103b40 msgr2=0x7f02e81046f0 unknown :-1 s=STATE_NONE l=0).mark_down
2024-04-26T01:33:57.889 INFO:teuthology.orchestra.run.smithi006.stdout:/usr/bin/ceph: stderr
2024-04-26T01:33:57.231+0000 7f02efa00700 1 -- 172.21.15.6:0/2790159110 shutdown_connections
2024-04-26T01:33:57.889 INFO:teuthology.orchestra.run.smithi006.stdout:/usr/bin/ceph: stderr
2024-04-26T01:33:57.231+0000 7f02efa00700 1 -- 172.21.15.6:0/2790159110 wait complete.
2024-04-26T01:33:57.889 INFO:teuthology.orchestra.run.smithi006.stdout:/usr/bin/ceph: stderr set mgr/dashboard/cluster/status
2024-04-26T01:33:57.889 INFO:teuthology.orchestra.run.smithi006.stdout:You can access the Ceph CLI as following in case of multi-cluster or non-default config:
2024-04-26T01:33:57.889 INFO:teuthology.orchestra.run.smithi006.stdout:
2024-04-26T01:33:57.889 INFO:teuthology.orchestra.run.smithi006.stdout: sudo /home/ubuntu/cephtest/cephadm shell --fsid a5b72bee-036c-11ef-bc93-c7b262605968 -c /etc/ceph/ceph.conf -k /etc/ceph/ceph.client.admin.keyring
2024-04-26T01:33:57.890 INFO:teuthology.orchestra.run.smithi006.stdout:
2024-04-26T01:33:57.890 INFO:teuthology.orchestra.run.smithi006.stdout:Or, if you are only running a single cluster on this host:
2024-04-26T01:33:57.890 INFO:teuthology.orchestra.run.smithi006.stdout:
2024-04-26T01:33:57.890 INFO:teuthology.orchestra.run.smithi006.stdout: sudo /home/ubuntu/cephtest/cephadm shell
2024-04-26T01:33:57.890 INFO:teuthology.orchestra.run.smithi006.stdout:
2024-04-26T01:33:57.890 INFO:teuthology.orchestra.run.smithi006.stdout:Please consider enabling telemetry to help improve Ceph:
2024-04-26T01:33:57.890 INFO:teuthology.orchestra.run.smithi006.stdout:
2024-04-26T01:33:57.890 INFO:teuthology.orchestra.run.smithi006.stdout: ceph telemetry on
2024-04-26T01:33:57.890 INFO:teuthology.orchestra.run.smithi006.stdout:
2024-04-26T01:33:57.890 INFO:teuthology.orchestra.run.smithi006.stdout:For more information see:
2024-04-26T01:33:57.890 INFO:teuthology.orchestra.run.smithi006.stdout:
2024-04-26T01:33:57.890 INFO:teuthology.orchestra.run.smithi006.stdout: https://docs.ceph.com/en/latest/mgr/telemetry/
2024-04-26T01:33:57.890 INFO:teuthology.orchestra.run.smithi006.stdout:
2024-04-26T01:33:57.890 INFO:teuthology.orchestra.run.smithi006.stdout:Bootstrap complete.
2024-04-26T01:33:57.956 INFO:tasks.cephadm:Fetching config...
