2024-04-26T01:32:59.863 INFO:teuthology.orchestra.run.smithi006.stdout:/usr/bin/ceph: stdout "up:standby": 0
2024-04-26T01:32:59.864 INFO:teuthology.orchestra.run.smithi006.stdout:/usr/bin/ceph: stdout },
2024-04-26T01:32:59.864 INFO:teuthology.orchestra.run.smithi006.stdout:/usr/bin/ceph: stdout "mgrmap": {
2024-04-26T01:32:59.864 INFO:teuthology.orchestra.run.smithi006.stdout:/usr/bin/ceph: stdout "available": true,
2024-04-26T01:32:59.864 INFO:teuthology.orchestra.run.smithi006.stdout:/usr/bin/ceph: stdout "num_standbys": 0,
2024-04-26T01:32:59.864 INFO:teuthology.orchestra.run.smithi006.stdout:/usr/bin/ceph: stdout "modules": [
2024-04-26T01:32:59.864 INFO:teuthology.orchestra.run.smithi006.stdout:/usr/bin/ceph: stdout "iostat",
2024-04-26T01:32:59.864 INFO:teuthology.orchestra.run.smithi006.stdout:/usr/bin/ceph: stdout "nfs",
2024-04-26T01:32:59.864 INFO:teuthology.orchestra.run.smithi006.stdout:/usr/bin/ceph: stdout "restful"
2024-04-26T01:32:59.864 INFO:teuthology.orchestra.run.smithi006.stdout:/usr/bin/ceph: stdout ],
2024-04-26T01:32:59.864 INFO:teuthology.orchestra.run.smithi006.stdout:/usr/bin/ceph: stdout "services": {}
2024-04-26T01:32:59.864 INFO:teuthology.orchestra.run.smithi006.stdout:/usr/bin/ceph: stdout },
2024-04-26T01:32:59.864 INFO:teuthology.orchestra.run.smithi006.stdout:/usr/bin/ceph: stdout "servicemap": {
2024-04-26T01:32:59.864 INFO:teuthology.orchestra.run.smithi006.stdout:/usr/bin/ceph: stdout "epoch": 1,
2024-04-26T01:32:59.864 INFO:teuthology.orchestra.run.smithi006.stdout:/usr/bin/ceph: stdout "modified": "2024-04-26T01:32:29.072125+0000",
2024-04-26T01:32:59.864 INFO:teuthology.orchestra.run.smithi006.stdout:/usr/bin/ceph: stdout "services": {}
2024-04-26T01:32:59.865 INFO:teuthology.orchestra.run.smithi006.stdout:/usr/bin/ceph: stdout },
2024-04-26T01:32:59.865 INFO:teuthology.orchestra.run.smithi006.stdout:/usr/bin/ceph: stdout "progress_events": {}
2024-04-26T01:32:59.865 INFO:teuthology.orchestra.run.smithi006.stdout:/usr/bin/ceph: stdout }
2024-04-26T01:32:59.865 INFO:teuthology.orchestra.run.smithi006.stdout:/usr/bin/ceph: stderr
2024-04-26T01:32:58.863+0000 7f1513a00700 1 Processor -- start
2024-04-26T01:32:59.865 INFO:teuthology.orchestra.run.smithi006.stdout:/usr/bin/ceph: stderr
2024-04-26T01:32:58.863+0000 7f1513a00700 1 -- start start
2024-04-26T01:32:59.865 INFO:teuthology.orchestra.run.smithi006.stdout:/usr/bin/ceph: stderr
2024-04-26T01:32:58.864+0000 7f1513a00700 1 --2- >> [v2:172.21.15.6:3300/0,v1:172.21.15.6:6789/0] conn(0x7f150c108540 0x7f150c108960 unknown :-1 s=NONE pgs=0 cs=0 l=0 rev1=0 crypto rx=0 tx=0 comp rx=0 tx=0).connect
2024-04-26T01:32:59.865 INFO:teuthology.orchestra.run.smithi006.stdout:/usr/bin/ceph: stderr
2024-04-26T01:32:58.864+0000 7f1513a00700 1 -- --> [v2:172.21.15.6:3300/0,v1:172.21.15.6:6789/0] -- mon_getmap magic: 0 -- 0x7f150c108f30 con 0x7f150c108540
2024-04-26T01:32:59.865 INFO:teuthology.orchestra.run.smithi006.stdout:/usr/bin/ceph: stderr
2024-04-26T01:32:58.864+0000 7f1511000700 1 --2- >> [v2:172.21.15.6:3300/0,v1:172.21.15.6:6789/0] conn(0x7f150c108540 0x7f150c108960 unknown :-1 s=BANNER_CONNECTING pgs=0 cs=0 l=0 rev1=0 crypto rx=0 tx=0 comp rx=0 tx=0)._handle_peer_banner_payload supported=3 required=0
2024-04-26T01:32:59.865 INFO:teuthology.orchestra.run.smithi006.stdout:/usr/bin/ceph: stderr
2024-04-26T01:32:58.864+0000 7f1511000700 1 --2- >> [v2:172.21.15.6:3300/0,v1:172.21.15.6:6789/0] conn(0x7f150c108540 0x7f150c108960 unknown :-1 s=HELLO_CONNECTING pgs=0 cs=0 l=0 rev1=1 crypto rx=0 tx=0 comp rx=0 tx=0).handle_hello peer v2:172.21.15.6:3300/0 says I am v2:172.21.15.6:42596/0 (socket says 172.21.15.6:42596)
2024-04-26T01:32:59.865 INFO:teuthology.orchestra.run.smithi006.stdout:/usr/bin/ceph: stderr
2024-04-26T01:32:58.864+0000 7f1511000700 1 -- 172.21.15.6:0/1286985528 learned_addr learned my addr 172.21.15.6:0/1286985528 (peer_addr_for_me v2:172.21.15.6:0/0)
2024-04-26T01:32:59.865 INFO:teuthology.orchestra.run.smithi006.stdout:/usr/bin/ceph: stderr
2024-04-26T01:32:58.865+0000 7f1511000700 1 -- 172.21.15.6:0/1286985528 --> [v2:172.21.15.6:3300/0,v1:172.21.15.6:6789/0] -- mon_subscribe({config=0+,monmap=0+}) -- 0x7f150c1096f0 con 0x7f150c108540
2024-04-26T01:32:59.865 INFO:teuthology.orchestra.run.smithi006.stdout:/usr/bin/ceph: stderr
2024-04-26T01:32:58.865+0000 7f1511000700 1 --2- 172.21.15.6:0/1286985528 >> [v2:172.21.15.6:3300/0,v1:172.21.15.6:6789/0] conn(0x7f150c108540 0x7f150c108960 secure :-1 s=READY pgs=18 cs=0 l=1 rev1=1 crypto rx=0x7f14fc0098a0 tx=0x7f14fc009bb0 comp rx=0 tx=0).ready entity=mon.0 client_cookie=93304f6d449e60ad server_cookie=0 in_seq=0 out_seq=0
2024-04-26T01:32:59.865 INFO:teuthology.orchestra.run.smithi006.stdout:/usr/bin/ceph: stderr
2024-04-26T01:32:58.865+0000 7f150be00700 1 -- 172.21.15.6:0/1286985528 <== mon.0 v2:172.21.15.6:3300/0 1 ==== mon_map magic: 0 ==== 205+0+0 (secure 0 0 0) 0x7f14fc004160 con 0x7f150c108540
2024-04-26T01:32:59.865 INFO:teuthology.orchestra.run.smithi006.stdout:/usr/bin/ceph: stderr
2024-04-26T01:32:58.865+0000 7f150be00700 1 -- 172.21.15.6:0/1286985528 <== mon.0 v2:172.21.15.6:3300/0 2 ==== config(26 keys) ==== 1070+0+0 (secure 0 0 0) 0x7f14fc004300 con 0x7f150c108540
2024-04-26T01:32:59.865 INFO:teuthology.orchestra.run.smithi006.stdout:/usr/bin/ceph: stderr
2024-04-26T01:32:58.865+0000 7f150be00700 1 -- 172.21.15.6:0/1286985528 <== mon.0 v2:172.21.15.6:3300/0 3 ==== mon_map magic: 0 ==== 205+0+0 (secure 0 0 0) 0x7f14fc011af0 con 0x7f150c108540
2024-04-26T01:32:59.866 INFO:teuthology.orchestra.run.smithi006.stdout:/usr/bin/ceph: stderr
2024-04-26T01:32:58.866+0000 7f1513a00700 1 -- 172.21.15.6:0/1286985528 >> [v2:172.21.15.6:3300/0,v1:172.21.15.6:6789/0] conn(0x7f150c108540 msgr2=0x7f150c108960 secure :-1 s=STATE_CONNECTION_ESTABLISHED l=1).mark_down
2024-04-26T01:32:59.866 INFO:teuthology.orchestra.run.smithi006.stdout:/usr/bin/ceph: stderr
2024-04-26T01:32:58.866+0000 7f1513a00700 1 --2- 172.21.15.6:0/1286985528 >> [v2:172.21.15.6:3300/0,v1:172.21.15.6:6789/0] conn(0x7f150c108540 0x7f150c108960 secure :-1 s=READY pgs=18 cs=0 l=1 rev1=1 crypto rx=0x7f14fc0098a0 tx=0x7f14fc009bb0 comp rx=0 tx=0).stop
2024-04-26T01:32:59.866 INFO:teuthology.orchestra.run.smithi006.stdout:/usr/bin/ceph: stderr
2024-04-26T01:32:58.866+0000 7f1513a00700 1 -- 172.21.15.6:0/1286985528 shutdown_connections
2024-04-26T01:32:59.866 INFO:teuthology.orchestra.run.smithi006.stdout:/usr/bin/ceph: stderr
2024-04-26T01:32:58.866+0000 7f1513a00700 1 --2- 172.21.15.6:0/1286985528 >> [v2:172.21.15.6:3300/0,v1:172.21.15.6:6789/0] conn(0x7f150c108540 0x7f150c108960 unknown :-1 s=CLOSED pgs=18 cs=0 l=1 rev1=1 crypto rx=0 tx=0 comp rx=0 tx=0).stop
2024-04-26T01:32:59.866 INFO:teuthology.orchestra.run.smithi006.stdout:/usr/bin/ceph: stderr
2024-04-26T01:32:58.866+0000 7f1513a00700 1 -- 172.21.15.6:0/1286985528 >> 172.21.15.6:0/1286985528 conn(0x7f150c103ae0 msgr2=0x7f150c105f20 unknown :-1 s=STATE_NONE l=0).mark_down
2024-04-26T01:32:59.866 INFO:teuthology.orchestra.run.smithi006.stdout:/usr/bin/ceph: stderr
2024-04-26T01:32:58.866+0000 7f1513a00700 1 -- 172.21.15.6:0/1286985528 shutdown_connections
2024-04-26T01:32:59.866 INFO:teuthology.orchestra.run.smithi006.stdout:/usr/bin/ceph: stderr
2024-04-26T01:32:58.866+0000 7f1513a00700 1 -- 172.21.15.6:0/1286985528 wait complete.
2024-04-26T01:32:59.866 INFO:teuthology.orchestra.run.smithi006.stdout:/usr/bin/ceph: stderr
2024-04-26T01:32:58.867+0000 7f1513a00700 1 Processor -- start
2024-04-26T01:32:59.866 INFO:teuthology.orchestra.run.smithi006.stdout:/usr/bin/ceph: stderr
2024-04-26T01:32:58.867+0000 7f1513a00700 1 -- start start
2024-04-26T01:32:59.866 INFO:teuthology.orchestra.run.smithi006.stdout:/usr/bin/ceph: stderr
2024-04-26T01:32:58.868+0000 7f1513a00700 1 --2- >> [v2:172.21.15.6:3300/0,v1:172.21.15.6:6789/0] conn(0x7f150c108540 0x7f150c19e710 unknown :-1 s=NONE pgs=0 cs=0 l=1 rev1=0 crypto rx=0 tx=0 comp rx=0 tx=0).connect
2024-04-26T01:32:59.866 INFO:teuthology.orchestra.run.smithi006.stdout:/usr/bin/ceph: stderr
2024-04-26T01:32:58.868+0000 7f1513a00700 1 -- --> [v2:172.21.15.6:3300/0,v1:172.21.15.6:6789/0] -- mon_getmap magic: 0 -- 0x7f150c10caa0 con 0x7f150c108540
2024-04-26T01:32:59.866 INFO:teuthology.orchestra.run.smithi006.stdout:/usr/bin/ceph: stderr
2024-04-26T01:32:58.868+0000 7f1511000700 1 --2- >> [v2:172.21.15.6:3300/0,v1:172.21.15.6:6789/0] conn(0x7f150c108540 0x7f150c19e710 unknown :-1 s=BANNER_CONNECTING pgs=0 cs=0 l=1 rev1=0 crypto rx=0 tx=0 comp rx=0 tx=0)._handle_peer_banner_payload supported=3 required=0
2024-04-26T01:32:59.866 INFO:teuthology.orchestra.run.smithi006.stdout:/usr/bin/ceph: stderr
2024-04-26T01:32:58.868+0000 7f1511000700 1 --2- >> [v2:172.21.15.6:3300/0,v1:172.21.15.6:6789/0] conn(0x7f150c108540 0x7f150c19e710 unknown :-1 s=HELLO_CONNECTING pgs=0 cs=0 l=1 rev1=1 crypto rx=0 tx=0 comp rx=0 tx=0).handle_hello peer v2:172.21.15.6:3300/0 says I am v2:172.21.15.6:42604/0 (socket says 172.21.15.6:42604)
2024-04-26T01:32:59.866 INFO:teuthology.orchestra.run.smithi006.stdout:/usr/bin/ceph: stderr
2024-04-26T01:32:58.868+0000 7f1511000700 1 -- 172.21.15.6:0/2599969469 learned_addr learned my addr 172.21.15.6:0/2599969469 (peer_addr_for_me v2:172.21.15.6:0/0)
2024-04-26T01:32:59.867 INFO:teuthology.orchestra.run.smithi006.stdout:/usr/bin/ceph: stderr
2024-04-26T01:32:58.869+0000 7f1511000700 1 -- 172.21.15.6:0/2599969469 --> [v2:172.21.15.6:3300/0,v1:172.21.15.6:6789/0] -- mon_subscribe({config=0+,monmap=0+}) -- 0x7f150c19ec50 con 0x7f150c108540
2024-04-26T01:32:59.867 INFO:teuthology.orchestra.run.smithi006.stdout:/usr/bin/ceph: stderr
2024-04-26T01:32:58.869+0000 7f1511000700 1 --2- 172.21.15.6:0/2599969469 >> [v2:172.21.15.6:3300/0,v1:172.21.15.6:6789/0] conn(0x7f150c108540 0x7f150c19e710 secure :-1 s=READY pgs=19 cs=0 l=1 rev1=1 crypto rx=0x7f14fc0117b0 tx=0x7f14fc011b70 comp rx=0 tx=0).ready entity=mon.0 client_cookie=0 server_cookie=0 in_seq=0 out_seq=0
2024-04-26T01:32:59.867 INFO:teuthology.orchestra.run.smithi006.stdout:/usr/bin/ceph: stderr
2024-04-26T01:32:58.869+0000 7f150a000700 1 -- 172.21.15.6:0/2599969469 <== mon.0 v2:172.21.15.6:3300/0 1 ==== mon_map magic: 0 ==== 205+0+0 (secure 0 0 0) 0x7f14fc003af0 con 0x7f150c108540
2024-04-26T01:32:59.867 INFO:teuthology.orchestra.run.smithi006.stdout:/usr/bin/ceph: stderr
2024-04-26T01:32:58.869+0000 7f150a000700 1 -- 172.21.15.6:0/2599969469 <== mon.0 v2:172.21.15.6:3300/0 2 ==== config(26 keys) ==== 1070+0+0 (secure 0 0 0) 0x7f14fc020070 con 0x7f150c108540
2024-04-26T01:32:59.867 INFO:teuthology.orchestra.run.smithi006.stdout:/usr/bin/ceph: stderr
2024-04-26T01:32:58.869+0000 7f1513a00700 1 -- 172.21.15.6:0/2599969469 --> [v2:172.21.15.6:3300/0,v1:172.21.15.6:6789/0] -- mon_subscribe({mgrmap=0+}) -- 0x7f150c19eee0 con 0x7f150c108540
2024-04-26T01:32:59.867 INFO:teuthology.orchestra.run.smithi006.stdout:/usr/bin/ceph: stderr
2024-04-26T01:32:58.869+0000 7f150a000700 1 -- 172.21.15.6:0/2599969469 <== mon.0 v2:172.21.15.6:3300/0 3 ==== mon_map magic: 0 ==== 205+0+0 (secure 0 0 0) 0x7f14fc019630 con 0x7f150c108540
2024-04-26T01:32:59.867 INFO:teuthology.orchestra.run.smithi006.stdout:/usr/bin/ceph: stderr
2024-04-26T01:32:58.869+0000 7f1513a00700 1 -- 172.21.15.6:0/2599969469 --> [v2:172.21.15.6:3300/0,v1:172.21.15.6:6789/0] -- mon_subscribe({osdmap=0}) -- 0x7f150c1a1bd0 con 0x7f150c108540
2024-04-26T01:32:59.867 INFO:teuthology.orchestra.run.smithi006.stdout:/usr/bin/ceph: stderr
2024-04-26T01:32:58.870+0000 7f150a000700 1 -- 172.21.15.6:0/2599969469 <== mon.0 v2:172.21.15.6:3300/0 4 ==== mgrmap(e 3) ==== 46441+0+0 (secure 0 0 0) 0x7f14fc01a9c0 con 0x7f150c108540
2024-04-26T01:32:59.867 INFO:teuthology.orchestra.run.smithi006.stdout:/usr/bin/ceph: stderr
2024-04-26T01:32:58.870+0000 7f1513a00700 1 -- 172.21.15.6:0/2599969469 --> [v2:172.21.15.6:3300/0,v1:172.21.15.6:6789/0] -- mon_command({"prefix": "get_command_descriptions"} v 0) -- 0x7f150c0640a0 con 0x7f150c108540
2024-04-26T01:32:59.867 INFO:teuthology.orchestra.run.smithi006.stdout:/usr/bin/ceph: stderr
2024-04-26T01:32:58.871+0000 7f150a000700 1 --2- 172.21.15.6:0/2599969469 >> [v2:172.21.15.6:6800/801052348,v1:172.21.15.6:6801/801052348] conn(0x7f14ec039490 0x7f14ec03b950 unknown :-1 s=NONE pgs=0 cs=0 l=1 rev1=0 crypto rx=0 tx=0 comp rx=0 tx=0).connect
2024-04-26T01:32:59.867 INFO:teuthology.orchestra.run.smithi006.stdout:/usr/bin/ceph: stderr
2024-04-26T01:32:58.871+0000 7f150a000700 1 -- 172.21.15.6:0/2599969469 <== mon.0 v2:172.21.15.6:3300/0 5 ==== osd_map(1..1 src has 1..1) ==== 725+0+0 (secure 0 0 0) 0x7f14fc04d8d0 con 0x7f150c108540
2024-04-26T01:32:59.867 INFO:teuthology.orchestra.run.smithi006.stdout:/usr/bin/ceph: stderr
2024-04-26T01:32:58.871+0000 7f1503e00700 1 --2- 172.21.15.6:0/2599969469 >> [v2:172.21.15.6:6800/801052348,v1:172.21.15.6:6801/801052348] conn(0x7f14ec039490 0x7f14ec03b950 unknown :-1 s=BANNER_CONNECTING pgs=0 cs=0 l=1 rev1=0 crypto rx=0 tx=0 comp rx=0 tx=0)._handle_peer_banner_payload supported=3 required=0
2024-04-26T01:32:59.867 INFO:teuthology.orchestra.run.smithi006.stdout:/usr/bin/ceph: stderr
2024-04-26T01:32:58.872+0000 7f1503e00700 1 --2- 172.21.15.6:0/2599969469 >> [v2:172.21.15.6:6800/801052348,v1:172.21.15.6:6801/801052348] conn(0x7f14ec039490 0x7f14ec03b950 secure :-1 s=READY pgs=6 cs=0 l=1 rev1=1 crypto rx=0x7f14f4006fd0 tx=0x7f14f4006e40 comp rx=0 tx=0).ready entity=mgr.14100 client_cookie=0 server_cookie=0 in_seq=0 out_seq=0
2024-04-26T01:32:59.867 INFO:teuthology.orchestra.run.smithi006.stdout:/usr/bin/ceph: stderr
2024-04-26T01:32:58.877+0000 7f150a000700 1 -- 172.21.15.6:0/2599969469 <== mon.0 v2:172.21.15.6:3300/0 6 ==== mon_command_ack([{"prefix": "get_command_descriptions"}]=0 v0) ==== 72+0+188370 (secure 0 0 0) 0x7f14fc00e260 con 0x7f150c108540
2024-04-26T01:32:59.867 INFO:teuthology.orchestra.run.smithi006.stdout:/usr/bin/ceph: stderr
2024-04-26T01:32:59.199+0000 7f1513a00700 1 -- 172.21.15.6:0/2599969469 --> [v2:172.21.15.6:3300/0,v1:172.21.15.6:6789/0] -- mon_command({"prefix": "status", "format": "json-pretty"} v 0) -- 0x7f150c1a1da0 con 0x7f150c108540
2024-04-26T01:32:59.868 INFO:teuthology.orchestra.run.smithi006.stdout:/usr/bin/ceph: stderr
2024-04-26T01:32:59.200+0000 7f150a000700 1 -- 172.21.15.6:0/2599969469 <== mon.0 v2:172.21.15.6:3300/0 7 ==== mon_command_ack([{"prefix": "status", "format": "json-pretty"}]=0 v0) ==== 79+0+1239 (secure 0 0 0) 0x7f150c1a1da0 con 0x7f150c108540
2024-04-26T01:32:59.868 INFO:teuthology.orchestra.run.smithi006.stdout:/usr/bin/ceph: stderr
2024-04-26T01:32:59.203+0000 7f1513a00700 1 -- 172.21.15.6:0/2599969469 >> [v2:172.21.15.6:6800/801052348,v1:172.21.15.6:6801/801052348] conn(0x7f14ec039490 msgr2=0x7f14ec03b950 secure :-1 s=STATE_CONNECTION_ESTABLISHED l=1).mark_down
2024-04-26T01:32:59.868 INFO:teuthology.orchestra.run.smithi006.stdout:/usr/bin/ceph: stderr
2024-04-26T01:32:59.203+0000 7f1513a00700 1 --2- 172.21.15.6:0/2599969469 >> [v2:172.21.15.6:6800/801052348,v1:172.21.15.6:6801/801052348] conn(0x7f14ec039490 0x7f14ec03b950 secure :-1 s=READY pgs=6 cs=0 l=1 rev1=1 crypto rx=0x7f14f4006fd0 tx=0x7f14f4006e40 comp rx=0 tx=0).stop
2024-04-26T01:32:59.868 INFO:teuthology.orchestra.run.smithi006.stdout:/usr/bin/ceph: stderr
2024-04-26T01:32:59.203+0000 7f1513a00700 1 -- 172.21.15.6:0/2599969469 >> [v2:172.21.15.6:3300/0,v1:172.21.15.6:6789/0] conn(0x7f150c108540 msgr2=0x7f150c19e710 secure :-1 s=STATE_CONNECTION_ESTABLISHED l=1).mark_down
2024-04-26T01:32:59.868 INFO:teuthology.orchestra.run.smithi006.stdout:/usr/bin/ceph: stderr
2024-04-26T01:32:59.203+0000 7f1513a00700 1 --2- 172.21.15.6:0/2599969469 >> [v2:172.21.15.6:3300/0,v1:172.21.15.6:6789/0] conn(0x7f150c108540 0x7f150c19e710 secure :-1 s=READY pgs=19 cs=0 l=1 rev1=1 crypto rx=0x7f14fc0117b0 tx=0x7f14fc011b70 comp rx=0 tx=0).stop
2024-04-26T01:32:59.868 INFO:teuthology.orchestra.run.smithi006.stdout:/usr/bin/ceph: stderr
2024-04-26T01:32:59.203+0000 7f1513a00700 1 -- 172.21.15.6:0/2599969469 shutdown_connections
2024-04-26T01:32:59.868 INFO:teuthology.orchestra.run.smithi006.stdout:/usr/bin/ceph: stderr
2024-04-26T01:32:59.203+0000 7f1513a00700 1 --2- 172.21.15.6:0/2599969469 >> [v2:172.21.15.6:6800/801052348,v1:172.21.15.6:6801/801052348] conn(0x7f14ec039490 0x7f14ec03b950 unknown :-1 s=CLOSED pgs=6 cs=0 l=1 rev1=1 crypto rx=0 tx=0 comp rx=0 tx=0).stop
2024-04-26T01:32:59.868 INFO:teuthology.orchestra.run.smithi006.stdout:/usr/bin/ceph: stderr
2024-04-26T01:32:59.203+0000 7f1513a00700 1 --2- 172.21.15.6:0/2599969469 >> [v2:172.21.15.6:3300/0,v1:172.21.15.6:6789/0] conn(0x7f150c108540 0x7f150c19e710 unknown :-1 s=CLOSED pgs=19 cs=0 l=1 rev1=1 crypto rx=0 tx=0 comp rx=0 tx=0).stop
2024-04-26T01:32:59.868 INFO:teuthology.orchestra.run.smithi006.stdout:/usr/bin/ceph: stderr
2024-04-26T01:32:59.203+0000 7f1513a00700 1 -- 172.21.15.6:0/2599969469 >> 172.21.15.6:0/2599969469 conn(0x7f150c103ae0 msgr2=0x7f150c104630 unknown :-1 s=STATE_NONE l=0).mark_down
2024-04-26T01:32:59.868 INFO:teuthology.orchestra.run.smithi006.stdout:/usr/bin/ceph: stderr
2024-04-26T01:32:59.204+0000 7f1513a00700 1 -- 172.21.15.6:0/2599969469 shutdown_connections
2024-04-26T01:32:59.868 INFO:teuthology.orchestra.run.smithi006.stdout:/usr/bin/ceph: stderr
2024-04-26T01:32:59.204+0000 7f1513a00700 1 -- 172.21.15.6:0/2599969469 wait complete.
2024-04-26T01:32:59.868 INFO:teuthology.orchestra.run.smithi006.stdout:mgr is available
2024-04-26T01:33:00.458 INFO:journalctl@ceph.mon.a.smithi006.stdout:Apr 26 01:33:00 smithi006 ceph-mon[28419]: mgrmap e4: x(active, since 2s)
2024-04-26T01:33:01.313 INFO:journalctl@ceph.mon.a.smithi006.stdout:Apr 26 01:33:01 smithi006 ceph-mon[28419]: from='client.? 172.21.15.6:0/787842491' entity='client.admin' cmd=[{"prefix": "config assimilate-conf"}]: dispatch
2024-04-26T01:33:01.392 INFO:teuthology.orchestra.run.smithi006.stdout:/usr/bin/ceph: stdout
2024-04-26T01:33:01.392 INFO:teuthology.orchestra.run.smithi006.stdout:/usr/bin/ceph: stdout [global]
2024-04-26T01:33:01.392 INFO:teuthology.orchestra.run.smithi006.stdout:/usr/bin/ceph: stdout fsid = a5b72bee-036c-11ef-bc93-c7b262605968
2024-04-26T01:33:01.392 INFO:teuthology.orchestra.run.smithi006.stdout:/usr/bin/ceph: stdout mon_cluster_log_file_level = debug
2024-04-26T01:33:01.392 INFO:teuthology.orchestra.run.smithi006.stdout:/usr/bin/ceph: stdout mon_osd_allow_pg_remap = true
2024-04-26T01:33:01.392 INFO:teuthology.orchestra.run.smithi006.stdout:/usr/bin/ceph: stdout mon_osd_allow_primary_affinity = true
2024-04-26T01:33:01.392 INFO:teuthology.orchestra.run.smithi006.stdout:/usr/bin/ceph: stdout mon_warn_on_no_sortbitwise = false
2024-04-26T01:33:01.392 INFO:teuthology.orchestra.run.smithi006.stdout:/usr/bin/ceph: stdout osd_crush_chooseleaf_type = 0
2024-04-26T01:33:01.392 INFO:teuthology.orchestra.run.smithi006.stdout:/usr/bin/ceph: stdout
2024-04-26T01:33:01.392 INFO:teuthology.orchestra.run.smithi006.stdout:/usr/bin/ceph: stdout [mgr]
2024-04-26T01:33:01.392 INFO:teuthology.orchestra.run.smithi006.stdout:/usr/bin/ceph: stdout mgr/telemetry/nag = false
2024-04-26T01:33:01.393 INFO:teuthology.orchestra.run.smithi006.stdout:/usr/bin/ceph: stdout
2024-04-26T01:33:01.393 INFO:teuthology.orchestra.run.smithi006.stdout:/usr/bin/ceph: stdout [osd]
2024-04-26T01:33:01.393 INFO:teuthology.orchestra.run.smithi006.stdout:/usr/bin/ceph: stdout bdev_async_discard = True
2024-04-26T01:33:01.393 INFO:teuthology.orchestra.run.smithi006.stdout:/usr/bin/ceph: stdout mon_osd_backfillfull_ratio = 0.85
2024-04-26T01:33:01.395 INFO:teuthology.orchestra.run.smithi006.stdout:/usr/bin/ceph: stdout mon_osd_full_ratio = 0.9
2024-04-26T01:33:01.395 INFO:teuthology.orchestra.run.smithi006.stdout:/usr/bin/ceph: stdout mon_osd_nearfull_ratio = 0.8
2024-04-26T01:33:01.395 INFO:teuthology.orchestra.run.smithi006.stdout:/usr/bin/ceph: stdout osd_map_max_advance = 10
2024-04-26T01:33:01.395 INFO:teuthology.orchestra.run.smithi006.stdout:/usr/bin/ceph: stdout osd_sloppy_crc = true
2024-04-26T01:33:01.395 INFO:teuthology.orchestra.run.smithi006.stdout:/usr/bin/ceph: stderr
2024-04-26T01:33:00.463+0000 7f57f6800700 1 Processor -- start
2024-04-26T01:33:01.395 INFO:teuthology.orchestra.run.smithi006.stdout:/usr/bin/ceph: stderr
2024-04-26T01:33:00.463+0000 7f57f6800700 1 -- start start
2024-04-26T01:33:01.395 INFO:teuthology.orchestra.run.smithi006.stdout:/usr/bin/ceph: stderr
2024-04-26T01:33:00.464+0000 7f57f6800700 1 --2- >> [v2:172.21.15.6:3300/0,v1:172.21.15.6:6789/0] conn(0x7f57f0110220 0x7f57f0110640 unknown :-1 s=NONE pgs=0 cs=0 l=0 rev1=0 crypto rx=0 tx=0 comp rx=0 tx=0).connect
2024-04-26T01:33:01.396 INFO:teuthology.orchestra.run.smithi006.stdout:/usr/bin/ceph: stderr
2024-04-26T01:33:00.464+0000 7f57f6800700 1 -- --> [v2:172.21.15.6:3300/0,v1:172.21.15.6:6789/0] -- mon_getmap magic: 0 -- 0x7f57f0110c10 con 0x7f57f0110220
2024-04-26T01:33:01.396 INFO:teuthology.orchestra.run.smithi006.stdout:/usr/bin/ceph: stderr
2024-04-26T01:33:00.464+0000 7f57ef400700 1 --2- >> [v2:172.21.15.6:3300/0,v1:172.21.15.6:6789/0] conn(0x7f57f0110220 0x7f57f0110640 unknown :-1 s=BANNER_CONNECTING pgs=0 cs=0 l=0 rev1=0 crypto rx=0 tx=0 comp rx=0 tx=0)._handle_peer_banner_payload supported=3 required=0
2024-04-26T01:33:01.396 INFO:teuthology.orchestra.run.smithi006.stdout:/usr/bin/ceph: stderr
2024-04-26T01:33:00.464+0000 7f57ef400700 1 --2- >> [v2:172.21.15.6:3300/0,v1:172.21.15.6:6789/0] conn(0x7f57f0110220 0x7f57f0110640 unknown :-1 s=HELLO_CONNECTING pgs=0 cs=0 l=0 rev1=1 crypto rx=0 tx=0 comp rx=0 tx=0).handle_hello peer v2:172.21.15.6:3300/0 says I am v2:172.21.15.6:42610/0 (socket says 172.21.15.6:42610)
2024-04-26T01:33:01.396 INFO:teuthology.orchestra.run.smithi006.stdout:/usr/bin/ceph: stderr
2024-04-26T01:33:00.464+0000 7f57ef400700 1 -- 172.21.15.6:0/602804759 learned_addr learned my addr 172.21.15.6:0/602804759 (peer_addr_for_me v2:172.21.15.6:0/0)
2024-04-26T01:33:01.396 INFO:teuthology.orchestra.run.smithi006.stdout:/usr/bin/ceph: stderr
2024-04-26T01:33:00.465+0000 7f57ef400700 1 -- 172.21.15.6:0/602804759 --> [v2:172.21.15.6:3300/0,v1:172.21.15.6:6789/0] -- mon_subscribe({config=0+,monmap=0+}) -- 0x7f57f010ece0 con 0x7f57f0110220
2024-04-26T01:33:01.396 INFO:teuthology.orchestra.run.smithi006.stdout:/usr/bin/ceph: stderr
2024-04-26T01:33:00.465+0000 7f57ef400700 1 --2- 172.21.15.6:0/602804759 >> [v2:172.21.15.6:3300/0,v1:172.21.15.6:6789/0] conn(0x7f57f0110220 0x7f57f0110640 secure :-1 s=READY pgs=20 cs=0 l=1 rev1=1 crypto rx=0x7f57e00098a0 tx=0x7f57e0009bb0 comp rx=0 tx=0).ready entity=mon.0 client_cookie=6061794fbd426a96 server_cookie=0 in_seq=0 out_seq=0
2024-04-26T01:33:01.396 INFO:teuthology.orchestra.run.smithi006.stdout:/usr/bin/ceph: stderr
2024-04-26T01:33:00.466+0000 7f57ee000700 1 -- 172.21.15.6:0/602804759 <== mon.0 v2:172.21.15.6:3300/0 1 ==== mon_map magic: 0 ==== 205+0+0 (secure 0 0 0) 0x7f57e0004160 con 0x7f57f0110220
2024-04-26T01:33:01.396 INFO:teuthology.orchestra.run.smithi006.stdout:/usr/bin/ceph: stderr
2024-04-26T01:33:00.466+0000 7f57ee000700 1 -- 172.21.15.6:0/602804759 <== mon.0 v2:172.21.15.6:3300/0 2 ==== config(26 keys) ==== 1070+0+0 (secure 0 0 0) 0x7f57e0004300 con 0x7f57f0110220
2024-04-26T01:33:01.396 INFO:teuthology.orchestra.run.smithi006.stdout:/usr/bin/ceph: stderr
2024-04-26T01:33:00.466+0000 7f57ee000700 1 -- 172.21.15.6:0/602804759 <== mon.0 v2:172.21.15.6:3300/0 3 ==== mon_map magic: 0 ==== 205+0+0 (secure 0 0 0) 0x7f57e0011af0 con 0x7f57f0110220
2024-04-26T01:33:01.396 INFO:teuthology.orchestra.run.smithi006.stdout:/usr/bin/ceph: stderr
2024-04-26T01:33:00.467+0000 7f57f6800700 1 -- 172.21.15.6:0/602804759 >> [v2:172.21.15.6:3300/0,v1:172.21.15.6:6789/0] conn(0x7f57f0110220 msgr2=0x7f57f0110640 secure :-1 s=STATE_CONNECTION_ESTABLISHED l=1).mark_down
2024-04-26T01:33:01.396 INFO:teuthology.orchestra.run.smithi006.stdout:/usr/bin/ceph: stderr
2024-04-26T01:33:00.467+0000 7f57f6800700 1 --2- 172.21.15.6:0/602804759 >> [v2:172.21.15.6:3300/0,v1:172.21.15.6:6789/0] conn(0x7f57f0110220 0x7f57f0110640 secure :-1 s=READY pgs=20 cs=0 l=1 rev1=1 crypto rx=0x7f57e00098a0 tx=0x7f57e0009bb0 comp rx=0 tx=0).stop
2024-04-26T01:33:01.396 INFO:teuthology.orchestra.run.smithi006.stdout:/usr/bin/ceph: stderr
2024-04-26T01:33:00.467+0000 7f57f6800700 1 -- 172.21.15.6:0/602804759 shutdown_connections
2024-04-26T01:33:01.397 INFO:teuthology.orchestra.run.smithi006.stdout:/usr/bin/ceph: stderr
2024-04-26T01:33:00.467+0000 7f57f6800700 1 --2- 172.21.15.6:0/602804759 >> [v2:172.21.15.6:3300/0,v1:172.21.15.6:6789/0] conn(0x7f57f0110220 0x7f57f0110640 unknown :-1 s=CLOSED pgs=20 cs=0 l=1 rev1=1 crypto rx=0 tx=0 comp rx=0 tx=0).stop
2024-04-26T01:33:01.397 INFO:teuthology.orchestra.run.smithi006.stdout:/usr/bin/ceph: stderr
2024-04-26T01:33:00.467+0000 7f57f6800700 1 -- 172.21.15.6:0/602804759 >> 172.21.15.6:0/602804759 conn(0x7f57f007de20 msgr2=0x7f57f0080240 unknown :-1 s=STATE_NONE l=0).mark_down
2024-04-26T01:33:01.401 INFO:teuthology.orchestra.run.smithi006.stdout:/usr/bin/ceph: stderr
2024-04-26T01:33:00.467+0000 7f57f6800700 1 -- 172.21.15.6:0/602804759 shutdown_connections
2024-04-26T01:33:01.401 INFO:teuthology.orchestra.run.smithi006.stdout:/usr/bin/ceph: stderr
2024-04-26T01:33:00.467+0000 7f57f6800700 1 -- 172.21.15.6:0/602804759 wait complete.
2024-04-26T01:33:01.401 INFO:teuthology.orchestra.run.smithi006.stdout:/usr/bin/ceph: stderr
2024-04-26T01:33:00.468+0000 7f57f6800700 1 Processor -- start
2024-04-26T01:33:01.401 INFO:teuthology.orchestra.run.smithi006.stdout:/usr/bin/ceph: stderr
2024-04-26T01:33:00.468+0000 7f57f6800700 1 -- start start
2024-04-26T01:33:01.402 INFO:teuthology.orchestra.run.smithi006.stdout:/usr/bin/ceph: stderr
2024-04-26T01:33:00.469+0000 7f57f6800700 1 --2- >> [v2:172.21.15.6:3300/0,v1:172.21.15.6:6789/0] conn(0x7f57f0110220 0x7f57f01a2c20 unknown :-1 s=NONE pgs=0 cs=0 l=1 rev1=0 crypto rx=0 tx=0 comp rx=0 tx=0).connect
2024-04-26T01:33:01.402 INFO:teuthology.orchestra.run.smithi006.stdout:/usr/bin/ceph: stderr
2024-04-26T01:33:00.469+0000 7f57f6800700 1 -- --> [v2:172.21.15.6:3300/0,v1:172.21.15.6:6789/0] -- mon_getmap magic: 0 -- 0x7f57f0113140 con 0x7f57f0110220
2024-04-26T01:33:01.402 INFO:teuthology.orchestra.run.smithi006.stdout:/usr/bin/ceph: stderr
2024-04-26T01:33:00.469+0000 7f57ef400700 1 --2- >> [v2:172.21.15.6:3300/0,v1:172.21.15.6:6789/0] conn(0x7f57f0110220 0x7f57f01a2c20 unknown :-1 s=BANNER_CONNECTING pgs=0 cs=0 l=1 rev1=0 crypto rx=0 tx=0 comp rx=0 tx=0)._handle_peer_banner_payload supported=3 required=0
2024-04-26T01:33:01.402 INFO:teuthology.orchestra.run.smithi006.stdout:/usr/bin/ceph: stderr
2024-04-26T01:33:00.469+0000 7f57ef400700 1 --2- >> [v2:172.21.15.6:3300/0,v1:172.21.15.6:6789/0] conn(0x7f57f0110220 0x7f57f01a2c20 unknown :-1 s=HELLO_CONNECTING pgs=0 cs=0 l=1 rev1=1 crypto rx=0 tx=0 comp rx=0 tx=0).handle_hello peer v2:172.21.15.6:3300/0 says I am v2:172.21.15.6:42620/0 (socket says 172.21.15.6:42620)
2024-04-26T01:33:01.402 INFO:teuthology.orchestra.run.smithi006.stdout:/usr/bin/ceph: stderr
2024-04-26T01:33:00.469+0000 7f57ef400700 1 -- 172.21.15.6:0/787842491 learned_addr learned my addr 172.21.15.6:0/787842491 (peer_addr_for_me v2:172.21.15.6:0/0)
2024-04-26T01:33:01.402 INFO:teuthology.orchestra.run.smithi006.stdout:/usr/bin/ceph: stderr
2024-04-26T01:33:00.469+0000 7f57ef400700 1 -- 172.21.15.6:0/787842491 --> [v2:172.21.15.6:3300/0,v1:172.21.15.6:6789/0] -- mon_subscribe({config=0+,monmap=0+}) -- 0x7f57f01a3160 con 0x7f57f0110220
2024-04-26T01:33:01.402 INFO:teuthology.orchestra.run.smithi006.stdout:/usr/bin/ceph: stderr
2024-04-26T01:33:00.470+0000 7f57ef400700 1 --2- 172.21.15.6:0/787842491 >> [v2:172.21.15.6:3300/0,v1:172.21.15.6:6789/0] conn(0x7f57f0110220 0x7f57f01a2c20 secure :-1 s=READY pgs=21 cs=0 l=1 rev1=1 crypto rx=0x7f57e00117b0 tx=0x7f57e0011b70 comp rx=0 tx=0).ready entity=mon.0 client_cookie=0 server_cookie=0 in_seq=0 out_seq=0
2024-04-26T01:33:01.402 INFO:teuthology.orchestra.run.smithi006.stdout:/usr/bin/ceph: stderr
2024-04-26T01:33:00.470+0000 7f57e7e00700 1 -- 172.21.15.6:0/787842491 <== mon.0 v2:172.21.15.6:3300/0 1 ==== mon_map magic: 0 ==== 205+0+0 (secure 0 0 0) 0x7f57e0003af0 con 0x7f57f0110220
2024-04-26T01:33:01.402 INFO:teuthology.orchestra.run.smithi006.stdout:/usr/bin/ceph: stderr
2024-04-26T01:33:00.470+0000 7f57e7e00700 1 -- 172.21.15.6:0/787842491 <== mon.0 v2:172.21.15.6:3300/0 2 ==== config(26 keys) ==== 1070+0+0 (secure 0 0 0) 0x7f57e0020070 con 0x7f57f0110220
2024-04-26T01:33:01.402 INFO:teuthology.orchestra.run.smithi006.stdout:/usr/bin/ceph: stderr
2024-04-26T01:33:00.470+0000 7f57e7e00700 1 -- 172.21.15.6:0/787842491 <== mon.0 v2:172.21.15.6:3300/0 3 ==== mon_map magic: 0 ==== 205+0+0 (secure 0 0 0) 0x7f57e0019630 con 0x7f57f0110220
2024-04-26T01:33:01.402 INFO:teuthology.orchestra.run.smithi006.stdout:/usr/bin/ceph: stderr
2024-04-26T01:33:00.470+0000 7f57f6800700 1 -- 172.21.15.6:0/787842491 --> [v2:172.21.15.6:3300/0,v1:172.21.15.6:6789/0] -- mon_subscribe({mgrmap=0+}) -- 0x7f57f01a33f0 con 0x7f57f0110220
2024-04-26T01:33:01.402 INFO:teuthology.orchestra.run.smithi006.stdout:/usr/bin/ceph: stderr
2024-04-26T01:33:00.470+0000 7f57f6800700 1 -- 172.21.15.6:0/787842491 --> [v2:172.21.15.6:3300/0,v1:172.21.15.6:6789/0] -- mon_subscribe({osdmap=0}) -- 0x7f57f01a60e0 con 0x7f57f0110220
2024-04-26T01:33:01.402 INFO:teuthology.orchestra.run.smithi006.stdout:/usr/bin/ceph: stderr
2024-04-26T01:33:00.471+0000 7f57e7e00700 1 -- 172.21.15.6:0/787842491 <== mon.0 v2:172.21.15.6:3300/0 4 ==== mgrmap(e 4) ==== 46547+0+0 (secure 0 0 0) 0x7f57e001a9c0 con 0x7f57f0110220
2024-04-26T01:33:01.403 INFO:teuthology.orchestra.run.smithi006.stdout:/usr/bin/ceph: stderr
2024-04-26T01:33:00.471+0000 7f57f6800700 1 -- 172.21.15.6:0/787842491 --> [v2:172.21.15.6:3300/0,v1:172.21.15.6:6789/0] -- mon_command({"prefix": "get_command_descriptions"} v 0) -- 0x7f57f00640a0 con 0x7f57f0110220
2024-04-26T01:33:01.403 INFO:teuthology.orchestra.run.smithi006.stdout:/usr/bin/ceph: stderr
2024-04-26T01:33:00.472+0000 7f57e7e00700 1 --2- 172.21.15.6:0/787842491 >> [v2:172.21.15.6:6800/801052348,v1:172.21.15.6:6801/801052348] conn(0x7f57d40395b0 0x7f57d403ba70 unknown :-1 s=NONE pgs=0 cs=0 l=1 rev1=0 crypto rx=0 tx=0 comp rx=0 tx=0).connect
2024-04-26T01:33:01.403 INFO:teuthology.orchestra.run.smithi006.stdout:/usr/bin/ceph: stderr
2024-04-26T01:33:00.472+0000 7f57e7e00700 1 -- 172.21.15.6:0/787842491 <== mon.0 v2:172.21.15.6:3300/0 5 ==== osd_map(1..1 src has 1..1) ==== 725+0+0 (secure 0 0 0) 0x7f57e004dae0 con 0x7f57f0110220
2024-04-26T01:33:01.403 INFO:teuthology.orchestra.run.smithi006.stdout:/usr/bin/ceph: stderr
2024-04-26T01:33:00.472+0000 7f57eea00700 1 --2- 172.21.15.6:0/787842491 >> [v2:172.21.15.6:6800/801052348,v1:172.21.15.6:6801/801052348] conn(0x7f57d40395b0 0x7f57d403ba70 unknown :-1 s=BANNER_CONNECTING pgs=0 cs=0 l=1 rev1=0 crypto rx=0 tx=0 comp rx=0 tx=0)._handle_peer_banner_payload supported=3 required=0
2024-04-26T01:33:01.403 INFO:teuthology.orchestra.run.smithi006.stdout:/usr/bin/ceph: stderr
2024-04-26T01:33:00.473+0000 7f57eea00700 1 --2- 172.21.15.6:0/787842491 >> [v2:172.21.15.6:6800/801052348,v1:172.21.15.6:6801/801052348] conn(0x7f57d40395b0 0x7f57d403ba70 secure :-1 s=READY pgs=7 cs=0 l=1 rev1=1 crypto rx=0x7f57dc006fd0 tx=0x7f57dc006e40 comp rx=0 tx=0).ready entity=mgr.14100 client_cookie=0 server_cookie=0 in_seq=0 out_seq=0
2024-04-26T01:33:01.403 INFO:teuthology.orchestra.run.smithi006.stdout:/usr/bin/ceph: stderr
2024-04-26T01:33:00.477+0000 7f57e7e00700 1 -- 172.21.15.6:0/787842491 <== mon.0 v2:172.21.15.6:3300/0 6 ==== mon_command_ack([{"prefix": "get_command_descriptions"}]=0 v0) ==== 72+0+188370 (secure 0 0 0) 0x7f57e000e260 con 0x7f57f0110220
2024-04-26T01:33:01.403 INFO:teuthology.orchestra.run.smithi006.stdout:/usr/bin/ceph: stderr
2024-04-26T01:33:00.707+0000 7f57f6800700 1 -- 172.21.15.6:0/787842491 --> [v2:172.21.15.6:3300/0,v1:172.21.15.6:6789/0] -- mon_command({"prefix": "config assimilate-conf"} v 0) -- 0x7f57f01a7780 con 0x7f57f0110220
2024-04-26T01:33:01.403 INFO:teuthology.orchestra.run.smithi006.stdout:/usr/bin/ceph: stderr
2024-04-26T01:33:00.708+0000 7f57e7e00700 1 -- 172.21.15.6:0/787842491 <== mon.0 v2:172.21.15.6:3300/0 7 ==== mon_command_ack([{"prefix": "config assimilate-conf"}]=0 v3) ==== 70+0+436 (secure 0 0 0) 0x7f57e004d500 con 0x7f57f0110220
2024-04-26T01:33:01.403 INFO:teuthology.orchestra.run.smithi006.stdout:/usr/bin/ceph: stderr
2024-04-26T01:33:00.712+0000 7f57f6800700 1 -- 172.21.15.6:0/787842491 >> [v2:172.21.15.6:6800/801052348,v1:172.21.15.6:6801/801052348] conn(0x7f57d40395b0 msgr2=0x7f57d403ba70 secure :-1 s=STATE_CONNECTION_ESTABLISHED l=1).mark_down
2024-04-26T01:33:01.403 INFO:teuthology.orchestra.run.smithi006.stdout:/usr/bin/ceph: stderr
2024-04-26T01:33:00.712+0000 7f57f6800700 1 --2- 172.21.15.6:0/787842491 >> [v2:172.21.15.6:6800/801052348,v1:172.21.15.6:6801/801052348] conn(0x7f57d40395b0 0x7f57d403ba70 secure :-1 s=READY pgs=7 cs=0 l=1 rev1=1 crypto rx=0x7f57dc006fd0 tx=0x7f57dc006e40 comp rx=0 tx=0).stop
2024-04-26T01:33:01.403 INFO:teuthology.orchestra.run.smithi006.stdout:/usr/bin/ceph: stderr
2024-04-26T01:33:00.712+0000 7f57f6800700 1 -- 172.21.15.6:0/787842491 >> [v2:172.21.15.6:3300/0,v1:172.21.15.6:6789/0] conn(0x7f57f0110220 msgr2=0x7f57f01a2c20 secure :-1 s=STATE_CONNECTION_ESTABLISHED l=1).mark_down
2024-04-26T01:33:01.403 INFO:teuthology.orchestra.run.smithi006.stdout:/usr/bin/ceph: stderr
2024-04-26T01:33:00.712+0000 7f57f6800700 1 --2- 172.21.15.6:0/787842491 >> [v2:172.21.15.6:3300/0,v1:172.21.15.6:6789/0] conn(0x7f57f0110220 0x7f57f01a2c20 secure :-1 s=READY pgs=21 cs=0 l=1 rev1=1 crypto rx=0x7f57e00117b0 tx=0x7f57e0011b70 comp rx=0 tx=0).stop
2024-04-26T01:33:01.403 INFO:teuthology.orchestra.run.smithi006.stdout:/usr/bin/ceph: stderr
2024-04-26T01:33:00.712+0000 7f57f6800700 1 -- 172.21.15.6:0/787842491 shutdown_connections
2024-04-26T01:33:01.403 INFO:teuthology.orchestra.run.smithi006.stdout:/usr/bin/ceph: stderr
2024-04-26T01:33:00.712+0000 7f57f6800700 1 --2- 172.21.15.6:0/787842491 >> [v2:172.21.15.6:6800/801052348,v1:172.21.15.6:6801/801052348] conn(0x7f57d40395b0 0x7f57d403ba70 unknown :-1 s=CLOSED pgs=7 cs=0 l=1 rev1=1 crypto rx=0 tx=0 comp rx=0 tx=0).stop
2024-04-26T01:33:01.404 INFO:teuthology.orchestra.run.smithi006.stdout:/usr/bin/ceph: stderr
2024-04-26T01:33:00.712+0000 7f57f6800700 1 --2- 172.21.15.6:0/787842491 >> [v2:172.21.15.6:3300/0,v1:172.21.15.6:6789/0] conn(0x7f57f0110220 0x7f57f01a2c20 unknown :-1 s=CLOSED pgs=21 cs=0 l=1 rev1=1 crypto rx=0 tx=0 comp rx=0 tx=0).stop
2024-04-26T01:33:01.404 INFO:teuthology.orchestra.run.smithi006.stdout:/usr/bin/ceph: stderr
2024-04-26T01:33:00.712+0000 7f57f6800700 1 -- 172.21.15.6:0/787842491 >> 172.21.15.6:0/787842491 conn(0x7f57f007de20 msgr2=0x7f57f007f9a0 unknown :-1 s=STATE_NONE l=0).mark_down
2024-04-26T01:33:01.404 INFO:teuthology.orchestra.run.smithi006.stdout:/usr/bin/ceph: stderr
2024-04-26T01:33:00.712+0000 7f57f6800700 1 -- 172.21.15.6:0/787842491 shutdown_connections
2024-04-26T01:33:01.404 INFO:teuthology.orchestra.run.smithi006.stdout:/usr/bin/ceph: stderr
2024-04-26T01:33:00.712+0000 7f57f6800700 1 -- 172.21.15.6:0/787842491 wait complete.
2024-04-26T01:33:01.404 INFO:teuthology.orchestra.run.smithi006.stdout:Enabling cephadm module...
2024-04-26T01:33:02.685 INFO:journalctl@ceph.mon.a.smithi006.stdout:Apr 26 01:33:02 smithi006 ceph-mon[28419]: from='client.? 172.21.15.6:0/1790667076' entity='client.admin' cmd=[{"prefix": "mgr module enable", "module": "cephadm"}]: dispatch
2024-04-26T01:33:02.686 INFO:journalctl@ceph.mgr.x.smithi006.stdout:Apr 26 01:33:02 smithi006 ceph-a5b72bee-036c-11ef-bc93-c7b262605968-mgr-x[28658]: ignoring --setuser ceph since I am not root
2024-04-26T01:33:02.686 INFO:journalctl@ceph.mgr.x.smithi006.stdout:Apr 26 01:33:02 smithi006 ceph-a5b72bee-036c-11ef-bc93-c7b262605968-mgr-x[28658]: ignoring --setgroup ceph since I am not root
2024-04-26T01:33:02.686 INFO:journalctl@ceph.mgr.x.smithi006.stdout:Apr 26 01:33:02 smithi006 ceph-a5b72bee-036c-11ef-bc93-c7b262605968-mgr-x[28658]:
2024-04-26T01:33:02.690+0000 7f610be40200 -1 mgr[py] Module balancer has missing NOTIFY_TYPES member
2024-04-26T01:33:03.063 INFO:journalctl@ceph.mgr.x.smithi006.stdout:Apr 26 01:33:02 smithi006 ceph-a5b72bee-036c-11ef-bc93-c7b262605968-mgr-x[28658]:
2024-04-26T01:33:02.938+0000 7f610be40200 -1 mgr[py] Module orchestrator has missing NOTIFY_TYPES member
2024-04-26T01:33:03.078 INFO:teuthology.orchestra.run.smithi006.stdout:/usr/bin/ceph: stderr
2024-04-26T01:33:02.024+0000 7f5a2dc00700 1 Processor -- start
2024-04-26T01:33:03.084 INFO:teuthology.orchestra.run.smithi006.stdout:/usr/bin/ceph: stderr
2024-04-26T01:33:02.024+0000 7f5a2dc00700 1 -- start start
2024-04-26T01:33:03.084 INFO:teuthology.orchestra.run.smithi006.stdout:/usr/bin/ceph: stderr
2024-04-26T01:33:02.025+0000 7f5a2dc00700 1 --2- >> [v2:172.21.15.6:3300/0,v1:172.21.15.6:6789/0] conn(0x7f5a28108530 0x7f5a28108950 unknown :-1 s=NONE pgs=0 cs=0 l=0 rev1=0 crypto rx=0 tx=0 comp rx=0 tx=0).connect
2024-04-26T01:33:03.084 INFO:teuthology.orchestra.run.smithi006.stdout:/usr/bin/ceph: stderr
2024-04-26T01:33:02.025+0000 7f5a2dc00700 1 -- --> [v2:172.21.15.6:3300/0,v1:172.21.15.6:6789/0] -- mon_getmap magic: 0 -- 0x7f5a28108f20 con 0x7f5a28108530
2024-04-26T01:33:03.084 INFO:teuthology.orchestra.run.smithi006.stdout:/usr/bin/ceph: stderr
2024-04-26T01:33:02.025+0000 7f5a26a00700 1 --2- >> [v2:172.21.15.6:3300/0,v1:172.21.15.6:6789/0] conn(0x7f5a28108530 0x7f5a28108950 unknown :-1 s=BANNER_CONNECTING pgs=0 cs=0 l=0 rev1=0 crypto rx=0 tx=0 comp rx=0 tx=0)._handle_peer_banner_payload supported=3 required=0
2024-04-26T01:33:03.084 INFO:teuthology.orchestra.run.smithi006.stdout:/usr/bin/ceph: stderr
2024-04-26T01:33:02.025+0000 7f5a26a00700 1 --2- >> [v2:172.21.15.6:3300/0,v1:172.21.15.6:6789/0] conn(0x7f5a28108530 0x7f5a28108950 unknown :-1 s=HELLO_CONNECTING pgs=0 cs=0 l=0 rev1=1 crypto rx=0 tx=0 comp rx=0 tx=0).handle_hello peer v2:172.21.15.6:3300/0 says I am v2:172.21.15.6:42628/0 (socket says 172.21.15.6:42628)
2024-04-26T01:33:03.084 INFO:teuthology.orchestra.run.smithi006.stdout:/usr/bin/ceph: stderr
2024-04-26T01:33:02.025+0000 7f5a26a00700 1 -- 172.21.15.6:0/3832211276 learned_addr learned my addr 172.21.15.6:0/3832211276 (peer_addr_for_me v2:172.21.15.6:0/0)
2024-04-26T01:33:03.084 INFO:teuthology.orchestra.run.smithi006.stdout:/usr/bin/ceph: stderr
2024-04-26T01:33:02.026+0000 7f5a26a00700 1 -- 172.21.15.6:0/3832211276 --> [v2:172.21.15.6:3300/0,v1:172.21.15.6:6789/0] -- mon_subscribe({config=0+,monmap=0+}) -- 0x7f5a28109730 con 0x7f5a28108530
2024-04-26T01:33:03.084 INFO:teuthology.orchestra.run.smithi006.stdout:/usr/bin/ceph: stderr
2024-04-26T01:33:02.026+0000 7f5a26a00700 1 --2- 172.21.15.6:0/3832211276 >> [v2:172.21.15.6:3300/0,v1:172.21.15.6:6789/0] conn(0x7f5a28108530 0x7f5a28108950 secure :-1 s=READY pgs=22 cs=0 l=1 rev1=1 crypto rx=0x7f5a180098a0 tx=0x7f5a18009bb0 comp rx=0 tx=0).ready entity=mon.0 client_cookie=cc3aba4e16532686 server_cookie=0 in_seq=0 out_seq=0
2024-04-26T01:33:03.084 INFO:teuthology.orchestra.run.smithi006.stdout:/usr/bin/ceph: stderr
2024-04-26T01:33:02.026+0000 7f5a25600700 1 -- 172.21.15.6:0/3832211276 <== mon.0 v2:172.21.15.6:3300/0 1 ==== mon_map magic: 0 ==== 205+0+0 (secure 0 0 0) 0x7f5a18004160 con 0x7f5a28108530
2024-04-26T01:33:03.084 INFO:teuthology.orchestra.run.smithi006.stdout:/usr/bin/ceph: stderr
2024-04-26T01:33:02.026+0000 7f5a25600700 1 -- 172.21.15.6:0/3832211276 <== mon.0 v2:172.21.15.6:3300/0 2 ==== config(26 keys) ==== 1070+0+0 (secure 0 0 0) 0x7f5a18004300 con 0x7f5a28108530
2024-04-26T01:33:03.084 INFO:teuthology.orchestra.run.smithi006.stdout:/usr/bin/ceph: stderr
2024-04-26T01:33:02.026+0000 7f5a25600700 1 -- 172.21.15.6:0/3832211276 <== mon.0 v2:172.21.15.6:3300/0 3 ==== mon_map magic: 0 ==== 205+0+0 (secure 0 0 0) 0x7f5a18011af0 con 0x7f5a28108530
2024-04-26T01:33:03.084 INFO:teuthology.orchestra.run.smithi006.stdout:/usr/bin/ceph: stderr
2024-04-26T01:33:02.027+0000 7f5a2dc00700 1 -- 172.21.15.6:0/3832211276 >> [v2:172.21.15.6:3300/0,v1:172.21.15.6:6789/0] conn(0x7f5a28108530 msgr2=0x7f5a28108950 secure :-1 s=STATE_CONNECTION_ESTABLISHED l=1).mark_down
2024-04-26T01:33:03.085 INFO:teuthology.orchestra.run.smithi006.stdout:/usr/bin/ceph: stderr
2024-04-26T01:33:02.027+0000 7f5a2dc00700 1 --2- 172.21.15.6:0/3832211276 >> [v2:172.21.15.6:3300/0,v1:172.21.15.6:6789/0] conn(0x7f5a28108530 0x7f5a28108950 secure :-1 s=READY pgs=22 cs=0 l=1 rev1=1 crypto rx=0x7f5a180098a0 tx=0x7f5a18009bb0 comp rx=0 tx=0).stop
2024-04-26T01:33:03.085 INFO:teuthology.orchestra.run.smithi006.stdout:/usr/bin/ceph: stderr
2024-04-26T01:33:02.027+0000 7f5a2dc00700 1 -- 172.21.15.6:0/3832211276 shutdown_connections
2024-04-26T01:33:03.085 INFO:teuthology.orchestra.run.smithi006.stdout:/usr/bin/ceph: stderr
2024-04-26T01:33:02.027+0000 7f5a2dc00700 1 --2- 172.21.15.6:0/3832211276 >> [v2:172.21.15.6:3300/0,v1:172.21.15.6:6789/0] conn(0x7f5a28108530 0x7f5a28108950 unknown :-1 s=CLOSED pgs=22 cs=0 l=1 rev1=1 crypto rx=0 tx=0 comp rx=0 tx=0).stop
2024-04-26T01:33:03.085 INFO:teuthology.orchestra.run.smithi006.stdout:/usr/bin/ceph: stderr
2024-04-26T01:33:02.027+0000 7f5a2dc00700 1 -- 172.21.15.6:0/3832211276 >> 172.21.15.6:0/3832211276 conn(0x7f5a28103b50 msgr2=0x7f5a28105f70 unknown :-1 s=STATE_NONE l=0).mark_down
2024-04-26T01:33:03.085 INFO:teuthology.orchestra.run.smithi006.stdout:/usr/bin/ceph: stderr
2024-04-26T01:33:02.027+0000 7f5a2dc00700 1 -- 172.21.15.6:0/3832211276 shutdown_connections
2024-04-26T01:33:03.085 INFO:teuthology.orchestra.run.smithi006.stdout:/usr/bin/ceph: stderr
2024-04-26T01:33:02.027+0000 7f5a2dc00700 1 -- 172.21.15.6:0/3832211276 wait complete.
2024-04-26T01:33:03.085 INFO:teuthology.orchestra.run.smithi006.stdout:/usr/bin/ceph: stderr
2024-04-26T01:33:02.028+0000 7f5a2dc00700 1 Processor -- start
2024-04-26T01:33:03.085 INFO:teuthology.orchestra.run.smithi006.stdout:/usr/bin/ceph: stderr
2024-04-26T01:33:02.028+0000 7f5a2dc00700 1 -- start start
2024-04-26T01:33:03.085 INFO:teuthology.orchestra.run.smithi006.stdout:/usr/bin/ceph: stderr
2024-04-26T01:33:02.029+0000 7f5a2dc00700 1 --2- >> [v2:172.21.15.6:3300/0,v1:172.21.15.6:6789/0] conn(0x7f5a28108530 0x7f5a2807ca70 unknown :-1 s=NONE pgs=0 cs=0 l=1 rev1=0 crypto rx=0 tx=0 comp rx=0 tx=0).connect
2024-04-26T01:33:03.085 INFO:teuthology.orchestra.run.smithi006.stdout:/usr/bin/ceph: stderr
2024-04-26T01:33:02.029+0000 7f5a2dc00700 1 -- --> [v2:172.21.15.6:3300/0,v1:172.21.15.6:6789/0] -- mon_getmap magic: 0 -- 0x7f5a2810cae0 con 0x7f5a28108530
2024-04-26T01:33:03.085 INFO:teuthology.orchestra.run.smithi006.stdout:/usr/bin/ceph: stderr
2024-04-26T01:33:02.029+0000 7f5a26a00700 1 --2- >> [v2:172.21.15.6:3300/0,v1:172.21.15.6:6789/0] conn(0x7f5a28108530 0x7f5a2807ca70 unknown :-1 s=BANNER_CONNECTING pgs=0 cs=0 l=1 rev1=0 crypto rx=0 tx=0 comp rx=0 tx=0)._handle_peer_banner_payload supported=3 required=0
2024-04-26T01:33:03.085 INFO:teuthology.orchestra.run.smithi006.stdout:/usr/bin/ceph: stderr
2024-04-26T01:33:02.029+0000 7f5a26a00700 1 --2- >> [v2:172.21.15.6:3300/0,v1:172.21.15.6:6789/0] conn(0x7f5a28108530 0x7f5a2807ca70 unknown :-1 s=HELLO_CONNECTING pgs=0 cs=0 l=1 rev1=1 crypto rx=0 tx=0 comp rx=0 tx=0).handle_hello peer v2:172.21.15.6:3300/0 says I am v2:172.21.15.6:42638/0 (socket says 172.21.15.6:42638)
2024-04-26T01:33:03.085 INFO:teuthology.orchestra.run.smithi006.stdout:/usr/bin/ceph: stderr
2024-04-26T01:33:02.029+0000 7f5a26a00700 1 -- 172.21.15.6:0/1790667076 learned_addr learned my addr 172.21.15.6:0/1790667076 (peer_addr_for_me v2:172.21.15.6:0/0)
2024-04-26T01:33:03.085 INFO:teuthology.orchestra.run.smithi006.stdout:/usr/bin/ceph: stderr
2024-04-26T01:33:02.029+0000 7f5a26a00700 1 -- 172.21.15.6:0/1790667076 --> [v2:172.21.15.6:3300/0,v1:172.21.15.6:6789/0] -- mon_subscribe({config=0+,monmap=0+}) -- 0x7f5a2807cfb0 con 0x7f5a28108530
2024-04-26T01:33:03.085 INFO:teuthology.orchestra.run.smithi006.stdout:/usr/bin/ceph: stderr
2024-04-26T01:33:02.030+0000 7f5a26a00700 1 --2- 172.21.15.6:0/1790667076 >> [v2:172.21.15.6:3300/0,v1:172.21.15.6:6789/0] conn(0x7f5a28108530 0x7f5a2807ca70 secure :-1 s=READY pgs=23 cs=0 l=1 rev1=1 crypto rx=0x7f5a18000c00 tx=0x7f5a18011b70 comp rx=0 tx=0).ready entity=mon.0 client_cookie=0 server_cookie=0 in_seq=0 out_seq=0
2024-04-26T01:33:03.086 INFO:teuthology.orchestra.run.smithi006.stdout:/usr/bin/ceph: stderr
2024-04-26T01:33:02.030+0000 7f5a1f400700 1 -- 172.21.15.6:0/1790667076 <== mon.0 v2:172.21.15.6:3300/0 1 ==== mon_map magic: 0 ==== 205+0+0 (secure 0 0 0) 0x7f5a18003b20 con 0x7f5a28108530
2024-04-26T01:33:03.086 INFO:teuthology.orchestra.run.smithi006.stdout:/usr/bin/ceph: stderr
2024-04-26T01:33:02.030+0000 7f5a1f400700 1 -- 172.21.15.6:0/1790667076 <== mon.0 v2:172.21.15.6:3300/0 2 ==== config(26 keys) ==== 1070+0+0 (secure 0 0 0) 0x7f5a1801a8c0 con 0x7f5a28108530
2024-04-26T01:33:03.086 INFO:teuthology.orchestra.run.smithi006.stdout:/usr/bin/ceph: stderr
2024-04-26T01:33:02.030+0000 7f5a1f400700 1 -- 172.21.15.6:0/1790667076 <== mon.0 v2:172.21.15.6:3300/0 3 ==== mon_map magic: 0 ==== 205+0+0 (secure 0 0 0) 0x7f5a18024940 con 0x7f5a28108530
2024-04-26T01:33:03.086 INFO:teuthology.orchestra.run.smithi006.stdout:/usr/bin/ceph: stderr
2024-04-26T01:33:02.030+0000 7f5a2dc00700 1 -- 172.21.15.6:0/1790667076 --> [v2:172.21.15.6:3300/0,v1:172.21.15.6:6789/0] -- mon_subscribe({mgrmap=0+}) -- 0x7f5a2807b1a0 con 0x7f5a28108530
2024-04-26T01:33:03.086 INFO:teuthology.orchestra.run.smithi006.stdout:/usr/bin/ceph: stderr
2024-04-26T01:33:02.030+0000 7f5a2dc00700 1 -- 172.21.15.6:0/1790667076 --> [v2:172.21.15.6:3300/0,v1:172.21.15.6:6789/0] -- mon_subscribe({osdmap=0}) -- 0x7f5a2807b6e0 con 0x7f5a28108530
2024-04-26T01:33:03.086 INFO:teuthology.orchestra.run.smithi006.stdout:/usr/bin/ceph: stderr
2024-04-26T01:33:02.031+0000 7f5a1f400700 1 -- 172.21.15.6:0/1790667076 <== mon.0 v2:172.21.15.6:3300/0 4 ==== mgrmap(e 4) ==== 46547+0+0 (secure 0 0 0) 0x7f5a18022020 con 0x7f5a28108530
2024-04-26T01:33:03.086 INFO:teuthology.orchestra.run.smithi006.stdout:/usr/bin/ceph: stderr
2024-04-26T01:33:02.031+0000 7f5a2dc00700 1 -- 172.21.15.6:0/1790667076 --> [v2:172.21.15.6:3300/0,v1:172.21.15.6:6789/0] -- mon_command({"prefix": "get_command_descriptions"} v 0) -- 0x7f5a280640a0 con 0x7f5a28108530
2024-04-26T01:33:03.086 INFO:teuthology.orchestra.run.smithi006.stdout:/usr/bin/ceph: stderr
2024-04-26T01:33:02.032+0000 7f5a1f400700 1 --2- 172.21.15.6:0/1790667076 >> [v2:172.21.15.6:6800/801052348,v1:172.21.15.6:6801/801052348] conn(0x7f5a0c0395b0 0x7f5a0c03ba70 unknown :-1 s=NONE pgs=0 cs=0 l=1 rev1=0 crypto rx=0 tx=0 comp rx=0 tx=0).connect
2024-04-26T01:33:03.086 INFO:teuthology.orchestra.run.smithi006.stdout:/usr/bin/ceph: stderr
2024-04-26T01:33:02.032+0000 7f5a1f400700 1 -- 172.21.15.6:0/1790667076 <== mon.0 v2:172.21.15.6:3300/0 5 ==== osd_map(1..1 src has 1..1) ==== 725+0+0 (secure 0 0 0) 0x7f5a1804d490 con 0x7f5a28108530
2024-04-26T01:33:03.086 INFO:teuthology.orchestra.run.smithi006.stdout:/usr/bin/ceph: stderr
2024-04-26T01:33:02.032+0000 7f5a26000700 1 --2- 172.21.15.6:0/1790667076 >> [v2:172.21.15.6:6800/801052348,v1:172.21.15.6:6801/801052348] conn(0x7f5a0c0395b0 0x7f5a0c03ba70 unknown :-1 s=BANNER_CONNECTING pgs=0 cs=0 l=1 rev1=0 crypto rx=0 tx=0 comp rx=0 tx=0)._handle_peer_banner_payload supported=3 required=0
2024-04-26T01:33:03.086 INFO:teuthology.orchestra.run.smithi006.stdout:/usr/bin/ceph: stderr
2024-04-26T01:33:02.033+0000 7f5a26000700 1 --2- 172.21.15.6:0/1790667076 >> [v2:172.21.15.6:6800/801052348,v1:172.21.15.6:6801/801052348] conn(0x7f5a0c0395b0 0x7f5a0c03ba70 secure :-1 s=READY pgs=8 cs=0 l=1 rev1=1 crypto rx=0x7f5a14006fd0 tx=0x7f5a14006e40 comp rx=0 tx=0).ready entity=mgr.14100 client_cookie=0 server_cookie=0 in_seq=0 out_seq=0
2024-04-26T01:33:03.086 INFO:teuthology.orchestra.run.smithi006.stdout:/usr/bin/ceph: stderr
2024-04-26T01:33:02.037+0000 7f5a1f400700 1 -- 172.21.15.6:0/1790667076 <== mon.0 v2:172.21.15.6:3300/0 6 ==== mon_command_ack([{"prefix": "get_command_descriptions"}]=0 v0) ==== 72+0+188370 (secure 0 0 0) 0x7f5a1804d1f0 con 0x7f5a28108530
2024-04-26T01:33:03.086 INFO:teuthology.orchestra.run.smithi006.stdout:/usr/bin/ceph: stderr
2024-04-26T01:33:02.334+0000 7f5a2dc00700 1 -- 172.21.15.6:0/1790667076 --> [v2:172.21.15.6:3300/0,v1:172.21.15.6:6789/0] -- mon_command({"prefix": "mgr module enable", "module": "cephadm"} v 0) -- 0x7f5a2807b960 con 0x7f5a28108530
2024-04-26T01:33:03.086 INFO:teuthology.orchestra.run.smithi006.stdout:/usr/bin/ceph: stderr
2024-04-26T01:33:02.388+0000 7f5a1f400700 1 -- 172.21.15.6:0/1790667076 <== mon.0 v2:172.21.15.6:3300/0 7 ==== mon_command_ack([{"prefix": "mgr module enable", "module": "cephadm"}]=0 v5) ==== 86+0+0 (secure 0 0 0) 0x7f5a1802ad60 con 0x7f5a28108530
2024-04-26T01:33:03.087 INFO:teuthology.orchestra.run.smithi006.stdout:/usr/bin/ceph: stderr
2024-04-26T01:33:02.392+0000 7f5a1f400700 1 -- 172.21.15.6:0/1790667076 <== mon.0 v2:172.21.15.6:3300/0 8 ==== mgrmap(e 5) ==== 46558+0+0 (secure 0 0 0) 0x7f5a1801aa70 con 0x7f5a28108530
2024-04-26T01:33:03.087 INFO:teuthology.orchestra.run.smithi006.stdout:/usr/bin/ceph: stderr
2024-04-26T01:33:02.393+0000 7f5a2dc00700 1 -- 172.21.15.6:0/1790667076 >> [v2:172.21.15.6:6800/801052348,v1:172.21.15.6:6801/801052348] conn(0x7f5a0c0395b0 msgr2=0x7f5a0c03ba70 secure :-1 s=STATE_CONNECTION_ESTABLISHED l=1).mark_down
2024-04-26T01:33:03.087 INFO:teuthology.orchestra.run.smithi006.stdout:/usr/bin/ceph: stderr
2024-04-26T01:33:02.393+0000 7f5a2dc00700 1 --2- 172.21.15.6:0/1790667076 >> [v2:172.21.15.6:6800/801052348,v1:172.21.15.6:6801/801052348] conn(0x7f5a0c0395b0 0x7f5a0c03ba70 secure :-1 s=READY pgs=8 cs=0 l=1 rev1=1 crypto rx=0x7f5a14006fd0 tx=0x7f5a14006e40 comp rx=0 tx=0).stop
2024-04-26T01:33:03.087 INFO:teuthology.orchestra.run.smithi006.stdout:/usr/bin/ceph: stderr
