2024-04-26T01:35:09.849+0000 7f10c1600700 1 -- 172.21.15.100:0/1915811190 <== mon.0 v2:172.21.15.100:3300/0 4 ==== mgrmap(e 12) ==== 46571+0+0 (secure 0 0 0) 0x7f10b8022020 con 0x7f10c4108590
2024-04-26T01:35:11.076 INFO:teuthology.orchestra.run.smithi100.stdout:/usr/bin/ceph: stderr
2024-04-26T01:35:09.849+0000 7f10cb800700 1 -- 172.21.15.100:0/1915811190 --> [v2:172.21.15.100:3300/0,v1:172.21.15.100:6789/0] -- mon_command({"prefix": "get_command_descriptions"} v 0) -- 0x7f10c40640a0 con 0x7f10c4108590
2024-04-26T01:35:11.076 INFO:teuthology.orchestra.run.smithi100.stdout:/usr/bin/ceph: stderr
2024-04-26T01:35:09.850+0000 7f10c1600700 1 --2- 172.21.15.100:0/1915811190 >> [v2:172.21.15.100:6800/466558262,v1:172.21.15.100:6801/466558262] conn(0x7f10ac0396c0 0x7f10ac03bb80 unknown :-1 s=NONE pgs=0 cs=0 l=1 rev1=0 crypto rx=0 tx=0 comp rx=0 tx=0).connect
2024-04-26T01:35:11.079 INFO:teuthology.orchestra.run.smithi100.stdout:/usr/bin/ceph: stderr
2024-04-26T01:35:09.850+0000 7f10c1600700 1 -- 172.21.15.100:0/1915811190 <== mon.0 v2:172.21.15.100:3300/0 5 ==== osd_map(3..3 src has 1..3) ==== 1155+0+0 (secure 0 0 0) 0x7f10b804d960 con 0x7f10c4108590
2024-04-26T01:35:11.079 INFO:teuthology.orchestra.run.smithi100.stdout:/usr/bin/ceph: stderr
2024-04-26T01:35:09.850+0000 7f10c3e00700 1 --2- 172.21.15.100:0/1915811190 >> [v2:172.21.15.100:6800/466558262,v1:172.21.15.100:6801/466558262] conn(0x7f10ac0396c0 0x7f10ac03bb80 unknown :-1 s=BANNER_CONNECTING pgs=0 cs=0 l=1 rev1=0 crypto rx=0 tx=0 comp rx=0 tx=0)._handle_peer_banner_payload supported=3 required=0
2024-04-26T01:35:11.079 INFO:teuthology.orchestra.run.smithi100.stdout:/usr/bin/ceph: stderr
2024-04-26T01:35:09.851+0000 7f10c3e00700 1 --2- 172.21.15.100:0/1915811190 >> [v2:172.21.15.100:6800/466558262,v1:172.21.15.100:6801/466558262] conn(0x7f10ac0396c0 0x7f10ac03bb80 secure :-1 s=READY pgs=8 cs=0 l=1 rev1=1 crypto rx=0x7f10b0006fd0 tx=0x7f10b0006e40 comp rx=0 tx=0).ready entity=mgr.14152 client_cookie=0 server_cookie=0 in_seq=0 out_seq=0
2024-04-26T01:35:11.079 INFO:teuthology.orchestra.run.smithi100.stdout:/usr/bin/ceph: stderr
2024-04-26T01:35:09.856+0000 7f10c1600700 1 -- 172.21.15.100:0/1915811190 <== mon.0 v2:172.21.15.100:3300/0 6 ==== mon_command_ack([{"prefix": "get_command_descriptions"}]=0 v0) ==== 72+0+188370 (secure 0 0 0) 0x7f10b800f2e0 con 0x7f10c4108590
2024-04-26T01:35:11.079 INFO:teuthology.orchestra.run.smithi100.stdout:/usr/bin/ceph: stderr
2024-04-26T01:35:10.112+0000 7f10cb800700 1 -- 172.21.15.100:0/1915811190 --> [v2:172.21.15.100:6800/466558262,v1:172.21.15.100:6801/466558262] -- mgr_command(tid 0: {"prefix": "dashboard ac-user-create", "username": "admin", "rolename": "administrator", "force_password": true, "pwd_update_required": true, "target": ["mon-mgr", ""]}) -- 0x7f10c407cf40 con 0x7f10ac0396c0
2024-04-26T01:35:11.079 INFO:teuthology.orchestra.run.smithi100.stdout:/usr/bin/ceph: stderr
2024-04-26T01:35:10.351+0000 7f10c1600700 1 -- 172.21.15.100:0/1915811190 <== mgr.14152 v2:172.21.15.100:6800/466558262 1 ==== mgr_command_reply(tid 0: 0 ) ==== 8+0+252 (secure 0 0 0) 0x7f10c407cf40 con 0x7f10ac0396c0
2024-04-26T01:35:11.079 INFO:teuthology.orchestra.run.smithi100.stdout:/usr/bin/ceph: stderr
2024-04-26T01:35:10.355+0000 7f10cb800700 1 -- 172.21.15.100:0/1915811190 >> [v2:172.21.15.100:6800/466558262,v1:172.21.15.100:6801/466558262] conn(0x7f10ac0396c0 msgr2=0x7f10ac03bb80 secure :-1 s=STATE_CONNECTION_ESTABLISHED l=1).mark_down
2024-04-26T01:35:11.079 INFO:teuthology.orchestra.run.smithi100.stdout:/usr/bin/ceph: stderr
2024-04-26T01:35:10.355+0000 7f10cb800700 1 --2- 172.21.15.100:0/1915811190 >> [v2:172.21.15.100:6800/466558262,v1:172.21.15.100:6801/466558262] conn(0x7f10ac0396c0 0x7f10ac03bb80 secure :-1 s=READY pgs=8 cs=0 l=1 rev1=1 crypto rx=0x7f10b0006fd0 tx=0x7f10b0006e40 comp rx=0 tx=0).stop
2024-04-26T01:35:11.079 INFO:teuthology.orchestra.run.smithi100.stdout:/usr/bin/ceph: stderr
2024-04-26T01:35:10.355+0000 7f10cb800700 1 -- 172.21.15.100:0/1915811190 >> [v2:172.21.15.100:3300/0,v1:172.21.15.100:6789/0] conn(0x7f10c4108590 msgr2=0x7f10c407db60 secure :-1 s=STATE_CONNECTION_ESTABLISHED l=1).mark_down
2024-04-26T01:35:11.079 INFO:teuthology.orchestra.run.smithi100.stdout:/usr/bin/ceph: stderr
2024-04-26T01:35:10.355+0000 7f10cb800700 1 --2- 172.21.15.100:0/1915811190 >> [v2:172.21.15.100:3300/0,v1:172.21.15.100:6789/0] conn(0x7f10c4108590 0x7f10c407db60 secure :-1 s=READY pgs=73 cs=0 l=1 rev1=1 crypto rx=0x7f10b8003f90 tx=0x7f10b8011b70 comp rx=0 tx=0).stop
2024-04-26T01:35:11.079 INFO:teuthology.orchestra.run.smithi100.stdout:/usr/bin/ceph: stderr
2024-04-26T01:35:10.356+0000 7f10cb800700 1 -- 172.21.15.100:0/1915811190 shutdown_connections
2024-04-26T01:35:11.079 INFO:teuthology.orchestra.run.smithi100.stdout:/usr/bin/ceph: stderr
2024-04-26T01:35:10.356+0000 7f10cb800700 1 --2- 172.21.15.100:0/1915811190 >> [v2:172.21.15.100:6800/466558262,v1:172.21.15.100:6801/466558262] conn(0x7f10ac0396c0 0x7f10ac03bb80 unknown :-1 s=CLOSED pgs=8 cs=0 l=1 rev1=1 crypto rx=0 tx=0 comp rx=0 tx=0).stop
2024-04-26T01:35:11.080 INFO:teuthology.orchestra.run.smithi100.stdout:/usr/bin/ceph: stderr
2024-04-26T01:35:10.356+0000 7f10cb800700 1 --2- 172.21.15.100:0/1915811190 >> [v2:172.21.15.100:3300/0,v1:172.21.15.100:6789/0] conn(0x7f10c4108590 0x7f10c407db60 unknown :-1 s=CLOSED pgs=73 cs=0 l=1 rev1=1 crypto rx=0 tx=0 comp rx=0 tx=0).stop
2024-04-26T01:35:11.080 INFO:teuthology.orchestra.run.smithi100.stdout:/usr/bin/ceph: stderr
2024-04-26T01:35:10.356+0000 7f10cb800700 1 -- 172.21.15.100:0/1915811190 >> 172.21.15.100:0/1915811190 conn(0x7f10c4103b50 msgr2=0x7f10c41045f0 unknown :-1 s=STATE_NONE l=0).mark_down
2024-04-26T01:35:11.080 INFO:teuthology.orchestra.run.smithi100.stdout:/usr/bin/ceph: stderr
2024-04-26T01:35:10.356+0000 7f10cb800700 1 -- 172.21.15.100:0/1915811190 shutdown_connections
2024-04-26T01:35:11.080 INFO:teuthology.orchestra.run.smithi100.stdout:/usr/bin/ceph: stderr
2024-04-26T01:35:10.356+0000 7f10cb800700 1 -- 172.21.15.100:0/1915811190 wait complete.
2024-04-26T01:35:11.080 INFO:teuthology.orchestra.run.smithi100.stdout:Fetching dashboard port number...
2024-04-26T01:35:13.137 INFO:teuthology.orchestra.run.smithi100.stdout:/usr/bin/ceph: stdout 8443
2024-04-26T01:35:13.137 INFO:teuthology.orchestra.run.smithi100.stdout:/usr/bin/ceph: stderr
2024-04-26T01:35:11.881+0000 7fa50bc00700 1 Processor -- start
2024-04-26T01:35:13.138 INFO:teuthology.orchestra.run.smithi100.stdout:/usr/bin/ceph: stderr
2024-04-26T01:35:11.882+0000 7fa50bc00700 1 -- start start
2024-04-26T01:35:13.138 INFO:teuthology.orchestra.run.smithi100.stdout:/usr/bin/ceph: stderr
2024-04-26T01:35:11.882+0000 7fa50bc00700 1 --2- >> [v2:172.21.15.100:3300/0,v1:172.21.15.100:6789/0] conn(0x7fa5041085a0 0x7fa5041089c0 unknown :-1 s=NONE pgs=0 cs=0 l=0 rev1=0 crypto rx=0 tx=0 comp rx=0 tx=0).connect
2024-04-26T01:35:13.138 INFO:teuthology.orchestra.run.smithi100.stdout:/usr/bin/ceph: stderr
2024-04-26T01:35:11.882+0000 7fa50bc00700 1 -- --> [v2:172.21.15.100:3300/0,v1:172.21.15.100:6789/0] -- mon_getmap magic: 0 -- 0x7fa504108f90 con 0x7fa5041085a0
2024-04-26T01:35:13.138 INFO:teuthology.orchestra.run.smithi100.stdout:/usr/bin/ceph: stderr
2024-04-26T01:35:11.883+0000 7fa509200700 1 --2- >> [v2:172.21.15.100:3300/0,v1:172.21.15.100:6789/0] conn(0x7fa5041085a0 0x7fa5041089c0 unknown :-1 s=BANNER_CONNECTING pgs=0 cs=0 l=0 rev1=0 crypto rx=0 tx=0 comp rx=0 tx=0)._handle_peer_banner_payload supported=3 required=0
2024-04-26T01:35:13.138 INFO:teuthology.orchestra.run.smithi100.stdout:/usr/bin/ceph: stderr
2024-04-26T01:35:11.883+0000 7fa509200700 1 --2- >> [v2:172.21.15.100:3300/0,v1:172.21.15.100:6789/0] conn(0x7fa5041085a0 0x7fa5041089c0 unknown :-1 s=HELLO_CONNECTING pgs=0 cs=0 l=0 rev1=1 crypto rx=0 tx=0 comp rx=0 tx=0).handle_hello peer v2:172.21.15.100:3300/0 says I am v2:172.21.15.100:40112/0 (socket says 172.21.15.100:40112)
2024-04-26T01:35:13.138 INFO:teuthology.orchestra.run.smithi100.stdout:/usr/bin/ceph: stderr
2024-04-26T01:35:11.883+0000 7fa509200700 1 -- 172.21.15.100:0/3731902111 learned_addr learned my addr 172.21.15.100:0/3731902111 (peer_addr_for_me v2:172.21.15.100:0/0)
2024-04-26T01:35:13.138 INFO:teuthology.orchestra.run.smithi100.stdout:/usr/bin/ceph: stderr
2024-04-26T01:35:11.883+0000 7fa509200700 1 -- 172.21.15.100:0/3731902111 --> [v2:172.21.15.100:3300/0,v1:172.21.15.100:6789/0] -- mon_subscribe({config=0+,monmap=0+}) -- 0x7fa504109750 con 0x7fa5041085a0
2024-04-26T01:35:13.138 INFO:teuthology.orchestra.run.smithi100.stdout:/usr/bin/ceph: stderr
2024-04-26T01:35:11.883+0000 7fa509200700 1 --2- 172.21.15.100:0/3731902111 >> [v2:172.21.15.100:3300/0,v1:172.21.15.100:6789/0] conn(0x7fa5041085a0 0x7fa5041089c0 secure :-1 s=READY pgs=74 cs=0 l=1 rev1=1 crypto rx=0x7fa4f80098a0 tx=0x7fa4f8009bb0 comp rx=0 tx=0).ready entity=mon.0 client_cookie=78490773a3ee4729 server_cookie=0 in_seq=0 out_seq=0
2024-04-26T01:35:13.138 INFO:teuthology.orchestra.run.smithi100.stdout:/usr/bin/ceph: stderr
2024-04-26T01:35:11.884+0000 7fa503400700 1 -- 172.21.15.100:0/3731902111 <== mon.0 v2:172.21.15.100:3300/0 1 ==== mon_map magic: 0 ==== 205+0+0 (secure 0 0 0) 0x7fa4f8004160 con 0x7fa5041085a0
2024-04-26T01:35:13.138 INFO:teuthology.orchestra.run.smithi100.stdout:/usr/bin/ceph: stderr
2024-04-26T01:35:11.884+0000 7fa503400700 1 -- 172.21.15.100:0/3731902111 <== mon.0 v2:172.21.15.100:3300/0 2 ==== config(27 keys) ==== 1135+0+0 (secure 0 0 0) 0x7fa4f8004300 con 0x7fa5041085a0
2024-04-26T01:35:13.138 INFO:teuthology.orchestra.run.smithi100.stdout:/usr/bin/ceph: stderr
2024-04-26T01:35:11.884+0000 7fa503400700 1 -- 172.21.15.100:0/3731902111 <== mon.0 v2:172.21.15.100:3300/0 3 ==== mon_map magic: 0 ==== 205+0+0 (secure 0 0 0) 0x7fa4f8011af0 con 0x7fa5041085a0
2024-04-26T01:35:13.138 INFO:teuthology.orchestra.run.smithi100.stdout:/usr/bin/ceph: stderr
2024-04-26T01:35:11.884+0000 7fa50bc00700 1 -- 172.21.15.100:0/3731902111 >> [v2:172.21.15.100:3300/0,v1:172.21.15.100:6789/0] conn(0x7fa5041085a0 msgr2=0x7fa5041089c0 secure :-1 s=STATE_CONNECTION_ESTABLISHED l=1).mark_down
2024-04-26T01:35:13.138 INFO:teuthology.orchestra.run.smithi100.stdout:/usr/bin/ceph: stderr
2024-04-26T01:35:11.884+0000 7fa50bc00700 1 --2- 172.21.15.100:0/3731902111 >> [v2:172.21.15.100:3300/0,v1:172.21.15.100:6789/0] conn(0x7fa5041085a0 0x7fa5041089c0 secure :-1 s=READY pgs=74 cs=0 l=1 rev1=1 crypto rx=0x7fa4f80098a0 tx=0x7fa4f8009bb0 comp rx=0 tx=0).stop
2024-04-26T01:35:13.139 INFO:teuthology.orchestra.run.smithi100.stdout:/usr/bin/ceph: stderr
2024-04-26T01:35:11.885+0000 7fa50bc00700 1 -- 172.21.15.100:0/3731902111 shutdown_connections
2024-04-26T01:35:13.139 INFO:teuthology.orchestra.run.smithi100.stdout:/usr/bin/ceph: stderr
2024-04-26T01:35:11.885+0000 7fa50bc00700 1 --2- 172.21.15.100:0/3731902111 >> [v2:172.21.15.100:3300/0,v1:172.21.15.100:6789/0] conn(0x7fa5041085a0 0x7fa5041089c0 unknown :-1 s=CLOSED pgs=74 cs=0 l=1 rev1=1 crypto rx=0 tx=0 comp rx=0 tx=0).stop
2024-04-26T01:35:13.139 INFO:teuthology.orchestra.run.smithi100.stdout:/usr/bin/ceph: stderr
2024-04-26T01:35:11.885+0000 7fa50bc00700 1 -- 172.21.15.100:0/3731902111 >> 172.21.15.100:0/3731902111 conn(0x7fa504103b80 msgr2=0x7fa504105fa0 unknown :-1 s=STATE_NONE l=0).mark_down
2024-04-26T01:35:13.139 INFO:teuthology.orchestra.run.smithi100.stdout:/usr/bin/ceph: stderr
2024-04-26T01:35:11.885+0000 7fa50bc00700 1 -- 172.21.15.100:0/3731902111 shutdown_connections
2024-04-26T01:35:13.139 INFO:teuthology.orchestra.run.smithi100.stdout:/usr/bin/ceph: stderr
2024-04-26T01:35:11.885+0000 7fa50bc00700 1 -- 172.21.15.100:0/3731902111 wait complete.
2024-04-26T01:35:13.139 INFO:teuthology.orchestra.run.smithi100.stdout:/usr/bin/ceph: stderr
2024-04-26T01:35:11.886+0000 7fa50bc00700 1 Processor -- start
2024-04-26T01:35:13.139 INFO:teuthology.orchestra.run.smithi100.stdout:/usr/bin/ceph: stderr
2024-04-26T01:35:11.886+0000 7fa50bc00700 1 -- start start
2024-04-26T01:35:13.139 INFO:teuthology.orchestra.run.smithi100.stdout:/usr/bin/ceph: stderr
2024-04-26T01:35:11.886+0000 7fa50bc00700 1 --2- >> [v2:172.21.15.100:3300/0,v1:172.21.15.100:6789/0] conn(0x7fa5041085a0 0x7fa50419e610 unknown :-1 s=NONE pgs=0 cs=0 l=1 rev1=0 crypto rx=0 tx=0 comp rx=0 tx=0).connect
2024-04-26T01:35:13.139 INFO:teuthology.orchestra.run.smithi100.stdout:/usr/bin/ceph: stderr
2024-04-26T01:35:11.886+0000 7fa50bc00700 1 -- --> [v2:172.21.15.100:3300/0,v1:172.21.15.100:6789/0] -- mon_getmap magic: 0 -- 0x7fa50410cb00 con 0x7fa5041085a0
2024-04-26T01:35:13.139 INFO:teuthology.orchestra.run.smithi100.stdout:/usr/bin/ceph: stderr
2024-04-26T01:35:11.886+0000 7fa509200700 1 --2- >> [v2:172.21.15.100:3300/0,v1:172.21.15.100:6789/0] conn(0x7fa5041085a0 0x7fa50419e610 unknown :-1 s=BANNER_CONNECTING pgs=0 cs=0 l=1 rev1=0 crypto rx=0 tx=0 comp rx=0 tx=0)._handle_peer_banner_payload supported=3 required=0
2024-04-26T01:35:13.139 INFO:teuthology.orchestra.run.smithi100.stdout:/usr/bin/ceph: stderr
2024-04-26T01:35:11.886+0000 7fa509200700 1 --2- >> [v2:172.21.15.100:3300/0,v1:172.21.15.100:6789/0] conn(0x7fa5041085a0 0x7fa50419e610 unknown :-1 s=HELLO_CONNECTING pgs=0 cs=0 l=1 rev1=1 crypto rx=0 tx=0 comp rx=0 tx=0).handle_hello peer v2:172.21.15.100:3300/0 says I am v2:172.21.15.100:40120/0 (socket says 172.21.15.100:40120)
2024-04-26T01:35:13.139 INFO:teuthology.orchestra.run.smithi100.stdout:/usr/bin/ceph: stderr
2024-04-26T01:35:11.886+0000 7fa509200700 1 -- 172.21.15.100:0/3636210373 learned_addr learned my addr 172.21.15.100:0/3636210373 (peer_addr_for_me v2:172.21.15.100:0/0)
2024-04-26T01:35:13.139 INFO:teuthology.orchestra.run.smithi100.stdout:/usr/bin/ceph: stderr
2024-04-26T01:35:11.887+0000 7fa509200700 1 -- 172.21.15.100:0/3636210373 --> [v2:172.21.15.100:3300/0,v1:172.21.15.100:6789/0] -- mon_subscribe({config=0+,monmap=0+}) -- 0x7fa50419eb50 con 0x7fa5041085a0
2024-04-26T01:35:13.139 INFO:teuthology.orchestra.run.smithi100.stdout:/usr/bin/ceph: stderr
2024-04-26T01:35:11.887+0000 7fa509200700 1 --2- 172.21.15.100:0/3636210373 >> [v2:172.21.15.100:3300/0,v1:172.21.15.100:6789/0] conn(0x7fa5041085a0 0x7fa50419e610 secure :-1 s=READY pgs=75 cs=0 l=1 rev1=1 crypto rx=0x7fa4f8003f90 tx=0x7fa4f8011b70 comp rx=0 tx=0).ready entity=mon.0 client_cookie=0 server_cookie=0 in_seq=0 out_seq=0
2024-04-26T01:35:13.140 INFO:teuthology.orchestra.run.smithi100.stdout:/usr/bin/ceph: stderr
2024-04-26T01:35:11.887+0000 7fa501600700 1 -- 172.21.15.100:0/3636210373 <== mon.0 v2:172.21.15.100:3300/0 1 ==== mon_map magic: 0 ==== 205+0+0 (secure 0 0 0) 0x7fa4f80039e0 con 0x7fa5041085a0
2024-04-26T01:35:13.140 INFO:teuthology.orchestra.run.smithi100.stdout:/usr/bin/ceph: stderr
2024-04-26T01:35:11.887+0000 7fa501600700 1 -- 172.21.15.100:0/3636210373 <== mon.0 v2:172.21.15.100:3300/0 2 ==== config(27 keys) ==== 1135+0+0 (secure 0 0 0) 0x7fa4f8003b80 con 0x7fa5041085a0
2024-04-26T01:35:13.140 INFO:teuthology.orchestra.run.smithi100.stdout:/usr/bin/ceph: stderr
2024-04-26T01:35:11.887+0000 7fa501600700 1 -- 172.21.15.100:0/3636210373 <== mon.0 v2:172.21.15.100:3300/0 3 ==== mon_map magic: 0 ==== 205+0+0 (secure 0 0 0) 0x7fa4f80196e0 con 0x7fa5041085a0
2024-04-26T01:35:13.140 INFO:teuthology.orchestra.run.smithi100.stdout:/usr/bin/ceph: stderr
2024-04-26T01:35:11.887+0000 7fa50bc00700 1 -- 172.21.15.100:0/3636210373 --> [v2:172.21.15.100:3300/0,v1:172.21.15.100:6789/0] -- mon_subscribe({mgrmap=0+}) -- 0x7fa50419ede0 con 0x7fa5041085a0
2024-04-26T01:35:13.140 INFO:teuthology.orchestra.run.smithi100.stdout:/usr/bin/ceph: stderr
2024-04-26T01:35:11.887+0000 7fa50bc00700 1 -- 172.21.15.100:0/3636210373 --> [v2:172.21.15.100:3300/0,v1:172.21.15.100:6789/0] -- mon_subscribe({osdmap=0}) -- 0x7fa5041a1ad0 con 0x7fa5041085a0
2024-04-26T01:35:13.140 INFO:teuthology.orchestra.run.smithi100.stdout:/usr/bin/ceph: stderr
2024-04-26T01:35:11.888+0000 7fa501600700 1 -- 172.21.15.100:0/3636210373 <== mon.0 v2:172.21.15.100:3300/0 4 ==== mgrmap(e 12) ==== 46571+0+0 (secure 0 0 0) 0x7fa4f8022020 con 0x7fa5041085a0
2024-04-26T01:35:13.140 INFO:teuthology.orchestra.run.smithi100.stdout:/usr/bin/ceph: stderr
2024-04-26T01:35:11.888+0000 7fa50bc00700 1 -- 172.21.15.100:0/3636210373 --> [v2:172.21.15.100:3300/0,v1:172.21.15.100:6789/0] -- mon_command({"prefix": "get_command_descriptions"} v 0) -- 0x7fa5040640a0 con 0x7fa5041085a0
2024-04-26T01:35:13.140 INFO:teuthology.orchestra.run.smithi100.stdout:/usr/bin/ceph: stderr
2024-04-26T01:35:11.889+0000 7fa501600700 1 --2- 172.21.15.100:0/3636210373 >> [v2:172.21.15.100:6800/466558262,v1:172.21.15.100:6801/466558262] conn(0x7fa4ec039720 0x7fa4ec03bbe0 unknown :-1 s=NONE pgs=0 cs=0 l=1 rev1=0 crypto rx=0 tx=0 comp rx=0 tx=0).connect
2024-04-26T01:35:13.140 INFO:teuthology.orchestra.run.smithi100.stdout:/usr/bin/ceph: stderr
2024-04-26T01:35:11.889+0000 7fa501600700 1 -- 172.21.15.100:0/3636210373 <== mon.0 v2:172.21.15.100:3300/0 5 ==== osd_map(3..3 src has 1..3) ==== 1155+0+0 (secure 0 0 0) 0x7fa4f804d990 con 0x7fa5041085a0
2024-04-26T01:35:13.140 INFO:teuthology.orchestra.run.smithi100.stdout:/usr/bin/ceph: stderr
2024-04-26T01:35:11.889+0000 7fa503e00700 1 --2- 172.21.15.100:0/3636210373 >> [v2:172.21.15.100:6800/466558262,v1:172.21.15.100:6801/466558262] conn(0x7fa4ec039720 0x7fa4ec03bbe0 unknown :-1 s=BANNER_CONNECTING pgs=0 cs=0 l=1 rev1=0 crypto rx=0 tx=0 comp rx=0 tx=0)._handle_peer_banner_payload supported=3 required=0
2024-04-26T01:35:13.140 INFO:teuthology.orchestra.run.smithi100.stdout:/usr/bin/ceph: stderr
2024-04-26T01:35:11.890+0000 7fa503e00700 1 --2- 172.21.15.100:0/3636210373 >> [v2:172.21.15.100:6800/466558262,v1:172.21.15.100:6801/466558262] conn(0x7fa4ec039720 0x7fa4ec03bbe0 secure :-1 s=READY pgs=9 cs=0 l=1 rev1=1 crypto rx=0x7fa4f0006fd0 tx=0x7fa4f0006e40 comp rx=0 tx=0).ready entity=mgr.14152 client_cookie=0 server_cookie=0 in_seq=0 out_seq=0
2024-04-26T01:35:13.140 INFO:teuthology.orchestra.run.smithi100.stdout:/usr/bin/ceph: stderr
2024-04-26T01:35:11.894+0000 7fa501600700 1 -- 172.21.15.100:0/3636210373 <== mon.0 v2:172.21.15.100:3300/0 6 ==== mon_command_ack([{"prefix": "get_command_descriptions"}]=0 v0) ==== 72+0+188370 (secure 0 0 0) 0x7fa4f800e260 con 0x7fa5041085a0
2024-04-26T01:35:13.140 INFO:teuthology.orchestra.run.smithi100.stdout:/usr/bin/ceph: stderr
2024-04-26T01:35:12.004+0000 7fa501600700 1 -- 172.21.15.100:0/3636210373 <== mon.0 v2:172.21.15.100:3300/0 7 ==== mgrmap(e 13) ==== 46615+0+0 (secure 0 0 0) 0x7fa4f801a430 con 0x7fa5041085a0
2024-04-26T01:35:13.141 INFO:teuthology.orchestra.run.smithi100.stdout:/usr/bin/ceph: stderr
2024-04-26T01:35:12.127+0000 7fa50bc00700 1 -- 172.21.15.100:0/3636210373 --> [v2:172.21.15.100:3300/0,v1:172.21.15.100:6789/0] -- mon_command({"prefix": "config get", "who": "mgr", "key": "mgr/dashboard/ssl_server_port"} v 0) -- 0x7fa5041a2080 con 0x7fa5041085a0
2024-04-26T01:35:13.141 INFO:teuthology.orchestra.run.smithi100.stdout:/usr/bin/ceph: stderr
2024-04-26T01:35:12.127+0000 7fa501600700 1 -- 172.21.15.100:0/3636210373 <== mon.0 v2:172.21.15.100:3300/0 8 ==== mon_command_ack([{"prefix": "config get", "who": "mgr", "key": "mgr/dashboard/ssl_server_port"}]=0 v8) ==== 112+0+5 (secure 0 0 0) 0x7fa4f80281c0 con 0x7fa5041085a0
2024-04-26T01:35:13.141 INFO:teuthology.orchestra.run.smithi100.stdout:/usr/bin/ceph: stderr
2024-04-26T01:35:12.130+0000 7fa50bc00700 1 -- 172.21.15.100:0/3636210373 >> [v2:172.21.15.100:6800/466558262,v1:172.21.15.100:6801/466558262] conn(0x7fa4ec039720 msgr2=0x7fa4ec03bbe0 secure :-1 s=STATE_CONNECTION_ESTABLISHED l=1).mark_down
2024-04-26T01:35:13.141 INFO:teuthology.orchestra.run.smithi100.stdout:/usr/bin/ceph: stderr
2024-04-26T01:35:12.130+0000 7fa50bc00700 1 --2- 172.21.15.100:0/3636210373 >> [v2:172.21.15.100:6800/466558262,v1:172.21.15.100:6801/466558262] conn(0x7fa4ec039720 0x7fa4ec03bbe0 secure :-1 s=READY pgs=9 cs=0 l=1 rev1=1 crypto rx=0x7fa4f0006fd0 tx=0x7fa4f0006e40 comp rx=0 tx=0).stop
2024-04-26T01:35:13.141 INFO:teuthology.orchestra.run.smithi100.stdout:/usr/bin/ceph: stderr
2024-04-26T01:35:12.130+0000 7fa50bc00700 1 -- 172.21.15.100:0/3636210373 >> [v2:172.21.15.100:3300/0,v1:172.21.15.100:6789/0] conn(0x7fa5041085a0 msgr2=0x7fa50419e610 secure :-1 s=STATE_CONNECTION_ESTABLISHED l=1).mark_down
2024-04-26T01:35:13.141 INFO:teuthology.orchestra.run.smithi100.stdout:/usr/bin/ceph: stderr
2024-04-26T01:35:12.130+0000 7fa50bc00700 1 --2- 172.21.15.100:0/3636210373 >> [v2:172.21.15.100:3300/0,v1:172.21.15.100:6789/0] conn(0x7fa5041085a0 0x7fa50419e610 secure :-1 s=READY pgs=75 cs=0 l=1 rev1=1 crypto rx=0x7fa4f8003f90 tx=0x7fa4f8011b70 comp rx=0 tx=0).stop
2024-04-26T01:35:13.141 INFO:teuthology.orchestra.run.smithi100.stdout:/usr/bin/ceph: stderr
2024-04-26T01:35:12.130+0000 7fa50bc00700 1 -- 172.21.15.100:0/3636210373 shutdown_connections
2024-04-26T01:35:13.141 INFO:teuthology.orchestra.run.smithi100.stdout:/usr/bin/ceph: stderr
2024-04-26T01:35:12.130+0000 7fa50bc00700 1 --2- 172.21.15.100:0/3636210373 >> [v2:172.21.15.100:6800/466558262,v1:172.21.15.100:6801/466558262] conn(0x7fa4ec039720 0x7fa4ec03bbe0 unknown :-1 s=CLOSED pgs=9 cs=0 l=1 rev1=1 crypto rx=0 tx=0 comp rx=0 tx=0).stop
2024-04-26T01:35:13.141 INFO:teuthology.orchestra.run.smithi100.stdout:/usr/bin/ceph: stderr
2024-04-26T01:35:12.130+0000 7fa50bc00700 1 --2- 172.21.15.100:0/3636210373 >> [v2:172.21.15.100:3300/0,v1:172.21.15.100:6789/0] conn(0x7fa5041085a0 0x7fa50419e610 unknown :-1 s=CLOSED pgs=75 cs=0 l=1 rev1=1 crypto rx=0 tx=0 comp rx=0 tx=0).stop
2024-04-26T01:35:13.141 INFO:teuthology.orchestra.run.smithi100.stdout:/usr/bin/ceph: stderr
2024-04-26T01:35:12.130+0000 7fa50bc00700 1 -- 172.21.15.100:0/3636210373 >> 172.21.15.100:0/3636210373 conn(0x7fa504103b80 msgr2=0x7fa504104530 unknown :-1 s=STATE_NONE l=0).mark_down
2024-04-26T01:35:13.141 INFO:teuthology.orchestra.run.smithi100.stdout:/usr/bin/ceph: stderr
2024-04-26T01:35:12.130+0000 7fa50bc00700 1 -- 172.21.15.100:0/3636210373 shutdown_connections
2024-04-26T01:35:13.141 INFO:teuthology.orchestra.run.smithi100.stdout:/usr/bin/ceph: stderr
2024-04-26T01:35:12.130+0000 7fa50bc00700 1 -- 172.21.15.100:0/3636210373 wait complete.
2024-04-26T01:35:13.166 INFO:teuthology.orchestra.run.smithi100.stdout:Non-zero exit code 1 from systemctl is-enabled firewalld.service
2024-04-26T01:35:13.166 INFO:teuthology.orchestra.run.smithi100.stdout:systemctl: stdout disabled
2024-04-26T01:35:13.188 INFO:teuthology.orchestra.run.smithi100.stdout:Non-zero exit code 3 from systemctl is-active firewalld.service
2024-04-26T01:35:13.188 INFO:teuthology.orchestra.run.smithi100.stdout:systemctl: stdout inactive
2024-04-26T01:35:13.188 INFO:teuthology.orchestra.run.smithi100.stdout:firewalld.service is not enabled
2024-04-26T01:35:13.188 INFO:teuthology.orchestra.run.smithi100.stdout:Not possible to open ports <[8443]>. firewalld.service is not available
2024-04-26T01:35:13.192 INFO:teuthology.orchestra.run.smithi100.stdout:Ceph Dashboard is now available at:
2024-04-26T01:35:13.192 INFO:teuthology.orchestra.run.smithi100.stdout:
2024-04-26T01:35:13.192 INFO:teuthology.orchestra.run.smithi100.stdout: URL: https://smithi100.front.sepia.ceph.com:8443/
2024-04-26T01:35:13.192 INFO:teuthology.orchestra.run.smithi100.stdout: User: admin
2024-04-26T01:35:13.192 INFO:teuthology.orchestra.run.smithi100.stdout: Password: q6wflmz7y0
2024-04-26T01:35:13.192 INFO:teuthology.orchestra.run.smithi100.stdout:
2024-04-26T01:35:13.193 INFO:teuthology.orchestra.run.smithi100.stdout:Saving cluster configuration to /var/lib/ceph/e2513004-036c-11ef-bc93-c7b262605968/config directory
2024-04-26T01:35:13.194 INFO:teuthology.orchestra.run.smithi100.stdout:Enabling autotune for osd_memory_target
2024-04-26T01:35:13.267 INFO:journalctl@ceph.mon.a.smithi100.stdout:Apr 26 01:35:13 smithi100 ceph-mon[28020]: mgrmap e13: x(active, since 6s)
2024-04-26T01:35:13.267 INFO:journalctl@ceph.mon.a.smithi100.stdout:Apr 26 01:35:13 smithi100 ceph-mon[28020]: from='client.? 172.21.15.100:0/3636210373' entity='client.admin' cmd=[{"prefix": "config get", "who": "mgr", "key": "mgr/dashboard/ssl_server_port"}]: dispatch
2024-04-26T01:35:14.734 INFO:teuthology.orchestra.run.smithi100.stdout:/usr/bin/ceph: stderr
2024-04-26T01:35:13.825+0000 7facafe00700 1 Processor -- start
2024-04-26T01:35:14.734 INFO:teuthology.orchestra.run.smithi100.stdout:/usr/bin/ceph: stderr
2024-04-26T01:35:13.825+0000 7facafe00700 1 -- start start
2024-04-26T01:35:14.734 INFO:teuthology.orchestra.run.smithi100.stdout:/usr/bin/ceph: stderr
2024-04-26T01:35:13.826+0000 7facafe00700 1 --2- >> [v2:172.21.15.100:3300/0,v1:172.21.15.100:6789/0] conn(0x7faca810f050 0x7faca810f470 unknown :-1 s=NONE pgs=0 cs=0 l=0 rev1=0 crypto rx=0 tx=0 comp rx=0 tx=0).connect
2024-04-26T01:35:14.734 INFO:teuthology.orchestra.run.smithi100.stdout:/usr/bin/ceph: stderr
2024-04-26T01:35:13.826+0000 7facafe00700 1 -- --> [v2:172.21.15.100:3300/0,v1:172.21.15.100:6789/0] -- mon_getmap magic: 0 -- 0x7faca810fa40 con 0x7faca810f050
2024-04-26T01:35:14.734 INFO:teuthology.orchestra.run.smithi100.stdout:/usr/bin/ceph: stderr
2024-04-26T01:35:13.826+0000 7facad400700 1 --2- >> [v2:172.21.15.100:3300/0,v1:172.21.15.100:6789/0] conn(0x7faca810f050 0x7faca810f470 unknown :-1 s=BANNER_CONNECTING pgs=0 cs=0 l=0 rev1=0 crypto rx=0 tx=0 comp rx=0 tx=0)._handle_peer_banner_payload supported=3 required=0
2024-04-26T01:35:14.735 INFO:teuthology.orchestra.run.smithi100.stdout:/usr/bin/ceph: stderr
2024-04-26T01:35:13.826+0000 7facad400700 1 --2- >> [v2:172.21.15.100:3300/0,v1:172.21.15.100:6789/0] conn(0x7faca810f050 0x7faca810f470 unknown :-1 s=HELLO_CONNECTING pgs=0 cs=0 l=0 rev1=1 crypto rx=0 tx=0 comp rx=0 tx=0).handle_hello peer v2:172.21.15.100:3300/0 says I am v2:172.21.15.100:36752/0 (socket says 172.21.15.100:36752)
2024-04-26T01:35:14.735 INFO:teuthology.orchestra.run.smithi100.stdout:/usr/bin/ceph: stderr
2024-04-26T01:35:13.826+0000 7facad400700 1 -- 172.21.15.100:0/260999545 learned_addr learned my addr 172.21.15.100:0/260999545 (peer_addr_for_me v2:172.21.15.100:0/0)
2024-04-26T01:35:14.735 INFO:teuthology.orchestra.run.smithi100.stdout:/usr/bin/ceph: stderr
2024-04-26T01:35:13.827+0000 7facad400700 1 -- 172.21.15.100:0/260999545 --> [v2:172.21.15.100:3300/0,v1:172.21.15.100:6789/0] -- mon_subscribe({config=0+,monmap=0+}) -- 0x7faca810fdd0 con 0x7faca810f050
2024-04-26T01:35:14.735 INFO:teuthology.orchestra.run.smithi100.stdout:/usr/bin/ceph: stderr
2024-04-26T01:35:13.827+0000 7facad400700 1 --2- 172.21.15.100:0/260999545 >> [v2:172.21.15.100:3300/0,v1:172.21.15.100:6789/0] conn(0x7faca810f050 0x7faca810f470 secure :-1 s=READY pgs=76 cs=0 l=1 rev1=1 crypto rx=0x7fac9c0098a0 tx=0x7fac9c009bb0 comp rx=0 tx=0).ready entity=mon.0 client_cookie=779b4b5d0a7622d0 server_cookie=0 in_seq=0 out_seq=0
2024-04-26T01:35:14.735 INFO:teuthology.orchestra.run.smithi100.stdout:/usr/bin/ceph: stderr
2024-04-26T01:35:13.827+0000 7faca7e00700 1 -- 172.21.15.100:0/260999545 <== mon.0 v2:172.21.15.100:3300/0 1 ==== mon_map magic: 0 ==== 205+0+0 (secure 0 0 0) 0x7fac9c004160 con 0x7faca810f050
2024-04-26T01:35:14.735 INFO:teuthology.orchestra.run.smithi100.stdout:/usr/bin/ceph: stderr
2024-04-26T01:35:13.827+0000 7faca7e00700 1 -- 172.21.15.100:0/260999545 <== mon.0 v2:172.21.15.100:3300/0 2 ==== config(27 keys) ==== 1135+0+0 (secure 0 0 0) 0x7fac9c004300 con 0x7faca810f050
2024-04-26T01:35:14.735 INFO:teuthology.orchestra.run.smithi100.stdout:/usr/bin/ceph: stderr
2024-04-26T01:35:13.827+0000 7faca7e00700 1 -- 172.21.15.100:0/260999545 <== mon.0 v2:172.21.15.100:3300/0 3 ==== mon_map magic: 0 ==== 205+0+0 (secure 0 0 0) 0x7fac9c011af0 con 0x7faca810f050
2024-04-26T01:35:14.735 INFO:teuthology.orchestra.run.smithi100.stdout:/usr/bin/ceph: stderr
2024-04-26T01:35:13.828+0000 7facafe00700 1 -- 172.21.15.100:0/260999545 >> [v2:172.21.15.100:3300/0,v1:172.21.15.100:6789/0] conn(0x7faca810f050 msgr2=0x7faca810f470 secure :-1 s=STATE_CONNECTION_ESTABLISHED l=1).mark_down
2024-04-26T01:35:14.735 INFO:teuthology.orchestra.run.smithi100.stdout:/usr/bin/ceph: stderr
2024-04-26T01:35:13.828+0000 7facafe00700 1 --2- 172.21.15.100:0/260999545 >> [v2:172.21.15.100:3300/0,v1:172.21.15.100:6789/0] conn(0x7faca810f050 0x7faca810f470 secure :-1 s=READY pgs=76 cs=0 l=1 rev1=1 crypto rx=0x7fac9c0098a0 tx=0x7fac9c009bb0 comp rx=0 tx=0).stop
2024-04-26T01:35:14.735 INFO:teuthology.orchestra.run.smithi100.stdout:/usr/bin/ceph: stderr
2024-04-26T01:35:13.828+0000 7facafe00700 1 -- 172.21.15.100:0/260999545 shutdown_connections
2024-04-26T01:35:14.735 INFO:teuthology.orchestra.run.smithi100.stdout:/usr/bin/ceph: stderr
2024-04-26T01:35:13.828+0000 7facafe00700 1 --2- 172.21.15.100:0/260999545 >> [v2:172.21.15.100:3300/0,v1:172.21.15.100:6789/0] conn(0x7faca810f050 0x7faca810f470 unknown :-1 s=CLOSED pgs=76 cs=0 l=1 rev1=1 crypto rx=0 tx=0 comp rx=0 tx=0).stop
2024-04-26T01:35:14.736 INFO:teuthology.orchestra.run.smithi100.stdout:/usr/bin/ceph: stderr
2024-04-26T01:35:13.828+0000 7facafe00700 1 -- 172.21.15.100:0/260999545 >> 172.21.15.100:0/260999545 conn(0x7faca807de00 msgr2=0x7faca8080220 unknown :-1 s=STATE_NONE l=0).mark_down
2024-04-26T01:35:14.736 INFO:teuthology.orchestra.run.smithi100.stdout:/usr/bin/ceph: stderr
2024-04-26T01:35:13.828+0000 7facafe00700 1 -- 172.21.15.100:0/260999545 shutdown_connections
2024-04-26T01:35:14.736 INFO:teuthology.orchestra.run.smithi100.stdout:/usr/bin/ceph: stderr
2024-04-26T01:35:13.828+0000 7facafe00700 1 -- 172.21.15.100:0/260999545 wait complete.
2024-04-26T01:35:14.736 INFO:teuthology.orchestra.run.smithi100.stdout:/usr/bin/ceph: stderr
2024-04-26T01:35:13.829+0000 7facafe00700 1 Processor -- start
2024-04-26T01:35:14.736 INFO:teuthology.orchestra.run.smithi100.stdout:/usr/bin/ceph: stderr
2024-04-26T01:35:13.830+0000 7facafe00700 1 -- start start
2024-04-26T01:35:14.736 INFO:teuthology.orchestra.run.smithi100.stdout:/usr/bin/ceph: stderr
2024-04-26T01:35:13.830+0000 7facafe00700 1 --2- >> [v2:172.21.15.100:3300/0,v1:172.21.15.100:6789/0] conn(0x7faca810f050 0x7faca81a2a00 unknown :-1 s=NONE pgs=0 cs=0 l=1 rev1=0 crypto rx=0 tx=0 comp rx=0 tx=0).connect
2024-04-26T01:35:14.736 INFO:teuthology.orchestra.run.smithi100.stdout:/usr/bin/ceph: stderr
2024-04-26T01:35:13.830+0000 7facafe00700 1 -- --> [v2:172.21.15.100:3300/0,v1:172.21.15.100:6789/0] -- mon_getmap magic: 0 -- 0x7faca8113180 con 0x7faca810f050
2024-04-26T01:35:14.736 INFO:teuthology.orchestra.run.smithi100.stdout:/usr/bin/ceph: stderr
2024-04-26T01:35:13.830+0000 7facad400700 1 --2- >> [v2:172.21.15.100:3300/0,v1:172.21.15.100:6789/0] conn(0x7faca810f050 0x7faca81a2a00 unknown :-1 s=BANNER_CONNECTING pgs=0 cs=0 l=1 rev1=0 crypto rx=0 tx=0 comp rx=0 tx=0)._handle_peer_banner_payload supported=3 required=0
2024-04-26T01:35:14.736 INFO:teuthology.orchestra.run.smithi100.stdout:/usr/bin/ceph: stderr
2024-04-26T01:35:13.830+0000 7facad400700 1 --2- >> [v2:172.21.15.100:3300/0,v1:172.21.15.100:6789/0] conn(0x7faca810f050 0x7faca81a2a00 unknown :-1 s=HELLO_CONNECTING pgs=0 cs=0 l=1 rev1=1 crypto rx=0 tx=0 comp rx=0 tx=0).handle_hello peer v2:172.21.15.100:3300/0 says I am v2:172.21.15.100:36762/0 (socket says 172.21.15.100:36762)
2024-04-26T01:35:14.736 INFO:teuthology.orchestra.run.smithi100.stdout:/usr/bin/ceph: stderr
2024-04-26T01:35:13.830+0000 7facad400700 1 -- 172.21.15.100:0/3155969648 learned_addr learned my addr 172.21.15.100:0/3155969648 (peer_addr_for_me v2:172.21.15.100:0/0)
2024-04-26T01:35:14.736 INFO:teuthology.orchestra.run.smithi100.stdout:/usr/bin/ceph: stderr
2024-04-26T01:35:13.831+0000 7facad400700 1 -- 172.21.15.100:0/3155969648 --> [v2:172.21.15.100:3300/0,v1:172.21.15.100:6789/0] -- mon_subscribe({config=0+,monmap=0+}) -- 0x7faca81a2f40 con 0x7faca810f050
2024-04-26T01:35:14.737 INFO:teuthology.orchestra.run.smithi100.stdout:/usr/bin/ceph: stderr
2024-04-26T01:35:13.831+0000 7facad400700 1 --2- 172.21.15.100:0/3155969648 >> [v2:172.21.15.100:3300/0,v1:172.21.15.100:6789/0] conn(0x7faca810f050 0x7faca81a2a00 secure :-1 s=READY pgs=77 cs=0 l=1 rev1=1 crypto rx=0x7fac9c003f90 tx=0x7fac9c011b70 comp rx=0 tx=0).ready entity=mon.0 client_cookie=0 server_cookie=0 in_seq=0 out_seq=0
2024-04-26T01:35:14.737 INFO:teuthology.orchestra.run.smithi100.stdout:/usr/bin/ceph: stderr
2024-04-26T01:35:13.831+0000 7faca6000700 1 -- 172.21.15.100:0/3155969648 <== mon.0 v2:172.21.15.100:3300/0 1 ==== mon_map magic: 0 ==== 205+0+0 (secure 0 0 0) 0x7fac9c0039e0 con 0x7faca810f050
2024-04-26T01:35:14.738 INFO:teuthology.orchestra.run.smithi100.stdout:/usr/bin/ceph: stderr
2024-04-26T01:35:13.831+0000 7faca6000700 1 -- 172.21.15.100:0/3155969648 <== mon.0 v2:172.21.15.100:3300/0 2 ==== config(27 keys) ==== 1135+0+0 (secure 0 0 0) 0x7fac9c003b80 con 0x7faca810f050
2024-04-26T01:35:14.738 INFO:teuthology.orchestra.run.smithi100.stdout:/usr/bin/ceph: stderr
2024-04-26T01:35:13.831+0000 7faca6000700 1 -- 172.21.15.100:0/3155969648 <== mon.0 v2:172.21.15.100:3300/0 3 ==== mon_map magic: 0 ==== 205+0+0 (secure 0 0 0) 0x7fac9c0196e0 con 0x7faca810f050
2024-04-26T01:35:14.738 INFO:teuthology.orchestra.run.smithi100.stdout:/usr/bin/ceph: stderr
2024-04-26T01:35:13.831+0000 7facafe00700 1 -- 172.21.15.100:0/3155969648 --> [v2:172.21.15.100:3300/0,v1:172.21.15.100:6789/0] -- mon_subscribe({mgrmap=0+}) -- 0x7faca81a31d0 con 0x7faca810f050
2024-04-26T01:35:14.738 INFO:teuthology.orchestra.run.smithi100.stdout:/usr/bin/ceph: stderr
2024-04-26T01:35:13.831+0000 7facafe00700 1 -- 172.21.15.100:0/3155969648 --> [v2:172.21.15.100:3300/0,v1:172.21.15.100:6789/0] -- mon_subscribe({osdmap=0}) -- 0x7faca81a5ec0 con 0x7faca810f050
2024-04-26T01:35:14.738 INFO:teuthology.orchestra.run.smithi100.stdout:/usr/bin/ceph: stderr
2024-04-26T01:35:13.832+0000 7faca6000700 1 -- 172.21.15.100:0/3155969648 <== mon.0 v2:172.21.15.100:3300/0 4 ==== mgrmap(e 13) ==== 46615+0+0 (secure 0 0 0) 0x7fac9c022020 con 0x7faca810f050
2024-04-26T01:35:14.738 INFO:teuthology.orchestra.run.smithi100.stdout:/usr/bin/ceph: stderr
2024-04-26T01:35:13.832+0000 7facafe00700 1 -- 172.21.15.100:0/3155969648 --> [v2:172.21.15.100:3300/0,v1:172.21.15.100:6789/0] -- mon_command({"prefix": "get_command_descriptions"} v 0) -- 0x7faca80640a0 con 0x7faca810f050
2024-04-26T01:35:14.738 INFO:teuthology.orchestra.run.smithi100.stdout:/usr/bin/ceph: stderr
2024-04-26T01:35:13.833+0000 7faca6000700 1 --2- 172.21.15.100:0/3155969648 >> [v2:172.21.15.100:6800/466558262,v1:172.21.15.100:6801/466558262] conn(0x7fac900397c0 0x7fac9003bc80 unknown :-1 s=NONE pgs=0 cs=0 l=1 rev1=0 crypto rx=0 tx=0 comp rx=0 tx=0).connect
2024-04-26T01:35:14.738 INFO:teuthology.orchestra.run.smithi100.stdout:/usr/bin/ceph: stderr
2024-04-26T01:35:13.833+0000 7faca6000700 1 -- 172.21.15.100:0/3155969648 <== mon.0 v2:172.21.15.100:3300/0 5 ==== osd_map(3..3 src has 1..3) ==== 1155+0+0 (secure 0 0 0) 0x7fac9c04daa0 con 0x7faca810f050
2024-04-26T01:35:14.738 INFO:teuthology.orchestra.run.smithi100.stdout:/usr/bin/ceph: stderr
2024-04-26T01:35:13.833+0000 7facaca00700 1 --2- 172.21.15.100:0/3155969648 >> [v2:172.21.15.100:6800/466558262,v1:172.21.15.100:6801/466558262] conn(0x7fac900397c0 0x7fac9003bc80 unknown :-1 s=BANNER_CONNECTING pgs=0 cs=0 l=1 rev1=0 crypto rx=0 tx=0 comp rx=0 tx=0)._handle_peer_banner_payload supported=3 required=0
2024-04-26T01:35:14.738 INFO:teuthology.orchestra.run.smithi100.stdout:/usr/bin/ceph: stderr
2024-04-26T01:35:13.834+0000 7facaca00700 1 --2- 172.21.15.100:0/3155969648 >> [v2:172.21.15.100:6800/466558262,v1:172.21.15.100:6801/466558262] conn(0x7fac900397c0 0x7fac9003bc80 secure :-1 s=READY pgs=10 cs=0 l=1 rev1=1 crypto rx=0x7fac94006fd0 tx=0x7fac94006e40 comp rx=0 tx=0).ready entity=mgr.14152 client_cookie=0 server_cookie=0 in_seq=0 out_seq=0
2024-04-26T01:35:14.739 INFO:teuthology.orchestra.run.smithi100.stdout:/usr/bin/ceph: stderr
2024-04-26T01:35:13.838+0000 7faca6000700 1 -- 172.21.15.100:0/3155969648 <== mon.0 v2:172.21.15.100:3300/0 6 ==== mon_command_ack([{"prefix": "get_command_descriptions"}]=0 v0) ==== 72+0+188370 (secure 0 0 0) 0x7fac9c00f2e0 con 0x7faca810f050
2024-04-26T01:35:14.739 INFO:teuthology.orchestra.run.smithi100.stdout:/usr/bin/ceph: stderr
2024-04-26T01:35:14.061+0000 7facafe00700 1 -- 172.21.15.100:0/3155969648 --> [v2:172.21.15.100:3300/0,v1:172.21.15.100:6789/0] -- mon_command([{prefix=config set, name=osd_memory_target_autotune}] v 0) -- 0x7faca81a64e0 con 0x7faca810f050
2024-04-26T01:35:14.739 INFO:teuthology.orchestra.run.smithi100.stdout:/usr/bin/ceph: stderr
2024-04-26T01:35:14.062+0000 7faca6000700 1 -- 172.21.15.100:0/3155969648 <== mon.0 v2:172.21.15.100:3300/0 7 ==== mon_command_ack([{prefix=config set, name=osd_memory_target_autotune}]=0 v8)=0 v8) ==== 127+0+0 (secure 0 0 0) 0x7fac9c01a430 con 0x7faca810f050
2024-04-26T01:35:14.739 INFO:teuthology.orchestra.run.smithi100.stdout:/usr/bin/ceph: stderr
2024-04-26T01:35:14.064+0000 7facafe00700 1 -- 172.21.15.100:0/3155969648 >> [v2:172.21.15.100:6800/466558262,v1:172.21.15.100:6801/466558262] conn(0x7fac900397c0 msgr2=0x7fac9003bc80 secure :-1 s=STATE_CONNECTION_ESTABLISHED l=1).mark_down
2024-04-26T01:35:14.739 INFO:teuthology.orchestra.run.smithi100.stdout:/usr/bin/ceph: stderr
2024-04-26T01:35:14.064+0000 7facafe00700 1 --2- 172.21.15.100:0/3155969648 >> [v2:172.21.15.100:6800/466558262,v1:172.21.15.100:6801/466558262] conn(0x7fac900397c0 0x7fac9003bc80 secure :-1 s=READY pgs=10 cs=0 l=1 rev1=1 crypto rx=0x7fac94006fd0 tx=0x7fac94006e40 comp rx=0 tx=0).stop
2024-04-26T01:35:14.739 INFO:teuthology.orchestra.run.smithi100.stdout:/usr/bin/ceph: stderr
2024-04-26T01:35:14.064+0000 7facafe00700 1 -- 172.21.15.100:0/3155969648 >> [v2:172.21.15.100:3300/0,v1:172.21.15.100:6789/0] conn(0x7faca810f050 msgr2=0x7faca81a2a00 secure :-1 s=STATE_CONNECTION_ESTABLISHED l=1).mark_down
2024-04-26T01:35:14.739 INFO:teuthology.orchestra.run.smithi100.stdout:/usr/bin/ceph: stderr
2024-04-26T01:35:14.064+0000 7facafe00700 1 --2- 172.21.15.100:0/3155969648 >> [v2:172.21.15.100:3300/0,v1:172.21.15.100:6789/0] conn(0x7faca810f050 0x7faca81a2a00 secure :-1 s=READY pgs=77 cs=0 l=1 rev1=1 crypto rx=0x7fac9c003f90 tx=0x7fac9c011b70 comp rx=0 tx=0).stop
2024-04-26T01:35:14.739 INFO:teuthology.orchestra.run.smithi100.stdout:/usr/bin/ceph: stderr
2024-04-26T01:35:14.065+0000 7facafe00700 1 -- 172.21.15.100:0/3155969648 shutdown_connections
2024-04-26T01:35:14.739 INFO:teuthology.orchestra.run.smithi100.stdout:/usr/bin/ceph: stderr
2024-04-26T01:35:14.065+0000 7facafe00700 1 --2- 172.21.15.100:0/3155969648 >> [v2:172.21.15.100:6800/466558262,v1:172.21.15.100:6801/466558262] conn(0x7fac900397c0 0x7fac9003bc80 unknown :-1 s=CLOSED pgs=10 cs=0 l=1 rev1=1 crypto rx=0 tx=0 comp rx=0 tx=0).stop
2024-04-26T01:35:14.739 INFO:teuthology.orchestra.run.smithi100.stdout:/usr/bin/ceph: stderr
2024-04-26T01:35:14.065+0000 7facafe00700 1 --2- 172.21.15.100:0/3155969648 >> [v2:172.21.15.100:3300/0,v1:172.21.15.100:6789/0] conn(0x7faca810f050 0x7faca81a2a00 unknown :-1 s=CLOSED pgs=77 cs=0 l=1 rev1=1 crypto rx=0 tx=0 comp rx=0 tx=0).stop
2024-04-26T01:35:14.739 INFO:teuthology.orchestra.run.smithi100.stdout:/usr/bin/ceph: stderr
2024-04-26T01:35:14.065+0000 7facafe00700 1 -- 172.21.15.100:0/3155969648 >> 172.21.15.100:0/3155969648 conn(0x7faca807de00 msgr2=0x7faca807f780 unknown :-1 s=STATE_NONE l=0).mark_down
2024-04-26T01:35:14.739 INFO:teuthology.orchestra.run.smithi100.stdout:/usr/bin/ceph: stderr
2024-04-26T01:35:14.065+0000 7facafe00700 1 -- 172.21.15.100:0/3155969648 shutdown_connections
2024-04-26T01:35:14.739 INFO:teuthology.orchestra.run.smithi100.stdout:/usr/bin/ceph: stderr
2024-04-26T01:35:14.065+0000 7facafe00700 1 -- 172.21.15.100:0/3155969648 wait complete.
2024-04-26T01:35:16.316 INFO:teuthology.orchestra.run.smithi100.stdout:/usr/bin/ceph: stderr
2024-04-26T01:35:15.348+0000 7f89c7e00700 1 Processor -- start
2024-04-26T01:35:16.316 INFO:teuthology.orchestra.run.smithi100.stdout:/usr/bin/ceph: stderr
2024-04-26T01:35:15.348+0000 7f89c7e00700 1 -- start start
2024-04-26T01:35:16.316 INFO:teuthology.orchestra.run.smithi100.stdout:/usr/bin/ceph: stderr
2024-04-26T01:35:15.349+0000 7f89c7e00700 1 --2- >> [v2:172.21.15.100:3300/0,v1:172.21.15.100:6789/0] conn(0x7f89c0109010 0x7f89c010b400 unknown :-1 s=NONE pgs=0 cs=0 l=0 rev1=0 crypto rx=0 tx=0 comp rx=0 tx=0).connect
2024-04-26T01:35:16.316 INFO:teuthology.orchestra.run.smithi100.stdout:/usr/bin/ceph: stderr
2024-04-26T01:35:15.349+0000 7f89c7e00700 1 -- --> [v2:172.21.15.100:3300/0,v1:172.21.15.100:6789/0] -- mon_getmap magic: 0 -- 0x7f89c007bea0 con 0x7f89c0109010
2024-04-26T01:35:16.316 INFO:teuthology.orchestra.run.smithi100.stdout:/usr/bin/ceph: stderr
2024-04-26T01:35:15.349+0000 7f89c5400700 1 --2- >> [v2:172.21.15.100:3300/0,v1:172.21.15.100:6789/0] conn(0x7f89c0109010 0x7f89c010b400 unknown :-1 s=BANNER_CONNECTING pgs=0 cs=0 l=0 rev1=0 crypto rx=0 tx=0 comp rx=0 tx=0)._handle_peer_banner_payload supported=3 required=0
2024-04-26T01:35:16.316 INFO:teuthology.orchestra.run.smithi100.stdout:/usr/bin/ceph: stderr
2024-04-26T01:35:15.349+0000 7f89c5400700 1 --2- >> [v2:172.21.15.100:3300/0,v1:172.21.15.100:6789/0] conn(0x7f89c0109010 0x7f89c010b400 unknown :-1 s=HELLO_CONNECTING pgs=0 cs=0 l=0 rev1=1 crypto rx=0 tx=0 comp rx=0 tx=0).handle_hello peer v2:172.21.15.100:3300/0 says I am v2:172.21.15.100:36776/0 (socket says 172.21.15.100:36776)
2024-04-26T01:35:16.318 INFO:teuthology.orchestra.run.smithi100.stdout:/usr/bin/ceph: stderr
2024-04-26T01:35:15.349+0000 7f89c5400700 1 -- 172.21.15.100:0/2654896508 learned_addr learned my addr 172.21.15.100:0/2654896508 (peer_addr_for_me v2:172.21.15.100:0/0)
2024-04-26T01:35:16.318 INFO:teuthology.orchestra.run.smithi100.stdout:/usr/bin/ceph: stderr
2024-04-26T01:35:15.350+0000 7f89c5400700 1 -- 172.21.15.100:0/2654896508 --> [v2:172.21.15.100:3300/0,v1:172.21.15.100:6789/0] -- mon_subscribe({config=0+,monmap=0+}) -- 0x7f89c010b940 con 0x7f89c0109010
2024-04-26T01:35:16.319 INFO:teuthology.orchestra.run.smithi100.stdout:/usr/bin/ceph: stderr
2024-04-26T01:35:15.350+0000 7f89c5400700 1 --2- 172.21.15.100:0/2654896508 >> [v2:172.21.15.100:3300/0,v1:172.21.15.100:6789/0] conn(0x7f89c0109010 0x7f89c010b400 secure :-1 s=READY pgs=78 cs=0 l=1 rev1=1 crypto rx=0x7f89b40098a0 tx=0x7f89b4009bb0 comp rx=0 tx=0).ready entity=mon.0 client_cookie=ca13766ddf3de591 server_cookie=0 in_seq=0 out_seq=0
2024-04-26T01:35:16.319 INFO:teuthology.orchestra.run.smithi100.stdout:/usr/bin/ceph: stderr
2024-04-26T01:35:15.350+0000 7f89bfe00700 1 -- 172.21.15.100:0/2654896508 <== mon.0 v2:172.21.15.100:3300/0 1 ==== mon_map magic: 0 ==== 205+0+0 (secure 0 0 0) 0x7f89b4004160 con 0x7f89c0109010
2024-04-26T01:35:16.319 INFO:teuthology.orchestra.run.smithi100.stdout:/usr/bin/ceph: stderr
2024-04-26T01:35:15.350+0000 7f89bfe00700 1 -- 172.21.15.100:0/2654896508 <== mon.0 v2:172.21.15.100:3300/0 2 ==== config(27 keys) ==== 1135+0+0 (secure 0 0 0) 0x7f89b4004300 con 0x7f89c0109010
2024-04-26T01:35:16.319 INFO:teuthology.orchestra.run.smithi100.stdout:/usr/bin/ceph: stderr
2024-04-26T01:35:15.350+0000 7f89bfe00700 1 -- 172.21.15.100:0/2654896508 <== mon.0 v2:172.21.15.100:3300/0 3 ==== mon_map magic: 0 ==== 205+0+0 (secure 0 0 0) 0x7f89b4011af0 con 0x7f89c0109010
2024-04-26T01:35:16.319 INFO:teuthology.orchestra.run.smithi100.stdout:/usr/bin/ceph: stderr
2024-04-26T01:35:15.351+0000 7f89c7e00700 1 -- 172.21.15.100:0/2654896508 >> [v2:172.21.15.100:3300/0,v1:172.21.15.100:6789/0] conn(0x7f89c0109010 msgr2=0x7f89c010b400 secure :-1 s=STATE_CONNECTION_ESTABLISHED l=1).mark_down
2024-04-26T01:35:16.319 INFO:teuthology.orchestra.run.smithi100.stdout:/usr/bin/ceph: stderr
2024-04-26T01:35:15.351+0000 7f89c7e00700 1 --2- 172.21.15.100:0/2654896508 >> [v2:172.21.15.100:3300/0,v1:172.21.15.100:6789/0] conn(0x7f89c0109010 0x7f89c010b400 secure :-1 s=READY pgs=78 cs=0 l=1 rev1=1 crypto rx=0x7f89b40098a0 tx=0x7f89b4009bb0 comp rx=0 tx=0).stop
2024-04-26T01:35:16.319 INFO:teuthology.orchestra.run.smithi100.stdout:/usr/bin/ceph: stderr
2024-04-26T01:35:15.351+0000 7f89c7e00700 1 -- 172.21.15.100:0/2654896508 shutdown_connections
2024-04-26T01:35:16.319 INFO:teuthology.orchestra.run.smithi100.stdout:/usr/bin/ceph: stderr
2024-04-26T01:35:15.351+0000 7f89c7e00700 1 --2- 172.21.15.100:0/2654896508 >> [v2:172.21.15.100:3300/0,v1:172.21.15.100:6789/0] conn(0x7f89c0109010 0x7f89c010b400 unknown :-1 s=CLOSED pgs=78 cs=0 l=1 rev1=1 crypto rx=0 tx=0 comp rx=0 tx=0).stop
2024-04-26T01:35:16.319 INFO:teuthology.orchestra.run.smithi100.stdout:/usr/bin/ceph: stderr
2024-04-26T01:35:15.351+0000 7f89c7e00700 1 -- 172.21.15.100:0/2654896508 >> 172.21.15.100:0/2654896508 conn(0x7f89c0102a40 msgr2=0x7f89c0104e80 unknown :-1 s=STATE_NONE l=0).mark_down
2024-04-26T01:35:16.319 INFO:teuthology.orchestra.run.smithi100.stdout:/usr/bin/ceph: stderr
2024-04-26T01:35:15.351+0000 7f89c7e00700 1 -- 172.21.15.100:0/2654896508 shutdown_connections
2024-04-26T01:35:16.319 INFO:teuthology.orchestra.run.smithi100.stdout:/usr/bin/ceph: stderr
2024-04-26T01:35:15.351+0000 7f89c7e00700 1 -- 172.21.15.100:0/2654896508 wait complete.
2024-04-26T01:35:16.319 INFO:teuthology.orchestra.run.smithi100.stdout:/usr/bin/ceph: stderr
2024-04-26T01:35:15.352+0000 7f89c7e00700 1 Processor -- start
2024-04-26T01:35:16.319 INFO:teuthology.orchestra.run.smithi100.stdout:/usr/bin/ceph: stderr
2024-04-26T01:35:15.352+0000 7f89c7e00700 1 -- start start
2024-04-26T01:35:16.320 INFO:teuthology.orchestra.run.smithi100.stdout:/usr/bin/ceph: stderr
2024-04-26T01:35:15.353+0000 7f89c7e00700 1 --2- >> [v2:172.21.15.100:3300/0,v1:172.21.15.100:6789/0] conn(0x7f89c0109010 0x7f89c019c420 unknown :-1 s=NONE pgs=0 cs=0 l=1 rev1=0 crypto rx=0 tx=0 comp rx=0 tx=0).connect
2024-04-26T01:35:16.323 INFO:teuthology.orchestra.run.smithi100.stdout:/usr/bin/ceph: stderr
2024-04-26T01:35:15.353+0000 7f89c7e00700 1 -- --> [v2:172.21.15.100:3300/0,v1:172.21.15.100:6789/0] -- mon_getmap magic: 0 -- 0x7f89c010c9b0 con 0x7f89c0109010
2024-04-26T01:35:16.323 INFO:teuthology.orchestra.run.smithi100.stdout:/usr/bin/ceph: stderr
2024-04-26T01:35:15.353+0000 7f89c5400700 1 --2- >> [v2:172.21.15.100:3300/0,v1:172.21.15.100:6789/0] conn(0x7f89c0109010 0x7f89c019c420 unknown :-1 s=BANNER_CONNECTING pgs=0 cs=0 l=1 rev1=0 crypto rx=0 tx=0 comp rx=0 tx=0)._handle_peer_banner_payload supported=3 required=0
2024-04-26T01:35:16.323 INFO:teuthology.orchestra.run.smithi100.stdout:/usr/bin/ceph: stderr
2024-04-26T01:35:15.353+0000 7f89c5400700 1 --2- >> [v2:172.21.15.100:3300/0,v1:172.21.15.100:6789/0] conn(0x7f89c0109010 0x7f89c019c420 unknown :-1 s=HELLO_CONNECTING pgs=0 cs=0 l=1 rev1=1 crypto rx=0 tx=0 comp rx=0 tx=0).handle_hello peer v2:172.21.15.100:3300/0 says I am v2:172.21.15.100:36784/0 (socket says 172.21.15.100:36784)
2024-04-26T01:35:16.323 INFO:teuthology.orchestra.run.smithi100.stdout:/usr/bin/ceph: stderr
2024-04-26T01:35:15.353+0000 7f89c5400700 1 -- 172.21.15.100:0/69946453 learned_addr learned my addr 172.21.15.100:0/69946453 (peer_addr_for_me v2:172.21.15.100:0/0)
2024-04-26T01:35:16.323 INFO:teuthology.orchestra.run.smithi100.stdout:/usr/bin/ceph: stderr
2024-04-26T01:35:15.354+0000 7f89c5400700 1 -- 172.21.15.100:0/69946453 --> [v2:172.21.15.100:3300/0,v1:172.21.15.100:6789/0] -- mon_subscribe({config=0+,monmap=0+}) -- 0x7f89c019c960 con 0x7f89c0109010
2024-04-26T01:35:16.323 INFO:teuthology.orchestra.run.smithi100.stdout:/usr/bin/ceph: stderr
2024-04-26T01:35:15.354+0000 7f89c5400700 1 --2- 172.21.15.100:0/69946453 >> [v2:172.21.15.100:3300/0,v1:172.21.15.100:6789/0] conn(0x7f89c0109010 0x7f89c019c420 secure :-1 s=READY pgs=79 cs=0 l=1 rev1=1 crypto rx=0x7f89b4003f90 tx=0x7f89b4011b70 comp rx=0 tx=0).ready entity=mon.0 client_cookie=0 server_cookie=0 in_seq=0 out_seq=0
2024-04-26T01:35:16.323 INFO:teuthology.orchestra.run.smithi100.stdout:/usr/bin/ceph: stderr
2024-04-26T01:35:15.354+0000 7f89be000700 1 -- 172.21.15.100:0/69946453 <== mon.0 v2:172.21.15.100:3300/0 1 ==== mon_map magic: 0 ==== 205+0+0 (secure 0 0 0) 0x7f89b40039e0 con 0x7f89c0109010
2024-04-26T01:35:16.323 INFO:teuthology.orchestra.run.smithi100.stdout:/usr/bin/ceph: stderr
2024-04-26T01:35:15.354+0000 7f89be000700 1 -- 172.21.15.100:0/69946453 <== mon.0 v2:172.21.15.100:3300/0 2 ==== config(27 keys) ==== 1135+0+0 (secure 0 0 0) 0x7f89b4003b80 con 0x7f89c0109010
2024-04-26T01:35:16.323 INFO:teuthology.orchestra.run.smithi100.stdout:/usr/bin/ceph: stderr
2024-04-26T01:35:15.354+0000 7f89be000700 1 -- 172.21.15.100:0/69946453 <== mon.0 v2:172.21.15.100:3300/0 3 ==== mon_map magic: 0 ==== 205+0+0 (secure 0 0 0) 0x7f89b40196e0 con 0x7f89c0109010
2024-04-26T01:35:16.324 INFO:teuthology.orchestra.run.smithi100.stdout:/usr/bin/ceph: stderr
2024-04-26T01:35:15.354+0000 7f89c7e00700 1 -- 172.21.15.100:0/69946453 --> [v2:172.21.15.100:3300/0,v1:172.21.15.100:6789/0] -- mon_subscribe({mgrmap=0+}) -- 0x7f89c019cbf0 con 0x7f89c0109010
2024-04-26T01:35:16.324 INFO:teuthology.orchestra.run.smithi100.stdout:/usr/bin/ceph: stderr
2024-04-26T01:35:15.354+0000 7f89c7e00700 1 -- 172.21.15.100:0/69946453 --> [v2:172.21.15.100:3300/0,v1:172.21.15.100:6789/0] -- mon_subscribe({osdmap=0}) -- 0x7f89c019f8e0 con 0x7f89c0109010
2024-04-26T01:35:16.324 INFO:teuthology.orchestra.run.smithi100.stdout:/usr/bin/ceph: stderr
2024-04-26T01:35:15.355+0000 7f89c7e00700 1 -- 172.21.15.100:0/69946453 --> [v2:172.21.15.100:3300/0,v1:172.21.15.100:6789/0] -- mon_command({"prefix": "get_command_descriptions"} v 0) -- 0x7f89c00640a0 con 0x7f89c0109010
2024-04-26T01:35:16.324 INFO:teuthology.orchestra.run.smithi100.stdout:/usr/bin/ceph: stderr
2024-04-26T01:35:15.355+0000 7f89be000700 1 -- 172.21.15.100:0/69946453 <== mon.0 v2:172.21.15.100:3300/0 4 ==== mgrmap(e 13) ==== 46615+0+0 (secure 0 0 0) 0x7f89b4022020 con 0x7f89c0109010
2024-04-26T01:35:16.324 INFO:teuthology.orchestra.run.smithi100.stdout:/usr/bin/ceph: stderr
