2024-04-26T01:34:47.379+0000 7f268aa00700 1 -- 172.21.15.100:0/2927927765 <== mon.0 v2:172.21.15.100:3300/0 2 ==== config(27 keys) ==== 1104+0+0 (secure 0 0 0) 0x7f2684003cd0 con 0x7f269410f050
2024-04-26T01:34:49.331 INFO:teuthology.orchestra.run.smithi100.stdout:/usr/bin/ceph: stderr
2024-04-26T01:34:47.379+0000 7f2698e00700 1 -- 172.21.15.100:0/2927927765 --> [v2:172.21.15.100:3300/0,v1:172.21.15.100:6789/0] -- mon_subscribe({mgrmap=0+}) -- 0x7f26941a31a0 con 0x7f269410f050
2024-04-26T01:34:49.331 INFO:teuthology.orchestra.run.smithi100.stdout:/usr/bin/ceph: stderr
2024-04-26T01:34:47.379+0000 7f268aa00700 1 -- 172.21.15.100:0/2927927765 <== mon.0 v2:172.21.15.100:3300/0 3 ==== mon_map magic: 0 ==== 205+0+0 (secure 0 0 0) 0x7f268401a830 con 0x7f269410f050
2024-04-26T01:34:49.331 INFO:teuthology.orchestra.run.smithi100.stdout:/usr/bin/ceph: stderr
2024-04-26T01:34:47.379+0000 7f2698e00700 1 -- 172.21.15.100:0/2927927765 --> [v2:172.21.15.100:3300/0,v1:172.21.15.100:6789/0] -- mon_subscribe({osdmap=0}) -- 0x7f26941a3600 con 0x7f269410f050
2024-04-26T01:34:49.331 INFO:teuthology.orchestra.run.smithi100.stdout:/usr/bin/ceph: stderr
2024-04-26T01:34:47.380+0000 7f2698e00700 1 -- 172.21.15.100:0/2927927765 --> [v2:172.21.15.100:3300/0,v1:172.21.15.100:6789/0] -- mon_command({"prefix": "get_command_descriptions"} v 0) -- 0x7f26940640a0 con 0x7f269410f050
2024-04-26T01:34:49.331 INFO:teuthology.orchestra.run.smithi100.stdout:/usr/bin/ceph: stderr
2024-04-26T01:34:47.381+0000 7f268aa00700 1 -- 172.21.15.100:0/2927927765 <== mon.0 v2:172.21.15.100:3300/0 4 ==== mgrmap(e 8) ==== 46558+0+0 (secure 0 0 0) 0x7f2684024440 con 0x7f269410f050
2024-04-26T01:34:49.331 INFO:teuthology.orchestra.run.smithi100.stdout:/usr/bin/ceph: stderr
2024-04-26T01:34:47.381+0000 7f268aa00700 1 --2- 172.21.15.100:0/2927927765 >> [v2:172.21.15.100:6800/2011962330,v1:172.21.15.100:6801/2011962330] conn(0x7f2678039670 0x7f267803bb30 unknown :-1 s=NONE pgs=0 cs=0 l=1 rev1=0 crypto rx=0 tx=0 comp rx=0 tx=0).connect
2024-04-26T01:34:49.332 INFO:teuthology.orchestra.run.smithi100.stdout:/usr/bin/ceph: stderr
2024-04-26T01:34:47.381+0000 7f268aa00700 1 -- 172.21.15.100:0/2927927765 <== mon.0 v2:172.21.15.100:3300/0 5 ==== osd_map(2..2 src has 1..2) ==== 940+0+0 (secure 0 0 0) 0x7f268404da70 con 0x7f269410f050
2024-04-26T01:34:49.332 INFO:teuthology.orchestra.run.smithi100.stdout:/usr/bin/ceph: stderr
2024-04-26T01:34:47.381+0000 7f2691400700 1 --2- 172.21.15.100:0/2927927765 >> [v2:172.21.15.100:6800/2011962330,v1:172.21.15.100:6801/2011962330] conn(0x7f2678039670 0x7f267803bb30 unknown :-1 s=BANNER_CONNECTING pgs=0 cs=0 l=1 rev1=0 crypto rx=0 tx=0 comp rx=0 tx=0)._handle_peer_banner_payload supported=3 required=0
2024-04-26T01:34:49.332 INFO:teuthology.orchestra.run.smithi100.stdout:/usr/bin/ceph: stderr
2024-04-26T01:34:47.382+0000 7f2691400700 1 --2- 172.21.15.100:0/2927927765 >> [v2:172.21.15.100:6800/2011962330,v1:172.21.15.100:6801/2011962330] conn(0x7f2678039670 0x7f267803bb30 secure :-1 s=READY pgs=12 cs=0 l=1 rev1=1 crypto rx=0x7f2680006fd0 tx=0x7f2680006e40 comp rx=0 tx=0).ready entity=mgr.14120 client_cookie=0 server_cookie=0 in_seq=0 out_seq=0
2024-04-26T01:34:49.332 INFO:teuthology.orchestra.run.smithi100.stdout:/usr/bin/ceph: stderr
2024-04-26T01:34:47.387+0000 7f268aa00700 1 -- 172.21.15.100:0/2927927765 <== mon.0 v2:172.21.15.100:3300/0 6 ==== mon_command_ack([{"prefix": "get_command_descriptions"}]=0 v0) ==== 72+0+188370 (secure 0 0 0) 0x7f268400e260 con 0x7f269410f050
2024-04-26T01:34:49.332 INFO:teuthology.orchestra.run.smithi100.stdout:/usr/bin/ceph: stderr
2024-04-26T01:34:47.669+0000 7f2698e00700 1 -- 172.21.15.100:0/2927927765 --> [v2:172.21.15.100:6800/2011962330,v1:172.21.15.100:6801/2011962330] -- mgr_command(tid 0: {"prefix": "orch apply", "service_type": "mon", "unmanaged": true, "target": ["mon-mgr", ""]}) -- 0x7f269407ed60 con 0x7f2678039670
2024-04-26T01:34:49.332 INFO:teuthology.orchestra.run.smithi100.stdout:/usr/bin/ceph: stderr
2024-04-26T01:34:47.677+0000 7f268aa00700 1 -- 172.21.15.100:0/2927927765 <== mgr.14120 v2:172.21.15.100:6800/2011962330 1 ==== mgr_command_reply(tid 0: 0 ) ==== 8+0+24 (secure 0 0 0) 0x7f269407ed60 con 0x7f2678039670
2024-04-26T01:34:49.332 INFO:teuthology.orchestra.run.smithi100.stdout:/usr/bin/ceph: stderr
2024-04-26T01:34:47.680+0000 7f2698e00700 1 -- 172.21.15.100:0/2927927765 >> [v2:172.21.15.100:6800/2011962330,v1:172.21.15.100:6801/2011962330] conn(0x7f2678039670 msgr2=0x7f267803bb30 secure :-1 s=STATE_CONNECTION_ESTABLISHED l=1).mark_down
2024-04-26T01:34:49.332 INFO:teuthology.orchestra.run.smithi100.stdout:/usr/bin/ceph: stderr
2024-04-26T01:34:47.680+0000 7f2698e00700 1 --2- 172.21.15.100:0/2927927765 >> [v2:172.21.15.100:6800/2011962330,v1:172.21.15.100:6801/2011962330] conn(0x7f2678039670 0x7f267803bb30 secure :-1 s=READY pgs=12 cs=0 l=1 rev1=1 crypto rx=0x7f2680006fd0 tx=0x7f2680006e40 comp rx=0 tx=0).stop
2024-04-26T01:34:49.332 INFO:teuthology.orchestra.run.smithi100.stdout:/usr/bin/ceph: stderr
2024-04-26T01:34:47.680+0000 7f2698e00700 1 -- 172.21.15.100:0/2927927765 >> [v2:172.21.15.100:3300/0,v1:172.21.15.100:6789/0] conn(0x7f269410f050 msgr2=0x7f26941a29d0 secure :-1 s=STATE_CONNECTION_ESTABLISHED l=1).mark_down
2024-04-26T01:34:49.332 INFO:teuthology.orchestra.run.smithi100.stdout:/usr/bin/ceph: stderr
2024-04-26T01:34:47.680+0000 7f2698e00700 1 --2- 172.21.15.100:0/2927927765 >> [v2:172.21.15.100:3300/0,v1:172.21.15.100:6789/0] conn(0x7f269410f050 0x7f26941a29d0 secure :-1 s=READY pgs=48 cs=0 l=1 rev1=1 crypto rx=0x7f26840117e0 tx=0x7f2684011ce0 comp rx=0 tx=0).stop
2024-04-26T01:34:49.332 INFO:teuthology.orchestra.run.smithi100.stdout:/usr/bin/ceph: stderr
2024-04-26T01:34:47.680+0000 7f2698e00700 1 -- 172.21.15.100:0/2927927765 shutdown_connections
2024-04-26T01:34:49.332 INFO:teuthology.orchestra.run.smithi100.stdout:/usr/bin/ceph: stderr
2024-04-26T01:34:47.680+0000 7f2698e00700 1 --2- 172.21.15.100:0/2927927765 >> [v2:172.21.15.100:6800/2011962330,v1:172.21.15.100:6801/2011962330] conn(0x7f2678039670 0x7f267803bb30 unknown :-1 s=CLOSED pgs=12 cs=0 l=1 rev1=1 crypto rx=0 tx=0 comp rx=0 tx=0).stop
2024-04-26T01:34:49.333 INFO:teuthology.orchestra.run.smithi100.stdout:/usr/bin/ceph: stderr
2024-04-26T01:34:47.680+0000 7f2698e00700 1 --2- 172.21.15.100:0/2927927765 >> [v2:172.21.15.100:3300/0,v1:172.21.15.100:6789/0] conn(0x7f269410f050 0x7f26941a29d0 unknown :-1 s=CLOSED pgs=48 cs=0 l=1 rev1=1 crypto rx=0 tx=0 comp rx=0 tx=0).stop
2024-04-26T01:34:49.333 INFO:teuthology.orchestra.run.smithi100.stdout:/usr/bin/ceph: stderr
2024-04-26T01:34:47.680+0000 7f2698e00700 1 -- 172.21.15.100:0/2927927765 >> 172.21.15.100:0/2927927765 conn(0x7f269407dc00 msgr2=0x7f269407e650 unknown :-1 s=STATE_NONE l=0).mark_down
2024-04-26T01:34:49.333 INFO:teuthology.orchestra.run.smithi100.stdout:/usr/bin/ceph: stderr
2024-04-26T01:34:47.680+0000 7f2698e00700 1 -- 172.21.15.100:0/2927927765 shutdown_connections
2024-04-26T01:34:49.333 INFO:teuthology.orchestra.run.smithi100.stdout:/usr/bin/ceph: stderr
2024-04-26T01:34:47.680+0000 7f2698e00700 1 -- 172.21.15.100:0/2927927765 wait complete.
2024-04-26T01:34:49.333 INFO:teuthology.orchestra.run.smithi100.stdout:Deploying unmanaged mgr service...
2024-04-26T01:34:50.164 INFO:journalctl@ceph.mon.a.smithi100.stdout:Apr 26 01:34:50 smithi100 ceph-mon[28020]: from='mgr.14120 172.21.15.100:0/432029913' entity='mgr.x'
2024-04-26T01:34:50.165 INFO:journalctl@ceph.mon.a.smithi100.stdout:Apr 26 01:34:50 smithi100 ceph-mon[28020]: from='mgr.14120 172.21.15.100:0/432029913' entity='mgr.x'
2024-04-26T01:34:50.857 INFO:teuthology.orchestra.run.smithi100.stdout:/usr/bin/ceph: stdout Scheduled mgr update...
2024-04-26T01:34:50.857 INFO:teuthology.orchestra.run.smithi100.stdout:/usr/bin/ceph: stderr
2024-04-26T01:34:49.899+0000 7f409ee00700 1 Processor -- start
2024-04-26T01:34:50.857 INFO:teuthology.orchestra.run.smithi100.stdout:/usr/bin/ceph: stderr
2024-04-26T01:34:49.900+0000 7f409ee00700 1 -- start start
2024-04-26T01:34:50.857 INFO:teuthology.orchestra.run.smithi100.stdout:/usr/bin/ceph: stderr
2024-04-26T01:34:49.900+0000 7f409ee00700 1 --2- >> [v2:172.21.15.100:3300/0,v1:172.21.15.100:6789/0] conn(0x7f40981090d0 0x7f409810b4c0 unknown :-1 s=NONE pgs=0 cs=0 l=0 rev1=0 crypto rx=0 tx=0 comp rx=0 tx=0).connect
2024-04-26T01:34:50.857 INFO:teuthology.orchestra.run.smithi100.stdout:/usr/bin/ceph: stderr
2024-04-26T01:34:49.900+0000 7f409ee00700 1 -- --> [v2:172.21.15.100:3300/0,v1:172.21.15.100:6789/0] -- mon_getmap magic: 0 -- 0x7f409807bde0 con 0x7f40981090d0
2024-04-26T01:34:50.857 INFO:teuthology.orchestra.run.smithi100.stdout:/usr/bin/ceph: stderr
2024-04-26T01:34:49.900+0000 7f4097e00700 1 --2- >> [v2:172.21.15.100:3300/0,v1:172.21.15.100:6789/0] conn(0x7f40981090d0 0x7f409810b4c0 unknown :-1 s=BANNER_CONNECTING pgs=0 cs=0 l=0 rev1=0 crypto rx=0 tx=0 comp rx=0 tx=0)._handle_peer_banner_payload supported=3 required=0
2024-04-26T01:34:50.857 INFO:teuthology.orchestra.run.smithi100.stdout:/usr/bin/ceph: stderr
2024-04-26T01:34:49.900+0000 7f4097e00700 1 --2- >> [v2:172.21.15.100:3300/0,v1:172.21.15.100:6789/0] conn(0x7f40981090d0 0x7f409810b4c0 unknown :-1 s=HELLO_CONNECTING pgs=0 cs=0 l=0 rev1=1 crypto rx=0 tx=0 comp rx=0 tx=0).handle_hello peer v2:172.21.15.100:3300/0 says I am v2:172.21.15.100:48066/0 (socket says 172.21.15.100:48066)
2024-04-26T01:34:50.857 INFO:teuthology.orchestra.run.smithi100.stdout:/usr/bin/ceph: stderr
2024-04-26T01:34:49.901+0000 7f4097e00700 1 -- 172.21.15.100:0/819007054 learned_addr learned my addr 172.21.15.100:0/819007054 (peer_addr_for_me v2:172.21.15.100:0/0)
2024-04-26T01:34:50.862 INFO:teuthology.orchestra.run.smithi100.stdout:/usr/bin/ceph: stderr
2024-04-26T01:34:49.901+0000 7f4097e00700 1 -- 172.21.15.100:0/819007054 --> [v2:172.21.15.100:3300/0,v1:172.21.15.100:6789/0] -- mon_subscribe({config=0+,monmap=0+}) -- 0x7f409810ba00 con 0x7f40981090d0
2024-04-26T01:34:50.862 INFO:teuthology.orchestra.run.smithi100.stdout:/usr/bin/ceph: stderr
2024-04-26T01:34:49.901+0000 7f4097e00700 1 --2- 172.21.15.100:0/819007054 >> [v2:172.21.15.100:3300/0,v1:172.21.15.100:6789/0] conn(0x7f40981090d0 0x7f409810b4c0 secure :-1 s=READY pgs=49 cs=0 l=1 rev1=1 crypto rx=0x7f40880098a0 tx=0x7f4088009bb0 comp rx=0 tx=0).ready entity=mon.0 client_cookie=5dae930be9b70c29 server_cookie=0 in_seq=0 out_seq=0
2024-04-26T01:34:50.862 INFO:teuthology.orchestra.run.smithi100.stdout:/usr/bin/ceph: stderr
2024-04-26T01:34:49.902+0000 7f4096a00700 1 -- 172.21.15.100:0/819007054 <== mon.0 v2:172.21.15.100:3300/0 1 ==== mon_map magic: 0 ==== 205+0+0 (secure 0 0 0) 0x7f4088004160 con 0x7f40981090d0
2024-04-26T01:34:50.862 INFO:teuthology.orchestra.run.smithi100.stdout:/usr/bin/ceph: stderr
2024-04-26T01:34:49.902+0000 7f4096a00700 1 -- 172.21.15.100:0/819007054 <== mon.0 v2:172.21.15.100:3300/0 2 ==== config(27 keys) ==== 1135+0+0 (secure 0 0 0) 0x7f4088004300 con 0x7f40981090d0
2024-04-26T01:34:50.862 INFO:teuthology.orchestra.run.smithi100.stdout:/usr/bin/ceph: stderr
2024-04-26T01:34:49.902+0000 7f4096a00700 1 -- 172.21.15.100:0/819007054 <== mon.0 v2:172.21.15.100:3300/0 3 ==== mon_map magic: 0 ==== 205+0+0 (secure 0 0 0) 0x7f4088011af0 con 0x7f40981090d0
2024-04-26T01:34:50.862 INFO:teuthology.orchestra.run.smithi100.stdout:/usr/bin/ceph: stderr
2024-04-26T01:34:49.902+0000 7f409ee00700 1 -- 172.21.15.100:0/819007054 >> [v2:172.21.15.100:3300/0,v1:172.21.15.100:6789/0] conn(0x7f40981090d0 msgr2=0x7f409810b4c0 secure :-1 s=STATE_CONNECTION_ESTABLISHED l=1).mark_down
2024-04-26T01:34:50.862 INFO:teuthology.orchestra.run.smithi100.stdout:/usr/bin/ceph: stderr
2024-04-26T01:34:49.902+0000 7f409ee00700 1 --2- 172.21.15.100:0/819007054 >> [v2:172.21.15.100:3300/0,v1:172.21.15.100:6789/0] conn(0x7f40981090d0 0x7f409810b4c0 secure :-1 s=READY pgs=49 cs=0 l=1 rev1=1 crypto rx=0x7f40880098a0 tx=0x7f4088009bb0 comp rx=0 tx=0).stop
2024-04-26T01:34:50.862 INFO:teuthology.orchestra.run.smithi100.stdout:/usr/bin/ceph: stderr
2024-04-26T01:34:49.902+0000 7f409ee00700 1 -- 172.21.15.100:0/819007054 shutdown_connections
2024-04-26T01:34:50.862 INFO:teuthology.orchestra.run.smithi100.stdout:/usr/bin/ceph: stderr
2024-04-26T01:34:49.902+0000 7f409ee00700 1 --2- 172.21.15.100:0/819007054 >> [v2:172.21.15.100:3300/0,v1:172.21.15.100:6789/0] conn(0x7f40981090d0 0x7f409810b4c0 unknown :-1 s=CLOSED pgs=49 cs=0 l=1 rev1=1 crypto rx=0 tx=0 comp rx=0 tx=0).stop
2024-04-26T01:34:50.862 INFO:teuthology.orchestra.run.smithi100.stdout:/usr/bin/ceph: stderr
2024-04-26T01:34:49.902+0000 7f409ee00700 1 -- 172.21.15.100:0/819007054 >> 172.21.15.100:0/819007054 conn(0x7f4098102a40 msgr2=0x7f4098104e80 unknown :-1 s=STATE_NONE l=0).mark_down
2024-04-26T01:34:50.863 INFO:teuthology.orchestra.run.smithi100.stdout:/usr/bin/ceph: stderr
2024-04-26T01:34:49.903+0000 7f409ee00700 1 -- 172.21.15.100:0/819007054 shutdown_connections
2024-04-26T01:34:50.863 INFO:teuthology.orchestra.run.smithi100.stdout:/usr/bin/ceph: stderr
2024-04-26T01:34:49.903+0000 7f409ee00700 1 -- 172.21.15.100:0/819007054 wait complete.
2024-04-26T01:34:50.863 INFO:teuthology.orchestra.run.smithi100.stdout:/usr/bin/ceph: stderr
2024-04-26T01:34:49.904+0000 7f409ee00700 1 Processor -- start
2024-04-26T01:34:50.863 INFO:teuthology.orchestra.run.smithi100.stdout:/usr/bin/ceph: stderr
2024-04-26T01:34:49.904+0000 7f409ee00700 1 -- start start
2024-04-26T01:34:50.863 INFO:teuthology.orchestra.run.smithi100.stdout:/usr/bin/ceph: stderr
2024-04-26T01:34:49.905+0000 7f409ee00700 1 --2- >> [v2:172.21.15.100:3300/0,v1:172.21.15.100:6789/0] conn(0x7f40981090d0 0x7f409819e600 unknown :-1 s=NONE pgs=0 cs=0 l=1 rev1=0 crypto rx=0 tx=0 comp rx=0 tx=0).connect
2024-04-26T01:34:50.863 INFO:teuthology.orchestra.run.smithi100.stdout:/usr/bin/ceph: stderr
2024-04-26T01:34:49.905+0000 7f409ee00700 1 -- --> [v2:172.21.15.100:3300/0,v1:172.21.15.100:6789/0] -- mon_getmap magic: 0 -- 0x7f409810c9b0 con 0x7f40981090d0
2024-04-26T01:34:50.863 INFO:teuthology.orchestra.run.smithi100.stdout:/usr/bin/ceph: stderr
2024-04-26T01:34:49.905+0000 7f4097e00700 1 --2- >> [v2:172.21.15.100:3300/0,v1:172.21.15.100:6789/0] conn(0x7f40981090d0 0x7f409819e600 unknown :-1 s=BANNER_CONNECTING pgs=0 cs=0 l=1 rev1=0 crypto rx=0 tx=0 comp rx=0 tx=0)._handle_peer_banner_payload supported=3 required=0
2024-04-26T01:34:50.863 INFO:teuthology.orchestra.run.smithi100.stdout:/usr/bin/ceph: stderr
2024-04-26T01:34:49.905+0000 7f4097e00700 1 --2- >> [v2:172.21.15.100:3300/0,v1:172.21.15.100:6789/0] conn(0x7f40981090d0 0x7f409819e600 unknown :-1 s=HELLO_CONNECTING pgs=0 cs=0 l=1 rev1=1 crypto rx=0 tx=0 comp rx=0 tx=0).handle_hello peer v2:172.21.15.100:3300/0 says I am v2:172.21.15.100:48082/0 (socket says 172.21.15.100:48082)
2024-04-26T01:34:50.863 INFO:teuthology.orchestra.run.smithi100.stdout:/usr/bin/ceph: stderr
2024-04-26T01:34:49.905+0000 7f4097e00700 1 -- 172.21.15.100:0/1301410381 learned_addr learned my addr 172.21.15.100:0/1301410381 (peer_addr_for_me v2:172.21.15.100:0/0)
2024-04-26T01:34:50.863 INFO:teuthology.orchestra.run.smithi100.stdout:/usr/bin/ceph: stderr
2024-04-26T01:34:49.905+0000 7f4097e00700 1 -- 172.21.15.100:0/1301410381 --> [v2:172.21.15.100:3300/0,v1:172.21.15.100:6789/0] -- mon_subscribe({config=0+,monmap=0+}) -- 0x7f409819eb40 con 0x7f40981090d0
2024-04-26T01:34:50.863 INFO:teuthology.orchestra.run.smithi100.stdout:/usr/bin/ceph: stderr
2024-04-26T01:34:49.906+0000 7f4097e00700 1 --2- 172.21.15.100:0/1301410381 >> [v2:172.21.15.100:3300/0,v1:172.21.15.100:6789/0] conn(0x7f40981090d0 0x7f409819e600 secure :-1 s=READY pgs=50 cs=0 l=1 rev1=1 crypto rx=0x7f4088003f90 tx=0x7f4088011b70 comp rx=0 tx=0).ready entity=mon.0 client_cookie=0 server_cookie=0 in_seq=0 out_seq=0
2024-04-26T01:34:50.863 INFO:teuthology.orchestra.run.smithi100.stdout:/usr/bin/ceph: stderr
2024-04-26T01:34:49.906+0000 7f4094c00700 1 -- 172.21.15.100:0/1301410381 <== mon.0 v2:172.21.15.100:3300/0 1 ==== mon_map magic: 0 ==== 205+0+0 (secure 0 0 0) 0x7f40880039e0 con 0x7f40981090d0
2024-04-26T01:34:50.863 INFO:teuthology.orchestra.run.smithi100.stdout:/usr/bin/ceph: stderr
2024-04-26T01:34:49.906+0000 7f4094c00700 1 -- 172.21.15.100:0/1301410381 <== mon.0 v2:172.21.15.100:3300/0 2 ==== config(27 keys) ==== 1135+0+0 (secure 0 0 0) 0x7f4088003b80 con 0x7f40981090d0
2024-04-26T01:34:50.864 INFO:teuthology.orchestra.run.smithi100.stdout:/usr/bin/ceph: stderr
2024-04-26T01:34:49.906+0000 7f4094c00700 1 -- 172.21.15.100:0/1301410381 <== mon.0 v2:172.21.15.100:3300/0 3 ==== mon_map magic: 0 ==== 205+0+0 (secure 0 0 0) 0x7f40880196e0 con 0x7f40981090d0
2024-04-26T01:34:50.864 INFO:teuthology.orchestra.run.smithi100.stdout:/usr/bin/ceph: stderr
2024-04-26T01:34:49.906+0000 7f409ee00700 1 -- 172.21.15.100:0/1301410381 --> [v2:172.21.15.100:3300/0,v1:172.21.15.100:6789/0] -- mon_subscribe({mgrmap=0+}) -- 0x7f409819edd0 con 0x7f40981090d0
2024-04-26T01:34:50.864 INFO:teuthology.orchestra.run.smithi100.stdout:/usr/bin/ceph: stderr
2024-04-26T01:34:49.906+0000 7f409ee00700 1 -- 172.21.15.100:0/1301410381 --> [v2:172.21.15.100:3300/0,v1:172.21.15.100:6789/0] -- mon_subscribe({osdmap=0}) -- 0x7f40981a1ac0 con 0x7f40981090d0
2024-04-26T01:34:50.864 INFO:teuthology.orchestra.run.smithi100.stdout:/usr/bin/ceph: stderr
2024-04-26T01:34:49.907+0000 7f4094c00700 1 -- 172.21.15.100:0/1301410381 <== mon.0 v2:172.21.15.100:3300/0 4 ==== mgrmap(e 8) ==== 46558+0+0 (secure 0 0 0) 0x7f4088022020 con 0x7f40981090d0
2024-04-26T01:34:50.864 INFO:teuthology.orchestra.run.smithi100.stdout:/usr/bin/ceph: stderr
2024-04-26T01:34:49.907+0000 7f409ee00700 1 -- 172.21.15.100:0/1301410381 --> [v2:172.21.15.100:3300/0,v1:172.21.15.100:6789/0] -- mon_command({"prefix": "get_command_descriptions"} v 0) -- 0x7f40980640a0 con 0x7f40981090d0
2024-04-26T01:34:50.864 INFO:teuthology.orchestra.run.smithi100.stdout:/usr/bin/ceph: stderr
2024-04-26T01:34:49.908+0000 7f4094c00700 1 --2- 172.21.15.100:0/1301410381 >> [v2:172.21.15.100:6800/2011962330,v1:172.21.15.100:6801/2011962330] conn(0x7f407c0396c0 0x7f407c03bb80 unknown :-1 s=NONE pgs=0 cs=0 l=1 rev1=0 crypto rx=0 tx=0 comp rx=0 tx=0).connect
2024-04-26T01:34:50.864 INFO:teuthology.orchestra.run.smithi100.stdout:/usr/bin/ceph: stderr
2024-04-26T01:34:49.908+0000 7f4094c00700 1 -- 172.21.15.100:0/1301410381 <== mon.0 v2:172.21.15.100:3300/0 5 ==== osd_map(2..2 src has 1..2) ==== 940+0+0 (secure 0 0 0) 0x7f408804d910 con 0x7f40981090d0
2024-04-26T01:34:50.864 INFO:teuthology.orchestra.run.smithi100.stdout:/usr/bin/ceph: stderr
2024-04-26T01:34:49.909+0000 7f4097400700 1 --2- 172.21.15.100:0/1301410381 >> [v2:172.21.15.100:6800/2011962330,v1:172.21.15.100:6801/2011962330] conn(0x7f407c0396c0 0x7f407c03bb80 unknown :-1 s=BANNER_CONNECTING pgs=0 cs=0 l=1 rev1=0 crypto rx=0 tx=0 comp rx=0 tx=0)._handle_peer_banner_payload supported=3 required=0
2024-04-26T01:34:50.864 INFO:teuthology.orchestra.run.smithi100.stdout:/usr/bin/ceph: stderr
2024-04-26T01:34:49.909+0000 7f4097400700 1 --2- 172.21.15.100:0/1301410381 >> [v2:172.21.15.100:6800/2011962330,v1:172.21.15.100:6801/2011962330] conn(0x7f407c0396c0 0x7f407c03bb80 secure :-1 s=READY pgs=13 cs=0 l=1 rev1=1 crypto rx=0x7f4084006fd0 tx=0x7f4084006e40 comp rx=0 tx=0).ready entity=mgr.14120 client_cookie=0 server_cookie=0 in_seq=0 out_seq=0
2024-04-26T01:34:50.864 INFO:teuthology.orchestra.run.smithi100.stdout:/usr/bin/ceph: stderr
2024-04-26T01:34:49.916+0000 7f4094c00700 1 -- 172.21.15.100:0/1301410381 <== mon.0 v2:172.21.15.100:3300/0 6 ==== mon_command_ack([{"prefix": "get_command_descriptions"}]=0 v0) ==== 72+0+188370 (secure 0 0 0) 0x7f408800f2e0 con 0x7f40981090d0
2024-04-26T01:34:50.864 INFO:teuthology.orchestra.run.smithi100.stdout:/usr/bin/ceph: stderr
2024-04-26T01:34:50.168+0000 7f409ee00700 1 -- 172.21.15.100:0/1301410381 --> [v2:172.21.15.100:6800/2011962330,v1:172.21.15.100:6801/2011962330] -- mgr_command(tid 0: {"prefix": "orch apply", "service_type": "mgr", "unmanaged": true, "target": ["mon-mgr", ""]}) -- 0x7f4098103ad0 con 0x7f407c0396c0
2024-04-26T01:34:50.864 INFO:teuthology.orchestra.run.smithi100.stdout:/usr/bin/ceph: stderr
2024-04-26T01:34:50.176+0000 7f4094c00700 1 -- 172.21.15.100:0/1301410381 <== mgr.14120 v2:172.21.15.100:6800/2011962330 1 ==== mgr_command_reply(tid 0: 0 ) ==== 8+0+24 (secure 0 0 0) 0x7f4098103ad0 con 0x7f407c0396c0
2024-04-26T01:34:50.864 INFO:teuthology.orchestra.run.smithi100.stdout:/usr/bin/ceph: stderr
2024-04-26T01:34:50.179+0000 7f409ee00700 1 -- 172.21.15.100:0/1301410381 >> [v2:172.21.15.100:6800/2011962330,v1:172.21.15.100:6801/2011962330] conn(0x7f407c0396c0 msgr2=0x7f407c03bb80 secure :-1 s=STATE_CONNECTION_ESTABLISHED l=1).mark_down
2024-04-26T01:34:50.865 INFO:teuthology.orchestra.run.smithi100.stdout:/usr/bin/ceph: stderr
2024-04-26T01:34:50.179+0000 7f409ee00700 1 --2- 172.21.15.100:0/1301410381 >> [v2:172.21.15.100:6800/2011962330,v1:172.21.15.100:6801/2011962330] conn(0x7f407c0396c0 0x7f407c03bb80 secure :-1 s=READY pgs=13 cs=0 l=1 rev1=1 crypto rx=0x7f4084006fd0 tx=0x7f4084006e40 comp rx=0 tx=0).stop
2024-04-26T01:34:50.866 INFO:teuthology.orchestra.run.smithi100.stdout:/usr/bin/ceph: stderr
2024-04-26T01:34:50.179+0000 7f409ee00700 1 -- 172.21.15.100:0/1301410381 >> [v2:172.21.15.100:3300/0,v1:172.21.15.100:6789/0] conn(0x7f40981090d0 msgr2=0x7f409819e600 secure :-1 s=STATE_CONNECTION_ESTABLISHED l=1).mark_down
2024-04-26T01:34:50.866 INFO:teuthology.orchestra.run.smithi100.stdout:/usr/bin/ceph: stderr
2024-04-26T01:34:50.179+0000 7f409ee00700 1 --2- 172.21.15.100:0/1301410381 >> [v2:172.21.15.100:3300/0,v1:172.21.15.100:6789/0] conn(0x7f40981090d0 0x7f409819e600 secure :-1 s=READY pgs=50 cs=0 l=1 rev1=1 crypto rx=0x7f4088003f90 tx=0x7f4088011b70 comp rx=0 tx=0).stop
2024-04-26T01:34:50.866 INFO:teuthology.orchestra.run.smithi100.stdout:/usr/bin/ceph: stderr
2024-04-26T01:34:50.179+0000 7f409ee00700 1 -- 172.21.15.100:0/1301410381 shutdown_connections
2024-04-26T01:34:50.866 INFO:teuthology.orchestra.run.smithi100.stdout:/usr/bin/ceph: stderr
2024-04-26T01:34:50.179+0000 7f409ee00700 1 --2- 172.21.15.100:0/1301410381 >> [v2:172.21.15.100:6800/2011962330,v1:172.21.15.100:6801/2011962330] conn(0x7f407c0396c0 0x7f407c03bb80 unknown :-1 s=CLOSED pgs=13 cs=0 l=1 rev1=1 crypto rx=0 tx=0 comp rx=0 tx=0).stop
2024-04-26T01:34:50.866 INFO:teuthology.orchestra.run.smithi100.stdout:/usr/bin/ceph: stderr
2024-04-26T01:34:50.179+0000 7f409ee00700 1 --2- 172.21.15.100:0/1301410381 >> [v2:172.21.15.100:3300/0,v1:172.21.15.100:6789/0] conn(0x7f40981090d0 0x7f409819e600 unknown :-1 s=CLOSED pgs=50 cs=0 l=1 rev1=1 crypto rx=0 tx=0 comp rx=0 tx=0).stop
2024-04-26T01:34:50.866 INFO:teuthology.orchestra.run.smithi100.stdout:/usr/bin/ceph: stderr
2024-04-26T01:34:50.179+0000 7f409ee00700 1 -- 172.21.15.100:0/1301410381 >> 172.21.15.100:0/1301410381 conn(0x7f4098102a40 msgr2=0x7f40981033c0 unknown :-1 s=STATE_NONE l=0).mark_down
2024-04-26T01:34:50.866 INFO:teuthology.orchestra.run.smithi100.stdout:/usr/bin/ceph: stderr
2024-04-26T01:34:50.180+0000 7f409ee00700 1 -- 172.21.15.100:0/1301410381 shutdown_connections
2024-04-26T01:34:50.866 INFO:teuthology.orchestra.run.smithi100.stdout:/usr/bin/ceph: stderr
2024-04-26T01:34:50.180+0000 7f409ee00700 1 -- 172.21.15.100:0/1301410381 wait complete.
2024-04-26T01:34:51.446 INFO:journalctl@ceph.mon.a.smithi100.stdout:Apr 26 01:34:51 smithi100 ceph-mon[28020]: from='client.14144 -' entity='client.admin' cmd=[{"prefix": "orch apply", "service_type": "mgr", "unmanaged": true, "target": ["mon-mgr", ""]}]: dispatch
2024-04-26T01:34:51.447 INFO:journalctl@ceph.mon.a.smithi100.stdout:Apr 26 01:34:51 smithi100 ceph-mon[28020]: Saving service mgr spec with placement count:2
2024-04-26T01:34:51.447 INFO:journalctl@ceph.mon.a.smithi100.stdout:Apr 26 01:34:51 smithi100 ceph-mon[28020]: from='mgr.14120 172.21.15.100:0/432029913' entity='mgr.x'
2024-04-26T01:34:52.573 INFO:journalctl@ceph.mon.a.smithi100.stdout:Apr 26 01:34:52 smithi100 ceph-mon[28020]: pgmap v3: 0 pgs: ; 0 B data, 0 B used, 0 B / 0 B avail
2024-04-26T01:34:52.573 INFO:journalctl@ceph.mon.a.smithi100.stdout:Apr 26 01:34:52 smithi100 ceph-mon[28020]: from='client.? 172.21.15.100:0/3605336175' entity='client.admin'
2024-04-26T01:34:52.840 INFO:teuthology.orchestra.run.smithi100.stdout:/usr/bin/ceph: stderr
2024-04-26T01:34:51.450+0000 7fd6d5200700 1 Processor -- start
2024-04-26T01:34:52.840 INFO:teuthology.orchestra.run.smithi100.stdout:/usr/bin/ceph: stderr
2024-04-26T01:34:51.451+0000 7fd6d5200700 1 -- start start
2024-04-26T01:34:52.840 INFO:teuthology.orchestra.run.smithi100.stdout:/usr/bin/ceph: stderr
2024-04-26T01:34:51.451+0000 7fd6d5200700 1 --2- >> [v2:172.21.15.100:3300/0,v1:172.21.15.100:6789/0] conn(0x7fd6d0109010 0x7fd6d010b400 unknown :-1 s=NONE pgs=0 cs=0 l=0 rev1=0 crypto rx=0 tx=0 comp rx=0 tx=0).connect
2024-04-26T01:34:52.840 INFO:teuthology.orchestra.run.smithi100.stdout:/usr/bin/ceph: stderr
2024-04-26T01:34:51.451+0000 7fd6d5200700 1 -- --> [v2:172.21.15.100:3300/0,v1:172.21.15.100:6789/0] -- mon_getmap magic: 0 -- 0x7fd6d007bea0 con 0x7fd6d0109010
2024-04-26T01:34:52.840 INFO:teuthology.orchestra.run.smithi100.stdout:/usr/bin/ceph: stderr
2024-04-26T01:34:51.451+0000 7fd6cde00700 1 --2- >> [v2:172.21.15.100:3300/0,v1:172.21.15.100:6789/0] conn(0x7fd6d0109010 0x7fd6d010b400 unknown :-1 s=BANNER_CONNECTING pgs=0 cs=0 l=0 rev1=0 crypto rx=0 tx=0 comp rx=0 tx=0)._handle_peer_banner_payload supported=3 required=0
2024-04-26T01:34:52.840 INFO:teuthology.orchestra.run.smithi100.stdout:/usr/bin/ceph: stderr
2024-04-26T01:34:51.451+0000 7fd6cde00700 1 --2- >> [v2:172.21.15.100:3300/0,v1:172.21.15.100:6789/0] conn(0x7fd6d0109010 0x7fd6d010b400 unknown :-1 s=HELLO_CONNECTING pgs=0 cs=0 l=0 rev1=1 crypto rx=0 tx=0 comp rx=0 tx=0).handle_hello peer v2:172.21.15.100:3300/0 says I am v2:172.21.15.100:48092/0 (socket says 172.21.15.100:48092)
2024-04-26T01:34:52.840 INFO:teuthology.orchestra.run.smithi100.stdout:/usr/bin/ceph: stderr
2024-04-26T01:34:51.451+0000 7fd6cde00700 1 -- 172.21.15.100:0/2686102639 learned_addr learned my addr 172.21.15.100:0/2686102639 (peer_addr_for_me v2:172.21.15.100:0/0)
2024-04-26T01:34:52.840 INFO:teuthology.orchestra.run.smithi100.stdout:/usr/bin/ceph: stderr
2024-04-26T01:34:51.452+0000 7fd6cde00700 1 -- 172.21.15.100:0/2686102639 --> [v2:172.21.15.100:3300/0,v1:172.21.15.100:6789/0] -- mon_subscribe({config=0+,monmap=0+}) -- 0x7fd6d010b940 con 0x7fd6d0109010
2024-04-26T01:34:52.840 INFO:teuthology.orchestra.run.smithi100.stdout:/usr/bin/ceph: stderr
2024-04-26T01:34:51.452+0000 7fd6cde00700 1 --2- 172.21.15.100:0/2686102639 >> [v2:172.21.15.100:3300/0,v1:172.21.15.100:6789/0] conn(0x7fd6d0109010 0x7fd6d010b400 secure :-1 s=READY pgs=51 cs=0 l=1 rev1=1 crypto rx=0x7fd6c00098a0 tx=0x7fd6c0009bb0 comp rx=0 tx=0).ready entity=mon.0 client_cookie=14785b5681880127 server_cookie=0 in_seq=0 out_seq=0
2024-04-26T01:34:52.840 INFO:teuthology.orchestra.run.smithi100.stdout:/usr/bin/ceph: stderr
2024-04-26T01:34:51.452+0000 7fd6cca00700 1 -- 172.21.15.100:0/2686102639 <== mon.0 v2:172.21.15.100:3300/0 1 ==== mon_map magic: 0 ==== 205+0+0 (secure 0 0 0) 0x7fd6c0004160 con 0x7fd6d0109010
2024-04-26T01:34:52.841 INFO:teuthology.orchestra.run.smithi100.stdout:/usr/bin/ceph: stderr
2024-04-26T01:34:51.453+0000 7fd6cca00700 1 -- 172.21.15.100:0/2686102639 <== mon.0 v2:172.21.15.100:3300/0 2 ==== config(27 keys) ==== 1135+0+0 (secure 0 0 0) 0x7fd6c0004300 con 0x7fd6d0109010
2024-04-26T01:34:52.841 INFO:teuthology.orchestra.run.smithi100.stdout:/usr/bin/ceph: stderr
2024-04-26T01:34:51.453+0000 7fd6cca00700 1 -- 172.21.15.100:0/2686102639 <== mon.0 v2:172.21.15.100:3300/0 3 ==== mon_map magic: 0 ==== 205+0+0 (secure 0 0 0) 0x7fd6c0011af0 con 0x7fd6d0109010
2024-04-26T01:34:52.841 INFO:teuthology.orchestra.run.smithi100.stdout:/usr/bin/ceph: stderr
2024-04-26T01:34:51.453+0000 7fd6d5200700 1 -- 172.21.15.100:0/2686102639 >> [v2:172.21.15.100:3300/0,v1:172.21.15.100:6789/0] conn(0x7fd6d0109010 msgr2=0x7fd6d010b400 secure :-1 s=STATE_CONNECTION_ESTABLISHED l=1).mark_down
2024-04-26T01:34:52.841 INFO:teuthology.orchestra.run.smithi100.stdout:/usr/bin/ceph: stderr
2024-04-26T01:34:51.453+0000 7fd6d5200700 1 --2- 172.21.15.100:0/2686102639 >> [v2:172.21.15.100:3300/0,v1:172.21.15.100:6789/0] conn(0x7fd6d0109010 0x7fd6d010b400 secure :-1 s=READY pgs=51 cs=0 l=1 rev1=1 crypto rx=0x7fd6c00098a0 tx=0x7fd6c0009bb0 comp rx=0 tx=0).stop
2024-04-26T01:34:52.841 INFO:teuthology.orchestra.run.smithi100.stdout:/usr/bin/ceph: stderr
2024-04-26T01:34:51.453+0000 7fd6d5200700 1 -- 172.21.15.100:0/2686102639 shutdown_connections
2024-04-26T01:34:52.841 INFO:teuthology.orchestra.run.smithi100.stdout:/usr/bin/ceph: stderr
2024-04-26T01:34:51.453+0000 7fd6d5200700 1 --2- 172.21.15.100:0/2686102639 >> [v2:172.21.15.100:3300/0,v1:172.21.15.100:6789/0] conn(0x7fd6d0109010 0x7fd6d010b400 unknown :-1 s=CLOSED pgs=51 cs=0 l=1 rev1=1 crypto rx=0 tx=0 comp rx=0 tx=0).stop
2024-04-26T01:34:52.841 INFO:teuthology.orchestra.run.smithi100.stdout:/usr/bin/ceph: stderr
2024-04-26T01:34:51.453+0000 7fd6d5200700 1 -- 172.21.15.100:0/2686102639 >> 172.21.15.100:0/2686102639 conn(0x7fd6d0102a40 msgr2=0x7fd6d0104e80 unknown :-1 s=STATE_NONE l=0).mark_down
2024-04-26T01:34:52.841 INFO:teuthology.orchestra.run.smithi100.stdout:/usr/bin/ceph: stderr
2024-04-26T01:34:51.454+0000 7fd6d5200700 1 -- 172.21.15.100:0/2686102639 shutdown_connections
2024-04-26T01:34:52.841 INFO:teuthology.orchestra.run.smithi100.stdout:/usr/bin/ceph: stderr
2024-04-26T01:34:51.454+0000 7fd6d5200700 1 -- 172.21.15.100:0/2686102639 wait complete.
2024-04-26T01:34:52.841 INFO:teuthology.orchestra.run.smithi100.stdout:/usr/bin/ceph: stderr
2024-04-26T01:34:51.455+0000 7fd6d5200700 1 Processor -- start
2024-04-26T01:34:52.841 INFO:teuthology.orchestra.run.smithi100.stdout:/usr/bin/ceph: stderr
2024-04-26T01:34:51.455+0000 7fd6d5200700 1 -- start start
2024-04-26T01:34:52.841 INFO:teuthology.orchestra.run.smithi100.stdout:/usr/bin/ceph: stderr
2024-04-26T01:34:51.455+0000 7fd6d5200700 1 --2- >> [v2:172.21.15.100:3300/0,v1:172.21.15.100:6789/0] conn(0x7fd6d0109010 0x7fd6d019c420 unknown :-1 s=NONE pgs=0 cs=0 l=1 rev1=0 crypto rx=0 tx=0 comp rx=0 tx=0).connect
2024-04-26T01:34:52.841 INFO:teuthology.orchestra.run.smithi100.stdout:/usr/bin/ceph: stderr
2024-04-26T01:34:51.455+0000 7fd6d5200700 1 -- --> [v2:172.21.15.100:3300/0,v1:172.21.15.100:6789/0] -- mon_getmap magic: 0 -- 0x7fd6d010c9b0 con 0x7fd6d0109010
2024-04-26T01:34:52.842 INFO:teuthology.orchestra.run.smithi100.stdout:/usr/bin/ceph: stderr
2024-04-26T01:34:51.455+0000 7fd6cde00700 1 --2- >> [v2:172.21.15.100:3300/0,v1:172.21.15.100:6789/0] conn(0x7fd6d0109010 0x7fd6d019c420 unknown :-1 s=BANNER_CONNECTING pgs=0 cs=0 l=1 rev1=0 crypto rx=0 tx=0 comp rx=0 tx=0)._handle_peer_banner_payload supported=3 required=0
2024-04-26T01:34:52.842 INFO:teuthology.orchestra.run.smithi100.stdout:/usr/bin/ceph: stderr
2024-04-26T01:34:51.455+0000 7fd6cde00700 1 --2- >> [v2:172.21.15.100:3300/0,v1:172.21.15.100:6789/0] conn(0x7fd6d0109010 0x7fd6d019c420 unknown :-1 s=HELLO_CONNECTING pgs=0 cs=0 l=1 rev1=1 crypto rx=0 tx=0 comp rx=0 tx=0).handle_hello peer v2:172.21.15.100:3300/0 says I am v2:172.21.15.100:48096/0 (socket says 172.21.15.100:48096)
2024-04-26T01:34:52.842 INFO:teuthology.orchestra.run.smithi100.stdout:/usr/bin/ceph: stderr
2024-04-26T01:34:51.455+0000 7fd6cde00700 1 -- 172.21.15.100:0/3605336175 learned_addr learned my addr 172.21.15.100:0/3605336175 (peer_addr_for_me v2:172.21.15.100:0/0)
2024-04-26T01:34:52.842 INFO:teuthology.orchestra.run.smithi100.stdout:/usr/bin/ceph: stderr
2024-04-26T01:34:51.456+0000 7fd6cde00700 1 -- 172.21.15.100:0/3605336175 --> [v2:172.21.15.100:3300/0,v1:172.21.15.100:6789/0] -- mon_subscribe({config=0+,monmap=0+}) -- 0x7fd6d019c960 con 0x7fd6d0109010
2024-04-26T01:34:52.842 INFO:teuthology.orchestra.run.smithi100.stdout:/usr/bin/ceph: stderr
2024-04-26T01:34:51.456+0000 7fd6cde00700 1 --2- 172.21.15.100:0/3605336175 >> [v2:172.21.15.100:3300/0,v1:172.21.15.100:6789/0] conn(0x7fd6d0109010 0x7fd6d019c420 secure :-1 s=READY pgs=52 cs=0 l=1 rev1=1 crypto rx=0x7fd6c00117b0 tx=0x7fd6c0003eb0 comp rx=0 tx=0).ready entity=mon.0 client_cookie=0 server_cookie=0 in_seq=0 out_seq=0
2024-04-26T01:34:52.842 INFO:teuthology.orchestra.run.smithi100.stdout:/usr/bin/ceph: stderr
2024-04-26T01:34:51.456+0000 7fd6c6a00700 1 -- 172.21.15.100:0/3605336175 <== mon.0 v2:172.21.15.100:3300/0 1 ==== mon_map magic: 0 ==== 205+0+0 (secure 0 0 0) 0x7fd6c00036a0 con 0x7fd6d0109010
2024-04-26T01:34:52.842 INFO:teuthology.orchestra.run.smithi100.stdout:/usr/bin/ceph: stderr
2024-04-26T01:34:51.456+0000 7fd6c6a00700 1 -- 172.21.15.100:0/3605336175 <== mon.0 v2:172.21.15.100:3300/0 2 ==== config(27 keys) ==== 1135+0+0 (secure 0 0 0) 0x7fd6c001a430 con 0x7fd6d0109010
2024-04-26T01:34:52.842 INFO:teuthology.orchestra.run.smithi100.stdout:/usr/bin/ceph: stderr
2024-04-26T01:34:51.456+0000 7fd6d5200700 1 -- 172.21.15.100:0/3605336175 --> [v2:172.21.15.100:3300/0,v1:172.21.15.100:6789/0] -- mon_subscribe({mgrmap=0+}) -- 0x7fd6d019cbf0 con 0x7fd6d0109010
2024-04-26T01:34:52.842 INFO:teuthology.orchestra.run.smithi100.stdout:/usr/bin/ceph: stderr
2024-04-26T01:34:51.457+0000 7fd6d5200700 1 -- 172.21.15.100:0/3605336175 --> [v2:172.21.15.100:3300/0,v1:172.21.15.100:6789/0] -- mon_subscribe({osdmap=0}) -- 0x7fd6d019f8e0 con 0x7fd6d0109010
2024-04-26T01:34:52.842 INFO:teuthology.orchestra.run.smithi100.stdout:/usr/bin/ceph: stderr
2024-04-26T01:34:51.457+0000 7fd6c6a00700 1 -- 172.21.15.100:0/3605336175 <== mon.0 v2:172.21.15.100:3300/0 3 ==== mon_map magic: 0 ==== 205+0+0 (secure 0 0 0) 0x7fd6c0019530 con 0x7fd6d0109010
2024-04-26T01:34:52.842 INFO:teuthology.orchestra.run.smithi100.stdout:/usr/bin/ceph: stderr
2024-04-26T01:34:51.458+0000 7fd6c6a00700 1 -- 172.21.15.100:0/3605336175 <== mon.0 v2:172.21.15.100:3300/0 4 ==== mgrmap(e 8) ==== 46558+0+0 (secure 0 0 0) 0x7fd6c00196d0 con 0x7fd6d0109010
2024-04-26T01:34:52.842 INFO:teuthology.orchestra.run.smithi100.stdout:/usr/bin/ceph: stderr
2024-04-26T01:34:51.458+0000 7fd6d5200700 1 -- 172.21.15.100:0/3605336175 --> [v2:172.21.15.100:3300/0,v1:172.21.15.100:6789/0] -- mon_command({"prefix": "get_command_descriptions"} v 0) -- 0x7fd6b0005360 con 0x7fd6d0109010
2024-04-26T01:34:52.842 INFO:teuthology.orchestra.run.smithi100.stdout:/usr/bin/ceph: stderr
2024-04-26T01:34:51.458+0000 7fd6c6a00700 1 --2- 172.21.15.100:0/3605336175 >> [v2:172.21.15.100:6800/2011962330,v1:172.21.15.100:6801/2011962330] conn(0x7fd6b4039670 0x7fd6b403bb30 unknown :-1 s=NONE pgs=0 cs=0 l=1 rev1=0 crypto rx=0 tx=0 comp rx=0 tx=0).connect
2024-04-26T01:34:52.843 INFO:teuthology.orchestra.run.smithi100.stdout:/usr/bin/ceph: stderr
2024-04-26T01:34:51.458+0000 7fd6c6a00700 1 -- 172.21.15.100:0/3605336175 <== mon.0 v2:172.21.15.100:3300/0 5 ==== osd_map(2..2 src has 1..2) ==== 940+0+0 (secure 0 0 0) 0x7fd6c004e810 con 0x7fd6d0109010
2024-04-26T01:34:52.843 INFO:teuthology.orchestra.run.smithi100.stdout:/usr/bin/ceph: stderr
2024-04-26T01:34:51.458+0000 7fd6cd400700 1 --2- 172.21.15.100:0/3605336175 >> [v2:172.21.15.100:6800/2011962330,v1:172.21.15.100:6801/2011962330] conn(0x7fd6b4039670 0x7fd6b403bb30 unknown :-1 s=BANNER_CONNECTING pgs=0 cs=0 l=1 rev1=0 crypto rx=0 tx=0 comp rx=0 tx=0)._handle_peer_banner_payload supported=3 required=0
2024-04-26T01:34:52.843 INFO:teuthology.orchestra.run.smithi100.stdout:/usr/bin/ceph: stderr
2024-04-26T01:34:51.459+0000 7fd6cd400700 1 --2- 172.21.15.100:0/3605336175 >> [v2:172.21.15.100:6800/2011962330,v1:172.21.15.100:6801/2011962330] conn(0x7fd6b4039670 0x7fd6b403bb30 secure :-1 s=READY pgs=14 cs=0 l=1 rev1=1 crypto rx=0x7fd6bc006fd0 tx=0x7fd6bc006e40 comp rx=0 tx=0).ready entity=mgr.14120 client_cookie=0 server_cookie=0 in_seq=0 out_seq=0
2024-04-26T01:34:52.843 INFO:teuthology.orchestra.run.smithi100.stdout:/usr/bin/ceph: stderr
2024-04-26T01:34:51.464+0000 7fd6c6a00700 1 -- 172.21.15.100:0/3605336175 <== mon.0 v2:172.21.15.100:3300/0 6 ==== mon_command_ack([{"prefix": "get_command_descriptions"}]=0 v0) ==== 72+0+188370 (secure 0 0 0) 0x7fd6c0016dd0 con 0x7fd6d0109010
2024-04-26T01:34:52.843 INFO:teuthology.orchestra.run.smithi100.stdout:/usr/bin/ceph: stderr
2024-04-26T01:34:51.694+0000 7fd6d5200700 1 -- 172.21.15.100:0/3605336175 --> [v2:172.21.15.100:3300/0,v1:172.21.15.100:6789/0] -- mon_command([{prefix=config set, name=mgr/cephadm/container_init}] v 0) -- 0x7fd6b0005650 con 0x7fd6d0109010
2024-04-26T01:34:52.843 INFO:teuthology.orchestra.run.smithi100.stdout:/usr/bin/ceph: stderr
2024-04-26T01:34:51.698+0000 7fd6c6a00700 1 -- 172.21.15.100:0/3605336175 <== mon.0 v2:172.21.15.100:3300/0 7 ==== mon_command_ack([{prefix=config set, name=mgr/cephadm/container_init}]=0 v7)=0 v7) ==== 142+0+0 (secure 0 0 0) 0x7fd6c000ba10 con 0x7fd6d0109010
2024-04-26T01:34:52.843 INFO:teuthology.orchestra.run.smithi100.stdout:/usr/bin/ceph: stderr
2024-04-26T01:34:51.702+0000 7fd6d5200700 1 -- 172.21.15.100:0/3605336175 >> [v2:172.21.15.100:6800/2011962330,v1:172.21.15.100:6801/2011962330] conn(0x7fd6b4039670 msgr2=0x7fd6b403bb30 secure :-1 s=STATE_CONNECTION_ESTABLISHED l=1).mark_down
2024-04-26T01:34:52.843 INFO:teuthology.orchestra.run.smithi100.stdout:/usr/bin/ceph: stderr
2024-04-26T01:34:51.702+0000 7fd6d5200700 1 --2- 172.21.15.100:0/3605336175 >> [v2:172.21.15.100:6800/2011962330,v1:172.21.15.100:6801/2011962330] conn(0x7fd6b4039670 0x7fd6b403bb30 secure :-1 s=READY pgs=14 cs=0 l=1 rev1=1 crypto rx=0x7fd6bc006fd0 tx=0x7fd6bc006e40 comp rx=0 tx=0).stop
2024-04-26T01:34:52.843 INFO:teuthology.orchestra.run.smithi100.stdout:/usr/bin/ceph: stderr
2024-04-26T01:34:51.702+0000 7fd6d5200700 1 -- 172.21.15.100:0/3605336175 >> [v2:172.21.15.100:3300/0,v1:172.21.15.100:6789/0] conn(0x7fd6d0109010 msgr2=0x7fd6d019c420 secure :-1 s=STATE_CONNECTION_ESTABLISHED l=1).mark_down
2024-04-26T01:34:52.843 INFO:teuthology.orchestra.run.smithi100.stdout:/usr/bin/ceph: stderr
2024-04-26T01:34:51.702+0000 7fd6d5200700 1 --2- 172.21.15.100:0/3605336175 >> [v2:172.21.15.100:3300/0,v1:172.21.15.100:6789/0] conn(0x7fd6d0109010 0x7fd6d019c420 secure :-1 s=READY pgs=52 cs=0 l=1 rev1=1 crypto rx=0x7fd6c00117b0 tx=0x7fd6c0003eb0 comp rx=0 tx=0).stop
2024-04-26T01:34:52.843 INFO:teuthology.orchestra.run.smithi100.stdout:/usr/bin/ceph: stderr
2024-04-26T01:34:51.702+0000 7fd6d5200700 1 -- 172.21.15.100:0/3605336175 shutdown_connections
2024-04-26T01:34:52.843 INFO:teuthology.orchestra.run.smithi100.stdout:/usr/bin/ceph: stderr
2024-04-26T01:34:51.702+0000 7fd6d5200700 1 --2- 172.21.15.100:0/3605336175 >> [v2:172.21.15.100:6800/2011962330,v1:172.21.15.100:6801/2011962330] conn(0x7fd6b4039670 0x7fd6b403bb30 unknown :-1 s=CLOSED pgs=14 cs=0 l=1 rev1=1 crypto rx=0 tx=0 comp rx=0 tx=0).stop
2024-04-26T01:34:52.843 INFO:teuthology.orchestra.run.smithi100.stdout:/usr/bin/ceph: stderr
2024-04-26T01:34:51.702+0000 7fd6d5200700 1 --2- 172.21.15.100:0/3605336175 >> [v2:172.21.15.100:3300/0,v1:172.21.15.100:6789/0] conn(0x7fd6d0109010 0x7fd6d019c420 unknown :-1 s=CLOSED pgs=52 cs=0 l=1 rev1=1 crypto rx=0 tx=0 comp rx=0 tx=0).stop
2024-04-26T01:34:52.843 INFO:teuthology.orchestra.run.smithi100.stdout:/usr/bin/ceph: stderr
2024-04-26T01:34:51.702+0000 7fd6d5200700 1 -- 172.21.15.100:0/3605336175 >> 172.21.15.100:0/3605336175 conn(0x7fd6d0102a40 msgr2=0x7fd6d01034b0 unknown :-1 s=STATE_NONE l=0).mark_down
2024-04-26T01:34:52.844 INFO:teuthology.orchestra.run.smithi100.stdout:/usr/bin/ceph: stderr
2024-04-26T01:34:51.703+0000 7fd6d5200700 1 -- 172.21.15.100:0/3605336175 shutdown_connections
2024-04-26T01:34:52.844 INFO:teuthology.orchestra.run.smithi100.stdout:/usr/bin/ceph: stderr
2024-04-26T01:34:51.703+0000 7fd6d5200700 1 -- 172.21.15.100:0/3605336175 wait complete.
2024-04-26T01:34:54.404 INFO:teuthology.orchestra.run.smithi100.stdout:/usr/bin/ceph: stderr
2024-04-26T01:34:53.423+0000 7f4e78400700 1 Processor -- start
2024-04-26T01:34:54.404 INFO:teuthology.orchestra.run.smithi100.stdout:/usr/bin/ceph: stderr
2024-04-26T01:34:53.423+0000 7f4e78400700 1 -- start start
2024-04-26T01:34:54.404 INFO:teuthology.orchestra.run.smithi100.stdout:/usr/bin/ceph: stderr
2024-04-26T01:34:53.424+0000 7f4e78400700 1 --2- >> [v2:172.21.15.100:3300/0,v1:172.21.15.100:6789/0] conn(0x7f4e70108590 0x7f4e701089b0 unknown :-1 s=NONE pgs=0 cs=0 l=0 rev1=0 crypto rx=0 tx=0 comp rx=0 tx=0).connect
2024-04-26T01:34:54.404 INFO:teuthology.orchestra.run.smithi100.stdout:/usr/bin/ceph: stderr
2024-04-26T01:34:53.424+0000 7f4e78400700 1 -- --> [v2:172.21.15.100:3300/0,v1:172.21.15.100:6789/0] -- mon_getmap magic: 0 -- 0x7f4e70108f80 con 0x7f4e70108590
2024-04-26T01:34:54.404 INFO:teuthology.orchestra.run.smithi100.stdout:/usr/bin/ceph: stderr
2024-04-26T01:34:53.424+0000 7f4e75a00700 1 --2- >> [v2:172.21.15.100:3300/0,v1:172.21.15.100:6789/0] conn(0x7f4e70108590 0x7f4e701089b0 unknown :-1 s=BANNER_CONNECTING pgs=0 cs=0 l=0 rev1=0 crypto rx=0 tx=0 comp rx=0 tx=0)._handle_peer_banner_payload supported=3 required=0
2024-04-26T01:34:54.404 INFO:teuthology.orchestra.run.smithi100.stdout:/usr/bin/ceph: stderr
2024-04-26T01:34:53.424+0000 7f4e75a00700 1 --2- >> [v2:172.21.15.100:3300/0,v1:172.21.15.100:6789/0] conn(0x7f4e70108590 0x7f4e701089b0 unknown :-1 s=HELLO_CONNECTING pgs=0 cs=0 l=0 rev1=1 crypto rx=0 tx=0 comp rx=0 tx=0).handle_hello peer v2:172.21.15.100:3300/0 says I am v2:172.21.15.100:42964/0 (socket says 172.21.15.100:42964)
2024-04-26T01:34:54.405 INFO:teuthology.orchestra.run.smithi100.stdout:/usr/bin/ceph: stderr
2024-04-26T01:34:53.424+0000 7f4e75a00700 1 -- 172.21.15.100:0/1433812825 learned_addr learned my addr 172.21.15.100:0/1433812825 (peer_addr_for_me v2:172.21.15.100:0/0)
2024-04-26T01:34:54.405 INFO:teuthology.orchestra.run.smithi100.stdout:/usr/bin/ceph: stderr
2024-04-26T01:34:53.425+0000 7f4e75a00700 1 -- 172.21.15.100:0/1433812825 --> [v2:172.21.15.100:3300/0,v1:172.21.15.100:6789/0] -- mon_subscribe({config=0+,monmap=0+}) -- 0x7f4e70109740 con 0x7f4e70108590
2024-04-26T01:34:54.405 INFO:teuthology.orchestra.run.smithi100.stdout:/usr/bin/ceph: stderr
2024-04-26T01:34:53.425+0000 7f4e75a00700 1 --2- 172.21.15.100:0/1433812825 >> [v2:172.21.15.100:3300/0,v1:172.21.15.100:6789/0] conn(0x7f4e70108590 0x7f4e701089b0 secure :-1 s=READY pgs=53 cs=0 l=1 rev1=1 crypto rx=0x7f4e640098a0 tx=0x7f4e64009bb0 comp rx=0 tx=0).ready entity=mon.0 client_cookie=918b66a667d54077 server_cookie=0 in_seq=0 out_seq=0
2024-04-26T01:34:54.405 INFO:teuthology.orchestra.run.smithi100.stdout:/usr/bin/ceph: stderr
2024-04-26T01:34:53.425+0000 7f4e6fe00700 1 -- 172.21.15.100:0/1433812825 <== mon.0 v2:172.21.15.100:3300/0 1 ==== mon_map magic: 0 ==== 205+0+0 (secure 0 0 0) 0x7f4e64004160 con 0x7f4e70108590
2024-04-26T01:34:54.405 INFO:teuthology.orchestra.run.smithi100.stdout:/usr/bin/ceph: stderr
2024-04-26T01:34:53.425+0000 7f4e6fe00700 1 -- 172.21.15.100:0/1433812825 <== mon.0 v2:172.21.15.100:3300/0 2 ==== config(27 keys) ==== 1135+0+0 (secure 0 0 0) 0x7f4e64004300 con 0x7f4e70108590
2024-04-26T01:34:54.405 INFO:teuthology.orchestra.run.smithi100.stdout:/usr/bin/ceph: stderr
2024-04-26T01:34:53.425+0000 7f4e6fe00700 1 -- 172.21.15.100:0/1433812825 <== mon.0 v2:172.21.15.100:3300/0 3 ==== mon_map magic: 0 ==== 205+0+0 (secure 0 0 0) 0x7f4e64011af0 con 0x7f4e70108590
2024-04-26T01:34:54.405 INFO:teuthology.orchestra.run.smithi100.stdout:/usr/bin/ceph: stderr
2024-04-26T01:34:53.426+0000 7f4e78400700 1 -- 172.21.15.100:0/1433812825 >> [v2:172.21.15.100:3300/0,v1:172.21.15.100:6789/0] conn(0x7f4e70108590 msgr2=0x7f4e701089b0 secure :-1 s=STATE_CONNECTION_ESTABLISHED l=1).mark_down
2024-04-26T01:34:54.405 INFO:teuthology.orchestra.run.smithi100.stdout:/usr/bin/ceph: stderr
2024-04-26T01:34:53.426+0000 7f4e78400700 1 --2- 172.21.15.100:0/1433812825 >> [v2:172.21.15.100:3300/0,v1:172.21.15.100:6789/0] conn(0x7f4e70108590 0x7f4e701089b0 secure :-1 s=READY pgs=53 cs=0 l=1 rev1=1 crypto rx=0x7f4e640098a0 tx=0x7f4e64009bb0 comp rx=0 tx=0).stop
2024-04-26T01:34:54.405 INFO:teuthology.orchestra.run.smithi100.stdout:/usr/bin/ceph: stderr
2024-04-26T01:34:53.427+0000 7f4e78400700 1 -- 172.21.15.100:0/1433812825 shutdown_connections
2024-04-26T01:34:54.405 INFO:teuthology.orchestra.run.smithi100.stdout:/usr/bin/ceph: stderr
2024-04-26T01:34:53.427+0000 7f4e78400700 1 --2- 172.21.15.100:0/1433812825 >> [v2:172.21.15.100:3300/0,v1:172.21.15.100:6789/0] conn(0x7f4e70108590 0x7f4e701089b0 unknown :-1 s=CLOSED pgs=53 cs=0 l=1 rev1=1 crypto rx=0 tx=0 comp rx=0 tx=0).stop
2024-04-26T01:34:54.405 INFO:teuthology.orchestra.run.smithi100.stdout:/usr/bin/ceph: stderr
2024-04-26T01:34:53.427+0000 7f4e78400700 1 -- 172.21.15.100:0/1433812825 >> 172.21.15.100:0/1433812825 conn(0x7f4e70103b50 msgr2=0x7f4e70105f70 unknown :-1 s=STATE_NONE l=0).mark_down
2024-04-26T01:34:54.405 INFO:teuthology.orchestra.run.smithi100.stdout:/usr/bin/ceph: stderr
2024-04-26T01:34:53.427+0000 7f4e78400700 1 -- 172.21.15.100:0/1433812825 shutdown_connections
2024-04-26T01:34:54.405 INFO:teuthology.orchestra.run.smithi100.stdout:/usr/bin/ceph: stderr
2024-04-26T01:34:53.427+0000 7f4e78400700 1 -- 172.21.15.100:0/1433812825 wait complete.
2024-04-26T01:34:54.405 INFO:teuthology.orchestra.run.smithi100.stdout:/usr/bin/ceph: stderr
2024-04-26T01:34:53.428+0000 7f4e78400700 1 Processor -- start
2024-04-26T01:34:54.406 INFO:teuthology.orchestra.run.smithi100.stdout:/usr/bin/ceph: stderr
2024-04-26T01:34:53.429+0000 7f4e78400700 1 -- start start
2024-04-26T01:34:54.406 INFO:teuthology.orchestra.run.smithi100.stdout:/usr/bin/ceph: stderr
2024-04-26T01:34:53.429+0000 7f4e78400700 1 --2- >> [v2:172.21.15.100:3300/0,v1:172.21.15.100:6789/0] conn(0x7f4e70108590 0x7f4e7019e620 unknown :-1 s=NONE pgs=0 cs=0 l=1 rev1=0 crypto rx=0 tx=0 comp rx=0 tx=0).connect
2024-04-26T01:34:54.406 INFO:teuthology.orchestra.run.smithi100.stdout:/usr/bin/ceph: stderr
2024-04-26T01:34:53.429+0000 7f4e78400700 1 -- --> [v2:172.21.15.100:3300/0,v1:172.21.15.100:6789/0] -- mon_getmap magic: 0 -- 0x7f4e7010caf0 con 0x7f4e70108590
2024-04-26T01:34:54.406 INFO:teuthology.orchestra.run.smithi100.stdout:/usr/bin/ceph: stderr
2024-04-26T01:34:53.429+0000 7f4e75a00700 1 --2- >> [v2:172.21.15.100:3300/0,v1:172.21.15.100:6789/0] conn(0x7f4e70108590 0x7f4e7019e620 unknown :-1 s=BANNER_CONNECTING pgs=0 cs=0 l=1 rev1=0 crypto rx=0 tx=0 comp rx=0 tx=0)._handle_peer_banner_payload supported=3 required=0
2024-04-26T01:34:54.406 INFO:teuthology.orchestra.run.smithi100.stdout:/usr/bin/ceph: stderr
2024-04-26T01:34:53.429+0000 7f4e75a00700 1 --2- >> [v2:172.21.15.100:3300/0,v1:172.21.15.100:6789/0] conn(0x7f4e70108590 0x7f4e7019e620 unknown :-1 s=HELLO_CONNECTING pgs=0 cs=0 l=1 rev1=1 crypto rx=0 tx=0 comp rx=0 tx=0).handle_hello peer v2:172.21.15.100:3300/0 says I am v2:172.21.15.100:42972/0 (socket says 172.21.15.100:42972)
2024-04-26T01:34:54.406 INFO:teuthology.orchestra.run.smithi100.stdout:/usr/bin/ceph: stderr
2024-04-26T01:34:53.429+0000 7f4e75a00700 1 -- 172.21.15.100:0/888447627 learned_addr learned my addr 172.21.15.100:0/888447627 (peer_addr_for_me v2:172.21.15.100:0/0)
2024-04-26T01:34:54.406 INFO:teuthology.orchestra.run.smithi100.stdout:/usr/bin/ceph: stderr
2024-04-26T01:34:53.430+0000 7f4e75a00700 1 -- 172.21.15.100:0/888447627 --> [v2:172.21.15.100:3300/0,v1:172.21.15.100:6789/0] -- mon_subscribe({config=0+,monmap=0+}) -- 0x7f4e7019eb60 con 0x7f4e70108590
2024-04-26T01:34:54.406 INFO:teuthology.orchestra.run.smithi100.stdout:/usr/bin/ceph: stderr
2024-04-26T01:34:53.430+0000 7f4e75a00700 1 --2- 172.21.15.100:0/888447627 >> [v2:172.21.15.100:3300/0,v1:172.21.15.100:6789/0] conn(0x7f4e70108590 0x7f4e7019e620 secure :-1 s=READY pgs=54 cs=0 l=1 rev1=1 crypto rx=0x7f4e64003f90 tx=0x7f4e64011b70 comp rx=0 tx=0).ready entity=mon.0 client_cookie=0 server_cookie=0 in_seq=0 out_seq=0
2024-04-26T01:34:54.406 INFO:teuthology.orchestra.run.smithi100.stdout:/usr/bin/ceph: stderr
2024-04-26T01:34:53.430+0000 7f4e6e000700 1 -- 172.21.15.100:0/888447627 <== mon.0 v2:172.21.15.100:3300/0 1 ==== mon_map magic: 0 ==== 205+0+0 (secure 0 0 0) 0x7f4e640039e0 con 0x7f4e70108590
2024-04-26T01:34:54.406 INFO:teuthology.orchestra.run.smithi100.stdout:/usr/bin/ceph: stderr
2024-04-26T01:34:53.430+0000 7f4e6e000700 1 -- 172.21.15.100:0/888447627 <== mon.0 v2:172.21.15.100:3300/0 2 ==== config(27 keys) ==== 1135+0+0 (secure 0 0 0) 0x7f4e64003b80 con 0x7f4e70108590
2024-04-26T01:34:54.406 INFO:teuthology.orchestra.run.smithi100.stdout:/usr/bin/ceph: stderr
2024-04-26T01:34:53.430+0000 7f4e6e000700 1 -- 172.21.15.100:0/888447627 <== mon.0 v2:172.21.15.100:3300/0 3 ==== mon_map magic: 0 ==== 205+0+0 (secure 0 0 0) 0x7f4e640196e0 con 0x7f4e70108590
2024-04-26T01:34:54.408 INFO:teuthology.orchestra.run.smithi100.stdout:/usr/bin/ceph: stderr
2024-04-26T01:34:53.430+0000 7f4e78400700 1 -- 172.21.15.100:0/888447627 --> [v2:172.21.15.100:3300/0,v1:172.21.15.100:6789/0] -- mon_subscribe({mgrmap=0+}) -- 0x7f4e7019edf0 con 0x7f4e70108590
2024-04-26T01:34:54.408 INFO:teuthology.orchestra.run.smithi100.stdout:/usr/bin/ceph: stderr
2024-04-26T01:34:53.431+0000 7f4e78400700 1 -- 172.21.15.100:0/888447627 --> [v2:172.21.15.100:3300/0,v1:172.21.15.100:6789/0] -- mon_subscribe({osdmap=0}) -- 0x7f4e701a1ae0 con 0x7f4e70108590
2024-04-26T01:34:54.408 INFO:teuthology.orchestra.run.smithi100.stdout:/usr/bin/ceph: stderr
2024-04-26T01:34:53.432+0000 7f4e6e000700 1 -- 172.21.15.100:0/888447627 <== mon.0 v2:172.21.15.100:3300/0 4 ==== mgrmap(e 8) ==== 46558+0+0 (secure 0 0 0) 0x7f4e64022020 con 0x7f4e70108590
2024-04-26T01:34:54.408 INFO:teuthology.orchestra.run.smithi100.stdout:/usr/bin/ceph: stderr
2024-04-26T01:34:53.432+0000 7f4e78400700 1 -- 172.21.15.100:0/888447627 --> [v2:172.21.15.100:3300/0,v1:172.21.15.100:6789/0] -- mon_command({"prefix": "get_command_descriptions"} v 0) -- 0x7f4e700640a0 con 0x7f4e70108590
2024-04-26T01:34:54.409 INFO:teuthology.orchestra.run.smithi100.stdout:/usr/bin/ceph: stderr
