2024-04-26T01:37:29.060 INFO:journalctl@ceph.mon.a.smithi046.stdout:Apr 26 01:37:28 smithi046 ceph-mon[28013]: [26/Apr/2024:01:37:27] ENGINE Bus STARTED
2024-04-26T01:37:29.060 INFO:journalctl@ceph.mon.a.smithi046.stdout:Apr 26 01:37:28 smithi046 ceph-mon[28013]: from='mgr.14120 172.21.15.46:0/2960334273' entity='mgr.x' cmd=[{"prefix": "config dump", "format": "json"}]: dispatch
2024-04-26T01:37:29.060 INFO:journalctl@ceph.mon.a.smithi046.stdout:Apr 26 01:37:28 smithi046 ceph-mon[28013]: from='client.14132 -' entity='client.admin' cmd=[{"prefix": "orch set backend", "module_name": "cephadm", "target": ["mon-mgr", ""]}]: dispatch
2024-04-26T01:37:29.060 INFO:journalctl@ceph.mon.a.smithi046.stdout:Apr 26 01:37:28 smithi046 ceph-mon[28013]: from='mgr.14120 172.21.15.46:0/2960334273' entity='mgr.x'
2024-04-26T01:37:29.060 INFO:journalctl@ceph.mon.a.smithi046.stdout:Apr 26 01:37:28 smithi046 ceph-mon[28013]: from='mgr.14120 172.21.15.46:0/2960334273' entity='mgr.x' cmd=[{"prefix": "config dump", "format": "json"}]: dispatch
2024-04-26T01:37:29.176 INFO:teuthology.orchestra.run.smithi046.stdout:/usr/bin/ceph: stderr
2024-04-26T01:37:28.221+0000 7fcb63200700 1 Processor -- start
2024-04-26T01:37:29.176 INFO:teuthology.orchestra.run.smithi046.stdout:/usr/bin/ceph: stderr
2024-04-26T01:37:28.222+0000 7fcb63200700 1 -- start start
2024-04-26T01:37:29.176 INFO:teuthology.orchestra.run.smithi046.stdout:/usr/bin/ceph: stderr
2024-04-26T01:37:28.222+0000 7fcb63200700 1 --2- >> [v2:172.21.15.46:3300/0,v1:172.21.15.46:6789/0] conn(0x7fcb6410a630 0x7fcb6410aa50 unknown :-1 s=NONE pgs=0 cs=0 l=0 rev1=0 crypto rx=0 tx=0 comp rx=0 tx=0).connect
2024-04-26T01:37:29.176 INFO:teuthology.orchestra.run.smithi046.stdout:/usr/bin/ceph: stderr
2024-04-26T01:37:28.222+0000 7fcb63200700 1 -- --> [v2:172.21.15.46:3300/0,v1:172.21.15.46:6789/0] -- mon_getmap magic: 0 -- 0x7fcb6410b020 con 0x7fcb6410a630
2024-04-26T01:37:29.176 INFO:teuthology.orchestra.run.smithi046.stdout:/usr/bin/ceph: stderr
2024-04-26T01:37:28.223+0000 7fcb61e00700 1 --2- >> [v2:172.21.15.46:3300/0,v1:172.21.15.46:6789/0] conn(0x7fcb6410a630 0x7fcb6410aa50 unknown :-1 s=BANNER_CONNECTING pgs=0 cs=0 l=0 rev1=0 crypto rx=0 tx=0 comp rx=0 tx=0)._handle_peer_banner_payload supported=3 required=0
2024-04-26T01:37:29.176 INFO:teuthology.orchestra.run.smithi046.stdout:/usr/bin/ceph: stderr
2024-04-26T01:37:28.223+0000 7fcb61e00700 1 --2- >> [v2:172.21.15.46:3300/0,v1:172.21.15.46:6789/0] conn(0x7fcb6410a630 0x7fcb6410aa50 unknown :-1 s=HELLO_CONNECTING pgs=0 cs=0 l=0 rev1=1 crypto rx=0 tx=0 comp rx=0 tx=0).handle_hello peer v2:172.21.15.46:3300/0 says I am v2:172.21.15.46:46996/0 (socket says 172.21.15.46:46996)
2024-04-26T01:37:29.179 INFO:teuthology.orchestra.run.smithi046.stdout:/usr/bin/ceph: stderr
2024-04-26T01:37:28.223+0000 7fcb61e00700 1 -- 172.21.15.46:0/3849370055 learned_addr learned my addr 172.21.15.46:0/3849370055 (peer_addr_for_me v2:172.21.15.46:0/0)
2024-04-26T01:37:29.179 INFO:teuthology.orchestra.run.smithi046.stdout:/usr/bin/ceph: stderr
2024-04-26T01:37:28.223+0000 7fcb61e00700 1 -- 172.21.15.46:0/3849370055 --> [v2:172.21.15.46:3300/0,v1:172.21.15.46:6789/0] -- mon_subscribe({config=0+,monmap=0+}) -- 0x7fcb6410b7e0 con 0x7fcb6410a630
2024-04-26T01:37:29.179 INFO:teuthology.orchestra.run.smithi046.stdout:/usr/bin/ceph: stderr
2024-04-26T01:37:28.223+0000 7fcb61e00700 1 --2- 172.21.15.46:0/3849370055 >> [v2:172.21.15.46:3300/0,v1:172.21.15.46:6789/0] conn(0x7fcb6410a630 0x7fcb6410aa50 secure :-1 s=READY pgs=37 cs=0 l=1 rev1=1 crypto rx=0x7fcb540098a0 tx=0x7fcb54009bb0 comp rx=0 tx=0).ready entity=mon.0 client_cookie=bc5fc52775950255 server_cookie=0 in_seq=0 out_seq=0
2024-04-26T01:37:29.179 INFO:teuthology.orchestra.run.smithi046.stdout:/usr/bin/ceph: stderr
2024-04-26T01:37:28.224+0000 7fcb61400700 1 -- 172.21.15.46:0/3849370055 <== mon.0 v2:172.21.15.46:3300/0 1 ==== mon_map magic: 0 ==== 205+0+0 (secure 0 0 0) 0x7fcb54004160 con 0x7fcb6410a630
2024-04-26T01:37:29.180 INFO:teuthology.orchestra.run.smithi046.stdout:/usr/bin/ceph: stderr
2024-04-26T01:37:28.224+0000 7fcb61400700 1 -- 172.21.15.46:0/3849370055 <== mon.0 v2:172.21.15.46:3300/0 2 ==== config(27 keys) ==== 1104+0+0 (secure 0 0 0) 0x7fcb54004300 con 0x7fcb6410a630
2024-04-26T01:37:29.180 INFO:teuthology.orchestra.run.smithi046.stdout:/usr/bin/ceph: stderr
2024-04-26T01:37:28.224+0000 7fcb61400700 1 -- 172.21.15.46:0/3849370055 <== mon.0 v2:172.21.15.46:3300/0 3 ==== mon_map magic: 0 ==== 205+0+0 (secure 0 0 0) 0x7fcb54011b20 con 0x7fcb6410a630
2024-04-26T01:37:29.180 INFO:teuthology.orchestra.run.smithi046.stdout:/usr/bin/ceph: stderr
2024-04-26T01:37:28.224+0000 7fcb63200700 1 -- 172.21.15.46:0/3849370055 >> [v2:172.21.15.46:3300/0,v1:172.21.15.46:6789/0] conn(0x7fcb6410a630 msgr2=0x7fcb6410aa50 secure :-1 s=STATE_CONNECTION_ESTABLISHED l=1).mark_down
2024-04-26T01:37:29.180 INFO:teuthology.orchestra.run.smithi046.stdout:/usr/bin/ceph: stderr
2024-04-26T01:37:28.224+0000 7fcb63200700 1 --2- 172.21.15.46:0/3849370055 >> [v2:172.21.15.46:3300/0,v1:172.21.15.46:6789/0] conn(0x7fcb6410a630 0x7fcb6410aa50 secure :-1 s=READY pgs=37 cs=0 l=1 rev1=1 crypto rx=0x7fcb540098a0 tx=0x7fcb54009bb0 comp rx=0 tx=0).stop
2024-04-26T01:37:29.180 INFO:teuthology.orchestra.run.smithi046.stdout:/usr/bin/ceph: stderr
2024-04-26T01:37:28.224+0000 7fcb63200700 1 -- 172.21.15.46:0/3849370055 shutdown_connections
2024-04-26T01:37:29.180 INFO:teuthology.orchestra.run.smithi046.stdout:/usr/bin/ceph: stderr
2024-04-26T01:37:28.224+0000 7fcb63200700 1 --2- 172.21.15.46:0/3849370055 >> [v2:172.21.15.46:3300/0,v1:172.21.15.46:6789/0] conn(0x7fcb6410a630 0x7fcb6410aa50 unknown :-1 s=CLOSED pgs=37 cs=0 l=1 rev1=1 crypto rx=0 tx=0 comp rx=0 tx=0).stop
2024-04-26T01:37:29.180 INFO:teuthology.orchestra.run.smithi046.stdout:/usr/bin/ceph: stderr
2024-04-26T01:37:28.224+0000 7fcb63200700 1 -- 172.21.15.46:0/3849370055 >> 172.21.15.46:0/3849370055 conn(0x7fcb6407dbe0 msgr2=0x7fcb641084c0 unknown :-1 s=STATE_NONE l=0).mark_down
2024-04-26T01:37:29.180 INFO:teuthology.orchestra.run.smithi046.stdout:/usr/bin/ceph: stderr
2024-04-26T01:37:28.225+0000 7fcb63200700 1 -- 172.21.15.46:0/3849370055 shutdown_connections
2024-04-26T01:37:29.180 INFO:teuthology.orchestra.run.smithi046.stdout:/usr/bin/ceph: stderr
2024-04-26T01:37:28.225+0000 7fcb63200700 1 -- 172.21.15.46:0/3849370055 wait complete.
2024-04-26T01:37:29.180 INFO:teuthology.orchestra.run.smithi046.stdout:/usr/bin/ceph: stderr
2024-04-26T01:37:28.226+0000 7fcb63200700 1 Processor -- start
2024-04-26T01:37:29.180 INFO:teuthology.orchestra.run.smithi046.stdout:/usr/bin/ceph: stderr
2024-04-26T01:37:28.226+0000 7fcb63200700 1 -- start start
2024-04-26T01:37:29.180 INFO:teuthology.orchestra.run.smithi046.stdout:/usr/bin/ceph: stderr
2024-04-26T01:37:28.226+0000 7fcb63200700 1 --2- >> [v2:172.21.15.46:3300/0,v1:172.21.15.46:6789/0] conn(0x7fcb6410a630 0x7fcb6419e4c0 unknown :-1 s=NONE pgs=0 cs=0 l=1 rev1=0 crypto rx=0 tx=0 comp rx=0 tx=0).connect
2024-04-26T01:37:29.180 INFO:teuthology.orchestra.run.smithi046.stdout:/usr/bin/ceph: stderr
2024-04-26T01:37:28.226+0000 7fcb63200700 1 -- --> [v2:172.21.15.46:3300/0,v1:172.21.15.46:6789/0] -- mon_getmap magic: 0 -- 0x7fcb6410eb90 con 0x7fcb6410a630
2024-04-26T01:37:29.181 INFO:teuthology.orchestra.run.smithi046.stdout:/usr/bin/ceph: stderr
2024-04-26T01:37:28.226+0000 7fcb61e00700 1 --2- >> [v2:172.21.15.46:3300/0,v1:172.21.15.46:6789/0] conn(0x7fcb6410a630 0x7fcb6419e4c0 unknown :-1 s=BANNER_CONNECTING pgs=0 cs=0 l=1 rev1=0 crypto rx=0 tx=0 comp rx=0 tx=0)._handle_peer_banner_payload supported=3 required=0
2024-04-26T01:37:29.181 INFO:teuthology.orchestra.run.smithi046.stdout:/usr/bin/ceph: stderr
2024-04-26T01:37:28.226+0000 7fcb61e00700 1 --2- >> [v2:172.21.15.46:3300/0,v1:172.21.15.46:6789/0] conn(0x7fcb6410a630 0x7fcb6419e4c0 unknown :-1 s=HELLO_CONNECTING pgs=0 cs=0 l=1 rev1=1 crypto rx=0 tx=0 comp rx=0 tx=0).handle_hello peer v2:172.21.15.46:3300/0 says I am v2:172.21.15.46:47006/0 (socket says 172.21.15.46:47006)
2024-04-26T01:37:29.181 INFO:teuthology.orchestra.run.smithi046.stdout:/usr/bin/ceph: stderr
2024-04-26T01:37:28.226+0000 7fcb61e00700 1 -- 172.21.15.46:0/3508486814 learned_addr learned my addr 172.21.15.46:0/3508486814 (peer_addr_for_me v2:172.21.15.46:0/0)
2024-04-26T01:37:29.181 INFO:teuthology.orchestra.run.smithi046.stdout:/usr/bin/ceph: stderr
2024-04-26T01:37:28.227+0000 7fcb61e00700 1 -- 172.21.15.46:0/3508486814 --> [v2:172.21.15.46:3300/0,v1:172.21.15.46:6789/0] -- mon_subscribe({config=0+,monmap=0+}) -- 0x7fcb6419ea00 con 0x7fcb6410a630
2024-04-26T01:37:29.181 INFO:teuthology.orchestra.run.smithi046.stdout:/usr/bin/ceph: stderr
2024-04-26T01:37:28.227+0000 7fcb61e00700 1 --2- 172.21.15.46:0/3508486814 >> [v2:172.21.15.46:3300/0,v1:172.21.15.46:6789/0] conn(0x7fcb6410a630 0x7fcb6419e4c0 secure :-1 s=READY pgs=38 cs=0 l=1 rev1=1 crypto rx=0x7fcb54006af0 tx=0x7fcb54011ce0 comp rx=0 tx=0).ready entity=mon.0 client_cookie=0 server_cookie=0 in_seq=0 out_seq=0
2024-04-26T01:37:29.181 INFO:teuthology.orchestra.run.smithi046.stdout:/usr/bin/ceph: stderr
2024-04-26T01:37:28.227+0000 7fcb5b400700 1 -- 172.21.15.46:0/3508486814 <== mon.0 v2:172.21.15.46:3300/0 1 ==== mon_map magic: 0 ==== 205+0+0 (secure 0 0 0) 0x7fcb54003b90 con 0x7fcb6410a630
2024-04-26T01:37:29.181 INFO:teuthology.orchestra.run.smithi046.stdout:/usr/bin/ceph: stderr
2024-04-26T01:37:28.227+0000 7fcb5b400700 1 -- 172.21.15.46:0/3508486814 <== mon.0 v2:172.21.15.46:3300/0 2 ==== config(27 keys) ==== 1104+0+0 (secure 0 0 0) 0x7fcb54003d30 con 0x7fcb6410a630
2024-04-26T01:37:29.183 INFO:teuthology.orchestra.run.smithi046.stdout:/usr/bin/ceph: stderr
2024-04-26T01:37:28.227+0000 7fcb5b400700 1 -- 172.21.15.46:0/3508486814 <== mon.0 v2:172.21.15.46:3300/0 3 ==== mon_map magic: 0 ==== 205+0+0 (secure 0 0 0) 0x7fcb540197c0 con 0x7fcb6410a630
2024-04-26T01:37:29.184 INFO:teuthology.orchestra.run.smithi046.stdout:/usr/bin/ceph: stderr
2024-04-26T01:37:28.227+0000 7fcb63200700 1 -- 172.21.15.46:0/3508486814 --> [v2:172.21.15.46:3300/0,v1:172.21.15.46:6789/0] -- mon_subscribe({mgrmap=0+}) -- 0x7fcb6419ec90 con 0x7fcb6410a630
2024-04-26T01:37:29.184 INFO:teuthology.orchestra.run.smithi046.stdout:/usr/bin/ceph: stderr
2024-04-26T01:37:28.228+0000 7fcb63200700 1 -- 172.21.15.46:0/3508486814 --> [v2:172.21.15.46:3300/0,v1:172.21.15.46:6789/0] -- mon_subscribe({osdmap=0}) -- 0x7fcb6419f0f0 con 0x7fcb6410a630
2024-04-26T01:37:29.184 INFO:teuthology.orchestra.run.smithi046.stdout:/usr/bin/ceph: stderr
2024-04-26T01:37:28.229+0000 7fcb5b400700 1 -- 172.21.15.46:0/3508486814 <== mon.0 v2:172.21.15.46:3300/0 4 ==== mgrmap(e 8) ==== 46558+0+0 (secure 0 0 0) 0x7fcb54022020 con 0x7fcb6410a630
2024-04-26T01:37:29.184 INFO:teuthology.orchestra.run.smithi046.stdout:/usr/bin/ceph: stderr
2024-04-26T01:37:28.229+0000 7fcb63200700 1 -- 172.21.15.46:0/3508486814 --> [v2:172.21.15.46:3300/0,v1:172.21.15.46:6789/0] -- mon_command({"prefix": "get_command_descriptions"} v 0) -- 0x7fcb640640a0 con 0x7fcb6410a630
2024-04-26T01:37:29.184 INFO:teuthology.orchestra.run.smithi046.stdout:/usr/bin/ceph: stderr
2024-04-26T01:37:28.229+0000 7fcb5b400700 1 --2- 172.21.15.46:0/3508486814 >> [v2:172.21.15.46:6800/1268650508,v1:172.21.15.46:6801/1268650508] conn(0x7fcb480396c0 0x7fcb4803bb80 unknown :-1 s=NONE pgs=0 cs=0 l=1 rev1=0 crypto rx=0 tx=0 comp rx=0 tx=0).connect
2024-04-26T01:37:29.184 INFO:teuthology.orchestra.run.smithi046.stdout:/usr/bin/ceph: stderr
2024-04-26T01:37:28.229+0000 7fcb5b400700 1 -- 172.21.15.46:0/3508486814 <== mon.0 v2:172.21.15.46:3300/0 5 ==== osd_map(2..2 src has 1..2) ==== 940+0+0 (secure 0 0 0) 0x7fcb5404d8c0 con 0x7fcb6410a630
2024-04-26T01:37:29.184 INFO:teuthology.orchestra.run.smithi046.stdout:/usr/bin/ceph: stderr
2024-04-26T01:37:28.230+0000 7fcb59400700 1 --2- 172.21.15.46:0/3508486814 >> [v2:172.21.15.46:6800/1268650508,v1:172.21.15.46:6801/1268650508] conn(0x7fcb480396c0 0x7fcb4803bb80 unknown :-1 s=BANNER_CONNECTING pgs=0 cs=0 l=1 rev1=0 crypto rx=0 tx=0 comp rx=0 tx=0)._handle_peer_banner_payload supported=3 required=0
2024-04-26T01:37:29.184 INFO:teuthology.orchestra.run.smithi046.stdout:/usr/bin/ceph: stderr
2024-04-26T01:37:28.231+0000 7fcb59400700 1 --2- 172.21.15.46:0/3508486814 >> [v2:172.21.15.46:6800/1268650508,v1:172.21.15.46:6801/1268650508] conn(0x7fcb480396c0 0x7fcb4803bb80 secure :-1 s=READY pgs=7 cs=0 l=1 rev1=1 crypto rx=0x7fcb4c006fd0 tx=0x7fcb4c006e40 comp rx=0 tx=0).ready entity=mgr.14120 client_cookie=0 server_cookie=0 in_seq=0 out_seq=0
2024-04-26T01:37:29.184 INFO:teuthology.orchestra.run.smithi046.stdout:/usr/bin/ceph: stderr
2024-04-26T01:37:28.236+0000 7fcb5b400700 1 -- 172.21.15.46:0/3508486814 <== mon.0 v2:172.21.15.46:3300/0 6 ==== mon_command_ack([{"prefix": "get_command_descriptions"}]=0 v0) ==== 72+0+188370 (secure 0 0 0) 0x7fcb5400b990 con 0x7fcb6410a630
2024-04-26T01:37:29.184 INFO:teuthology.orchestra.run.smithi046.stdout:/usr/bin/ceph: stderr
2024-04-26T01:37:28.484+0000 7fcb63200700 1 -- 172.21.15.46:0/3508486814 --> [v2:172.21.15.46:6800/1268650508,v1:172.21.15.46:6801/1268650508] -- mgr_command(tid 0: {"prefix": "orch set backend", "module_name": "cephadm", "target": ["mon-mgr", ""]}) -- 0x7fcb64108230 con 0x7fcb480396c0
2024-04-26T01:37:29.184 INFO:teuthology.orchestra.run.smithi046.stdout:/usr/bin/ceph: stderr
2024-04-26T01:37:28.497+0000 7fcb5b400700 1 -- 172.21.15.46:0/3508486814 <== mgr.14120 v2:172.21.15.46:6800/1268650508 1 ==== mgr_command_reply(tid 0: 0 ) ==== 8+0+0 (secure 0 0 0) 0x7fcb64108230 con 0x7fcb480396c0
2024-04-26T01:37:29.184 INFO:teuthology.orchestra.run.smithi046.stdout:/usr/bin/ceph: stderr
2024-04-26T01:37:28.500+0000 7fcb63200700 1 -- 172.21.15.46:0/3508486814 >> [v2:172.21.15.46:6800/1268650508,v1:172.21.15.46:6801/1268650508] conn(0x7fcb480396c0 msgr2=0x7fcb4803bb80 secure :-1 s=STATE_CONNECTION_ESTABLISHED l=1).mark_down
2024-04-26T01:37:29.184 INFO:teuthology.orchestra.run.smithi046.stdout:/usr/bin/ceph: stderr
2024-04-26T01:37:28.500+0000 7fcb63200700 1 --2- 172.21.15.46:0/3508486814 >> [v2:172.21.15.46:6800/1268650508,v1:172.21.15.46:6801/1268650508] conn(0x7fcb480396c0 0x7fcb4803bb80 secure :-1 s=READY pgs=7 cs=0 l=1 rev1=1 crypto rx=0x7fcb4c006fd0 tx=0x7fcb4c006e40 comp rx=0 tx=0).stop
2024-04-26T01:37:29.185 INFO:teuthology.orchestra.run.smithi046.stdout:/usr/bin/ceph: stderr
2024-04-26T01:37:28.500+0000 7fcb63200700 1 -- 172.21.15.46:0/3508486814 >> [v2:172.21.15.46:3300/0,v1:172.21.15.46:6789/0] conn(0x7fcb6410a630 msgr2=0x7fcb6419e4c0 secure :-1 s=STATE_CONNECTION_ESTABLISHED l=1).mark_down
2024-04-26T01:37:29.185 INFO:teuthology.orchestra.run.smithi046.stdout:/usr/bin/ceph: stderr
2024-04-26T01:37:28.500+0000 7fcb63200700 1 --2- 172.21.15.46:0/3508486814 >> [v2:172.21.15.46:3300/0,v1:172.21.15.46:6789/0] conn(0x7fcb6410a630 0x7fcb6419e4c0 secure :-1 s=READY pgs=38 cs=0 l=1 rev1=1 crypto rx=0x7fcb54006af0 tx=0x7fcb54011ce0 comp rx=0 tx=0).stop
2024-04-26T01:37:29.185 INFO:teuthology.orchestra.run.smithi046.stdout:/usr/bin/ceph: stderr
2024-04-26T01:37:28.501+0000 7fcb63200700 1 -- 172.21.15.46:0/3508486814 shutdown_connections
2024-04-26T01:37:29.185 INFO:teuthology.orchestra.run.smithi046.stdout:/usr/bin/ceph: stderr
2024-04-26T01:37:28.501+0000 7fcb63200700 1 --2- 172.21.15.46:0/3508486814 >> [v2:172.21.15.46:6800/1268650508,v1:172.21.15.46:6801/1268650508] conn(0x7fcb480396c0 0x7fcb4803bb80 unknown :-1 s=CLOSED pgs=7 cs=0 l=1 rev1=1 crypto rx=0 tx=0 comp rx=0 tx=0).stop
2024-04-26T01:37:29.185 INFO:teuthology.orchestra.run.smithi046.stdout:/usr/bin/ceph: stderr
2024-04-26T01:37:28.501+0000 7fcb63200700 1 --2- 172.21.15.46:0/3508486814 >> [v2:172.21.15.46:3300/0,v1:172.21.15.46:6789/0] conn(0x7fcb6410a630 0x7fcb6419e4c0 unknown :-1 s=CLOSED pgs=38 cs=0 l=1 rev1=1 crypto rx=0 tx=0 comp rx=0 tx=0).stop
2024-04-26T01:37:29.185 INFO:teuthology.orchestra.run.smithi046.stdout:/usr/bin/ceph: stderr
2024-04-26T01:37:28.501+0000 7fcb63200700 1 -- 172.21.15.46:0/3508486814 >> 172.21.15.46:0/3508486814 conn(0x7fcb6407dbe0 msgr2=0x7fcb64107b20 unknown :-1 s=STATE_NONE l=0).mark_down
2024-04-26T01:37:29.185 INFO:teuthology.orchestra.run.smithi046.stdout:/usr/bin/ceph: stderr
2024-04-26T01:37:28.501+0000 7fcb63200700 1 -- 172.21.15.46:0/3508486814 shutdown_connections
2024-04-26T01:37:29.185 INFO:teuthology.orchestra.run.smithi046.stdout:/usr/bin/ceph: stderr
2024-04-26T01:37:28.501+0000 7fcb63200700 1 -- 172.21.15.46:0/3508486814 wait complete.
2024-04-26T01:37:30.684 INFO:teuthology.orchestra.run.smithi046.stdout:/usr/bin/ceph: stdout value unchanged
2024-04-26T01:37:30.691 INFO:teuthology.orchestra.run.smithi046.stdout:/usr/bin/ceph: stderr
2024-04-26T01:37:29.795+0000 7f2056400700 1 Processor -- start
2024-04-26T01:37:30.691 INFO:teuthology.orchestra.run.smithi046.stdout:/usr/bin/ceph: stderr
2024-04-26T01:37:29.795+0000 7f2056400700 1 -- start start
2024-04-26T01:37:30.691 INFO:teuthology.orchestra.run.smithi046.stdout:/usr/bin/ceph: stderr
2024-04-26T01:37:29.795+0000 7f2056400700 1 --2- >> [v2:172.21.15.46:3300/0,v1:172.21.15.46:6789/0] conn(0x7f205007de80 0x7f205007c330 unknown :-1 s=NONE pgs=0 cs=0 l=0 rev1=0 crypto rx=0 tx=0 comp rx=0 tx=0).connect
2024-04-26T01:37:30.691 INFO:teuthology.orchestra.run.smithi046.stdout:/usr/bin/ceph: stderr
2024-04-26T01:37:29.796+0000 7f2056400700 1 -- --> [v2:172.21.15.46:3300/0,v1:172.21.15.46:6789/0] -- mon_getmap magic: 0 -- 0x7f205007c900 con 0x7f205007de80
2024-04-26T01:37:30.691 INFO:teuthology.orchestra.run.smithi046.stdout:/usr/bin/ceph: stderr
2024-04-26T01:37:29.796+0000 7f204f400700 1 --2- >> [v2:172.21.15.46:3300/0,v1:172.21.15.46:6789/0] conn(0x7f205007de80 0x7f205007c330 unknown :-1 s=BANNER_CONNECTING pgs=0 cs=0 l=0 rev1=0 crypto rx=0 tx=0 comp rx=0 tx=0)._handle_peer_banner_payload supported=3 required=0
2024-04-26T01:37:30.691 INFO:teuthology.orchestra.run.smithi046.stdout:/usr/bin/ceph: stderr
2024-04-26T01:37:29.796+0000 7f204f400700 1 --2- >> [v2:172.21.15.46:3300/0,v1:172.21.15.46:6789/0] conn(0x7f205007de80 0x7f205007c330 unknown :-1 s=HELLO_CONNECTING pgs=0 cs=0 l=0 rev1=1 crypto rx=0 tx=0 comp rx=0 tx=0).handle_hello peer v2:172.21.15.46:3300/0 says I am v2:172.21.15.46:47016/0 (socket says 172.21.15.46:47016)
2024-04-26T01:37:30.691 INFO:teuthology.orchestra.run.smithi046.stdout:/usr/bin/ceph: stderr
2024-04-26T01:37:29.796+0000 7f204f400700 1 -- 172.21.15.46:0/3572207367 learned_addr learned my addr 172.21.15.46:0/3572207367 (peer_addr_for_me v2:172.21.15.46:0/0)
2024-04-26T01:37:30.691 INFO:teuthology.orchestra.run.smithi046.stdout:/usr/bin/ceph: stderr
2024-04-26T01:37:29.796+0000 7f204f400700 1 -- 172.21.15.46:0/3572207367 --> [v2:172.21.15.46:3300/0,v1:172.21.15.46:6789/0] -- mon_subscribe({config=0+,monmap=0+}) -- 0x7f205007ca80 con 0x7f205007de80
2024-04-26T01:37:30.691 INFO:teuthology.orchestra.run.smithi046.stdout:/usr/bin/ceph: stderr
2024-04-26T01:37:29.797+0000 7f204f400700 1 --2- 172.21.15.46:0/3572207367 >> [v2:172.21.15.46:3300/0,v1:172.21.15.46:6789/0] conn(0x7f205007de80 0x7f205007c330 secure :-1 s=READY pgs=39 cs=0 l=1 rev1=1 crypto rx=0x7f20400098a0 tx=0x7f2040009bb0 comp rx=0 tx=0).ready entity=mon.0 client_cookie=830d608bba479ccb server_cookie=0 in_seq=0 out_seq=0
2024-04-26T01:37:30.691 INFO:teuthology.orchestra.run.smithi046.stdout:/usr/bin/ceph: stderr
2024-04-26T01:37:29.797+0000 7f204e000700 1 -- 172.21.15.46:0/3572207367 <== mon.0 v2:172.21.15.46:3300/0 1 ==== mon_map magic: 0 ==== 205+0+0 (secure 0 0 0) 0x7f2040004160 con 0x7f205007de80
2024-04-26T01:37:30.692 INFO:teuthology.orchestra.run.smithi046.stdout:/usr/bin/ceph: stderr
2024-04-26T01:37:29.797+0000 7f204e000700 1 -- 172.21.15.46:0/3572207367 <== mon.0 v2:172.21.15.46:3300/0 2 ==== config(27 keys) ==== 1104+0+0 (secure 0 0 0) 0x7f2040004300 con 0x7f205007de80
2024-04-26T01:37:30.692 INFO:teuthology.orchestra.run.smithi046.stdout:/usr/bin/ceph: stderr
2024-04-26T01:37:29.797+0000 7f204e000700 1 -- 172.21.15.46:0/3572207367 <== mon.0 v2:172.21.15.46:3300/0 3 ==== mon_map magic: 0 ==== 205+0+0 (secure 0 0 0) 0x7f2040011b20 con 0x7f205007de80
2024-04-26T01:37:30.692 INFO:teuthology.orchestra.run.smithi046.stdout:/usr/bin/ceph: stderr
2024-04-26T01:37:29.798+0000 7f2056400700 1 -- 172.21.15.46:0/3572207367 >> [v2:172.21.15.46:3300/0,v1:172.21.15.46:6789/0] conn(0x7f205007de80 msgr2=0x7f205007c330 secure :-1 s=STATE_CONNECTION_ESTABLISHED l=1).mark_down
2024-04-26T01:37:30.692 INFO:teuthology.orchestra.run.smithi046.stdout:/usr/bin/ceph: stderr
2024-04-26T01:37:29.798+0000 7f2056400700 1 --2- 172.21.15.46:0/3572207367 >> [v2:172.21.15.46:3300/0,v1:172.21.15.46:6789/0] conn(0x7f205007de80 0x7f205007c330 secure :-1 s=READY pgs=39 cs=0 l=1 rev1=1 crypto rx=0x7f20400098a0 tx=0x7f2040009bb0 comp rx=0 tx=0).stop
2024-04-26T01:37:30.692 INFO:teuthology.orchestra.run.smithi046.stdout:/usr/bin/ceph: stderr
2024-04-26T01:37:29.798+0000 7f2056400700 1 -- 172.21.15.46:0/3572207367 shutdown_connections
2024-04-26T01:37:30.692 INFO:teuthology.orchestra.run.smithi046.stdout:/usr/bin/ceph: stderr
2024-04-26T01:37:29.798+0000 7f2056400700 1 --2- 172.21.15.46:0/3572207367 >> [v2:172.21.15.46:3300/0,v1:172.21.15.46:6789/0] conn(0x7f205007de80 0x7f205007c330 unknown :-1 s=CLOSED pgs=39 cs=0 l=1 rev1=1 crypto rx=0 tx=0 comp rx=0 tx=0).stop
2024-04-26T01:37:30.692 INFO:teuthology.orchestra.run.smithi046.stdout:/usr/bin/ceph: stderr
2024-04-26T01:37:29.798+0000 7f2056400700 1 -- 172.21.15.46:0/3572207367 >> 172.21.15.46:0/3572207367 conn(0x7f2050103b50 msgr2=0x7f2050105f90 unknown :-1 s=STATE_NONE l=0).mark_down
2024-04-26T01:37:30.692 INFO:teuthology.orchestra.run.smithi046.stdout:/usr/bin/ceph: stderr
2024-04-26T01:37:29.798+0000 7f2056400700 1 -- 172.21.15.46:0/3572207367 shutdown_connections
2024-04-26T01:37:30.692 INFO:teuthology.orchestra.run.smithi046.stdout:/usr/bin/ceph: stderr
2024-04-26T01:37:29.798+0000 7f2056400700 1 -- 172.21.15.46:0/3572207367 wait complete.
2024-04-26T01:37:30.692 INFO:teuthology.orchestra.run.smithi046.stdout:/usr/bin/ceph: stderr
2024-04-26T01:37:29.799+0000 7f2056400700 1 Processor -- start
2024-04-26T01:37:30.692 INFO:teuthology.orchestra.run.smithi046.stdout:/usr/bin/ceph: stderr
2024-04-26T01:37:29.800+0000 7f2056400700 1 -- start start
2024-04-26T01:37:30.692 INFO:teuthology.orchestra.run.smithi046.stdout:/usr/bin/ceph: stderr
2024-04-26T01:37:29.800+0000 7f2056400700 1 --2- >> [v2:172.21.15.46:3300/0,v1:172.21.15.46:6789/0] conn(0x7f205007de80 0x7f20501a29c0 unknown :-1 s=NONE pgs=0 cs=0 l=1 rev1=0 crypto rx=0 tx=0 comp rx=0 tx=0).connect
2024-04-26T01:37:30.692 INFO:teuthology.orchestra.run.smithi046.stdout:/usr/bin/ceph: stderr
2024-04-26T01:37:29.800+0000 7f2056400700 1 -- --> [v2:172.21.15.46:3300/0,v1:172.21.15.46:6789/0] -- mon_getmap magic: 0 -- 0x7f205010a770 con 0x7f205007de80
2024-04-26T01:37:30.692 INFO:teuthology.orchestra.run.smithi046.stdout:/usr/bin/ceph: stderr
2024-04-26T01:37:29.800+0000 7f204f400700 1 --2- >> [v2:172.21.15.46:3300/0,v1:172.21.15.46:6789/0] conn(0x7f205007de80 0x7f20501a29c0 unknown :-1 s=BANNER_CONNECTING pgs=0 cs=0 l=1 rev1=0 crypto rx=0 tx=0 comp rx=0 tx=0)._handle_peer_banner_payload supported=3 required=0
2024-04-26T01:37:30.693 INFO:teuthology.orchestra.run.smithi046.stdout:/usr/bin/ceph: stderr
2024-04-26T01:37:29.800+0000 7f204f400700 1 --2- >> [v2:172.21.15.46:3300/0,v1:172.21.15.46:6789/0] conn(0x7f205007de80 0x7f20501a29c0 unknown :-1 s=HELLO_CONNECTING pgs=0 cs=0 l=1 rev1=1 crypto rx=0 tx=0 comp rx=0 tx=0).handle_hello peer v2:172.21.15.46:3300/0 says I am v2:172.21.15.46:47026/0 (socket says 172.21.15.46:47026)
2024-04-26T01:37:30.693 INFO:teuthology.orchestra.run.smithi046.stdout:/usr/bin/ceph: stderr
2024-04-26T01:37:29.800+0000 7f204f400700 1 -- 172.21.15.46:0/1127398338 learned_addr learned my addr 172.21.15.46:0/1127398338 (peer_addr_for_me v2:172.21.15.46:0/0)
2024-04-26T01:37:30.693 INFO:teuthology.orchestra.run.smithi046.stdout:/usr/bin/ceph: stderr
2024-04-26T01:37:29.801+0000 7f204f400700 1 -- 172.21.15.46:0/1127398338 --> [v2:172.21.15.46:3300/0,v1:172.21.15.46:6789/0] -- mon_subscribe({config=0+,monmap=0+}) -- 0x7f20501a2f00 con 0x7f205007de80
2024-04-26T01:37:30.693 INFO:teuthology.orchestra.run.smithi046.stdout:/usr/bin/ceph: stderr
2024-04-26T01:37:29.801+0000 7f204f400700 1 --2- 172.21.15.46:0/1127398338 >> [v2:172.21.15.46:3300/0,v1:172.21.15.46:6789/0] conn(0x7f205007de80 0x7f20501a29c0 secure :-1 s=READY pgs=40 cs=0 l=1 rev1=1 crypto rx=0x7f2040006af0 tx=0x7f2040011ce0 comp rx=0 tx=0).ready entity=mon.0 client_cookie=0 server_cookie=0 in_seq=0 out_seq=0
2024-04-26T01:37:30.693 INFO:teuthology.orchestra.run.smithi046.stdout:/usr/bin/ceph: stderr
2024-04-26T01:37:29.801+0000 7f2047e00700 1 -- 172.21.15.46:0/1127398338 <== mon.0 v2:172.21.15.46:3300/0 1 ==== mon_map magic: 0 ==== 205+0+0 (secure 0 0 0) 0x7f20400039a0 con 0x7f205007de80
2024-04-26T01:37:30.693 INFO:teuthology.orchestra.run.smithi046.stdout:/usr/bin/ceph: stderr
2024-04-26T01:37:29.801+0000 7f2047e00700 1 -- 172.21.15.46:0/1127398338 <== mon.0 v2:172.21.15.46:3300/0 2 ==== config(27 keys) ==== 1104+0+0 (secure 0 0 0) 0x7f2040003b40 con 0x7f205007de80
2024-04-26T01:37:30.693 INFO:teuthology.orchestra.run.smithi046.stdout:/usr/bin/ceph: stderr
2024-04-26T01:37:29.801+0000 7f2056400700 1 -- 172.21.15.46:0/1127398338 --> [v2:172.21.15.46:3300/0,v1:172.21.15.46:6789/0] -- mon_subscribe({mgrmap=0+}) -- 0x7f20501a3190 con 0x7f205007de80
2024-04-26T01:37:30.693 INFO:teuthology.orchestra.run.smithi046.stdout:/usr/bin/ceph: stderr
2024-04-26T01:37:29.801+0000 7f2047e00700 1 -- 172.21.15.46:0/1127398338 <== mon.0 v2:172.21.15.46:3300/0 3 ==== mon_map magic: 0 ==== 205+0+0 (secure 0 0 0) 0x7f2040019670 con 0x7f205007de80
2024-04-26T01:37:30.693 INFO:teuthology.orchestra.run.smithi046.stdout:/usr/bin/ceph: stderr
2024-04-26T01:37:29.801+0000 7f2056400700 1 -- 172.21.15.46:0/1127398338 --> [v2:172.21.15.46:3300/0,v1:172.21.15.46:6789/0] -- mon_subscribe({osdmap=0}) -- 0x7f20501a35f0 con 0x7f205007de80
2024-04-26T01:37:30.693 INFO:teuthology.orchestra.run.smithi046.stdout:/usr/bin/ceph: stderr
2024-04-26T01:37:29.802+0000 7f2047e00700 1 -- 172.21.15.46:0/1127398338 <== mon.0 v2:172.21.15.46:3300/0 4 ==== mgrmap(e 8) ==== 46558+0+0 (secure 0 0 0) 0x7f204001a430 con 0x7f205007de80
2024-04-26T01:37:30.693 INFO:teuthology.orchestra.run.smithi046.stdout:/usr/bin/ceph: stderr
2024-04-26T01:37:29.803+0000 7f2056400700 1 -- 172.21.15.46:0/1127398338 --> [v2:172.21.15.46:3300/0,v1:172.21.15.46:6789/0] -- mon_command({"prefix": "get_command_descriptions"} v 0) -- 0x7f20500640a0 con 0x7f205007de80
2024-04-26T01:37:30.693 INFO:teuthology.orchestra.run.smithi046.stdout:/usr/bin/ceph: stderr
2024-04-26T01:37:29.803+0000 7f2047e00700 1 --2- 172.21.15.46:0/1127398338 >> [v2:172.21.15.46:6800/1268650508,v1:172.21.15.46:6801/1268650508] conn(0x7f2034039620 0x7f203403bae0 unknown :-1 s=NONE pgs=0 cs=0 l=1 rev1=0 crypto rx=0 tx=0 comp rx=0 tx=0).connect
2024-04-26T01:37:30.693 INFO:teuthology.orchestra.run.smithi046.stdout:/usr/bin/ceph: stderr
2024-04-26T01:37:29.803+0000 7f2047e00700 1 -- 172.21.15.46:0/1127398338 <== mon.0 v2:172.21.15.46:3300/0 5 ==== osd_map(2..2 src has 1..2) ==== 940+0+0 (secure 0 0 0) 0x7f204004dc60 con 0x7f205007de80
2024-04-26T01:37:30.693 INFO:teuthology.orchestra.run.smithi046.stdout:/usr/bin/ceph: stderr
2024-04-26T01:37:29.803+0000 7f204ea00700 1 --2- 172.21.15.46:0/1127398338 >> [v2:172.21.15.46:6800/1268650508,v1:172.21.15.46:6801/1268650508] conn(0x7f2034039620 0x7f203403bae0 unknown :-1 s=BANNER_CONNECTING pgs=0 cs=0 l=1 rev1=0 crypto rx=0 tx=0 comp rx=0 tx=0)._handle_peer_banner_payload supported=3 required=0
2024-04-26T01:37:30.694 INFO:teuthology.orchestra.run.smithi046.stdout:/usr/bin/ceph: stderr
2024-04-26T01:37:29.804+0000 7f204ea00700 1 --2- 172.21.15.46:0/1127398338 >> [v2:172.21.15.46:6800/1268650508,v1:172.21.15.46:6801/1268650508] conn(0x7f2034039620 0x7f203403bae0 secure :-1 s=READY pgs=8 cs=0 l=1 rev1=1 crypto rx=0x7f203c006fd0 tx=0x7f203c006e40 comp rx=0 tx=0).ready entity=mgr.14120 client_cookie=0 server_cookie=0 in_seq=0 out_seq=0
2024-04-26T01:37:30.694 INFO:teuthology.orchestra.run.smithi046.stdout:/usr/bin/ceph: stderr
2024-04-26T01:37:29.810+0000 7f2047e00700 1 -- 172.21.15.46:0/1127398338 <== mon.0 v2:172.21.15.46:3300/0 6 ==== mon_command_ack([{"prefix": "get_command_descriptions"}]=0 v0) ==== 72+0+188370 (secure 0 0 0) 0x7f2040011e20 con 0x7f205007de80
2024-04-26T01:37:30.694 INFO:teuthology.orchestra.run.smithi046.stdout:/usr/bin/ceph: stderr
2024-04-26T01:37:30.038+0000 7f2056400700 1 -- 172.21.15.46:0/1127398338 --> [v2:172.21.15.46:6800/1268650508,v1:172.21.15.46:6801/1268650508] -- mgr_command(tid 0: {"prefix": "cephadm set-user", "user": "root", "target": ["mon-mgr", ""]}) -- 0x7f2050062e80 con 0x7f2034039620
2024-04-26T01:37:30.694 INFO:teuthology.orchestra.run.smithi046.stdout:/usr/bin/ceph: stderr
2024-04-26T01:37:30.039+0000 7f2047e00700 1 -- 172.21.15.46:0/1127398338 <== mgr.14120 v2:172.21.15.46:6800/1268650508 1 ==== mgr_command_reply(tid 0: 0 ) ==== 8+0+16 (secure 0 0 0) 0x7f2050062e80 con 0x7f2034039620
2024-04-26T01:37:30.694 INFO:teuthology.orchestra.run.smithi046.stdout:/usr/bin/ceph: stderr
2024-04-26T01:37:30.042+0000 7f2056400700 1 -- 172.21.15.46:0/1127398338 >> [v2:172.21.15.46:6800/1268650508,v1:172.21.15.46:6801/1268650508] conn(0x7f2034039620 msgr2=0x7f203403bae0 secure :-1 s=STATE_CONNECTION_ESTABLISHED l=1).mark_down
2024-04-26T01:37:30.694 INFO:teuthology.orchestra.run.smithi046.stdout:/usr/bin/ceph: stderr
2024-04-26T01:37:30.042+0000 7f2056400700 1 --2- 172.21.15.46:0/1127398338 >> [v2:172.21.15.46:6800/1268650508,v1:172.21.15.46:6801/1268650508] conn(0x7f2034039620 0x7f203403bae0 secure :-1 s=READY pgs=8 cs=0 l=1 rev1=1 crypto rx=0x7f203c006fd0 tx=0x7f203c006e40 comp rx=0 tx=0).stop
2024-04-26T01:37:30.694 INFO:teuthology.orchestra.run.smithi046.stdout:/usr/bin/ceph: stderr
2024-04-26T01:37:30.042+0000 7f2056400700 1 -- 172.21.15.46:0/1127398338 >> [v2:172.21.15.46:3300/0,v1:172.21.15.46:6789/0] conn(0x7f205007de80 msgr2=0x7f20501a29c0 secure :-1 s=STATE_CONNECTION_ESTABLISHED l=1).mark_down
2024-04-26T01:37:30.694 INFO:teuthology.orchestra.run.smithi046.stdout:/usr/bin/ceph: stderr
2024-04-26T01:37:30.042+0000 7f2056400700 1 --2- 172.21.15.46:0/1127398338 >> [v2:172.21.15.46:3300/0,v1:172.21.15.46:6789/0] conn(0x7f205007de80 0x7f20501a29c0 secure :-1 s=READY pgs=40 cs=0 l=1 rev1=1 crypto rx=0x7f2040006af0 tx=0x7f2040011ce0 comp rx=0 tx=0).stop
2024-04-26T01:37:30.694 INFO:teuthology.orchestra.run.smithi046.stdout:/usr/bin/ceph: stderr
2024-04-26T01:37:30.042+0000 7f2056400700 1 -- 172.21.15.46:0/1127398338 shutdown_connections
2024-04-26T01:37:30.694 INFO:teuthology.orchestra.run.smithi046.stdout:/usr/bin/ceph: stderr
2024-04-26T01:37:30.042+0000 7f2056400700 1 --2- 172.21.15.46:0/1127398338 >> [v2:172.21.15.46:6800/1268650508,v1:172.21.15.46:6801/1268650508] conn(0x7f2034039620 0x7f203403bae0 unknown :-1 s=CLOSED pgs=8 cs=0 l=1 rev1=1 crypto rx=0 tx=0 comp rx=0 tx=0).stop
2024-04-26T01:37:30.695 INFO:teuthology.orchestra.run.smithi046.stdout:/usr/bin/ceph: stderr
2024-04-26T01:37:30.042+0000 7f2056400700 1 --2- 172.21.15.46:0/1127398338 >> [v2:172.21.15.46:3300/0,v1:172.21.15.46:6789/0] conn(0x7f205007de80 0x7f20501a29c0 unknown :-1 s=CLOSED pgs=40 cs=0 l=1 rev1=1 crypto rx=0 tx=0 comp rx=0 tx=0).stop
2024-04-26T01:37:30.695 INFO:teuthology.orchestra.run.smithi046.stdout:/usr/bin/ceph: stderr
2024-04-26T01:37:30.042+0000 7f2056400700 1 -- 172.21.15.46:0/1127398338 >> 172.21.15.46:0/1127398338 conn(0x7f2050103b50 msgr2=0x7f2050105f90 unknown :-1 s=STATE_NONE l=0).mark_down
2024-04-26T01:37:30.695 INFO:teuthology.orchestra.run.smithi046.stdout:/usr/bin/ceph: stderr
2024-04-26T01:37:30.043+0000 7f2056400700 1 -- 172.21.15.46:0/1127398338 shutdown_connections
2024-04-26T01:37:30.695 INFO:teuthology.orchestra.run.smithi046.stdout:/usr/bin/ceph: stderr
2024-04-26T01:37:30.043+0000 7f2056400700 1 -- 172.21.15.46:0/1127398338 wait complete.
2024-04-26T01:37:30.695 INFO:teuthology.orchestra.run.smithi046.stdout:Generating ssh key...
2024-04-26T01:37:30.965 INFO:journalctl@ceph.mon.a.smithi046.stdout:Apr 26 01:37:30 smithi046 ceph-mon[28013]: from='client.14134 -' entity='client.admin' cmd=[{"prefix": "cephadm set-user", "user": "root", "target": ["mon-mgr", ""]}]: dispatch
2024-04-26T01:37:31.808 INFO:journalctl@ceph.mon.a.smithi046.stdout:Apr 26 01:37:31 smithi046 ceph-mon[28013]: from='client.14136 -' entity='client.admin' cmd=[{"prefix": "cephadm generate-key", "target": ["mon-mgr", ""]}]: dispatch
2024-04-26T01:37:31.809 INFO:journalctl@ceph.mon.a.smithi046.stdout:Apr 26 01:37:31 smithi046 ceph-mon[28013]: Generating ssh key...
2024-04-26T01:37:31.809 INFO:journalctl@ceph.mon.a.smithi046.stdout:Apr 26 01:37:31 smithi046 ceph-mon[28013]: from='mgr.14120 172.21.15.46:0/2960334273' entity='mgr.x'
2024-04-26T01:37:31.809 INFO:journalctl@ceph.mon.a.smithi046.stdout:Apr 26 01:37:31 smithi046 ceph-mon[28013]: from='mgr.14120 172.21.15.46:0/2960334273' entity='mgr.x'
2024-04-26T01:37:31.809 INFO:journalctl@ceph.mgr.x.smithi046.stdout:Apr 26 01:37:31 smithi046 ceph-4e298560-036d-11ef-bc93-c7b262605968-mgr-x[28256]: Generating public/private rsa key pair.
2024-04-26T01:37:31.809 INFO:journalctl@ceph.mgr.x.smithi046.stdout:Apr 26 01:37:31 smithi046 ceph-4e298560-036d-11ef-bc93-c7b262605968-mgr-x[28256]: Your identification has been saved in /tmp/tmpdbtwz4f6/key.
2024-04-26T01:37:31.809 INFO:journalctl@ceph.mgr.x.smithi046.stdout:Apr 26 01:37:31 smithi046 ceph-4e298560-036d-11ef-bc93-c7b262605968-mgr-x[28256]: Your public key has been saved in /tmp/tmpdbtwz4f6/key.pub.
2024-04-26T01:37:31.809 INFO:journalctl@ceph.mgr.x.smithi046.stdout:Apr 26 01:37:31 smithi046 ceph-4e298560-036d-11ef-bc93-c7b262605968-mgr-x[28256]: The key fingerprint is:
2024-04-26T01:37:31.810 INFO:journalctl@ceph.mgr.x.smithi046.stdout:Apr 26 01:37:31 smithi046 ceph-4e298560-036d-11ef-bc93-c7b262605968-mgr-x[28256]: SHA256:m+7mTabUa8wkmP/hb9BieRFrJA1tlFf8MhR2HjlOJeg ceph-4e298560-036d-11ef-bc93-c7b262605968
2024-04-26T01:37:31.810 INFO:journalctl@ceph.mgr.x.smithi046.stdout:Apr 26 01:37:31 smithi046 ceph-4e298560-036d-11ef-bc93-c7b262605968-mgr-x[28256]: The key's randomart image is:
2024-04-26T01:37:31.810 INFO:journalctl@ceph.mgr.x.smithi046.stdout:Apr 26 01:37:31 smithi046 ceph-4e298560-036d-11ef-bc93-c7b262605968-mgr-x[28256]: +---[RSA 3072]----+
2024-04-26T01:37:31.810 INFO:journalctl@ceph.mgr.x.smithi046.stdout:Apr 26 01:37:31 smithi046 ceph-4e298560-036d-11ef-bc93-c7b262605968-mgr-x[28256]: | .=.o+=*|
2024-04-26T01:37:31.810 INFO:journalctl@ceph.mgr.x.smithi046.stdout:Apr 26 01:37:31 smithi046 ceph-4e298560-036d-11ef-bc93-c7b262605968-mgr-x[28256]: | . O.oBo|
2024-04-26T01:37:31.810 INFO:journalctl@ceph.mgr.x.smithi046.stdout:Apr 26 01:37:31 smithi046 ceph-4e298560-036d-11ef-bc93-c7b262605968-mgr-x[28256]: | = =o +|
2024-04-26T01:37:31.810 INFO:journalctl@ceph.mgr.x.smithi046.stdout:Apr 26 01:37:31 smithi046 ceph-4e298560-036d-11ef-bc93-c7b262605968-mgr-x[28256]: | E o..|
2024-04-26T01:37:31.810 INFO:journalctl@ceph.mgr.x.smithi046.stdout:Apr 26 01:37:31 smithi046 ceph-4e298560-036d-11ef-bc93-c7b262605968-mgr-x[28256]: | oS + . o |
2024-04-26T01:37:31.810 INFO:journalctl@ceph.mgr.x.smithi046.stdout:Apr 26 01:37:31 smithi046 ceph-4e298560-036d-11ef-bc93-c7b262605968-mgr-x[28256]: | o .+* o |
2024-04-26T01:37:31.810 INFO:journalctl@ceph.mgr.x.smithi046.stdout:Apr 26 01:37:31 smithi046 ceph-4e298560-036d-11ef-bc93-c7b262605968-mgr-x[28256]: | .+*=+ |
2024-04-26T01:37:31.810 INFO:journalctl@ceph.mgr.x.smithi046.stdout:Apr 26 01:37:31 smithi046 ceph-4e298560-036d-11ef-bc93-c7b262605968-mgr-x[28256]: | oo*+o. |
2024-04-26T01:37:31.810 INFO:journalctl@ceph.mgr.x.smithi046.stdout:Apr 26 01:37:31 smithi046 ceph-4e298560-036d-11ef-bc93-c7b262605968-mgr-x[28256]: | +=o=o. |
2024-04-26T01:37:31.810 INFO:journalctl@ceph.mgr.x.smithi046.stdout:Apr 26 01:37:31 smithi046 ceph-4e298560-036d-11ef-bc93-c7b262605968-mgr-x[28256]: +----[SHA256]-----+
2024-04-26T01:37:32.360 INFO:teuthology.orchestra.run.smithi046.stdout:/usr/bin/ceph: stderr
2024-04-26T01:37:31.276+0000 7f0116800700 1 Processor -- start
2024-04-26T01:37:32.360 INFO:teuthology.orchestra.run.smithi046.stdout:/usr/bin/ceph: stderr
2024-04-26T01:37:31.276+0000 7f0116800700 1 -- start start
2024-04-26T01:37:32.360 INFO:teuthology.orchestra.run.smithi046.stdout:/usr/bin/ceph: stderr
2024-04-26T01:37:31.277+0000 7f0116800700 1 --2- >> [v2:172.21.15.46:3300/0,v1:172.21.15.46:6789/0] conn(0x7f0110110050 0x7f0110110470 unknown :-1 s=NONE pgs=0 cs=0 l=0 rev1=0 crypto rx=0 tx=0 comp rx=0 tx=0).connect
2024-04-26T01:37:32.360 INFO:teuthology.orchestra.run.smithi046.stdout:/usr/bin/ceph: stderr
2024-04-26T01:37:31.277+0000 7f0116800700 1 -- --> [v2:172.21.15.46:3300/0,v1:172.21.15.46:6789/0] -- mon_getmap magic: 0 -- 0x7f0110110a80 con 0x7f0110110050
2024-04-26T01:37:32.360 INFO:teuthology.orchestra.run.smithi046.stdout:/usr/bin/ceph: stderr
2024-04-26T01:37:31.277+0000 7f0115400700 1 --2- >> [v2:172.21.15.46:3300/0,v1:172.21.15.46:6789/0] conn(0x7f0110110050 0x7f0110110470 unknown :-1 s=BANNER_CONNECTING pgs=0 cs=0 l=0 rev1=0 crypto rx=0 tx=0 comp rx=0 tx=0)._handle_peer_banner_payload supported=3 required=0
2024-04-26T01:37:32.360 INFO:teuthology.orchestra.run.smithi046.stdout:/usr/bin/ceph: stderr
2024-04-26T01:37:31.277+0000 7f0115400700 1 --2- >> [v2:172.21.15.46:3300/0,v1:172.21.15.46:6789/0] conn(0x7f0110110050 0x7f0110110470 unknown :-1 s=HELLO_CONNECTING pgs=0 cs=0 l=0 rev1=1 crypto rx=0 tx=0 comp rx=0 tx=0).handle_hello peer v2:172.21.15.46:3300/0 says I am v2:172.21.15.46:47030/0 (socket says 172.21.15.46:47030)
2024-04-26T01:37:32.360 INFO:teuthology.orchestra.run.smithi046.stdout:/usr/bin/ceph: stderr
2024-04-26T01:37:31.277+0000 7f0115400700 1 -- 172.21.15.46:0/2921583558 learned_addr learned my addr 172.21.15.46:0/2921583558 (peer_addr_for_me v2:172.21.15.46:0/0)
2024-04-26T01:37:32.360 INFO:teuthology.orchestra.run.smithi046.stdout:/usr/bin/ceph: stderr
2024-04-26T01:37:31.278+0000 7f0115400700 1 -- 172.21.15.46:0/2921583558 --> [v2:172.21.15.46:3300/0,v1:172.21.15.46:6789/0] -- mon_subscribe({config=0+,monmap=0+}) -- 0x7f011010ecc0 con 0x7f0110110050
2024-04-26T01:37:32.360 INFO:teuthology.orchestra.run.smithi046.stdout:/usr/bin/ceph: stderr
2024-04-26T01:37:31.278+0000 7f0115400700 1 --2- 172.21.15.46:0/2921583558 >> [v2:172.21.15.46:3300/0,v1:172.21.15.46:6789/0] conn(0x7f0110110050 0x7f0110110470 secure :-1 s=READY pgs=41 cs=0 l=1 rev1=1 crypto rx=0x7f01040098a0 tx=0x7f0104009bb0 comp rx=0 tx=0).ready entity=mon.0 client_cookie=e837bcb7a5b3bdd server_cookie=0 in_seq=0 out_seq=0
2024-04-26T01:37:32.360 INFO:teuthology.orchestra.run.smithi046.stdout:/usr/bin/ceph: stderr
2024-04-26T01:37:31.279+0000 7f010fe00700 1 -- 172.21.15.46:0/2921583558 <== mon.0 v2:172.21.15.46:3300/0 1 ==== mon_map magic: 0 ==== 205+0+0 (secure 0 0 0) 0x7f0104004160 con 0x7f0110110050
2024-04-26T01:37:32.361 INFO:teuthology.orchestra.run.smithi046.stdout:/usr/bin/ceph: stderr
2024-04-26T01:37:31.279+0000 7f010fe00700 1 -- 172.21.15.46:0/2921583558 <== mon.0 v2:172.21.15.46:3300/0 2 ==== config(27 keys) ==== 1104+0+0 (secure 0 0 0) 0x7f0104004300 con 0x7f0110110050
2024-04-26T01:37:32.361 INFO:teuthology.orchestra.run.smithi046.stdout:/usr/bin/ceph: stderr
2024-04-26T01:37:31.279+0000 7f010fe00700 1 -- 172.21.15.46:0/2921583558 <== mon.0 v2:172.21.15.46:3300/0 3 ==== mon_map magic: 0 ==== 205+0+0 (secure 0 0 0) 0x7f0104011b20 con 0x7f0110110050
2024-04-26T01:37:32.361 INFO:teuthology.orchestra.run.smithi046.stdout:/usr/bin/ceph: stderr
2024-04-26T01:37:31.279+0000 7f0116800700 1 -- 172.21.15.46:0/2921583558 >> [v2:172.21.15.46:3300/0,v1:172.21.15.46:6789/0] conn(0x7f0110110050 msgr2=0x7f0110110470 secure :-1 s=STATE_CONNECTION_ESTABLISHED l=1).mark_down
2024-04-26T01:37:32.361 INFO:teuthology.orchestra.run.smithi046.stdout:/usr/bin/ceph: stderr
2024-04-26T01:37:31.279+0000 7f0116800700 1 --2- 172.21.15.46:0/2921583558 >> [v2:172.21.15.46:3300/0,v1:172.21.15.46:6789/0] conn(0x7f0110110050 0x7f0110110470 secure :-1 s=READY pgs=41 cs=0 l=1 rev1=1 crypto rx=0x7f01040098a0 tx=0x7f0104009bb0 comp rx=0 tx=0).stop
2024-04-26T01:37:32.361 INFO:teuthology.orchestra.run.smithi046.stdout:/usr/bin/ceph: stderr
2024-04-26T01:37:31.280+0000 7f0116800700 1 -- 172.21.15.46:0/2921583558 shutdown_connections
2024-04-26T01:37:32.361 INFO:teuthology.orchestra.run.smithi046.stdout:/usr/bin/ceph: stderr
2024-04-26T01:37:31.280+0000 7f0116800700 1 --2- 172.21.15.46:0/2921583558 >> [v2:172.21.15.46:3300/0,v1:172.21.15.46:6789/0] conn(0x7f0110110050 0x7f0110110470 unknown :-1 s=CLOSED pgs=41 cs=0 l=1 rev1=1 crypto rx=0 tx=0 comp rx=0 tx=0).stop
2024-04-26T01:37:32.361 INFO:teuthology.orchestra.run.smithi046.stdout:/usr/bin/ceph: stderr
2024-04-26T01:37:31.280+0000 7f0116800700 1 -- 172.21.15.46:0/2921583558 >> 172.21.15.46:0/2921583558 conn(0x7f011007dbe0 msgr2=0x7f0110080000 unknown :-1 s=STATE_NONE l=0).mark_down
2024-04-26T01:37:32.361 INFO:teuthology.orchestra.run.smithi046.stdout:/usr/bin/ceph: stderr
2024-04-26T01:37:31.280+0000 7f0116800700 1 -- 172.21.15.46:0/2921583558 shutdown_connections
2024-04-26T01:37:32.361 INFO:teuthology.orchestra.run.smithi046.stdout:/usr/bin/ceph: stderr
2024-04-26T01:37:31.280+0000 7f0116800700 1 -- 172.21.15.46:0/2921583558 wait complete.
2024-04-26T01:37:32.361 INFO:teuthology.orchestra.run.smithi046.stdout:/usr/bin/ceph: stderr
2024-04-26T01:37:31.281+0000 7f0116800700 1 Processor -- start
2024-04-26T01:37:32.361 INFO:teuthology.orchestra.run.smithi046.stdout:/usr/bin/ceph: stderr
2024-04-26T01:37:31.281+0000 7f0116800700 1 -- start start
2024-04-26T01:37:32.363 INFO:teuthology.orchestra.run.smithi046.stdout:/usr/bin/ceph: stderr
2024-04-26T01:37:31.281+0000 7f0116800700 1 --2- >> [v2:172.21.15.46:3300/0,v1:172.21.15.46:6789/0] conn(0x7f0110110050 0x7f01101a2870 unknown :-1 s=NONE pgs=0 cs=0 l=1 rev1=0 crypto rx=0 tx=0 comp rx=0 tx=0).connect
2024-04-26T01:37:32.364 INFO:teuthology.orchestra.run.smithi046.stdout:/usr/bin/ceph: stderr
2024-04-26T01:37:31.281+0000 7f0116800700 1 -- --> [v2:172.21.15.46:3300/0,v1:172.21.15.46:6789/0] -- mon_getmap magic: 0 -- 0x7f0110113080 con 0x7f0110110050
2024-04-26T01:37:32.364 INFO:teuthology.orchestra.run.smithi046.stdout:/usr/bin/ceph: stderr
2024-04-26T01:37:31.282+0000 7f0115400700 1 --2- >> [v2:172.21.15.46:3300/0,v1:172.21.15.46:6789/0] conn(0x7f0110110050 0x7f01101a2870 unknown :-1 s=BANNER_CONNECTING pgs=0 cs=0 l=1 rev1=0 crypto rx=0 tx=0 comp rx=0 tx=0)._handle_peer_banner_payload supported=3 required=0
2024-04-26T01:37:32.364 INFO:teuthology.orchestra.run.smithi046.stdout:/usr/bin/ceph: stderr
2024-04-26T01:37:31.282+0000 7f0115400700 1 --2- >> [v2:172.21.15.46:3300/0,v1:172.21.15.46:6789/0] conn(0x7f0110110050 0x7f01101a2870 unknown :-1 s=HELLO_CONNECTING pgs=0 cs=0 l=1 rev1=1 crypto rx=0 tx=0 comp rx=0 tx=0).handle_hello peer v2:172.21.15.46:3300/0 says I am v2:172.21.15.46:47046/0 (socket says 172.21.15.46:47046)
2024-04-26T01:37:32.364 INFO:teuthology.orchestra.run.smithi046.stdout:/usr/bin/ceph: stderr
2024-04-26T01:37:31.282+0000 7f0115400700 1 -- 172.21.15.46:0/1863742304 learned_addr learned my addr 172.21.15.46:0/1863742304 (peer_addr_for_me v2:172.21.15.46:0/0)
2024-04-26T01:37:32.364 INFO:teuthology.orchestra.run.smithi046.stdout:/usr/bin/ceph: stderr
2024-04-26T01:37:31.282+0000 7f0115400700 1 -- 172.21.15.46:0/1863742304 --> [v2:172.21.15.46:3300/0,v1:172.21.15.46:6789/0] -- mon_subscribe({config=0+,monmap=0+}) -- 0x7f01101a2db0 con 0x7f0110110050
2024-04-26T01:37:32.364 INFO:teuthology.orchestra.run.smithi046.stdout:/usr/bin/ceph: stderr
2024-04-26T01:37:31.282+0000 7f0115400700 1 --2- 172.21.15.46:0/1863742304 >> [v2:172.21.15.46:3300/0,v1:172.21.15.46:6789/0] conn(0x7f0110110050 0x7f01101a2870 secure :-1 s=READY pgs=42 cs=0 l=1 rev1=1 crypto rx=0x7f0104006af0 tx=0x7f0104011ce0 comp rx=0 tx=0).ready entity=mon.0 client_cookie=0 server_cookie=0 in_seq=0 out_seq=0
2024-04-26T01:37:32.364 INFO:teuthology.orchestra.run.smithi046.stdout:/usr/bin/ceph: stderr
2024-04-26T01:37:31.283+0000 7f010e000700 1 -- 172.21.15.46:0/1863742304 <== mon.0 v2:172.21.15.46:3300/0 1 ==== mon_map magic: 0 ==== 205+0+0 (secure 0 0 0) 0x7f0104003b90 con 0x7f0110110050
2024-04-26T01:37:32.364 INFO:teuthology.orchestra.run.smithi046.stdout:/usr/bin/ceph: stderr
2024-04-26T01:37:31.283+0000 7f010e000700 1 -- 172.21.15.46:0/1863742304 <== mon.0 v2:172.21.15.46:3300/0 2 ==== config(27 keys) ==== 1104+0+0 (secure 0 0 0) 0x7f0104003d30 con 0x7f0110110050
2024-04-26T01:37:32.364 INFO:teuthology.orchestra.run.smithi046.stdout:/usr/bin/ceph: stderr
2024-04-26T01:37:31.283+0000 7f010e000700 1 -- 172.21.15.46:0/1863742304 <== mon.0 v2:172.21.15.46:3300/0 3 ==== mon_map magic: 0 ==== 205+0+0 (secure 0 0 0) 0x7f01040197c0 con 0x7f0110110050
2024-04-26T01:37:32.364 INFO:teuthology.orchestra.run.smithi046.stdout:/usr/bin/ceph: stderr
2024-04-26T01:37:31.283+0000 7f0116800700 1 -- 172.21.15.46:0/1863742304 --> [v2:172.21.15.46:3300/0,v1:172.21.15.46:6789/0] -- mon_subscribe({mgrmap=0+}) -- 0x7f01101a3040 con 0x7f0110110050
2024-04-26T01:37:32.364 INFO:teuthology.orchestra.run.smithi046.stdout:/usr/bin/ceph: stderr
2024-04-26T01:37:31.283+0000 7f0116800700 1 -- 172.21.15.46:0/1863742304 --> [v2:172.21.15.46:3300/0,v1:172.21.15.46:6789/0] -- mon_subscribe({osdmap=0}) -- 0x7f01101a34a0 con 0x7f0110110050
2024-04-26T01:37:32.364 INFO:teuthology.orchestra.run.smithi046.stdout:/usr/bin/ceph: stderr
2024-04-26T01:37:31.284+0000 7f010e000700 1 -- 172.21.15.46:0/1863742304 <== mon.0 v2:172.21.15.46:3300/0 4 ==== mgrmap(e 8) ==== 46558+0+0 (secure 0 0 0) 0x7f0104022020 con 0x7f0110110050
2024-04-26T01:37:32.364 INFO:teuthology.orchestra.run.smithi046.stdout:/usr/bin/ceph: stderr
2024-04-26T01:37:31.284+0000 7f0116800700 1 -- 172.21.15.46:0/1863742304 --> [v2:172.21.15.46:3300/0,v1:172.21.15.46:6789/0] -- mon_command({"prefix": "get_command_descriptions"} v 0) -- 0x7f01100640a0 con 0x7f0110110050
2024-04-26T01:37:32.365 INFO:teuthology.orchestra.run.smithi046.stdout:/usr/bin/ceph: stderr
2024-04-26T01:37:31.284+0000 7f010e000700 1 --2- 172.21.15.46:0/1863742304 >> [v2:172.21.15.46:6800/1268650508,v1:172.21.15.46:6801/1268650508] conn(0x7f00f80396c0 0x7f00f803bb80 unknown :-1 s=NONE pgs=0 cs=0 l=1 rev1=0 crypto rx=0 tx=0 comp rx=0 tx=0).connect
2024-04-26T01:37:32.365 INFO:teuthology.orchestra.run.smithi046.stdout:/usr/bin/ceph: stderr
2024-04-26T01:37:31.285+0000 7f010e000700 1 -- 172.21.15.46:0/1863742304 <== mon.0 v2:172.21.15.46:3300/0 5 ==== osd_map(2..2 src has 1..2) ==== 940+0+0 (secure 0 0 0) 0x7f010404d920 con 0x7f0110110050
2024-04-26T01:37:32.365 INFO:teuthology.orchestra.run.smithi046.stdout:/usr/bin/ceph: stderr
2024-04-26T01:37:31.285+0000 7f0114a00700 1 --2- 172.21.15.46:0/1863742304 >> [v2:172.21.15.46:6800/1268650508,v1:172.21.15.46:6801/1268650508] conn(0x7f00f80396c0 0x7f00f803bb80 unknown :-1 s=BANNER_CONNECTING pgs=0 cs=0 l=1 rev1=0 crypto rx=0 tx=0 comp rx=0 tx=0)._handle_peer_banner_payload supported=3 required=0
2024-04-26T01:37:32.365 INFO:teuthology.orchestra.run.smithi046.stdout:/usr/bin/ceph: stderr
2024-04-26T01:37:31.286+0000 7f0114a00700 1 --2- 172.21.15.46:0/1863742304 >> [v2:172.21.15.46:6800/1268650508,v1:172.21.15.46:6801/1268650508] conn(0x7f00f80396c0 0x7f00f803bb80 secure :-1 s=READY pgs=9 cs=0 l=1 rev1=1 crypto rx=0x7f00fc006fd0 tx=0x7f00fc006e40 comp rx=0 tx=0).ready entity=mgr.14120 client_cookie=0 server_cookie=0 in_seq=0 out_seq=0
2024-04-26T01:37:32.365 INFO:teuthology.orchestra.run.smithi046.stdout:/usr/bin/ceph: stderr
2024-04-26T01:37:31.290+0000 7f010e000700 1 -- 172.21.15.46:0/1863742304 <== mon.0 v2:172.21.15.46:3300/0 6 ==== mon_command_ack([{"prefix": "get_command_descriptions"}]=0 v0) ==== 72+0+188370 (secure 0 0 0) 0x7f010400bbd0 con 0x7f0110110050
2024-04-26T01:37:32.365 INFO:teuthology.orchestra.run.smithi046.stdout:/usr/bin/ceph: stderr
2024-04-26T01:37:31.511+0000 7f0116800700 1 -- 172.21.15.46:0/1863742304 --> [v2:172.21.15.46:6800/1268650508,v1:172.21.15.46:6801/1268650508] -- mgr_command(tid 0: {"prefix": "cephadm generate-key", "target": ["mon-mgr", ""]}) -- 0x7f011007fd50 con 0x7f00f80396c0
2024-04-26T01:37:32.365 INFO:teuthology.orchestra.run.smithi046.stdout:/usr/bin/ceph: stderr
2024-04-26T01:37:31.641+0000 7f010e000700 1 -- 172.21.15.46:0/1863742304 <== mgr.14120 v2:172.21.15.46:6800/1268650508 1 ==== mgr_command_reply(tid 0: 0 ) ==== 8+0+0 (secure 0 0 0) 0x7f011007fd50 con 0x7f00f80396c0
2024-04-26T01:37:32.365 INFO:teuthology.orchestra.run.smithi046.stdout:/usr/bin/ceph: stderr
2024-04-26T01:37:31.644+0000 7f0116800700 1 -- 172.21.15.46:0/1863742304 >> [v2:172.21.15.46:6800/1268650508,v1:172.21.15.46:6801/1268650508] conn(0x7f00f80396c0 msgr2=0x7f00f803bb80 secure :-1 s=STATE_CONNECTION_ESTABLISHED l=1).mark_down
2024-04-26T01:37:32.365 INFO:teuthology.orchestra.run.smithi046.stdout:/usr/bin/ceph: stderr
2024-04-26T01:37:31.644+0000 7f0116800700 1 --2- 172.21.15.46:0/1863742304 >> [v2:172.21.15.46:6800/1268650508,v1:172.21.15.46:6801/1268650508] conn(0x7f00f80396c0 0x7f00f803bb80 secure :-1 s=READY pgs=9 cs=0 l=1 rev1=1 crypto rx=0x7f00fc006fd0 tx=0x7f00fc006e40 comp rx=0 tx=0).stop
2024-04-26T01:37:32.365 INFO:teuthology.orchestra.run.smithi046.stdout:/usr/bin/ceph: stderr
2024-04-26T01:37:31.644+0000 7f0116800700 1 -- 172.21.15.46:0/1863742304 >> [v2:172.21.15.46:3300/0,v1:172.21.15.46:6789/0] conn(0x7f0110110050 msgr2=0x7f01101a2870 secure :-1 s=STATE_CONNECTION_ESTABLISHED l=1).mark_down
2024-04-26T01:37:32.365 INFO:teuthology.orchestra.run.smithi046.stdout:/usr/bin/ceph: stderr
2024-04-26T01:37:31.644+0000 7f0116800700 1 --2- 172.21.15.46:0/1863742304 >> [v2:172.21.15.46:3300/0,v1:172.21.15.46:6789/0] conn(0x7f0110110050 0x7f01101a2870 secure :-1 s=READY pgs=42 cs=0 l=1 rev1=1 crypto rx=0x7f0104006af0 tx=0x7f0104011ce0 comp rx=0 tx=0).stop
