2024-04-26T01:37:56.068+0000 7fa7efe00700 1 -- --> [v2:172.21.15.46:3300/0,v1:172.21.15.46:6789/0] -- mon_getmap magic: 0 -- 0x7fa7f010c930 con 0x7fa7f0108e80
2024-04-26T01:38:03.130 INFO:teuthology.orchestra.run.smithi046.stdout:/usr/bin/ceph: stderr
2024-04-26T01:37:56.068+0000 7fa7eea00700 1 --2- >> [v2:172.21.15.46:3300/0,v1:172.21.15.46:6789/0] conn(0x7fa7f0108e80 0x7fa7f019c3f0 unknown :-1 s=BANNER_CONNECTING pgs=0 cs=0 l=1 rev1=0 crypto rx=0 tx=0 comp rx=0 tx=0)._handle_peer_banner_payload supported=3 required=0
2024-04-26T01:38:03.130 INFO:teuthology.orchestra.run.smithi046.stdout:/usr/bin/ceph: stderr
2024-04-26T01:37:56.068+0000 7fa7eea00700 1 --2- >> [v2:172.21.15.46:3300/0,v1:172.21.15.46:6789/0] conn(0x7fa7f0108e80 0x7fa7f019c3f0 unknown :-1 s=HELLO_CONNECTING pgs=0 cs=0 l=1 rev1=1 crypto rx=0 tx=0 comp rx=0 tx=0).handle_hello peer v2:172.21.15.46:3300/0 says I am v2:172.21.15.46:52184/0 (socket says 172.21.15.46:52184)
2024-04-26T01:38:03.130 INFO:teuthology.orchestra.run.smithi046.stdout:/usr/bin/ceph: stderr
2024-04-26T01:37:56.068+0000 7fa7eea00700 1 -- 172.21.15.46:0/3412174720 learned_addr learned my addr 172.21.15.46:0/3412174720 (peer_addr_for_me v2:172.21.15.46:0/0)
2024-04-26T01:38:03.130 INFO:teuthology.orchestra.run.smithi046.stdout:/usr/bin/ceph: stderr
2024-04-26T01:37:56.068+0000 7fa7eea00700 1 -- 172.21.15.46:0/3412174720 --> [v2:172.21.15.46:3300/0,v1:172.21.15.46:6789/0] -- mon_subscribe({config=0+,monmap=0+}) -- 0x7fa7f019c930 con 0x7fa7f0108e80
2024-04-26T01:38:03.130 INFO:teuthology.orchestra.run.smithi046.stdout:/usr/bin/ceph: stderr
2024-04-26T01:37:56.069+0000 7fa7eea00700 1 --2- 172.21.15.46:0/3412174720 >> [v2:172.21.15.46:3300/0,v1:172.21.15.46:6789/0] conn(0x7fa7f0108e80 0x7fa7f019c3f0 secure :-1 s=READY pgs=62 cs=0 l=1 rev1=1 crypto rx=0x7fa7e00117b0 tx=0x7fa7e00045f0 comp rx=0 tx=0).ready entity=mon.0 client_cookie=0 server_cookie=0 in_seq=0 out_seq=0
2024-04-26T01:38:03.130 INFO:teuthology.orchestra.run.smithi046.stdout:/usr/bin/ceph: stderr
2024-04-26T01:37:56.069+0000 7fa7f4a00700 1 -- 172.21.15.46:0/3412174720 <== mon.0 v2:172.21.15.46:3300/0 1 ==== mon_map magic: 0 ==== 205+0+0 (secure 0 0 0) 0x7fa7e00036a0 con 0x7fa7f0108e80
2024-04-26T01:38:03.130 INFO:teuthology.orchestra.run.smithi046.stdout:/usr/bin/ceph: stderr
2024-04-26T01:37:56.069+0000 7fa7f4a00700 1 -- 172.21.15.46:0/3412174720 <== mon.0 v2:172.21.15.46:3300/0 2 ==== config(27 keys) ==== 1135+0+0 (secure 0 0 0) 0x7fa7e001a430 con 0x7fa7f0108e80
2024-04-26T01:38:03.131 INFO:teuthology.orchestra.run.smithi046.stdout:/usr/bin/ceph: stderr
2024-04-26T01:37:56.069+0000 7fa7f4a00700 1 -- 172.21.15.46:0/3412174720 <== mon.0 v2:172.21.15.46:3300/0 3 ==== mon_map magic: 0 ==== 205+0+0 (secure 0 0 0) 0x7fa7e0019530 con 0x7fa7f0108e80
2024-04-26T01:38:03.131 INFO:teuthology.orchestra.run.smithi046.stdout:/usr/bin/ceph: stderr
2024-04-26T01:37:56.069+0000 7fa7efe00700 1 -- 172.21.15.46:0/3412174720 --> [v2:172.21.15.46:3300/0,v1:172.21.15.46:6789/0] -- mon_subscribe({mgrmap=0+}) -- 0x7fa7f019cbc0 con 0x7fa7f0108e80
2024-04-26T01:38:03.131 INFO:teuthology.orchestra.run.smithi046.stdout:/usr/bin/ceph: stderr
2024-04-26T01:37:56.069+0000 7fa7efe00700 1 -- 172.21.15.46:0/3412174720 --> [v2:172.21.15.46:3300/0,v1:172.21.15.46:6789/0] -- mon_subscribe({osdmap=0}) -- 0x7fa7f019f8b0 con 0x7fa7f0108e80
2024-04-26T01:38:03.131 INFO:teuthology.orchestra.run.smithi046.stdout:/usr/bin/ceph: stderr
2024-04-26T01:37:56.070+0000 7fa7f4a00700 1 -- 172.21.15.46:0/3412174720 <== mon.0 v2:172.21.15.46:3300/0 4 ==== mgrmap(e 9) ==== 46571+0+0 (secure 0 0 0) 0x7fa7e001a5e0 con 0x7fa7f0108e80
2024-04-26T01:38:03.131 INFO:teuthology.orchestra.run.smithi046.stdout:/usr/bin/ceph: stderr
2024-04-26T01:37:56.071+0000 7fa7f4a00700 1 --2- 172.21.15.46:0/3412174720 >> [v2:172.21.15.46:6800/1268650508,v1:172.21.15.46:6801/1268650508] conn(0x7fa7d40396d0 0x7fa7d403bb90 unknown :-1 s=NONE pgs=0 cs=0 l=1 rev1=0 crypto rx=0 tx=0 comp rx=0 tx=0).connect
2024-04-26T01:38:03.131 INFO:teuthology.orchestra.run.smithi046.stdout:/usr/bin/ceph: stderr
2024-04-26T01:37:56.071+0000 7fa7f4a00700 1 -- 172.21.15.46:0/3412174720 --> [v2:172.21.15.46:6800/1268650508,v1:172.21.15.46:6801/1268650508] -- command(tid 0: {"prefix": "get_command_descriptions"}) -- 0x7fa7d403c2a0 con 0x7fa7d40396d0
2024-04-26T01:38:03.131 INFO:teuthology.orchestra.run.smithi046.stdout:/usr/bin/ceph: stderr
2024-04-26T01:37:56.071+0000 7fa7f4a00700 1 -- 172.21.15.46:0/3412174720 <== mon.0 v2:172.21.15.46:3300/0 5 ==== osd_map(2..2 src has 1..2) ==== 940+0+0 (secure 0 0 0) 0x7fa7e004d7a0 con 0x7fa7f0108e80
2024-04-26T01:38:03.131 INFO:teuthology.orchestra.run.smithi046.stdout:/usr/bin/ceph: stderr
2024-04-26T01:37:56.071+0000 7fa7ee000700 1 -- 172.21.15.46:0/3412174720 >> [v2:172.21.15.46:6800/1268650508,v1:172.21.15.46:6801/1268650508] conn(0x7fa7d40396d0 msgr2=0x7fa7d403bb90 unknown :-1 s=STATE_CONNECTING_RE l=1).process reconnect failed to v2:172.21.15.46:6800/1268650508
2024-04-26T01:38:03.131 INFO:teuthology.orchestra.run.smithi046.stdout:/usr/bin/ceph: stderr
2024-04-26T01:37:56.071+0000 7fa7ee000700 1 --2- 172.21.15.46:0/3412174720 >> [v2:172.21.15.46:6800/1268650508,v1:172.21.15.46:6801/1268650508] conn(0x7fa7d40396d0 0x7fa7d403bb90 unknown :-1 s=START_CONNECT pgs=0 cs=0 l=1 rev1=0 crypto rx=0 tx=0 comp rx=0 tx=0)._fault waiting 0.200000
2024-04-26T01:38:03.131 INFO:teuthology.orchestra.run.smithi046.stdout:/usr/bin/ceph: stderr
2024-04-26T01:37:56.272+0000 7fa7ee000700 1 -- 172.21.15.46:0/3412174720 >> [v2:172.21.15.46:6800/1268650508,v1:172.21.15.46:6801/1268650508] conn(0x7fa7d40396d0 msgr2=0x7fa7d403bb90 unknown :-1 s=STATE_CONNECTING_RE l=1).process reconnect failed to v2:172.21.15.46:6800/1268650508
2024-04-26T01:38:03.131 INFO:teuthology.orchestra.run.smithi046.stdout:/usr/bin/ceph: stderr
2024-04-26T01:37:56.272+0000 7fa7ee000700 1 --2- 172.21.15.46:0/3412174720 >> [v2:172.21.15.46:6800/1268650508,v1:172.21.15.46:6801/1268650508] conn(0x7fa7d40396d0 0x7fa7d403bb90 unknown :-1 s=START_CONNECT pgs=0 cs=0 l=1 rev1=0 crypto rx=0 tx=0 comp rx=0 tx=0)._fault waiting 0.400000
2024-04-26T01:38:03.131 INFO:teuthology.orchestra.run.smithi046.stdout:/usr/bin/ceph: stderr
2024-04-26T01:37:56.673+0000 7fa7ee000700 1 -- 172.21.15.46:0/3412174720 >> [v2:172.21.15.46:6800/1268650508,v1:172.21.15.46:6801/1268650508] conn(0x7fa7d40396d0 msgr2=0x7fa7d403bb90 unknown :-1 s=STATE_CONNECTING_RE l=1).process reconnect failed to v2:172.21.15.46:6800/1268650508
2024-04-26T01:38:03.132 INFO:teuthology.orchestra.run.smithi046.stdout:/usr/bin/ceph: stderr
2024-04-26T01:37:56.673+0000 7fa7ee000700 1 --2- 172.21.15.46:0/3412174720 >> [v2:172.21.15.46:6800/1268650508,v1:172.21.15.46:6801/1268650508] conn(0x7fa7d40396d0 0x7fa7d403bb90 unknown :-1 s=START_CONNECT pgs=0 cs=0 l=1 rev1=0 crypto rx=0 tx=0 comp rx=0 tx=0)._fault waiting 0.800000
2024-04-26T01:38:03.132 INFO:teuthology.orchestra.run.smithi046.stdout:/usr/bin/ceph: stderr
2024-04-26T01:37:57.474+0000 7fa7ee000700 1 -- 172.21.15.46:0/3412174720 >> [v2:172.21.15.46:6800/1268650508,v1:172.21.15.46:6801/1268650508] conn(0x7fa7d40396d0 msgr2=0x7fa7d403bb90 unknown :-1 s=STATE_CONNECTING_RE l=1).process reconnect failed to v2:172.21.15.46:6800/1268650508
2024-04-26T01:38:03.132 INFO:teuthology.orchestra.run.smithi046.stdout:/usr/bin/ceph: stderr
2024-04-26T01:37:57.474+0000 7fa7ee000700 1 --2- 172.21.15.46:0/3412174720 >> [v2:172.21.15.46:6800/1268650508,v1:172.21.15.46:6801/1268650508] conn(0x7fa7d40396d0 0x7fa7d403bb90 unknown :-1 s=START_CONNECT pgs=0 cs=0 l=1 rev1=0 crypto rx=0 tx=0 comp rx=0 tx=0)._fault waiting 1.600000
2024-04-26T01:38:03.132 INFO:teuthology.orchestra.run.smithi046.stdout:/usr/bin/ceph: stderr
2024-04-26T01:37:59.076+0000 7fa7ee000700 1 -- 172.21.15.46:0/3412174720 >> [v2:172.21.15.46:6800/1268650508,v1:172.21.15.46:6801/1268650508] conn(0x7fa7d40396d0 msgr2=0x7fa7d403bb90 unknown :-1 s=STATE_CONNECTING_RE l=1).process reconnect failed to v2:172.21.15.46:6800/1268650508
2024-04-26T01:38:03.132 INFO:teuthology.orchestra.run.smithi046.stdout:/usr/bin/ceph: stderr
2024-04-26T01:37:59.076+0000 7fa7ee000700 1 --2- 172.21.15.46:0/3412174720 >> [v2:172.21.15.46:6800/1268650508,v1:172.21.15.46:6801/1268650508] conn(0x7fa7d40396d0 0x7fa7d403bb90 unknown :-1 s=START_CONNECT pgs=0 cs=0 l=1 rev1=0 crypto rx=0 tx=0 comp rx=0 tx=0)._fault waiting 3.200000
2024-04-26T01:38:03.132 INFO:teuthology.orchestra.run.smithi046.stdout:/usr/bin/ceph: stderr
2024-04-26T01:38:01.203+0000 7fa7f4a00700 1 -- 172.21.15.46:0/3412174720 <== mon.0 v2:172.21.15.46:3300/0 6 ==== mgrmap(e 10) ==== 46338+0+0 (secure 0 0 0) 0x7fa7e001a900 con 0x7fa7f0108e80
2024-04-26T01:38:03.132 INFO:teuthology.orchestra.run.smithi046.stdout:/usr/bin/ceph: stderr
2024-04-26T01:38:01.204+0000 7fa7f4a00700 1 -- 172.21.15.46:0/3412174720 >> [v2:172.21.15.46:6800/1268650508,v1:172.21.15.46:6801/1268650508] conn(0x7fa7d40396d0 msgr2=0x7fa7d403bb90 unknown :-1 s=STATE_CONNECTING l=1).mark_down
2024-04-26T01:38:03.132 INFO:teuthology.orchestra.run.smithi046.stdout:/usr/bin/ceph: stderr
2024-04-26T01:38:01.204+0000 7fa7f4a00700 1 --2- 172.21.15.46:0/3412174720 >> [v2:172.21.15.46:6800/1268650508,v1:172.21.15.46:6801/1268650508] conn(0x7fa7d40396d0 0x7fa7d403bb90 unknown :-1 s=START_CONNECT pgs=0 cs=0 l=1 rev1=0 crypto rx=0 tx=0 comp rx=0 tx=0).stop
2024-04-26T01:38:03.132 INFO:teuthology.orchestra.run.smithi046.stdout:/usr/bin/ceph: stderr
2024-04-26T01:38:02.207+0000 7fa7f4a00700 1 -- 172.21.15.46:0/3412174720 <== mon.0 v2:172.21.15.46:3300/0 7 ==== mgrmap(e 11) ==== 46465+0+0 (secure 0 0 0) 0x7fa7e00238e0 con 0x7fa7f0108e80
2024-04-26T01:38:03.132 INFO:teuthology.orchestra.run.smithi046.stdout:/usr/bin/ceph: stderr
2024-04-26T01:38:02.207+0000 7fa7f4a00700 1 --2- 172.21.15.46:0/3412174720 >> [v2:172.21.15.46:6800/3332901238,v1:172.21.15.46:6801/3332901238] conn(0x7fa7d403cfc0 0x7fa7d403f3b0 unknown :-1 s=NONE pgs=0 cs=0 l=1 rev1=0 crypto rx=0 tx=0 comp rx=0 tx=0).connect
2024-04-26T01:38:03.132 INFO:teuthology.orchestra.run.smithi046.stdout:/usr/bin/ceph: stderr
2024-04-26T01:38:02.207+0000 7fa7f4a00700 1 -- 172.21.15.46:0/3412174720 --> [v2:172.21.15.46:6800/3332901238,v1:172.21.15.46:6801/3332901238] -- command(tid 0: {"prefix": "get_command_descriptions"}) -- 0x7fa7d403c2a0 con 0x7fa7d403cfc0
2024-04-26T01:38:03.132 INFO:teuthology.orchestra.run.smithi046.stdout:/usr/bin/ceph: stderr
2024-04-26T01:38:02.210+0000 7fa7ee000700 1 --2- 172.21.15.46:0/3412174720 >> [v2:172.21.15.46:6800/3332901238,v1:172.21.15.46:6801/3332901238] conn(0x7fa7d403cfc0 0x7fa7d403f3b0 unknown :-1 s=BANNER_CONNECTING pgs=0 cs=0 l=1 rev1=0 crypto rx=0 tx=0 comp rx=0 tx=0)._handle_peer_banner_payload supported=3 required=0
2024-04-26T01:38:03.133 INFO:teuthology.orchestra.run.smithi046.stdout:/usr/bin/ceph: stderr
2024-04-26T01:38:02.213+0000 7fa7ee000700 1 --2- 172.21.15.46:0/3412174720 >> [v2:172.21.15.46:6800/3332901238,v1:172.21.15.46:6801/3332901238] conn(0x7fa7d403cfc0 0x7fa7d403f3b0 secure :-1 s=READY pgs=3 cs=0 l=1 rev1=1 crypto rx=0x7fa7dc003a10 tx=0x7fa7dc009270 comp rx=0 tx=0).ready entity=mgr.14152 client_cookie=0 server_cookie=0 in_seq=0 out_seq=0
2024-04-26T01:38:03.133 INFO:teuthology.orchestra.run.smithi046.stdout:/usr/bin/ceph: stderr
2024-04-26T01:38:02.215+0000 7fa7f4a00700 1 -- 172.21.15.46:0/3412174720 <== mgr.14152 v2:172.21.15.46:6800/3332901238 1 ==== command_reply(tid 0: 0 ) ==== 8+0+7774 (secure 0 0 0) 0x7fa7d403c2a0 con 0x7fa7d403cfc0
2024-04-26T01:38:03.133 INFO:teuthology.orchestra.run.smithi046.stdout:/usr/bin/ceph: stderr
2024-04-26T01:38:02.223+0000 7fa7efe00700 1 -- 172.21.15.46:0/3412174720 --> [v2:172.21.15.46:6800/3332901238,v1:172.21.15.46:6801/3332901238] -- command(tid 1: {"prefix": "mgr_status"}) -- 0x7fa7f00640a0 con 0x7fa7d403cfc0
2024-04-26T01:38:03.133 INFO:teuthology.orchestra.run.smithi046.stdout:/usr/bin/ceph: stderr
2024-04-26T01:38:02.224+0000 7fa7f4a00700 1 -- 172.21.15.46:0/3412174720 <== mgr.14152 v2:172.21.15.46:6800/3332901238 2 ==== command_reply(tid 1: 0 ) ==== 8+0+52 (secure 0 0 0) 0x7fa7f00640a0 con 0x7fa7d403cfc0
2024-04-26T01:38:03.133 INFO:teuthology.orchestra.run.smithi046.stdout:/usr/bin/ceph: stderr
2024-04-26T01:38:02.224+0000 7fa7efe00700 1 -- 172.21.15.46:0/3412174720 >> [v2:172.21.15.46:6800/3332901238,v1:172.21.15.46:6801/3332901238] conn(0x7fa7d403cfc0 msgr2=0x7fa7d403f3b0 secure :-1 s=STATE_CONNECTION_ESTABLISHED l=1).mark_down
2024-04-26T01:38:03.133 INFO:teuthology.orchestra.run.smithi046.stdout:/usr/bin/ceph: stderr
2024-04-26T01:38:02.224+0000 7fa7efe00700 1 --2- 172.21.15.46:0/3412174720 >> [v2:172.21.15.46:6800/3332901238,v1:172.21.15.46:6801/3332901238] conn(0x7fa7d403cfc0 0x7fa7d403f3b0 secure :-1 s=READY pgs=3 cs=0 l=1 rev1=1 crypto rx=0x7fa7dc003a10 tx=0x7fa7dc009270 comp rx=0 tx=0).stop
2024-04-26T01:38:03.133 INFO:teuthology.orchestra.run.smithi046.stdout:/usr/bin/ceph: stderr
2024-04-26T01:38:02.224+0000 7fa7efe00700 1 -- 172.21.15.46:0/3412174720 >> [v2:172.21.15.46:3300/0,v1:172.21.15.46:6789/0] conn(0x7fa7f0108e80 msgr2=0x7fa7f019c3f0 secure :-1 s=STATE_CONNECTION_ESTABLISHED l=1).mark_down
2024-04-26T01:38:03.133 INFO:teuthology.orchestra.run.smithi046.stdout:/usr/bin/ceph: stderr
2024-04-26T01:38:02.224+0000 7fa7efe00700 1 --2- 172.21.15.46:0/3412174720 >> [v2:172.21.15.46:3300/0,v1:172.21.15.46:6789/0] conn(0x7fa7f0108e80 0x7fa7f019c3f0 secure :-1 s=READY pgs=62 cs=0 l=1 rev1=1 crypto rx=0x7fa7e00117b0 tx=0x7fa7e00045f0 comp rx=0 tx=0).stop
2024-04-26T01:38:03.133 INFO:teuthology.orchestra.run.smithi046.stdout:/usr/bin/ceph: stderr
2024-04-26T01:38:02.224+0000 7fa7efe00700 1 -- 172.21.15.46:0/3412174720 shutdown_connections
2024-04-26T01:38:03.133 INFO:teuthology.orchestra.run.smithi046.stdout:/usr/bin/ceph: stderr
2024-04-26T01:38:02.224+0000 7fa7efe00700 1 --2- 172.21.15.46:0/3412174720 >> [v2:172.21.15.46:6800/3332901238,v1:172.21.15.46:6801/3332901238] conn(0x7fa7d403cfc0 0x7fa7d403f3b0 unknown :-1 s=CLOSED pgs=3 cs=0 l=1 rev1=1 crypto rx=0 tx=0 comp rx=0 tx=0).stop
2024-04-26T01:38:03.133 INFO:teuthology.orchestra.run.smithi046.stdout:/usr/bin/ceph: stderr
2024-04-26T01:38:02.224+0000 7fa7efe00700 1 --2- 172.21.15.46:0/3412174720 >> [v2:172.21.15.46:3300/0,v1:172.21.15.46:6789/0] conn(0x7fa7f0108e80 0x7fa7f019c3f0 unknown :-1 s=CLOSED pgs=62 cs=0 l=1 rev1=1 crypto rx=0 tx=0 comp rx=0 tx=0).stop
2024-04-26T01:38:03.133 INFO:teuthology.orchestra.run.smithi046.stdout:/usr/bin/ceph: stderr
2024-04-26T01:38:02.224+0000 7fa7efe00700 1 --2- 172.21.15.46:0/3412174720 >> [v2:172.21.15.46:6800/1268650508,v1:172.21.15.46:6801/1268650508] conn(0x7fa7d40396d0 0x7fa7d403bb90 unknown :-1 s=CLOSED pgs=0 cs=0 l=1 rev1=0 crypto rx=0 tx=0 comp rx=0 tx=0).stop
2024-04-26T01:38:03.133 INFO:teuthology.orchestra.run.smithi046.stdout:/usr/bin/ceph: stderr
2024-04-26T01:38:02.224+0000 7fa7efe00700 1 -- 172.21.15.46:0/3412174720 >> 172.21.15.46:0/3412174720 conn(0x7fa7f0102910 msgr2=0x7fa7f0103360 unknown :-1 s=STATE_NONE l=0).mark_down
2024-04-26T01:38:03.134 INFO:teuthology.orchestra.run.smithi046.stdout:/usr/bin/ceph: stderr
2024-04-26T01:38:02.224+0000 7fa7efe00700 1 -- 172.21.15.46:0/3412174720 shutdown_connections
2024-04-26T01:38:03.134 INFO:teuthology.orchestra.run.smithi046.stdout:/usr/bin/ceph: stderr
2024-04-26T01:38:02.224+0000 7fa7efe00700 1 -- 172.21.15.46:0/3412174720 wait complete.
2024-04-26T01:38:03.134 INFO:teuthology.orchestra.run.smithi046.stdout:mgr epoch 9 is available
2024-04-26T01:38:03.134 INFO:teuthology.orchestra.run.smithi046.stdout:Generating a dashboard self-signed certificate...
2024-04-26T01:38:03.319 INFO:journalctl@ceph.mon.a.smithi046.stdout:Apr 26 01:38:03 smithi046 ceph-mon[28013]: from='client.14156 -' entity='client.admin' cmd=[{"prefix": "get_command_descriptions"}]: dispatch
2024-04-26T01:38:03.319 INFO:journalctl@ceph.mon.a.smithi046.stdout:Apr 26 01:38:03 smithi046 ceph-mon[28013]: from='client.14156 -' entity='client.admin' cmd=[{"prefix": "mgr_status"}]: dispatch
2024-04-26T01:38:04.558 INFO:journalctl@ceph.mon.a.smithi046.stdout:Apr 26 01:38:04 smithi046 ceph-mon[28013]: mgrmap e12: x(active, since 2s)
2024-04-26T01:38:05.341 INFO:teuthology.orchestra.run.smithi046.stdout:/usr/bin/ceph: stdout Self-signed certificate created
2024-04-26T01:38:05.341 INFO:teuthology.orchestra.run.smithi046.stdout:/usr/bin/ceph: stderr
2024-04-26T01:38:04.117+0000 7f6e7f800700 1 Processor -- start
2024-04-26T01:38:05.341 INFO:teuthology.orchestra.run.smithi046.stdout:/usr/bin/ceph: stderr
2024-04-26T01:38:04.117+0000 7f6e7f800700 1 -- start start
2024-04-26T01:38:05.341 INFO:teuthology.orchestra.run.smithi046.stdout:/usr/bin/ceph: stderr
2024-04-26T01:38:04.117+0000 7f6e7f800700 1 --2- >> [v2:172.21.15.46:3300/0,v1:172.21.15.46:6789/0] conn(0x7f6e7807e850 0x7f6e7807ec70 unknown :-1 s=NONE pgs=0 cs=0 l=0 rev1=0 crypto rx=0 tx=0 comp rx=0 tx=0).connect
2024-04-26T01:38:05.341 INFO:teuthology.orchestra.run.smithi046.stdout:/usr/bin/ceph: stderr
2024-04-26T01:38:04.117+0000 7f6e7f800700 1 -- --> [v2:172.21.15.46:3300/0,v1:172.21.15.46:6789/0] -- mon_getmap magic: 0 -- 0x7f6e7807f240 con 0x7f6e7807e850
2024-04-26T01:38:05.341 INFO:teuthology.orchestra.run.smithi046.stdout:/usr/bin/ceph: stderr
2024-04-26T01:38:04.118+0000 7f6e7ce00700 1 --2- >> [v2:172.21.15.46:3300/0,v1:172.21.15.46:6789/0] conn(0x7f6e7807e850 0x7f6e7807ec70 unknown :-1 s=BANNER_CONNECTING pgs=0 cs=0 l=0 rev1=0 crypto rx=0 tx=0 comp rx=0 tx=0)._handle_peer_banner_payload supported=3 required=0
2024-04-26T01:38:05.341 INFO:teuthology.orchestra.run.smithi046.stdout:/usr/bin/ceph: stderr
2024-04-26T01:38:04.118+0000 7f6e7ce00700 1 --2- >> [v2:172.21.15.46:3300/0,v1:172.21.15.46:6789/0] conn(0x7f6e7807e850 0x7f6e7807ec70 unknown :-1 s=HELLO_CONNECTING pgs=0 cs=0 l=0 rev1=1 crypto rx=0 tx=0 comp rx=0 tx=0).handle_hello peer v2:172.21.15.46:3300/0 says I am v2:172.21.15.46:38200/0 (socket says 172.21.15.46:38200)
2024-04-26T01:38:05.341 INFO:teuthology.orchestra.run.smithi046.stdout:/usr/bin/ceph: stderr
2024-04-26T01:38:04.118+0000 7f6e7ce00700 1 -- 172.21.15.46:0/2416184291 learned_addr learned my addr 172.21.15.46:0/2416184291 (peer_addr_for_me v2:172.21.15.46:0/0)
2024-04-26T01:38:05.342 INFO:teuthology.orchestra.run.smithi046.stdout:/usr/bin/ceph: stderr
2024-04-26T01:38:04.118+0000 7f6e7ce00700 1 -- 172.21.15.46:0/2416184291 --> [v2:172.21.15.46:3300/0,v1:172.21.15.46:6789/0] -- mon_subscribe({config=0+,monmap=0+}) -- 0x7f6e7807fa50 con 0x7f6e7807e850
2024-04-26T01:38:05.342 INFO:teuthology.orchestra.run.smithi046.stdout:/usr/bin/ceph: stderr
2024-04-26T01:38:04.119+0000 7f6e7ce00700 1 --2- 172.21.15.46:0/2416184291 >> [v2:172.21.15.46:3300/0,v1:172.21.15.46:6789/0] conn(0x7f6e7807e850 0x7f6e7807ec70 secure :-1 s=READY pgs=70 cs=0 l=1 rev1=1 crypto rx=0x7f6e6c0098a0 tx=0x7f6e6c009bb0 comp rx=0 tx=0).ready entity=mon.0 client_cookie=fcbbcc1a27be648a server_cookie=0 in_seq=0 out_seq=0
2024-04-26T01:38:05.342 INFO:teuthology.orchestra.run.smithi046.stdout:/usr/bin/ceph: stderr
2024-04-26T01:38:04.119+0000 7f6e77400700 1 -- 172.21.15.46:0/2416184291 <== mon.0 v2:172.21.15.46:3300/0 1 ==== mon_map magic: 0 ==== 205+0+0 (secure 0 0 0) 0x7f6e6c004160 con 0x7f6e7807e850
2024-04-26T01:38:05.342 INFO:teuthology.orchestra.run.smithi046.stdout:/usr/bin/ceph: stderr
2024-04-26T01:38:04.119+0000 7f6e77400700 1 -- 172.21.15.46:0/2416184291 <== mon.0 v2:172.21.15.46:3300/0 2 ==== config(27 keys) ==== 1135+0+0 (secure 0 0 0) 0x7f6e6c004300 con 0x7f6e7807e850
2024-04-26T01:38:05.342 INFO:teuthology.orchestra.run.smithi046.stdout:/usr/bin/ceph: stderr
2024-04-26T01:38:04.119+0000 7f6e77400700 1 -- 172.21.15.46:0/2416184291 <== mon.0 v2:172.21.15.46:3300/0 3 ==== mon_map magic: 0 ==== 205+0+0 (secure 0 0 0) 0x7f6e6c011af0 con 0x7f6e7807e850
2024-04-26T01:38:05.342 INFO:teuthology.orchestra.run.smithi046.stdout:/usr/bin/ceph: stderr
2024-04-26T01:38:04.120+0000 7f6e7f800700 1 -- 172.21.15.46:0/2416184291 >> [v2:172.21.15.46:3300/0,v1:172.21.15.46:6789/0] conn(0x7f6e7807e850 msgr2=0x7f6e7807ec70 secure :-1 s=STATE_CONNECTION_ESTABLISHED l=1).mark_down
2024-04-26T01:38:05.342 INFO:teuthology.orchestra.run.smithi046.stdout:/usr/bin/ceph: stderr
2024-04-26T01:38:04.120+0000 7f6e7f800700 1 --2- 172.21.15.46:0/2416184291 >> [v2:172.21.15.46:3300/0,v1:172.21.15.46:6789/0] conn(0x7f6e7807e850 0x7f6e7807ec70 secure :-1 s=READY pgs=70 cs=0 l=1 rev1=1 crypto rx=0x7f6e6c0098a0 tx=0x7f6e6c009bb0 comp rx=0 tx=0).stop
2024-04-26T01:38:05.342 INFO:teuthology.orchestra.run.smithi046.stdout:/usr/bin/ceph: stderr
2024-04-26T01:38:04.120+0000 7f6e7f800700 1 -- 172.21.15.46:0/2416184291 shutdown_connections
2024-04-26T01:38:05.342 INFO:teuthology.orchestra.run.smithi046.stdout:/usr/bin/ceph: stderr
2024-04-26T01:38:04.120+0000 7f6e7f800700 1 --2- 172.21.15.46:0/2416184291 >> [v2:172.21.15.46:3300/0,v1:172.21.15.46:6789/0] conn(0x7f6e7807e850 0x7f6e7807ec70 unknown :-1 s=CLOSED pgs=70 cs=0 l=1 rev1=1 crypto rx=0 tx=0 comp rx=0 tx=0).stop
2024-04-26T01:38:05.342 INFO:teuthology.orchestra.run.smithi046.stdout:/usr/bin/ceph: stderr
2024-04-26T01:38:04.120+0000 7f6e7f800700 1 -- 172.21.15.46:0/2416184291 >> 172.21.15.46:0/2416184291 conn(0x7f6e7807de00 msgr2=0x7f6e781084c0 unknown :-1 s=STATE_NONE l=0).mark_down
2024-04-26T01:38:05.342 INFO:teuthology.orchestra.run.smithi046.stdout:/usr/bin/ceph: stderr
2024-04-26T01:38:04.120+0000 7f6e7f800700 1 -- 172.21.15.46:0/2416184291 shutdown_connections
2024-04-26T01:38:05.342 INFO:teuthology.orchestra.run.smithi046.stdout:/usr/bin/ceph: stderr
2024-04-26T01:38:04.120+0000 7f6e7f800700 1 -- 172.21.15.46:0/2416184291 wait complete.
2024-04-26T01:38:05.342 INFO:teuthology.orchestra.run.smithi046.stdout:/usr/bin/ceph: stderr
2024-04-26T01:38:04.121+0000 7f6e7f800700 1 Processor -- start
2024-04-26T01:38:05.343 INFO:teuthology.orchestra.run.smithi046.stdout:/usr/bin/ceph: stderr
2024-04-26T01:38:04.121+0000 7f6e7f800700 1 -- start start
2024-04-26T01:38:05.343 INFO:teuthology.orchestra.run.smithi046.stdout:/usr/bin/ceph: stderr
2024-04-26T01:38:04.121+0000 7f6e7f800700 1 --2- >> [v2:172.21.15.46:3300/0,v1:172.21.15.46:6789/0] conn(0x7f6e7807e850 0x7f6e781a29a0 unknown :-1 s=NONE pgs=0 cs=0 l=1 rev1=0 crypto rx=0 tx=0 comp rx=0 tx=0).connect
2024-04-26T01:38:05.343 INFO:teuthology.orchestra.run.smithi046.stdout:/usr/bin/ceph: stderr
2024-04-26T01:38:04.121+0000 7f6e7f800700 1 -- --> [v2:172.21.15.46:3300/0,v1:172.21.15.46:6789/0] -- mon_getmap magic: 0 -- 0x7f6e78080e10 con 0x7f6e7807e850
2024-04-26T01:38:05.343 INFO:teuthology.orchestra.run.smithi046.stdout:/usr/bin/ceph: stderr
2024-04-26T01:38:04.122+0000 7f6e7ce00700 1 --2- >> [v2:172.21.15.46:3300/0,v1:172.21.15.46:6789/0] conn(0x7f6e7807e850 0x7f6e781a29a0 unknown :-1 s=BANNER_CONNECTING pgs=0 cs=0 l=1 rev1=0 crypto rx=0 tx=0 comp rx=0 tx=0)._handle_peer_banner_payload supported=3 required=0
2024-04-26T01:38:05.343 INFO:teuthology.orchestra.run.smithi046.stdout:/usr/bin/ceph: stderr
2024-04-26T01:38:04.122+0000 7f6e7ce00700 1 --2- >> [v2:172.21.15.46:3300/0,v1:172.21.15.46:6789/0] conn(0x7f6e7807e850 0x7f6e781a29a0 unknown :-1 s=HELLO_CONNECTING pgs=0 cs=0 l=1 rev1=1 crypto rx=0 tx=0 comp rx=0 tx=0).handle_hello peer v2:172.21.15.46:3300/0 says I am v2:172.21.15.46:38214/0 (socket says 172.21.15.46:38214)
2024-04-26T01:38:05.343 INFO:teuthology.orchestra.run.smithi046.stdout:/usr/bin/ceph: stderr
2024-04-26T01:38:04.122+0000 7f6e7ce00700 1 -- 172.21.15.46:0/2994441902 learned_addr learned my addr 172.21.15.46:0/2994441902 (peer_addr_for_me v2:172.21.15.46:0/0)
2024-04-26T01:38:05.343 INFO:teuthology.orchestra.run.smithi046.stdout:/usr/bin/ceph: stderr
2024-04-26T01:38:04.122+0000 7f6e7ce00700 1 -- 172.21.15.46:0/2994441902 --> [v2:172.21.15.46:3300/0,v1:172.21.15.46:6789/0] -- mon_subscribe({config=0+,monmap=0+}) -- 0x7f6e781a2ee0 con 0x7f6e7807e850
2024-04-26T01:38:05.343 INFO:teuthology.orchestra.run.smithi046.stdout:/usr/bin/ceph: stderr
2024-04-26T01:38:04.122+0000 7f6e7ce00700 1 --2- 172.21.15.46:0/2994441902 >> [v2:172.21.15.46:3300/0,v1:172.21.15.46:6789/0] conn(0x7f6e7807e850 0x7f6e781a29a0 secure :-1 s=READY pgs=71 cs=0 l=1 rev1=1 crypto rx=0x7f6e6c003f90 tx=0x7f6e6c011b70 comp rx=0 tx=0).ready entity=mon.0 client_cookie=0 server_cookie=0 in_seq=0 out_seq=0
2024-04-26T01:38:05.343 INFO:teuthology.orchestra.run.smithi046.stdout:/usr/bin/ceph: stderr
2024-04-26T01:38:04.123+0000 7f6e75600700 1 -- 172.21.15.46:0/2994441902 <== mon.0 v2:172.21.15.46:3300/0 1 ==== mon_map magic: 0 ==== 205+0+0 (secure 0 0 0) 0x7f6e6c0039e0 con 0x7f6e7807e850
2024-04-26T01:38:05.343 INFO:teuthology.orchestra.run.smithi046.stdout:/usr/bin/ceph: stderr
2024-04-26T01:38:04.123+0000 7f6e75600700 1 -- 172.21.15.46:0/2994441902 <== mon.0 v2:172.21.15.46:3300/0 2 ==== config(27 keys) ==== 1135+0+0 (secure 0 0 0) 0x7f6e6c003b80 con 0x7f6e7807e850
2024-04-26T01:38:05.343 INFO:teuthology.orchestra.run.smithi046.stdout:/usr/bin/ceph: stderr
2024-04-26T01:38:04.123+0000 7f6e75600700 1 -- 172.21.15.46:0/2994441902 <== mon.0 v2:172.21.15.46:3300/0 3 ==== mon_map magic: 0 ==== 205+0+0 (secure 0 0 0) 0x7f6e6c0196e0 con 0x7f6e7807e850
2024-04-26T01:38:05.343 INFO:teuthology.orchestra.run.smithi046.stdout:/usr/bin/ceph: stderr
2024-04-26T01:38:04.123+0000 7f6e7f800700 1 -- 172.21.15.46:0/2994441902 --> [v2:172.21.15.46:3300/0,v1:172.21.15.46:6789/0] -- mon_subscribe({mgrmap=0+}) -- 0x7f6e781a3170 con 0x7f6e7807e850
2024-04-26T01:38:05.343 INFO:teuthology.orchestra.run.smithi046.stdout:/usr/bin/ceph: stderr
2024-04-26T01:38:04.123+0000 7f6e7f800700 1 -- 172.21.15.46:0/2994441902 --> [v2:172.21.15.46:3300/0,v1:172.21.15.46:6789/0] -- mon_subscribe({osdmap=0}) -- 0x7f6e781a5e60 con 0x7f6e7807e850
2024-04-26T01:38:05.344 INFO:teuthology.orchestra.run.smithi046.stdout:/usr/bin/ceph: stderr
2024-04-26T01:38:04.124+0000 7f6e75600700 1 -- 172.21.15.46:0/2994441902 <== mon.0 v2:172.21.15.46:3300/0 4 ==== mgrmap(e 12) ==== 46571+0+0 (secure 0 0 0) 0x7f6e6c022020 con 0x7f6e7807e850
2024-04-26T01:38:05.344 INFO:teuthology.orchestra.run.smithi046.stdout:/usr/bin/ceph: stderr
2024-04-26T01:38:04.124+0000 7f6e7f800700 1 -- 172.21.15.46:0/2994441902 --> [v2:172.21.15.46:3300/0,v1:172.21.15.46:6789/0] -- mon_command({"prefix": "get_command_descriptions"} v 0) -- 0x7f6e780640a0 con 0x7f6e7807e850
2024-04-26T01:38:05.344 INFO:teuthology.orchestra.run.smithi046.stdout:/usr/bin/ceph: stderr
2024-04-26T01:38:04.124+0000 7f6e75600700 1 --2- 172.21.15.46:0/2994441902 >> [v2:172.21.15.46:6800/3332901238,v1:172.21.15.46:6801/3332901238] conn(0x7f6e600396c0 0x7f6e6003bb80 unknown :-1 s=NONE pgs=0 cs=0 l=1 rev1=0 crypto rx=0 tx=0 comp rx=0 tx=0).connect
2024-04-26T01:38:05.344 INFO:teuthology.orchestra.run.smithi046.stdout:/usr/bin/ceph: stderr
2024-04-26T01:38:04.124+0000 7f6e75600700 1 -- 172.21.15.46:0/2994441902 <== mon.0 v2:172.21.15.46:3300/0 5 ==== osd_map(3..3 src has 1..3) ==== 1155+0+0 (secure 0 0 0) 0x7f6e6c04da20 con 0x7f6e7807e850
2024-04-26T01:38:05.344 INFO:teuthology.orchestra.run.smithi046.stdout:/usr/bin/ceph: stderr
2024-04-26T01:38:04.125+0000 7f6e77e00700 1 --2- 172.21.15.46:0/2994441902 >> [v2:172.21.15.46:6800/3332901238,v1:172.21.15.46:6801/3332901238] conn(0x7f6e600396c0 0x7f6e6003bb80 unknown :-1 s=BANNER_CONNECTING pgs=0 cs=0 l=1 rev1=0 crypto rx=0 tx=0 comp rx=0 tx=0)._handle_peer_banner_payload supported=3 required=0
2024-04-26T01:38:05.344 INFO:teuthology.orchestra.run.smithi046.stdout:/usr/bin/ceph: stderr
2024-04-26T01:38:04.126+0000 7f6e77e00700 1 --2- 172.21.15.46:0/2994441902 >> [v2:172.21.15.46:6800/3332901238,v1:172.21.15.46:6801/3332901238] conn(0x7f6e600396c0 0x7f6e6003bb80 secure :-1 s=READY pgs=7 cs=0 l=1 rev1=1 crypto rx=0x7f6e64006fd0 tx=0x7f6e64006e40 comp rx=0 tx=0).ready entity=mgr.14152 client_cookie=0 server_cookie=0 in_seq=0 out_seq=0
2024-04-26T01:38:05.344 INFO:teuthology.orchestra.run.smithi046.stdout:/usr/bin/ceph: stderr
2024-04-26T01:38:04.131+0000 7f6e75600700 1 -- 172.21.15.46:0/2994441902 <== mon.0 v2:172.21.15.46:3300/0 6 ==== mon_command_ack([{"prefix": "get_command_descriptions"}]=0 v0) ==== 72+0+188370 (secure 0 0 0) 0x7f6e6c0172b0 con 0x7f6e7807e850
2024-04-26T01:38:05.344 INFO:teuthology.orchestra.run.smithi046.stdout:/usr/bin/ceph: stderr
2024-04-26T01:38:04.383+0000 7f6e7f800700 1 -- 172.21.15.46:0/2994441902 --> [v2:172.21.15.46:6800/3332901238,v1:172.21.15.46:6801/3332901238] -- mgr_command(tid 0: {"prefix": "dashboard create-self-signed-cert", "target": ["mon-mgr", ""]}) -- 0x7f6e78062e80 con 0x7f6e600396c0
2024-04-26T01:38:05.344 INFO:teuthology.orchestra.run.smithi046.stdout:/usr/bin/ceph: stderr
2024-04-26T01:38:04.450+0000 7f6e75600700 1 -- 172.21.15.46:0/2994441902 <== mgr.14152 v2:172.21.15.46:6800/3332901238 1 ==== mgr_command_reply(tid 0: 0 ) ==== 8+0+32 (secure 0 0 0) 0x7f6e78062e80 con 0x7f6e600396c0
2024-04-26T01:38:05.344 INFO:teuthology.orchestra.run.smithi046.stdout:/usr/bin/ceph: stderr
2024-04-26T01:38:04.454+0000 7f6e7f800700 1 -- 172.21.15.46:0/2994441902 >> [v2:172.21.15.46:6800/3332901238,v1:172.21.15.46:6801/3332901238] conn(0x7f6e600396c0 msgr2=0x7f6e6003bb80 secure :-1 s=STATE_CONNECTION_ESTABLISHED l=1).mark_down
2024-04-26T01:38:05.344 INFO:teuthology.orchestra.run.smithi046.stdout:/usr/bin/ceph: stderr
2024-04-26T01:38:04.454+0000 7f6e7f800700 1 --2- 172.21.15.46:0/2994441902 >> [v2:172.21.15.46:6800/3332901238,v1:172.21.15.46:6801/3332901238] conn(0x7f6e600396c0 0x7f6e6003bb80 secure :-1 s=READY pgs=7 cs=0 l=1 rev1=1 crypto rx=0x7f6e64006fd0 tx=0x7f6e64006e40 comp rx=0 tx=0).stop
2024-04-26T01:38:05.344 INFO:teuthology.orchestra.run.smithi046.stdout:/usr/bin/ceph: stderr
2024-04-26T01:38:04.454+0000 7f6e7f800700 1 -- 172.21.15.46:0/2994441902 >> [v2:172.21.15.46:3300/0,v1:172.21.15.46:6789/0] conn(0x7f6e7807e850 msgr2=0x7f6e781a29a0 secure :-1 s=STATE_CONNECTION_ESTABLISHED l=1).mark_down
2024-04-26T01:38:05.344 INFO:teuthology.orchestra.run.smithi046.stdout:/usr/bin/ceph: stderr
2024-04-26T01:38:04.454+0000 7f6e7f800700 1 --2- 172.21.15.46:0/2994441902 >> [v2:172.21.15.46:3300/0,v1:172.21.15.46:6789/0] conn(0x7f6e7807e850 0x7f6e781a29a0 secure :-1 s=READY pgs=71 cs=0 l=1 rev1=1 crypto rx=0x7f6e6c003f90 tx=0x7f6e6c011b70 comp rx=0 tx=0).stop
2024-04-26T01:38:05.345 INFO:teuthology.orchestra.run.smithi046.stdout:/usr/bin/ceph: stderr
2024-04-26T01:38:04.454+0000 7f6e7f800700 1 -- 172.21.15.46:0/2994441902 shutdown_connections
2024-04-26T01:38:05.345 INFO:teuthology.orchestra.run.smithi046.stdout:/usr/bin/ceph: stderr
2024-04-26T01:38:04.454+0000 7f6e7f800700 1 --2- 172.21.15.46:0/2994441902 >> [v2:172.21.15.46:6800/3332901238,v1:172.21.15.46:6801/3332901238] conn(0x7f6e600396c0 0x7f6e6003bb80 unknown :-1 s=CLOSED pgs=7 cs=0 l=1 rev1=1 crypto rx=0 tx=0 comp rx=0 tx=0).stop
2024-04-26T01:38:05.345 INFO:teuthology.orchestra.run.smithi046.stdout:/usr/bin/ceph: stderr
2024-04-26T01:38:04.454+0000 7f6e7f800700 1 --2- 172.21.15.46:0/2994441902 >> [v2:172.21.15.46:3300/0,v1:172.21.15.46:6789/0] conn(0x7f6e7807e850 0x7f6e781a29a0 unknown :-1 s=CLOSED pgs=71 cs=0 l=1 rev1=1 crypto rx=0 tx=0 comp rx=0 tx=0).stop
2024-04-26T01:38:05.345 INFO:teuthology.orchestra.run.smithi046.stdout:/usr/bin/ceph: stderr
2024-04-26T01:38:04.454+0000 7f6e7f800700 1 -- 172.21.15.46:0/2994441902 >> 172.21.15.46:0/2994441902 conn(0x7f6e7807de00 msgr2=0x7f6e78108ea0 unknown :-1 s=STATE_NONE l=0).mark_down
2024-04-26T01:38:05.345 INFO:teuthology.orchestra.run.smithi046.stdout:/usr/bin/ceph: stderr
2024-04-26T01:38:04.454+0000 7f6e7f800700 1 -- 172.21.15.46:0/2994441902 shutdown_connections
2024-04-26T01:38:05.345 INFO:teuthology.orchestra.run.smithi046.stdout:/usr/bin/ceph: stderr
2024-04-26T01:38:04.454+0000 7f6e7f800700 1 -- 172.21.15.46:0/2994441902 wait complete.
2024-04-26T01:38:05.345 INFO:teuthology.orchestra.run.smithi046.stdout:Creating initial admin user...
2024-04-26T01:38:05.656 INFO:journalctl@ceph.mon.a.smithi046.stdout:Apr 26 01:38:05 smithi046 ceph-mon[28013]: from='client.14164 -' entity='client.admin' cmd=[{"prefix": "dashboard create-self-signed-cert", "target": ["mon-mgr", ""]}]: dispatch
2024-04-26T01:38:05.656 INFO:journalctl@ceph.mon.a.smithi046.stdout:Apr 26 01:38:05 smithi046 ceph-mon[28013]: from='mgr.14152 172.21.15.46:0/2001971396' entity='mgr.x'
2024-04-26T01:38:05.656 INFO:journalctl@ceph.mon.a.smithi046.stdout:Apr 26 01:38:05 smithi046 ceph-mon[28013]: from='mgr.14152 172.21.15.46:0/2001971396' entity='mgr.x'
2024-04-26T01:38:05.656 INFO:journalctl@ceph.mon.a.smithi046.stdout:Apr 26 01:38:05 smithi046 ceph-mon[28013]: from='mgr.14152 172.21.15.46:0/2001971396' entity='mgr.x'
2024-04-26T01:38:07.420 INFO:teuthology.orchestra.run.smithi046.stdout:/usr/bin/ceph: stdout {"username": "admin", "password": "$2b$12$mUM2/sZT7doCXEBZmPyveOKIqmtpgluj/j9XkkhrSxKDqoODfsobO", "roles": ["administrator"], "name": null, "email": null, "lastUpdate": 1714095486, "enabled": true, "pwdExpirationDate": null, "pwdUpdateRequired": true}
2024-04-26T01:38:07.420 INFO:teuthology.orchestra.run.smithi046.stdout:/usr/bin/ceph: stderr
2024-04-26T01:38:06.026+0000 7fe109400700 1 Processor -- start
2024-04-26T01:38:07.422 INFO:teuthology.orchestra.run.smithi046.stdout:/usr/bin/ceph: stderr
2024-04-26T01:38:06.026+0000 7fe109400700 1 -- start start
2024-04-26T01:38:07.422 INFO:teuthology.orchestra.run.smithi046.stdout:/usr/bin/ceph: stderr
2024-04-26T01:38:06.026+0000 7fe109400700 1 --2- >> [v2:172.21.15.46:3300/0,v1:172.21.15.46:6789/0] conn(0x7fe104108590 0x7fe1041089b0 unknown :-1 s=NONE pgs=0 cs=0 l=0 rev1=0 crypto rx=0 tx=0 comp rx=0 tx=0).connect
2024-04-26T01:38:07.423 INFO:teuthology.orchestra.run.smithi046.stdout:/usr/bin/ceph: stderr
2024-04-26T01:38:06.026+0000 7fe109400700 1 -- --> [v2:172.21.15.46:3300/0,v1:172.21.15.46:6789/0] -- mon_getmap magic: 0 -- 0x7fe104108f80 con 0x7fe104108590
2024-04-26T01:38:07.423 INFO:teuthology.orchestra.run.smithi046.stdout:/usr/bin/ceph: stderr
2024-04-26T01:38:06.027+0000 7fe102800700 1 --2- >> [v2:172.21.15.46:3300/0,v1:172.21.15.46:6789/0] conn(0x7fe104108590 0x7fe1041089b0 unknown :-1 s=BANNER_CONNECTING pgs=0 cs=0 l=0 rev1=0 crypto rx=0 tx=0 comp rx=0 tx=0)._handle_peer_banner_payload supported=3 required=0
2024-04-26T01:38:07.423 INFO:teuthology.orchestra.run.smithi046.stdout:/usr/bin/ceph: stderr
2024-04-26T01:38:06.027+0000 7fe102800700 1 --2- >> [v2:172.21.15.46:3300/0,v1:172.21.15.46:6789/0] conn(0x7fe104108590 0x7fe1041089b0 unknown :-1 s=HELLO_CONNECTING pgs=0 cs=0 l=0 rev1=1 crypto rx=0 tx=0 comp rx=0 tx=0).handle_hello peer v2:172.21.15.46:3300/0 says I am v2:172.21.15.46:38230/0 (socket says 172.21.15.46:38230)
2024-04-26T01:38:07.423 INFO:teuthology.orchestra.run.smithi046.stdout:/usr/bin/ceph: stderr
2024-04-26T01:38:06.027+0000 7fe102800700 1 -- 172.21.15.46:0/4080531895 learned_addr learned my addr 172.21.15.46:0/4080531895 (peer_addr_for_me v2:172.21.15.46:0/0)
2024-04-26T01:38:07.423 INFO:teuthology.orchestra.run.smithi046.stdout:/usr/bin/ceph: stderr
2024-04-26T01:38:06.027+0000 7fe102800700 1 -- 172.21.15.46:0/4080531895 --> [v2:172.21.15.46:3300/0,v1:172.21.15.46:6789/0] -- mon_subscribe({config=0+,monmap=0+}) -- 0x7fe104109740 con 0x7fe104108590
2024-04-26T01:38:07.423 INFO:teuthology.orchestra.run.smithi046.stdout:/usr/bin/ceph: stderr
2024-04-26T01:38:06.028+0000 7fe102800700 1 --2- 172.21.15.46:0/4080531895 >> [v2:172.21.15.46:3300/0,v1:172.21.15.46:6789/0] conn(0x7fe104108590 0x7fe1041089b0 secure :-1 s=READY pgs=72 cs=0 l=1 rev1=1 crypto rx=0x7fe0f40098a0 tx=0x7fe0f4009bb0 comp rx=0 tx=0).ready entity=mon.0 client_cookie=9d07bfaedb566234 server_cookie=0 in_seq=0 out_seq=0
2024-04-26T01:38:07.423 INFO:teuthology.orchestra.run.smithi046.stdout:/usr/bin/ceph: stderr
2024-04-26T01:38:06.028+0000 7fe101400700 1 -- 172.21.15.46:0/4080531895 <== mon.0 v2:172.21.15.46:3300/0 1 ==== mon_map magic: 0 ==== 205+0+0 (secure 0 0 0) 0x7fe0f4004160 con 0x7fe104108590
2024-04-26T01:38:07.423 INFO:teuthology.orchestra.run.smithi046.stdout:/usr/bin/ceph: stderr
2024-04-26T01:38:06.028+0000 7fe101400700 1 -- 172.21.15.46:0/4080531895 <== mon.0 v2:172.21.15.46:3300/0 2 ==== config(27 keys) ==== 1135+0+0 (secure 0 0 0) 0x7fe0f4004300 con 0x7fe104108590
2024-04-26T01:38:07.423 INFO:teuthology.orchestra.run.smithi046.stdout:/usr/bin/ceph: stderr
2024-04-26T01:38:06.028+0000 7fe101400700 1 -- 172.21.15.46:0/4080531895 <== mon.0 v2:172.21.15.46:3300/0 3 ==== mon_map magic: 0 ==== 205+0+0 (secure 0 0 0) 0x7fe0f4011af0 con 0x7fe104108590
2024-04-26T01:38:07.423 INFO:teuthology.orchestra.run.smithi046.stdout:/usr/bin/ceph: stderr
2024-04-26T01:38:06.029+0000 7fe109400700 1 -- 172.21.15.46:0/4080531895 >> [v2:172.21.15.46:3300/0,v1:172.21.15.46:6789/0] conn(0x7fe104108590 msgr2=0x7fe1041089b0 secure :-1 s=STATE_CONNECTION_ESTABLISHED l=1).mark_down
2024-04-26T01:38:07.423 INFO:teuthology.orchestra.run.smithi046.stdout:/usr/bin/ceph: stderr
2024-04-26T01:38:06.029+0000 7fe109400700 1 --2- 172.21.15.46:0/4080531895 >> [v2:172.21.15.46:3300/0,v1:172.21.15.46:6789/0] conn(0x7fe104108590 0x7fe1041089b0 secure :-1 s=READY pgs=72 cs=0 l=1 rev1=1 crypto rx=0x7fe0f40098a0 tx=0x7fe0f4009bb0 comp rx=0 tx=0).stop
2024-04-26T01:38:07.423 INFO:teuthology.orchestra.run.smithi046.stdout:/usr/bin/ceph: stderr
2024-04-26T01:38:06.029+0000 7fe109400700 1 -- 172.21.15.46:0/4080531895 shutdown_connections
2024-04-26T01:38:07.427 INFO:teuthology.orchestra.run.smithi046.stdout:/usr/bin/ceph: stderr
2024-04-26T01:38:06.029+0000 7fe109400700 1 --2- 172.21.15.46:0/4080531895 >> [v2:172.21.15.46:3300/0,v1:172.21.15.46:6789/0] conn(0x7fe104108590 0x7fe1041089b0 unknown :-1 s=CLOSED pgs=72 cs=0 l=1 rev1=1 crypto rx=0 tx=0 comp rx=0 tx=0).stop
2024-04-26T01:38:07.428 INFO:teuthology.orchestra.run.smithi046.stdout:/usr/bin/ceph: stderr
2024-04-26T01:38:06.029+0000 7fe109400700 1 -- 172.21.15.46:0/4080531895 >> 172.21.15.46:0/4080531895 conn(0x7fe104103b50 msgr2=0x7fe104105f70 unknown :-1 s=STATE_NONE l=0).mark_down
2024-04-26T01:38:07.428 INFO:teuthology.orchestra.run.smithi046.stdout:/usr/bin/ceph: stderr
2024-04-26T01:38:06.029+0000 7fe109400700 1 -- 172.21.15.46:0/4080531895 shutdown_connections
2024-04-26T01:38:07.428 INFO:teuthology.orchestra.run.smithi046.stdout:/usr/bin/ceph: stderr
2024-04-26T01:38:06.029+0000 7fe109400700 1 -- 172.21.15.46:0/4080531895 wait complete.
2024-04-26T01:38:07.428 INFO:teuthology.orchestra.run.smithi046.stdout:/usr/bin/ceph: stderr
2024-04-26T01:38:06.030+0000 7fe109400700 1 Processor -- start
2024-04-26T01:38:07.428 INFO:teuthology.orchestra.run.smithi046.stdout:/usr/bin/ceph: stderr
2024-04-26T01:38:06.031+0000 7fe109400700 1 -- start start
2024-04-26T01:38:07.428 INFO:teuthology.orchestra.run.smithi046.stdout:/usr/bin/ceph: stderr
2024-04-26T01:38:06.031+0000 7fe109400700 1 --2- >> [v2:172.21.15.46:3300/0,v1:172.21.15.46:6789/0] conn(0x7fe104108590 0x7fe10419e620 unknown :-1 s=NONE pgs=0 cs=0 l=1 rev1=0 crypto rx=0 tx=0 comp rx=0 tx=0).connect
2024-04-26T01:38:07.428 INFO:teuthology.orchestra.run.smithi046.stdout:/usr/bin/ceph: stderr
2024-04-26T01:38:06.031+0000 7fe109400700 1 -- --> [v2:172.21.15.46:3300/0,v1:172.21.15.46:6789/0] -- mon_getmap magic: 0 -- 0x7fe10410caf0 con 0x7fe104108590
2024-04-26T01:38:07.428 INFO:teuthology.orchestra.run.smithi046.stdout:/usr/bin/ceph: stderr
2024-04-26T01:38:06.031+0000 7fe102800700 1 --2- >> [v2:172.21.15.46:3300/0,v1:172.21.15.46:6789/0] conn(0x7fe104108590 0x7fe10419e620 unknown :-1 s=BANNER_CONNECTING pgs=0 cs=0 l=1 rev1=0 crypto rx=0 tx=0 comp rx=0 tx=0)._handle_peer_banner_payload supported=3 required=0
2024-04-26T01:38:07.428 INFO:teuthology.orchestra.run.smithi046.stdout:/usr/bin/ceph: stderr
2024-04-26T01:38:06.031+0000 7fe102800700 1 --2- >> [v2:172.21.15.46:3300/0,v1:172.21.15.46:6789/0] conn(0x7fe104108590 0x7fe10419e620 unknown :-1 s=HELLO_CONNECTING pgs=0 cs=0 l=1 rev1=1 crypto rx=0 tx=0 comp rx=0 tx=0).handle_hello peer v2:172.21.15.46:3300/0 says I am v2:172.21.15.46:38244/0 (socket says 172.21.15.46:38244)
2024-04-26T01:38:07.428 INFO:teuthology.orchestra.run.smithi046.stdout:/usr/bin/ceph: stderr
2024-04-26T01:38:06.031+0000 7fe102800700 1 -- 172.21.15.46:0/2108331861 learned_addr learned my addr 172.21.15.46:0/2108331861 (peer_addr_for_me v2:172.21.15.46:0/0)
2024-04-26T01:38:07.428 INFO:teuthology.orchestra.run.smithi046.stdout:/usr/bin/ceph: stderr
2024-04-26T01:38:06.032+0000 7fe102800700 1 -- 172.21.15.46:0/2108331861 --> [v2:172.21.15.46:3300/0,v1:172.21.15.46:6789/0] -- mon_subscribe({config=0+,monmap=0+}) -- 0x7fe10419eb60 con 0x7fe104108590
2024-04-26T01:38:07.428 INFO:teuthology.orchestra.run.smithi046.stdout:/usr/bin/ceph: stderr
2024-04-26T01:38:06.032+0000 7fe102800700 1 --2- 172.21.15.46:0/2108331861 >> [v2:172.21.15.46:3300/0,v1:172.21.15.46:6789/0] conn(0x7fe104108590 0x7fe10419e620 secure :-1 s=READY pgs=73 cs=0 l=1 rev1=1 crypto rx=0x7fe0f4003f90 tx=0x7fe0f4011b70 comp rx=0 tx=0).ready entity=mon.0 client_cookie=0 server_cookie=0 in_seq=0 out_seq=0
2024-04-26T01:38:07.428 INFO:teuthology.orchestra.run.smithi046.stdout:/usr/bin/ceph: stderr
2024-04-26T01:38:06.033+0000 7fe0fb400700 1 -- 172.21.15.46:0/2108331861 <== mon.0 v2:172.21.15.46:3300/0 1 ==== mon_map magic: 0 ==== 205+0+0 (secure 0 0 0) 0x7fe0f40039e0 con 0x7fe104108590
2024-04-26T01:38:07.429 INFO:teuthology.orchestra.run.smithi046.stdout:/usr/bin/ceph: stderr
2024-04-26T01:38:06.033+0000 7fe109400700 1 -- 172.21.15.46:0/2108331861 --> [v2:172.21.15.46:3300/0,v1:172.21.15.46:6789/0] -- mon_subscribe({mgrmap=0+}) -- 0x7fe10419edf0 con 0x7fe104108590
2024-04-26T01:38:07.429 INFO:teuthology.orchestra.run.smithi046.stdout:/usr/bin/ceph: stderr
2024-04-26T01:38:06.033+0000 7fe0fb400700 1 -- 172.21.15.46:0/2108331861 <== mon.0 v2:172.21.15.46:3300/0 2 ==== config(27 keys) ==== 1135+0+0 (secure 0 0 0) 0x7fe0f4003b80 con 0x7fe104108590
2024-04-26T01:38:07.429 INFO:teuthology.orchestra.run.smithi046.stdout:/usr/bin/ceph: stderr
2024-04-26T01:38:06.033+0000 7fe109400700 1 -- 172.21.15.46:0/2108331861 --> [v2:172.21.15.46:3300/0,v1:172.21.15.46:6789/0] -- mon_subscribe({osdmap=0}) -- 0x7fe1041a1ae0 con 0x7fe104108590
2024-04-26T01:38:07.429 INFO:teuthology.orchestra.run.smithi046.stdout:/usr/bin/ceph: stderr
2024-04-26T01:38:06.033+0000 7fe0fb400700 1 -- 172.21.15.46:0/2108331861 <== mon.0 v2:172.21.15.46:3300/0 3 ==== mon_map magic: 0 ==== 205+0+0 (secure 0 0 0) 0x7fe0f4019710 con 0x7fe104108590
2024-04-26T01:38:07.429 INFO:teuthology.orchestra.run.smithi046.stdout:/usr/bin/ceph: stderr
2024-04-26T01:38:06.034+0000 7fe0fb400700 1 -- 172.21.15.46:0/2108331861 <== mon.0 v2:172.21.15.46:3300/0 4 ==== mgrmap(e 12) ==== 46571+0+0 (secure 0 0 0) 0x7fe0f4022020 con 0x7fe104108590
2024-04-26T01:38:07.429 INFO:teuthology.orchestra.run.smithi046.stdout:/usr/bin/ceph: stderr
2024-04-26T01:38:06.034+0000 7fe109400700 1 -- 172.21.15.46:0/2108331861 --> [v2:172.21.15.46:3300/0,v1:172.21.15.46:6789/0] -- mon_command({"prefix": "get_command_descriptions"} v 0) -- 0x7fe1040640a0 con 0x7fe104108590
2024-04-26T01:38:07.429 INFO:teuthology.orchestra.run.smithi046.stdout:/usr/bin/ceph: stderr
2024-04-26T01:38:06.035+0000 7fe0fb400700 1 --2- 172.21.15.46:0/2108331861 >> [v2:172.21.15.46:6800/3332901238,v1:172.21.15.46:6801/3332901238] conn(0x7fe0e8039720 0x7fe0e803bbe0 unknown :-1 s=NONE pgs=0 cs=0 l=1 rev1=0 crypto rx=0 tx=0 comp rx=0 tx=0).connect
2024-04-26T01:38:07.429 INFO:teuthology.orchestra.run.smithi046.stdout:/usr/bin/ceph: stderr
2024-04-26T01:38:06.035+0000 7fe0fb400700 1 -- 172.21.15.46:0/2108331861 <== mon.0 v2:172.21.15.46:3300/0 5 ==== osd_map(3..3 src has 1..3) ==== 1155+0+0 (secure 0 0 0) 0x7fe0f404da70 con 0x7fe104108590
2024-04-26T01:38:07.429 INFO:teuthology.orchestra.run.smithi046.stdout:/usr/bin/ceph: stderr
2024-04-26T01:38:06.035+0000 7fe101e00700 1 --2- 172.21.15.46:0/2108331861 >> [v2:172.21.15.46:6800/3332901238,v1:172.21.15.46:6801/3332901238] conn(0x7fe0e8039720 0x7fe0e803bbe0 unknown :-1 s=BANNER_CONNECTING pgs=0 cs=0 l=1 rev1=0 crypto rx=0 tx=0 comp rx=0 tx=0)._handle_peer_banner_payload supported=3 required=0
2024-04-26T01:38:07.429 INFO:teuthology.orchestra.run.smithi046.stdout:/usr/bin/ceph: stderr
2024-04-26T01:38:06.036+0000 7fe101e00700 1 --2- 172.21.15.46:0/2108331861 >> [v2:172.21.15.46:6800/3332901238,v1:172.21.15.46:6801/3332901238] conn(0x7fe0e8039720 0x7fe0e803bbe0 secure :-1 s=READY pgs=8 cs=0 l=1 rev1=1 crypto rx=0x7fe0f0006fd0 tx=0x7fe0f0006e40 comp rx=0 tx=0).ready entity=mgr.14152 client_cookie=0 server_cookie=0 in_seq=0 out_seq=0
2024-04-26T01:38:07.430 INFO:teuthology.orchestra.run.smithi046.stdout:/usr/bin/ceph: stderr
2024-04-26T01:38:06.040+0000 7fe0fb400700 1 -- 172.21.15.46:0/2108331861 <== mon.0 v2:172.21.15.46:3300/0 6 ==== mon_command_ack([{"prefix": "get_command_descriptions"}]=0 v0) ==== 72+0+188370 (secure 0 0 0) 0x7fe0f400be50 con 0x7fe104108590
2024-04-26T01:38:07.430 INFO:teuthology.orchestra.run.smithi046.stdout:/usr/bin/ceph: stderr
2024-04-26T01:38:06.292+0000 7fe109400700 1 -- 172.21.15.46:0/2108331861 --> [v2:172.21.15.46:6800/3332901238,v1:172.21.15.46:6801/3332901238] -- mgr_command(tid 0: {"prefix": "dashboard ac-user-create", "username": "admin", "rolename": "administrator", "force_password": true, "pwd_update_required": true, "target": ["mon-mgr", ""]}) -- 0x7fe10419f2d0 con 0x7fe0e8039720
2024-04-26T01:38:07.430 INFO:teuthology.orchestra.run.smithi046.stdout:/usr/bin/ceph: stderr
2024-04-26T01:38:06.583+0000 7fe0fb400700 1 -- 172.21.15.46:0/2108331861 <== mgr.14152 v2:172.21.15.46:6800/3332901238 1 ==== mgr_command_reply(tid 0: 0 ) ==== 8+0+252 (secure 0 0 0) 0x7fe10419f2d0 con 0x7fe0e8039720
2024-04-26T01:38:07.430 INFO:teuthology.orchestra.run.smithi046.stdout:/usr/bin/ceph: stderr
2024-04-26T01:38:06.587+0000 7fe109400700 1 -- 172.21.15.46:0/2108331861 >> [v2:172.21.15.46:6800/3332901238,v1:172.21.15.46:6801/3332901238] conn(0x7fe0e8039720 msgr2=0x7fe0e803bbe0 secure :-1 s=STATE_CONNECTION_ESTABLISHED l=1).mark_down
2024-04-26T01:38:07.430 INFO:teuthology.orchestra.run.smithi046.stdout:/usr/bin/ceph: stderr
2024-04-26T01:38:06.587+0000 7fe109400700 1 --2- 172.21.15.46:0/2108331861 >> [v2:172.21.15.46:6800/3332901238,v1:172.21.15.46:6801/3332901238] conn(0x7fe0e8039720 0x7fe0e803bbe0 secure :-1 s=READY pgs=8 cs=0 l=1 rev1=1 crypto rx=0x7fe0f0006fd0 tx=0x7fe0f0006e40 comp rx=0 tx=0).stop
2024-04-26T01:38:07.430 INFO:teuthology.orchestra.run.smithi046.stdout:/usr/bin/ceph: stderr
2024-04-26T01:38:06.587+0000 7fe109400700 1 -- 172.21.15.46:0/2108331861 >> [v2:172.21.15.46:3300/0,v1:172.21.15.46:6789/0] conn(0x7fe104108590 msgr2=0x7fe10419e620 secure :-1 s=STATE_CONNECTION_ESTABLISHED l=1).mark_down
2024-04-26T01:38:07.430 INFO:teuthology.orchestra.run.smithi046.stdout:/usr/bin/ceph: stderr
2024-04-26T01:38:06.587+0000 7fe109400700 1 --2- 172.21.15.46:0/2108331861 >> [v2:172.21.15.46:3300/0,v1:172.21.15.46:6789/0] conn(0x7fe104108590 0x7fe10419e620 secure :-1 s=READY pgs=73 cs=0 l=1 rev1=1 crypto rx=0x7fe0f4003f90 tx=0x7fe0f4011b70 comp rx=0 tx=0).stop
2024-04-26T01:38:07.430 INFO:teuthology.orchestra.run.smithi046.stdout:/usr/bin/ceph: stderr
2024-04-26T01:38:06.588+0000 7fe109400700 1 -- 172.21.15.46:0/2108331861 shutdown_connections
2024-04-26T01:38:07.430 INFO:teuthology.orchestra.run.smithi046.stdout:/usr/bin/ceph: stderr
2024-04-26T01:38:06.588+0000 7fe109400700 1 --2- 172.21.15.46:0/2108331861 >> [v2:172.21.15.46:6800/3332901238,v1:172.21.15.46:6801/3332901238] conn(0x7fe0e8039720 0x7fe0e803bbe0 unknown :-1 s=CLOSED pgs=8 cs=0 l=1 rev1=1 crypto rx=0 tx=0 comp rx=0 tx=0).stop
2024-04-26T01:38:07.430 INFO:teuthology.orchestra.run.smithi046.stdout:/usr/bin/ceph: stderr
2024-04-26T01:38:06.588+0000 7fe109400700 1 --2- 172.21.15.46:0/2108331861 >> [v2:172.21.15.46:3300/0,v1:172.21.15.46:6789/0] conn(0x7fe104108590 0x7fe10419e620 unknown :-1 s=CLOSED pgs=73 cs=0 l=1 rev1=1 crypto rx=0 tx=0 comp rx=0 tx=0).stop
2024-04-26T01:38:07.430 INFO:teuthology.orchestra.run.smithi046.stdout:/usr/bin/ceph: stderr
2024-04-26T01:38:06.588+0000 7fe109400700 1 -- 172.21.15.46:0/2108331861 >> 172.21.15.46:0/2108331861 conn(0x7fe104103b50 msgr2=0x7fe104104560 unknown :-1 s=STATE_NONE l=0).mark_down
2024-04-26T01:38:07.430 INFO:teuthology.orchestra.run.smithi046.stdout:/usr/bin/ceph: stderr
2024-04-26T01:38:06.588+0000 7fe109400700 1 -- 172.21.15.46:0/2108331861 shutdown_connections
2024-04-26T01:38:07.430 INFO:teuthology.orchestra.run.smithi046.stdout:/usr/bin/ceph: stderr
2024-04-26T01:38:06.588+0000 7fe109400700 1 -- 172.21.15.46:0/2108331861 wait complete.
2024-04-26T01:38:07.431 INFO:teuthology.orchestra.run.smithi046.stdout:Fetching dashboard port number...
2024-04-26T01:38:07.753 INFO:journalctl@ceph.mon.a.smithi046.stdout:Apr 26 01:38:07 smithi046 ceph-mon[28013]: from='client.14166 -' entity='client.admin' cmd=[{"prefix": "dashboard ac-user-create", "username": "admin", "rolename": "administrator", "force_password": true, "pwd_update_required": true, "target": ["mon-mgr", ""]}]: dispatch
2024-04-26T01:38:07.753 INFO:journalctl@ceph.mon.a.smithi046.stdout:Apr 26 01:38:07 smithi046 ceph-mon[28013]: from='mgr.14152 172.21.15.46:0/2001971396' entity='mgr.x'
2024-04-26T01:38:07.753 INFO:journalctl@ceph.mon.a.smithi046.stdout:Apr 26 01:38:07 smithi046 ceph-mon[28013]: from='mgr.14152 172.21.15.46:0/2001971396' entity='mgr.x'
2024-04-26T01:38:09.058 INFO:journalctl@ceph.mon.a.smithi046.stdout:Apr 26 01:38:08 smithi046 ceph-mon[28013]: mgrmap e13: x(active, since 6s)
2024-04-26T01:38:09.059 INFO:journalctl@ceph.mon.a.smithi046.stdout:Apr 26 01:38:08 smithi046 ceph-mon[28013]: from='client.? 172.21.15.46:0/3712225119' entity='client.admin' cmd=[{"prefix": "config get", "who": "mgr", "key": "mgr/dashboard/ssl_server_port"}]: dispatch
2024-04-26T01:38:09.416 INFO:teuthology.orchestra.run.smithi046.stdout:/usr/bin/ceph: stdout 8443
2024-04-26T01:38:09.416 INFO:teuthology.orchestra.run.smithi046.stdout:/usr/bin/ceph: stderr
2024-04-26T01:38:08.331+0000 7f82ddc00700 1 Processor -- start
2024-04-26T01:38:09.416 INFO:teuthology.orchestra.run.smithi046.stdout:/usr/bin/ceph: stderr
