2024-04-26T01:36:04.972 INFO:teuthology.orchestra.run.smithi073.stdout:/usr/bin/ceph: stderr
2024-04-26T01:36:04.241+0000 7f7f62c00700 1 -- 172.21.15.73:0/232239111 wait complete.
2024-04-26T01:36:05.118 INFO:journalctl@ceph.mgr.x.smithi073.stdout:Apr 26 01:36:04 smithi073 ceph-22348612-036d-11ef-bc93-c7b262605968-mgr-x[28047]:
2024-04-26T01:36:04.918+0000 7f985460f200 -1 mgr[py] Module snap_schedule has missing NOTIFY_TYPES member
2024-04-26T01:36:05.398 INFO:journalctl@ceph.mgr.x.smithi073.stdout:Apr 26 01:36:05 smithi073 ceph-22348612-036d-11ef-bc93-c7b262605968-mgr-x[28047]:
2024-04-26T01:36:05.322+0000 7f985460f200 -1 mgr[py] Module progress has missing NOTIFY_TYPES member
2024-04-26T01:36:05.398 INFO:journalctl@ceph.mon.a.smithi073.stdout:Apr 26 01:36:05 smithi073 ceph-mon[27810]: from='client.? 172.21.15.73:0/232239111' entity='client.admin' cmd='[{"prefix": "mgr module enable", "module": "cephadm"}]': finished
2024-04-26T01:36:05.398 INFO:journalctl@ceph.mon.a.smithi073.stdout:Apr 26 01:36:05 smithi073 ceph-mon[27810]: mgrmap e5: x(active, since 5s)
2024-04-26T01:36:05.715 INFO:journalctl@ceph.mgr.x.smithi073.stdout:Apr 26 01:36:05 smithi073 ceph-22348612-036d-11ef-bc93-c7b262605968-mgr-x[28047]:
2024-04-26T01:36:05.435+0000 7f985460f200 -1 mgr[py] Module influx has missing NOTIFY_TYPES member
2024-04-26T01:36:06.434 INFO:journalctl@ceph.mon.a.smithi073.stdout:Apr 26 01:36:06 smithi073 ceph-mon[27810]: from='client.? 172.21.15.73:0/1602138294' entity='client.admin' cmd=[{"prefix": "mgr stat"}]: dispatch
2024-04-26T01:36:06.447 INFO:teuthology.orchestra.run.smithi073.stdout:/usr/bin/ceph: stdout {
2024-04-26T01:36:06.448 INFO:teuthology.orchestra.run.smithi073.stdout:/usr/bin/ceph: stdout "epoch": 5,
2024-04-26T01:36:06.448 INFO:teuthology.orchestra.run.smithi073.stdout:/usr/bin/ceph: stdout "available": true,
2024-04-26T01:36:06.448 INFO:teuthology.orchestra.run.smithi073.stdout:/usr/bin/ceph: stdout "active_name": "x",
2024-04-26T01:36:06.448 INFO:teuthology.orchestra.run.smithi073.stdout:/usr/bin/ceph: stdout "num_standby": 0
2024-04-26T01:36:06.448 INFO:teuthology.orchestra.run.smithi073.stdout:/usr/bin/ceph: stdout }
2024-04-26T01:36:06.452 INFO:teuthology.orchestra.run.smithi073.stdout:/usr/bin/ceph: stderr
2024-04-26T01:36:05.556+0000 7fb1e7800700 1 Processor -- start
2024-04-26T01:36:06.452 INFO:teuthology.orchestra.run.smithi073.stdout:/usr/bin/ceph: stderr
2024-04-26T01:36:05.556+0000 7fb1e7800700 1 -- start start
2024-04-26T01:36:06.452 INFO:teuthology.orchestra.run.smithi073.stdout:/usr/bin/ceph: stderr
2024-04-26T01:36:05.557+0000 7fb1e7800700 1 --2- >> [v2:172.21.15.73:3300/0,v1:172.21.15.73:6789/0] conn(0x7fb1e007de40 0x7fb1e007c2f0 unknown :-1 s=NONE pgs=0 cs=0 l=0 rev1=0 crypto rx=0 tx=0 comp rx=0 tx=0).connect
2024-04-26T01:36:06.452 INFO:teuthology.orchestra.run.smithi073.stdout:/usr/bin/ceph: stderr
2024-04-26T01:36:05.557+0000 7fb1e7800700 1 -- --> [v2:172.21.15.73:3300/0,v1:172.21.15.73:6789/0] -- mon_getmap magic: 0 -- 0x7fb1e007c8c0 con 0x7fb1e007de40
2024-04-26T01:36:06.452 INFO:teuthology.orchestra.run.smithi073.stdout:/usr/bin/ceph: stderr
2024-04-26T01:36:05.557+0000 7fb1e4e00700 1 --2- >> [v2:172.21.15.73:3300/0,v1:172.21.15.73:6789/0] conn(0x7fb1e007de40 0x7fb1e007c2f0 unknown :-1 s=BANNER_CONNECTING pgs=0 cs=0 l=0 rev1=0 crypto rx=0 tx=0 comp rx=0 tx=0)._handle_peer_banner_payload supported=3 required=0
2024-04-26T01:36:06.452 INFO:teuthology.orchestra.run.smithi073.stdout:/usr/bin/ceph: stderr
2024-04-26T01:36:05.557+0000 7fb1e4e00700 1 --2- >> [v2:172.21.15.73:3300/0,v1:172.21.15.73:6789/0] conn(0x7fb1e007de40 0x7fb1e007c2f0 unknown :-1 s=HELLO_CONNECTING pgs=0 cs=0 l=0 rev1=1 crypto rx=0 tx=0 comp rx=0 tx=0).handle_hello peer v2:172.21.15.73:3300/0 says I am v2:172.21.15.73:60176/0 (socket says 172.21.15.73:60176)
2024-04-26T01:36:06.452 INFO:teuthology.orchestra.run.smithi073.stdout:/usr/bin/ceph: stderr
2024-04-26T01:36:05.557+0000 7fb1e4e00700 1 -- 172.21.15.73:0/225552525 learned_addr learned my addr 172.21.15.73:0/225552525 (peer_addr_for_me v2:172.21.15.73:0/0)
2024-04-26T01:36:06.452 INFO:teuthology.orchestra.run.smithi073.stdout:/usr/bin/ceph: stderr
2024-04-26T01:36:05.557+0000 7fb1e4e00700 1 -- 172.21.15.73:0/225552525 --> [v2:172.21.15.73:3300/0,v1:172.21.15.73:6789/0] -- mon_subscribe({config=0+,monmap=0+}) -- 0x7fb1e007ca40 con 0x7fb1e007de40
2024-04-26T01:36:06.452 INFO:teuthology.orchestra.run.smithi073.stdout:/usr/bin/ceph: stderr
2024-04-26T01:36:05.558+0000 7fb1e4e00700 1 --2- 172.21.15.73:0/225552525 >> [v2:172.21.15.73:3300/0,v1:172.21.15.73:6789/0] conn(0x7fb1e007de40 0x7fb1e007c2f0 secure :-1 s=READY pgs=26 cs=0 l=1 rev1=1 crypto rx=0x7fb1d40098a0 tx=0x7fb1d4009bb0 comp rx=0 tx=0).ready entity=mon.0 client_cookie=b54c975d199b1f0a server_cookie=0 in_seq=0 out_seq=0
2024-04-26T01:36:06.452 INFO:teuthology.orchestra.run.smithi073.stdout:/usr/bin/ceph: stderr
2024-04-26T01:36:05.558+0000 7fb1df400700 1 -- 172.21.15.73:0/225552525 <== mon.0 v2:172.21.15.73:3300/0 1 ==== mon_map magic: 0 ==== 205+0+0 (secure 0 0 0) 0x7fb1d4004160 con 0x7fb1e007de40
2024-04-26T01:36:06.453 INFO:teuthology.orchestra.run.smithi073.stdout:/usr/bin/ceph: stderr
2024-04-26T01:36:05.558+0000 7fb1df400700 1 -- 172.21.15.73:0/225552525 <== mon.0 v2:172.21.15.73:3300/0 2 ==== config(27 keys) ==== 1104+0+0 (secure 0 0 0) 0x7fb1d4004300 con 0x7fb1e007de40
2024-04-26T01:36:06.453 INFO:teuthology.orchestra.run.smithi073.stdout:/usr/bin/ceph: stderr
2024-04-26T01:36:05.558+0000 7fb1df400700 1 -- 172.21.15.73:0/225552525 <== mon.0 v2:172.21.15.73:3300/0 3 ==== mon_map magic: 0 ==== 205+0+0 (secure 0 0 0) 0x7fb1d4011b20 con 0x7fb1e007de40
2024-04-26T01:36:06.453 INFO:teuthology.orchestra.run.smithi073.stdout:/usr/bin/ceph: stderr
2024-04-26T01:36:05.559+0000 7fb1e7800700 1 -- 172.21.15.73:0/225552525 >> [v2:172.21.15.73:3300/0,v1:172.21.15.73:6789/0] conn(0x7fb1e007de40 msgr2=0x7fb1e007c2f0 secure :-1 s=STATE_CONNECTION_ESTABLISHED l=1).mark_down
2024-04-26T01:36:06.453 INFO:teuthology.orchestra.run.smithi073.stdout:/usr/bin/ceph: stderr
2024-04-26T01:36:05.559+0000 7fb1e7800700 1 --2- 172.21.15.73:0/225552525 >> [v2:172.21.15.73:3300/0,v1:172.21.15.73:6789/0] conn(0x7fb1e007de40 0x7fb1e007c2f0 secure :-1 s=READY pgs=26 cs=0 l=1 rev1=1 crypto rx=0x7fb1d40098a0 tx=0x7fb1d4009bb0 comp rx=0 tx=0).stop
2024-04-26T01:36:06.453 INFO:teuthology.orchestra.run.smithi073.stdout:/usr/bin/ceph: stderr
2024-04-26T01:36:05.559+0000 7fb1e7800700 1 -- 172.21.15.73:0/225552525 shutdown_connections
2024-04-26T01:36:06.453 INFO:teuthology.orchestra.run.smithi073.stdout:/usr/bin/ceph: stderr
2024-04-26T01:36:05.559+0000 7fb1e7800700 1 --2- 172.21.15.73:0/225552525 >> [v2:172.21.15.73:3300/0,v1:172.21.15.73:6789/0] conn(0x7fb1e007de40 0x7fb1e007c2f0 unknown :-1 s=CLOSED pgs=26 cs=0 l=1 rev1=1 crypto rx=0 tx=0 comp rx=0 tx=0).stop
2024-04-26T01:36:06.453 INFO:teuthology.orchestra.run.smithi073.stdout:/usr/bin/ceph: stderr
2024-04-26T01:36:05.559+0000 7fb1e7800700 1 -- 172.21.15.73:0/225552525 >> 172.21.15.73:0/225552525 conn(0x7fb1e0103b50 msgr2=0x7fb1e0105f70 unknown :-1 s=STATE_NONE l=0).mark_down
2024-04-26T01:36:06.453 INFO:teuthology.orchestra.run.smithi073.stdout:/usr/bin/ceph: stderr
2024-04-26T01:36:05.559+0000 7fb1e7800700 1 -- 172.21.15.73:0/225552525 shutdown_connections
2024-04-26T01:36:06.453 INFO:teuthology.orchestra.run.smithi073.stdout:/usr/bin/ceph: stderr
2024-04-26T01:36:05.559+0000 7fb1e7800700 1 -- 172.21.15.73:0/225552525 wait complete.
2024-04-26T01:36:06.453 INFO:teuthology.orchestra.run.smithi073.stdout:/usr/bin/ceph: stderr
2024-04-26T01:36:05.561+0000 7fb1e7800700 1 Processor -- start
2024-04-26T01:36:06.453 INFO:teuthology.orchestra.run.smithi073.stdout:/usr/bin/ceph: stderr
2024-04-26T01:36:05.561+0000 7fb1e7800700 1 -- start start
2024-04-26T01:36:06.453 INFO:teuthology.orchestra.run.smithi073.stdout:/usr/bin/ceph: stderr
2024-04-26T01:36:05.561+0000 7fb1e7800700 1 --2- >> [v2:172.21.15.73:3300/0,v1:172.21.15.73:6789/0] conn(0x7fb1e007de40 0x7fb1e019e5c0 unknown :-1 s=NONE pgs=0 cs=0 l=1 rev1=0 crypto rx=0 tx=0 comp rx=0 tx=0).connect
2024-04-26T01:36:06.454 INFO:teuthology.orchestra.run.smithi073.stdout:/usr/bin/ceph: stderr
2024-04-26T01:36:05.561+0000 7fb1e7800700 1 -- --> [v2:172.21.15.73:3300/0,v1:172.21.15.73:6789/0] -- mon_getmap magic: 0 -- 0x7fb1e010eb40 con 0x7fb1e007de40
2024-04-26T01:36:06.454 INFO:teuthology.orchestra.run.smithi073.stdout:/usr/bin/ceph: stderr
2024-04-26T01:36:05.562+0000 7fb1e4e00700 1 --2- >> [v2:172.21.15.73:3300/0,v1:172.21.15.73:6789/0] conn(0x7fb1e007de40 0x7fb1e019e5c0 unknown :-1 s=BANNER_CONNECTING pgs=0 cs=0 l=1 rev1=0 crypto rx=0 tx=0 comp rx=0 tx=0)._handle_peer_banner_payload supported=3 required=0
2024-04-26T01:36:06.454 INFO:teuthology.orchestra.run.smithi073.stdout:/usr/bin/ceph: stderr
2024-04-26T01:36:05.562+0000 7fb1e4e00700 1 --2- >> [v2:172.21.15.73:3300/0,v1:172.21.15.73:6789/0] conn(0x7fb1e007de40 0x7fb1e019e5c0 unknown :-1 s=HELLO_CONNECTING pgs=0 cs=0 l=1 rev1=1 crypto rx=0 tx=0 comp rx=0 tx=0).handle_hello peer v2:172.21.15.73:3300/0 says I am v2:172.21.15.73:60180/0 (socket says 172.21.15.73:60180)
2024-04-26T01:36:06.454 INFO:teuthology.orchestra.run.smithi073.stdout:/usr/bin/ceph: stderr
2024-04-26T01:36:05.562+0000 7fb1e4e00700 1 -- 172.21.15.73:0/1602138294 learned_addr learned my addr 172.21.15.73:0/1602138294 (peer_addr_for_me v2:172.21.15.73:0/0)
2024-04-26T01:36:06.454 INFO:teuthology.orchestra.run.smithi073.stdout:/usr/bin/ceph: stderr
2024-04-26T01:36:05.562+0000 7fb1e4e00700 1 -- 172.21.15.73:0/1602138294 --> [v2:172.21.15.73:3300/0,v1:172.21.15.73:6789/0] -- mon_subscribe({config=0+,monmap=0+}) -- 0x7fb1e019eb00 con 0x7fb1e007de40
2024-04-26T01:36:06.454 INFO:teuthology.orchestra.run.smithi073.stdout:/usr/bin/ceph: stderr
2024-04-26T01:36:05.562+0000 7fb1e4e00700 1 --2- 172.21.15.73:0/1602138294 >> [v2:172.21.15.73:3300/0,v1:172.21.15.73:6789/0] conn(0x7fb1e007de40 0x7fb1e019e5c0 secure :-1 s=READY pgs=27 cs=0 l=1 rev1=1 crypto rx=0x7fb1d40117e0 tx=0x7fb1d4011ce0 comp rx=0 tx=0).ready entity=mon.0 client_cookie=0 server_cookie=0 in_seq=0 out_seq=0
2024-04-26T01:36:06.457 INFO:teuthology.orchestra.run.smithi073.stdout:/usr/bin/ceph: stderr
2024-04-26T01:36:05.563+0000 7fb1dd600700 1 -- 172.21.15.73:0/1602138294 <== mon.0 v2:172.21.15.73:3300/0 1 ==== mon_map magic: 0 ==== 205+0+0 (secure 0 0 0) 0x7fb1d4003b30 con 0x7fb1e007de40
2024-04-26T01:36:06.457 INFO:teuthology.orchestra.run.smithi073.stdout:/usr/bin/ceph: stderr
2024-04-26T01:36:05.563+0000 7fb1dd600700 1 -- 172.21.15.73:0/1602138294 <== mon.0 v2:172.21.15.73:3300/0 2 ==== config(27 keys) ==== 1104+0+0 (secure 0 0 0) 0x7fb1d4003cd0 con 0x7fb1e007de40
2024-04-26T01:36:06.457 INFO:teuthology.orchestra.run.smithi073.stdout:/usr/bin/ceph: stderr
2024-04-26T01:36:05.563+0000 7fb1e7800700 1 -- 172.21.15.73:0/1602138294 --> [v2:172.21.15.73:3300/0,v1:172.21.15.73:6789/0] -- mon_subscribe({mgrmap=0+}) -- 0x7fb1e019ed90 con 0x7fb1e007de40
2024-04-26T01:36:06.457 INFO:teuthology.orchestra.run.smithi073.stdout:/usr/bin/ceph: stderr
2024-04-26T01:36:05.563+0000 7fb1dd600700 1 -- 172.21.15.73:0/1602138294 <== mon.0 v2:172.21.15.73:3300/0 3 ==== mon_map magic: 0 ==== 205+0+0 (secure 0 0 0) 0x7fb1d401a7c0 con 0x7fb1e007de40
2024-04-26T01:36:06.457 INFO:teuthology.orchestra.run.smithi073.stdout:/usr/bin/ceph: stderr
2024-04-26T01:36:05.563+0000 7fb1e7800700 1 -- 172.21.15.73:0/1602138294 --> [v2:172.21.15.73:3300/0,v1:172.21.15.73:6789/0] -- mon_subscribe({osdmap=0}) -- 0x7fb1e019f1f0 con 0x7fb1e007de40
2024-04-26T01:36:06.458 INFO:teuthology.orchestra.run.smithi073.stdout:/usr/bin/ceph: stderr
2024-04-26T01:36:05.564+0000 7fb1e7800700 1 -- 172.21.15.73:0/1602138294 --> [v2:172.21.15.73:3300/0,v1:172.21.15.73:6789/0] -- mon_command({"prefix": "get_command_descriptions"} v 0) -- 0x7fb1e00640a0 con 0x7fb1e007de40
2024-04-26T01:36:06.458 INFO:teuthology.orchestra.run.smithi073.stdout:/usr/bin/ceph: stderr
2024-04-26T01:36:05.564+0000 7fb1dd600700 1 -- 172.21.15.73:0/1602138294 <== mon.0 v2:172.21.15.73:3300/0 4 ==== mgrmap(e 5) ==== 46558+0+0 (secure 0 0 0) 0x7fb1d401a960 con 0x7fb1e007de40
2024-04-26T01:36:06.458 INFO:teuthology.orchestra.run.smithi073.stdout:/usr/bin/ceph: stderr
2024-04-26T01:36:05.565+0000 7fb1dd600700 1 --2- 172.21.15.73:0/1602138294 >> [v2:172.21.15.73:6800/484048154,v1:172.21.15.73:6801/484048154] conn(0x7fb1c80396c0 0x7fb1c803bb80 unknown :-1 s=NONE pgs=0 cs=0 l=1 rev1=0 crypto rx=0 tx=0 comp rx=0 tx=0).connect
2024-04-26T01:36:06.458 INFO:teuthology.orchestra.run.smithi073.stdout:/usr/bin/ceph: stderr
2024-04-26T01:36:05.565+0000 7fb1dd600700 1 -- 172.21.15.73:0/1602138294 <== mon.0 v2:172.21.15.73:3300/0 5 ==== osd_map(1..1 src has 1..1) ==== 725+0+0 (secure 0 0 0) 0x7fb1d404db30 con 0x7fb1e007de40
2024-04-26T01:36:06.458 INFO:teuthology.orchestra.run.smithi073.stdout:/usr/bin/ceph: stderr
2024-04-26T01:36:05.565+0000 7fb1dfe00700 1 -- 172.21.15.73:0/1602138294 >> [v2:172.21.15.73:6800/484048154,v1:172.21.15.73:6801/484048154] conn(0x7fb1c80396c0 msgr2=0x7fb1c803bb80 unknown :-1 s=STATE_CONNECTING_RE l=1).process reconnect failed to v2:172.21.15.73:6800/484048154
2024-04-26T01:36:06.458 INFO:teuthology.orchestra.run.smithi073.stdout:/usr/bin/ceph: stderr
2024-04-26T01:36:05.565+0000 7fb1dfe00700 1 --2- 172.21.15.73:0/1602138294 >> [v2:172.21.15.73:6800/484048154,v1:172.21.15.73:6801/484048154] conn(0x7fb1c80396c0 0x7fb1c803bb80 unknown :-1 s=START_CONNECT pgs=0 cs=0 l=1 rev1=0 crypto rx=0 tx=0 comp rx=0 tx=0)._fault waiting 0.200000
2024-04-26T01:36:06.458 INFO:teuthology.orchestra.run.smithi073.stdout:/usr/bin/ceph: stderr
2024-04-26T01:36:05.571+0000 7fb1dd600700 1 -- 172.21.15.73:0/1602138294 <== mon.0 v2:172.21.15.73:3300/0 6 ==== mon_command_ack([{"prefix": "get_command_descriptions"}]=0 v0) ==== 72+0+188370 (secure 0 0 0) 0x7fb1d40247c0 con 0x7fb1e007de40
2024-04-26T01:36:06.458 INFO:teuthology.orchestra.run.smithi073.stdout:/usr/bin/ceph: stderr
2024-04-26T01:36:05.766+0000 7fb1dfe00700 1 -- 172.21.15.73:0/1602138294 >> [v2:172.21.15.73:6800/484048154,v1:172.21.15.73:6801/484048154] conn(0x7fb1c80396c0 msgr2=0x7fb1c803bb80 unknown :-1 s=STATE_CONNECTING_RE l=1).process reconnect failed to v2:172.21.15.73:6800/484048154
2024-04-26T01:36:06.458 INFO:teuthology.orchestra.run.smithi073.stdout:/usr/bin/ceph: stderr
2024-04-26T01:36:05.766+0000 7fb1dfe00700 1 --2- 172.21.15.73:0/1602138294 >> [v2:172.21.15.73:6800/484048154,v1:172.21.15.73:6801/484048154] conn(0x7fb1c80396c0 0x7fb1c803bb80 unknown :-1 s=START_CONNECT pgs=0 cs=0 l=1 rev1=0 crypto rx=0 tx=0 comp rx=0 tx=0)._fault waiting 0.400000
2024-04-26T01:36:06.458 INFO:teuthology.orchestra.run.smithi073.stdout:/usr/bin/ceph: stderr
2024-04-26T01:36:05.862+0000 7fb1e7800700 1 -- 172.21.15.73:0/1602138294 --> [v2:172.21.15.73:3300/0,v1:172.21.15.73:6789/0] -- mon_command({"prefix": "mgr stat"} v 0) -- 0x7fb1e01a1c10 con 0x7fb1e007de40
2024-04-26T01:36:06.459 INFO:teuthology.orchestra.run.smithi073.stdout:/usr/bin/ceph: stderr
2024-04-26T01:36:05.862+0000 7fb1dd600700 1 -- 172.21.15.73:0/1602138294 <== mon.0 v2:172.21.15.73:3300/0 7 ==== mon_command_ack([{"prefix": "mgr stat"}]=0 v5) ==== 56+0+88 (secure 0 0 0) 0x7fb1e01a1c10 con 0x7fb1e007de40
2024-04-26T01:36:06.459 INFO:teuthology.orchestra.run.smithi073.stdout:/usr/bin/ceph: stderr
2024-04-26T01:36:05.865+0000 7fb1e7800700 1 -- 172.21.15.73:0/1602138294 >> [v2:172.21.15.73:6800/484048154,v1:172.21.15.73:6801/484048154] conn(0x7fb1c80396c0 msgr2=0x7fb1c803bb80 unknown :-1 s=STATE_CONNECTING l=1).mark_down
2024-04-26T01:36:06.459 INFO:teuthology.orchestra.run.smithi073.stdout:/usr/bin/ceph: stderr
2024-04-26T01:36:05.865+0000 7fb1e7800700 1 --2- 172.21.15.73:0/1602138294 >> [v2:172.21.15.73:6800/484048154,v1:172.21.15.73:6801/484048154] conn(0x7fb1c80396c0 0x7fb1c803bb80 unknown :-1 s=START_CONNECT pgs=0 cs=0 l=1 rev1=0 crypto rx=0 tx=0 comp rx=0 tx=0).stop
2024-04-26T01:36:06.459 INFO:teuthology.orchestra.run.smithi073.stdout:/usr/bin/ceph: stderr
2024-04-26T01:36:05.865+0000 7fb1e7800700 1 -- 172.21.15.73:0/1602138294 >> [v2:172.21.15.73:3300/0,v1:172.21.15.73:6789/0] conn(0x7fb1e007de40 msgr2=0x7fb1e019e5c0 secure :-1 s=STATE_CONNECTION_ESTABLISHED l=1).mark_down
2024-04-26T01:36:06.459 INFO:teuthology.orchestra.run.smithi073.stdout:/usr/bin/ceph: stderr
2024-04-26T01:36:05.865+0000 7fb1e7800700 1 --2- 172.21.15.73:0/1602138294 >> [v2:172.21.15.73:3300/0,v1:172.21.15.73:6789/0] conn(0x7fb1e007de40 0x7fb1e019e5c0 secure :-1 s=READY pgs=27 cs=0 l=1 rev1=1 crypto rx=0x7fb1d40117e0 tx=0x7fb1d4011ce0 comp rx=0 tx=0).stop
2024-04-26T01:36:06.459 INFO:teuthology.orchestra.run.smithi073.stdout:/usr/bin/ceph: stderr
2024-04-26T01:36:05.865+0000 7fb1e7800700 1 -- 172.21.15.73:0/1602138294 shutdown_connections
2024-04-26T01:36:06.459 INFO:teuthology.orchestra.run.smithi073.stdout:/usr/bin/ceph: stderr
2024-04-26T01:36:05.865+0000 7fb1e7800700 1 --2- 172.21.15.73:0/1602138294 >> [v2:172.21.15.73:6800/484048154,v1:172.21.15.73:6801/484048154] conn(0x7fb1c80396c0 0x7fb1c803bb80 unknown :-1 s=CLOSED pgs=0 cs=0 l=1 rev1=0 crypto rx=0 tx=0 comp rx=0 tx=0).stop
2024-04-26T01:36:06.459 INFO:teuthology.orchestra.run.smithi073.stdout:/usr/bin/ceph: stderr
2024-04-26T01:36:05.865+0000 7fb1e7800700 1 --2- 172.21.15.73:0/1602138294 >> [v2:172.21.15.73:3300/0,v1:172.21.15.73:6789/0] conn(0x7fb1e007de40 0x7fb1e019e5c0 unknown :-1 s=CLOSED pgs=27 cs=0 l=1 rev1=1 crypto rx=0 tx=0 comp rx=0 tx=0).stop
2024-04-26T01:36:06.459 INFO:teuthology.orchestra.run.smithi073.stdout:/usr/bin/ceph: stderr
2024-04-26T01:36:05.865+0000 7fb1e7800700 1 -- 172.21.15.73:0/1602138294 >> 172.21.15.73:0/1602138294 conn(0x7fb1e0103b50 msgr2=0x7fb1e0104500 unknown :-1 s=STATE_NONE l=0).mark_down
2024-04-26T01:36:06.459 INFO:teuthology.orchestra.run.smithi073.stdout:/usr/bin/ceph: stderr
2024-04-26T01:36:05.865+0000 7fb1e7800700 1 -- 172.21.15.73:0/1602138294 shutdown_connections
2024-04-26T01:36:06.459 INFO:teuthology.orchestra.run.smithi073.stdout:/usr/bin/ceph: stderr
2024-04-26T01:36:05.865+0000 7fb1e7800700 1 -- 172.21.15.73:0/1602138294 wait complete.
2024-04-26T01:36:06.459 INFO:teuthology.orchestra.run.smithi073.stdout:Waiting for the mgr to restart...
2024-04-26T01:36:06.459 INFO:teuthology.orchestra.run.smithi073.stdout:Waiting for mgr epoch 5...
2024-04-26T01:36:07.254 INFO:journalctl@ceph.mgr.x.smithi073.stdout:Apr 26 01:36:07 smithi073 ceph-22348612-036d-11ef-bc93-c7b262605968-mgr-x[28047]:
2024-04-26T01:36:07.030+0000 7f985460f200 -1 mgr[py] Module telegraf has missing NOTIFY_TYPES member
2024-04-26T01:36:07.655 INFO:journalctl@ceph.mgr.x.smithi073.stdout:Apr 26 01:36:07 smithi073 ceph-22348612-036d-11ef-bc93-c7b262605968-mgr-x[28047]:
2024-04-26T01:36:07.258+0000 7f985460f200 -1 mgr[py] Module osd_support has missing NOTIFY_TYPES member
2024-04-26T01:36:07.655 INFO:journalctl@ceph.mgr.x.smithi073.stdout:Apr 26 01:36:07 smithi073 ceph-22348612-036d-11ef-bc93-c7b262605968-mgr-x[28047]:
2024-04-26T01:36:07.471+0000 7f985460f200 -1 mgr[py] Module iostat has missing NOTIFY_TYPES member
2024-04-26T01:36:07.965 INFO:journalctl@ceph.mgr.x.smithi073.stdout:Apr 26 01:36:07 smithi073 ceph-22348612-036d-11ef-bc93-c7b262605968-mgr-x[28047]:
2024-04-26T01:36:07.848+0000 7f985460f200 -1 mgr[py] Module alerts has missing NOTIFY_TYPES member
2024-04-26T01:36:08.217 INFO:journalctl@ceph.mgr.x.smithi073.stdout:Apr 26 01:36:07 smithi073 ceph-22348612-036d-11ef-bc93-c7b262605968-mgr-x[28047]:
2024-04-26T01:36:07.969+0000 7f985460f200 -1 mgr[py] Module selftest has missing NOTIFY_TYPES member
2024-04-26T01:36:08.472 INFO:journalctl@ceph.mgr.x.smithi073.stdout:Apr 26 01:36:08 smithi073 ceph-22348612-036d-11ef-bc93-c7b262605968-mgr-x[28047]:
2024-04-26T01:36:08.221+0000 7f985460f200 -1 mgr[py] Module pg_autoscaler has missing NOTIFY_TYPES member
2024-04-26T01:36:08.473 INFO:journalctl@ceph.mgr.x.smithi073.stdout:Apr 26 01:36:08 smithi073 ceph-22348612-036d-11ef-bc93-c7b262605968-mgr-x[28047]:
2024-04-26T01:36:08.477+0000 7f985460f200 -1 mgr[py] Module test_orchestrator has missing NOTIFY_TYPES member
2024-04-26T01:36:09.715 INFO:journalctl@ceph.mgr.x.smithi073.stdout:Apr 26 01:36:09 smithi073 ceph-22348612-036d-11ef-bc93-c7b262605968-mgr-x[28047]:
2024-04-26T01:36:09.252+0000 7f985460f200 -1 mgr[py] Module rook has missing NOTIFY_TYPES member
2024-04-26T01:36:10.058 INFO:journalctl@ceph.mgr.x.smithi073.stdout:Apr 26 01:36:09 smithi073 ceph-22348612-036d-11ef-bc93-c7b262605968-mgr-x[28047]:
2024-04-26T01:36:09.794+0000 7f985460f200 -1 mgr[py] Module volumes has missing NOTIFY_TYPES member
2024-04-26T01:36:10.058 INFO:journalctl@ceph.mgr.x.smithi073.stdout:Apr 26 01:36:09 smithi073 ceph-22348612-036d-11ef-bc93-c7b262605968-mgr-x[28047]:
2024-04-26T01:36:09.918+0000 7f985460f200 -1 mgr[py] Module crash has missing NOTIFY_TYPES member
2024-04-26T01:36:10.465 INFO:journalctl@ceph.mgr.x.smithi073.stdout:Apr 26 01:36:10 smithi073 ceph-22348612-036d-11ef-bc93-c7b262605968-mgr-x[28047]:
2024-04-26T01:36:10.180+0000 7f985460f200 -1 mgr[py] Module rgw has missing NOTIFY_TYPES member
2024-04-26T01:36:11.215 INFO:journalctl@ceph.mgr.x.smithi073.stdout:Apr 26 01:36:10 smithi073 ceph-22348612-036d-11ef-bc93-c7b262605968-mgr-x[28047]:
2024-04-26T01:36:10.819+0000 7f985460f200 -1 mgr[py] Module prometheus has missing NOTIFY_TYPES member
2024-04-26T01:36:11.216 INFO:journalctl@ceph.mgr.x.smithi073.stdout:Apr 26 01:36:10 smithi073 ceph-22348612-036d-11ef-bc93-c7b262605968-mgr-x[28047]:
2024-04-26T01:36:10.941+0000 7f985460f200 -1 mgr[py] Module devicehealth has missing NOTIFY_TYPES member
2024-04-26T01:36:11.557 INFO:journalctl@ceph.mgr.x.smithi073.stdout:Apr 26 01:36:11 smithi073 ceph-22348612-036d-11ef-bc93-c7b262605968-mgr-x[28047]:
2024-04-26T01:36:11.259+0000 7f985460f200 -1 mgr[py] Module telemetry has missing NOTIFY_TYPES member
2024-04-26T01:36:11.557 INFO:journalctl@ceph.mgr.x.smithi073.stdout:Apr 26 01:36:11 smithi073 ceph-22348612-036d-11ef-bc93-c7b262605968-mgr-x[28047]:
2024-04-26T01:36:11.436+0000 7f985460f200 -1 mgr[py] Module diskprediction_local has missing NOTIFY_TYPES member
2024-04-26T01:36:11.557 INFO:journalctl@ceph.mgr.x.smithi073.stdout:Apr 26 01:36:11 smithi073 ceph-22348612-036d-11ef-bc93-c7b262605968-mgr-x[28047]:
2024-04-26T01:36:11.560+0000 7f985460f200 -1 mgr[py] Module osd_perf_query has missing NOTIFY_TYPES member
2024-04-26T01:36:11.965 INFO:journalctl@ceph.mgr.x.smithi073.stdout:Apr 26 01:36:11 smithi073 ceph-22348612-036d-11ef-bc93-c7b262605968-mgr-x[28047]:
2024-04-26T01:36:11.710+0000 7f985460f200 -1 mgr[py] Module rbd_support has missing NOTIFY_TYPES member
2024-04-26T01:36:12.466 INFO:journalctl@ceph.mgr.x.smithi073.stdout:Apr 26 01:36:12 smithi073 ceph-22348612-036d-11ef-bc93-c7b262605968-mgr-x[28047]:
2024-04-26T01:36:12.075+0000 7f985460f200 -1 mgr[py] Module zabbix has missing NOTIFY_TYPES member
2024-04-26T01:36:13.107 INFO:journalctl@ceph.mgr.x.smithi073.stdout:Apr 26 01:36:12 smithi073 ceph-22348612-036d-11ef-bc93-c7b262605968-mgr-x[28047]:
2024-04-26T01:36:12.827+0000 7f985460f200 -1 mgr[py] Module status has missing NOTIFY_TYPES member
2024-04-26T01:36:13.466 INFO:journalctl@ceph.mgr.x.smithi073.stdout:Apr 26 01:36:13 smithi073 ceph-22348612-036d-11ef-bc93-c7b262605968-mgr-x[28047]:
2024-04-26T01:36:13.111+0000 7f985460f200 -1 mgr[py] Module nfs has missing NOTIFY_TYPES member
2024-04-26T01:36:13.466 INFO:journalctl@ceph.mon.a.smithi073.stdout:Apr 26 01:36:13 smithi073 ceph-mon[27810]: Active manager daemon x restarted
2024-04-26T01:36:13.466 INFO:journalctl@ceph.mon.a.smithi073.stdout:Apr 26 01:36:13 smithi073 ceph-mon[27810]: Activating manager daemon x
2024-04-26T01:36:13.466 INFO:journalctl@ceph.mon.a.smithi073.stdout:Apr 26 01:36:13 smithi073 ceph-mon[27810]: osdmap e2: 0 total, 0 up, 0 in
2024-04-26T01:36:13.466 INFO:journalctl@ceph.mon.a.smithi073.stdout:Apr 26 01:36:13 smithi073 ceph-mon[27810]: mgrmap e6: x(active, starting, since 0.00914145s)
2024-04-26T01:36:13.467 INFO:journalctl@ceph.mon.a.smithi073.stdout:Apr 26 01:36:13 smithi073 ceph-mon[27810]: from='mgr.14120 172.21.15.73:0/728018184' entity='mgr.x' cmd=[{"prefix": "mon metadata", "id": "a"}]: dispatch
2024-04-26T01:36:13.467 INFO:journalctl@ceph.mon.a.smithi073.stdout:Apr 26 01:36:13 smithi073 ceph-mon[27810]: from='mgr.14120 172.21.15.73:0/728018184' entity='mgr.x' cmd=[{"prefix": "mgr metadata", "who": "x", "id": "x"}]: dispatch
2024-04-26T01:36:13.467 INFO:journalctl@ceph.mon.a.smithi073.stdout:Apr 26 01:36:13 smithi073 ceph-mon[27810]: from='mgr.14120 172.21.15.73:0/728018184' entity='mgr.x' cmd=[{"prefix": "mds metadata"}]: dispatch
2024-04-26T01:36:13.467 INFO:journalctl@ceph.mon.a.smithi073.stdout:Apr 26 01:36:13 smithi073 ceph-mon[27810]: from='mgr.14120 172.21.15.73:0/728018184' entity='mgr.x' cmd=[{"prefix": "osd metadata"}]: dispatch
2024-04-26T01:36:13.467 INFO:journalctl@ceph.mon.a.smithi073.stdout:Apr 26 01:36:13 smithi073 ceph-mon[27810]: from='mgr.14120 172.21.15.73:0/728018184' entity='mgr.x' cmd=[{"prefix": "mon metadata"}]: dispatch
2024-04-26T01:36:13.467 INFO:journalctl@ceph.mon.a.smithi073.stdout:Apr 26 01:36:13 smithi073 ceph-mon[27810]: Manager daemon x is now available
2024-04-26T01:36:14.466 INFO:journalctl@ceph.mon.a.smithi073.stdout:Apr 26 01:36:14 smithi073 ceph-mon[27810]: Found migration_current of "None". Setting to last migration.
2024-04-26T01:36:14.466 INFO:journalctl@ceph.mon.a.smithi073.stdout:Apr 26 01:36:14 smithi073 ceph-mon[27810]: from='mgr.14120 172.21.15.73:0/728018184' entity='mgr.x'
2024-04-26T01:36:14.466 INFO:journalctl@ceph.mon.a.smithi073.stdout:Apr 26 01:36:14 smithi073 ceph-mon[27810]: from='mgr.14120 172.21.15.73:0/728018184' entity='mgr.x'
2024-04-26T01:36:14.466 INFO:journalctl@ceph.mon.a.smithi073.stdout:Apr 26 01:36:14 smithi073 ceph-mon[27810]: from='mgr.14120 172.21.15.73:0/728018184' entity='mgr.x' cmd=[{"prefix": "config dump", "format": "json"}]: dispatch
2024-04-26T01:36:14.466 INFO:journalctl@ceph.mon.a.smithi073.stdout:Apr 26 01:36:14 smithi073 ceph-mon[27810]: from='mgr.14120 172.21.15.73:0/728018184' entity='mgr.x' cmd=[{"prefix": "config dump", "format": "json"}]: dispatch
2024-04-26T01:36:14.466 INFO:journalctl@ceph.mon.a.smithi073.stdout:Apr 26 01:36:14 smithi073 ceph-mon[27810]: from='mgr.14120 172.21.15.73:0/728018184' entity='mgr.x' cmd=[{"prefix":"config rm","who":"mgr","name":"mgr/rbd_support/x/mirror_snapshot_schedule"}]: dispatch
2024-04-26T01:36:14.467 INFO:journalctl@ceph.mon.a.smithi073.stdout:Apr 26 01:36:14 smithi073 ceph-mon[27810]: from='mgr.14120 172.21.15.73:0/728018184' entity='mgr.x' cmd=[{"prefix":"config rm","who":"mgr","name":"mgr/rbd_support/x/trash_purge_schedule"}]: dispatch
2024-04-26T01:36:14.467 INFO:journalctl@ceph.mon.a.smithi073.stdout:Apr 26 01:36:14 smithi073 ceph-mon[27810]: from='mgr.14120 172.21.15.73:0/728018184' entity='mgr.x'
2024-04-26T01:36:14.467 INFO:journalctl@ceph.mon.a.smithi073.stdout:Apr 26 01:36:14 smithi073 ceph-mon[27810]: from='mgr.14120 172.21.15.73:0/728018184' entity='mgr.x'
2024-04-26T01:36:14.467 INFO:journalctl@ceph.mon.a.smithi073.stdout:Apr 26 01:36:14 smithi073 ceph-mon[27810]: mgrmap e7: x(active, since 1.01114s)
2024-04-26T01:36:14.811 INFO:teuthology.orchestra.run.smithi073.stdout:/usr/bin/ceph: stdout {
2024-04-26T01:36:14.811 INFO:teuthology.orchestra.run.smithi073.stdout:/usr/bin/ceph: stdout "mgrmap_epoch": 7,
2024-04-26T01:36:14.811 INFO:teuthology.orchestra.run.smithi073.stdout:/usr/bin/ceph: stdout "initialized": true
2024-04-26T01:36:14.820 INFO:teuthology.orchestra.run.smithi073.stdout:/usr/bin/ceph: stdout }
2024-04-26T01:36:14.820 INFO:teuthology.orchestra.run.smithi073.stdout:/usr/bin/ceph: stderr
2024-04-26T01:36:07.049+0000 7f8945e00700 1 Processor -- start
2024-04-26T01:36:14.820 INFO:teuthology.orchestra.run.smithi073.stdout:/usr/bin/ceph: stderr
2024-04-26T01:36:07.049+0000 7f8945e00700 1 -- start start
2024-04-26T01:36:14.820 INFO:teuthology.orchestra.run.smithi073.stdout:/usr/bin/ceph: stderr
2024-04-26T01:36:07.049+0000 7f8945e00700 1 --2- >> [v2:172.21.15.73:3300/0,v1:172.21.15.73:6789/0] conn(0x7f89401085b0 0x7f89401089d0 unknown :-1 s=NONE pgs=0 cs=0 l=0 rev1=0 crypto rx=0 tx=0 comp rx=0 tx=0).connect
2024-04-26T01:36:14.820 INFO:teuthology.orchestra.run.smithi073.stdout:/usr/bin/ceph: stderr
2024-04-26T01:36:07.049+0000 7f8945e00700 1 -- --> [v2:172.21.15.73:3300/0,v1:172.21.15.73:6789/0] -- mon_getmap magic: 0 -- 0x7f8940108fa0 con 0x7f89401085b0
2024-04-26T01:36:14.820 INFO:teuthology.orchestra.run.smithi073.stdout:/usr/bin/ceph: stderr
2024-04-26T01:36:07.050+0000 7f893ea00700 1 --2- >> [v2:172.21.15.73:3300/0,v1:172.21.15.73:6789/0] conn(0x7f89401085b0 0x7f89401089d0 unknown :-1 s=BANNER_CONNECTING pgs=0 cs=0 l=0 rev1=0 crypto rx=0 tx=0 comp rx=0 tx=0)._handle_peer_banner_payload supported=3 required=0
2024-04-26T01:36:14.820 INFO:teuthology.orchestra.run.smithi073.stdout:/usr/bin/ceph: stderr
2024-04-26T01:36:07.050+0000 7f893ea00700 1 --2- >> [v2:172.21.15.73:3300/0,v1:172.21.15.73:6789/0] conn(0x7f89401085b0 0x7f89401089d0 unknown :-1 s=HELLO_CONNECTING pgs=0 cs=0 l=0 rev1=1 crypto rx=0 tx=0 comp rx=0 tx=0).handle_hello peer v2:172.21.15.73:3300/0 says I am v2:172.21.15.73:60192/0 (socket says 172.21.15.73:60192)
2024-04-26T01:36:14.821 INFO:teuthology.orchestra.run.smithi073.stdout:/usr/bin/ceph: stderr
2024-04-26T01:36:07.050+0000 7f893ea00700 1 -- 172.21.15.73:0/729755222 learned_addr learned my addr 172.21.15.73:0/729755222 (peer_addr_for_me v2:172.21.15.73:0/0)
2024-04-26T01:36:14.821 INFO:teuthology.orchestra.run.smithi073.stdout:/usr/bin/ceph: stderr
2024-04-26T01:36:07.050+0000 7f893ea00700 1 -- 172.21.15.73:0/729755222 --> [v2:172.21.15.73:3300/0,v1:172.21.15.73:6789/0] -- mon_subscribe({config=0+,monmap=0+}) -- 0x7f8940109760 con 0x7f89401085b0
2024-04-26T01:36:14.821 INFO:teuthology.orchestra.run.smithi073.stdout:/usr/bin/ceph: stderr
2024-04-26T01:36:07.050+0000 7f893ea00700 1 --2- 172.21.15.73:0/729755222 >> [v2:172.21.15.73:3300/0,v1:172.21.15.73:6789/0] conn(0x7f89401085b0 0x7f89401089d0 secure :-1 s=READY pgs=28 cs=0 l=1 rev1=1 crypto rx=0x7f89280098a0 tx=0x7f8928009bb0 comp rx=0 tx=0).ready entity=mon.0 client_cookie=9a48c82f577c9608 server_cookie=0 in_seq=0 out_seq=0
2024-04-26T01:36:14.821 INFO:teuthology.orchestra.run.smithi073.stdout:/usr/bin/ceph: stderr
2024-04-26T01:36:07.051+0000 7f893d600700 1 -- 172.21.15.73:0/729755222 <== mon.0 v2:172.21.15.73:3300/0 1 ==== mon_map magic: 0 ==== 205+0+0 (secure 0 0 0) 0x7f8928004160 con 0x7f89401085b0
2024-04-26T01:36:14.821 INFO:teuthology.orchestra.run.smithi073.stdout:/usr/bin/ceph: stderr
2024-04-26T01:36:07.051+0000 7f893d600700 1 -- 172.21.15.73:0/729755222 <== mon.0 v2:172.21.15.73:3300/0 2 ==== config(27 keys) ==== 1104+0+0 (secure 0 0 0) 0x7f8928004300 con 0x7f89401085b0
2024-04-26T01:36:14.821 INFO:teuthology.orchestra.run.smithi073.stdout:/usr/bin/ceph: stderr
2024-04-26T01:36:07.051+0000 7f893d600700 1 -- 172.21.15.73:0/729755222 <== mon.0 v2:172.21.15.73:3300/0 3 ==== mon_map magic: 0 ==== 205+0+0 (secure 0 0 0) 0x7f8928011b20 con 0x7f89401085b0
2024-04-26T01:36:14.821 INFO:teuthology.orchestra.run.smithi073.stdout:/usr/bin/ceph: stderr
2024-04-26T01:36:07.052+0000 7f8945e00700 1 -- 172.21.15.73:0/729755222 >> [v2:172.21.15.73:3300/0,v1:172.21.15.73:6789/0] conn(0x7f89401085b0 msgr2=0x7f89401089d0 secure :-1 s=STATE_CONNECTION_ESTABLISHED l=1).mark_down
2024-04-26T01:36:14.821 INFO:teuthology.orchestra.run.smithi073.stdout:/usr/bin/ceph: stderr
2024-04-26T01:36:07.052+0000 7f8945e00700 1 --2- 172.21.15.73:0/729755222 >> [v2:172.21.15.73:3300/0,v1:172.21.15.73:6789/0] conn(0x7f89401085b0 0x7f89401089d0 secure :-1 s=READY pgs=28 cs=0 l=1 rev1=1 crypto rx=0x7f89280098a0 tx=0x7f8928009bb0 comp rx=0 tx=0).stop
2024-04-26T01:36:14.821 INFO:teuthology.orchestra.run.smithi073.stdout:/usr/bin/ceph: stderr
2024-04-26T01:36:07.052+0000 7f8945e00700 1 -- 172.21.15.73:0/729755222 shutdown_connections
2024-04-26T01:36:14.822 INFO:teuthology.orchestra.run.smithi073.stdout:/usr/bin/ceph: stderr
2024-04-26T01:36:07.052+0000 7f8945e00700 1 --2- 172.21.15.73:0/729755222 >> [v2:172.21.15.73:3300/0,v1:172.21.15.73:6789/0] conn(0x7f89401085b0 0x7f89401089d0 unknown :-1 s=CLOSED pgs=28 cs=0 l=1 rev1=1 crypto rx=0 tx=0 comp rx=0 tx=0).stop
2024-04-26T01:36:14.822 INFO:teuthology.orchestra.run.smithi073.stdout:/usr/bin/ceph: stderr
2024-04-26T01:36:07.052+0000 7f8945e00700 1 -- 172.21.15.73:0/729755222 >> 172.21.15.73:0/729755222 conn(0x7f8940103b50 msgr2=0x7f8940105f90 unknown :-1 s=STATE_NONE l=0).mark_down
2024-04-26T01:36:14.822 INFO:teuthology.orchestra.run.smithi073.stdout:/usr/bin/ceph: stderr
2024-04-26T01:36:07.052+0000 7f8945e00700 1 -- 172.21.15.73:0/729755222 shutdown_connections
2024-04-26T01:36:14.822 INFO:teuthology.orchestra.run.smithi073.stdout:/usr/bin/ceph: stderr
2024-04-26T01:36:07.052+0000 7f8945e00700 1 -- 172.21.15.73:0/729755222 wait complete.
2024-04-26T01:36:14.822 INFO:teuthology.orchestra.run.smithi073.stdout:/usr/bin/ceph: stderr
2024-04-26T01:36:07.053+0000 7f8945e00700 1 Processor -- start
2024-04-26T01:36:14.822 INFO:teuthology.orchestra.run.smithi073.stdout:/usr/bin/ceph: stderr
2024-04-26T01:36:07.053+0000 7f8945e00700 1 -- start start
2024-04-26T01:36:14.822 INFO:teuthology.orchestra.run.smithi073.stdout:/usr/bin/ceph: stderr
2024-04-26T01:36:07.053+0000 7f8945e00700 1 --2- >> [v2:172.21.15.73:3300/0,v1:172.21.15.73:6789/0] conn(0x7f89401085b0 0x7f894019e600 unknown :-1 s=NONE pgs=0 cs=0 l=1 rev1=0 crypto rx=0 tx=0 comp rx=0 tx=0).connect
2024-04-26T01:36:14.822 INFO:teuthology.orchestra.run.smithi073.stdout:/usr/bin/ceph: stderr
2024-04-26T01:36:07.053+0000 7f8945e00700 1 -- --> [v2:172.21.15.73:3300/0,v1:172.21.15.73:6789/0] -- mon_getmap magic: 0 -- 0x7f894010cb10 con 0x7f89401085b0
2024-04-26T01:36:14.822 INFO:teuthology.orchestra.run.smithi073.stdout:/usr/bin/ceph: stderr
2024-04-26T01:36:07.054+0000 7f893ea00700 1 --2- >> [v2:172.21.15.73:3300/0,v1:172.21.15.73:6789/0] conn(0x7f89401085b0 0x7f894019e600 unknown :-1 s=BANNER_CONNECTING pgs=0 cs=0 l=1 rev1=0 crypto rx=0 tx=0 comp rx=0 tx=0)._handle_peer_banner_payload supported=3 required=0
2024-04-26T01:36:14.822 INFO:teuthology.orchestra.run.smithi073.stdout:/usr/bin/ceph: stderr
2024-04-26T01:36:07.054+0000 7f893ea00700 1 --2- >> [v2:172.21.15.73:3300/0,v1:172.21.15.73:6789/0] conn(0x7f89401085b0 0x7f894019e600 unknown :-1 s=HELLO_CONNECTING pgs=0 cs=0 l=1 rev1=1 crypto rx=0 tx=0 comp rx=0 tx=0).handle_hello peer v2:172.21.15.73:3300/0 says I am v2:172.21.15.73:60204/0 (socket says 172.21.15.73:60204)
2024-04-26T01:36:14.823 INFO:teuthology.orchestra.run.smithi073.stdout:/usr/bin/ceph: stderr
2024-04-26T01:36:07.054+0000 7f893ea00700 1 -- 172.21.15.73:0/282624654 learned_addr learned my addr 172.21.15.73:0/282624654 (peer_addr_for_me v2:172.21.15.73:0/0)
2024-04-26T01:36:14.823 INFO:teuthology.orchestra.run.smithi073.stdout:/usr/bin/ceph: stderr
2024-04-26T01:36:07.054+0000 7f893ea00700 1 -- 172.21.15.73:0/282624654 --> [v2:172.21.15.73:3300/0,v1:172.21.15.73:6789/0] -- mon_subscribe({config=0+,monmap=0+}) -- 0x7f894019eb40 con 0x7f89401085b0
2024-04-26T01:36:14.823 INFO:teuthology.orchestra.run.smithi073.stdout:/usr/bin/ceph: stderr
2024-04-26T01:36:07.054+0000 7f893ea00700 1 --2- 172.21.15.73:0/282624654 >> [v2:172.21.15.73:3300/0,v1:172.21.15.73:6789/0] conn(0x7f89401085b0 0x7f894019e600 secure :-1 s=READY pgs=29 cs=0 l=1 rev1=1 crypto rx=0x7f89280117e0 tx=0x7f8928011ce0 comp rx=0 tx=0).ready entity=mon.0 client_cookie=0 server_cookie=0 in_seq=0 out_seq=0
2024-04-26T01:36:14.823 INFO:teuthology.orchestra.run.smithi073.stdout:/usr/bin/ceph: stderr
2024-04-26T01:36:07.055+0000 7f8944a00700 1 -- 172.21.15.73:0/282624654 <== mon.0 v2:172.21.15.73:3300/0 1 ==== mon_map magic: 0 ==== 205+0+0 (secure 0 0 0) 0x7f8928003b30 con 0x7f89401085b0
2024-04-26T01:36:14.823 INFO:teuthology.orchestra.run.smithi073.stdout:/usr/bin/ceph: stderr
2024-04-26T01:36:07.055+0000 7f8944a00700 1 -- 172.21.15.73:0/282624654 <== mon.0 v2:172.21.15.73:3300/0 2 ==== config(27 keys) ==== 1104+0+0 (secure 0 0 0) 0x7f8928003cd0 con 0x7f89401085b0
2024-04-26T01:36:14.823 INFO:teuthology.orchestra.run.smithi073.stdout:/usr/bin/ceph: stderr
2024-04-26T01:36:07.055+0000 7f8945e00700 1 -- 172.21.15.73:0/282624654 --> [v2:172.21.15.73:3300/0,v1:172.21.15.73:6789/0] -- mon_subscribe({mgrmap=0+}) -- 0x7f894019edd0 con 0x7f89401085b0
2024-04-26T01:36:14.823 INFO:teuthology.orchestra.run.smithi073.stdout:/usr/bin/ceph: stderr
2024-04-26T01:36:07.055+0000 7f8944a00700 1 -- 172.21.15.73:0/282624654 <== mon.0 v2:172.21.15.73:3300/0 3 ==== mon_map magic: 0 ==== 205+0+0 (secure 0 0 0) 0x7f892801a830 con 0x7f89401085b0
2024-04-26T01:36:14.823 INFO:teuthology.orchestra.run.smithi073.stdout:/usr/bin/ceph: stderr
2024-04-26T01:36:07.055+0000 7f8945e00700 1 -- 172.21.15.73:0/282624654 --> [v2:172.21.15.73:3300/0,v1:172.21.15.73:6789/0] -- mon_subscribe({osdmap=0}) -- 0x7f894019f230 con 0x7f89401085b0
2024-04-26T01:36:14.823 INFO:teuthology.orchestra.run.smithi073.stdout:/usr/bin/ceph: stderr
2024-04-26T01:36:07.056+0000 7f8944a00700 1 -- 172.21.15.73:0/282624654 <== mon.0 v2:172.21.15.73:3300/0 4 ==== mgrmap(e 5) ==== 46558+0+0 (secure 0 0 0) 0x7f8928024ba0 con 0x7f89401085b0
2024-04-26T01:36:14.823 INFO:teuthology.orchestra.run.smithi073.stdout:/usr/bin/ceph: stderr
2024-04-26T01:36:07.056+0000 7f8944a00700 1 --2- 172.21.15.73:0/282624654 >> [v2:172.21.15.73:6800/484048154,v1:172.21.15.73:6801/484048154] conn(0x7f89240396c0 0x7f892403bb80 unknown :-1 s=NONE pgs=0 cs=0 l=1 rev1=0 crypto rx=0 tx=0 comp rx=0 tx=0).connect
2024-04-26T01:36:14.823 INFO:teuthology.orchestra.run.smithi073.stdout:/usr/bin/ceph: stderr
2024-04-26T01:36:07.056+0000 7f8944a00700 1 -- 172.21.15.73:0/282624654 --> [v2:172.21.15.73:6800/484048154,v1:172.21.15.73:6801/484048154] -- command(tid 0: {"prefix": "get_command_descriptions"}) -- 0x7f892403c290 con 0x7f89240396c0
2024-04-26T01:36:14.824 INFO:teuthology.orchestra.run.smithi073.stdout:/usr/bin/ceph: stderr
2024-04-26T01:36:07.056+0000 7f8944a00700 1 -- 172.21.15.73:0/282624654 <== mon.0 v2:172.21.15.73:3300/0 5 ==== osd_map(1..1 src has 1..1) ==== 725+0+0 (secure 0 0 0) 0x7f892804d9d0 con 0x7f89401085b0
2024-04-26T01:36:14.824 INFO:teuthology.orchestra.run.smithi073.stdout:/usr/bin/ceph: stderr
2024-04-26T01:36:07.057+0000 7f893e000700 1 -- 172.21.15.73:0/282624654 >> [v2:172.21.15.73:6800/484048154,v1:172.21.15.73:6801/484048154] conn(0x7f89240396c0 msgr2=0x7f892403bb80 unknown :-1 s=STATE_CONNECTING_RE l=1).process reconnect failed to v2:172.21.15.73:6800/484048154
2024-04-26T01:36:14.824 INFO:teuthology.orchestra.run.smithi073.stdout:/usr/bin/ceph: stderr
2024-04-26T01:36:07.057+0000 7f893e000700 1 --2- 172.21.15.73:0/282624654 >> [v2:172.21.15.73:6800/484048154,v1:172.21.15.73:6801/484048154] conn(0x7f89240396c0 0x7f892403bb80 unknown :-1 s=START_CONNECT pgs=0 cs=0 l=1 rev1=0 crypto rx=0 tx=0 comp rx=0 tx=0)._fault waiting 0.200000
2024-04-26T01:36:14.824 INFO:teuthology.orchestra.run.smithi073.stdout:/usr/bin/ceph: stderr
2024-04-26T01:36:07.258+0000 7f893e000700 1 -- 172.21.15.73:0/282624654 >> [v2:172.21.15.73:6800/484048154,v1:172.21.15.73:6801/484048154] conn(0x7f89240396c0 msgr2=0x7f892403bb80 unknown :-1 s=STATE_CONNECTING_RE l=1).process reconnect failed to v2:172.21.15.73:6800/484048154
2024-04-26T01:36:14.824 INFO:teuthology.orchestra.run.smithi073.stdout:/usr/bin/ceph: stderr
2024-04-26T01:36:07.258+0000 7f893e000700 1 --2- 172.21.15.73:0/282624654 >> [v2:172.21.15.73:6800/484048154,v1:172.21.15.73:6801/484048154] conn(0x7f89240396c0 0x7f892403bb80 unknown :-1 s=START_CONNECT pgs=0 cs=0 l=1 rev1=0 crypto rx=0 tx=0 comp rx=0 tx=0)._fault waiting 0.400000
2024-04-26T01:36:14.824 INFO:teuthology.orchestra.run.smithi073.stdout:/usr/bin/ceph: stderr
2024-04-26T01:36:07.659+0000 7f893e000700 1 -- 172.21.15.73:0/282624654 >> [v2:172.21.15.73:6800/484048154,v1:172.21.15.73:6801/484048154] conn(0x7f89240396c0 msgr2=0x7f892403bb80 unknown :-1 s=STATE_CONNECTING_RE l=1).process reconnect failed to v2:172.21.15.73:6800/484048154
2024-04-26T01:36:14.824 INFO:teuthology.orchestra.run.smithi073.stdout:/usr/bin/ceph: stderr
2024-04-26T01:36:07.659+0000 7f893e000700 1 --2- 172.21.15.73:0/282624654 >> [v2:172.21.15.73:6800/484048154,v1:172.21.15.73:6801/484048154] conn(0x7f89240396c0 0x7f892403bb80 unknown :-1 s=START_CONNECT pgs=0 cs=0 l=1 rev1=0 crypto rx=0 tx=0 comp rx=0 tx=0)._fault waiting 0.800000
2024-04-26T01:36:14.824 INFO:teuthology.orchestra.run.smithi073.stdout:/usr/bin/ceph: stderr
2024-04-26T01:36:08.460+0000 7f893e000700 1 -- 172.21.15.73:0/282624654 >> [v2:172.21.15.73:6800/484048154,v1:172.21.15.73:6801/484048154] conn(0x7f89240396c0 msgr2=0x7f892403bb80 unknown :-1 s=STATE_CONNECTING_RE l=1).process reconnect failed to v2:172.21.15.73:6800/484048154
2024-04-26T01:36:14.824 INFO:teuthology.orchestra.run.smithi073.stdout:/usr/bin/ceph: stderr
2024-04-26T01:36:08.460+0000 7f893e000700 1 --2- 172.21.15.73:0/282624654 >> [v2:172.21.15.73:6800/484048154,v1:172.21.15.73:6801/484048154] conn(0x7f89240396c0 0x7f892403bb80 unknown :-1 s=START_CONNECT pgs=0 cs=0 l=1 rev1=0 crypto rx=0 tx=0 comp rx=0 tx=0)._fault waiting 1.600000
2024-04-26T01:36:14.824 INFO:teuthology.orchestra.run.smithi073.stdout:/usr/bin/ceph: stderr
2024-04-26T01:36:10.062+0000 7f893e000700 1 -- 172.21.15.73:0/282624654 >> [v2:172.21.15.73:6800/484048154,v1:172.21.15.73:6801/484048154] conn(0x7f89240396c0 msgr2=0x7f892403bb80 unknown :-1 s=STATE_CONNECTING_RE l=1).process reconnect failed to v2:172.21.15.73:6800/484048154
2024-04-26T01:36:14.824 INFO:teuthology.orchestra.run.smithi073.stdout:/usr/bin/ceph: stderr
2024-04-26T01:36:10.062+0000 7f893e000700 1 --2- 172.21.15.73:0/282624654 >> [v2:172.21.15.73:6800/484048154,v1:172.21.15.73:6801/484048154] conn(0x7f89240396c0 0x7f892403bb80 unknown :-1 s=START_CONNECT pgs=0 cs=0 l=1 rev1=0 crypto rx=0 tx=0 comp rx=0 tx=0)._fault waiting 3.200000
2024-04-26T01:36:14.824 INFO:teuthology.orchestra.run.smithi073.stdout:/usr/bin/ceph: stderr
2024-04-26T01:36:13.119+0000 7f8944a00700 1 -- 172.21.15.73:0/282624654 <== mon.0 v2:172.21.15.73:3300/0 6 ==== mgrmap(e 6) ==== 46325+0+0 (secure 0 0 0) 0x7f892802d3f0 con 0x7f89401085b0
2024-04-26T01:36:14.825 INFO:teuthology.orchestra.run.smithi073.stdout:/usr/bin/ceph: stderr
2024-04-26T01:36:13.120+0000 7f8944a00700 1 -- 172.21.15.73:0/282624654 >> [v2:172.21.15.73:6800/484048154,v1:172.21.15.73:6801/484048154] conn(0x7f89240396c0 msgr2=0x7f892403bb80 unknown :-1 s=STATE_CONNECTING l=1).mark_down
2024-04-26T01:36:14.825 INFO:teuthology.orchestra.run.smithi073.stdout:/usr/bin/ceph: stderr
2024-04-26T01:36:13.120+0000 7f8944a00700 1 --2- 172.21.15.73:0/282624654 >> [v2:172.21.15.73:6800/484048154,v1:172.21.15.73:6801/484048154] conn(0x7f89240396c0 0x7f892403bb80 unknown :-1 s=START_CONNECT pgs=0 cs=0 l=1 rev1=0 crypto rx=0 tx=0 comp rx=0 tx=0).stop
2024-04-26T01:36:14.825 INFO:teuthology.orchestra.run.smithi073.stdout:/usr/bin/ceph: stderr
2024-04-26T01:36:14.122+0000 7f8944a00700 1 -- 172.21.15.73:0/282624654 <== mon.0 v2:172.21.15.73:3300/0 7 ==== mgrmap(e 7) ==== 46452+0+0 (secure 0 0 0) 0x7f892804f420 con 0x7f89401085b0
2024-04-26T01:36:14.825 INFO:teuthology.orchestra.run.smithi073.stdout:/usr/bin/ceph: stderr
2024-04-26T01:36:14.122+0000 7f8944a00700 1 --2- 172.21.15.73:0/282624654 >> [v2:172.21.15.73:6800/3955372631,v1:172.21.15.73:6801/3955372631] conn(0x7f892403cfb0 0x7f892403f3a0 unknown :-1 s=NONE pgs=0 cs=0 l=1 rev1=0 crypto rx=0 tx=0 comp rx=0 tx=0).connect
2024-04-26T01:36:14.825 INFO:teuthology.orchestra.run.smithi073.stdout:/usr/bin/ceph: stderr
2024-04-26T01:36:14.122+0000 7f8944a00700 1 -- 172.21.15.73:0/282624654 --> [v2:172.21.15.73:6800/3955372631,v1:172.21.15.73:6801/3955372631] -- command(tid 0: {"prefix": "get_command_descriptions"}) -- 0x7f892800be90 con 0x7f892403cfb0
2024-04-26T01:36:14.825 INFO:teuthology.orchestra.run.smithi073.stdout:/usr/bin/ceph: stderr
2024-04-26T01:36:14.126+0000 7f893e000700 1 --2- 172.21.15.73:0/282624654 >> [v2:172.21.15.73:6800/3955372631,v1:172.21.15.73:6801/3955372631] conn(0x7f892403cfb0 0x7f892403f3a0 unknown :-1 s=BANNER_CONNECTING pgs=0 cs=0 l=1 rev1=0 crypto rx=0 tx=0 comp rx=0 tx=0)._handle_peer_banner_payload supported=3 required=0
2024-04-26T01:36:14.825 INFO:teuthology.orchestra.run.smithi073.stdout:/usr/bin/ceph: stderr
2024-04-26T01:36:14.128+0000 7f893e000700 1 --2- 172.21.15.73:0/282624654 >> [v2:172.21.15.73:6800/3955372631,v1:172.21.15.73:6801/3955372631] conn(0x7f892403cfb0 0x7f892403f3a0 secure :-1 s=READY pgs=1 cs=0 l=1 rev1=1 crypto rx=0x7f8930003a10 tx=0x7f89300092b0 comp rx=0 tx=0).ready entity=mgr.14120 client_cookie=0 server_cookie=0 in_seq=0 out_seq=0
2024-04-26T01:36:14.825 INFO:teuthology.orchestra.run.smithi073.stdout:/usr/bin/ceph: stderr
2024-04-26T01:36:14.130+0000 7f8944a00700 1 -- 172.21.15.73:0/282624654 <== mgr.14120 v2:172.21.15.73:6800/3955372631 1 ==== command_reply(tid 0: 0 ) ==== 8+0+7774 (secure 0 0 0) 0x7f892800be90 con 0x7f892403cfb0
2024-04-26T01:36:14.825 INFO:teuthology.orchestra.run.smithi073.stdout:/usr/bin/ceph: stderr
2024-04-26T01:36:14.137+0000 7f8945e00700 1 -- 172.21.15.73:0/282624654 --> [v2:172.21.15.73:6800/3955372631,v1:172.21.15.73:6801/3955372631] -- command(tid 1: {"prefix": "mgr_status"}) -- 0x7f89400640a0 con 0x7f892403cfb0
2024-04-26T01:36:14.825 INFO:teuthology.orchestra.run.smithi073.stdout:/usr/bin/ceph: stderr
2024-04-26T01:36:14.138+0000 7f8944a00700 1 -- 172.21.15.73:0/282624654 <== mgr.14120 v2:172.21.15.73:6800/3955372631 2 ==== command_reply(tid 1: 0 ) ==== 8+0+51 (secure 0 0 0) 0x7f89400640a0 con 0x7f892403cfb0
2024-04-26T01:36:14.825 INFO:teuthology.orchestra.run.smithi073.stdout:/usr/bin/ceph: stderr
2024-04-26T01:36:14.138+0000 7f8945e00700 1 -- 172.21.15.73:0/282624654 >> [v2:172.21.15.73:6800/3955372631,v1:172.21.15.73:6801/3955372631] conn(0x7f892403cfb0 msgr2=0x7f892403f3a0 secure :-1 s=STATE_CONNECTION_ESTABLISHED l=1).mark_down
2024-04-26T01:36:14.825 INFO:teuthology.orchestra.run.smithi073.stdout:/usr/bin/ceph: stderr
2024-04-26T01:36:14.138+0000 7f8945e00700 1 --2- 172.21.15.73:0/282624654 >> [v2:172.21.15.73:6800/3955372631,v1:172.21.15.73:6801/3955372631] conn(0x7f892403cfb0 0x7f892403f3a0 secure :-1 s=READY pgs=1 cs=0 l=1 rev1=1 crypto rx=0x7f8930003a10 tx=0x7f89300092b0 comp rx=0 tx=0).stop
2024-04-26T01:36:14.825 INFO:teuthology.orchestra.run.smithi073.stdout:/usr/bin/ceph: stderr
2024-04-26T01:36:14.138+0000 7f8945e00700 1 -- 172.21.15.73:0/282624654 >> [v2:172.21.15.73:3300/0,v1:172.21.15.73:6789/0] conn(0x7f89401085b0 msgr2=0x7f894019e600 secure :-1 s=STATE_CONNECTION_ESTABLISHED l=1).mark_down
2024-04-26T01:36:14.826 INFO:teuthology.orchestra.run.smithi073.stdout:/usr/bin/ceph: stderr
2024-04-26T01:36:14.138+0000 7f8945e00700 1 --2- 172.21.15.73:0/282624654 >> [v2:172.21.15.73:3300/0,v1:172.21.15.73:6789/0] conn(0x7f89401085b0 0x7f894019e600 secure :-1 s=READY pgs=29 cs=0 l=1 rev1=1 crypto rx=0x7f89280117e0 tx=0x7f8928011ce0 comp rx=0 tx=0).stop
2024-04-26T01:36:14.826 INFO:teuthology.orchestra.run.smithi073.stdout:/usr/bin/ceph: stderr
2024-04-26T01:36:14.139+0000 7f8945e00700 1 -- 172.21.15.73:0/282624654 shutdown_connections
2024-04-26T01:36:14.826 INFO:teuthology.orchestra.run.smithi073.stdout:/usr/bin/ceph: stderr
2024-04-26T01:36:14.139+0000 7f8945e00700 1 --2- 172.21.15.73:0/282624654 >> [v2:172.21.15.73:6800/3955372631,v1:172.21.15.73:6801/3955372631] conn(0x7f892403cfb0 0x7f892403f3a0 unknown :-1 s=CLOSED pgs=1 cs=0 l=1 rev1=1 crypto rx=0 tx=0 comp rx=0 tx=0).stop
2024-04-26T01:36:14.826 INFO:teuthology.orchestra.run.smithi073.stdout:/usr/bin/ceph: stderr
2024-04-26T01:36:14.139+0000 7f8945e00700 1 --2- 172.21.15.73:0/282624654 >> [v2:172.21.15.73:3300/0,v1:172.21.15.73:6789/0] conn(0x7f89401085b0 0x7f894019e600 unknown :-1 s=CLOSED pgs=29 cs=0 l=1 rev1=1 crypto rx=0 tx=0 comp rx=0 tx=0).stop
2024-04-26T01:36:14.826 INFO:teuthology.orchestra.run.smithi073.stdout:/usr/bin/ceph: stderr
2024-04-26T01:36:14.139+0000 7f8945e00700 1 --2- 172.21.15.73:0/282624654 >> [v2:172.21.15.73:6800/484048154,v1:172.21.15.73:6801/484048154] conn(0x7f89240396c0 0x7f892403bb80 unknown :-1 s=CLOSED pgs=0 cs=0 l=1 rev1=0 crypto rx=0 tx=0 comp rx=0 tx=0).stop
2024-04-26T01:36:14.826 INFO:teuthology.orchestra.run.smithi073.stdout:/usr/bin/ceph: stderr
2024-04-26T01:36:14.139+0000 7f8945e00700 1 -- 172.21.15.73:0/282624654 >> 172.21.15.73:0/282624654 conn(0x7f8940103b50 msgr2=0x7f8940104550 unknown :-1 s=STATE_NONE l=0).mark_down
2024-04-26T01:36:14.826 INFO:teuthology.orchestra.run.smithi073.stdout:/usr/bin/ceph: stderr
2024-04-26T01:36:14.139+0000 7f8945e00700 1 -- 172.21.15.73:0/282624654 shutdown_connections
2024-04-26T01:36:14.826 INFO:teuthology.orchestra.run.smithi073.stdout:/usr/bin/ceph: stderr
2024-04-26T01:36:14.139+0000 7f8945e00700 1 -- 172.21.15.73:0/282624654 wait complete.
2024-04-26T01:36:14.827 INFO:teuthology.orchestra.run.smithi073.stdout:mgr epoch 5 is available
2024-04-26T01:36:14.827 INFO:teuthology.orchestra.run.smithi073.stdout:Setting orchestrator backend to cephadm...
2024-04-26T01:36:15.385 INFO:journalctl@ceph.mon.a.smithi073.stdout:Apr 26 01:36:15 smithi073 ceph-mon[27810]: from='client.14124 -' entity='client.admin' cmd=[{"prefix": "get_command_descriptions"}]: dispatch
2024-04-26T01:36:15.385 INFO:journalctl@ceph.mon.a.smithi073.stdout:Apr 26 01:36:15 smithi073 ceph-mon[27810]: from='client.14124 -' entity='client.admin' cmd=[{"prefix": "mgr_status"}]: dispatch
2024-04-26T01:36:15.385 INFO:journalctl@ceph.mon.a.smithi073.stdout:Apr 26 01:36:15 smithi073 ceph-mon[27810]: from='mgr.14120 172.21.15.73:0/728018184' entity='mgr.x' cmd=[{"prefix": "config dump", "format": "json"}]: dispatch
2024-04-26T01:36:16.355 INFO:journalctl@ceph.mon.a.smithi073.stdout:Apr 26 01:36:16 smithi073 ceph-mon[27810]: [26/Apr/2024:01:36:14] ENGINE Bus STARTING
