2024-04-26T01:38:49.286 INFO:teuthology.orchestra.run.smithi001.stdout:/usr/bin/ceph: stderr
2024-04-26T01:38:48.366+0000 7ff04b600700 1 --2- 172.21.15.1:0/4276820835 >> [v2:172.21.15.1:3300/0,v1:172.21.15.1:6789/0] conn(0x7ff0440825d0 0x7ff0440829f0 secure :-1 s=READY pgs=37 cs=0 l=1 rev1=1 crypto rx=0x7ff0380098a0 tx=0x7ff038009bb0 comp rx=0 tx=0).stop
2024-04-26T01:38:49.286 INFO:teuthology.orchestra.run.smithi001.stdout:/usr/bin/ceph: stderr
2024-04-26T01:38:48.367+0000 7ff04b600700 1 -- 172.21.15.1:0/4276820835 shutdown_connections
2024-04-26T01:38:49.286 INFO:teuthology.orchestra.run.smithi001.stdout:/usr/bin/ceph: stderr
2024-04-26T01:38:48.367+0000 7ff04b600700 1 --2- 172.21.15.1:0/4276820835 >> [v2:172.21.15.1:3300/0,v1:172.21.15.1:6789/0] conn(0x7ff0440825d0 0x7ff0440829f0 unknown :-1 s=CLOSED pgs=37 cs=0 l=1 rev1=1 crypto rx=0 tx=0 comp rx=0 tx=0).stop
2024-04-26T01:38:49.286 INFO:teuthology.orchestra.run.smithi001.stdout:/usr/bin/ceph: stderr
2024-04-26T01:38:48.367+0000 7ff04b600700 1 -- 172.21.15.1:0/4276820835 >> 172.21.15.1:0/4276820835 conn(0x7ff04407dbc0 msgr2=0x7ff044080000 unknown :-1 s=STATE_NONE l=0).mark_down
2024-04-26T01:38:49.286 INFO:teuthology.orchestra.run.smithi001.stdout:/usr/bin/ceph: stderr
2024-04-26T01:38:48.367+0000 7ff04b600700 1 -- 172.21.15.1:0/4276820835 shutdown_connections
2024-04-26T01:38:49.287 INFO:teuthology.orchestra.run.smithi001.stdout:/usr/bin/ceph: stderr
2024-04-26T01:38:48.367+0000 7ff04b600700 1 -- 172.21.15.1:0/4276820835 wait complete.
2024-04-26T01:38:49.287 INFO:teuthology.orchestra.run.smithi001.stdout:/usr/bin/ceph: stderr
2024-04-26T01:38:48.368+0000 7ff04b600700 1 Processor -- start
2024-04-26T01:38:49.287 INFO:teuthology.orchestra.run.smithi001.stdout:/usr/bin/ceph: stderr
2024-04-26T01:38:48.368+0000 7ff04b600700 1 -- start start
2024-04-26T01:38:49.287 INFO:teuthology.orchestra.run.smithi001.stdout:/usr/bin/ceph: stderr
2024-04-26T01:38:48.369+0000 7ff04b600700 1 --2- >> [v2:172.21.15.1:3300/0,v1:172.21.15.1:6789/0] conn(0x7ff0441a2d70 0x7ff0441a3190 unknown :-1 s=NONE pgs=0 cs=0 l=1 rev1=0 crypto rx=0 tx=0 comp rx=0 tx=0).connect
2024-04-26T01:38:49.290 INFO:teuthology.orchestra.run.smithi001.stdout:/usr/bin/ceph: stderr
2024-04-26T01:38:48.369+0000 7ff04b600700 1 -- --> [v2:172.21.15.1:3300/0,v1:172.21.15.1:6789/0] -- mon_getmap magic: 0 -- 0x7ff044113040 con 0x7ff0441a2d70
2024-04-26T01:38:49.290 INFO:teuthology.orchestra.run.smithi001.stdout:/usr/bin/ceph: stderr
2024-04-26T01:38:48.369+0000 7ff048c00700 1 --2- >> [v2:172.21.15.1:3300/0,v1:172.21.15.1:6789/0] conn(0x7ff0441a2d70 0x7ff0441a3190 unknown :-1 s=BANNER_CONNECTING pgs=0 cs=0 l=1 rev1=0 crypto rx=0 tx=0 comp rx=0 tx=0)._handle_peer_banner_payload supported=3 required=0
2024-04-26T01:38:49.290 INFO:teuthology.orchestra.run.smithi001.stdout:/usr/bin/ceph: stderr
2024-04-26T01:38:48.369+0000 7ff048c00700 1 --2- >> [v2:172.21.15.1:3300/0,v1:172.21.15.1:6789/0] conn(0x7ff0441a2d70 0x7ff0441a3190 unknown :-1 s=HELLO_CONNECTING pgs=0 cs=0 l=1 rev1=1 crypto rx=0 tx=0 comp rx=0 tx=0).handle_hello peer v2:172.21.15.1:3300/0 says I am v2:172.21.15.1:56728/0 (socket says 172.21.15.1:56728)
2024-04-26T01:38:49.290 INFO:teuthology.orchestra.run.smithi001.stdout:/usr/bin/ceph: stderr
2024-04-26T01:38:48.369+0000 7ff048c00700 1 -- 172.21.15.1:0/1431354140 learned_addr learned my addr 172.21.15.1:0/1431354140 (peer_addr_for_me v2:172.21.15.1:0/0)
2024-04-26T01:38:49.290 INFO:teuthology.orchestra.run.smithi001.stdout:/usr/bin/ceph: stderr
2024-04-26T01:38:48.369+0000 7ff048c00700 1 -- 172.21.15.1:0/1431354140 --> [v2:172.21.15.1:3300/0,v1:172.21.15.1:6789/0] -- mon_subscribe({config=0+,monmap=0+}) -- 0x7ff0441a36d0 con 0x7ff0441a2d70
2024-04-26T01:38:49.290 INFO:teuthology.orchestra.run.smithi001.stdout:/usr/bin/ceph: stderr
2024-04-26T01:38:48.370+0000 7ff048c00700 1 --2- 172.21.15.1:0/1431354140 >> [v2:172.21.15.1:3300/0,v1:172.21.15.1:6789/0] conn(0x7ff0441a2d70 0x7ff0441a3190 secure :-1 s=READY pgs=38 cs=0 l=1 rev1=1 crypto rx=0x7ff0380117b0 tx=0x7ff038011940 comp rx=0 tx=0).ready entity=mon.0 client_cookie=0 server_cookie=0 in_seq=0 out_seq=0
2024-04-26T01:38:49.291 INFO:teuthology.orchestra.run.smithi001.stdout:/usr/bin/ceph: stderr
2024-04-26T01:38:48.370+0000 7ff041600700 1 -- 172.21.15.1:0/1431354140 <== mon.0 v2:172.21.15.1:3300/0 1 ==== mon_map magic: 0 ==== 205+0+0 (secure 0 0 0) 0x7ff0380036a0 con 0x7ff0441a2d70
2024-04-26T01:38:49.291 INFO:teuthology.orchestra.run.smithi001.stdout:/usr/bin/ceph: stderr
2024-04-26T01:38:48.370+0000 7ff041600700 1 -- 172.21.15.1:0/1431354140 <== mon.0 v2:172.21.15.1:3300/0 2 ==== config(26 keys) ==== 1070+0+0 (secure 0 0 0) 0x7ff03801a460 con 0x7ff0441a2d70
2024-04-26T01:38:49.291 INFO:teuthology.orchestra.run.smithi001.stdout:/usr/bin/ceph: stderr
2024-04-26T01:38:48.370+0000 7ff04b600700 1 -- 172.21.15.1:0/1431354140 --> [v2:172.21.15.1:3300/0,v1:172.21.15.1:6789/0] -- mon_subscribe({mgrmap=0+}) -- 0x7ff0441a3960 con 0x7ff0441a2d70
2024-04-26T01:38:49.291 INFO:teuthology.orchestra.run.smithi001.stdout:/usr/bin/ceph: stderr
2024-04-26T01:38:48.370+0000 7ff041600700 1 -- 172.21.15.1:0/1431354140 <== mon.0 v2:172.21.15.1:3300/0 3 ==== mon_map magic: 0 ==== 205+0+0 (secure 0 0 0) 0x7ff03801b440 con 0x7ff0441a2d70
2024-04-26T01:38:49.291 INFO:teuthology.orchestra.run.smithi001.stdout:/usr/bin/ceph: stderr
2024-04-26T01:38:48.370+0000 7ff04b600700 1 -- 172.21.15.1:0/1431354140 --> [v2:172.21.15.1:3300/0,v1:172.21.15.1:6789/0] -- mon_subscribe({osdmap=0}) -- 0x7ff0441a6440 con 0x7ff0441a2d70
2024-04-26T01:38:49.291 INFO:teuthology.orchestra.run.smithi001.stdout:/usr/bin/ceph: stderr
2024-04-26T01:38:48.371+0000 7ff041600700 1 -- 172.21.15.1:0/1431354140 <== mon.0 v2:172.21.15.1:3300/0 4 ==== mgrmap(e 8) ==== 46558+0+0 (secure 0 0 0) 0x7ff03801a980 con 0x7ff0441a2d70
2024-04-26T01:38:49.291 INFO:teuthology.orchestra.run.smithi001.stdout:/usr/bin/ceph: stderr
2024-04-26T01:38:48.371+0000 7ff04b600700 1 -- 172.21.15.1:0/1431354140 --> [v2:172.21.15.1:3300/0,v1:172.21.15.1:6789/0] -- mon_command({"prefix": "get_command_descriptions"} v 0) -- 0x7ff0441131c0 con 0x7ff0441a2d70
2024-04-26T01:38:49.291 INFO:teuthology.orchestra.run.smithi001.stdout:/usr/bin/ceph: stderr
2024-04-26T01:38:48.372+0000 7ff041600700 1 --2- 172.21.15.1:0/1431354140 >> [v2:172.21.15.1:6800/1870580982,v1:172.21.15.1:6801/1870580982] conn(0x7ff02c039560 0x7ff02c03ba20 unknown :-1 s=NONE pgs=0 cs=0 l=1 rev1=0 crypto rx=0 tx=0 comp rx=0 tx=0).connect
2024-04-26T01:38:49.291 INFO:teuthology.orchestra.run.smithi001.stdout:/usr/bin/ceph: stderr
2024-04-26T01:38:48.372+0000 7ff041600700 1 -- 172.21.15.1:0/1431354140 <== mon.0 v2:172.21.15.1:3300/0 5 ==== osd_map(2..2 src has 1..2) ==== 940+0+0 (secure 0 0 0) 0x7ff03804dcf0 con 0x7ff0441a2d70
2024-04-26T01:38:49.291 INFO:teuthology.orchestra.run.smithi001.stdout:/usr/bin/ceph: stderr
2024-04-26T01:38:48.372+0000 7ff043e00700 1 --2- 172.21.15.1:0/1431354140 >> [v2:172.21.15.1:6800/1870580982,v1:172.21.15.1:6801/1870580982] conn(0x7ff02c039560 0x7ff02c03ba20 unknown :-1 s=BANNER_CONNECTING pgs=0 cs=0 l=1 rev1=0 crypto rx=0 tx=0 comp rx=0 tx=0)._handle_peer_banner_payload supported=3 required=0
2024-04-26T01:38:49.291 INFO:teuthology.orchestra.run.smithi001.stdout:/usr/bin/ceph: stderr
2024-04-26T01:38:48.373+0000 7ff043e00700 1 --2- 172.21.15.1:0/1431354140 >> [v2:172.21.15.1:6800/1870580982,v1:172.21.15.1:6801/1870580982] conn(0x7ff02c039560 0x7ff02c03ba20 secure :-1 s=READY pgs=7 cs=0 l=1 rev1=1 crypto rx=0x7ff034006fd0 tx=0x7ff034006e40 comp rx=0 tx=0).ready entity=mgr.14120 client_cookie=0 server_cookie=0 in_seq=0 out_seq=0
2024-04-26T01:38:49.291 INFO:teuthology.orchestra.run.smithi001.stdout:/usr/bin/ceph: stderr
2024-04-26T01:38:48.378+0000 7ff041600700 1 -- 172.21.15.1:0/1431354140 <== mon.0 v2:172.21.15.1:3300/0 6 ==== mon_command_ack([{"prefix": "get_command_descriptions"}]=0 v0) ==== 72+0+188370 (secure 0 0 0) 0x7ff03801a6c0 con 0x7ff0441a2d70
2024-04-26T01:38:49.291 INFO:teuthology.orchestra.run.smithi001.stdout:/usr/bin/ceph: stderr
2024-04-26T01:38:48.621+0000 7ff04b600700 1 -- 172.21.15.1:0/1431354140 --> [v2:172.21.15.1:6800/1870580982,v1:172.21.15.1:6801/1870580982] -- mgr_command(tid 0: {"prefix": "orch set backend", "module_name": "cephadm", "target": ["mon-mgr", ""]}) -- 0x7ff04407eef0 con 0x7ff02c039560
2024-04-26T01:38:49.291 INFO:teuthology.orchestra.run.smithi001.stdout:/usr/bin/ceph: stderr
2024-04-26T01:38:48.628+0000 7ff041600700 1 -- 172.21.15.1:0/1431354140 <== mgr.14120 v2:172.21.15.1:6800/1870580982 1 ==== mgr_command_reply(tid 0: 0 ) ==== 8+0+0 (secure 0 0 0) 0x7ff04407eef0 con 0x7ff02c039560
2024-04-26T01:38:49.292 INFO:teuthology.orchestra.run.smithi001.stdout:/usr/bin/ceph: stderr
2024-04-26T01:38:48.630+0000 7ff04b600700 1 -- 172.21.15.1:0/1431354140 >> [v2:172.21.15.1:6800/1870580982,v1:172.21.15.1:6801/1870580982] conn(0x7ff02c039560 msgr2=0x7ff02c03ba20 secure :-1 s=STATE_CONNECTION_ESTABLISHED l=1).mark_down
2024-04-26T01:38:49.292 INFO:teuthology.orchestra.run.smithi001.stdout:/usr/bin/ceph: stderr
2024-04-26T01:38:48.630+0000 7ff04b600700 1 --2- 172.21.15.1:0/1431354140 >> [v2:172.21.15.1:6800/1870580982,v1:172.21.15.1:6801/1870580982] conn(0x7ff02c039560 0x7ff02c03ba20 secure :-1 s=READY pgs=7 cs=0 l=1 rev1=1 crypto rx=0x7ff034006fd0 tx=0x7ff034006e40 comp rx=0 tx=0).stop
2024-04-26T01:38:49.292 INFO:teuthology.orchestra.run.smithi001.stdout:/usr/bin/ceph: stderr
2024-04-26T01:38:48.631+0000 7ff04b600700 1 -- 172.21.15.1:0/1431354140 >> [v2:172.21.15.1:3300/0,v1:172.21.15.1:6789/0] conn(0x7ff0441a2d70 msgr2=0x7ff0441a3190 secure :-1 s=STATE_CONNECTION_ESTABLISHED l=1).mark_down
2024-04-26T01:38:49.292 INFO:teuthology.orchestra.run.smithi001.stdout:/usr/bin/ceph: stderr
2024-04-26T01:38:48.631+0000 7ff04b600700 1 --2- 172.21.15.1:0/1431354140 >> [v2:172.21.15.1:3300/0,v1:172.21.15.1:6789/0] conn(0x7ff0441a2d70 0x7ff0441a3190 secure :-1 s=READY pgs=38 cs=0 l=1 rev1=1 crypto rx=0x7ff0380117b0 tx=0x7ff038011940 comp rx=0 tx=0).stop
2024-04-26T01:38:49.292 INFO:teuthology.orchestra.run.smithi001.stdout:/usr/bin/ceph: stderr
2024-04-26T01:38:48.631+0000 7ff04b600700 1 -- 172.21.15.1:0/1431354140 shutdown_connections
2024-04-26T01:38:49.292 INFO:teuthology.orchestra.run.smithi001.stdout:/usr/bin/ceph: stderr
2024-04-26T01:38:48.631+0000 7ff04b600700 1 --2- 172.21.15.1:0/1431354140 >> [v2:172.21.15.1:6800/1870580982,v1:172.21.15.1:6801/1870580982] conn(0x7ff02c039560 0x7ff02c03ba20 unknown :-1 s=CLOSED pgs=7 cs=0 l=1 rev1=1 crypto rx=0 tx=0 comp rx=0 tx=0).stop
2024-04-26T01:38:49.292 INFO:teuthology.orchestra.run.smithi001.stdout:/usr/bin/ceph: stderr
2024-04-26T01:38:48.631+0000 7ff04b600700 1 --2- 172.21.15.1:0/1431354140 >> [v2:172.21.15.1:3300/0,v1:172.21.15.1:6789/0] conn(0x7ff0441a2d70 0x7ff0441a3190 unknown :-1 s=CLOSED pgs=38 cs=0 l=1 rev1=1 crypto rx=0 tx=0 comp rx=0 tx=0).stop
2024-04-26T01:38:49.292 INFO:teuthology.orchestra.run.smithi001.stdout:/usr/bin/ceph: stderr
2024-04-26T01:38:48.631+0000 7ff04b600700 1 -- 172.21.15.1:0/1431354140 >> 172.21.15.1:0/1431354140 conn(0x7ff04407dbc0 msgr2=0x7ff04407e7e0 unknown :-1 s=STATE_NONE l=0).mark_down
2024-04-26T01:38:49.292 INFO:teuthology.orchestra.run.smithi001.stdout:/usr/bin/ceph: stderr
2024-04-26T01:38:48.631+0000 7ff04b600700 1 -- 172.21.15.1:0/1431354140 shutdown_connections
2024-04-26T01:38:49.292 INFO:teuthology.orchestra.run.smithi001.stdout:/usr/bin/ceph: stderr
2024-04-26T01:38:48.631+0000 7ff04b600700 1 -- 172.21.15.1:0/1431354140 wait complete.
2024-04-26T01:38:50.773 INFO:teuthology.orchestra.run.smithi001.stdout:/usr/bin/ceph: stdout value unchanged
2024-04-26T01:38:50.773 INFO:teuthology.orchestra.run.smithi001.stdout:/usr/bin/ceph: stderr
2024-04-26T01:38:49.949+0000 7f4006200700 1 Processor -- start
2024-04-26T01:38:50.773 INFO:teuthology.orchestra.run.smithi001.stdout:/usr/bin/ceph: stderr
2024-04-26T01:38:49.949+0000 7f4006200700 1 -- start start
2024-04-26T01:38:50.773 INFO:teuthology.orchestra.run.smithi001.stdout:/usr/bin/ceph: stderr
2024-04-26T01:38:49.950+0000 7f4006200700 1 --2- >> [v2:172.21.15.1:3300/0,v1:172.21.15.1:6789/0] conn(0x7f400010a8c0 0x7f400010ace0 unknown :-1 s=NONE pgs=0 cs=0 l=0 rev1=0 crypto rx=0 tx=0 comp rx=0 tx=0).connect
2024-04-26T01:38:50.773 INFO:teuthology.orchestra.run.smithi001.stdout:/usr/bin/ceph: stderr
2024-04-26T01:38:49.950+0000 7f4006200700 1 -- --> [v2:172.21.15.1:3300/0,v1:172.21.15.1:6789/0] -- mon_getmap magic: 0 -- 0x7f400010b2b0 con 0x7f400010a8c0
2024-04-26T01:38:50.773 INFO:teuthology.orchestra.run.smithi001.stdout:/usr/bin/ceph: stderr
2024-04-26T01:38:49.950+0000 7f3fff400700 1 --2- >> [v2:172.21.15.1:3300/0,v1:172.21.15.1:6789/0] conn(0x7f400010a8c0 0x7f400010ace0 unknown :-1 s=BANNER_CONNECTING pgs=0 cs=0 l=0 rev1=0 crypto rx=0 tx=0 comp rx=0 tx=0)._handle_peer_banner_payload supported=3 required=0
2024-04-26T01:38:50.773 INFO:teuthology.orchestra.run.smithi001.stdout:/usr/bin/ceph: stderr
2024-04-26T01:38:49.950+0000 7f3fff400700 1 --2- >> [v2:172.21.15.1:3300/0,v1:172.21.15.1:6789/0] conn(0x7f400010a8c0 0x7f400010ace0 unknown :-1 s=HELLO_CONNECTING pgs=0 cs=0 l=0 rev1=1 crypto rx=0 tx=0 comp rx=0 tx=0).handle_hello peer v2:172.21.15.1:3300/0 says I am v2:172.21.15.1:56738/0 (socket says 172.21.15.1:56738)
2024-04-26T01:38:50.773 INFO:teuthology.orchestra.run.smithi001.stdout:/usr/bin/ceph: stderr
2024-04-26T01:38:49.950+0000 7f3fff400700 1 -- 172.21.15.1:0/2794937909 learned_addr learned my addr 172.21.15.1:0/2794937909 (peer_addr_for_me v2:172.21.15.1:0/0)
2024-04-26T01:38:50.773 INFO:teuthology.orchestra.run.smithi001.stdout:/usr/bin/ceph: stderr
2024-04-26T01:38:49.951+0000 7f3fff400700 1 -- 172.21.15.1:0/2794937909 --> [v2:172.21.15.1:3300/0,v1:172.21.15.1:6789/0] -- mon_subscribe({config=0+,monmap=0+}) -- 0x7f400010ba00 con 0x7f400010a8c0
2024-04-26T01:38:50.774 INFO:teuthology.orchestra.run.smithi001.stdout:/usr/bin/ceph: stderr
2024-04-26T01:38:49.951+0000 7f3fff400700 1 --2- 172.21.15.1:0/2794937909 >> [v2:172.21.15.1:3300/0,v1:172.21.15.1:6789/0] conn(0x7f400010a8c0 0x7f400010ace0 secure :-1 s=READY pgs=39 cs=0 l=1 rev1=1 crypto rx=0x7f3ff00098a0 tx=0x7f3ff0009bb0 comp rx=0 tx=0).ready entity=mon.0 client_cookie=ec88dd17e8b6f5b3 server_cookie=0 in_seq=0 out_seq=0
2024-04-26T01:38:50.774 INFO:teuthology.orchestra.run.smithi001.stdout:/usr/bin/ceph: stderr
2024-04-26T01:38:49.952+0000 7f3ffea00700 1 -- 172.21.15.1:0/2794937909 <== mon.0 v2:172.21.15.1:3300/0 1 ==== mon_map magic: 0 ==== 205+0+0 (secure 0 0 0) 0x7f3ff0004160 con 0x7f400010a8c0
2024-04-26T01:38:50.778 INFO:teuthology.orchestra.run.smithi001.stdout:/usr/bin/ceph: stderr
2024-04-26T01:38:49.952+0000 7f3ffea00700 1 -- 172.21.15.1:0/2794937909 <== mon.0 v2:172.21.15.1:3300/0 2 ==== config(26 keys) ==== 1070+0+0 (secure 0 0 0) 0x7f3ff0004300 con 0x7f400010a8c0
2024-04-26T01:38:50.778 INFO:teuthology.orchestra.run.smithi001.stdout:/usr/bin/ceph: stderr
2024-04-26T01:38:49.952+0000 7f3ffea00700 1 -- 172.21.15.1:0/2794937909 <== mon.0 v2:172.21.15.1:3300/0 3 ==== mon_map magic: 0 ==== 205+0+0 (secure 0 0 0) 0x7f3ff0011af0 con 0x7f400010a8c0
2024-04-26T01:38:50.778 INFO:teuthology.orchestra.run.smithi001.stdout:/usr/bin/ceph: stderr
2024-04-26T01:38:49.952+0000 7f4006200700 1 -- 172.21.15.1:0/2794937909 >> [v2:172.21.15.1:3300/0,v1:172.21.15.1:6789/0] conn(0x7f400010a8c0 msgr2=0x7f400010ace0 secure :-1 s=STATE_CONNECTION_ESTABLISHED l=1).mark_down
2024-04-26T01:38:50.778 INFO:teuthology.orchestra.run.smithi001.stdout:/usr/bin/ceph: stderr
2024-04-26T01:38:49.952+0000 7f4006200700 1 --2- 172.21.15.1:0/2794937909 >> [v2:172.21.15.1:3300/0,v1:172.21.15.1:6789/0] conn(0x7f400010a8c0 0x7f400010ace0 secure :-1 s=READY pgs=39 cs=0 l=1 rev1=1 crypto rx=0x7f3ff00098a0 tx=0x7f3ff0009bb0 comp rx=0 tx=0).stop
2024-04-26T01:38:50.778 INFO:teuthology.orchestra.run.smithi001.stdout:/usr/bin/ceph: stderr
2024-04-26T01:38:49.952+0000 7f4006200700 1 -- 172.21.15.1:0/2794937909 shutdown_connections
2024-04-26T01:38:50.778 INFO:teuthology.orchestra.run.smithi001.stdout:/usr/bin/ceph: stderr
2024-04-26T01:38:49.952+0000 7f4006200700 1 --2- 172.21.15.1:0/2794937909 >> [v2:172.21.15.1:3300/0,v1:172.21.15.1:6789/0] conn(0x7f400010a8c0 0x7f400010ace0 unknown :-1 s=CLOSED pgs=39 cs=0 l=1 rev1=1 crypto rx=0 tx=0 comp rx=0 tx=0).stop
2024-04-26T01:38:50.778 INFO:teuthology.orchestra.run.smithi001.stdout:/usr/bin/ceph: stderr
2024-04-26T01:38:49.952+0000 7f4006200700 1 -- 172.21.15.1:0/2794937909 >> 172.21.15.1:0/2794937909 conn(0x7f400007dbd0 msgr2=0x7f400007e000 unknown :-1 s=STATE_NONE l=0).mark_down
2024-04-26T01:38:50.778 INFO:teuthology.orchestra.run.smithi001.stdout:/usr/bin/ceph: stderr
2024-04-26T01:38:49.953+0000 7f4006200700 1 -- 172.21.15.1:0/2794937909 shutdown_connections
2024-04-26T01:38:50.778 INFO:teuthology.orchestra.run.smithi001.stdout:/usr/bin/ceph: stderr
2024-04-26T01:38:49.953+0000 7f4006200700 1 -- 172.21.15.1:0/2794937909 wait complete.
2024-04-26T01:38:50.778 INFO:teuthology.orchestra.run.smithi001.stdout:/usr/bin/ceph: stderr
2024-04-26T01:38:49.954+0000 7f4006200700 1 Processor -- start
2024-04-26T01:38:50.779 INFO:teuthology.orchestra.run.smithi001.stdout:/usr/bin/ceph: stderr
2024-04-26T01:38:49.954+0000 7f4006200700 1 -- start start
2024-04-26T01:38:50.779 INFO:teuthology.orchestra.run.smithi001.stdout:/usr/bin/ceph: stderr
2024-04-26T01:38:49.954+0000 7f4006200700 1 --2- >> [v2:172.21.15.1:3300/0,v1:172.21.15.1:6789/0] conn(0x7f400010a8c0 0x7f400019e780 unknown :-1 s=NONE pgs=0 cs=0 l=1 rev1=0 crypto rx=0 tx=0 comp rx=0 tx=0).connect
2024-04-26T01:38:50.779 INFO:teuthology.orchestra.run.smithi001.stdout:/usr/bin/ceph: stderr
2024-04-26T01:38:49.954+0000 7f4006200700 1 -- --> [v2:172.21.15.1:3300/0,v1:172.21.15.1:6789/0] -- mon_getmap magic: 0 -- 0x7f400010ec30 con 0x7f400010a8c0
2024-04-26T01:38:50.779 INFO:teuthology.orchestra.run.smithi001.stdout:/usr/bin/ceph: stderr
2024-04-26T01:38:49.955+0000 7f3fff400700 1 --2- >> [v2:172.21.15.1:3300/0,v1:172.21.15.1:6789/0] conn(0x7f400010a8c0 0x7f400019e780 unknown :-1 s=BANNER_CONNECTING pgs=0 cs=0 l=1 rev1=0 crypto rx=0 tx=0 comp rx=0 tx=0)._handle_peer_banner_payload supported=3 required=0
2024-04-26T01:38:50.779 INFO:teuthology.orchestra.run.smithi001.stdout:/usr/bin/ceph: stderr
2024-04-26T01:38:49.955+0000 7f3fff400700 1 --2- >> [v2:172.21.15.1:3300/0,v1:172.21.15.1:6789/0] conn(0x7f400010a8c0 0x7f400019e780 unknown :-1 s=HELLO_CONNECTING pgs=0 cs=0 l=1 rev1=1 crypto rx=0 tx=0 comp rx=0 tx=0).handle_hello peer v2:172.21.15.1:3300/0 says I am v2:172.21.15.1:56750/0 (socket says 172.21.15.1:56750)
2024-04-26T01:38:50.779 INFO:teuthology.orchestra.run.smithi001.stdout:/usr/bin/ceph: stderr
2024-04-26T01:38:49.955+0000 7f3fff400700 1 -- 172.21.15.1:0/405450159 learned_addr learned my addr 172.21.15.1:0/405450159 (peer_addr_for_me v2:172.21.15.1:0/0)
2024-04-26T01:38:50.779 INFO:teuthology.orchestra.run.smithi001.stdout:/usr/bin/ceph: stderr
2024-04-26T01:38:49.955+0000 7f3fff400700 1 -- 172.21.15.1:0/405450159 --> [v2:172.21.15.1:3300/0,v1:172.21.15.1:6789/0] -- mon_subscribe({config=0+,monmap=0+}) -- 0x7f400019ecc0 con 0x7f400010a8c0
2024-04-26T01:38:50.779 INFO:teuthology.orchestra.run.smithi001.stdout:/usr/bin/ceph: stderr
2024-04-26T01:38:49.955+0000 7f3fff400700 1 --2- 172.21.15.1:0/405450159 >> [v2:172.21.15.1:3300/0,v1:172.21.15.1:6789/0] conn(0x7f400010a8c0 0x7f400019e780 secure :-1 s=READY pgs=40 cs=0 l=1 rev1=1 crypto rx=0x7f3ff00117b0 tx=0x7f3ff0011b70 comp rx=0 tx=0).ready entity=mon.0 client_cookie=0 server_cookie=0 in_seq=0 out_seq=0
2024-04-26T01:38:50.779 INFO:teuthology.orchestra.run.smithi001.stdout:/usr/bin/ceph: stderr
2024-04-26T01:38:49.955+0000 7f3ffcc00700 1 -- 172.21.15.1:0/405450159 <== mon.0 v2:172.21.15.1:3300/0 1 ==== mon_map magic: 0 ==== 205+0+0 (secure 0 0 0) 0x7f3ff0003af0 con 0x7f400010a8c0
2024-04-26T01:38:50.779 INFO:teuthology.orchestra.run.smithi001.stdout:/usr/bin/ceph: stderr
2024-04-26T01:38:49.956+0000 7f3ffcc00700 1 -- 172.21.15.1:0/405450159 <== mon.0 v2:172.21.15.1:3300/0 2 ==== config(26 keys) ==== 1070+0+0 (secure 0 0 0) 0x7f3ff0020070 con 0x7f400010a8c0
2024-04-26T01:38:50.779 INFO:teuthology.orchestra.run.smithi001.stdout:/usr/bin/ceph: stderr
2024-04-26T01:38:49.956+0000 7f3ffcc00700 1 -- 172.21.15.1:0/405450159 <== mon.0 v2:172.21.15.1:3300/0 3 ==== mon_map magic: 0 ==== 205+0+0 (secure 0 0 0) 0x7f3ff0019630 con 0x7f400010a8c0
2024-04-26T01:38:50.779 INFO:teuthology.orchestra.run.smithi001.stdout:/usr/bin/ceph: stderr
2024-04-26T01:38:49.956+0000 7f4006200700 1 -- 172.21.15.1:0/405450159 --> [v2:172.21.15.1:3300/0,v1:172.21.15.1:6789/0] -- mon_subscribe({mgrmap=0+}) -- 0x7f400019ef50 con 0x7f400010a8c0
2024-04-26T01:38:50.779 INFO:teuthology.orchestra.run.smithi001.stdout:/usr/bin/ceph: stderr
2024-04-26T01:38:49.956+0000 7f4006200700 1 -- 172.21.15.1:0/405450159 --> [v2:172.21.15.1:3300/0,v1:172.21.15.1:6789/0] -- mon_subscribe({osdmap=0}) -- 0x7f40001a1c40 con 0x7f400010a8c0
2024-04-26T01:38:50.779 INFO:teuthology.orchestra.run.smithi001.stdout:/usr/bin/ceph: stderr
2024-04-26T01:38:49.957+0000 7f3ffcc00700 1 -- 172.21.15.1:0/405450159 <== mon.0 v2:172.21.15.1:3300/0 4 ==== mgrmap(e 8) ==== 46558+0+0 (secure 0 0 0) 0x7f3ff001a430 con 0x7f400010a8c0
2024-04-26T01:38:50.779 INFO:teuthology.orchestra.run.smithi001.stdout:/usr/bin/ceph: stderr
2024-04-26T01:38:49.957+0000 7f4006200700 1 -- 172.21.15.1:0/405450159 --> [v2:172.21.15.1:3300/0,v1:172.21.15.1:6789/0] -- mon_command({"prefix": "get_command_descriptions"} v 0) -- 0x7f400010edb0 con 0x7f400010a8c0
2024-04-26T01:38:50.780 INFO:teuthology.orchestra.run.smithi001.stdout:/usr/bin/ceph: stderr
2024-04-26T01:38:49.958+0000 7f3ffcc00700 1 --2- 172.21.15.1:0/405450159 >> [v2:172.21.15.1:6800/1870580982,v1:172.21.15.1:6801/1870580982] conn(0x7f3fe4039600 0x7f3fe403bac0 unknown :-1 s=NONE pgs=0 cs=0 l=1 rev1=0 crypto rx=0 tx=0 comp rx=0 tx=0).connect
2024-04-26T01:38:50.780 INFO:teuthology.orchestra.run.smithi001.stdout:/usr/bin/ceph: stderr
2024-04-26T01:38:49.958+0000 7f3ffcc00700 1 -- 172.21.15.1:0/405450159 <== mon.0 v2:172.21.15.1:3300/0 5 ==== osd_map(2..2 src has 1..2) ==== 940+0+0 (secure 0 0 0) 0x7f3ff004db50 con 0x7f400010a8c0
2024-04-26T01:38:50.780 INFO:teuthology.orchestra.run.smithi001.stdout:/usr/bin/ceph: stderr
2024-04-26T01:38:49.958+0000 7f3ff7e00700 1 --2- 172.21.15.1:0/405450159 >> [v2:172.21.15.1:6800/1870580982,v1:172.21.15.1:6801/1870580982] conn(0x7f3fe4039600 0x7f3fe403bac0 unknown :-1 s=BANNER_CONNECTING pgs=0 cs=0 l=1 rev1=0 crypto rx=0 tx=0 comp rx=0 tx=0)._handle_peer_banner_payload supported=3 required=0
2024-04-26T01:38:50.780 INFO:teuthology.orchestra.run.smithi001.stdout:/usr/bin/ceph: stderr
2024-04-26T01:38:49.959+0000 7f3ff7e00700 1 --2- 172.21.15.1:0/405450159 >> [v2:172.21.15.1:6800/1870580982,v1:172.21.15.1:6801/1870580982] conn(0x7f3fe4039600 0x7f3fe403bac0 secure :-1 s=READY pgs=8 cs=0 l=1 rev1=1 crypto rx=0x7f3fe8006fd0 tx=0x7f3fe8006e40 comp rx=0 tx=0).ready entity=mgr.14120 client_cookie=0 server_cookie=0 in_seq=0 out_seq=0
2024-04-26T01:38:50.780 INFO:teuthology.orchestra.run.smithi001.stdout:/usr/bin/ceph: stderr
2024-04-26T01:38:49.964+0000 7f3ffcc00700 1 -- 172.21.15.1:0/405450159 <== mon.0 v2:172.21.15.1:3300/0 6 ==== mon_command_ack([{"prefix": "get_command_descriptions"}]=0 v0) ==== 72+0+188370 (secure 0 0 0) 0x7f3ff000e260 con 0x7f400010a8c0
2024-04-26T01:38:50.780 INFO:teuthology.orchestra.run.smithi001.stdout:/usr/bin/ceph: stderr
2024-04-26T01:38:50.195+0000 7f4006200700 1 -- 172.21.15.1:0/405450159 --> [v2:172.21.15.1:6800/1870580982,v1:172.21.15.1:6801/1870580982] -- mgr_command(tid 0: {"prefix": "cephadm set-user", "user": "root", "target": ["mon-mgr", ""]}) -- 0x7f4000108cc0 con 0x7f3fe4039600
2024-04-26T01:38:50.780 INFO:teuthology.orchestra.run.smithi001.stdout:/usr/bin/ceph: stderr
2024-04-26T01:38:50.197+0000 7f3ffcc00700 1 -- 172.21.15.1:0/405450159 <== mgr.14120 v2:172.21.15.1:6800/1870580982 1 ==== mgr_command_reply(tid 0: 0 ) ==== 8+0+16 (secure 0 0 0) 0x7f4000108cc0 con 0x7f3fe4039600
2024-04-26T01:38:50.780 INFO:teuthology.orchestra.run.smithi001.stdout:/usr/bin/ceph: stderr
2024-04-26T01:38:50.200+0000 7f4006200700 1 -- 172.21.15.1:0/405450159 >> [v2:172.21.15.1:6800/1870580982,v1:172.21.15.1:6801/1870580982] conn(0x7f3fe4039600 msgr2=0x7f3fe403bac0 secure :-1 s=STATE_CONNECTION_ESTABLISHED l=1).mark_down
2024-04-26T01:38:50.780 INFO:teuthology.orchestra.run.smithi001.stdout:/usr/bin/ceph: stderr
2024-04-26T01:38:50.200+0000 7f4006200700 1 --2- 172.21.15.1:0/405450159 >> [v2:172.21.15.1:6800/1870580982,v1:172.21.15.1:6801/1870580982] conn(0x7f3fe4039600 0x7f3fe403bac0 secure :-1 s=READY pgs=8 cs=0 l=1 rev1=1 crypto rx=0x7f3fe8006fd0 tx=0x7f3fe8006e40 comp rx=0 tx=0).stop
2024-04-26T01:38:50.780 INFO:teuthology.orchestra.run.smithi001.stdout:/usr/bin/ceph: stderr
2024-04-26T01:38:50.200+0000 7f4006200700 1 -- 172.21.15.1:0/405450159 >> [v2:172.21.15.1:3300/0,v1:172.21.15.1:6789/0] conn(0x7f400010a8c0 msgr2=0x7f400019e780 secure :-1 s=STATE_CONNECTION_ESTABLISHED l=1).mark_down
2024-04-26T01:38:50.780 INFO:teuthology.orchestra.run.smithi001.stdout:/usr/bin/ceph: stderr
2024-04-26T01:38:50.200+0000 7f4006200700 1 --2- 172.21.15.1:0/405450159 >> [v2:172.21.15.1:3300/0,v1:172.21.15.1:6789/0] conn(0x7f400010a8c0 0x7f400019e780 secure :-1 s=READY pgs=40 cs=0 l=1 rev1=1 crypto rx=0x7f3ff00117b0 tx=0x7f3ff0011b70 comp rx=0 tx=0).stop
2024-04-26T01:38:50.780 INFO:teuthology.orchestra.run.smithi001.stdout:/usr/bin/ceph: stderr
2024-04-26T01:38:50.201+0000 7f4006200700 1 -- 172.21.15.1:0/405450159 shutdown_connections
2024-04-26T01:38:50.780 INFO:teuthology.orchestra.run.smithi001.stdout:/usr/bin/ceph: stderr
2024-04-26T01:38:50.201+0000 7f4006200700 1 --2- 172.21.15.1:0/405450159 >> [v2:172.21.15.1:6800/1870580982,v1:172.21.15.1:6801/1870580982] conn(0x7f3fe4039600 0x7f3fe403bac0 unknown :-1 s=CLOSED pgs=8 cs=0 l=1 rev1=1 crypto rx=0 tx=0 comp rx=0 tx=0).stop
2024-04-26T01:38:50.780 INFO:teuthology.orchestra.run.smithi001.stdout:/usr/bin/ceph: stderr
2024-04-26T01:38:50.201+0000 7f4006200700 1 --2- 172.21.15.1:0/405450159 >> [v2:172.21.15.1:3300/0,v1:172.21.15.1:6789/0] conn(0x7f400010a8c0 0x7f400019e780 unknown :-1 s=CLOSED pgs=40 cs=0 l=1 rev1=1 crypto rx=0 tx=0 comp rx=0 tx=0).stop
2024-04-26T01:38:50.781 INFO:teuthology.orchestra.run.smithi001.stdout:/usr/bin/ceph: stderr
2024-04-26T01:38:50.201+0000 7f4006200700 1 -- 172.21.15.1:0/405450159 >> 172.21.15.1:0/405450159 conn(0x7f400007dbd0 msgr2=0x7f40001085b0 unknown :-1 s=STATE_NONE l=0).mark_down
2024-04-26T01:38:50.781 INFO:teuthology.orchestra.run.smithi001.stdout:/usr/bin/ceph: stderr
2024-04-26T01:38:50.201+0000 7f4006200700 1 -- 172.21.15.1:0/405450159 shutdown_connections
2024-04-26T01:38:50.781 INFO:teuthology.orchestra.run.smithi001.stdout:/usr/bin/ceph: stderr
2024-04-26T01:38:50.201+0000 7f4006200700 1 -- 172.21.15.1:0/405450159 wait complete.
2024-04-26T01:38:50.782 INFO:teuthology.orchestra.run.smithi001.stdout:Generating ssh key...
2024-04-26T01:38:51.055 INFO:journalctl@ceph.mon.a.smithi001.stdout:Apr 26 01:38:50 smithi001 ceph-mon[27822]: from='client.14134 -' entity='client.admin' cmd=[{"prefix": "cephadm set-user", "user": "root", "target": ["mon-mgr", ""]}]: dispatch
2024-04-26T01:38:52.129 INFO:journalctl@ceph.mgr.x.smithi001.stdout:Apr 26 01:38:51 smithi001 ceph-77cfcc80-036d-11ef-bc93-c7b262605968-mgr-x[28059]: Generating public/private rsa key pair.
2024-04-26T01:38:52.129 INFO:journalctl@ceph.mgr.x.smithi001.stdout:Apr 26 01:38:51 smithi001 ceph-77cfcc80-036d-11ef-bc93-c7b262605968-mgr-x[28059]: Your identification has been saved in /tmp/tmpneyvtyq9/key.
2024-04-26T01:38:52.129 INFO:journalctl@ceph.mgr.x.smithi001.stdout:Apr 26 01:38:51 smithi001 ceph-77cfcc80-036d-11ef-bc93-c7b262605968-mgr-x[28059]: Your public key has been saved in /tmp/tmpneyvtyq9/key.pub.
2024-04-26T01:38:52.129 INFO:journalctl@ceph.mgr.x.smithi001.stdout:Apr 26 01:38:51 smithi001 ceph-77cfcc80-036d-11ef-bc93-c7b262605968-mgr-x[28059]: The key fingerprint is:
2024-04-26T01:38:52.129 INFO:journalctl@ceph.mgr.x.smithi001.stdout:Apr 26 01:38:51 smithi001 ceph-77cfcc80-036d-11ef-bc93-c7b262605968-mgr-x[28059]: SHA256:Im4Tk+4FYXqO3dr0ogJqBn7AEhypJSxZrOa8tFp+sHk ceph-77cfcc80-036d-11ef-bc93-c7b262605968
2024-04-26T01:38:52.129 INFO:journalctl@ceph.mgr.x.smithi001.stdout:Apr 26 01:38:51 smithi001 ceph-77cfcc80-036d-11ef-bc93-c7b262605968-mgr-x[28059]: The key's randomart image is:
2024-04-26T01:38:52.129 INFO:journalctl@ceph.mgr.x.smithi001.stdout:Apr 26 01:38:51 smithi001 ceph-77cfcc80-036d-11ef-bc93-c7b262605968-mgr-x[28059]: +---[RSA 3072]----+
2024-04-26T01:38:52.130 INFO:journalctl@ceph.mgr.x.smithi001.stdout:Apr 26 01:38:51 smithi001 ceph-77cfcc80-036d-11ef-bc93-c7b262605968-mgr-x[28059]: |.+o |
2024-04-26T01:38:52.130 INFO:journalctl@ceph.mgr.x.smithi001.stdout:Apr 26 01:38:51 smithi001 ceph-77cfcc80-036d-11ef-bc93-c7b262605968-mgr-x[28059]: |++o |
2024-04-26T01:38:52.130 INFO:journalctl@ceph.mgr.x.smithi001.stdout:Apr 26 01:38:51 smithi001 ceph-77cfcc80-036d-11ef-bc93-c7b262605968-mgr-x[28059]: |++. o |
2024-04-26T01:38:52.130 INFO:journalctl@ceph.mgr.x.smithi001.stdout:Apr 26 01:38:51 smithi001 ceph-77cfcc80-036d-11ef-bc93-c7b262605968-mgr-x[28059]: |+o o o |
2024-04-26T01:38:52.130 INFO:journalctl@ceph.mgr.x.smithi001.stdout:Apr 26 01:38:51 smithi001 ceph-77cfcc80-036d-11ef-bc93-c7b262605968-mgr-x[28059]: |=.. B . S |
2024-04-26T01:38:52.130 INFO:journalctl@ceph.mgr.x.smithi001.stdout:Apr 26 01:38:51 smithi001 ceph-77cfcc80-036d-11ef-bc93-c7b262605968-mgr-x[28059]: |+*.B * . |
2024-04-26T01:38:52.130 INFO:journalctl@ceph.mgr.x.smithi001.stdout:Apr 26 01:38:51 smithi001 ceph-77cfcc80-036d-11ef-bc93-c7b262605968-mgr-x[28059]: |*.*+B + |
2024-04-26T01:38:52.130 INFO:journalctl@ceph.mgr.x.smithi001.stdout:Apr 26 01:38:51 smithi001 ceph-77cfcc80-036d-11ef-bc93-c7b262605968-mgr-x[28059]: |.O++E*.. |
2024-04-26T01:38:52.130 INFO:journalctl@ceph.mgr.x.smithi001.stdout:Apr 26 01:38:51 smithi001 ceph-77cfcc80-036d-11ef-bc93-c7b262605968-mgr-x[28059]: |= o++.... |
2024-04-26T01:38:52.130 INFO:journalctl@ceph.mgr.x.smithi001.stdout:Apr 26 01:38:51 smithi001 ceph-77cfcc80-036d-11ef-bc93-c7b262605968-mgr-x[28059]: +----[SHA256]-----+
2024-04-26T01:38:52.513 INFO:teuthology.orchestra.run.smithi001.stdout:/usr/bin/ceph: stderr
2024-04-26T01:38:51.364+0000 7f6e3f800700 1 Processor -- start
2024-04-26T01:38:52.514 INFO:teuthology.orchestra.run.smithi001.stdout:/usr/bin/ceph: stderr
2024-04-26T01:38:51.364+0000 7f6e3f800700 1 -- start start
2024-04-26T01:38:52.514 INFO:teuthology.orchestra.run.smithi001.stdout:/usr/bin/ceph: stderr
2024-04-26T01:38:51.365+0000 7f6e3f800700 1 --2- >> [v2:172.21.15.1:3300/0,v1:172.21.15.1:6789/0] conn(0x7f6e3807ddd0 0x7f6e3807c230 unknown :-1 s=NONE pgs=0 cs=0 l=0 rev1=0 crypto rx=0 tx=0 comp rx=0 tx=0).connect
2024-04-26T01:38:52.514 INFO:teuthology.orchestra.run.smithi001.stdout:/usr/bin/ceph: stderr
2024-04-26T01:38:51.365+0000 7f6e3f800700 1 -- --> [v2:172.21.15.1:3300/0,v1:172.21.15.1:6789/0] -- mon_getmap magic: 0 -- 0x7f6e3807c800 con 0x7f6e3807ddd0
2024-04-26T01:38:52.514 INFO:teuthology.orchestra.run.smithi001.stdout:/usr/bin/ceph: stderr
2024-04-26T01:38:51.365+0000 7f6e3ce00700 1 --2- >> [v2:172.21.15.1:3300/0,v1:172.21.15.1:6789/0] conn(0x7f6e3807ddd0 0x7f6e3807c230 unknown :-1 s=BANNER_CONNECTING pgs=0 cs=0 l=0 rev1=0 crypto rx=0 tx=0 comp rx=0 tx=0)._handle_peer_banner_payload supported=3 required=0
2024-04-26T01:38:52.514 INFO:teuthology.orchestra.run.smithi001.stdout:/usr/bin/ceph: stderr
2024-04-26T01:38:51.365+0000 7f6e3ce00700 1 --2- >> [v2:172.21.15.1:3300/0,v1:172.21.15.1:6789/0] conn(0x7f6e3807ddd0 0x7f6e3807c230 unknown :-1 s=HELLO_CONNECTING pgs=0 cs=0 l=0 rev1=1 crypto rx=0 tx=0 comp rx=0 tx=0).handle_hello peer v2:172.21.15.1:3300/0 says I am v2:172.21.15.1:56752/0 (socket says 172.21.15.1:56752)
2024-04-26T01:38:52.514 INFO:teuthology.orchestra.run.smithi001.stdout:/usr/bin/ceph: stderr
2024-04-26T01:38:51.365+0000 7f6e3ce00700 1 -- 172.21.15.1:0/2531195216 learned_addr learned my addr 172.21.15.1:0/2531195216 (peer_addr_for_me v2:172.21.15.1:0/0)
2024-04-26T01:38:52.514 INFO:teuthology.orchestra.run.smithi001.stdout:/usr/bin/ceph: stderr
2024-04-26T01:38:51.365+0000 7f6e3ce00700 1 -- 172.21.15.1:0/2531195216 --> [v2:172.21.15.1:3300/0,v1:172.21.15.1:6789/0] -- mon_subscribe({config=0+,monmap=0+}) -- 0x7f6e3807c980 con 0x7f6e3807ddd0
2024-04-26T01:38:52.514 INFO:teuthology.orchestra.run.smithi001.stdout:/usr/bin/ceph: stderr
2024-04-26T01:38:51.366+0000 7f6e3ce00700 1 --2- 172.21.15.1:0/2531195216 >> [v2:172.21.15.1:3300/0,v1:172.21.15.1:6789/0] conn(0x7f6e3807ddd0 0x7f6e3807c230 secure :-1 s=READY pgs=41 cs=0 l=1 rev1=1 crypto rx=0x7f6e2c0098a0 tx=0x7f6e2c009bb0 comp rx=0 tx=0).ready entity=mon.0 client_cookie=42194e770e78ddcc server_cookie=0 in_seq=0 out_seq=0
2024-04-26T01:38:52.514 INFO:teuthology.orchestra.run.smithi001.stdout:/usr/bin/ceph: stderr
2024-04-26T01:38:51.366+0000 7f6e37400700 1 -- 172.21.15.1:0/2531195216 <== mon.0 v2:172.21.15.1:3300/0 1 ==== mon_map magic: 0 ==== 205+0+0 (secure 0 0 0) 0x7f6e2c004160 con 0x7f6e3807ddd0
2024-04-26T01:38:52.514 INFO:teuthology.orchestra.run.smithi001.stdout:/usr/bin/ceph: stderr
2024-04-26T01:38:51.366+0000 7f6e37400700 1 -- 172.21.15.1:0/2531195216 <== mon.0 v2:172.21.15.1:3300/0 2 ==== config(26 keys) ==== 1070+0+0 (secure 0 0 0) 0x7f6e2c004300 con 0x7f6e3807ddd0
2024-04-26T01:38:52.514 INFO:teuthology.orchestra.run.smithi001.stdout:/usr/bin/ceph: stderr
2024-04-26T01:38:51.366+0000 7f6e37400700 1 -- 172.21.15.1:0/2531195216 <== mon.0 v2:172.21.15.1:3300/0 3 ==== mon_map magic: 0 ==== 205+0+0 (secure 0 0 0) 0x7f6e2c011af0 con 0x7f6e3807ddd0
2024-04-26T01:38:52.514 INFO:teuthology.orchestra.run.smithi001.stdout:/usr/bin/ceph: stderr
2024-04-26T01:38:51.367+0000 7f6e3f800700 1 -- 172.21.15.1:0/2531195216 >> [v2:172.21.15.1:3300/0,v1:172.21.15.1:6789/0] conn(0x7f6e3807ddd0 msgr2=0x7f6e3807c230 secure :-1 s=STATE_CONNECTION_ESTABLISHED l=1).mark_down
2024-04-26T01:38:52.515 INFO:teuthology.orchestra.run.smithi001.stdout:/usr/bin/ceph: stderr
2024-04-26T01:38:51.367+0000 7f6e3f800700 1 --2- 172.21.15.1:0/2531195216 >> [v2:172.21.15.1:3300/0,v1:172.21.15.1:6789/0] conn(0x7f6e3807ddd0 0x7f6e3807c230 secure :-1 s=READY pgs=41 cs=0 l=1 rev1=1 crypto rx=0x7f6e2c0098a0 tx=0x7f6e2c009bb0 comp rx=0 tx=0).stop
2024-04-26T01:38:52.518 INFO:teuthology.orchestra.run.smithi001.stdout:/usr/bin/ceph: stderr
2024-04-26T01:38:51.367+0000 7f6e3f800700 1 -- 172.21.15.1:0/2531195216 shutdown_connections
2024-04-26T01:38:52.518 INFO:teuthology.orchestra.run.smithi001.stdout:/usr/bin/ceph: stderr
2024-04-26T01:38:51.367+0000 7f6e3f800700 1 --2- 172.21.15.1:0/2531195216 >> [v2:172.21.15.1:3300/0,v1:172.21.15.1:6789/0] conn(0x7f6e3807ddd0 0x7f6e3807c230 unknown :-1 s=CLOSED pgs=41 cs=0 l=1 rev1=1 crypto rx=0 tx=0 comp rx=0 tx=0).stop
2024-04-26T01:38:52.519 INFO:teuthology.orchestra.run.smithi001.stdout:/usr/bin/ceph: stderr
2024-04-26T01:38:51.367+0000 7f6e3f800700 1 -- 172.21.15.1:0/2531195216 >> 172.21.15.1:0/2531195216 conn(0x7f6e38103c70 msgr2=0x7f6e38106090 unknown :-1 s=STATE_NONE l=0).mark_down
2024-04-26T01:38:52.519 INFO:teuthology.orchestra.run.smithi001.stdout:/usr/bin/ceph: stderr
2024-04-26T01:38:51.367+0000 7f6e3f800700 1 -- 172.21.15.1:0/2531195216 shutdown_connections
2024-04-26T01:38:52.519 INFO:teuthology.orchestra.run.smithi001.stdout:/usr/bin/ceph: stderr
2024-04-26T01:38:51.367+0000 7f6e3f800700 1 -- 172.21.15.1:0/2531195216 wait complete.
2024-04-26T01:38:52.519 INFO:teuthology.orchestra.run.smithi001.stdout:/usr/bin/ceph: stderr
2024-04-26T01:38:51.368+0000 7f6e3f800700 1 Processor -- start
2024-04-26T01:38:52.519 INFO:teuthology.orchestra.run.smithi001.stdout:/usr/bin/ceph: stderr
2024-04-26T01:38:51.368+0000 7f6e3f800700 1 -- start start
2024-04-26T01:38:52.519 INFO:teuthology.orchestra.run.smithi001.stdout:/usr/bin/ceph: stderr
2024-04-26T01:38:51.369+0000 7f6e3f800700 1 --2- >> [v2:172.21.15.1:3300/0,v1:172.21.15.1:6789/0] conn(0x7f6e3807ddd0 0x7f6e3819e770 unknown :-1 s=NONE pgs=0 cs=0 l=1 rev1=0 crypto rx=0 tx=0 comp rx=0 tx=0).connect
2024-04-26T01:38:52.519 INFO:teuthology.orchestra.run.smithi001.stdout:/usr/bin/ceph: stderr
2024-04-26T01:38:51.369+0000 7f6e3f800700 1 -- --> [v2:172.21.15.1:3300/0,v1:172.21.15.1:6789/0] -- mon_getmap magic: 0 -- 0x7f6e3810eb70 con 0x7f6e3807ddd0
2024-04-26T01:38:52.519 INFO:teuthology.orchestra.run.smithi001.stdout:/usr/bin/ceph: stderr
2024-04-26T01:38:51.369+0000 7f6e3ce00700 1 --2- >> [v2:172.21.15.1:3300/0,v1:172.21.15.1:6789/0] conn(0x7f6e3807ddd0 0x7f6e3819e770 unknown :-1 s=BANNER_CONNECTING pgs=0 cs=0 l=1 rev1=0 crypto rx=0 tx=0 comp rx=0 tx=0)._handle_peer_banner_payload supported=3 required=0
2024-04-26T01:38:52.519 INFO:teuthology.orchestra.run.smithi001.stdout:/usr/bin/ceph: stderr
2024-04-26T01:38:51.369+0000 7f6e3ce00700 1 --2- >> [v2:172.21.15.1:3300/0,v1:172.21.15.1:6789/0] conn(0x7f6e3807ddd0 0x7f6e3819e770 unknown :-1 s=HELLO_CONNECTING pgs=0 cs=0 l=1 rev1=1 crypto rx=0 tx=0 comp rx=0 tx=0).handle_hello peer v2:172.21.15.1:3300/0 says I am v2:172.21.15.1:56756/0 (socket says 172.21.15.1:56756)
2024-04-26T01:38:52.519 INFO:teuthology.orchestra.run.smithi001.stdout:/usr/bin/ceph: stderr
2024-04-26T01:38:51.369+0000 7f6e3ce00700 1 -- 172.21.15.1:0/2985274772 learned_addr learned my addr 172.21.15.1:0/2985274772 (peer_addr_for_me v2:172.21.15.1:0/0)
2024-04-26T01:38:52.520 INFO:teuthology.orchestra.run.smithi001.stdout:/usr/bin/ceph: stderr
2024-04-26T01:38:51.369+0000 7f6e3ce00700 1 -- 172.21.15.1:0/2985274772 --> [v2:172.21.15.1:3300/0,v1:172.21.15.1:6789/0] -- mon_subscribe({config=0+,monmap=0+}) -- 0x7f6e3819ecb0 con 0x7f6e3807ddd0
2024-04-26T01:38:52.520 INFO:teuthology.orchestra.run.smithi001.stdout:/usr/bin/ceph: stderr
2024-04-26T01:38:51.370+0000 7f6e3ce00700 1 --2- 172.21.15.1:0/2985274772 >> [v2:172.21.15.1:3300/0,v1:172.21.15.1:6789/0] conn(0x7f6e3807ddd0 0x7f6e3819e770 secure :-1 s=READY pgs=42 cs=0 l=1 rev1=1 crypto rx=0x7f6e2c0117b0 tx=0x7f6e2c011b70 comp rx=0 tx=0).ready entity=mon.0 client_cookie=0 server_cookie=0 in_seq=0 out_seq=0
2024-04-26T01:38:52.520 INFO:teuthology.orchestra.run.smithi001.stdout:/usr/bin/ceph: stderr
2024-04-26T01:38:51.370+0000 7f6e35600700 1 -- 172.21.15.1:0/2985274772 <== mon.0 v2:172.21.15.1:3300/0 1 ==== mon_map magic: 0 ==== 205+0+0 (secure 0 0 0) 0x7f6e2c003af0 con 0x7f6e3807ddd0
2024-04-26T01:38:52.520 INFO:teuthology.orchestra.run.smithi001.stdout:/usr/bin/ceph: stderr
2024-04-26T01:38:51.370+0000 7f6e35600700 1 -- 172.21.15.1:0/2985274772 <== mon.0 v2:172.21.15.1:3300/0 2 ==== config(26 keys) ==== 1070+0+0 (secure 0 0 0) 0x7f6e2c020070 con 0x7f6e3807ddd0
2024-04-26T01:38:52.520 INFO:teuthology.orchestra.run.smithi001.stdout:/usr/bin/ceph: stderr
2024-04-26T01:38:51.370+0000 7f6e3f800700 1 -- 172.21.15.1:0/2985274772 --> [v2:172.21.15.1:3300/0,v1:172.21.15.1:6789/0] -- mon_subscribe({mgrmap=0+}) -- 0x7f6e3819ef40 con 0x7f6e3807ddd0
2024-04-26T01:38:52.520 INFO:teuthology.orchestra.run.smithi001.stdout:/usr/bin/ceph: stderr
2024-04-26T01:38:51.370+0000 7f6e35600700 1 -- 172.21.15.1:0/2985274772 <== mon.0 v2:172.21.15.1:3300/0 3 ==== mon_map magic: 0 ==== 205+0+0 (secure 0 0 0) 0x7f6e2c019550 con 0x7f6e3807ddd0
2024-04-26T01:38:52.520 INFO:teuthology.orchestra.run.smithi001.stdout:/usr/bin/ceph: stderr
2024-04-26T01:38:51.370+0000 7f6e3f800700 1 -- 172.21.15.1:0/2985274772 --> [v2:172.21.15.1:3300/0,v1:172.21.15.1:6789/0] -- mon_subscribe({osdmap=0}) -- 0x7f6e381a1c30 con 0x7f6e3807ddd0
2024-04-26T01:38:52.520 INFO:teuthology.orchestra.run.smithi001.stdout:/usr/bin/ceph: stderr
2024-04-26T01:38:51.371+0000 7f6e3f800700 1 -- 172.21.15.1:0/2985274772 --> [v2:172.21.15.1:3300/0,v1:172.21.15.1:6789/0] -- mon_command({"prefix": "get_command_descriptions"} v 0) -- 0x7f6e380640a0 con 0x7f6e3807ddd0
2024-04-26T01:38:52.520 INFO:teuthology.orchestra.run.smithi001.stdout:/usr/bin/ceph: stderr
2024-04-26T01:38:51.371+0000 7f6e35600700 1 -- 172.21.15.1:0/2985274772 <== mon.0 v2:172.21.15.1:3300/0 4 ==== mgrmap(e 8) ==== 46558+0+0 (secure 0 0 0) 0x7f6e2c019810 con 0x7f6e3807ddd0
2024-04-26T01:38:52.520 INFO:teuthology.orchestra.run.smithi001.stdout:/usr/bin/ceph: stderr
2024-04-26T01:38:51.372+0000 7f6e35600700 1 --2- 172.21.15.1:0/2985274772 >> [v2:172.21.15.1:6800/1870580982,v1:172.21.15.1:6801/1870580982] conn(0x7f6e200395b0 0x7f6e2003ba70 unknown :-1 s=NONE pgs=0 cs=0 l=1 rev1=0 crypto rx=0 tx=0 comp rx=0 tx=0).connect
2024-04-26T01:38:52.520 INFO:teuthology.orchestra.run.smithi001.stdout:/usr/bin/ceph: stderr
2024-04-26T01:38:51.372+0000 7f6e35600700 1 -- 172.21.15.1:0/2985274772 <== mon.0 v2:172.21.15.1:3300/0 5 ==== osd_map(2..2 src has 1..2) ==== 940+0+0 (secure 0 0 0) 0x7f6e2c04dad0 con 0x7f6e3807ddd0
2024-04-26T01:38:52.520 INFO:teuthology.orchestra.run.smithi001.stdout:/usr/bin/ceph: stderr
2024-04-26T01:38:51.372+0000 7f6e37e00700 1 --2- 172.21.15.1:0/2985274772 >> [v2:172.21.15.1:6800/1870580982,v1:172.21.15.1:6801/1870580982] conn(0x7f6e200395b0 0x7f6e2003ba70 unknown :-1 s=BANNER_CONNECTING pgs=0 cs=0 l=1 rev1=0 crypto rx=0 tx=0 comp rx=0 tx=0)._handle_peer_banner_payload supported=3 required=0
2024-04-26T01:38:52.520 INFO:teuthology.orchestra.run.smithi001.stdout:/usr/bin/ceph: stderr
2024-04-26T01:38:51.373+0000 7f6e37e00700 1 --2- 172.21.15.1:0/2985274772 >> [v2:172.21.15.1:6800/1870580982,v1:172.21.15.1:6801/1870580982] conn(0x7f6e200395b0 0x7f6e2003ba70 secure :-1 s=READY pgs=9 cs=0 l=1 rev1=1 crypto rx=0x7f6e28006fd0 tx=0x7f6e28006e40 comp rx=0 tx=0).ready entity=mgr.14120 client_cookie=0 server_cookie=0 in_seq=0 out_seq=0
2024-04-26T01:38:52.521 INFO:teuthology.orchestra.run.smithi001.stdout:/usr/bin/ceph: stderr
2024-04-26T01:38:51.377+0000 7f6e35600700 1 -- 172.21.15.1:0/2985274772 <== mon.0 v2:172.21.15.1:3300/0 6 ==== mon_command_ack([{"prefix": "get_command_descriptions"}]=0 v0) ==== 72+0+188370 (secure 0 0 0) 0x7f6e2c00e260 con 0x7f6e3807ddd0
2024-04-26T01:38:52.521 INFO:teuthology.orchestra.run.smithi001.stdout:/usr/bin/ceph: stderr
2024-04-26T01:38:51.612+0000 7f6e3f800700 1 -- 172.21.15.1:0/2985274772 --> [v2:172.21.15.1:6800/1870580982,v1:172.21.15.1:6801/1870580982] -- mgr_command(tid 0: {"prefix": "cephadm generate-key", "target": ["mon-mgr", ""]}) -- 0x7f6e38104ed0 con 0x7f6e200395b0
2024-04-26T01:38:52.521 INFO:teuthology.orchestra.run.smithi001.stdout:/usr/bin/ceph: stderr
2024-04-26T01:38:51.796+0000 7f6e35600700 1 -- 172.21.15.1:0/2985274772 <== mgr.14120 v2:172.21.15.1:6800/1870580982 1 ==== mgr_command_reply(tid 0: 0 ) ==== 8+0+0 (secure 0 0 0) 0x7f6e38104ed0 con 0x7f6e200395b0
2024-04-26T01:38:52.521 INFO:teuthology.orchestra.run.smithi001.stdout:/usr/bin/ceph: stderr
2024-04-26T01:38:51.799+0000 7f6e3f800700 1 -- 172.21.15.1:0/2985274772 >> [v2:172.21.15.1:6800/1870580982,v1:172.21.15.1:6801/1870580982] conn(0x7f6e200395b0 msgr2=0x7f6e2003ba70 secure :-1 s=STATE_CONNECTION_ESTABLISHED l=1).mark_down
2024-04-26T01:38:52.521 INFO:teuthology.orchestra.run.smithi001.stdout:/usr/bin/ceph: stderr
2024-04-26T01:38:51.799+0000 7f6e3f800700 1 --2- 172.21.15.1:0/2985274772 >> [v2:172.21.15.1:6800/1870580982,v1:172.21.15.1:6801/1870580982] conn(0x7f6e200395b0 0x7f6e2003ba70 secure :-1 s=READY pgs=9 cs=0 l=1 rev1=1 crypto rx=0x7f6e28006fd0 tx=0x7f6e28006e40 comp rx=0 tx=0).stop
2024-04-26T01:38:52.521 INFO:teuthology.orchestra.run.smithi001.stdout:/usr/bin/ceph: stderr
2024-04-26T01:38:51.799+0000 7f6e3f800700 1 -- 172.21.15.1:0/2985274772 >> [v2:172.21.15.1:3300/0,v1:172.21.15.1:6789/0] conn(0x7f6e3807ddd0 msgr2=0x7f6e3819e770 secure :-1 s=STATE_CONNECTION_ESTABLISHED l=1).mark_down
2024-04-26T01:38:52.521 INFO:teuthology.orchestra.run.smithi001.stdout:/usr/bin/ceph: stderr
2024-04-26T01:38:51.799+0000 7f6e3f800700 1 --2- 172.21.15.1:0/2985274772 >> [v2:172.21.15.1:3300/0,v1:172.21.15.1:6789/0] conn(0x7f6e3807ddd0 0x7f6e3819e770 secure :-1 s=READY pgs=42 cs=0 l=1 rev1=1 crypto rx=0x7f6e2c0117b0 tx=0x7f6e2c011b70 comp rx=0 tx=0).stop
2024-04-26T01:38:52.521 INFO:teuthology.orchestra.run.smithi001.stdout:/usr/bin/ceph: stderr
2024-04-26T01:38:51.799+0000 7f6e3f800700 1 -- 172.21.15.1:0/2985274772 shutdown_connections
2024-04-26T01:38:52.521 INFO:teuthology.orchestra.run.smithi001.stdout:/usr/bin/ceph: stderr
2024-04-26T01:38:51.799+0000 7f6e3f800700 1 --2- 172.21.15.1:0/2985274772 >> [v2:172.21.15.1:6800/1870580982,v1:172.21.15.1:6801/1870580982] conn(0x7f6e200395b0 0x7f6e2003ba70 unknown :-1 s=CLOSED pgs=9 cs=0 l=1 rev1=1 crypto rx=0 tx=0 comp rx=0 tx=0).stop
2024-04-26T01:38:52.521 INFO:teuthology.orchestra.run.smithi001.stdout:/usr/bin/ceph: stderr
2024-04-26T01:38:51.799+0000 7f6e3f800700 1 --2- 172.21.15.1:0/2985274772 >> [v2:172.21.15.1:3300/0,v1:172.21.15.1:6789/0] conn(0x7f6e3807ddd0 0x7f6e3819e770 unknown :-1 s=CLOSED pgs=42 cs=0 l=1 rev1=1 crypto rx=0 tx=0 comp rx=0 tx=0).stop
2024-04-26T01:38:52.521 INFO:teuthology.orchestra.run.smithi001.stdout:/usr/bin/ceph: stderr
2024-04-26T01:38:51.799+0000 7f6e3f800700 1 -- 172.21.15.1:0/2985274772 >> 172.21.15.1:0/2985274772 conn(0x7f6e38103c70 msgr2=0x7f6e381047c0 unknown :-1 s=STATE_NONE l=0).mark_down
2024-04-26T01:38:52.521 INFO:teuthology.orchestra.run.smithi001.stdout:/usr/bin/ceph: stderr
2024-04-26T01:38:51.799+0000 7f6e3f800700 1 -- 172.21.15.1:0/2985274772 shutdown_connections
2024-04-26T01:38:52.521 INFO:teuthology.orchestra.run.smithi001.stdout:/usr/bin/ceph: stderr
2024-04-26T01:38:51.800+0000 7f6e3f800700 1 -- 172.21.15.1:0/2985274772 wait complete.
2024-04-26T01:38:53.038 INFO:journalctl@ceph.mon.a.smithi001.stdout:Apr 26 01:38:52 smithi001 ceph-mon[27822]: from='client.14136 -' entity='client.admin' cmd=[{"prefix": "cephadm generate-key", "target": ["mon-mgr", ""]}]: dispatch
2024-04-26T01:38:53.039 INFO:journalctl@ceph.mon.a.smithi001.stdout:Apr 26 01:38:52 smithi001 ceph-mon[27822]: Generating ssh key...
2024-04-26T01:38:53.039 INFO:journalctl@ceph.mon.a.smithi001.stdout:Apr 26 01:38:52 smithi001 ceph-mon[27822]: from='mgr.14120 172.21.15.1:0/4179471221' entity='mgr.x'
2024-04-26T01:38:53.039 INFO:journalctl@ceph.mon.a.smithi001.stdout:Apr 26 01:38:52 smithi001 ceph-mon[27822]: from='mgr.14120 172.21.15.1:0/4179471221' entity='mgr.x'
2024-04-26T01:38:54.127 INFO:journalctl@ceph.mon.a.smithi001.stdout:Apr 26 01:38:53 smithi001 ceph-mon[27822]: from='client.14138 -' entity='client.admin' cmd=[{"prefix": "cephadm get-pub-key", "target": ["mon-mgr", ""]}]: dispatch
2024-04-26T01:38:54.275 INFO:teuthology.orchestra.run.smithi001.stdout:/usr/bin/ceph: stdout ssh-rsa AAAAB3NzaC1yc2EAAAADAQABAAABgQCa5A5IQvnMrpVirYsaCjt9dyCZTEK2sAxmAtBUYdoTzM7TcEiQw1v6QEgjQLogT3f5u81yYpmsMu8O0XcInh5ov31EDYpE+gHS/zmpoSih+ivMuETd7bvNeC9oX2tdrGugXHX4IlXzN2HjsOg4MWLw5fVebLO2CVgIbgi+7Q3vaucSqrKhDplHKMo173Qu9nathtbNj29CN8/G8KVsI5lNw053CsvcDET43mafxe5gAcKiIyRu3B7Bq9mTfyFvKz2aTCIZCWTTF7r7xj0GwTR0VV7+1EPDV7y0pOyDys42s6yNV8MiVuufGy4FjFUHHR2RXUyh4Y/mlBTEvRXBAXfHnkGoJdS6RzjhViKeQwGAxt+vSqOLeXXn9AADRXIc3FLo+LfcqED9r5K8pMke6HPVeH8LuoEbcUw6XVl6hHpt3Ah6Zi90Rj1BgmdsiG55fOcXwIiLe00b+9bdtq12clO+ajfAdqDT7NYuRzJpFjmgGoGBHBvMlyiOvaC49fHBNNc= ceph-77cfcc80-036d-11ef-bc93-c7b262605968
2024-04-26T01:38:54.275 INFO:teuthology.orchestra.run.smithi001.stdout:/usr/bin/ceph: stderr
2024-04-26T01:38:53.210+0000 7f7d4d200700 1 Processor -- start
2024-04-26T01:38:54.276 INFO:teuthology.orchestra.run.smithi001.stdout:/usr/bin/ceph: stderr
2024-04-26T01:38:53.210+0000 7f7d4d200700 1 -- start start
2024-04-26T01:38:54.277 INFO:teuthology.orchestra.run.smithi001.stdout:/usr/bin/ceph: stderr
2024-04-26T01:38:53.211+0000 7f7d4d200700 1 --2- >> [v2:172.21.15.1:3300/0,v1:172.21.15.1:6789/0] conn(0x7f7d481090b0 0x7f7d4810b4a0 unknown :-1 s=NONE pgs=0 cs=0 l=0 rev1=0 crypto rx=0 tx=0 comp rx=0 tx=0).connect
2024-04-26T01:38:54.277 INFO:teuthology.orchestra.run.smithi001.stdout:/usr/bin/ceph: stderr
2024-04-26T01:38:53.211+0000 7f7d4d200700 1 -- --> [v2:172.21.15.1:3300/0,v1:172.21.15.1:6789/0] -- mon_getmap magic: 0 -- 0x7f7d48063d60 con 0x7f7d481090b0
2024-04-26T01:38:54.277 INFO:teuthology.orchestra.run.smithi001.stdout:/usr/bin/ceph: stderr
2024-04-26T01:38:53.211+0000 7f7d45e00700 1 --2- >> [v2:172.21.15.1:3300/0,v1:172.21.15.1:6789/0] conn(0x7f7d481090b0 0x7f7d4810b4a0 unknown :-1 s=BANNER_CONNECTING pgs=0 cs=0 l=0 rev1=0 crypto rx=0 tx=0 comp rx=0 tx=0)._handle_peer_banner_payload supported=3 required=0
2024-04-26T01:38:54.277 INFO:teuthology.orchestra.run.smithi001.stdout:/usr/bin/ceph: stderr
2024-04-26T01:38:53.211+0000 7f7d45e00700 1 --2- >> [v2:172.21.15.1:3300/0,v1:172.21.15.1:6789/0] conn(0x7f7d481090b0 0x7f7d4810b4a0 unknown :-1 s=HELLO_CONNECTING pgs=0 cs=0 l=0 rev1=1 crypto rx=0 tx=0 comp rx=0 tx=0).handle_hello peer v2:172.21.15.1:3300/0 says I am v2:172.21.15.1:48880/0 (socket says 172.21.15.1:48880)
2024-04-26T01:38:54.277 INFO:teuthology.orchestra.run.smithi001.stdout:/usr/bin/ceph: stderr
2024-04-26T01:38:53.211+0000 7f7d45e00700 1 -- 172.21.15.1:0/2156926459 learned_addr learned my addr 172.21.15.1:0/2156926459 (peer_addr_for_me v2:172.21.15.1:0/0)
2024-04-26T01:38:54.277 INFO:teuthology.orchestra.run.smithi001.stdout:/usr/bin/ceph: stderr
2024-04-26T01:38:53.212+0000 7f7d45e00700 1 -- 172.21.15.1:0/2156926459 --> [v2:172.21.15.1:3300/0,v1:172.21.15.1:6789/0] -- mon_subscribe({config=0+,monmap=0+}) -- 0x7f7d4810b9e0 con 0x7f7d481090b0
2024-04-26T01:38:54.278 INFO:teuthology.orchestra.run.smithi001.stdout:/usr/bin/ceph: stderr
2024-04-26T01:38:53.212+0000 7f7d45e00700 1 --2- 172.21.15.1:0/2156926459 >> [v2:172.21.15.1:3300/0,v1:172.21.15.1:6789/0] conn(0x7f7d481090b0 0x7f7d4810b4a0 secure :-1 s=READY pgs=43 cs=0 l=1 rev1=1 crypto rx=0x7f7d380098a0 tx=0x7f7d38009bb0 comp rx=0 tx=0).ready entity=mon.0 client_cookie=81ad4743279032ed server_cookie=0 in_seq=0 out_seq=0
2024-04-26T01:38:54.278 INFO:teuthology.orchestra.run.smithi001.stdout:/usr/bin/ceph: stderr
