2024-04-26T01:39:04.524+0000 7f20a9800700 1 -- 172.21.15.1:0/3111307135 shutdown_connections
2024-04-26T01:39:05.529 INFO:teuthology.orchestra.run.smithi001.stdout:/usr/bin/ceph: stderr
2024-04-26T01:39:04.524+0000 7f20a9800700 1 --2- 172.21.15.1:0/3111307135 >> [v2:172.21.15.1:3300/0,v1:172.21.15.1:6789/0] conn(0x7f20a4106e70 0x7f20a41092a0 unknown :-1 s=CLOSED pgs=49 cs=0 l=1 rev1=1 crypto rx=0 tx=0 comp rx=0 tx=0).stop
2024-04-26T01:39:05.529 INFO:teuthology.orchestra.run.smithi001.stdout:/usr/bin/ceph: stderr
2024-04-26T01:39:04.524+0000 7f20a9800700 1 -- 172.21.15.1:0/3111307135 >> 172.21.15.1:0/3111307135 conn(0x7f20a4102b10 msgr2=0x7f20a4104f30 unknown :-1 s=STATE_NONE l=0).mark_down
2024-04-26T01:39:05.529 INFO:teuthology.orchestra.run.smithi001.stdout:/usr/bin/ceph: stderr
2024-04-26T01:39:04.524+0000 7f20a9800700 1 -- 172.21.15.1:0/3111307135 shutdown_connections
2024-04-26T01:39:05.529 INFO:teuthology.orchestra.run.smithi001.stdout:/usr/bin/ceph: stderr
2024-04-26T01:39:04.524+0000 7f20a9800700 1 -- 172.21.15.1:0/3111307135 wait complete.
2024-04-26T01:39:05.529 INFO:teuthology.orchestra.run.smithi001.stdout:/usr/bin/ceph: stderr
2024-04-26T01:39:04.525+0000 7f20a9800700 1 Processor -- start
2024-04-26T01:39:05.529 INFO:teuthology.orchestra.run.smithi001.stdout:/usr/bin/ceph: stderr
2024-04-26T01:39:04.526+0000 7f20a9800700 1 -- start start
2024-04-26T01:39:05.531 INFO:teuthology.orchestra.run.smithi001.stdout:/usr/bin/ceph: stderr
2024-04-26T01:39:04.526+0000 7f20a9800700 1 --2- >> [v2:172.21.15.1:3300/0,v1:172.21.15.1:6789/0] conn(0x7f20a4106e70 0x7f20a41a2b00 unknown :-1 s=NONE pgs=0 cs=0 l=1 rev1=0 crypto rx=0 tx=0 comp rx=0 tx=0).connect
2024-04-26T01:39:05.532 INFO:teuthology.orchestra.run.smithi001.stdout:/usr/bin/ceph: stderr
2024-04-26T01:39:04.526+0000 7f20a9800700 1 -- --> [v2:172.21.15.1:3300/0,v1:172.21.15.1:6789/0] -- mon_getmap magic: 0 -- 0x7f20a410a7a0 con 0x7f20a4106e70
2024-04-26T01:39:05.532 INFO:teuthology.orchestra.run.smithi001.stdout:/usr/bin/ceph: stderr
2024-04-26T01:39:04.526+0000 7f20a2a00700 1 --2- >> [v2:172.21.15.1:3300/0,v1:172.21.15.1:6789/0] conn(0x7f20a4106e70 0x7f20a41a2b00 unknown :-1 s=BANNER_CONNECTING pgs=0 cs=0 l=1 rev1=0 crypto rx=0 tx=0 comp rx=0 tx=0)._handle_peer_banner_payload supported=3 required=0
2024-04-26T01:39:05.532 INFO:teuthology.orchestra.run.smithi001.stdout:/usr/bin/ceph: stderr
2024-04-26T01:39:04.526+0000 7f20a2a00700 1 --2- >> [v2:172.21.15.1:3300/0,v1:172.21.15.1:6789/0] conn(0x7f20a4106e70 0x7f20a41a2b00 unknown :-1 s=HELLO_CONNECTING pgs=0 cs=0 l=1 rev1=1 crypto rx=0 tx=0 comp rx=0 tx=0).handle_hello peer v2:172.21.15.1:3300/0 says I am v2:172.21.15.1:48530/0 (socket says 172.21.15.1:48530)
2024-04-26T01:39:05.532 INFO:teuthology.orchestra.run.smithi001.stdout:/usr/bin/ceph: stderr
2024-04-26T01:39:04.526+0000 7f20a2a00700 1 -- 172.21.15.1:0/1311911153 learned_addr learned my addr 172.21.15.1:0/1311911153 (peer_addr_for_me v2:172.21.15.1:0/0)
2024-04-26T01:39:05.532 INFO:teuthology.orchestra.run.smithi001.stdout:/usr/bin/ceph: stderr
2024-04-26T01:39:04.527+0000 7f20a2a00700 1 -- 172.21.15.1:0/1311911153 --> [v2:172.21.15.1:3300/0,v1:172.21.15.1:6789/0] -- mon_subscribe({config=0+,monmap=0+}) -- 0x7f20a41a3040 con 0x7f20a4106e70
2024-04-26T01:39:05.532 INFO:teuthology.orchestra.run.smithi001.stdout:/usr/bin/ceph: stderr
2024-04-26T01:39:04.527+0000 7f20a2a00700 1 --2- 172.21.15.1:0/1311911153 >> [v2:172.21.15.1:3300/0,v1:172.21.15.1:6789/0] conn(0x7f20a4106e70 0x7f20a41a2b00 secure :-1 s=READY pgs=50 cs=0 l=1 rev1=1 crypto rx=0x7f2094011ac0 tx=0x7f2094011ba0 comp rx=0 tx=0).ready entity=mon.0 client_cookie=0 server_cookie=0 in_seq=0 out_seq=0
2024-04-26T01:39:05.532 INFO:teuthology.orchestra.run.smithi001.stdout:/usr/bin/ceph: stderr
2024-04-26T01:39:04.527+0000 7f209b400700 1 -- 172.21.15.1:0/1311911153 <== mon.0 v2:172.21.15.1:3300/0 1 ==== mon_map magic: 0 ==== 205+0+0 (secure 0 0 0) 0x7f2094003970 con 0x7f20a4106e70
2024-04-26T01:39:05.532 INFO:teuthology.orchestra.run.smithi001.stdout:/usr/bin/ceph: stderr
2024-04-26T01:39:04.527+0000 7f209b400700 1 -- 172.21.15.1:0/1311911153 <== mon.0 v2:172.21.15.1:3300/0 2 ==== config(26 keys) ==== 1070+0+0 (secure 0 0 0) 0x7f2094003b10 con 0x7f20a4106e70
2024-04-26T01:39:05.532 INFO:teuthology.orchestra.run.smithi001.stdout:/usr/bin/ceph: stderr
2024-04-26T01:39:04.527+0000 7f20a9800700 1 -- 172.21.15.1:0/1311911153 --> [v2:172.21.15.1:3300/0,v1:172.21.15.1:6789/0] -- mon_subscribe({mgrmap=0+}) -- 0x7f20a41a32d0 con 0x7f20a4106e70
2024-04-26T01:39:05.532 INFO:teuthology.orchestra.run.smithi001.stdout:/usr/bin/ceph: stderr
2024-04-26T01:39:04.527+0000 7f209b400700 1 -- 172.21.15.1:0/1311911153 <== mon.0 v2:172.21.15.1:3300/0 3 ==== mon_map magic: 0 ==== 205+0+0 (secure 0 0 0) 0x7f2094024610 con 0x7f20a4106e70
2024-04-26T01:39:05.532 INFO:teuthology.orchestra.run.smithi001.stdout:/usr/bin/ceph: stderr
2024-04-26T01:39:04.527+0000 7f20a9800700 1 -- 172.21.15.1:0/1311911153 --> [v2:172.21.15.1:3300/0,v1:172.21.15.1:6789/0] -- mon_subscribe({osdmap=0}) -- 0x7f20a41a5fc0 con 0x7f20a4106e70
2024-04-26T01:39:05.532 INFO:teuthology.orchestra.run.smithi001.stdout:/usr/bin/ceph: stderr
2024-04-26T01:39:04.528+0000 7f209b400700 1 -- 172.21.15.1:0/1311911153 <== mon.0 v2:172.21.15.1:3300/0 4 ==== mgrmap(e 8) ==== 46558+0+0 (secure 0 0 0) 0x7f209401a9e0 con 0x7f20a4106e70
2024-04-26T01:39:05.532 INFO:teuthology.orchestra.run.smithi001.stdout:/usr/bin/ceph: stderr
2024-04-26T01:39:04.528+0000 7f20a9800700 1 -- 172.21.15.1:0/1311911153 --> [v2:172.21.15.1:3300/0,v1:172.21.15.1:6789/0] -- mon_command({"prefix": "get_command_descriptions"} v 0) -- 0x7f20a40640a0 con 0x7f20a4106e70
2024-04-26T01:39:05.533 INFO:teuthology.orchestra.run.smithi001.stdout:/usr/bin/ceph: stderr
2024-04-26T01:39:04.529+0000 7f209b400700 1 --2- 172.21.15.1:0/1311911153 >> [v2:172.21.15.1:6800/1870580982,v1:172.21.15.1:6801/1870580982] conn(0x7f2088039600 0x7f208803bac0 unknown :-1 s=NONE pgs=0 cs=0 l=1 rev1=0 crypto rx=0 tx=0 comp rx=0 tx=0).connect
2024-04-26T01:39:05.533 INFO:teuthology.orchestra.run.smithi001.stdout:/usr/bin/ceph: stderr
2024-04-26T01:39:04.529+0000 7f209b400700 1 -- 172.21.15.1:0/1311911153 <== mon.0 v2:172.21.15.1:3300/0 5 ==== osd_map(2..2 src has 1..2) ==== 940+0+0 (secure 0 0 0) 0x7f209404d9b0 con 0x7f20a4106e70
2024-04-26T01:39:05.533 INFO:teuthology.orchestra.run.smithi001.stdout:/usr/bin/ceph: stderr
2024-04-26T01:39:04.529+0000 7f20a2000700 1 --2- 172.21.15.1:0/1311911153 >> [v2:172.21.15.1:6800/1870580982,v1:172.21.15.1:6801/1870580982] conn(0x7f2088039600 0x7f208803bac0 unknown :-1 s=BANNER_CONNECTING pgs=0 cs=0 l=1 rev1=0 crypto rx=0 tx=0 comp rx=0 tx=0)._handle_peer_banner_payload supported=3 required=0
2024-04-26T01:39:05.533 INFO:teuthology.orchestra.run.smithi001.stdout:/usr/bin/ceph: stderr
2024-04-26T01:39:04.530+0000 7f20a2000700 1 --2- 172.21.15.1:0/1311911153 >> [v2:172.21.15.1:6800/1870580982,v1:172.21.15.1:6801/1870580982] conn(0x7f2088039600 0x7f208803bac0 secure :-1 s=READY pgs=13 cs=0 l=1 rev1=1 crypto rx=0x7f2090006fd0 tx=0x7f2090006e40 comp rx=0 tx=0).ready entity=mgr.14120 client_cookie=0 server_cookie=0 in_seq=0 out_seq=0
2024-04-26T01:39:05.533 INFO:teuthology.orchestra.run.smithi001.stdout:/usr/bin/ceph: stderr
2024-04-26T01:39:04.535+0000 7f209b400700 1 -- 172.21.15.1:0/1311911153 <== mon.0 v2:172.21.15.1:3300/0 6 ==== mon_command_ack([{"prefix": "get_command_descriptions"}]=0 v0) ==== 72+0+188370 (secure 0 0 0) 0x7f209400b3e0 con 0x7f20a4106e70
2024-04-26T01:39:05.534 INFO:teuthology.orchestra.run.smithi001.stdout:/usr/bin/ceph: stderr
2024-04-26T01:39:04.787+0000 7f20a9800700 1 -- 172.21.15.1:0/1311911153 --> [v2:172.21.15.1:6800/1870580982,v1:172.21.15.1:6801/1870580982] -- mgr_command(tid 0: {"prefix": "orch apply", "service_type": "mgr", "unmanaged": true, "target": ["mon-mgr", ""]}) -- 0x7f20a40008d0 con 0x7f2088039600
2024-04-26T01:39:05.534 INFO:teuthology.orchestra.run.smithi001.stdout:/usr/bin/ceph: stderr
2024-04-26T01:39:04.796+0000 7f209b400700 1 -- 172.21.15.1:0/1311911153 <== mgr.14120 v2:172.21.15.1:6800/1870580982 1 ==== mgr_command_reply(tid 0: 0 ) ==== 8+0+24 (secure 0 0 0) 0x7f20a40008d0 con 0x7f2088039600
2024-04-26T01:39:05.534 INFO:teuthology.orchestra.run.smithi001.stdout:/usr/bin/ceph: stderr
2024-04-26T01:39:04.799+0000 7f20a9800700 1 -- 172.21.15.1:0/1311911153 >> [v2:172.21.15.1:6800/1870580982,v1:172.21.15.1:6801/1870580982] conn(0x7f2088039600 msgr2=0x7f208803bac0 secure :-1 s=STATE_CONNECTION_ESTABLISHED l=1).mark_down
2024-04-26T01:39:05.535 INFO:teuthology.orchestra.run.smithi001.stdout:/usr/bin/ceph: stderr
2024-04-26T01:39:04.799+0000 7f20a9800700 1 --2- 172.21.15.1:0/1311911153 >> [v2:172.21.15.1:6800/1870580982,v1:172.21.15.1:6801/1870580982] conn(0x7f2088039600 0x7f208803bac0 secure :-1 s=READY pgs=13 cs=0 l=1 rev1=1 crypto rx=0x7f2090006fd0 tx=0x7f2090006e40 comp rx=0 tx=0).stop
2024-04-26T01:39:05.535 INFO:teuthology.orchestra.run.smithi001.stdout:/usr/bin/ceph: stderr
2024-04-26T01:39:04.799+0000 7f20a9800700 1 -- 172.21.15.1:0/1311911153 >> [v2:172.21.15.1:3300/0,v1:172.21.15.1:6789/0] conn(0x7f20a4106e70 msgr2=0x7f20a41a2b00 secure :-1 s=STATE_CONNECTION_ESTABLISHED l=1).mark_down
2024-04-26T01:39:05.535 INFO:teuthology.orchestra.run.smithi001.stdout:/usr/bin/ceph: stderr
2024-04-26T01:39:04.799+0000 7f20a9800700 1 --2- 172.21.15.1:0/1311911153 >> [v2:172.21.15.1:3300/0,v1:172.21.15.1:6789/0] conn(0x7f20a4106e70 0x7f20a41a2b00 secure :-1 s=READY pgs=50 cs=0 l=1 rev1=1 crypto rx=0x7f2094011ac0 tx=0x7f2094011ba0 comp rx=0 tx=0).stop
2024-04-26T01:39:05.535 INFO:teuthology.orchestra.run.smithi001.stdout:/usr/bin/ceph: stderr
2024-04-26T01:39:04.800+0000 7f20a9800700 1 -- 172.21.15.1:0/1311911153 shutdown_connections
2024-04-26T01:39:05.535 INFO:teuthology.orchestra.run.smithi001.stdout:/usr/bin/ceph: stderr
2024-04-26T01:39:04.800+0000 7f20a9800700 1 --2- 172.21.15.1:0/1311911153 >> [v2:172.21.15.1:6800/1870580982,v1:172.21.15.1:6801/1870580982] conn(0x7f2088039600 0x7f208803bac0 unknown :-1 s=CLOSED pgs=13 cs=0 l=1 rev1=1 crypto rx=0 tx=0 comp rx=0 tx=0).stop
2024-04-26T01:39:05.535 INFO:teuthology.orchestra.run.smithi001.stdout:/usr/bin/ceph: stderr
2024-04-26T01:39:04.800+0000 7f20a9800700 1 --2- 172.21.15.1:0/1311911153 >> [v2:172.21.15.1:3300/0,v1:172.21.15.1:6789/0] conn(0x7f20a4106e70 0x7f20a41a2b00 unknown :-1 s=CLOSED pgs=50 cs=0 l=1 rev1=1 crypto rx=0 tx=0 comp rx=0 tx=0).stop
2024-04-26T01:39:05.535 INFO:teuthology.orchestra.run.smithi001.stdout:/usr/bin/ceph: stderr
2024-04-26T01:39:04.800+0000 7f20a9800700 1 -- 172.21.15.1:0/1311911153 >> 172.21.15.1:0/1311911153 conn(0x7f20a4102b10 msgr2=0x7f20a4104f00 unknown :-1 s=STATE_NONE l=0).mark_down
2024-04-26T01:39:05.535 INFO:teuthology.orchestra.run.smithi001.stdout:/usr/bin/ceph: stderr
2024-04-26T01:39:04.800+0000 7f20a9800700 1 -- 172.21.15.1:0/1311911153 shutdown_connections
2024-04-26T01:39:05.535 INFO:teuthology.orchestra.run.smithi001.stdout:/usr/bin/ceph: stderr
2024-04-26T01:39:04.800+0000 7f20a9800700 1 -- 172.21.15.1:0/1311911153 wait complete.
2024-04-26T01:39:06.051 INFO:journalctl@ceph.mon.a.smithi001.stdout:Apr 26 01:39:05 smithi001 ceph-mon[27822]: from='client.14144 -' entity='client.admin' cmd=[{"prefix": "orch apply", "service_type": "mgr", "unmanaged": true, "target": ["mon-mgr", ""]}]: dispatch
2024-04-26T01:39:06.051 INFO:journalctl@ceph.mon.a.smithi001.stdout:Apr 26 01:39:05 smithi001 ceph-mon[27822]: Saving service mgr spec with placement count:2
2024-04-26T01:39:06.051 INFO:journalctl@ceph.mon.a.smithi001.stdout:Apr 26 01:39:05 smithi001 ceph-mon[27822]: from='mgr.14120 172.21.15.1:0/4179471221' entity='mgr.x'
2024-04-26T01:39:07.377 INFO:journalctl@ceph.mon.a.smithi001.stdout:Apr 26 01:39:07 smithi001 ceph-mon[27822]: pgmap v3: 0 pgs: ; 0 B data, 0 B used, 0 B / 0 B avail
2024-04-26T01:39:07.378 INFO:journalctl@ceph.mon.a.smithi001.stdout:Apr 26 01:39:07 smithi001 ceph-mon[27822]: from='mgr.14120 172.21.15.1:0/4179471221' entity='mgr.x'
2024-04-26T01:39:07.378 INFO:journalctl@ceph.mon.a.smithi001.stdout:Apr 26 01:39:07 smithi001 ceph-mon[27822]: from='client.? 172.21.15.1:0/2087660502' entity='client.admin'
2024-04-26T01:39:07.434 INFO:teuthology.orchestra.run.smithi001.stdout:/usr/bin/ceph: stderr
2024-04-26T01:39:06.489+0000 7f6fa1200700 1 Processor -- start
2024-04-26T01:39:07.435 INFO:teuthology.orchestra.run.smithi001.stdout:/usr/bin/ceph: stderr
2024-04-26T01:39:06.490+0000 7f6fa1200700 1 -- start start
2024-04-26T01:39:07.435 INFO:teuthology.orchestra.run.smithi001.stdout:/usr/bin/ceph: stderr
2024-04-26T01:39:06.490+0000 7f6fa1200700 1 --2- >> [v2:172.21.15.1:3300/0,v1:172.21.15.1:6789/0] conn(0x7f6f9c108610 0x7f6f9c108a30 unknown :-1 s=NONE pgs=0 cs=0 l=0 rev1=0 crypto rx=0 tx=0 comp rx=0 tx=0).connect
2024-04-26T01:39:07.435 INFO:teuthology.orchestra.run.smithi001.stdout:/usr/bin/ceph: stderr
2024-04-26T01:39:06.490+0000 7f6fa1200700 1 -- --> [v2:172.21.15.1:3300/0,v1:172.21.15.1:6789/0] -- mon_getmap magic: 0 -- 0x7f6f9c109000 con 0x7f6f9c108610
2024-04-26T01:39:07.435 INFO:teuthology.orchestra.run.smithi001.stdout:/usr/bin/ceph: stderr
2024-04-26T01:39:06.491+0000 7f6f99e00700 1 --2- >> [v2:172.21.15.1:3300/0,v1:172.21.15.1:6789/0] conn(0x7f6f9c108610 0x7f6f9c108a30 unknown :-1 s=BANNER_CONNECTING pgs=0 cs=0 l=0 rev1=0 crypto rx=0 tx=0 comp rx=0 tx=0)._handle_peer_banner_payload supported=3 required=0
2024-04-26T01:39:07.435 INFO:teuthology.orchestra.run.smithi001.stdout:/usr/bin/ceph: stderr
2024-04-26T01:39:06.491+0000 7f6f99e00700 1 --2- >> [v2:172.21.15.1:3300/0,v1:172.21.15.1:6789/0] conn(0x7f6f9c108610 0x7f6f9c108a30 unknown :-1 s=HELLO_CONNECTING pgs=0 cs=0 l=0 rev1=1 crypto rx=0 tx=0 comp rx=0 tx=0).handle_hello peer v2:172.21.15.1:3300/0 says I am v2:172.21.15.1:48546/0 (socket says 172.21.15.1:48546)
2024-04-26T01:39:07.435 INFO:teuthology.orchestra.run.smithi001.stdout:/usr/bin/ceph: stderr
2024-04-26T01:39:06.491+0000 7f6f99e00700 1 -- 172.21.15.1:0/2675198046 learned_addr learned my addr 172.21.15.1:0/2675198046 (peer_addr_for_me v2:172.21.15.1:0/0)
2024-04-26T01:39:07.435 INFO:teuthology.orchestra.run.smithi001.stdout:/usr/bin/ceph: stderr
2024-04-26T01:39:06.491+0000 7f6f99e00700 1 -- 172.21.15.1:0/2675198046 --> [v2:172.21.15.1:3300/0,v1:172.21.15.1:6789/0] -- mon_subscribe({config=0+,monmap=0+}) -- 0x7f6f9c109810 con 0x7f6f9c108610
2024-04-26T01:39:07.435 INFO:teuthology.orchestra.run.smithi001.stdout:/usr/bin/ceph: stderr
2024-04-26T01:39:06.492+0000 7f6f99e00700 1 --2- 172.21.15.1:0/2675198046 >> [v2:172.21.15.1:3300/0,v1:172.21.15.1:6789/0] conn(0x7f6f9c108610 0x7f6f9c108a30 secure :-1 s=READY pgs=51 cs=0 l=1 rev1=1 crypto rx=0x7f6f8c0098a0 tx=0x7f6f8c009bb0 comp rx=0 tx=0).ready entity=mon.0 client_cookie=ff8fa2e85fe5e8fc server_cookie=0 in_seq=0 out_seq=0
2024-04-26T01:39:07.435 INFO:teuthology.orchestra.run.smithi001.stdout:/usr/bin/ceph: stderr
2024-04-26T01:39:06.492+0000 7f6f98a00700 1 -- 172.21.15.1:0/2675198046 <== mon.0 v2:172.21.15.1:3300/0 1 ==== mon_map magic: 0 ==== 205+0+0 (secure 0 0 0) 0x7f6f8c004160 con 0x7f6f9c108610
2024-04-26T01:39:07.435 INFO:teuthology.orchestra.run.smithi001.stdout:/usr/bin/ceph: stderr
2024-04-26T01:39:06.492+0000 7f6f98a00700 1 -- 172.21.15.1:0/2675198046 <== mon.0 v2:172.21.15.1:3300/0 2 ==== config(26 keys) ==== 1101+0+0 (secure 0 0 0) 0x7f6f8c004300 con 0x7f6f9c108610
2024-04-26T01:39:07.435 INFO:teuthology.orchestra.run.smithi001.stdout:/usr/bin/ceph: stderr
2024-04-26T01:39:06.492+0000 7f6f98a00700 1 -- 172.21.15.1:0/2675198046 <== mon.0 v2:172.21.15.1:3300/0 3 ==== mon_map magic: 0 ==== 205+0+0 (secure 0 0 0) 0x7f6f8c011a20 con 0x7f6f9c108610
2024-04-26T01:39:07.435 INFO:teuthology.orchestra.run.smithi001.stdout:/usr/bin/ceph: stderr
2024-04-26T01:39:06.493+0000 7f6fa1200700 1 -- 172.21.15.1:0/2675198046 >> [v2:172.21.15.1:3300/0,v1:172.21.15.1:6789/0] conn(0x7f6f9c108610 msgr2=0x7f6f9c108a30 secure :-1 s=STATE_CONNECTION_ESTABLISHED l=1).mark_down
2024-04-26T01:39:07.436 INFO:teuthology.orchestra.run.smithi001.stdout:/usr/bin/ceph: stderr
2024-04-26T01:39:06.493+0000 7f6fa1200700 1 --2- 172.21.15.1:0/2675198046 >> [v2:172.21.15.1:3300/0,v1:172.21.15.1:6789/0] conn(0x7f6f9c108610 0x7f6f9c108a30 secure :-1 s=READY pgs=51 cs=0 l=1 rev1=1 crypto rx=0x7f6f8c0098a0 tx=0x7f6f8c009bb0 comp rx=0 tx=0).stop
2024-04-26T01:39:07.436 INFO:teuthology.orchestra.run.smithi001.stdout:/usr/bin/ceph: stderr
2024-04-26T01:39:06.493+0000 7f6fa1200700 1 -- 172.21.15.1:0/2675198046 shutdown_connections
2024-04-26T01:39:07.436 INFO:teuthology.orchestra.run.smithi001.stdout:/usr/bin/ceph: stderr
2024-04-26T01:39:06.493+0000 7f6fa1200700 1 --2- 172.21.15.1:0/2675198046 >> [v2:172.21.15.1:3300/0,v1:172.21.15.1:6789/0] conn(0x7f6f9c108610 0x7f6f9c108a30 unknown :-1 s=CLOSED pgs=51 cs=0 l=1 rev1=1 crypto rx=0 tx=0 comp rx=0 tx=0).stop
2024-04-26T01:39:07.436 INFO:teuthology.orchestra.run.smithi001.stdout:/usr/bin/ceph: stderr
2024-04-26T01:39:06.493+0000 7f6fa1200700 1 -- 172.21.15.1:0/2675198046 >> 172.21.15.1:0/2675198046 conn(0x7f6f9c103c70 msgr2=0x7f6f9c106090 unknown :-1 s=STATE_NONE l=0).mark_down
2024-04-26T01:39:07.436 INFO:teuthology.orchestra.run.smithi001.stdout:/usr/bin/ceph: stderr
2024-04-26T01:39:06.493+0000 7f6fa1200700 1 -- 172.21.15.1:0/2675198046 shutdown_connections
2024-04-26T01:39:07.436 INFO:teuthology.orchestra.run.smithi001.stdout:/usr/bin/ceph: stderr
2024-04-26T01:39:06.493+0000 7f6fa1200700 1 -- 172.21.15.1:0/2675198046 wait complete.
2024-04-26T01:39:07.436 INFO:teuthology.orchestra.run.smithi001.stdout:/usr/bin/ceph: stderr
2024-04-26T01:39:06.494+0000 7f6fa1200700 1 Processor -- start
2024-04-26T01:39:07.436 INFO:teuthology.orchestra.run.smithi001.stdout:/usr/bin/ceph: stderr
2024-04-26T01:39:06.494+0000 7f6fa1200700 1 -- start start
2024-04-26T01:39:07.436 INFO:teuthology.orchestra.run.smithi001.stdout:/usr/bin/ceph: stderr
2024-04-26T01:39:06.495+0000 7f6fa1200700 1 --2- >> [v2:172.21.15.1:3300/0,v1:172.21.15.1:6789/0] conn(0x7f6f9c108610 0x7f6f9c07da60 unknown :-1 s=NONE pgs=0 cs=0 l=1 rev1=0 crypto rx=0 tx=0 comp rx=0 tx=0).connect
2024-04-26T01:39:07.437 INFO:teuthology.orchestra.run.smithi001.stdout:/usr/bin/ceph: stderr
2024-04-26T01:39:06.495+0000 7f6fa1200700 1 -- --> [v2:172.21.15.1:3300/0,v1:172.21.15.1:6789/0] -- mon_getmap magic: 0 -- 0x7f6f9c10cbc0 con 0x7f6f9c108610
2024-04-26T01:39:07.437 INFO:teuthology.orchestra.run.smithi001.stdout:/usr/bin/ceph: stderr
2024-04-26T01:39:06.495+0000 7f6f99e00700 1 --2- >> [v2:172.21.15.1:3300/0,v1:172.21.15.1:6789/0] conn(0x7f6f9c108610 0x7f6f9c07da60 unknown :-1 s=BANNER_CONNECTING pgs=0 cs=0 l=1 rev1=0 crypto rx=0 tx=0 comp rx=0 tx=0)._handle_peer_banner_payload supported=3 required=0
2024-04-26T01:39:07.437 INFO:teuthology.orchestra.run.smithi001.stdout:/usr/bin/ceph: stderr
2024-04-26T01:39:06.495+0000 7f6f99e00700 1 --2- >> [v2:172.21.15.1:3300/0,v1:172.21.15.1:6789/0] conn(0x7f6f9c108610 0x7f6f9c07da60 unknown :-1 s=HELLO_CONNECTING pgs=0 cs=0 l=1 rev1=1 crypto rx=0 tx=0 comp rx=0 tx=0).handle_hello peer v2:172.21.15.1:3300/0 says I am v2:172.21.15.1:48548/0 (socket says 172.21.15.1:48548)
2024-04-26T01:39:07.437 INFO:teuthology.orchestra.run.smithi001.stdout:/usr/bin/ceph: stderr
2024-04-26T01:39:06.495+0000 7f6f99e00700 1 -- 172.21.15.1:0/2087660502 learned_addr learned my addr 172.21.15.1:0/2087660502 (peer_addr_for_me v2:172.21.15.1:0/0)
2024-04-26T01:39:07.437 INFO:teuthology.orchestra.run.smithi001.stdout:/usr/bin/ceph: stderr
2024-04-26T01:39:06.495+0000 7f6f99e00700 1 -- 172.21.15.1:0/2087660502 --> [v2:172.21.15.1:3300/0,v1:172.21.15.1:6789/0] -- mon_subscribe({config=0+,monmap=0+}) -- 0x7f6f9c07dfa0 con 0x7f6f9c108610
2024-04-26T01:39:07.437 INFO:teuthology.orchestra.run.smithi001.stdout:/usr/bin/ceph: stderr
2024-04-26T01:39:06.495+0000 7f6f99e00700 1 --2- 172.21.15.1:0/2087660502 >> [v2:172.21.15.1:3300/0,v1:172.21.15.1:6789/0] conn(0x7f6f9c108610 0x7f6f9c07da60 secure :-1 s=READY pgs=52 cs=0 l=1 rev1=1 crypto rx=0x7f6f8c000c00 tx=0x7f6f8c011aa0 comp rx=0 tx=0).ready entity=mon.0 client_cookie=0 server_cookie=0 in_seq=0 out_seq=0
2024-04-26T01:39:07.437 INFO:teuthology.orchestra.run.smithi001.stdout:/usr/bin/ceph: stderr
2024-04-26T01:39:06.496+0000 7f6f92a00700 1 -- 172.21.15.1:0/2087660502 <== mon.0 v2:172.21.15.1:3300/0 1 ==== mon_map magic: 0 ==== 205+0+0 (secure 0 0 0) 0x7f6f8c003aa0 con 0x7f6f9c108610
2024-04-26T01:39:07.437 INFO:teuthology.orchestra.run.smithi001.stdout:/usr/bin/ceph: stderr
2024-04-26T01:39:06.496+0000 7f6f92a00700 1 -- 172.21.15.1:0/2087660502 <== mon.0 v2:172.21.15.1:3300/0 2 ==== config(26 keys) ==== 1101+0+0 (secure 0 0 0) 0x7f6f8c01b8f0 con 0x7f6f9c108610
2024-04-26T01:39:07.437 INFO:teuthology.orchestra.run.smithi001.stdout:/usr/bin/ceph: stderr
2024-04-26T01:39:06.496+0000 7f6f92a00700 1 -- 172.21.15.1:0/2087660502 <== mon.0 v2:172.21.15.1:3300/0 3 ==== mon_map magic: 0 ==== 205+0+0 (secure 0 0 0) 0x7f6f8c023890 con 0x7f6f9c108610
2024-04-26T01:39:07.437 INFO:teuthology.orchestra.run.smithi001.stdout:/usr/bin/ceph: stderr
2024-04-26T01:39:06.496+0000 7f6fa1200700 1 -- 172.21.15.1:0/2087660502 --> [v2:172.21.15.1:3300/0,v1:172.21.15.1:6789/0] -- mon_subscribe({mgrmap=0+}) -- 0x7f6f9c07c190 con 0x7f6f9c108610
2024-04-26T01:39:07.437 INFO:teuthology.orchestra.run.smithi001.stdout:/usr/bin/ceph: stderr
2024-04-26T01:39:06.496+0000 7f6fa1200700 1 -- 172.21.15.1:0/2087660502 --> [v2:172.21.15.1:3300/0,v1:172.21.15.1:6789/0] -- mon_subscribe({osdmap=0}) -- 0x7f6f9c07c6d0 con 0x7f6f9c108610
2024-04-26T01:39:07.437 INFO:teuthology.orchestra.run.smithi001.stdout:/usr/bin/ceph: stderr
2024-04-26T01:39:06.497+0000 7f6f92a00700 1 -- 172.21.15.1:0/2087660502 <== mon.0 v2:172.21.15.1:3300/0 4 ==== mgrmap(e 8) ==== 46558+0+0 (secure 0 0 0) 0x7f6f8c01b440 con 0x7f6f9c108610
2024-04-26T01:39:07.437 INFO:teuthology.orchestra.run.smithi001.stdout:/usr/bin/ceph: stderr
2024-04-26T01:39:06.497+0000 7f6fa1200700 1 -- 172.21.15.1:0/2087660502 --> [v2:172.21.15.1:3300/0,v1:172.21.15.1:6789/0] -- mon_command({"prefix": "get_command_descriptions"} v 0) -- 0x7f6f9c0640a0 con 0x7f6f9c108610
2024-04-26T01:39:07.437 INFO:teuthology.orchestra.run.smithi001.stdout:/usr/bin/ceph: stderr
2024-04-26T01:39:06.498+0000 7f6f92a00700 1 --2- 172.21.15.1:0/2087660502 >> [v2:172.21.15.1:6800/1870580982,v1:172.21.15.1:6801/1870580982] conn(0x7f6f80039600 0x7f6f8003bac0 unknown :-1 s=NONE pgs=0 cs=0 l=1 rev1=0 crypto rx=0 tx=0 comp rx=0 tx=0).connect
2024-04-26T01:39:07.438 INFO:teuthology.orchestra.run.smithi001.stdout:/usr/bin/ceph: stderr
2024-04-26T01:39:06.498+0000 7f6f92a00700 1 -- 172.21.15.1:0/2087660502 <== mon.0 v2:172.21.15.1:3300/0 5 ==== osd_map(2..2 src has 1..2) ==== 940+0+0 (secure 0 0 0) 0x7f6f8c04deb0 con 0x7f6f9c108610
2024-04-26T01:39:07.438 INFO:teuthology.orchestra.run.smithi001.stdout:/usr/bin/ceph: stderr
2024-04-26T01:39:06.498+0000 7f6f99400700 1 --2- 172.21.15.1:0/2087660502 >> [v2:172.21.15.1:6800/1870580982,v1:172.21.15.1:6801/1870580982] conn(0x7f6f80039600 0x7f6f8003bac0 unknown :-1 s=BANNER_CONNECTING pgs=0 cs=0 l=1 rev1=0 crypto rx=0 tx=0 comp rx=0 tx=0)._handle_peer_banner_payload supported=3 required=0
2024-04-26T01:39:07.438 INFO:teuthology.orchestra.run.smithi001.stdout:/usr/bin/ceph: stderr
2024-04-26T01:39:06.499+0000 7f6f99400700 1 --2- 172.21.15.1:0/2087660502 >> [v2:172.21.15.1:6800/1870580982,v1:172.21.15.1:6801/1870580982] conn(0x7f6f80039600 0x7f6f8003bac0 secure :-1 s=READY pgs=14 cs=0 l=1 rev1=1 crypto rx=0x7f6f88006fd0 tx=0x7f6f88006e40 comp rx=0 tx=0).ready entity=mgr.14120 client_cookie=0 server_cookie=0 in_seq=0 out_seq=0
2024-04-26T01:39:07.438 INFO:teuthology.orchestra.run.smithi001.stdout:/usr/bin/ceph: stderr
2024-04-26T01:39:06.503+0000 7f6f92a00700 1 -- 172.21.15.1:0/2087660502 <== mon.0 v2:172.21.15.1:3300/0 6 ==== mon_command_ack([{"prefix": "get_command_descriptions"}]=0 v0) ==== 72+0+188370 (secure 0 0 0) 0x7f6f8c01f030 con 0x7f6f9c108610
2024-04-26T01:39:07.438 INFO:teuthology.orchestra.run.smithi001.stdout:/usr/bin/ceph: stderr
2024-04-26T01:39:06.735+0000 7f6fa1200700 1 -- 172.21.15.1:0/2087660502 --> [v2:172.21.15.1:3300/0,v1:172.21.15.1:6789/0] -- mon_command([{prefix=config set, name=mgr/cephadm/container_init}] v 0) -- 0x7f6f9c07c950 con 0x7f6f9c108610
2024-04-26T01:39:07.438 INFO:teuthology.orchestra.run.smithi001.stdout:/usr/bin/ceph: stderr
2024-04-26T01:39:06.738+0000 7f6f92a00700 1 -- 172.21.15.1:0/2087660502 <== mon.0 v2:172.21.15.1:3300/0 7 ==== mon_command_ack([{prefix=config set, name=mgr/cephadm/container_init}]=0 v7)=0 v7) ==== 142+0+0 (secure 0 0 0) 0x7f6f8c0292a0 con 0x7f6f9c108610
2024-04-26T01:39:07.438 INFO:teuthology.orchestra.run.smithi001.stdout:/usr/bin/ceph: stderr
2024-04-26T01:39:06.741+0000 7f6fa1200700 1 -- 172.21.15.1:0/2087660502 >> [v2:172.21.15.1:6800/1870580982,v1:172.21.15.1:6801/1870580982] conn(0x7f6f80039600 msgr2=0x7f6f8003bac0 secure :-1 s=STATE_CONNECTION_ESTABLISHED l=1).mark_down
2024-04-26T01:39:07.438 INFO:teuthology.orchestra.run.smithi001.stdout:/usr/bin/ceph: stderr
2024-04-26T01:39:06.741+0000 7f6fa1200700 1 --2- 172.21.15.1:0/2087660502 >> [v2:172.21.15.1:6800/1870580982,v1:172.21.15.1:6801/1870580982] conn(0x7f6f80039600 0x7f6f8003bac0 secure :-1 s=READY pgs=14 cs=0 l=1 rev1=1 crypto rx=0x7f6f88006fd0 tx=0x7f6f88006e40 comp rx=0 tx=0).stop
2024-04-26T01:39:07.438 INFO:teuthology.orchestra.run.smithi001.stdout:/usr/bin/ceph: stderr
2024-04-26T01:39:06.741+0000 7f6fa1200700 1 -- 172.21.15.1:0/2087660502 >> [v2:172.21.15.1:3300/0,v1:172.21.15.1:6789/0] conn(0x7f6f9c108610 msgr2=0x7f6f9c07da60 secure :-1 s=STATE_CONNECTION_ESTABLISHED l=1).mark_down
2024-04-26T01:39:07.438 INFO:teuthology.orchestra.run.smithi001.stdout:/usr/bin/ceph: stderr
2024-04-26T01:39:06.741+0000 7f6fa1200700 1 --2- 172.21.15.1:0/2087660502 >> [v2:172.21.15.1:3300/0,v1:172.21.15.1:6789/0] conn(0x7f6f9c108610 0x7f6f9c07da60 secure :-1 s=READY pgs=52 cs=0 l=1 rev1=1 crypto rx=0x7f6f8c000c00 tx=0x7f6f8c011aa0 comp rx=0 tx=0).stop
2024-04-26T01:39:07.438 INFO:teuthology.orchestra.run.smithi001.stdout:/usr/bin/ceph: stderr
2024-04-26T01:39:06.741+0000 7f6fa1200700 1 -- 172.21.15.1:0/2087660502 shutdown_connections
2024-04-26T01:39:07.438 INFO:teuthology.orchestra.run.smithi001.stdout:/usr/bin/ceph: stderr
2024-04-26T01:39:06.741+0000 7f6fa1200700 1 --2- 172.21.15.1:0/2087660502 >> [v2:172.21.15.1:6800/1870580982,v1:172.21.15.1:6801/1870580982] conn(0x7f6f80039600 0x7f6f8003bac0 unknown :-1 s=CLOSED pgs=14 cs=0 l=1 rev1=1 crypto rx=0 tx=0 comp rx=0 tx=0).stop
2024-04-26T01:39:07.438 INFO:teuthology.orchestra.run.smithi001.stdout:/usr/bin/ceph: stderr
2024-04-26T01:39:06.741+0000 7f6fa1200700 1 --2- 172.21.15.1:0/2087660502 >> [v2:172.21.15.1:3300/0,v1:172.21.15.1:6789/0] conn(0x7f6f9c108610 0x7f6f9c07da60 unknown :-1 s=CLOSED pgs=52 cs=0 l=1 rev1=1 crypto rx=0 tx=0 comp rx=0 tx=0).stop
2024-04-26T01:39:07.439 INFO:teuthology.orchestra.run.smithi001.stdout:/usr/bin/ceph: stderr
2024-04-26T01:39:06.741+0000 7f6fa1200700 1 -- 172.21.15.1:0/2087660502 >> 172.21.15.1:0/2087660502 conn(0x7f6f9c103c70 msgr2=0x7f6f9c104760 unknown :-1 s=STATE_NONE l=0).mark_down
2024-04-26T01:39:07.439 INFO:teuthology.orchestra.run.smithi001.stdout:/usr/bin/ceph: stderr
2024-04-26T01:39:06.742+0000 7f6fa1200700 1 -- 172.21.15.1:0/2087660502 shutdown_connections
2024-04-26T01:39:07.439 INFO:teuthology.orchestra.run.smithi001.stdout:/usr/bin/ceph: stderr
2024-04-26T01:39:06.742+0000 7f6fa1200700 1 -- 172.21.15.1:0/2087660502 wait complete.
2024-04-26T01:39:08.377 INFO:journalctl@ceph.mon.a.smithi001.stdout:Apr 26 01:39:08 smithi001 ceph-mon[27822]: from='mgr.14120 172.21.15.1:0/4179471221' entity='mgr.x'
2024-04-26T01:39:09.098 INFO:teuthology.orchestra.run.smithi001.stdout:/usr/bin/ceph: stderr
2024-04-26T01:39:08.145+0000 7f1298400700 1 Processor -- start
2024-04-26T01:39:09.099 INFO:teuthology.orchestra.run.smithi001.stdout:/usr/bin/ceph: stderr
2024-04-26T01:39:08.146+0000 7f1298400700 1 -- start start
2024-04-26T01:39:09.099 INFO:teuthology.orchestra.run.smithi001.stdout:/usr/bin/ceph: stderr
2024-04-26T01:39:08.146+0000 7f1298400700 1 --2- >> [v2:172.21.15.1:3300/0,v1:172.21.15.1:6789/0] conn(0x7f1290106ee0 0x7f1290107300 unknown :-1 s=NONE pgs=0 cs=0 l=0 rev1=0 crypto rx=0 tx=0 comp rx=0 tx=0).connect
2024-04-26T01:39:09.099 INFO:teuthology.orchestra.run.smithi001.stdout:/usr/bin/ceph: stderr
2024-04-26T01:39:08.146+0000 7f1298400700 1 -- --> [v2:172.21.15.1:3300/0,v1:172.21.15.1:6789/0] -- mon_getmap magic: 0 -- 0x7f1290063d20 con 0x7f1290106ee0
2024-04-26T01:39:09.099 INFO:teuthology.orchestra.run.smithi001.stdout:/usr/bin/ceph: stderr
2024-04-26T01:39:08.147+0000 7f1295a00700 1 --2- >> [v2:172.21.15.1:3300/0,v1:172.21.15.1:6789/0] conn(0x7f1290106ee0 0x7f1290107300 unknown :-1 s=BANNER_CONNECTING pgs=0 cs=0 l=0 rev1=0 crypto rx=0 tx=0 comp rx=0 tx=0)._handle_peer_banner_payload supported=3 required=0
2024-04-26T01:39:09.099 INFO:teuthology.orchestra.run.smithi001.stdout:/usr/bin/ceph: stderr
2024-04-26T01:39:08.147+0000 7f1295a00700 1 --2- >> [v2:172.21.15.1:3300/0,v1:172.21.15.1:6789/0] conn(0x7f1290106ee0 0x7f1290107300 unknown :-1 s=HELLO_CONNECTING pgs=0 cs=0 l=0 rev1=1 crypto rx=0 tx=0 comp rx=0 tx=0).handle_hello peer v2:172.21.15.1:3300/0 says I am v2:172.21.15.1:48554/0 (socket says 172.21.15.1:48554)
2024-04-26T01:39:09.099 INFO:teuthology.orchestra.run.smithi001.stdout:/usr/bin/ceph: stderr
2024-04-26T01:39:08.147+0000 7f1295a00700 1 -- 172.21.15.1:0/1548574728 learned_addr learned my addr 172.21.15.1:0/1548574728 (peer_addr_for_me v2:172.21.15.1:0/0)
2024-04-26T01:39:09.101 INFO:teuthology.orchestra.run.smithi001.stdout:/usr/bin/ceph: stderr
2024-04-26T01:39:08.147+0000 7f1295a00700 1 -- 172.21.15.1:0/1548574728 --> [v2:172.21.15.1:3300/0,v1:172.21.15.1:6789/0] -- mon_subscribe({config=0+,monmap=0+}) -- 0x7f1290107840 con 0x7f1290106ee0
2024-04-26T01:39:09.101 INFO:teuthology.orchestra.run.smithi001.stdout:/usr/bin/ceph: stderr
2024-04-26T01:39:08.148+0000 7f1295a00700 1 --2- 172.21.15.1:0/1548574728 >> [v2:172.21.15.1:3300/0,v1:172.21.15.1:6789/0] conn(0x7f1290106ee0 0x7f1290107300 secure :-1 s=READY pgs=53 cs=0 l=1 rev1=1 crypto rx=0x7f12840098a0 tx=0x7f1284009bb0 comp rx=0 tx=0).ready entity=mon.0 client_cookie=9d6d5815f5b12562 server_cookie=0 in_seq=0 out_seq=0
2024-04-26T01:39:09.101 INFO:teuthology.orchestra.run.smithi001.stdout:/usr/bin/ceph: stderr
2024-04-26T01:39:08.148+0000 7f128fe00700 1 -- 172.21.15.1:0/1548574728 <== mon.0 v2:172.21.15.1:3300/0 1 ==== mon_map magic: 0 ==== 205+0+0 (secure 0 0 0) 0x7f1284004160 con 0x7f1290106ee0
2024-04-26T01:39:09.101 INFO:teuthology.orchestra.run.smithi001.stdout:/usr/bin/ceph: stderr
2024-04-26T01:39:08.148+0000 7f128fe00700 1 -- 172.21.15.1:0/1548574728 <== mon.0 v2:172.21.15.1:3300/0 2 ==== config(26 keys) ==== 1101+0+0 (secure 0 0 0) 0x7f1284004300 con 0x7f1290106ee0
2024-04-26T01:39:09.101 INFO:teuthology.orchestra.run.smithi001.stdout:/usr/bin/ceph: stderr
2024-04-26T01:39:08.148+0000 7f128fe00700 1 -- 172.21.15.1:0/1548574728 <== mon.0 v2:172.21.15.1:3300/0 3 ==== mon_map magic: 0 ==== 205+0+0 (secure 0 0 0) 0x7f1284011a20 con 0x7f1290106ee0
2024-04-26T01:39:09.101 INFO:teuthology.orchestra.run.smithi001.stdout:/usr/bin/ceph: stderr
2024-04-26T01:39:08.149+0000 7f1298400700 1 -- 172.21.15.1:0/1548574728 >> [v2:172.21.15.1:3300/0,v1:172.21.15.1:6789/0] conn(0x7f1290106ee0 msgr2=0x7f1290107300 secure :-1 s=STATE_CONNECTION_ESTABLISHED l=1).mark_down
2024-04-26T01:39:09.102 INFO:teuthology.orchestra.run.smithi001.stdout:/usr/bin/ceph: stderr
2024-04-26T01:39:08.149+0000 7f1298400700 1 --2- 172.21.15.1:0/1548574728 >> [v2:172.21.15.1:3300/0,v1:172.21.15.1:6789/0] conn(0x7f1290106ee0 0x7f1290107300 secure :-1 s=READY pgs=53 cs=0 l=1 rev1=1 crypto rx=0x7f12840098a0 tx=0x7f1284009bb0 comp rx=0 tx=0).stop
2024-04-26T01:39:09.102 INFO:teuthology.orchestra.run.smithi001.stdout:/usr/bin/ceph: stderr
2024-04-26T01:39:08.149+0000 7f1298400700 1 -- 172.21.15.1:0/1548574728 shutdown_connections
2024-04-26T01:39:09.102 INFO:teuthology.orchestra.run.smithi001.stdout:/usr/bin/ceph: stderr
2024-04-26T01:39:08.149+0000 7f1298400700 1 --2- 172.21.15.1:0/1548574728 >> [v2:172.21.15.1:3300/0,v1:172.21.15.1:6789/0] conn(0x7f1290106ee0 0x7f1290107300 unknown :-1 s=CLOSED pgs=53 cs=0 l=1 rev1=1 crypto rx=0 tx=0 comp rx=0 tx=0).stop
2024-04-26T01:39:09.107 INFO:teuthology.orchestra.run.smithi001.stdout:/usr/bin/ceph: stderr
2024-04-26T01:39:08.149+0000 7f1298400700 1 -- 172.21.15.1:0/1548574728 >> 172.21.15.1:0/1548574728 conn(0x7f1290102b80 msgr2=0x7f1290104fa0 unknown :-1 s=STATE_NONE l=0).mark_down
2024-04-26T01:39:09.107 INFO:teuthology.orchestra.run.smithi001.stdout:/usr/bin/ceph: stderr
2024-04-26T01:39:08.149+0000 7f1298400700 1 -- 172.21.15.1:0/1548574728 shutdown_connections
2024-04-26T01:39:09.107 INFO:teuthology.orchestra.run.smithi001.stdout:/usr/bin/ceph: stderr
2024-04-26T01:39:08.149+0000 7f1298400700 1 -- 172.21.15.1:0/1548574728 wait complete.
2024-04-26T01:39:09.107 INFO:teuthology.orchestra.run.smithi001.stdout:/usr/bin/ceph: stderr
2024-04-26T01:39:08.150+0000 7f1298400700 1 Processor -- start
2024-04-26T01:39:09.107 INFO:teuthology.orchestra.run.smithi001.stdout:/usr/bin/ceph: stderr
2024-04-26T01:39:08.150+0000 7f1298400700 1 -- start start
2024-04-26T01:39:09.107 INFO:teuthology.orchestra.run.smithi001.stdout:/usr/bin/ceph: stderr
2024-04-26T01:39:08.151+0000 7f1298400700 1 --2- >> [v2:172.21.15.1:3300/0,v1:172.21.15.1:6789/0] conn(0x7f1290106ee0 0x7f129019e6b0 unknown :-1 s=NONE pgs=0 cs=0 l=1 rev1=0 crypto rx=0 tx=0 comp rx=0 tx=0).connect
2024-04-26T01:39:09.107 INFO:teuthology.orchestra.run.smithi001.stdout:/usr/bin/ceph: stderr
2024-04-26T01:39:08.151+0000 7f1298400700 1 -- --> [v2:172.21.15.1:3300/0,v1:172.21.15.1:6789/0] -- mon_getmap magic: 0 -- 0x7f12901088b0 con 0x7f1290106ee0
2024-04-26T01:39:09.107 INFO:teuthology.orchestra.run.smithi001.stdout:/usr/bin/ceph: stderr
2024-04-26T01:39:08.151+0000 7f1295a00700 1 --2- >> [v2:172.21.15.1:3300/0,v1:172.21.15.1:6789/0] conn(0x7f1290106ee0 0x7f129019e6b0 unknown :-1 s=BANNER_CONNECTING pgs=0 cs=0 l=1 rev1=0 crypto rx=0 tx=0 comp rx=0 tx=0)._handle_peer_banner_payload supported=3 required=0
2024-04-26T01:39:09.107 INFO:teuthology.orchestra.run.smithi001.stdout:/usr/bin/ceph: stderr
2024-04-26T01:39:08.151+0000 7f1295a00700 1 --2- >> [v2:172.21.15.1:3300/0,v1:172.21.15.1:6789/0] conn(0x7f1290106ee0 0x7f129019e6b0 unknown :-1 s=HELLO_CONNECTING pgs=0 cs=0 l=1 rev1=1 crypto rx=0 tx=0 comp rx=0 tx=0).handle_hello peer v2:172.21.15.1:3300/0 says I am v2:172.21.15.1:48570/0 (socket says 172.21.15.1:48570)
2024-04-26T01:39:09.107 INFO:teuthology.orchestra.run.smithi001.stdout:/usr/bin/ceph: stderr
2024-04-26T01:39:08.151+0000 7f1295a00700 1 -- 172.21.15.1:0/516945413 learned_addr learned my addr 172.21.15.1:0/516945413 (peer_addr_for_me v2:172.21.15.1:0/0)
2024-04-26T01:39:09.108 INFO:teuthology.orchestra.run.smithi001.stdout:/usr/bin/ceph: stderr
2024-04-26T01:39:08.151+0000 7f1295a00700 1 -- 172.21.15.1:0/516945413 --> [v2:172.21.15.1:3300/0,v1:172.21.15.1:6789/0] -- mon_subscribe({config=0+,monmap=0+}) -- 0x7f129019ebf0 con 0x7f1290106ee0
2024-04-26T01:39:09.108 INFO:teuthology.orchestra.run.smithi001.stdout:/usr/bin/ceph: stderr
2024-04-26T01:39:08.152+0000 7f1295a00700 1 --2- 172.21.15.1:0/516945413 >> [v2:172.21.15.1:3300/0,v1:172.21.15.1:6789/0] conn(0x7f1290106ee0 0x7f129019e6b0 secure :-1 s=READY pgs=54 cs=0 l=1 rev1=1 crypto rx=0x7f1284004660 tx=0x7f1284011aa0 comp rx=0 tx=0).ready entity=mon.0 client_cookie=0 server_cookie=0 in_seq=0 out_seq=0
2024-04-26T01:39:09.108 INFO:teuthology.orchestra.run.smithi001.stdout:/usr/bin/ceph: stderr
2024-04-26T01:39:08.152+0000 7f128e000700 1 -- 172.21.15.1:0/516945413 <== mon.0 v2:172.21.15.1:3300/0 1 ==== mon_map magic: 0 ==== 205+0+0 (secure 0 0 0) 0x7f1284003aa0 con 0x7f1290106ee0
2024-04-26T01:39:09.108 INFO:teuthology.orchestra.run.smithi001.stdout:/usr/bin/ceph: stderr
2024-04-26T01:39:08.152+0000 7f128e000700 1 -- 172.21.15.1:0/516945413 <== mon.0 v2:172.21.15.1:3300/0 2 ==== config(26 keys) ==== 1101+0+0 (secure 0 0 0) 0x7f128401b8f0 con 0x7f1290106ee0
2024-04-26T01:39:09.108 INFO:teuthology.orchestra.run.smithi001.stdout:/usr/bin/ceph: stderr
2024-04-26T01:39:08.152+0000 7f128e000700 1 -- 172.21.15.1:0/516945413 <== mon.0 v2:172.21.15.1:3300/0 3 ==== mon_map magic: 0 ==== 205+0+0 (secure 0 0 0) 0x7f1284023900 con 0x7f1290106ee0
2024-04-26T01:39:09.108 INFO:teuthology.orchestra.run.smithi001.stdout:/usr/bin/ceph: stderr
2024-04-26T01:39:08.152+0000 7f1298400700 1 -- 172.21.15.1:0/516945413 --> [v2:172.21.15.1:3300/0,v1:172.21.15.1:6789/0] -- mon_subscribe({mgrmap=0+}) -- 0x7f129019ee80 con 0x7f1290106ee0
2024-04-26T01:39:09.108 INFO:teuthology.orchestra.run.smithi001.stdout:/usr/bin/ceph: stderr
2024-04-26T01:39:08.152+0000 7f1298400700 1 -- 172.21.15.1:0/516945413 --> [v2:172.21.15.1:3300/0,v1:172.21.15.1:6789/0] -- mon_subscribe({osdmap=0}) -- 0x7f12901a1b70 con 0x7f1290106ee0
2024-04-26T01:39:09.108 INFO:teuthology.orchestra.run.smithi001.stdout:/usr/bin/ceph: stderr
2024-04-26T01:39:08.153+0000 7f128e000700 1 -- 172.21.15.1:0/516945413 <== mon.0 v2:172.21.15.1:3300/0 4 ==== mgrmap(e 8) ==== 46558+0+0 (secure 0 0 0) 0x7f128401baa0 con 0x7f1290106ee0
2024-04-26T01:39:09.108 INFO:teuthology.orchestra.run.smithi001.stdout:/usr/bin/ceph: stderr
2024-04-26T01:39:08.154+0000 7f1298400700 1 -- 172.21.15.1:0/516945413 --> [v2:172.21.15.1:3300/0,v1:172.21.15.1:6789/0] -- mon_command({"prefix": "get_command_descriptions"} v 0) -- 0x7f12900640a0 con 0x7f1290106ee0
2024-04-26T01:39:09.108 INFO:teuthology.orchestra.run.smithi001.stdout:/usr/bin/ceph: stderr
2024-04-26T01:39:08.154+0000 7f128e000700 1 --2- 172.21.15.1:0/516945413 >> [v2:172.21.15.1:6800/1870580982,v1:172.21.15.1:6801/1870580982] conn(0x7f1278039600 0x7f127803bac0 unknown :-1 s=NONE pgs=0 cs=0 l=1 rev1=0 crypto rx=0 tx=0 comp rx=0 tx=0).connect
2024-04-26T01:39:09.108 INFO:teuthology.orchestra.run.smithi001.stdout:/usr/bin/ceph: stderr
2024-04-26T01:39:08.154+0000 7f128e000700 1 -- 172.21.15.1:0/516945413 <== mon.0 v2:172.21.15.1:3300/0 5 ==== osd_map(2..2 src has 1..2) ==== 940+0+0 (secure 0 0 0) 0x7f128404dec0 con 0x7f1290106ee0
2024-04-26T01:39:09.108 INFO:teuthology.orchestra.run.smithi001.stdout:/usr/bin/ceph: stderr
2024-04-26T01:39:08.154+0000 7f1295000700 1 --2- 172.21.15.1:0/516945413 >> [v2:172.21.15.1:6800/1870580982,v1:172.21.15.1:6801/1870580982] conn(0x7f1278039600 0x7f127803bac0 unknown :-1 s=BANNER_CONNECTING pgs=0 cs=0 l=1 rev1=0 crypto rx=0 tx=0 comp rx=0 tx=0)._handle_peer_banner_payload supported=3 required=0
2024-04-26T01:39:09.108 INFO:teuthology.orchestra.run.smithi001.stdout:/usr/bin/ceph: stderr
2024-04-26T01:39:08.155+0000 7f1295000700 1 --2- 172.21.15.1:0/516945413 >> [v2:172.21.15.1:6800/1870580982,v1:172.21.15.1:6801/1870580982] conn(0x7f1278039600 0x7f127803bac0 secure :-1 s=READY pgs=15 cs=0 l=1 rev1=1 crypto rx=0x7f127c006fd0 tx=0x7f127c006e40 comp rx=0 tx=0).ready entity=mgr.14120 client_cookie=0 server_cookie=0 in_seq=0 out_seq=0
2024-04-26T01:39:09.108 INFO:teuthology.orchestra.run.smithi001.stdout:/usr/bin/ceph: stderr
2024-04-26T01:39:08.160+0000 7f128e000700 1 -- 172.21.15.1:0/516945413 <== mon.0 v2:172.21.15.1:3300/0 6 ==== mon_command_ack([{"prefix": "get_command_descriptions"}]=0 v0) ==== 72+0+188370 (secure 0 0 0) 0x7f128401f030 con 0x7f1290106ee0
2024-04-26T01:39:09.109 INFO:teuthology.orchestra.run.smithi001.stdout:/usr/bin/ceph: stderr
2024-04-26T01:39:08.404+0000 7f1298400700 1 -- 172.21.15.1:0/516945413 --> [v2:172.21.15.1:3300/0,v1:172.21.15.1:6789/0] -- mon_command([{prefix=config set, name=mgr/dashboard/ssl_server_port}] v 0) -- 0x7f129002e2c0 con 0x7f1290106ee0
2024-04-26T01:39:09.109 INFO:teuthology.orchestra.run.smithi001.stdout:/usr/bin/ceph: stderr
2024-04-26T01:39:08.408+0000 7f128e000700 1 -- 172.21.15.1:0/516945413 <== mon.0 v2:172.21.15.1:3300/0 7 ==== mon_command_ack([{prefix=config set, name=mgr/dashboard/ssl_server_port}]=0 v8)=0 v8) ==== 130+0+0 (secure 0 0 0) 0x7f128402c3f0 con 0x7f1290106ee0
2024-04-26T01:39:09.109 INFO:teuthology.orchestra.run.smithi001.stdout:/usr/bin/ceph: stderr
2024-04-26T01:39:08.411+0000 7f1298400700 1 -- 172.21.15.1:0/516945413 >> [v2:172.21.15.1:6800/1870580982,v1:172.21.15.1:6801/1870580982] conn(0x7f1278039600 msgr2=0x7f127803bac0 secure :-1 s=STATE_CONNECTION_ESTABLISHED l=1).mark_down
2024-04-26T01:39:09.109 INFO:teuthology.orchestra.run.smithi001.stdout:/usr/bin/ceph: stderr
2024-04-26T01:39:08.411+0000 7f1298400700 1 --2- 172.21.15.1:0/516945413 >> [v2:172.21.15.1:6800/1870580982,v1:172.21.15.1:6801/1870580982] conn(0x7f1278039600 0x7f127803bac0 secure :-1 s=READY pgs=15 cs=0 l=1 rev1=1 crypto rx=0x7f127c006fd0 tx=0x7f127c006e40 comp rx=0 tx=0).stop
2024-04-26T01:39:09.109 INFO:teuthology.orchestra.run.smithi001.stdout:/usr/bin/ceph: stderr
2024-04-26T01:39:08.411+0000 7f1298400700 1 -- 172.21.15.1:0/516945413 >> [v2:172.21.15.1:3300/0,v1:172.21.15.1:6789/0] conn(0x7f1290106ee0 msgr2=0x7f129019e6b0 secure :-1 s=STATE_CONNECTION_ESTABLISHED l=1).mark_down
2024-04-26T01:39:09.109 INFO:teuthology.orchestra.run.smithi001.stdout:/usr/bin/ceph: stderr
2024-04-26T01:39:08.411+0000 7f1298400700 1 --2- 172.21.15.1:0/516945413 >> [v2:172.21.15.1:3300/0,v1:172.21.15.1:6789/0] conn(0x7f1290106ee0 0x7f129019e6b0 secure :-1 s=READY pgs=54 cs=0 l=1 rev1=1 crypto rx=0x7f1284004660 tx=0x7f1284011aa0 comp rx=0 tx=0).stop
2024-04-26T01:39:09.109 INFO:teuthology.orchestra.run.smithi001.stdout:/usr/bin/ceph: stderr
2024-04-26T01:39:08.411+0000 7f1298400700 1 -- 172.21.15.1:0/516945413 shutdown_connections
2024-04-26T01:39:09.109 INFO:teuthology.orchestra.run.smithi001.stdout:/usr/bin/ceph: stderr
2024-04-26T01:39:08.411+0000 7f1298400700 1 --2- 172.21.15.1:0/516945413 >> [v2:172.21.15.1:6800/1870580982,v1:172.21.15.1:6801/1870580982] conn(0x7f1278039600 0x7f127803bac0 unknown :-1 s=CLOSED pgs=15 cs=0 l=1 rev1=1 crypto rx=0 tx=0 comp rx=0 tx=0).stop
2024-04-26T01:39:09.109 INFO:teuthology.orchestra.run.smithi001.stdout:/usr/bin/ceph: stderr
2024-04-26T01:39:08.411+0000 7f1298400700 1 --2- 172.21.15.1:0/516945413 >> [v2:172.21.15.1:3300/0,v1:172.21.15.1:6789/0] conn(0x7f1290106ee0 0x7f129019e6b0 unknown :-1 s=CLOSED pgs=54 cs=0 l=1 rev1=1 crypto rx=0 tx=0 comp rx=0 tx=0).stop
2024-04-26T01:39:09.109 INFO:teuthology.orchestra.run.smithi001.stdout:/usr/bin/ceph: stderr
2024-04-26T01:39:08.411+0000 7f1298400700 1 -- 172.21.15.1:0/516945413 >> 172.21.15.1:0/516945413 conn(0x7f1290102b80 msgr2=0x7f1290195350 unknown :-1 s=STATE_NONE l=0).mark_down
2024-04-26T01:39:09.109 INFO:teuthology.orchestra.run.smithi001.stdout:/usr/bin/ceph: stderr
2024-04-26T01:39:08.412+0000 7f1298400700 1 -- 172.21.15.1:0/516945413 shutdown_connections
2024-04-26T01:39:09.109 INFO:teuthology.orchestra.run.smithi001.stdout:/usr/bin/ceph: stderr
2024-04-26T01:39:08.412+0000 7f1298400700 1 -- 172.21.15.1:0/516945413 wait complete.
2024-04-26T01:39:09.109 INFO:teuthology.orchestra.run.smithi001.stdout:Enabling the dashboard module...
2024-04-26T01:39:09.628 INFO:journalctl@ceph.mon.a.smithi001.stdout:Apr 26 01:39:09 smithi001 ceph-mon[27822]: pgmap v4: 0 pgs: ; 0 B data, 0 B used, 0 B / 0 B avail
2024-04-26T01:39:09.628 INFO:journalctl@ceph.mon.a.smithi001.stdout:Apr 26 01:39:09 smithi001 ceph-mon[27822]: from='client.? 172.21.15.1:0/516945413' entity='client.admin'
2024-04-26T01:39:11.628 INFO:journalctl@ceph.mon.a.smithi001.stdout:Apr 26 01:39:11 smithi001 ceph-mon[27822]: pgmap v5: 0 pgs: ; 0 B data, 0 B used, 0 B / 0 B avail
2024-04-26T01:39:11.628 INFO:journalctl@ceph.mon.a.smithi001.stdout:Apr 26 01:39:11 smithi001 ceph-mon[27822]: from='mgr.14120 172.21.15.1:0/4179471221' entity='mgr.x'
2024-04-26T01:39:11.628 INFO:journalctl@ceph.mon.a.smithi001.stdout:Apr 26 01:39:11 smithi001 ceph-mon[27822]: from='client.? 172.21.15.1:0/36686245' entity='client.admin' cmd=[{"prefix": "mgr module enable", "module": "dashboard"}]: dispatch
2024-04-26T01:39:11.628 INFO:journalctl@ceph.mgr.x.smithi001.stdout:Apr 26 01:39:11 smithi001 ceph-77cfcc80-036d-11ef-bc93-c7b262605968-mgr-x[28059]: ignoring --setuser ceph since I am not root
2024-04-26T01:39:11.628 INFO:journalctl@ceph.mgr.x.smithi001.stdout:Apr 26 01:39:11 smithi001 ceph-77cfcc80-036d-11ef-bc93-c7b262605968-mgr-x[28059]: ignoring --setgroup ceph since I am not root
2024-04-26T01:39:12.104 INFO:journalctl@ceph.mgr.x.smithi001.stdout:Apr 26 01:39:11 smithi001 ceph-77cfcc80-036d-11ef-bc93-c7b262605968-mgr-x[28059]:
2024-04-26T01:39:11.725+0000 7f8184586200 -1 mgr[py] Module balancer has missing NOTIFY_TYPES member
2024-04-26T01:39:12.105 INFO:journalctl@ceph.mgr.x.smithi001.stdout:Apr 26 01:39:11 smithi001 ceph-77cfcc80-036d-11ef-bc93-c7b262605968-mgr-x[28059]:
2024-04-26T01:39:11.971+0000 7f8184586200 -1 mgr[py] Module orchestrator has missing NOTIFY_TYPES member
2024-04-26T01:39:12.105 INFO:journalctl@ceph.mgr.x.smithi001.stdout:Apr 26 01:39:12 smithi001 ceph-77cfcc80-036d-11ef-bc93-c7b262605968-mgr-x[28059]:
2024-04-26T01:39:12.107+0000 7f8184586200 -1 mgr[py] Module snap_schedule has missing NOTIFY_TYPES member
2024-04-26T01:39:12.222 INFO:teuthology.orchestra.run.smithi001.stdout:/usr/bin/ceph: stderr
2024-04-26T01:39:10.302+0000 7ff063000700 1 Processor -- start
2024-04-26T01:39:12.222 INFO:teuthology.orchestra.run.smithi001.stdout:/usr/bin/ceph: stderr
2024-04-26T01:39:10.302+0000 7ff063000700 1 -- start start
2024-04-26T01:39:12.222 INFO:teuthology.orchestra.run.smithi001.stdout:/usr/bin/ceph: stderr
2024-04-26T01:39:10.303+0000 7ff063000700 1 --2- >> [v2:172.21.15.1:3300/0,v1:172.21.15.1:6789/0] conn(0x7ff05c108610 0x7ff05c108a30 unknown :-1 s=NONE pgs=0 cs=0 l=0 rev1=0 crypto rx=0 tx=0 comp rx=0 tx=0).connect
2024-04-26T01:39:12.222 INFO:teuthology.orchestra.run.smithi001.stdout:/usr/bin/ceph: stderr
2024-04-26T01:39:10.303+0000 7ff063000700 1 -- --> [v2:172.21.15.1:3300/0,v1:172.21.15.1:6789/0] -- mon_getmap magic: 0 -- 0x7ff05c109000 con 0x7ff05c108610
2024-04-26T01:39:12.222 INFO:teuthology.orchestra.run.smithi001.stdout:/usr/bin/ceph: stderr
2024-04-26T01:39:10.304+0000 7ff05be00700 1 --2- >> [v2:172.21.15.1:3300/0,v1:172.21.15.1:6789/0] conn(0x7ff05c108610 0x7ff05c108a30 unknown :-1 s=BANNER_CONNECTING pgs=0 cs=0 l=0 rev1=0 crypto rx=0 tx=0 comp rx=0 tx=0)._handle_peer_banner_payload supported=3 required=0
2024-04-26T01:39:12.222 INFO:teuthology.orchestra.run.smithi001.stdout:/usr/bin/ceph: stderr
2024-04-26T01:39:10.304+0000 7ff05be00700 1 --2- >> [v2:172.21.15.1:3300/0,v1:172.21.15.1:6789/0] conn(0x7ff05c108610 0x7ff05c108a30 unknown :-1 s=HELLO_CONNECTING pgs=0 cs=0 l=0 rev1=1 crypto rx=0 tx=0 comp rx=0 tx=0).handle_hello peer v2:172.21.15.1:3300/0 says I am v2:172.21.15.1:48582/0 (socket says 172.21.15.1:48582)
2024-04-26T01:39:12.222 INFO:teuthology.orchestra.run.smithi001.stdout:/usr/bin/ceph: stderr
2024-04-26T01:39:10.304+0000 7ff05be00700 1 -- 172.21.15.1:0/1824772948 learned_addr learned my addr 172.21.15.1:0/1824772948 (peer_addr_for_me v2:172.21.15.1:0/0)
2024-04-26T01:39:12.223 INFO:teuthology.orchestra.run.smithi001.stdout:/usr/bin/ceph: stderr
2024-04-26T01:39:10.305+0000 7ff05be00700 1 -- 172.21.15.1:0/1824772948 --> [v2:172.21.15.1:3300/0,v1:172.21.15.1:6789/0] -- mon_subscribe({config=0+,monmap=0+}) -- 0x7ff05c109810 con 0x7ff05c108610
2024-04-26T01:39:12.223 INFO:teuthology.orchestra.run.smithi001.stdout:/usr/bin/ceph: stderr
2024-04-26T01:39:10.305+0000 7ff05be00700 1 --2- 172.21.15.1:0/1824772948 >> [v2:172.21.15.1:3300/0,v1:172.21.15.1:6789/0] conn(0x7ff05c108610 0x7ff05c108a30 secure :-1 s=READY pgs=55 cs=0 l=1 rev1=1 crypto rx=0x7ff04c0098a0 tx=0x7ff04c009bb0 comp rx=0 tx=0).ready entity=mon.0 client_cookie=ff78a19a13949e59 server_cookie=0 in_seq=0 out_seq=0
2024-04-26T01:39:12.223 INFO:teuthology.orchestra.run.smithi001.stdout:/usr/bin/ceph: stderr
2024-04-26T01:39:10.305+0000 7ff05aa00700 1 -- 172.21.15.1:0/1824772948 <== mon.0 v2:172.21.15.1:3300/0 1 ==== mon_map magic: 0 ==== 205+0+0 (secure 0 0 0) 0x7ff04c004160 con 0x7ff05c108610
2024-04-26T01:39:12.223 INFO:teuthology.orchestra.run.smithi001.stdout:/usr/bin/ceph: stderr
2024-04-26T01:39:10.305+0000 7ff05aa00700 1 -- 172.21.15.1:0/1824772948 <== mon.0 v2:172.21.15.1:3300/0 2 ==== config(26 keys) ==== 1101+0+0 (secure 0 0 0) 0x7ff04c004300 con 0x7ff05c108610
2024-04-26T01:39:12.223 INFO:teuthology.orchestra.run.smithi001.stdout:/usr/bin/ceph: stderr
2024-04-26T01:39:10.305+0000 7ff05aa00700 1 -- 172.21.15.1:0/1824772948 <== mon.0 v2:172.21.15.1:3300/0 3 ==== mon_map magic: 0 ==== 205+0+0 (secure 0 0 0) 0x7ff04c011a20 con 0x7ff05c108610
2024-04-26T01:39:12.223 INFO:teuthology.orchestra.run.smithi001.stdout:/usr/bin/ceph: stderr
2024-04-26T01:39:10.306+0000 7ff063000700 1 -- 172.21.15.1:0/1824772948 >> [v2:172.21.15.1:3300/0,v1:172.21.15.1:6789/0] conn(0x7ff05c108610 msgr2=0x7ff05c108a30 secure :-1 s=STATE_CONNECTION_ESTABLISHED l=1).mark_down
2024-04-26T01:39:12.223 INFO:teuthology.orchestra.run.smithi001.stdout:/usr/bin/ceph: stderr
2024-04-26T01:39:10.306+0000 7ff063000700 1 --2- 172.21.15.1:0/1824772948 >> [v2:172.21.15.1:3300/0,v1:172.21.15.1:6789/0] conn(0x7ff05c108610 0x7ff05c108a30 secure :-1 s=READY pgs=55 cs=0 l=1 rev1=1 crypto rx=0x7ff04c0098a0 tx=0x7ff04c009bb0 comp rx=0 tx=0).stop
2024-04-26T01:39:12.223 INFO:teuthology.orchestra.run.smithi001.stdout:/usr/bin/ceph: stderr
2024-04-26T01:39:10.307+0000 7ff063000700 1 -- 172.21.15.1:0/1824772948 shutdown_connections
2024-04-26T01:39:12.223 INFO:teuthology.orchestra.run.smithi001.stdout:/usr/bin/ceph: stderr
2024-04-26T01:39:10.307+0000 7ff063000700 1 --2- 172.21.15.1:0/1824772948 >> [v2:172.21.15.1:3300/0,v1:172.21.15.1:6789/0] conn(0x7ff05c108610 0x7ff05c108a30 unknown :-1 s=CLOSED pgs=55 cs=0 l=1 rev1=1 crypto rx=0 tx=0 comp rx=0 tx=0).stop
2024-04-26T01:39:12.223 INFO:teuthology.orchestra.run.smithi001.stdout:/usr/bin/ceph: stderr
