2024-04-26T01:38:33.304+0000 7fe2e7200700 1 -- 172.21.15.1:0/463408908 shutdown_connections
2024-04-26T01:38:34.272 INFO:teuthology.orchestra.run.smithi001.stdout:/usr/bin/ceph: stderr
2024-04-26T01:38:33.304+0000 7fe2e7200700 1 --2- 172.21.15.1:0/463408908 >> [v2:172.21.15.1:3300/0,v1:172.21.15.1:6789/0] conn(0x7fe2e0108420 0x7fe2e0108840 unknown :-1 s=CLOSED pgs=18 cs=0 l=1 rev1=1 crypto rx=0 tx=0 comp rx=0 tx=0).stop
2024-04-26T01:38:34.272 INFO:teuthology.orchestra.run.smithi001.stdout:/usr/bin/ceph: stderr
2024-04-26T01:38:33.304+0000 7fe2e7200700 1 -- 172.21.15.1:0/463408908 >> 172.21.15.1:0/463408908 conn(0x7fe2e0103a00 msgr2=0x7fe2e0105e20 unknown :-1 s=STATE_NONE l=0).mark_down
2024-04-26T01:38:34.272 INFO:teuthology.orchestra.run.smithi001.stdout:/usr/bin/ceph: stderr
2024-04-26T01:38:33.304+0000 7fe2e7200700 1 -- 172.21.15.1:0/463408908 shutdown_connections
2024-04-26T01:38:34.272 INFO:teuthology.orchestra.run.smithi001.stdout:/usr/bin/ceph: stderr
2024-04-26T01:38:33.304+0000 7fe2e7200700 1 -- 172.21.15.1:0/463408908 wait complete.
2024-04-26T01:38:34.272 INFO:teuthology.orchestra.run.smithi001.stdout:/usr/bin/ceph: stderr
2024-04-26T01:38:33.305+0000 7fe2e7200700 1 Processor -- start
2024-04-26T01:38:34.272 INFO:teuthology.orchestra.run.smithi001.stdout:/usr/bin/ceph: stderr
2024-04-26T01:38:33.305+0000 7fe2e7200700 1 -- start start
2024-04-26T01:38:34.273 INFO:teuthology.orchestra.run.smithi001.stdout:/usr/bin/ceph: stderr
2024-04-26T01:38:33.306+0000 7fe2e7200700 1 --2- >> [v2:172.21.15.1:3300/0,v1:172.21.15.1:6789/0] conn(0x7fe2e019e7e0 0x7fe2e019ec00 unknown :-1 s=NONE pgs=0 cs=0 l=1 rev1=0 crypto rx=0 tx=0 comp rx=0 tx=0).connect
2024-04-26T01:38:34.273 INFO:teuthology.orchestra.run.smithi001.stdout:/usr/bin/ceph: stderr
2024-04-26T01:38:33.306+0000 7fe2e7200700 1 -- --> [v2:172.21.15.1:3300/0,v1:172.21.15.1:6789/0] -- mon_getmap magic: 0 -- 0x7fe2e010c850 con 0x7fe2e019e7e0
2024-04-26T01:38:34.273 INFO:teuthology.orchestra.run.smithi001.stdout:/usr/bin/ceph: stderr
2024-04-26T01:38:33.306+0000 7fe2e5e00700 1 --2- >> [v2:172.21.15.1:3300/0,v1:172.21.15.1:6789/0] conn(0x7fe2e019e7e0 0x7fe2e019ec00 unknown :-1 s=BANNER_CONNECTING pgs=0 cs=0 l=1 rev1=0 crypto rx=0 tx=0 comp rx=0 tx=0)._handle_peer_banner_payload supported=3 required=0
2024-04-26T01:38:34.273 INFO:teuthology.orchestra.run.smithi001.stdout:/usr/bin/ceph: stderr
2024-04-26T01:38:33.306+0000 7fe2e5e00700 1 --2- >> [v2:172.21.15.1:3300/0,v1:172.21.15.1:6789/0] conn(0x7fe2e019e7e0 0x7fe2e019ec00 unknown :-1 s=HELLO_CONNECTING pgs=0 cs=0 l=1 rev1=1 crypto rx=0 tx=0 comp rx=0 tx=0).handle_hello peer v2:172.21.15.1:3300/0 says I am v2:172.21.15.1:45214/0 (socket says 172.21.15.1:45214)
2024-04-26T01:38:34.273 INFO:teuthology.orchestra.run.smithi001.stdout:/usr/bin/ceph: stderr
2024-04-26T01:38:33.306+0000 7fe2e5e00700 1 -- 172.21.15.1:0/1987989967 learned_addr learned my addr 172.21.15.1:0/1987989967 (peer_addr_for_me v2:172.21.15.1:0/0)
2024-04-26T01:38:34.273 INFO:teuthology.orchestra.run.smithi001.stdout:/usr/bin/ceph: stderr
2024-04-26T01:38:33.306+0000 7fe2e5e00700 1 -- 172.21.15.1:0/1987989967 --> [v2:172.21.15.1:3300/0,v1:172.21.15.1:6789/0] -- mon_subscribe({config=0+,monmap=0+}) -- 0x7fe2e019f140 con 0x7fe2e019e7e0
2024-04-26T01:38:34.273 INFO:teuthology.orchestra.run.smithi001.stdout:/usr/bin/ceph: stderr
2024-04-26T01:38:33.307+0000 7fe2e5e00700 1 --2- 172.21.15.1:0/1987989967 >> [v2:172.21.15.1:3300/0,v1:172.21.15.1:6789/0] conn(0x7fe2e019e7e0 0x7fe2e019ec00 secure :-1 s=READY pgs=19 cs=0 l=1 rev1=1 crypto rx=0x7fe2d4000c00 tx=0x7fe2d4004260 comp rx=0 tx=0).ready entity=mon.0 client_cookie=0 server_cookie=0 in_seq=0 out_seq=0
2024-04-26T01:38:34.273 INFO:teuthology.orchestra.run.smithi001.stdout:/usr/bin/ceph: stderr
2024-04-26T01:38:33.307+0000 7fe2daa00700 1 -- 172.21.15.1:0/1987989967 <== mon.0 v2:172.21.15.1:3300/0 1 ==== mon_map magic: 0 ==== 205+0+0 (secure 0 0 0) 0x7fe2d40037d0 con 0x7fe2e019e7e0
2024-04-26T01:38:34.273 INFO:teuthology.orchestra.run.smithi001.stdout:/usr/bin/ceph: stderr
2024-04-26T01:38:33.307+0000 7fe2daa00700 1 -- 172.21.15.1:0/1987989967 <== mon.0 v2:172.21.15.1:3300/0 2 ==== config(26 keys) ==== 1070+0+0 (secure 0 0 0) 0x7fe2d4003970 con 0x7fe2e019e7e0
2024-04-26T01:38:34.273 INFO:teuthology.orchestra.run.smithi001.stdout:/usr/bin/ceph: stderr
2024-04-26T01:38:33.307+0000 7fe2daa00700 1 -- 172.21.15.1:0/1987989967 <== mon.0 v2:172.21.15.1:3300/0 3 ==== mon_map magic: 0 ==== 205+0+0 (secure 0 0 0) 0x7fe2d401b440 con 0x7fe2e019e7e0
2024-04-26T01:38:34.273 INFO:teuthology.orchestra.run.smithi001.stdout:/usr/bin/ceph: stderr
2024-04-26T01:38:33.307+0000 7fe2e7200700 1 -- 172.21.15.1:0/1987989967 --> [v2:172.21.15.1:3300/0,v1:172.21.15.1:6789/0] -- mon_subscribe({mgrmap=0+}) -- 0x7fe2e019f3d0 con 0x7fe2e019e7e0
2024-04-26T01:38:34.273 INFO:teuthology.orchestra.run.smithi001.stdout:/usr/bin/ceph: stderr
2024-04-26T01:38:33.307+0000 7fe2e7200700 1 -- 172.21.15.1:0/1987989967 --> [v2:172.21.15.1:3300/0,v1:172.21.15.1:6789/0] -- mon_subscribe({osdmap=0}) -- 0x7fe2e01a1eb0 con 0x7fe2e019e7e0
2024-04-26T01:38:34.273 INFO:teuthology.orchestra.run.smithi001.stdout:/usr/bin/ceph: stderr
2024-04-26T01:38:33.308+0000 7fe2daa00700 1 -- 172.21.15.1:0/1987989967 <== mon.0 v2:172.21.15.1:3300/0 4 ==== mgrmap(e 4) ==== 46547+0+0 (secure 0 0 0) 0x7fe2d401a440 con 0x7fe2e019e7e0
2024-04-26T01:38:34.273 INFO:teuthology.orchestra.run.smithi001.stdout:/usr/bin/ceph: stderr
2024-04-26T01:38:33.308+0000 7fe2e7200700 1 -- 172.21.15.1:0/1987989967 --> [v2:172.21.15.1:3300/0,v1:172.21.15.1:6789/0] -- mon_command({"prefix": "get_command_descriptions"} v 0) -- 0x7fe2e010c9d0 con 0x7fe2e019e7e0
2024-04-26T01:38:34.274 INFO:teuthology.orchestra.run.smithi001.stdout:/usr/bin/ceph: stderr
2024-04-26T01:38:33.309+0000 7fe2daa00700 1 --2- 172.21.15.1:0/1987989967 >> [v2:172.21.15.1:6800/810889357,v1:172.21.15.1:6801/810889357] conn(0x7fe2c8039560 0x7fe2c803ba20 unknown :-1 s=NONE pgs=0 cs=0 l=1 rev1=0 crypto rx=0 tx=0 comp rx=0 tx=0).connect
2024-04-26T01:38:34.274 INFO:teuthology.orchestra.run.smithi001.stdout:/usr/bin/ceph: stderr
2024-04-26T01:38:33.309+0000 7fe2daa00700 1 -- 172.21.15.1:0/1987989967 <== mon.0 v2:172.21.15.1:3300/0 5 ==== osd_map(1..1 src has 1..1) ==== 725+0+0 (secure 0 0 0) 0x7fe2d404da10 con 0x7fe2e019e7e0
2024-04-26T01:38:34.274 INFO:teuthology.orchestra.run.smithi001.stdout:/usr/bin/ceph: stderr
2024-04-26T01:38:33.310+0000 7fe2e5400700 1 --2- 172.21.15.1:0/1987989967 >> [v2:172.21.15.1:6800/810889357,v1:172.21.15.1:6801/810889357] conn(0x7fe2c8039560 0x7fe2c803ba20 unknown :-1 s=BANNER_CONNECTING pgs=0 cs=0 l=1 rev1=0 crypto rx=0 tx=0 comp rx=0 tx=0)._handle_peer_banner_payload supported=3 required=0
2024-04-26T01:38:34.274 INFO:teuthology.orchestra.run.smithi001.stdout:/usr/bin/ceph: stderr
2024-04-26T01:38:33.310+0000 7fe2e5400700 1 --2- 172.21.15.1:0/1987989967 >> [v2:172.21.15.1:6800/810889357,v1:172.21.15.1:6801/810889357] conn(0x7fe2c8039560 0x7fe2c803ba20 secure :-1 s=READY pgs=6 cs=0 l=1 rev1=1 crypto rx=0x7fe2d0006fd0 tx=0x7fe2d0006e40 comp rx=0 tx=0).ready entity=mgr.14100 client_cookie=0 server_cookie=0 in_seq=0 out_seq=0
2024-04-26T01:38:34.274 INFO:teuthology.orchestra.run.smithi001.stdout:/usr/bin/ceph: stderr
2024-04-26T01:38:33.316+0000 7fe2daa00700 1 -- 172.21.15.1:0/1987989967 <== mon.0 v2:172.21.15.1:3300/0 6 ==== mon_command_ack([{"prefix": "get_command_descriptions"}]=0 v0) ==== 72+0+188370 (secure 0 0 0) 0x7fe2d40172b0 con 0x7fe2e019e7e0
2024-04-26T01:38:34.274 INFO:teuthology.orchestra.run.smithi001.stdout:/usr/bin/ceph: stderr
2024-04-26T01:38:33.632+0000 7fe2e7200700 1 -- 172.21.15.1:0/1987989967 --> [v2:172.21.15.1:3300/0,v1:172.21.15.1:6789/0] -- mon_command({"prefix": "status", "format": "json-pretty"} v 0) -- 0x7fe2e01a2780 con 0x7fe2e019e7e0
2024-04-26T01:38:34.274 INFO:teuthology.orchestra.run.smithi001.stdout:/usr/bin/ceph: stderr
2024-04-26T01:38:33.633+0000 7fe2daa00700 1 -- 172.21.15.1:0/1987989967 <== mon.0 v2:172.21.15.1:3300/0 7 ==== mon_command_ack([{"prefix": "status", "format": "json-pretty"}]=0 v0) ==== 79+0+1239 (secure 0 0 0) 0x7fe2d4018e00 con 0x7fe2e019e7e0
2024-04-26T01:38:34.274 INFO:teuthology.orchestra.run.smithi001.stdout:/usr/bin/ceph: stderr
2024-04-26T01:38:33.635+0000 7fe2e7200700 1 -- 172.21.15.1:0/1987989967 >> [v2:172.21.15.1:6800/810889357,v1:172.21.15.1:6801/810889357] conn(0x7fe2c8039560 msgr2=0x7fe2c803ba20 secure :-1 s=STATE_CONNECTION_ESTABLISHED l=1).mark_down
2024-04-26T01:38:34.274 INFO:teuthology.orchestra.run.smithi001.stdout:/usr/bin/ceph: stderr
2024-04-26T01:38:33.635+0000 7fe2e7200700 1 --2- 172.21.15.1:0/1987989967 >> [v2:172.21.15.1:6800/810889357,v1:172.21.15.1:6801/810889357] conn(0x7fe2c8039560 0x7fe2c803ba20 secure :-1 s=READY pgs=6 cs=0 l=1 rev1=1 crypto rx=0x7fe2d0006fd0 tx=0x7fe2d0006e40 comp rx=0 tx=0).stop
2024-04-26T01:38:34.274 INFO:teuthology.orchestra.run.smithi001.stdout:/usr/bin/ceph: stderr
2024-04-26T01:38:33.635+0000 7fe2e7200700 1 -- 172.21.15.1:0/1987989967 >> [v2:172.21.15.1:3300/0,v1:172.21.15.1:6789/0] conn(0x7fe2e019e7e0 msgr2=0x7fe2e019ec00 secure :-1 s=STATE_CONNECTION_ESTABLISHED l=1).mark_down
2024-04-26T01:38:34.274 INFO:teuthology.orchestra.run.smithi001.stdout:/usr/bin/ceph: stderr
2024-04-26T01:38:33.635+0000 7fe2e7200700 1 --2- 172.21.15.1:0/1987989967 >> [v2:172.21.15.1:3300/0,v1:172.21.15.1:6789/0] conn(0x7fe2e019e7e0 0x7fe2e019ec00 secure :-1 s=READY pgs=19 cs=0 l=1 rev1=1 crypto rx=0x7fe2d4000c00 tx=0x7fe2d4004260 comp rx=0 tx=0).stop
2024-04-26T01:38:34.274 INFO:teuthology.orchestra.run.smithi001.stdout:/usr/bin/ceph: stderr
2024-04-26T01:38:33.635+0000 7fe2e7200700 1 -- 172.21.15.1:0/1987989967 shutdown_connections
2024-04-26T01:38:34.274 INFO:teuthology.orchestra.run.smithi001.stdout:/usr/bin/ceph: stderr
2024-04-26T01:38:33.635+0000 7fe2e7200700 1 --2- 172.21.15.1:0/1987989967 >> [v2:172.21.15.1:6800/810889357,v1:172.21.15.1:6801/810889357] conn(0x7fe2c8039560 0x7fe2c803ba20 unknown :-1 s=CLOSED pgs=6 cs=0 l=1 rev1=1 crypto rx=0 tx=0 comp rx=0 tx=0).stop
2024-04-26T01:38:34.275 INFO:teuthology.orchestra.run.smithi001.stdout:/usr/bin/ceph: stderr
2024-04-26T01:38:33.635+0000 7fe2e7200700 1 --2- 172.21.15.1:0/1987989967 >> [v2:172.21.15.1:3300/0,v1:172.21.15.1:6789/0] conn(0x7fe2e019e7e0 0x7fe2e019ec00 unknown :-1 s=CLOSED pgs=19 cs=0 l=1 rev1=1 crypto rx=0 tx=0 comp rx=0 tx=0).stop
2024-04-26T01:38:34.275 INFO:teuthology.orchestra.run.smithi001.stdout:/usr/bin/ceph: stderr
2024-04-26T01:38:33.635+0000 7fe2e7200700 1 -- 172.21.15.1:0/1987989967 >> 172.21.15.1:0/1987989967 conn(0x7fe2e0103a00 msgr2=0x7fe2e01045a0 unknown :-1 s=STATE_NONE l=0).mark_down
2024-04-26T01:38:34.275 INFO:teuthology.orchestra.run.smithi001.stdout:/usr/bin/ceph: stderr
2024-04-26T01:38:33.636+0000 7fe2e7200700 1 -- 172.21.15.1:0/1987989967 shutdown_connections
2024-04-26T01:38:34.275 INFO:teuthology.orchestra.run.smithi001.stdout:/usr/bin/ceph: stderr
2024-04-26T01:38:33.636+0000 7fe2e7200700 1 -- 172.21.15.1:0/1987989967 wait complete.
2024-04-26T01:38:34.275 INFO:teuthology.orchestra.run.smithi001.stdout:mgr is available
2024-04-26T01:38:35.515 INFO:journalctl@ceph.mon.a.smithi001.stdout:Apr 26 01:38:35 smithi001 ceph-mon[27822]: from='client.? 172.21.15.1:0/2238298338' entity='client.admin' cmd=[{"prefix": "config assimilate-conf"}]: dispatch
2024-04-26T01:38:35.795 INFO:teuthology.orchestra.run.smithi001.stdout:/usr/bin/ceph: stdout
2024-04-26T01:38:35.795 INFO:teuthology.orchestra.run.smithi001.stdout:/usr/bin/ceph: stdout [global]
2024-04-26T01:38:35.795 INFO:teuthology.orchestra.run.smithi001.stdout:/usr/bin/ceph: stdout fsid = 77cfcc80-036d-11ef-bc93-c7b262605968
2024-04-26T01:38:35.795 INFO:teuthology.orchestra.run.smithi001.stdout:/usr/bin/ceph: stdout mon_cluster_log_file_level = debug
2024-04-26T01:38:35.795 INFO:teuthology.orchestra.run.smithi001.stdout:/usr/bin/ceph: stdout mon_osd_allow_pg_remap = true
2024-04-26T01:38:35.795 INFO:teuthology.orchestra.run.smithi001.stdout:/usr/bin/ceph: stdout mon_osd_allow_primary_affinity = true
2024-04-26T01:38:35.795 INFO:teuthology.orchestra.run.smithi001.stdout:/usr/bin/ceph: stdout mon_warn_on_no_sortbitwise = false
2024-04-26T01:38:35.795 INFO:teuthology.orchestra.run.smithi001.stdout:/usr/bin/ceph: stdout osd_crush_chooseleaf_type = 0
2024-04-26T01:38:35.795 INFO:teuthology.orchestra.run.smithi001.stdout:/usr/bin/ceph: stdout
2024-04-26T01:38:35.795 INFO:teuthology.orchestra.run.smithi001.stdout:/usr/bin/ceph: stdout [mgr]
2024-04-26T01:38:35.796 INFO:teuthology.orchestra.run.smithi001.stdout:/usr/bin/ceph: stdout mgr/telemetry/nag = false
2024-04-26T01:38:35.796 INFO:teuthology.orchestra.run.smithi001.stdout:/usr/bin/ceph: stdout
2024-04-26T01:38:35.796 INFO:teuthology.orchestra.run.smithi001.stdout:/usr/bin/ceph: stdout [osd]
2024-04-26T01:38:35.801 INFO:teuthology.orchestra.run.smithi001.stdout:/usr/bin/ceph: stdout bdev_async_discard = True
2024-04-26T01:38:35.801 INFO:teuthology.orchestra.run.smithi001.stdout:/usr/bin/ceph: stdout mon_osd_backfillfull_ratio = 0.85
2024-04-26T01:38:35.801 INFO:teuthology.orchestra.run.smithi001.stdout:/usr/bin/ceph: stdout mon_osd_full_ratio = 0.9
2024-04-26T01:38:35.802 INFO:teuthology.orchestra.run.smithi001.stdout:/usr/bin/ceph: stdout mon_osd_nearfull_ratio = 0.8
2024-04-26T01:38:35.802 INFO:teuthology.orchestra.run.smithi001.stdout:/usr/bin/ceph: stdout osd_map_max_advance = 10
2024-04-26T01:38:35.802 INFO:teuthology.orchestra.run.smithi001.stdout:/usr/bin/ceph: stdout osd_sloppy_crc = true
2024-04-26T01:38:35.802 INFO:teuthology.orchestra.run.smithi001.stdout:/usr/bin/ceph: stderr
2024-04-26T01:38:34.907+0000 7f2d21200700 1 Processor -- start
2024-04-26T01:38:35.802 INFO:teuthology.orchestra.run.smithi001.stdout:/usr/bin/ceph: stderr
2024-04-26T01:38:34.908+0000 7f2d21200700 1 -- start start
2024-04-26T01:38:35.803 INFO:teuthology.orchestra.run.smithi001.stdout:/usr/bin/ceph: stderr
2024-04-26T01:38:34.908+0000 7f2d21200700 1 --2- >> [v2:172.21.15.1:3300/0,v1:172.21.15.1:6789/0] conn(0x7f2d1c108600 0x7f2d1c108a20 unknown :-1 s=NONE pgs=0 cs=0 l=0 rev1=0 crypto rx=0 tx=0 comp rx=0 tx=0).connect
2024-04-26T01:38:35.803 INFO:teuthology.orchestra.run.smithi001.stdout:/usr/bin/ceph: stderr
2024-04-26T01:38:34.908+0000 7f2d21200700 1 -- --> [v2:172.21.15.1:3300/0,v1:172.21.15.1:6789/0] -- mon_getmap magic: 0 -- 0x7f2d1c108ff0 con 0x7f2d1c108600
2024-04-26T01:38:35.803 INFO:teuthology.orchestra.run.smithi001.stdout:/usr/bin/ceph: stderr
2024-04-26T01:38:34.908+0000 7f2d19e00700 1 --2- >> [v2:172.21.15.1:3300/0,v1:172.21.15.1:6789/0] conn(0x7f2d1c108600 0x7f2d1c108a20 unknown :-1 s=BANNER_CONNECTING pgs=0 cs=0 l=0 rev1=0 crypto rx=0 tx=0 comp rx=0 tx=0)._handle_peer_banner_payload supported=3 required=0
2024-04-26T01:38:35.803 INFO:teuthology.orchestra.run.smithi001.stdout:/usr/bin/ceph: stderr
2024-04-26T01:38:34.909+0000 7f2d19e00700 1 --2- >> [v2:172.21.15.1:3300/0,v1:172.21.15.1:6789/0] conn(0x7f2d1c108600 0x7f2d1c108a20 unknown :-1 s=HELLO_CONNECTING pgs=0 cs=0 l=0 rev1=1 crypto rx=0 tx=0 comp rx=0 tx=0).handle_hello peer v2:172.21.15.1:3300/0 says I am v2:172.21.15.1:45226/0 (socket says 172.21.15.1:45226)
2024-04-26T01:38:35.803 INFO:teuthology.orchestra.run.smithi001.stdout:/usr/bin/ceph: stderr
2024-04-26T01:38:34.909+0000 7f2d19e00700 1 -- 172.21.15.1:0/1409608676 learned_addr learned my addr 172.21.15.1:0/1409608676 (peer_addr_for_me v2:172.21.15.1:0/0)
2024-04-26T01:38:35.804 INFO:teuthology.orchestra.run.smithi001.stdout:/usr/bin/ceph: stderr
2024-04-26T01:38:34.909+0000 7f2d19e00700 1 -- 172.21.15.1:0/1409608676 --> [v2:172.21.15.1:3300/0,v1:172.21.15.1:6789/0] -- mon_subscribe({config=0+,monmap=0+}) -- 0x7f2d1c109800 con 0x7f2d1c108600
2024-04-26T01:38:35.804 INFO:teuthology.orchestra.run.smithi001.stdout:/usr/bin/ceph: stderr
2024-04-26T01:38:34.909+0000 7f2d19e00700 1 --2- 172.21.15.1:0/1409608676 >> [v2:172.21.15.1:3300/0,v1:172.21.15.1:6789/0] conn(0x7f2d1c108600 0x7f2d1c108a20 secure :-1 s=READY pgs=20 cs=0 l=1 rev1=1 crypto rx=0x7f2d0c0098a0 tx=0x7f2d0c009bb0 comp rx=0 tx=0).ready entity=mon.0 client_cookie=8ad58cf2e8dd7132 server_cookie=0 in_seq=0 out_seq=0
2024-04-26T01:38:35.804 INFO:teuthology.orchestra.run.smithi001.stdout:/usr/bin/ceph: stderr
2024-04-26T01:38:34.910+0000 7f2d19400700 1 -- 172.21.15.1:0/1409608676 <== mon.0 v2:172.21.15.1:3300/0 1 ==== mon_map magic: 0 ==== 205+0+0 (secure 0 0 0) 0x7f2d0c004160 con 0x7f2d1c108600
2024-04-26T01:38:35.804 INFO:teuthology.orchestra.run.smithi001.stdout:/usr/bin/ceph: stderr
2024-04-26T01:38:34.910+0000 7f2d19400700 1 -- 172.21.15.1:0/1409608676 <== mon.0 v2:172.21.15.1:3300/0 2 ==== config(26 keys) ==== 1070+0+0 (secure 0 0 0) 0x7f2d0c004300 con 0x7f2d1c108600
2024-04-26T01:38:35.804 INFO:teuthology.orchestra.run.smithi001.stdout:/usr/bin/ceph: stderr
2024-04-26T01:38:34.910+0000 7f2d19400700 1 -- 172.21.15.1:0/1409608676 <== mon.0 v2:172.21.15.1:3300/0 3 ==== mon_map magic: 0 ==== 205+0+0 (secure 0 0 0) 0x7f2d0c011af0 con 0x7f2d1c108600
2024-04-26T01:38:35.804 INFO:teuthology.orchestra.run.smithi001.stdout:/usr/bin/ceph: stderr
2024-04-26T01:38:34.910+0000 7f2d21200700 1 -- 172.21.15.1:0/1409608676 >> [v2:172.21.15.1:3300/0,v1:172.21.15.1:6789/0] conn(0x7f2d1c108600 msgr2=0x7f2d1c108a20 secure :-1 s=STATE_CONNECTION_ESTABLISHED l=1).mark_down
2024-04-26T01:38:35.804 INFO:teuthology.orchestra.run.smithi001.stdout:/usr/bin/ceph: stderr
2024-04-26T01:38:34.910+0000 7f2d21200700 1 --2- 172.21.15.1:0/1409608676 >> [v2:172.21.15.1:3300/0,v1:172.21.15.1:6789/0] conn(0x7f2d1c108600 0x7f2d1c108a20 secure :-1 s=READY pgs=20 cs=0 l=1 rev1=1 crypto rx=0x7f2d0c0098a0 tx=0x7f2d0c009bb0 comp rx=0 tx=0).stop
2024-04-26T01:38:35.804 INFO:teuthology.orchestra.run.smithi001.stdout:/usr/bin/ceph: stderr
2024-04-26T01:38:34.911+0000 7f2d21200700 1 -- 172.21.15.1:0/1409608676 shutdown_connections
2024-04-26T01:38:35.804 INFO:teuthology.orchestra.run.smithi001.stdout:/usr/bin/ceph: stderr
2024-04-26T01:38:34.911+0000 7f2d21200700 1 --2- 172.21.15.1:0/1409608676 >> [v2:172.21.15.1:3300/0,v1:172.21.15.1:6789/0] conn(0x7f2d1c108600 0x7f2d1c108a20 unknown :-1 s=CLOSED pgs=20 cs=0 l=1 rev1=1 crypto rx=0 tx=0 comp rx=0 tx=0).stop
2024-04-26T01:38:35.804 INFO:teuthology.orchestra.run.smithi001.stdout:/usr/bin/ceph: stderr
2024-04-26T01:38:34.911+0000 7f2d21200700 1 -- 172.21.15.1:0/1409608676 >> 172.21.15.1:0/1409608676 conn(0x7f2d1c103be0 msgr2=0x7f2d1c106000 unknown :-1 s=STATE_NONE l=0).mark_down
2024-04-26T01:38:35.804 INFO:teuthology.orchestra.run.smithi001.stdout:/usr/bin/ceph: stderr
2024-04-26T01:38:34.911+0000 7f2d21200700 1 -- 172.21.15.1:0/1409608676 shutdown_connections
2024-04-26T01:38:35.804 INFO:teuthology.orchestra.run.smithi001.stdout:/usr/bin/ceph: stderr
2024-04-26T01:38:34.911+0000 7f2d21200700 1 -- 172.21.15.1:0/1409608676 wait complete.
2024-04-26T01:38:35.804 INFO:teuthology.orchestra.run.smithi001.stdout:/usr/bin/ceph: stderr
2024-04-26T01:38:34.912+0000 7f2d21200700 1 Processor -- start
2024-04-26T01:38:35.805 INFO:teuthology.orchestra.run.smithi001.stdout:/usr/bin/ceph: stderr
2024-04-26T01:38:34.913+0000 7f2d21200700 1 -- start start
2024-04-26T01:38:35.805 INFO:teuthology.orchestra.run.smithi001.stdout:/usr/bin/ceph: stderr
2024-04-26T01:38:34.913+0000 7f2d21200700 1 --2- >> [v2:172.21.15.1:3300/0,v1:172.21.15.1:6789/0] conn(0x7f2d1c108600 0x7f2d1c19c580 unknown :-1 s=NONE pgs=0 cs=0 l=1 rev1=0 crypto rx=0 tx=0 comp rx=0 tx=0).connect
2024-04-26T01:38:35.805 INFO:teuthology.orchestra.run.smithi001.stdout:/usr/bin/ceph: stderr
2024-04-26T01:38:34.913+0000 7f2d21200700 1 -- --> [v2:172.21.15.1:3300/0,v1:172.21.15.1:6789/0] -- mon_getmap magic: 0 -- 0x7f2d1c10ca30 con 0x7f2d1c108600
2024-04-26T01:38:35.805 INFO:teuthology.orchestra.run.smithi001.stdout:/usr/bin/ceph: stderr
2024-04-26T01:38:34.913+0000 7f2d19e00700 1 --2- >> [v2:172.21.15.1:3300/0,v1:172.21.15.1:6789/0] conn(0x7f2d1c108600 0x7f2d1c19c580 unknown :-1 s=BANNER_CONNECTING pgs=0 cs=0 l=1 rev1=0 crypto rx=0 tx=0 comp rx=0 tx=0)._handle_peer_banner_payload supported=3 required=0
2024-04-26T01:38:35.805 INFO:teuthology.orchestra.run.smithi001.stdout:/usr/bin/ceph: stderr
2024-04-26T01:38:34.913+0000 7f2d19e00700 1 --2- >> [v2:172.21.15.1:3300/0,v1:172.21.15.1:6789/0] conn(0x7f2d1c108600 0x7f2d1c19c580 unknown :-1 s=HELLO_CONNECTING pgs=0 cs=0 l=1 rev1=1 crypto rx=0 tx=0 comp rx=0 tx=0).handle_hello peer v2:172.21.15.1:3300/0 says I am v2:172.21.15.1:45242/0 (socket says 172.21.15.1:45242)
2024-04-26T01:38:35.805 INFO:teuthology.orchestra.run.smithi001.stdout:/usr/bin/ceph: stderr
2024-04-26T01:38:34.913+0000 7f2d19e00700 1 -- 172.21.15.1:0/2238298338 learned_addr learned my addr 172.21.15.1:0/2238298338 (peer_addr_for_me v2:172.21.15.1:0/0)
2024-04-26T01:38:35.805 INFO:teuthology.orchestra.run.smithi001.stdout:/usr/bin/ceph: stderr
2024-04-26T01:38:34.914+0000 7f2d19e00700 1 -- 172.21.15.1:0/2238298338 --> [v2:172.21.15.1:3300/0,v1:172.21.15.1:6789/0] -- mon_subscribe({config=0+,monmap=0+}) -- 0x7f2d1c19cac0 con 0x7f2d1c108600
2024-04-26T01:38:35.805 INFO:teuthology.orchestra.run.smithi001.stdout:/usr/bin/ceph: stderr
2024-04-26T01:38:34.914+0000 7f2d19e00700 1 --2- 172.21.15.1:0/2238298338 >> [v2:172.21.15.1:3300/0,v1:172.21.15.1:6789/0] conn(0x7f2d1c108600 0x7f2d1c19c580 secure :-1 s=READY pgs=21 cs=0 l=1 rev1=1 crypto rx=0x7f2d0c0117b0 tx=0x7f2d0c011b70 comp rx=0 tx=0).ready entity=mon.0 client_cookie=0 server_cookie=0 in_seq=0 out_seq=0
2024-04-26T01:38:35.805 INFO:teuthology.orchestra.run.smithi001.stdout:/usr/bin/ceph: stderr
2024-04-26T01:38:34.914+0000 7f2d13400700 1 -- 172.21.15.1:0/2238298338 <== mon.0 v2:172.21.15.1:3300/0 1 ==== mon_map magic: 0 ==== 205+0+0 (secure 0 0 0) 0x7f2d0c003af0 con 0x7f2d1c108600
2024-04-26T01:38:35.805 INFO:teuthology.orchestra.run.smithi001.stdout:/usr/bin/ceph: stderr
2024-04-26T01:38:34.914+0000 7f2d13400700 1 -- 172.21.15.1:0/2238298338 <== mon.0 v2:172.21.15.1:3300/0 2 ==== config(26 keys) ==== 1070+0+0 (secure 0 0 0) 0x7f2d0c020070 con 0x7f2d1c108600
2024-04-26T01:38:35.805 INFO:teuthology.orchestra.run.smithi001.stdout:/usr/bin/ceph: stderr
2024-04-26T01:38:34.914+0000 7f2d21200700 1 -- 172.21.15.1:0/2238298338 --> [v2:172.21.15.1:3300/0,v1:172.21.15.1:6789/0] -- mon_subscribe({mgrmap=0+}) -- 0x7f2d1c19cd50 con 0x7f2d1c108600
2024-04-26T01:38:35.805 INFO:teuthology.orchestra.run.smithi001.stdout:/usr/bin/ceph: stderr
2024-04-26T01:38:34.914+0000 7f2d13400700 1 -- 172.21.15.1:0/2238298338 <== mon.0 v2:172.21.15.1:3300/0 3 ==== mon_map magic: 0 ==== 205+0+0 (secure 0 0 0) 0x7f2d0c019630 con 0x7f2d1c108600
2024-04-26T01:38:35.806 INFO:teuthology.orchestra.run.smithi001.stdout:/usr/bin/ceph: stderr
2024-04-26T01:38:34.915+0000 7f2d21200700 1 -- 172.21.15.1:0/2238298338 --> [v2:172.21.15.1:3300/0,v1:172.21.15.1:6789/0] -- mon_subscribe({osdmap=0}) -- 0x7f2d1c19fa40 con 0x7f2d1c108600
2024-04-26T01:38:35.806 INFO:teuthology.orchestra.run.smithi001.stdout:/usr/bin/ceph: stderr
2024-04-26T01:38:34.916+0000 7f2d13400700 1 -- 172.21.15.1:0/2238298338 <== mon.0 v2:172.21.15.1:3300/0 4 ==== mgrmap(e 4) ==== 46547+0+0 (secure 0 0 0) 0x7f2d0c01a9c0 con 0x7f2d1c108600
2024-04-26T01:38:35.806 INFO:teuthology.orchestra.run.smithi001.stdout:/usr/bin/ceph: stderr
2024-04-26T01:38:34.916+0000 7f2d21200700 1 -- 172.21.15.1:0/2238298338 --> [v2:172.21.15.1:3300/0,v1:172.21.15.1:6789/0] -- mon_command({"prefix": "get_command_descriptions"} v 0) -- 0x7f2d1c10cbb0 con 0x7f2d1c108600
2024-04-26T01:38:35.806 INFO:teuthology.orchestra.run.smithi001.stdout:/usr/bin/ceph: stderr
2024-04-26T01:38:34.916+0000 7f2d13400700 1 --2- 172.21.15.1:0/2238298338 >> [v2:172.21.15.1:6800/810889357,v1:172.21.15.1:6801/810889357] conn(0x7f2d00039600 0x7f2d0003bac0 unknown :-1 s=NONE pgs=0 cs=0 l=1 rev1=0 crypto rx=0 tx=0 comp rx=0 tx=0).connect
2024-04-26T01:38:35.806 INFO:teuthology.orchestra.run.smithi001.stdout:/usr/bin/ceph: stderr
2024-04-26T01:38:34.916+0000 7f2d13400700 1 -- 172.21.15.1:0/2238298338 <== mon.0 v2:172.21.15.1:3300/0 5 ==== osd_map(1..1 src has 1..1) ==== 725+0+0 (secure 0 0 0) 0x7f2d0c04da90 con 0x7f2d1c108600
2024-04-26T01:38:35.806 INFO:teuthology.orchestra.run.smithi001.stdout:/usr/bin/ceph: stderr
2024-04-26T01:38:34.917+0000 7f2d11400700 1 --2- 172.21.15.1:0/2238298338 >> [v2:172.21.15.1:6800/810889357,v1:172.21.15.1:6801/810889357] conn(0x7f2d00039600 0x7f2d0003bac0 unknown :-1 s=BANNER_CONNECTING pgs=0 cs=0 l=1 rev1=0 crypto rx=0 tx=0 comp rx=0 tx=0)._handle_peer_banner_payload supported=3 required=0
2024-04-26T01:38:35.806 INFO:teuthology.orchestra.run.smithi001.stdout:/usr/bin/ceph: stderr
2024-04-26T01:38:34.917+0000 7f2d11400700 1 --2- 172.21.15.1:0/2238298338 >> [v2:172.21.15.1:6800/810889357,v1:172.21.15.1:6801/810889357] conn(0x7f2d00039600 0x7f2d0003bac0 secure :-1 s=READY pgs=7 cs=0 l=1 rev1=1 crypto rx=0x7f2d0400ad30 tx=0x7f2d040093f0 comp rx=0 tx=0).ready entity=mgr.14100 client_cookie=0 server_cookie=0 in_seq=0 out_seq=0
2024-04-26T01:38:35.806 INFO:teuthology.orchestra.run.smithi001.stdout:/usr/bin/ceph: stderr
2024-04-26T01:38:34.922+0000 7f2d13400700 1 -- 172.21.15.1:0/2238298338 <== mon.0 v2:172.21.15.1:3300/0 6 ==== mon_command_ack([{"prefix": "get_command_descriptions"}]=0 v0) ==== 72+0+188370 (secure 0 0 0) 0x7f2d0c00e260 con 0x7f2d1c108600
2024-04-26T01:38:35.806 INFO:teuthology.orchestra.run.smithi001.stdout:/usr/bin/ceph: stderr
2024-04-26T01:38:35.151+0000 7f2d21200700 1 -- 172.21.15.1:0/2238298338 --> [v2:172.21.15.1:3300/0,v1:172.21.15.1:6789/0] -- mon_command({"prefix": "config assimilate-conf"} v 0) -- 0x7f2d1c19fc10 con 0x7f2d1c108600
2024-04-26T01:38:35.806 INFO:teuthology.orchestra.run.smithi001.stdout:/usr/bin/ceph: stderr
2024-04-26T01:38:35.153+0000 7f2d13400700 1 -- 172.21.15.1:0/2238298338 <== mon.0 v2:172.21.15.1:3300/0 7 ==== mon_command_ack([{"prefix": "config assimilate-conf"}]=0 v3) ==== 70+0+436 (secure 0 0 0) 0x7f2d0c024e60 con 0x7f2d1c108600
2024-04-26T01:38:35.806 INFO:teuthology.orchestra.run.smithi001.stdout:/usr/bin/ceph: stderr
2024-04-26T01:38:35.156+0000 7f2d21200700 1 -- 172.21.15.1:0/2238298338 >> [v2:172.21.15.1:6800/810889357,v1:172.21.15.1:6801/810889357] conn(0x7f2d00039600 msgr2=0x7f2d0003bac0 secure :-1 s=STATE_CONNECTION_ESTABLISHED l=1).mark_down
2024-04-26T01:38:35.806 INFO:teuthology.orchestra.run.smithi001.stdout:/usr/bin/ceph: stderr
2024-04-26T01:38:35.156+0000 7f2d21200700 1 --2- 172.21.15.1:0/2238298338 >> [v2:172.21.15.1:6800/810889357,v1:172.21.15.1:6801/810889357] conn(0x7f2d00039600 0x7f2d0003bac0 secure :-1 s=READY pgs=7 cs=0 l=1 rev1=1 crypto rx=0x7f2d0400ad30 tx=0x7f2d040093f0 comp rx=0 tx=0).stop
2024-04-26T01:38:35.806 INFO:teuthology.orchestra.run.smithi001.stdout:/usr/bin/ceph: stderr
2024-04-26T01:38:35.156+0000 7f2d21200700 1 -- 172.21.15.1:0/2238298338 >> [v2:172.21.15.1:3300/0,v1:172.21.15.1:6789/0] conn(0x7f2d1c108600 msgr2=0x7f2d1c19c580 secure :-1 s=STATE_CONNECTION_ESTABLISHED l=1).mark_down
2024-04-26T01:38:35.807 INFO:teuthology.orchestra.run.smithi001.stdout:/usr/bin/ceph: stderr
2024-04-26T01:38:35.156+0000 7f2d21200700 1 --2- 172.21.15.1:0/2238298338 >> [v2:172.21.15.1:3300/0,v1:172.21.15.1:6789/0] conn(0x7f2d1c108600 0x7f2d1c19c580 secure :-1 s=READY pgs=21 cs=0 l=1 rev1=1 crypto rx=0x7f2d0c0117b0 tx=0x7f2d0c011b70 comp rx=0 tx=0).stop
2024-04-26T01:38:35.807 INFO:teuthology.orchestra.run.smithi001.stdout:/usr/bin/ceph: stderr
2024-04-26T01:38:35.156+0000 7f2d21200700 1 -- 172.21.15.1:0/2238298338 shutdown_connections
2024-04-26T01:38:35.807 INFO:teuthology.orchestra.run.smithi001.stdout:/usr/bin/ceph: stderr
2024-04-26T01:38:35.156+0000 7f2d21200700 1 --2- 172.21.15.1:0/2238298338 >> [v2:172.21.15.1:6800/810889357,v1:172.21.15.1:6801/810889357] conn(0x7f2d00039600 0x7f2d0003bac0 unknown :-1 s=CLOSED pgs=7 cs=0 l=1 rev1=1 crypto rx=0 tx=0 comp rx=0 tx=0).stop
2024-04-26T01:38:35.807 INFO:teuthology.orchestra.run.smithi001.stdout:/usr/bin/ceph: stderr
2024-04-26T01:38:35.156+0000 7f2d21200700 1 --2- 172.21.15.1:0/2238298338 >> [v2:172.21.15.1:3300/0,v1:172.21.15.1:6789/0] conn(0x7f2d1c108600 0x7f2d1c19c580 unknown :-1 s=CLOSED pgs=21 cs=0 l=1 rev1=1 crypto rx=0 tx=0 comp rx=0 tx=0).stop
2024-04-26T01:38:35.807 INFO:teuthology.orchestra.run.smithi001.stdout:/usr/bin/ceph: stderr
2024-04-26T01:38:35.156+0000 7f2d21200700 1 -- 172.21.15.1:0/2238298338 >> 172.21.15.1:0/2238298338 conn(0x7f2d1c103be0 msgr2=0x7f2d1c104790 unknown :-1 s=STATE_NONE l=0).mark_down
2024-04-26T01:38:35.807 INFO:teuthology.orchestra.run.smithi001.stdout:/usr/bin/ceph: stderr
2024-04-26T01:38:35.156+0000 7f2d21200700 1 -- 172.21.15.1:0/2238298338 shutdown_connections
2024-04-26T01:38:35.807 INFO:teuthology.orchestra.run.smithi001.stdout:/usr/bin/ceph: stderr
2024-04-26T01:38:35.156+0000 7f2d21200700 1 -- 172.21.15.1:0/2238298338 wait complete.
2024-04-26T01:38:35.807 INFO:teuthology.orchestra.run.smithi001.stdout:Enabling cephadm module...
2024-04-26T01:38:37.092 INFO:journalctl@ceph.mon.a.smithi001.stdout:Apr 26 01:38:36 smithi001 ceph-mon[27822]: from='client.? 172.21.15.1:0/661607181' entity='client.admin' cmd=[{"prefix": "mgr module enable", "module": "cephadm"}]: dispatch
2024-04-26T01:38:37.093 INFO:journalctl@ceph.mgr.x.smithi001.stdout:Apr 26 01:38:36 smithi001 ceph-77cfcc80-036d-11ef-bc93-c7b262605968-mgr-x[28059]: ignoring --setuser ceph since I am not root
2024-04-26T01:38:37.093 INFO:journalctl@ceph.mgr.x.smithi001.stdout:Apr 26 01:38:36 smithi001 ceph-77cfcc80-036d-11ef-bc93-c7b262605968-mgr-x[28059]: ignoring --setgroup ceph since I am not root
2024-04-26T01:38:37.093 INFO:journalctl@ceph.mgr.x.smithi001.stdout:Apr 26 01:38:37 smithi001 ceph-77cfcc80-036d-11ef-bc93-c7b262605968-mgr-x[28059]:
2024-04-26T01:38:37.095+0000 7fea07a96200 -1 mgr[py] Module balancer has missing NOTIFY_TYPES member
2024-04-26T01:38:37.378 INFO:journalctl@ceph.mgr.x.smithi001.stdout:Apr 26 01:38:37 smithi001 ceph-77cfcc80-036d-11ef-bc93-c7b262605968-mgr-x[28059]:
2024-04-26T01:38:37.341+0000 7fea07a96200 -1 mgr[py] Module orchestrator has missing NOTIFY_TYPES member
2024-04-26T01:38:37.693 INFO:teuthology.orchestra.run.smithi001.stdout:/usr/bin/ceph: stderr
2024-04-26T01:38:36.447+0000 7f9f7c600700 1 Processor -- start
2024-04-26T01:38:37.693 INFO:teuthology.orchestra.run.smithi001.stdout:/usr/bin/ceph: stderr
2024-04-26T01:38:36.447+0000 7f9f7c600700 1 -- start start
2024-04-26T01:38:37.694 INFO:teuthology.orchestra.run.smithi001.stdout:/usr/bin/ceph: stderr
2024-04-26T01:38:36.447+0000 7f9f7c600700 1 --2- >> [v2:172.21.15.1:3300/0,v1:172.21.15.1:6789/0] conn(0x7f9f74109080 0x7f9f7410b470 unknown :-1 s=NONE pgs=0 cs=0 l=0 rev1=0 crypto rx=0 tx=0 comp rx=0 tx=0).connect
2024-04-26T01:38:37.694 INFO:teuthology.orchestra.run.smithi001.stdout:/usr/bin/ceph: stderr
2024-04-26T01:38:36.447+0000 7f9f7c600700 1 -- --> [v2:172.21.15.1:3300/0,v1:172.21.15.1:6789/0] -- mon_getmap magic: 0 -- 0x7f9f7407ceb0 con 0x7f9f74109080
2024-04-26T01:38:37.694 INFO:teuthology.orchestra.run.smithi001.stdout:/usr/bin/ceph: stderr
2024-04-26T01:38:36.448+0000 7f9f79c00700 1 --2- >> [v2:172.21.15.1:3300/0,v1:172.21.15.1:6789/0] conn(0x7f9f74109080 0x7f9f7410b470 unknown :-1 s=BANNER_CONNECTING pgs=0 cs=0 l=0 rev1=0 crypto rx=0 tx=0 comp rx=0 tx=0)._handle_peer_banner_payload supported=3 required=0
2024-04-26T01:38:37.694 INFO:teuthology.orchestra.run.smithi001.stdout:/usr/bin/ceph: stderr
2024-04-26T01:38:36.448+0000 7f9f79c00700 1 --2- >> [v2:172.21.15.1:3300/0,v1:172.21.15.1:6789/0] conn(0x7f9f74109080 0x7f9f7410b470 unknown :-1 s=HELLO_CONNECTING pgs=0 cs=0 l=0 rev1=1 crypto rx=0 tx=0 comp rx=0 tx=0).handle_hello peer v2:172.21.15.1:3300/0 says I am v2:172.21.15.1:45250/0 (socket says 172.21.15.1:45250)
2024-04-26T01:38:37.694 INFO:teuthology.orchestra.run.smithi001.stdout:/usr/bin/ceph: stderr
2024-04-26T01:38:36.448+0000 7f9f79c00700 1 -- 172.21.15.1:0/1889683491 learned_addr learned my addr 172.21.15.1:0/1889683491 (peer_addr_for_me v2:172.21.15.1:0/0)
2024-04-26T01:38:37.694 INFO:teuthology.orchestra.run.smithi001.stdout:/usr/bin/ceph: stderr
2024-04-26T01:38:36.448+0000 7f9f79c00700 1 -- 172.21.15.1:0/1889683491 --> [v2:172.21.15.1:3300/0,v1:172.21.15.1:6789/0] -- mon_subscribe({config=0+,monmap=0+}) -- 0x7f9f7410b9b0 con 0x7f9f74109080
2024-04-26T01:38:37.694 INFO:teuthology.orchestra.run.smithi001.stdout:/usr/bin/ceph: stderr
2024-04-26T01:38:36.449+0000 7f9f79c00700 1 --2- 172.21.15.1:0/1889683491 >> [v2:172.21.15.1:3300/0,v1:172.21.15.1:6789/0] conn(0x7f9f74109080 0x7f9f7410b470 secure :-1 s=READY pgs=22 cs=0 l=1 rev1=1 crypto rx=0x7f9f680098a0 tx=0x7f9f68009bb0 comp rx=0 tx=0).ready entity=mon.0 client_cookie=a7609060cbcdd645 server_cookie=0 in_seq=0 out_seq=0
2024-04-26T01:38:37.694 INFO:teuthology.orchestra.run.smithi001.stdout:/usr/bin/ceph: stderr
2024-04-26T01:38:36.449+0000 7f9f73e00700 1 -- 172.21.15.1:0/1889683491 <== mon.0 v2:172.21.15.1:3300/0 1 ==== mon_map magic: 0 ==== 205+0+0 (secure 0 0 0) 0x7f9f68004160 con 0x7f9f74109080
2024-04-26T01:38:37.694 INFO:teuthology.orchestra.run.smithi001.stdout:/usr/bin/ceph: stderr
2024-04-26T01:38:36.449+0000 7f9f73e00700 1 -- 172.21.15.1:0/1889683491 <== mon.0 v2:172.21.15.1:3300/0 2 ==== config(26 keys) ==== 1070+0+0 (secure 0 0 0) 0x7f9f68004300 con 0x7f9f74109080
2024-04-26T01:38:37.694 INFO:teuthology.orchestra.run.smithi001.stdout:/usr/bin/ceph: stderr
2024-04-26T01:38:36.449+0000 7f9f73e00700 1 -- 172.21.15.1:0/1889683491 <== mon.0 v2:172.21.15.1:3300/0 3 ==== mon_map magic: 0 ==== 205+0+0 (secure 0 0 0) 0x7f9f68011af0 con 0x7f9f74109080
2024-04-26T01:38:37.694 INFO:teuthology.orchestra.run.smithi001.stdout:/usr/bin/ceph: stderr
2024-04-26T01:38:36.450+0000 7f9f7c600700 1 -- 172.21.15.1:0/1889683491 >> [v2:172.21.15.1:3300/0,v1:172.21.15.1:6789/0] conn(0x7f9f74109080 msgr2=0x7f9f7410b470 secure :-1 s=STATE_CONNECTION_ESTABLISHED l=1).mark_down
2024-04-26T01:38:37.694 INFO:teuthology.orchestra.run.smithi001.stdout:/usr/bin/ceph: stderr
2024-04-26T01:38:36.450+0000 7f9f7c600700 1 --2- 172.21.15.1:0/1889683491 >> [v2:172.21.15.1:3300/0,v1:172.21.15.1:6789/0] conn(0x7f9f74109080 0x7f9f7410b470 secure :-1 s=READY pgs=22 cs=0 l=1 rev1=1 crypto rx=0x7f9f680098a0 tx=0x7f9f68009bb0 comp rx=0 tx=0).stop
2024-04-26T01:38:37.694 INFO:teuthology.orchestra.run.smithi001.stdout:/usr/bin/ceph: stderr
2024-04-26T01:38:36.450+0000 7f9f7c600700 1 -- 172.21.15.1:0/1889683491 shutdown_connections
2024-04-26T01:38:37.695 INFO:teuthology.orchestra.run.smithi001.stdout:/usr/bin/ceph: stderr
2024-04-26T01:38:36.450+0000 7f9f7c600700 1 --2- 172.21.15.1:0/1889683491 >> [v2:172.21.15.1:3300/0,v1:172.21.15.1:6789/0] conn(0x7f9f74109080 0x7f9f7410b470 unknown :-1 s=CLOSED pgs=22 cs=0 l=1 rev1=1 crypto rx=0 tx=0 comp rx=0 tx=0).stop
2024-04-26T01:38:37.695 INFO:teuthology.orchestra.run.smithi001.stdout:/usr/bin/ceph: stderr
2024-04-26T01:38:36.450+0000 7f9f7c600700 1 -- 172.21.15.1:0/1889683491 >> 172.21.15.1:0/1889683491 conn(0x7f9f74102b10 msgr2=0x7f9f74104f30 unknown :-1 s=STATE_NONE l=0).mark_down
2024-04-26T01:38:37.695 INFO:teuthology.orchestra.run.smithi001.stdout:/usr/bin/ceph: stderr
2024-04-26T01:38:36.450+0000 7f9f7c600700 1 -- 172.21.15.1:0/1889683491 shutdown_connections
2024-04-26T01:38:37.697 INFO:teuthology.orchestra.run.smithi001.stdout:/usr/bin/ceph: stderr
2024-04-26T01:38:36.450+0000 7f9f7c600700 1 -- 172.21.15.1:0/1889683491 wait complete.
2024-04-26T01:38:37.698 INFO:teuthology.orchestra.run.smithi001.stdout:/usr/bin/ceph: stderr
2024-04-26T01:38:36.452+0000 7f9f7c600700 1 Processor -- start
2024-04-26T01:38:37.698 INFO:teuthology.orchestra.run.smithi001.stdout:/usr/bin/ceph: stderr
2024-04-26T01:38:36.452+0000 7f9f7c600700 1 -- start start
2024-04-26T01:38:37.698 INFO:teuthology.orchestra.run.smithi001.stdout:/usr/bin/ceph: stderr
2024-04-26T01:38:36.452+0000 7f9f7c600700 1 --2- >> [v2:172.21.15.1:3300/0,v1:172.21.15.1:6789/0] conn(0x7f9f74109080 0x7f9f74108900 unknown :-1 s=NONE pgs=0 cs=0 l=1 rev1=0 crypto rx=0 tx=0 comp rx=0 tx=0).connect
2024-04-26T01:38:37.698 INFO:teuthology.orchestra.run.smithi001.stdout:/usr/bin/ceph: stderr
2024-04-26T01:38:36.452+0000 7f9f7c600700 1 -- --> [v2:172.21.15.1:3300/0,v1:172.21.15.1:6789/0] -- mon_getmap magic: 0 -- 0x7f9f7410c910 con 0x7f9f74109080
2024-04-26T01:38:37.698 INFO:teuthology.orchestra.run.smithi001.stdout:/usr/bin/ceph: stderr
2024-04-26T01:38:36.452+0000 7f9f79c00700 1 --2- >> [v2:172.21.15.1:3300/0,v1:172.21.15.1:6789/0] conn(0x7f9f74109080 0x7f9f74108900 unknown :-1 s=BANNER_CONNECTING pgs=0 cs=0 l=1 rev1=0 crypto rx=0 tx=0 comp rx=0 tx=0)._handle_peer_banner_payload supported=3 required=0
2024-04-26T01:38:37.698 INFO:teuthology.orchestra.run.smithi001.stdout:/usr/bin/ceph: stderr
2024-04-26T01:38:36.453+0000 7f9f79c00700 1 --2- >> [v2:172.21.15.1:3300/0,v1:172.21.15.1:6789/0] conn(0x7f9f74109080 0x7f9f74108900 unknown :-1 s=HELLO_CONNECTING pgs=0 cs=0 l=1 rev1=1 crypto rx=0 tx=0 comp rx=0 tx=0).handle_hello peer v2:172.21.15.1:3300/0 says I am v2:172.21.15.1:45264/0 (socket says 172.21.15.1:45264)
2024-04-26T01:38:37.698 INFO:teuthology.orchestra.run.smithi001.stdout:/usr/bin/ceph: stderr
2024-04-26T01:38:36.453+0000 7f9f79c00700 1 -- 172.21.15.1:0/661607181 learned_addr learned my addr 172.21.15.1:0/661607181 (peer_addr_for_me v2:172.21.15.1:0/0)
2024-04-26T01:38:37.698 INFO:teuthology.orchestra.run.smithi001.stdout:/usr/bin/ceph: stderr
2024-04-26T01:38:36.453+0000 7f9f79c00700 1 -- 172.21.15.1:0/661607181 --> [v2:172.21.15.1:3300/0,v1:172.21.15.1:6789/0] -- mon_subscribe({config=0+,monmap=0+}) -- 0x7f9f74108e40 con 0x7f9f74109080
2024-04-26T01:38:37.698 INFO:teuthology.orchestra.run.smithi001.stdout:/usr/bin/ceph: stderr
2024-04-26T01:38:36.453+0000 7f9f79c00700 1 --2- 172.21.15.1:0/661607181 >> [v2:172.21.15.1:3300/0,v1:172.21.15.1:6789/0] conn(0x7f9f74109080 0x7f9f74108900 secure :-1 s=READY pgs=23 cs=0 l=1 rev1=1 crypto rx=0x7f9f68011ac0 tx=0x7f9f68011ba0 comp rx=0 tx=0).ready entity=mon.0 client_cookie=0 server_cookie=0 in_seq=0 out_seq=0
2024-04-26T01:38:37.698 INFO:teuthology.orchestra.run.smithi001.stdout:/usr/bin/ceph: stderr
2024-04-26T01:38:36.453+0000 7f9f72000700 1 -- 172.21.15.1:0/661607181 <== mon.0 v2:172.21.15.1:3300/0 1 ==== mon_map magic: 0 ==== 205+0+0 (secure 0 0 0) 0x7f9f68003970 con 0x7f9f74109080
2024-04-26T01:38:37.698 INFO:teuthology.orchestra.run.smithi001.stdout:/usr/bin/ceph: stderr
2024-04-26T01:38:36.453+0000 7f9f72000700 1 -- 172.21.15.1:0/661607181 <== mon.0 v2:172.21.15.1:3300/0 2 ==== config(26 keys) ==== 1070+0+0 (secure 0 0 0) 0x7f9f68003b10 con 0x7f9f74109080
2024-04-26T01:38:37.699 INFO:teuthology.orchestra.run.smithi001.stdout:/usr/bin/ceph: stderr
2024-04-26T01:38:36.454+0000 7f9f72000700 1 -- 172.21.15.1:0/661607181 <== mon.0 v2:172.21.15.1:3300/0 3 ==== mon_map magic: 0 ==== 205+0+0 (secure 0 0 0) 0x7f9f68024610 con 0x7f9f74109080
2024-04-26T01:38:37.699 INFO:teuthology.orchestra.run.smithi001.stdout:/usr/bin/ceph: stderr
2024-04-26T01:38:36.454+0000 7f9f7c600700 1 -- 172.21.15.1:0/661607181 --> [v2:172.21.15.1:3300/0,v1:172.21.15.1:6789/0] -- mon_subscribe({mgrmap=0+}) -- 0x7f9f74107030 con 0x7f9f74109080
2024-04-26T01:38:37.699 INFO:teuthology.orchestra.run.smithi001.stdout:/usr/bin/ceph: stderr
2024-04-26T01:38:36.454+0000 7f9f7c600700 1 -- 172.21.15.1:0/661607181 --> [v2:172.21.15.1:3300/0,v1:172.21.15.1:6789/0] -- mon_subscribe({osdmap=0}) -- 0x7f9f74107570 con 0x7f9f74109080
2024-04-26T01:38:37.699 INFO:teuthology.orchestra.run.smithi001.stdout:/usr/bin/ceph: stderr
2024-04-26T01:38:36.455+0000 7f9f7c600700 1 -- 172.21.15.1:0/661607181 --> [v2:172.21.15.1:3300/0,v1:172.21.15.1:6789/0] -- mon_command({"prefix": "get_command_descriptions"} v 0) -- 0x7f9f740640a0 con 0x7f9f74109080
2024-04-26T01:38:37.699 INFO:teuthology.orchestra.run.smithi001.stdout:/usr/bin/ceph: stderr
2024-04-26T01:38:36.455+0000 7f9f72000700 1 -- 172.21.15.1:0/661607181 <== mon.0 v2:172.21.15.1:3300/0 4 ==== mgrmap(e 4) ==== 46547+0+0 (secure 0 0 0) 0x7f9f6801a9e0 con 0x7f9f74109080
2024-04-26T01:38:37.699 INFO:teuthology.orchestra.run.smithi001.stdout:/usr/bin/ceph: stderr
2024-04-26T01:38:36.455+0000 7f9f72000700 1 --2- 172.21.15.1:0/661607181 >> [v2:172.21.15.1:6800/810889357,v1:172.21.15.1:6801/810889357] conn(0x7f9f5c0395b0 0x7f9f5c03ba70 unknown :-1 s=NONE pgs=0 cs=0 l=1 rev1=0 crypto rx=0 tx=0 comp rx=0 tx=0).connect
2024-04-26T01:38:37.699 INFO:teuthology.orchestra.run.smithi001.stdout:/usr/bin/ceph: stderr
2024-04-26T01:38:36.456+0000 7f9f72000700 1 -- 172.21.15.1:0/661607181 <== mon.0 v2:172.21.15.1:3300/0 5 ==== osd_map(1..1 src has 1..1) ==== 725+0+0 (secure 0 0 0) 0x7f9f6804d860 con 0x7f9f74109080
2024-04-26T01:38:37.699 INFO:teuthology.orchestra.run.smithi001.stdout:/usr/bin/ceph: stderr
2024-04-26T01:38:36.456+0000 7f9f79200700 1 --2- 172.21.15.1:0/661607181 >> [v2:172.21.15.1:6800/810889357,v1:172.21.15.1:6801/810889357] conn(0x7f9f5c0395b0 0x7f9f5c03ba70 unknown :-1 s=BANNER_CONNECTING pgs=0 cs=0 l=1 rev1=0 crypto rx=0 tx=0 comp rx=0 tx=0)._handle_peer_banner_payload supported=3 required=0
2024-04-26T01:38:37.699 INFO:teuthology.orchestra.run.smithi001.stdout:/usr/bin/ceph: stderr
2024-04-26T01:38:36.457+0000 7f9f79200700 1 --2- 172.21.15.1:0/661607181 >> [v2:172.21.15.1:6800/810889357,v1:172.21.15.1:6801/810889357] conn(0x7f9f5c0395b0 0x7f9f5c03ba70 secure :-1 s=READY pgs=8 cs=0 l=1 rev1=1 crypto rx=0x7f9f60006fd0 tx=0x7f9f60006e40 comp rx=0 tx=0).ready entity=mgr.14100 client_cookie=0 server_cookie=0 in_seq=0 out_seq=0
2024-04-26T01:38:37.699 INFO:teuthology.orchestra.run.smithi001.stdout:/usr/bin/ceph: stderr
2024-04-26T01:38:36.461+0000 7f9f72000700 1 -- 172.21.15.1:0/661607181 <== mon.0 v2:172.21.15.1:3300/0 6 ==== mon_command_ack([{"prefix": "get_command_descriptions"}]=0 v0) ==== 72+0+188370 (secure 0 0 0) 0x7f9f6800b3e0 con 0x7f9f74109080
2024-04-26T01:38:37.699 INFO:teuthology.orchestra.run.smithi001.stdout:/usr/bin/ceph: stderr
2024-04-26T01:38:36.756+0000 7f9f7c600700 1 -- 172.21.15.1:0/661607181 --> [v2:172.21.15.1:3300/0,v1:172.21.15.1:6789/0] -- mon_command({"prefix": "mgr module enable", "module": "cephadm"} v 0) -- 0x7f9f74107d60 con 0x7f9f74109080
2024-04-26T01:38:37.699 INFO:teuthology.orchestra.run.smithi001.stdout:/usr/bin/ceph: stderr
2024-04-26T01:38:36.810+0000 7f9f72000700 1 -- 172.21.15.1:0/661607181 <== mon.0 v2:172.21.15.1:3300/0 7 ==== mon_command_ack([{"prefix": "mgr module enable", "module": "cephadm"}]=0 v5) ==== 86+0+0 (secure 0 0 0) 0x7f9f6804d280 con 0x7f9f74109080
2024-04-26T01:38:37.699 INFO:teuthology.orchestra.run.smithi001.stdout:/usr/bin/ceph: stderr
2024-04-26T01:38:36.813+0000 7f9f7c600700 1 -- 172.21.15.1:0/661607181 >> [v2:172.21.15.1:6800/810889357,v1:172.21.15.1:6801/810889357] conn(0x7f9f5c0395b0 msgr2=0x7f9f5c03ba70 secure :-1 s=STATE_CONNECTION_ESTABLISHED l=1).mark_down
2024-04-26T01:38:37.700 INFO:teuthology.orchestra.run.smithi001.stdout:/usr/bin/ceph: stderr
2024-04-26T01:38:36.813+0000 7f9f7c600700 1 --2- 172.21.15.1:0/661607181 >> [v2:172.21.15.1:6800/810889357,v1:172.21.15.1:6801/810889357] conn(0x7f9f5c0395b0 0x7f9f5c03ba70 secure :-1 s=READY pgs=8 cs=0 l=1 rev1=1 crypto rx=0x7f9f60006fd0 tx=0x7f9f60006e40 comp rx=0 tx=0).stop
2024-04-26T01:38:37.700 INFO:teuthology.orchestra.run.smithi001.stdout:/usr/bin/ceph: stderr
2024-04-26T01:38:36.813+0000 7f9f7c600700 1 -- 172.21.15.1:0/661607181 >> [v2:172.21.15.1:3300/0,v1:172.21.15.1:6789/0] conn(0x7f9f74109080 msgr2=0x7f9f74108900 secure :-1 s=STATE_CONNECTION_ESTABLISHED l=1).mark_down
2024-04-26T01:38:37.700 INFO:teuthology.orchestra.run.smithi001.stdout:/usr/bin/ceph: stderr
2024-04-26T01:38:36.813+0000 7f9f7c600700 1 --2- 172.21.15.1:0/661607181 >> [v2:172.21.15.1:3300/0,v1:172.21.15.1:6789/0] conn(0x7f9f74109080 0x7f9f74108900 secure :-1 s=READY pgs=23 cs=0 l=1 rev1=1 crypto rx=0x7f9f68011ac0 tx=0x7f9f68011ba0 comp rx=0 tx=0).stop
2024-04-26T01:38:37.700 INFO:teuthology.orchestra.run.smithi001.stdout:/usr/bin/ceph: stderr
2024-04-26T01:38:36.814+0000 7f9f7c600700 1 -- 172.21.15.1:0/661607181 shutdown_connections
2024-04-26T01:38:37.700 INFO:teuthology.orchestra.run.smithi001.stdout:/usr/bin/ceph: stderr
2024-04-26T01:38:36.814+0000 7f9f7c600700 1 --2- 172.21.15.1:0/661607181 >> [v2:172.21.15.1:6800/810889357,v1:172.21.15.1:6801/810889357] conn(0x7f9f5c0395b0 0x7f9f5c03ba70 unknown :-1 s=CLOSED pgs=8 cs=0 l=1 rev1=1 crypto rx=0 tx=0 comp rx=0 tx=0).stop
2024-04-26T01:38:37.700 INFO:teuthology.orchestra.run.smithi001.stdout:/usr/bin/ceph: stderr
2024-04-26T01:38:36.814+0000 7f9f7c600700 1 --2- 172.21.15.1:0/661607181 >> [v2:172.21.15.1:3300/0,v1:172.21.15.1:6789/0] conn(0x7f9f74109080 0x7f9f74108900 unknown :-1 s=CLOSED pgs=23 cs=0 l=1 rev1=1 crypto rx=0 tx=0 comp rx=0 tx=0).stop
2024-04-26T01:38:37.700 INFO:teuthology.orchestra.run.smithi001.stdout:/usr/bin/ceph: stderr
2024-04-26T01:38:36.814+0000 7f9f7c600700 1 -- 172.21.15.1:0/661607181 >> 172.21.15.1:0/661607181 conn(0x7f9f74102b10 msgr2=0x7f9f741036c0 unknown :-1 s=STATE_NONE l=0).mark_down
2024-04-26T01:38:37.700 INFO:teuthology.orchestra.run.smithi001.stdout:/usr/bin/ceph: stderr
2024-04-26T01:38:36.814+0000 7f9f7c600700 1 -- 172.21.15.1:0/661607181 shutdown_connections
2024-04-26T01:38:37.700 INFO:teuthology.orchestra.run.smithi001.stdout:/usr/bin/ceph: stderr
2024-04-26T01:38:36.814+0000 7f9f7c600700 1 -- 172.21.15.1:0/661607181 wait complete.
2024-04-26T01:38:37.815 INFO:journalctl@ceph.mgr.x.smithi001.stdout:Apr 26 01:38:37 smithi001 ceph-77cfcc80-036d-11ef-bc93-c7b262605968-mgr-x[28059]:
2024-04-26T01:38:37.476+0000 7fea07a96200 -1 mgr[py] Module snap_schedule has missing NOTIFY_TYPES member
2024-04-26T01:38:38.076 INFO:journalctl@ceph.mon.a.smithi001.stdout:Apr 26 01:38:37 smithi001 ceph-mon[27822]: from='client.? 172.21.15.1:0/661607181' entity='client.admin' cmd='[{"prefix": "mgr module enable", "module": "cephadm"}]': finished
2024-04-26T01:38:38.077 INFO:journalctl@ceph.mon.a.smithi001.stdout:Apr 26 01:38:37 smithi001 ceph-mon[27822]: mgrmap e5: x(active, since 5s)
2024-04-26T01:38:38.077 INFO:journalctl@ceph.mgr.x.smithi001.stdout:Apr 26 01:38:37 smithi001 ceph-77cfcc80-036d-11ef-bc93-c7b262605968-mgr-x[28059]:
2024-04-26T01:38:37.891+0000 7fea07a96200 -1 mgr[py] Module progress has missing NOTIFY_TYPES member
2024-04-26T01:38:38.077 INFO:journalctl@ceph.mgr.x.smithi001.stdout:Apr 26 01:38:38 smithi001 ceph-77cfcc80-036d-11ef-bc93-c7b262605968-mgr-x[28059]:
2024-04-26T01:38:38.006+0000 7fea07a96200 -1 mgr[py] Module influx has missing NOTIFY_TYPES member
2024-04-26T01:38:39.025 INFO:journalctl@ceph.mon.a.smithi001.stdout:Apr 26 01:38:38 smithi001 ceph-mon[27822]: from='client.? 172.21.15.1:0/3872816506' entity='client.admin' cmd=[{"prefix": "mgr stat"}]: dispatch
2024-04-26T01:38:39.291 INFO:teuthology.orchestra.run.smithi001.stdout:/usr/bin/ceph: stdout {
2024-04-26T01:38:39.291 INFO:teuthology.orchestra.run.smithi001.stdout:/usr/bin/ceph: stdout "epoch": 5,
2024-04-26T01:38:39.291 INFO:teuthology.orchestra.run.smithi001.stdout:/usr/bin/ceph: stdout "available": true,
2024-04-26T01:38:39.292 INFO:teuthology.orchestra.run.smithi001.stdout:/usr/bin/ceph: stdout "active_name": "x",
2024-04-26T01:38:39.292 INFO:teuthology.orchestra.run.smithi001.stdout:/usr/bin/ceph: stdout "num_standby": 0
2024-04-26T01:38:39.292 INFO:teuthology.orchestra.run.smithi001.stdout:/usr/bin/ceph: stdout }
2024-04-26T01:38:39.292 INFO:teuthology.orchestra.run.smithi001.stdout:/usr/bin/ceph: stderr
2024-04-26T01:38:38.341+0000 7ff346400700 1 Processor -- start
2024-04-26T01:38:39.292 INFO:teuthology.orchestra.run.smithi001.stdout:/usr/bin/ceph: stderr
2024-04-26T01:38:38.341+0000 7ff346400700 1 -- start start
2024-04-26T01:38:39.292 INFO:teuthology.orchestra.run.smithi001.stdout:/usr/bin/ceph: stderr
2024-04-26T01:38:38.342+0000 7ff346400700 1 --2- >> [v2:172.21.15.1:3300/0,v1:172.21.15.1:6789/0] conn(0x7ff340106f00 0x7ff340107320 unknown :-1 s=NONE pgs=0 cs=0 l=0 rev1=0 crypto rx=0 tx=0 comp rx=0 tx=0).connect
2024-04-26T01:38:39.297 INFO:teuthology.orchestra.run.smithi001.stdout:/usr/bin/ceph: stderr
2024-04-26T01:38:38.342+0000 7ff346400700 1 -- --> [v2:172.21.15.1:3300/0,v1:172.21.15.1:6789/0] -- mon_getmap magic: 0 -- 0x7ff340063d00 con 0x7ff340106f00
2024-04-26T01:38:39.297 INFO:teuthology.orchestra.run.smithi001.stdout:/usr/bin/ceph: stderr
2024-04-26T01:38:38.342+0000 7ff33f400700 1 --2- >> [v2:172.21.15.1:3300/0,v1:172.21.15.1:6789/0] conn(0x7ff340106f00 0x7ff340107320 unknown :-1 s=BANNER_CONNECTING pgs=0 cs=0 l=0 rev1=0 crypto rx=0 tx=0 comp rx=0 tx=0)._handle_peer_banner_payload supported=3 required=0
2024-04-26T01:38:39.297 INFO:teuthology.orchestra.run.smithi001.stdout:/usr/bin/ceph: stderr
2024-04-26T01:38:38.342+0000 7ff33f400700 1 --2- >> [v2:172.21.15.1:3300/0,v1:172.21.15.1:6789/0] conn(0x7ff340106f00 0x7ff340107320 unknown :-1 s=HELLO_CONNECTING pgs=0 cs=0 l=0 rev1=1 crypto rx=0 tx=0 comp rx=0 tx=0).handle_hello peer v2:172.21.15.1:3300/0 says I am v2:172.21.15.1:45298/0 (socket says 172.21.15.1:45298)
2024-04-26T01:38:39.297 INFO:teuthology.orchestra.run.smithi001.stdout:/usr/bin/ceph: stderr
2024-04-26T01:38:38.342+0000 7ff33f400700 1 -- 172.21.15.1:0/2635237960 learned_addr learned my addr 172.21.15.1:0/2635237960 (peer_addr_for_me v2:172.21.15.1:0/0)
2024-04-26T01:38:39.297 INFO:teuthology.orchestra.run.smithi001.stdout:/usr/bin/ceph: stderr
2024-04-26T01:38:38.343+0000 7ff33f400700 1 -- 172.21.15.1:0/2635237960 --> [v2:172.21.15.1:3300/0,v1:172.21.15.1:6789/0] -- mon_subscribe({config=0+,monmap=0+}) -- 0x7ff340107860 con 0x7ff340106f00
2024-04-26T01:38:39.297 INFO:teuthology.orchestra.run.smithi001.stdout:/usr/bin/ceph: stderr
2024-04-26T01:38:38.343+0000 7ff33f400700 1 --2- 172.21.15.1:0/2635237960 >> [v2:172.21.15.1:3300/0,v1:172.21.15.1:6789/0] conn(0x7ff340106f00 0x7ff340107320 secure :-1 s=READY pgs=26 cs=0 l=1 rev1=1 crypto rx=0x7ff3300098a0 tx=0x7ff330009bb0 comp rx=0 tx=0).ready entity=mon.0 client_cookie=9620e0abb87b5b42 server_cookie=0 in_seq=0 out_seq=0
