2024-04-26T01:40:41.241+0000 7f070aa00700 1 -- 172.21.15.151:0/268558137 --> [v2:172.21.15.151:3300/0,v1:172.21.15.151:6789/0] -- mon_command({"prefix": "get_command_descriptions"} v 0) -- 0x7f07040640a0 con 0x7f070407dde0
2024-04-26T01:40:42.365 INFO:teuthology.orchestra.run.smithi151.stdout:/usr/bin/ceph: stderr
2024-04-26T01:40:41.241+0000 7f0701600700 1 -- 172.21.15.151:0/268558137 <== mon.0 v2:172.21.15.151:3300/0 4 ==== mgrmap(e 4) ==== 46547+0+0 (secure 0 0 0) 0x7f06f4003840 con 0x7f070407dde0
2024-04-26T01:40:42.366 INFO:teuthology.orchestra.run.smithi151.stdout:/usr/bin/ceph: stderr
2024-04-26T01:40:41.241+0000 7f0701600700 1 --2- 172.21.15.151:0/268558137 >> [v2:172.21.15.151:6800/244725060,v1:172.21.15.151:6801/244725060] conn(0x7f06e8039560 0x7f06e803ba20 unknown :-1 s=NONE pgs=0 cs=0 l=1 rev1=0 crypto rx=0 tx=0 comp rx=0 tx=0).connect
2024-04-26T01:40:42.366 INFO:teuthology.orchestra.run.smithi151.stdout:/usr/bin/ceph: stderr
2024-04-26T01:40:41.241+0000 7f0701600700 1 -- 172.21.15.151:0/268558137 <== mon.0 v2:172.21.15.151:3300/0 5 ==== osd_map(1..1 src has 1..1) ==== 725+0+0 (secure 0 0 0) 0x7f06f404d750 con 0x7f070407dde0
2024-04-26T01:40:42.366 INFO:teuthology.orchestra.run.smithi151.stdout:/usr/bin/ceph: stderr
2024-04-26T01:40:41.242+0000 7f06fbe00700 1 --2- 172.21.15.151:0/268558137 >> [v2:172.21.15.151:6800/244725060,v1:172.21.15.151:6801/244725060] conn(0x7f06e8039560 0x7f06e803ba20 unknown :-1 s=BANNER_CONNECTING pgs=0 cs=0 l=1 rev1=0 crypto rx=0 tx=0 comp rx=0 tx=0)._handle_peer_banner_payload supported=3 required=0
2024-04-26T01:40:42.366 INFO:teuthology.orchestra.run.smithi151.stdout:/usr/bin/ceph: stderr
2024-04-26T01:40:41.242+0000 7f06fbe00700 1 --2- 172.21.15.151:0/268558137 >> [v2:172.21.15.151:6800/244725060,v1:172.21.15.151:6801/244725060] conn(0x7f06e8039560 0x7f06e803ba20 secure :-1 s=READY pgs=8 cs=0 l=1 rev1=1 crypto rx=0x7f06ec006fd0 tx=0x7f06ec006e40 comp rx=0 tx=0).ready entity=mgr.14100 client_cookie=0 server_cookie=0 in_seq=0 out_seq=0
2024-04-26T01:40:42.366 INFO:teuthology.orchestra.run.smithi151.stdout:/usr/bin/ceph: stderr
2024-04-26T01:40:41.247+0000 7f0701600700 1 -- 172.21.15.151:0/268558137 <== mon.0 v2:172.21.15.151:3300/0 6 ==== mon_command_ack([{"prefix": "get_command_descriptions"}]=0 v0) ==== 72+0+188370 (secure 0 0 0) 0x7f06f4016df0 con 0x7f070407dde0
2024-04-26T01:40:42.366 INFO:teuthology.orchestra.run.smithi151.stdout:/usr/bin/ceph: stderr
2024-04-26T01:40:41.533+0000 7f070aa00700 1 -- 172.21.15.151:0/268558137 --> [v2:172.21.15.151:3300/0,v1:172.21.15.151:6789/0] -- mon_command({"prefix": "mgr module enable", "module": "cephadm"} v 0) -- 0x7f07040008d0 con 0x7f070407dde0
2024-04-26T01:40:42.367 INFO:teuthology.orchestra.run.smithi151.stdout:/usr/bin/ceph: stderr
2024-04-26T01:40:41.587+0000 7f0701600700 1 -- 172.21.15.151:0/268558137 <== mon.0 v2:172.21.15.151:3300/0 7 ==== mon_command_ack([{"prefix": "mgr module enable", "module": "cephadm"}]=0 v5) ==== 86+0+0 (secure 0 0 0) 0x7f06f404d170 con 0x7f070407dde0
2024-04-26T01:40:42.367 INFO:teuthology.orchestra.run.smithi151.stdout:/usr/bin/ceph: stderr
2024-04-26T01:40:41.590+0000 7f0701600700 1 -- 172.21.15.151:0/268558137 <== mon.0 v2:172.21.15.151:3300/0 8 ==== mgrmap(e 5) ==== 46558+0+0 (secure 0 0 0) 0x7f06f401a6c0 con 0x7f070407dde0
2024-04-26T01:40:42.367 INFO:teuthology.orchestra.run.smithi151.stdout:/usr/bin/ceph: stderr
2024-04-26T01:40:41.591+0000 7f070aa00700 1 -- 172.21.15.151:0/268558137 >> [v2:172.21.15.151:6800/244725060,v1:172.21.15.151:6801/244725060] conn(0x7f06e8039560 msgr2=0x7f06e803ba20 secure :-1 s=STATE_CONNECTION_ESTABLISHED l=1).mark_down
2024-04-26T01:40:42.368 INFO:teuthology.orchestra.run.smithi151.stdout:/usr/bin/ceph: stderr
2024-04-26T01:40:41.591+0000 7f070aa00700 1 --2- 172.21.15.151:0/268558137 >> [v2:172.21.15.151:6800/244725060,v1:172.21.15.151:6801/244725060] conn(0x7f06e8039560 0x7f06e803ba20 secure :-1 s=READY pgs=8 cs=0 l=1 rev1=1 crypto rx=0x7f06ec006fd0 tx=0x7f06ec006e40 comp rx=0 tx=0).stop
2024-04-26T01:40:42.368 INFO:teuthology.orchestra.run.smithi151.stdout:/usr/bin/ceph: stderr
2024-04-26T01:40:41.591+0000 7f070aa00700 1 -- 172.21.15.151:0/268558137 >> [v2:172.21.15.151:3300/0,v1:172.21.15.151:6789/0] conn(0x7f070407dde0 msgr2=0x7f07041a2ba0 secure :-1 s=STATE_CONNECTION_ESTABLISHED l=1).mark_down
2024-04-26T01:40:42.368 INFO:teuthology.orchestra.run.smithi151.stdout:/usr/bin/ceph: stderr
2024-04-26T01:40:41.591+0000 7f070aa00700 1 --2- 172.21.15.151:0/268558137 >> [v2:172.21.15.151:3300/0,v1:172.21.15.151:6789/0] conn(0x7f070407dde0 0x7f07041a2ba0 secure :-1 s=READY pgs=23 cs=0 l=1 rev1=1 crypto rx=0x7f06f4009fb0 tx=0x7f06f4011940 comp rx=0 tx=0).stop
2024-04-26T01:40:42.368 INFO:teuthology.orchestra.run.smithi151.stdout:/usr/bin/ceph: stderr
2024-04-26T01:40:41.591+0000 7f070aa00700 1 -- 172.21.15.151:0/268558137 shutdown_connections
2024-04-26T01:40:42.368 INFO:teuthology.orchestra.run.smithi151.stdout:/usr/bin/ceph: stderr
2024-04-26T01:40:41.591+0000 7f070aa00700 1 --2- 172.21.15.151:0/268558137 >> [v2:172.21.15.151:6800/244725060,v1:172.21.15.151:6801/244725060] conn(0x7f06e8039560 0x7f06e803ba20 unknown :-1 s=CLOSED pgs=8 cs=0 l=1 rev1=1 crypto rx=0 tx=0 comp rx=0 tx=0).stop
2024-04-26T01:40:42.368 INFO:teuthology.orchestra.run.smithi151.stdout:/usr/bin/ceph: stderr
2024-04-26T01:40:41.591+0000 7f070aa00700 1 --2- 172.21.15.151:0/268558137 >> [v2:172.21.15.151:3300/0,v1:172.21.15.151:6789/0] conn(0x7f070407dde0 0x7f07041a2ba0 unknown :-1 s=CLOSED pgs=23 cs=0 l=1 rev1=1 crypto rx=0 tx=0 comp rx=0 tx=0).stop
2024-04-26T01:40:42.368 INFO:teuthology.orchestra.run.smithi151.stdout:/usr/bin/ceph: stderr
2024-04-26T01:40:41.591+0000 7f070aa00700 1 -- 172.21.15.151:0/268558137 >> 172.21.15.151:0/268558137 conn(0x7f0704103d40 msgr2=0x7f0704199a70 unknown :-1 s=STATE_NONE l=0).mark_down
2024-04-26T01:40:42.368 INFO:teuthology.orchestra.run.smithi151.stdout:/usr/bin/ceph: stderr
2024-04-26T01:40:41.592+0000 7f070aa00700 1 -- 172.21.15.151:0/268558137 shutdown_connections
2024-04-26T01:40:42.368 INFO:teuthology.orchestra.run.smithi151.stdout:/usr/bin/ceph: stderr
2024-04-26T01:40:41.592+0000 7f070aa00700 1 -- 172.21.15.151:0/268558137 wait complete.
2024-04-26T01:40:42.766 INFO:journalctl@ceph.mon.a.smithi151.stdout:Apr 26 01:40:42 smithi151 ceph-mon[28057]: from='client.? 172.21.15.151:0/268558137' entity='client.admin' cmd='[{"prefix": "mgr module enable", "module": "cephadm"}]': finished
2024-04-26T01:40:42.766 INFO:journalctl@ceph.mon.a.smithi151.stdout:Apr 26 01:40:42 smithi151 ceph-mon[28057]: mgrmap e5: x(active, since 6s)
2024-04-26T01:40:42.766 INFO:journalctl@ceph.mgr.x.smithi151.stdout:Apr 26 01:40:42 smithi151 ceph-c0e49e64-036d-11ef-bc93-c7b262605968-mgr-x[28295]:
2024-04-26T01:40:42.664+0000 7fd1aaf58200 -1 mgr[py] Module progress has missing NOTIFY_TYPES member
2024-04-26T01:40:43.117 INFO:journalctl@ceph.mgr.x.smithi151.stdout:Apr 26 01:40:42 smithi151 ceph-c0e49e64-036d-11ef-bc93-c7b262605968-mgr-x[28295]:
2024-04-26T01:40:42.777+0000 7fd1aaf58200 -1 mgr[py] Module influx has missing NOTIFY_TYPES member
2024-04-26T01:40:43.870 INFO:journalctl@ceph.mon.a.smithi151.stdout:Apr 26 01:40:43 smithi151 ceph-mon[28057]: from='client.? 172.21.15.151:0/3772200883' entity='client.admin' cmd=[{"prefix": "mgr stat"}]: dispatch
2024-04-26T01:40:43.980 INFO:teuthology.orchestra.run.smithi151.stdout:/usr/bin/ceph: stdout {
2024-04-26T01:40:43.980 INFO:teuthology.orchestra.run.smithi151.stdout:/usr/bin/ceph: stdout "epoch": 5,
2024-04-26T01:40:43.980 INFO:teuthology.orchestra.run.smithi151.stdout:/usr/bin/ceph: stdout "available": true,
2024-04-26T01:40:43.980 INFO:teuthology.orchestra.run.smithi151.stdout:/usr/bin/ceph: stdout "active_name": "x",
2024-04-26T01:40:43.980 INFO:teuthology.orchestra.run.smithi151.stdout:/usr/bin/ceph: stdout "num_standby": 0
2024-04-26T01:40:43.980 INFO:teuthology.orchestra.run.smithi151.stdout:/usr/bin/ceph: stdout }
2024-04-26T01:40:43.980 INFO:teuthology.orchestra.run.smithi151.stdout:/usr/bin/ceph: stderr
2024-04-26T01:40:42.911+0000 7f2900c00700 1 Processor -- start
2024-04-26T01:40:43.980 INFO:teuthology.orchestra.run.smithi151.stdout:/usr/bin/ceph: stderr
2024-04-26T01:40:42.912+0000 7f2900c00700 1 -- start start
2024-04-26T01:40:43.980 INFO:teuthology.orchestra.run.smithi151.stdout:/usr/bin/ceph: stderr
2024-04-26T01:40:42.912+0000 7f2900c00700 1 --2- >> [v2:172.21.15.151:3300/0,v1:172.21.15.151:6789/0] conn(0x7f28fc1086c0 0x7f28fc108ae0 unknown :-1 s=NONE pgs=0 cs=0 l=0 rev1=0 crypto rx=0 tx=0 comp rx=0 tx=0).connect
2024-04-26T01:40:43.981 INFO:teuthology.orchestra.run.smithi151.stdout:/usr/bin/ceph: stderr
2024-04-26T01:40:42.912+0000 7f2900c00700 1 -- --> [v2:172.21.15.151:3300/0,v1:172.21.15.151:6789/0] -- mon_getmap magic: 0 -- 0x7f28fc1090b0 con 0x7f28fc1086c0
2024-04-26T01:40:43.981 INFO:teuthology.orchestra.run.smithi151.stdout:/usr/bin/ceph: stderr
2024-04-26T01:40:42.912+0000 7f28f9e00700 1 --2- >> [v2:172.21.15.151:3300/0,v1:172.21.15.151:6789/0] conn(0x7f28fc1086c0 0x7f28fc108ae0 unknown :-1 s=BANNER_CONNECTING pgs=0 cs=0 l=0 rev1=0 crypto rx=0 tx=0 comp rx=0 tx=0)._handle_peer_banner_payload supported=3 required=0
2024-04-26T01:40:43.986 INFO:teuthology.orchestra.run.smithi151.stdout:/usr/bin/ceph: stderr
2024-04-26T01:40:42.913+0000 7f28f9e00700 1 --2- >> [v2:172.21.15.151:3300/0,v1:172.21.15.151:6789/0] conn(0x7f28fc1086c0 0x7f28fc108ae0 unknown :-1 s=HELLO_CONNECTING pgs=0 cs=0 l=0 rev1=1 crypto rx=0 tx=0 comp rx=0 tx=0).handle_hello peer v2:172.21.15.151:3300/0 says I am v2:172.21.15.151:49932/0 (socket says 172.21.15.151:49932)
2024-04-26T01:40:43.986 INFO:teuthology.orchestra.run.smithi151.stdout:/usr/bin/ceph: stderr
2024-04-26T01:40:42.913+0000 7f28f9e00700 1 -- 172.21.15.151:0/875539241 learned_addr learned my addr 172.21.15.151:0/875539241 (peer_addr_for_me v2:172.21.15.151:0/0)
2024-04-26T01:40:43.986 INFO:teuthology.orchestra.run.smithi151.stdout:/usr/bin/ceph: stderr
2024-04-26T01:40:42.913+0000 7f28f9e00700 1 -- 172.21.15.151:0/875539241 --> [v2:172.21.15.151:3300/0,v1:172.21.15.151:6789/0] -- mon_subscribe({config=0+,monmap=0+}) -- 0x7f28fc1098c0 con 0x7f28fc1086c0
2024-04-26T01:40:43.986 INFO:teuthology.orchestra.run.smithi151.stdout:/usr/bin/ceph: stderr
2024-04-26T01:40:42.913+0000 7f28f9e00700 1 --2- 172.21.15.151:0/875539241 >> [v2:172.21.15.151:3300/0,v1:172.21.15.151:6789/0] conn(0x7f28fc1086c0 0x7f28fc108ae0 secure :-1 s=READY pgs=26 cs=0 l=1 rev1=1 crypto rx=0x7f28ec0098a0 tx=0x7f28ec009bb0 comp rx=0 tx=0).ready entity=mon.0 client_cookie=660d9b0676486b7 server_cookie=0 in_seq=0 out_seq=0
2024-04-26T01:40:43.986 INFO:teuthology.orchestra.run.smithi151.stdout:/usr/bin/ceph: stderr
2024-04-26T01:40:42.914+0000 7f28f8a00700 1 -- 172.21.15.151:0/875539241 <== mon.0 v2:172.21.15.151:3300/0 1 ==== mon_map magic: 0 ==== 205+0+0 (secure 0 0 0) 0x7f28ec004160 con 0x7f28fc1086c0
2024-04-26T01:40:43.986 INFO:teuthology.orchestra.run.smithi151.stdout:/usr/bin/ceph: stderr
2024-04-26T01:40:42.914+0000 7f28f8a00700 1 -- 172.21.15.151:0/875539241 <== mon.0 v2:172.21.15.151:3300/0 2 ==== config(26 keys) ==== 1070+0+0 (secure 0 0 0) 0x7f28ec004300 con 0x7f28fc1086c0
2024-04-26T01:40:43.986 INFO:teuthology.orchestra.run.smithi151.stdout:/usr/bin/ceph: stderr
2024-04-26T01:40:42.914+0000 7f28f8a00700 1 -- 172.21.15.151:0/875539241 <== mon.0 v2:172.21.15.151:3300/0 3 ==== mon_map magic: 0 ==== 205+0+0 (secure 0 0 0) 0x7f28ec011af0 con 0x7f28fc1086c0
2024-04-26T01:40:43.986 INFO:teuthology.orchestra.run.smithi151.stdout:/usr/bin/ceph: stderr
2024-04-26T01:40:42.914+0000 7f2900c00700 1 -- 172.21.15.151:0/875539241 >> [v2:172.21.15.151:3300/0,v1:172.21.15.151:6789/0] conn(0x7f28fc1086c0 msgr2=0x7f28fc108ae0 secure :-1 s=STATE_CONNECTION_ESTABLISHED l=1).mark_down
2024-04-26T01:40:43.986 INFO:teuthology.orchestra.run.smithi151.stdout:/usr/bin/ceph: stderr
2024-04-26T01:40:42.914+0000 7f2900c00700 1 --2- 172.21.15.151:0/875539241 >> [v2:172.21.15.151:3300/0,v1:172.21.15.151:6789/0] conn(0x7f28fc1086c0 0x7f28fc108ae0 secure :-1 s=READY pgs=26 cs=0 l=1 rev1=1 crypto rx=0x7f28ec0098a0 tx=0x7f28ec009bb0 comp rx=0 tx=0).stop
2024-04-26T01:40:43.986 INFO:teuthology.orchestra.run.smithi151.stdout:/usr/bin/ceph: stderr
2024-04-26T01:40:42.914+0000 7f2900c00700 1 -- 172.21.15.151:0/875539241 shutdown_connections
2024-04-26T01:40:43.986 INFO:teuthology.orchestra.run.smithi151.stdout:/usr/bin/ceph: stderr
2024-04-26T01:40:42.914+0000 7f2900c00700 1 --2- 172.21.15.151:0/875539241 >> [v2:172.21.15.151:3300/0,v1:172.21.15.151:6789/0] conn(0x7f28fc1086c0 0x7f28fc108ae0 unknown :-1 s=CLOSED pgs=26 cs=0 l=1 rev1=1 crypto rx=0 tx=0 comp rx=0 tx=0).stop
2024-04-26T01:40:43.987 INFO:teuthology.orchestra.run.smithi151.stdout:/usr/bin/ceph: stderr
2024-04-26T01:40:42.914+0000 7f2900c00700 1 -- 172.21.15.151:0/875539241 >> 172.21.15.151:0/875539241 conn(0x7f28fc103c40 msgr2=0x7f28fc1060a0 unknown :-1 s=STATE_NONE l=0).mark_down
2024-04-26T01:40:43.987 INFO:teuthology.orchestra.run.smithi151.stdout:/usr/bin/ceph: stderr
2024-04-26T01:40:42.914+0000 7f2900c00700 1 -- 172.21.15.151:0/875539241 shutdown_connections
2024-04-26T01:40:43.987 INFO:teuthology.orchestra.run.smithi151.stdout:/usr/bin/ceph: stderr
2024-04-26T01:40:42.914+0000 7f2900c00700 1 -- 172.21.15.151:0/875539241 wait complete.
2024-04-26T01:40:43.987 INFO:teuthology.orchestra.run.smithi151.stdout:/usr/bin/ceph: stderr
2024-04-26T01:40:42.915+0000 7f2900c00700 1 Processor -- start
2024-04-26T01:40:43.987 INFO:teuthology.orchestra.run.smithi151.stdout:/usr/bin/ceph: stderr
2024-04-26T01:40:42.916+0000 7f2900c00700 1 -- start start
2024-04-26T01:40:43.987 INFO:teuthology.orchestra.run.smithi151.stdout:/usr/bin/ceph: stderr
2024-04-26T01:40:42.916+0000 7f2900c00700 1 --2- >> [v2:172.21.15.151:3300/0,v1:172.21.15.151:6789/0] conn(0x7f28fc1086c0 0x7f28fc19e730 unknown :-1 s=NONE pgs=0 cs=0 l=1 rev1=0 crypto rx=0 tx=0 comp rx=0 tx=0).connect
2024-04-26T01:40:43.987 INFO:teuthology.orchestra.run.smithi151.stdout:/usr/bin/ceph: stderr
2024-04-26T01:40:42.916+0000 7f2900c00700 1 -- --> [v2:172.21.15.151:3300/0,v1:172.21.15.151:6789/0] -- mon_getmap magic: 0 -- 0x7f28fc10caf0 con 0x7f28fc1086c0
2024-04-26T01:40:43.987 INFO:teuthology.orchestra.run.smithi151.stdout:/usr/bin/ceph: stderr
2024-04-26T01:40:42.916+0000 7f28f9e00700 1 --2- >> [v2:172.21.15.151:3300/0,v1:172.21.15.151:6789/0] conn(0x7f28fc1086c0 0x7f28fc19e730 unknown :-1 s=BANNER_CONNECTING pgs=0 cs=0 l=1 rev1=0 crypto rx=0 tx=0 comp rx=0 tx=0)._handle_peer_banner_payload supported=3 required=0
2024-04-26T01:40:43.987 INFO:teuthology.orchestra.run.smithi151.stdout:/usr/bin/ceph: stderr
2024-04-26T01:40:42.916+0000 7f28f9e00700 1 --2- >> [v2:172.21.15.151:3300/0,v1:172.21.15.151:6789/0] conn(0x7f28fc1086c0 0x7f28fc19e730 unknown :-1 s=HELLO_CONNECTING pgs=0 cs=0 l=1 rev1=1 crypto rx=0 tx=0 comp rx=0 tx=0).handle_hello peer v2:172.21.15.151:3300/0 says I am v2:172.21.15.151:49936/0 (socket says 172.21.15.151:49936)
2024-04-26T01:40:43.987 INFO:teuthology.orchestra.run.smithi151.stdout:/usr/bin/ceph: stderr
2024-04-26T01:40:42.916+0000 7f28f9e00700 1 -- 172.21.15.151:0/3772200883 learned_addr learned my addr 172.21.15.151:0/3772200883 (peer_addr_for_me v2:172.21.15.151:0/0)
2024-04-26T01:40:43.987 INFO:teuthology.orchestra.run.smithi151.stdout:/usr/bin/ceph: stderr
2024-04-26T01:40:42.917+0000 7f28f9e00700 1 -- 172.21.15.151:0/3772200883 --> [v2:172.21.15.151:3300/0,v1:172.21.15.151:6789/0] -- mon_subscribe({config=0+,monmap=0+}) -- 0x7f28fc19ec70 con 0x7f28fc1086c0
2024-04-26T01:40:43.987 INFO:teuthology.orchestra.run.smithi151.stdout:/usr/bin/ceph: stderr
2024-04-26T01:40:42.917+0000 7f28f9e00700 1 --2- 172.21.15.151:0/3772200883 >> [v2:172.21.15.151:3300/0,v1:172.21.15.151:6789/0] conn(0x7f28fc1086c0 0x7f28fc19e730 secure :-1 s=READY pgs=27 cs=0 l=1 rev1=1 crypto rx=0x7f28ec003f40 tx=0x7f28ec011890 comp rx=0 tx=0).ready entity=mon.0 client_cookie=0 server_cookie=0 in_seq=0 out_seq=0
2024-04-26T01:40:43.987 INFO:teuthology.orchestra.run.smithi151.stdout:/usr/bin/ceph: stderr
2024-04-26T01:40:42.917+0000 7f28f2a00700 1 -- 172.21.15.151:0/3772200883 <== mon.0 v2:172.21.15.151:3300/0 1 ==== mon_map magic: 0 ==== 205+0+0 (secure 0 0 0) 0x7f28ec0038b0 con 0x7f28fc1086c0
2024-04-26T01:40:43.988 INFO:teuthology.orchestra.run.smithi151.stdout:/usr/bin/ceph: stderr
2024-04-26T01:40:42.917+0000 7f2900c00700 1 -- 172.21.15.151:0/3772200883 --> [v2:172.21.15.151:3300/0,v1:172.21.15.151:6789/0] -- mon_subscribe({mgrmap=0+}) -- 0x7f28fc19ef00 con 0x7f28fc1086c0
2024-04-26T01:40:43.988 INFO:teuthology.orchestra.run.smithi151.stdout:/usr/bin/ceph: stderr
2024-04-26T01:40:42.917+0000 7f28f2a00700 1 -- 172.21.15.151:0/3772200883 <== mon.0 v2:172.21.15.151:3300/0 2 ==== config(26 keys) ==== 1070+0+0 (secure 0 0 0) 0x7f28ec003a50 con 0x7f28fc1086c0
2024-04-26T01:40:43.988 INFO:teuthology.orchestra.run.smithi151.stdout:/usr/bin/ceph: stderr
2024-04-26T01:40:42.917+0000 7f28f2a00700 1 -- 172.21.15.151:0/3772200883 <== mon.0 v2:172.21.15.151:3300/0 3 ==== mon_map magic: 0 ==== 205+0+0 (secure 0 0 0) 0x7f28ec01a5c0 con 0x7f28fc1086c0
2024-04-26T01:40:43.988 INFO:teuthology.orchestra.run.smithi151.stdout:/usr/bin/ceph: stderr
2024-04-26T01:40:42.917+0000 7f2900c00700 1 -- 172.21.15.151:0/3772200883 --> [v2:172.21.15.151:3300/0,v1:172.21.15.151:6789/0] -- mon_subscribe({osdmap=0}) -- 0x7f28fc1a1bf0 con 0x7f28fc1086c0
2024-04-26T01:40:43.988 INFO:teuthology.orchestra.run.smithi151.stdout:/usr/bin/ceph: stderr
2024-04-26T01:40:42.919+0000 7f28f2a00700 1 -- 172.21.15.151:0/3772200883 <== mon.0 v2:172.21.15.151:3300/0 4 ==== mgrmap(e 5) ==== 46558+0+0 (secure 0 0 0) 0x7f28ec024430 con 0x7f28fc1086c0
2024-04-26T01:40:43.988 INFO:teuthology.orchestra.run.smithi151.stdout:/usr/bin/ceph: stderr
2024-04-26T01:40:42.919+0000 7f2900c00700 1 -- 172.21.15.151:0/3772200883 --> [v2:172.21.15.151:3300/0,v1:172.21.15.151:6789/0] -- mon_command({"prefix": "get_command_descriptions"} v 0) -- 0x7f28fc0640a0 con 0x7f28fc1086c0
2024-04-26T01:40:43.988 INFO:teuthology.orchestra.run.smithi151.stdout:/usr/bin/ceph: stderr
2024-04-26T01:40:42.919+0000 7f28f2a00700 1 --2- 172.21.15.151:0/3772200883 >> [v2:172.21.15.151:6800/244725060,v1:172.21.15.151:6801/244725060] conn(0x7f28e0039560 0x7f28e003ba20 unknown :-1 s=NONE pgs=0 cs=0 l=1 rev1=0 crypto rx=0 tx=0 comp rx=0 tx=0).connect
2024-04-26T01:40:43.988 INFO:teuthology.orchestra.run.smithi151.stdout:/usr/bin/ceph: stderr
2024-04-26T01:40:42.919+0000 7f28f2a00700 1 -- 172.21.15.151:0/3772200883 <== mon.0 v2:172.21.15.151:3300/0 5 ==== osd_map(1..1 src has 1..1) ==== 725+0+0 (secure 0 0 0) 0x7f28ec04dac0 con 0x7f28fc1086c0
2024-04-26T01:40:43.988 INFO:teuthology.orchestra.run.smithi151.stdout:/usr/bin/ceph: stderr
2024-04-26T01:40:42.919+0000 7f28f9400700 1 -- 172.21.15.151:0/3772200883 >> [v2:172.21.15.151:6800/244725060,v1:172.21.15.151:6801/244725060] conn(0x7f28e0039560 msgr2=0x7f28e003ba20 unknown :-1 s=STATE_CONNECTING_RE l=1).process reconnect failed to v2:172.21.15.151:6800/244725060
2024-04-26T01:40:43.988 INFO:teuthology.orchestra.run.smithi151.stdout:/usr/bin/ceph: stderr
2024-04-26T01:40:42.919+0000 7f28f9400700 1 --2- 172.21.15.151:0/3772200883 >> [v2:172.21.15.151:6800/244725060,v1:172.21.15.151:6801/244725060] conn(0x7f28e0039560 0x7f28e003ba20 unknown :-1 s=START_CONNECT pgs=0 cs=0 l=1 rev1=0 crypto rx=0 tx=0 comp rx=0 tx=0)._fault waiting 0.200000
2024-04-26T01:40:43.988 INFO:teuthology.orchestra.run.smithi151.stdout:/usr/bin/ceph: stderr
2024-04-26T01:40:42.929+0000 7f28f2a00700 1 -- 172.21.15.151:0/3772200883 <== mon.0 v2:172.21.15.151:3300/0 6 ==== mon_command_ack([{"prefix": "get_command_descriptions"}]=0 v0) ==== 72+0+188370 (secure 0 0 0) 0x7f28ec04d4e0 con 0x7f28fc1086c0
2024-04-26T01:40:43.988 INFO:teuthology.orchestra.run.smithi151.stdout:/usr/bin/ceph: stderr
2024-04-26T01:40:43.120+0000 7f28f9400700 1 -- 172.21.15.151:0/3772200883 >> [v2:172.21.15.151:6800/244725060,v1:172.21.15.151:6801/244725060] conn(0x7f28e0039560 msgr2=0x7f28e003ba20 unknown :-1 s=STATE_CONNECTING_RE l=1).process reconnect failed to v2:172.21.15.151:6800/244725060
2024-04-26T01:40:43.988 INFO:teuthology.orchestra.run.smithi151.stdout:/usr/bin/ceph: stderr
2024-04-26T01:40:43.120+0000 7f28f9400700 1 --2- 172.21.15.151:0/3772200883 >> [v2:172.21.15.151:6800/244725060,v1:172.21.15.151:6801/244725060] conn(0x7f28e0039560 0x7f28e003ba20 unknown :-1 s=START_CONNECT pgs=0 cs=0 l=1 rev1=0 crypto rx=0 tx=0 comp rx=0 tx=0)._fault waiting 0.400000
2024-04-26T01:40:43.988 INFO:teuthology.orchestra.run.smithi151.stdout:/usr/bin/ceph: stderr
2024-04-26T01:40:43.213+0000 7f2900c00700 1 -- 172.21.15.151:0/3772200883 --> [v2:172.21.15.151:3300/0,v1:172.21.15.151:6789/0] -- mon_command({"prefix": "mgr stat"} v 0) -- 0x7f28fc1a1dc0 con 0x7f28fc1086c0
2024-04-26T01:40:43.989 INFO:teuthology.orchestra.run.smithi151.stdout:/usr/bin/ceph: stderr
2024-04-26T01:40:43.214+0000 7f28f2a00700 1 -- 172.21.15.151:0/3772200883 <== mon.0 v2:172.21.15.151:3300/0 7 ==== mon_command_ack([{"prefix": "mgr stat"}]=0 v5) ==== 56+0+88 (secure 0 0 0) 0x7f28fc1a1dc0 con 0x7f28fc1086c0
2024-04-26T01:40:43.989 INFO:teuthology.orchestra.run.smithi151.stdout:/usr/bin/ceph: stderr
2024-04-26T01:40:43.217+0000 7f2900c00700 1 -- 172.21.15.151:0/3772200883 >> [v2:172.21.15.151:6800/244725060,v1:172.21.15.151:6801/244725060] conn(0x7f28e0039560 msgr2=0x7f28e003ba20 unknown :-1 s=STATE_CONNECTING l=1).mark_down
2024-04-26T01:40:43.989 INFO:teuthology.orchestra.run.smithi151.stdout:/usr/bin/ceph: stderr
2024-04-26T01:40:43.217+0000 7f2900c00700 1 --2- 172.21.15.151:0/3772200883 >> [v2:172.21.15.151:6800/244725060,v1:172.21.15.151:6801/244725060] conn(0x7f28e0039560 0x7f28e003ba20 unknown :-1 s=START_CONNECT pgs=0 cs=0 l=1 rev1=0 crypto rx=0 tx=0 comp rx=0 tx=0).stop
2024-04-26T01:40:43.989 INFO:teuthology.orchestra.run.smithi151.stdout:/usr/bin/ceph: stderr
2024-04-26T01:40:43.217+0000 7f2900c00700 1 -- 172.21.15.151:0/3772200883 >> [v2:172.21.15.151:3300/0,v1:172.21.15.151:6789/0] conn(0x7f28fc1086c0 msgr2=0x7f28fc19e730 secure :-1 s=STATE_CONNECTION_ESTABLISHED l=1).mark_down
2024-04-26T01:40:43.989 INFO:teuthology.orchestra.run.smithi151.stdout:/usr/bin/ceph: stderr
2024-04-26T01:40:43.217+0000 7f2900c00700 1 --2- 172.21.15.151:0/3772200883 >> [v2:172.21.15.151:3300/0,v1:172.21.15.151:6789/0] conn(0x7f28fc1086c0 0x7f28fc19e730 secure :-1 s=READY pgs=27 cs=0 l=1 rev1=1 crypto rx=0x7f28ec003f40 tx=0x7f28ec011890 comp rx=0 tx=0).stop
2024-04-26T01:40:43.989 INFO:teuthology.orchestra.run.smithi151.stdout:/usr/bin/ceph: stderr
2024-04-26T01:40:43.217+0000 7f2900c00700 1 -- 172.21.15.151:0/3772200883 shutdown_connections
2024-04-26T01:40:43.989 INFO:teuthology.orchestra.run.smithi151.stdout:/usr/bin/ceph: stderr
2024-04-26T01:40:43.217+0000 7f2900c00700 1 --2- 172.21.15.151:0/3772200883 >> [v2:172.21.15.151:6800/244725060,v1:172.21.15.151:6801/244725060] conn(0x7f28e0039560 0x7f28e003ba20 unknown :-1 s=CLOSED pgs=0 cs=0 l=1 rev1=0 crypto rx=0 tx=0 comp rx=0 tx=0).stop
2024-04-26T01:40:43.989 INFO:teuthology.orchestra.run.smithi151.stdout:/usr/bin/ceph: stderr
2024-04-26T01:40:43.217+0000 7f2900c00700 1 --2- 172.21.15.151:0/3772200883 >> [v2:172.21.15.151:3300/0,v1:172.21.15.151:6789/0] conn(0x7f28fc1086c0 0x7f28fc19e730 unknown :-1 s=CLOSED pgs=27 cs=0 l=1 rev1=1 crypto rx=0 tx=0 comp rx=0 tx=0).stop
2024-04-26T01:40:43.989 INFO:teuthology.orchestra.run.smithi151.stdout:/usr/bin/ceph: stderr
2024-04-26T01:40:43.217+0000 7f2900c00700 1 -- 172.21.15.151:0/3772200883 >> 172.21.15.151:0/3772200883 conn(0x7f28fc103c40 msgr2=0x7f28fc104740 unknown :-1 s=STATE_NONE l=0).mark_down
2024-04-26T01:40:43.989 INFO:teuthology.orchestra.run.smithi151.stdout:/usr/bin/ceph: stderr
2024-04-26T01:40:43.217+0000 7f2900c00700 1 -- 172.21.15.151:0/3772200883 shutdown_connections
2024-04-26T01:40:43.990 INFO:teuthology.orchestra.run.smithi151.stdout:/usr/bin/ceph: stderr
2024-04-26T01:40:43.217+0000 7f2900c00700 1 -- 172.21.15.151:0/3772200883 wait complete.
2024-04-26T01:40:43.990 INFO:teuthology.orchestra.run.smithi151.stdout:Waiting for the mgr to restart...
2024-04-26T01:40:43.990 INFO:teuthology.orchestra.run.smithi151.stdout:Waiting for mgr epoch 5...
2024-04-26T01:40:44.589 INFO:journalctl@ceph.mgr.x.smithi151.stdout:Apr 26 01:40:44 smithi151 ceph-c0e49e64-036d-11ef-bc93-c7b262605968-mgr-x[28295]:
2024-04-26T01:40:44.359+0000 7fd1aaf58200 -1 mgr[py] Module telegraf has missing NOTIFY_TYPES member
2024-04-26T01:40:44.589 INFO:journalctl@ceph.mgr.x.smithi151.stdout:Apr 26 01:40:44 smithi151 ceph-c0e49e64-036d-11ef-bc93-c7b262605968-mgr-x[28295]:
2024-04-26T01:40:44.591+0000 7fd1aaf58200 -1 mgr[py] Module osd_support has missing NOTIFY_TYPES member
2024-04-26T01:40:44.845 INFO:journalctl@ceph.mgr.x.smithi151.stdout:Apr 26 01:40:44 smithi151 ceph-c0e49e64-036d-11ef-bc93-c7b262605968-mgr-x[28295]:
2024-04-26T01:40:44.808+0000 7fd1aaf58200 -1 mgr[py] Module iostat has missing NOTIFY_TYPES member
2024-04-26T01:40:45.562 INFO:journalctl@ceph.mgr.x.smithi151.stdout:Apr 26 01:40:45 smithi151 ceph-c0e49e64-036d-11ef-bc93-c7b262605968-mgr-x[28295]:
2024-04-26T01:40:45.191+0000 7fd1aaf58200 -1 mgr[py] Module alerts has missing NOTIFY_TYPES member
2024-04-26T01:40:45.563 INFO:journalctl@ceph.mgr.x.smithi151.stdout:Apr 26 01:40:45 smithi151 ceph-c0e49e64-036d-11ef-bc93-c7b262605968-mgr-x[28295]:
2024-04-26T01:40:45.313+0000 7fd1aaf58200 -1 mgr[py] Module selftest has missing NOTIFY_TYPES member
2024-04-26T01:40:45.814 INFO:journalctl@ceph.mgr.x.smithi151.stdout:Apr 26 01:40:45 smithi151 ceph-c0e49e64-036d-11ef-bc93-c7b262605968-mgr-x[28295]:
2024-04-26T01:40:45.565+0000 7fd1aaf58200 -1 mgr[py] Module pg_autoscaler has missing NOTIFY_TYPES member
2024-04-26T01:40:45.815 INFO:journalctl@ceph.mgr.x.smithi151.stdout:Apr 26 01:40:45 smithi151 ceph-c0e49e64-036d-11ef-bc93-c7b262605968-mgr-x[28295]:
2024-04-26T01:40:45.817+0000 7fd1aaf58200 -1 mgr[py] Module test_orchestrator has missing NOTIFY_TYPES member
2024-04-26T01:40:46.870 INFO:journalctl@ceph.mgr.x.smithi151.stdout:Apr 26 01:40:46 smithi151 ceph-c0e49e64-036d-11ef-bc93-c7b262605968-mgr-x[28295]:
2024-04-26T01:40:46.590+0000 7fd1aaf58200 -1 mgr[py] Module rook has missing NOTIFY_TYPES member
2024-04-26T01:40:47.530 INFO:journalctl@ceph.mgr.x.smithi151.stdout:Apr 26 01:40:47 smithi151 ceph-c0e49e64-036d-11ef-bc93-c7b262605968-mgr-x[28295]:
2024-04-26T01:40:47.138+0000 7fd1aaf58200 -1 mgr[py] Module volumes has missing NOTIFY_TYPES member
2024-04-26T01:40:47.530 INFO:journalctl@ceph.mgr.x.smithi151.stdout:Apr 26 01:40:47 smithi151 ceph-c0e49e64-036d-11ef-bc93-c7b262605968-mgr-x[28295]:
2024-04-26T01:40:47.266+0000 7fd1aaf58200 -1 mgr[py] Module crash has missing NOTIFY_TYPES member
2024-04-26T01:40:47.530 INFO:journalctl@ceph.mgr.x.smithi151.stdout:Apr 26 01:40:47 smithi151 ceph-c0e49e64-036d-11ef-bc93-c7b262605968-mgr-x[28295]:
2024-04-26T01:40:47.532+0000 7fd1aaf58200 -1 mgr[py] Module rgw has missing NOTIFY_TYPES member
2024-04-26T01:40:48.620 INFO:journalctl@ceph.mgr.x.smithi151.stdout:Apr 26 01:40:48 smithi151 ceph-c0e49e64-036d-11ef-bc93-c7b262605968-mgr-x[28295]:
2024-04-26T01:40:48.186+0000 7fd1aaf58200 -1 mgr[py] Module prometheus has missing NOTIFY_TYPES member
2024-04-26T01:40:48.620 INFO:journalctl@ceph.mgr.x.smithi151.stdout:Apr 26 01:40:48 smithi151 ceph-c0e49e64-036d-11ef-bc93-c7b262605968-mgr-x[28295]:
2024-04-26T01:40:48.309+0000 7fd1aaf58200 -1 mgr[py] Module devicehealth has missing NOTIFY_TYPES member
2024-04-26T01:40:48.927 INFO:journalctl@ceph.mgr.x.smithi151.stdout:Apr 26 01:40:48 smithi151 ceph-c0e49e64-036d-11ef-bc93-c7b262605968-mgr-x[28295]:
2024-04-26T01:40:48.626+0000 7fd1aaf58200 -1 mgr[py] Module telemetry has missing NOTIFY_TYPES member
2024-04-26T01:40:48.927 INFO:journalctl@ceph.mgr.x.smithi151.stdout:Apr 26 01:40:48 smithi151 ceph-c0e49e64-036d-11ef-bc93-c7b262605968-mgr-x[28295]:
2024-04-26T01:40:48.803+0000 7fd1aaf58200 -1 mgr[py] Module diskprediction_local has missing NOTIFY_TYPES member
2024-04-26T01:40:48.927 INFO:journalctl@ceph.mgr.x.smithi151.stdout:Apr 26 01:40:48 smithi151 ceph-c0e49e64-036d-11ef-bc93-c7b262605968-mgr-x[28295]:
2024-04-26T01:40:48.929+0000 7fd1aaf58200 -1 mgr[py] Module osd_perf_query has missing NOTIFY_TYPES member
2024-04-26T01:40:49.370 INFO:journalctl@ceph.mgr.x.smithi151.stdout:Apr 26 01:40:49 smithi151 ceph-c0e49e64-036d-11ef-bc93-c7b262605968-mgr-x[28295]:
2024-04-26T01:40:49.081+0000 7fd1aaf58200 -1 mgr[py] Module rbd_support has missing NOTIFY_TYPES member
2024-04-26T01:40:49.870 INFO:journalctl@ceph.mgr.x.smithi151.stdout:Apr 26 01:40:49 smithi151 ceph-c0e49e64-036d-11ef-bc93-c7b262605968-mgr-x[28295]:
2024-04-26T01:40:49.456+0000 7fd1aaf58200 -1 mgr[py] Module zabbix has missing NOTIFY_TYPES member
2024-04-26T01:40:50.485 INFO:journalctl@ceph.mgr.x.smithi151.stdout:Apr 26 01:40:50 smithi151 ceph-c0e49e64-036d-11ef-bc93-c7b262605968-mgr-x[28295]:
2024-04-26T01:40:50.205+0000 7fd1aaf58200 -1 mgr[py] Module status has missing NOTIFY_TYPES member
2024-04-26T01:40:50.870 INFO:journalctl@ceph.mgr.x.smithi151.stdout:Apr 26 01:40:50 smithi151 ceph-c0e49e64-036d-11ef-bc93-c7b262605968-mgr-x[28295]:
2024-04-26T01:40:50.488+0000 7fd1aaf58200 -1 mgr[py] Module nfs has missing NOTIFY_TYPES member
2024-04-26T01:40:50.870 INFO:journalctl@ceph.mon.a.smithi151.stdout:Apr 26 01:40:50 smithi151 ceph-mon[28057]: Active manager daemon x restarted
2024-04-26T01:40:50.871 INFO:journalctl@ceph.mon.a.smithi151.stdout:Apr 26 01:40:50 smithi151 ceph-mon[28057]: Activating manager daemon x
2024-04-26T01:40:50.871 INFO:journalctl@ceph.mon.a.smithi151.stdout:Apr 26 01:40:50 smithi151 ceph-mon[28057]: osdmap e2: 0 total, 0 up, 0 in
2024-04-26T01:40:50.871 INFO:journalctl@ceph.mon.a.smithi151.stdout:Apr 26 01:40:50 smithi151 ceph-mon[28057]: mgrmap e6: x(active, starting, since 0.010398s)
2024-04-26T01:40:50.871 INFO:journalctl@ceph.mon.a.smithi151.stdout:Apr 26 01:40:50 smithi151 ceph-mon[28057]: from='mgr.14120 172.21.15.151:0/3675138561' entity='mgr.x' cmd=[{"prefix": "mon metadata", "id": "a"}]: dispatch
2024-04-26T01:40:50.871 INFO:journalctl@ceph.mon.a.smithi151.stdout:Apr 26 01:40:50 smithi151 ceph-mon[28057]: from='mgr.14120 172.21.15.151:0/3675138561' entity='mgr.x' cmd=[{"prefix": "mgr metadata", "who": "x", "id": "x"}]: dispatch
2024-04-26T01:40:50.871 INFO:journalctl@ceph.mon.a.smithi151.stdout:Apr 26 01:40:50 smithi151 ceph-mon[28057]: from='mgr.14120 172.21.15.151:0/3675138561' entity='mgr.x' cmd=[{"prefix": "mds metadata"}]: dispatch
2024-04-26T01:40:50.871 INFO:journalctl@ceph.mon.a.smithi151.stdout:Apr 26 01:40:50 smithi151 ceph-mon[28057]: from='mgr.14120 172.21.15.151:0/3675138561' entity='mgr.x' cmd=[{"prefix": "osd metadata"}]: dispatch
2024-04-26T01:40:50.871 INFO:journalctl@ceph.mon.a.smithi151.stdout:Apr 26 01:40:50 smithi151 ceph-mon[28057]: from='mgr.14120 172.21.15.151:0/3675138561' entity='mgr.x' cmd=[{"prefix": "mon metadata"}]: dispatch
2024-04-26T01:40:50.871 INFO:journalctl@ceph.mon.a.smithi151.stdout:Apr 26 01:40:50 smithi151 ceph-mon[28057]: Manager daemon x is now available
2024-04-26T01:40:51.870 INFO:journalctl@ceph.mon.a.smithi151.stdout:Apr 26 01:40:51 smithi151 ceph-mon[28057]: Found migration_current of "None". Setting to last migration.
2024-04-26T01:40:51.870 INFO:journalctl@ceph.mon.a.smithi151.stdout:Apr 26 01:40:51 smithi151 ceph-mon[28057]: from='mgr.14120 172.21.15.151:0/3675138561' entity='mgr.x'
2024-04-26T01:40:51.870 INFO:journalctl@ceph.mon.a.smithi151.stdout:Apr 26 01:40:51 smithi151 ceph-mon[28057]: from='mgr.14120 172.21.15.151:0/3675138561' entity='mgr.x'
2024-04-26T01:40:51.870 INFO:journalctl@ceph.mon.a.smithi151.stdout:Apr 26 01:40:51 smithi151 ceph-mon[28057]: from='mgr.14120 172.21.15.151:0/3675138561' entity='mgr.x' cmd=[{"prefix": "config dump", "format": "json"}]: dispatch
2024-04-26T01:40:51.871 INFO:journalctl@ceph.mon.a.smithi151.stdout:Apr 26 01:40:51 smithi151 ceph-mon[28057]: from='mgr.14120 172.21.15.151:0/3675138561' entity='mgr.x' cmd=[{"prefix": "config dump", "format": "json"}]: dispatch
2024-04-26T01:40:51.871 INFO:journalctl@ceph.mon.a.smithi151.stdout:Apr 26 01:40:51 smithi151 ceph-mon[28057]: from='mgr.14120 172.21.15.151:0/3675138561' entity='mgr.x' cmd=[{"prefix":"config rm","who":"mgr","name":"mgr/rbd_support/x/mirror_snapshot_schedule"}]: dispatch
2024-04-26T01:40:51.871 INFO:journalctl@ceph.mon.a.smithi151.stdout:Apr 26 01:40:51 smithi151 ceph-mon[28057]: from='mgr.14120 172.21.15.151:0/3675138561' entity='mgr.x' cmd=[{"prefix":"config rm","who":"mgr","name":"mgr/rbd_support/x/trash_purge_schedule"}]: dispatch
2024-04-26T01:40:51.871 INFO:journalctl@ceph.mon.a.smithi151.stdout:Apr 26 01:40:51 smithi151 ceph-mon[28057]: from='mgr.14120 172.21.15.151:0/3675138561' entity='mgr.x'
2024-04-26T01:40:51.871 INFO:journalctl@ceph.mon.a.smithi151.stdout:Apr 26 01:40:51 smithi151 ceph-mon[28057]: from='mgr.14120 172.21.15.151:0/3675138561' entity='mgr.x'
2024-04-26T01:40:51.871 INFO:journalctl@ceph.mon.a.smithi151.stdout:Apr 26 01:40:51 smithi151 ceph-mon[28057]: mgrmap e7: x(active, since 1.01794s)
2024-04-26T01:40:52.202 INFO:teuthology.orchestra.run.smithi151.stdout:/usr/bin/ceph: stdout {
2024-04-26T01:40:52.202 INFO:teuthology.orchestra.run.smithi151.stdout:/usr/bin/ceph: stdout "mgrmap_epoch": 7,
2024-04-26T01:40:52.202 INFO:teuthology.orchestra.run.smithi151.stdout:/usr/bin/ceph: stdout "initialized": true
2024-04-26T01:40:52.202 INFO:teuthology.orchestra.run.smithi151.stdout:/usr/bin/ceph: stdout }
2024-04-26T01:40:52.202 INFO:teuthology.orchestra.run.smithi151.stdout:/usr/bin/ceph: stderr
2024-04-26T01:40:44.638+0000 7f922da00700 1 Processor -- start
2024-04-26T01:40:52.202 INFO:teuthology.orchestra.run.smithi151.stdout:/usr/bin/ceph: stderr
2024-04-26T01:40:44.638+0000 7f922da00700 1 -- start start
2024-04-26T01:40:52.202 INFO:teuthology.orchestra.run.smithi151.stdout:/usr/bin/ceph: stderr
2024-04-26T01:40:44.639+0000 7f922da00700 1 --2- >> [v2:172.21.15.151:3300/0,v1:172.21.15.151:6789/0] conn(0x7f9228108690 0x7f9228108ab0 unknown :-1 s=NONE pgs=0 cs=0 l=0 rev1=0 crypto rx=0 tx=0 comp rx=0 tx=0).connect
2024-04-26T01:40:52.203 INFO:teuthology.orchestra.run.smithi151.stdout:/usr/bin/ceph: stderr
2024-04-26T01:40:44.639+0000 7f922da00700 1 -- --> [v2:172.21.15.151:3300/0,v1:172.21.15.151:6789/0] -- mon_getmap magic: 0 -- 0x7f9228109080 con 0x7f9228108690
2024-04-26T01:40:52.203 INFO:teuthology.orchestra.run.smithi151.stdout:/usr/bin/ceph: stderr
2024-04-26T01:40:44.639+0000 7f9226a00700 1 --2- >> [v2:172.21.15.151:3300/0,v1:172.21.15.151:6789/0] conn(0x7f9228108690 0x7f9228108ab0 unknown :-1 s=BANNER_CONNECTING pgs=0 cs=0 l=0 rev1=0 crypto rx=0 tx=0 comp rx=0 tx=0)._handle_peer_banner_payload supported=3 required=0
2024-04-26T01:40:52.203 INFO:teuthology.orchestra.run.smithi151.stdout:/usr/bin/ceph: stderr
2024-04-26T01:40:44.639+0000 7f9226a00700 1 --2- >> [v2:172.21.15.151:3300/0,v1:172.21.15.151:6789/0] conn(0x7f9228108690 0x7f9228108ab0 unknown :-1 s=HELLO_CONNECTING pgs=0 cs=0 l=0 rev1=1 crypto rx=0 tx=0 comp rx=0 tx=0).handle_hello peer v2:172.21.15.151:3300/0 says I am v2:172.21.15.151:49940/0 (socket says 172.21.15.151:49940)
2024-04-26T01:40:52.203 INFO:teuthology.orchestra.run.smithi151.stdout:/usr/bin/ceph: stderr
2024-04-26T01:40:44.639+0000 7f9226a00700 1 -- 172.21.15.151:0/388381652 learned_addr learned my addr 172.21.15.151:0/388381652 (peer_addr_for_me v2:172.21.15.151:0/0)
2024-04-26T01:40:52.203 INFO:teuthology.orchestra.run.smithi151.stdout:/usr/bin/ceph: stderr
2024-04-26T01:40:44.640+0000 7f9226a00700 1 -- 172.21.15.151:0/388381652 --> [v2:172.21.15.151:3300/0,v1:172.21.15.151:6789/0] -- mon_subscribe({config=0+,monmap=0+}) -- 0x7f9228109890 con 0x7f9228108690
2024-04-26T01:40:52.203 INFO:teuthology.orchestra.run.smithi151.stdout:/usr/bin/ceph: stderr
2024-04-26T01:40:44.640+0000 7f9226a00700 1 --2- 172.21.15.151:0/388381652 >> [v2:172.21.15.151:3300/0,v1:172.21.15.151:6789/0] conn(0x7f9228108690 0x7f9228108ab0 secure :-1 s=READY pgs=28 cs=0 l=1 rev1=1 crypto rx=0x7f92180098a0 tx=0x7f9218009bb0 comp rx=0 tx=0).ready entity=mon.0 client_cookie=491ee8f67426cc5b server_cookie=0 in_seq=0 out_seq=0
2024-04-26T01:40:52.203 INFO:teuthology.orchestra.run.smithi151.stdout:/usr/bin/ceph: stderr
2024-04-26T01:40:44.640+0000 7f9225600700 1 -- 172.21.15.151:0/388381652 <== mon.0 v2:172.21.15.151:3300/0 1 ==== mon_map magic: 0 ==== 205+0+0 (secure 0 0 0) 0x7f9218004160 con 0x7f9228108690
2024-04-26T01:40:52.203 INFO:teuthology.orchestra.run.smithi151.stdout:/usr/bin/ceph: stderr
2024-04-26T01:40:44.640+0000 7f9225600700 1 -- 172.21.15.151:0/388381652 <== mon.0 v2:172.21.15.151:3300/0 2 ==== config(26 keys) ==== 1070+0+0 (secure 0 0 0) 0x7f9218004300 con 0x7f9228108690
2024-04-26T01:40:52.203 INFO:teuthology.orchestra.run.smithi151.stdout:/usr/bin/ceph: stderr
2024-04-26T01:40:44.640+0000 7f9225600700 1 -- 172.21.15.151:0/388381652 <== mon.0 v2:172.21.15.151:3300/0 3 ==== mon_map magic: 0 ==== 205+0+0 (secure 0 0 0) 0x7f9218011af0 con 0x7f9228108690
2024-04-26T01:40:52.203 INFO:teuthology.orchestra.run.smithi151.stdout:/usr/bin/ceph: stderr
2024-04-26T01:40:44.641+0000 7f922da00700 1 -- 172.21.15.151:0/388381652 >> [v2:172.21.15.151:3300/0,v1:172.21.15.151:6789/0] conn(0x7f9228108690 msgr2=0x7f9228108ab0 secure :-1 s=STATE_CONNECTION_ESTABLISHED l=1).mark_down
2024-04-26T01:40:52.203 INFO:teuthology.orchestra.run.smithi151.stdout:/usr/bin/ceph: stderr
2024-04-26T01:40:44.641+0000 7f922da00700 1 --2- 172.21.15.151:0/388381652 >> [v2:172.21.15.151:3300/0,v1:172.21.15.151:6789/0] conn(0x7f9228108690 0x7f9228108ab0 secure :-1 s=READY pgs=28 cs=0 l=1 rev1=1 crypto rx=0x7f92180098a0 tx=0x7f9218009bb0 comp rx=0 tx=0).stop
2024-04-26T01:40:52.204 INFO:teuthology.orchestra.run.smithi151.stdout:/usr/bin/ceph: stderr
2024-04-26T01:40:44.641+0000 7f922da00700 1 -- 172.21.15.151:0/388381652 shutdown_connections
2024-04-26T01:40:52.204 INFO:teuthology.orchestra.run.smithi151.stdout:/usr/bin/ceph: stderr
2024-04-26T01:40:44.641+0000 7f922da00700 1 --2- 172.21.15.151:0/388381652 >> [v2:172.21.15.151:3300/0,v1:172.21.15.151:6789/0] conn(0x7f9228108690 0x7f9228108ab0 unknown :-1 s=CLOSED pgs=28 cs=0 l=1 rev1=1 crypto rx=0 tx=0 comp rx=0 tx=0).stop
2024-04-26T01:40:52.204 INFO:teuthology.orchestra.run.smithi151.stdout:/usr/bin/ceph: stderr
2024-04-26T01:40:44.641+0000 7f922da00700 1 -- 172.21.15.151:0/388381652 >> 172.21.15.151:0/388381652 conn(0x7f9228103c50 msgr2=0x7f9228106070 unknown :-1 s=STATE_NONE l=0).mark_down
2024-04-26T01:40:52.204 INFO:teuthology.orchestra.run.smithi151.stdout:/usr/bin/ceph: stderr
2024-04-26T01:40:44.641+0000 7f922da00700 1 -- 172.21.15.151:0/388381652 shutdown_connections
2024-04-26T01:40:52.204 INFO:teuthology.orchestra.run.smithi151.stdout:/usr/bin/ceph: stderr
2024-04-26T01:40:44.642+0000 7f922da00700 1 -- 172.21.15.151:0/388381652 wait complete.
2024-04-26T01:40:52.204 INFO:teuthology.orchestra.run.smithi151.stdout:/usr/bin/ceph: stderr
2024-04-26T01:40:44.643+0000 7f922da00700 1 Processor -- start
2024-04-26T01:40:52.204 INFO:teuthology.orchestra.run.smithi151.stdout:/usr/bin/ceph: stderr
2024-04-26T01:40:44.643+0000 7f922da00700 1 -- start start
2024-04-26T01:40:52.204 INFO:teuthology.orchestra.run.smithi151.stdout:/usr/bin/ceph: stderr
2024-04-26T01:40:44.643+0000 7f922da00700 1 --2- >> [v2:172.21.15.151:3300/0,v1:172.21.15.151:6789/0] conn(0x7f9228108690 0x7f922819e790 unknown :-1 s=NONE pgs=0 cs=0 l=1 rev1=0 crypto rx=0 tx=0 comp rx=0 tx=0).connect
2024-04-26T01:40:52.204 INFO:teuthology.orchestra.run.smithi151.stdout:/usr/bin/ceph: stderr
2024-04-26T01:40:44.643+0000 7f922da00700 1 -- --> [v2:172.21.15.151:3300/0,v1:172.21.15.151:6789/0] -- mon_getmap magic: 0 -- 0x7f922810cac0 con 0x7f9228108690
2024-04-26T01:40:52.204 INFO:teuthology.orchestra.run.smithi151.stdout:/usr/bin/ceph: stderr
2024-04-26T01:40:44.643+0000 7f9226a00700 1 --2- >> [v2:172.21.15.151:3300/0,v1:172.21.15.151:6789/0] conn(0x7f9228108690 0x7f922819e790 unknown :-1 s=BANNER_CONNECTING pgs=0 cs=0 l=1 rev1=0 crypto rx=0 tx=0 comp rx=0 tx=0)._handle_peer_banner_payload supported=3 required=0
2024-04-26T01:40:52.204 INFO:teuthology.orchestra.run.smithi151.stdout:/usr/bin/ceph: stderr
2024-04-26T01:40:44.643+0000 7f9226a00700 1 --2- >> [v2:172.21.15.151:3300/0,v1:172.21.15.151:6789/0] conn(0x7f9228108690 0x7f922819e790 unknown :-1 s=HELLO_CONNECTING pgs=0 cs=0 l=1 rev1=1 crypto rx=0 tx=0 comp rx=0 tx=0).handle_hello peer v2:172.21.15.151:3300/0 says I am v2:172.21.15.151:49956/0 (socket says 172.21.15.151:49956)
2024-04-26T01:40:52.204 INFO:teuthology.orchestra.run.smithi151.stdout:/usr/bin/ceph: stderr
2024-04-26T01:40:44.643+0000 7f9226a00700 1 -- 172.21.15.151:0/2875208229 learned_addr learned my addr 172.21.15.151:0/2875208229 (peer_addr_for_me v2:172.21.15.151:0/0)
2024-04-26T01:40:52.205 INFO:teuthology.orchestra.run.smithi151.stdout:/usr/bin/ceph: stderr
2024-04-26T01:40:44.644+0000 7f9226a00700 1 -- 172.21.15.151:0/2875208229 --> [v2:172.21.15.151:3300/0,v1:172.21.15.151:6789/0] -- mon_subscribe({config=0+,monmap=0+}) -- 0x7f922819ecd0 con 0x7f9228108690
2024-04-26T01:40:52.205 INFO:teuthology.orchestra.run.smithi151.stdout:/usr/bin/ceph: stderr
2024-04-26T01:40:44.644+0000 7f9226a00700 1 --2- 172.21.15.151:0/2875208229 >> [v2:172.21.15.151:3300/0,v1:172.21.15.151:6789/0] conn(0x7f9228108690 0x7f922819e790 secure :-1 s=READY pgs=29 cs=0 l=1 rev1=1 crypto rx=0x7f92180117b0 tx=0x7f9218011b70 comp rx=0 tx=0).ready entity=mon.0 client_cookie=0 server_cookie=0 in_seq=0 out_seq=0
2024-04-26T01:40:52.205 INFO:teuthology.orchestra.run.smithi151.stdout:/usr/bin/ceph: stderr
2024-04-26T01:40:44.644+0000 7f921f400700 1 -- 172.21.15.151:0/2875208229 <== mon.0 v2:172.21.15.151:3300/0 1 ==== mon_map magic: 0 ==== 205+0+0 (secure 0 0 0) 0x7f9218003af0 con 0x7f9228108690
2024-04-26T01:40:52.205 INFO:teuthology.orchestra.run.smithi151.stdout:/usr/bin/ceph: stderr
2024-04-26T01:40:44.644+0000 7f921f400700 1 -- 172.21.15.151:0/2875208229 <== mon.0 v2:172.21.15.151:3300/0 2 ==== config(26 keys) ==== 1070+0+0 (secure 0 0 0) 0x7f9218020070 con 0x7f9228108690
2024-04-26T01:40:52.205 INFO:teuthology.orchestra.run.smithi151.stdout:/usr/bin/ceph: stderr
2024-04-26T01:40:44.644+0000 7f922da00700 1 -- 172.21.15.151:0/2875208229 --> [v2:172.21.15.151:3300/0,v1:172.21.15.151:6789/0] -- mon_subscribe({mgrmap=0+}) -- 0x7f922819ef60 con 0x7f9228108690
2024-04-26T01:40:52.205 INFO:teuthology.orchestra.run.smithi151.stdout:/usr/bin/ceph: stderr
2024-04-26T01:40:44.644+0000 7f921f400700 1 -- 172.21.15.151:0/2875208229 <== mon.0 v2:172.21.15.151:3300/0 3 ==== mon_map magic: 0 ==== 205+0+0 (secure 0 0 0) 0x7f9218019630 con 0x7f9228108690
2024-04-26T01:40:52.205 INFO:teuthology.orchestra.run.smithi151.stdout:/usr/bin/ceph: stderr
2024-04-26T01:40:44.644+0000 7f922da00700 1 -- 172.21.15.151:0/2875208229 --> [v2:172.21.15.151:3300/0,v1:172.21.15.151:6789/0] -- mon_subscribe({osdmap=0}) -- 0x7f92281a1c50 con 0x7f9228108690
2024-04-26T01:40:52.205 INFO:teuthology.orchestra.run.smithi151.stdout:/usr/bin/ceph: stderr
2024-04-26T01:40:44.645+0000 7f921f400700 1 -- 172.21.15.151:0/2875208229 <== mon.0 v2:172.21.15.151:3300/0 4 ==== mgrmap(e 5) ==== 46558+0+0 (secure 0 0 0) 0x7f92180198f0 con 0x7f9228108690
2024-04-26T01:40:52.205 INFO:teuthology.orchestra.run.smithi151.stdout:/usr/bin/ceph: stderr
2024-04-26T01:40:44.646+0000 7f921f400700 1 --2- 172.21.15.151:0/2875208229 >> [v2:172.21.15.151:6800/244725060,v1:172.21.15.151:6801/244725060] conn(0x7f920c0395b0 0x7f920c03ba70 unknown :-1 s=NONE pgs=0 cs=0 l=1 rev1=0 crypto rx=0 tx=0 comp rx=0 tx=0).connect
2024-04-26T01:40:52.205 INFO:teuthology.orchestra.run.smithi151.stdout:/usr/bin/ceph: stderr
2024-04-26T01:40:44.646+0000 7f922da00700 1 -- 172.21.15.151:0/2875208229 --> [v2:172.21.15.151:6800/244725060,v1:172.21.15.151:6801/244725060] -- command(tid 0: {"prefix": "get_command_descriptions"}) -- 0x7f92280640a0 con 0x7f920c0395b0
2024-04-26T01:40:52.205 INFO:teuthology.orchestra.run.smithi151.stdout:/usr/bin/ceph: stderr
2024-04-26T01:40:44.646+0000 7f921f400700 1 -- 172.21.15.151:0/2875208229 <== mon.0 v2:172.21.15.151:3300/0 5 ==== osd_map(1..1 src has 1..1) ==== 725+0+0 (secure 0 0 0) 0x7f921804dba0 con 0x7f9228108690
2024-04-26T01:40:52.205 INFO:teuthology.orchestra.run.smithi151.stdout:/usr/bin/ceph: stderr
2024-04-26T01:40:44.646+0000 7f9226000700 1 -- 172.21.15.151:0/2875208229 >> [v2:172.21.15.151:6800/244725060,v1:172.21.15.151:6801/244725060] conn(0x7f920c0395b0 msgr2=0x7f920c03ba70 unknown :-1 s=STATE_CONNECTING_RE l=1).process reconnect failed to v2:172.21.15.151:6800/244725060
2024-04-26T01:40:52.206 INFO:teuthology.orchestra.run.smithi151.stdout:/usr/bin/ceph: stderr
2024-04-26T01:40:44.646+0000 7f9226000700 1 --2- 172.21.15.151:0/2875208229 >> [v2:172.21.15.151:6800/244725060,v1:172.21.15.151:6801/244725060] conn(0x7f920c0395b0 0x7f920c03ba70 unknown :-1 s=START_CONNECT pgs=0 cs=0 l=1 rev1=0 crypto rx=0 tx=0 comp rx=0 tx=0)._fault waiting 0.200000
2024-04-26T01:40:52.206 INFO:teuthology.orchestra.run.smithi151.stdout:/usr/bin/ceph: stderr
2024-04-26T01:40:44.847+0000 7f9226000700 1 -- 172.21.15.151:0/2875208229 >> [v2:172.21.15.151:6800/244725060,v1:172.21.15.151:6801/244725060] conn(0x7f920c0395b0 msgr2=0x7f920c03ba70 unknown :-1 s=STATE_CONNECTING_RE l=1).process reconnect failed to v2:172.21.15.151:6800/244725060
2024-04-26T01:40:52.206 INFO:teuthology.orchestra.run.smithi151.stdout:/usr/bin/ceph: stderr
2024-04-26T01:40:44.847+0000 7f9226000700 1 --2- 172.21.15.151:0/2875208229 >> [v2:172.21.15.151:6800/244725060,v1:172.21.15.151:6801/244725060] conn(0x7f920c0395b0 0x7f920c03ba70 unknown :-1 s=START_CONNECT pgs=0 cs=0 l=1 rev1=0 crypto rx=0 tx=0 comp rx=0 tx=0)._fault waiting 0.400000
2024-04-26T01:40:52.206 INFO:teuthology.orchestra.run.smithi151.stdout:/usr/bin/ceph: stderr
2024-04-26T01:40:45.248+0000 7f9226000700 1 -- 172.21.15.151:0/2875208229 >> [v2:172.21.15.151:6800/244725060,v1:172.21.15.151:6801/244725060] conn(0x7f920c0395b0 msgr2=0x7f920c03ba70 unknown :-1 s=STATE_CONNECTING_RE l=1).process reconnect failed to v2:172.21.15.151:6800/244725060
2024-04-26T01:40:52.206 INFO:teuthology.orchestra.run.smithi151.stdout:/usr/bin/ceph: stderr
2024-04-26T01:40:45.248+0000 7f9226000700 1 --2- 172.21.15.151:0/2875208229 >> [v2:172.21.15.151:6800/244725060,v1:172.21.15.151:6801/244725060] conn(0x7f920c0395b0 0x7f920c03ba70 unknown :-1 s=START_CONNECT pgs=0 cs=0 l=1 rev1=0 crypto rx=0 tx=0 comp rx=0 tx=0)._fault waiting 0.800000
2024-04-26T01:40:52.206 INFO:teuthology.orchestra.run.smithi151.stdout:/usr/bin/ceph: stderr
2024-04-26T01:40:46.049+0000 7f9226000700 1 -- 172.21.15.151:0/2875208229 >> [v2:172.21.15.151:6800/244725060,v1:172.21.15.151:6801/244725060] conn(0x7f920c0395b0 msgr2=0x7f920c03ba70 unknown :-1 s=STATE_CONNECTING_RE l=1).process reconnect failed to v2:172.21.15.151:6800/244725060
2024-04-26T01:40:52.206 INFO:teuthology.orchestra.run.smithi151.stdout:/usr/bin/ceph: stderr
2024-04-26T01:40:46.049+0000 7f9226000700 1 --2- 172.21.15.151:0/2875208229 >> [v2:172.21.15.151:6800/244725060,v1:172.21.15.151:6801/244725060] conn(0x7f920c0395b0 0x7f920c03ba70 unknown :-1 s=START_CONNECT pgs=0 cs=0 l=1 rev1=0 crypto rx=0 tx=0 comp rx=0 tx=0)._fault waiting 1.600000
2024-04-26T01:40:52.206 INFO:teuthology.orchestra.run.smithi151.stdout:/usr/bin/ceph: stderr
2024-04-26T01:40:47.651+0000 7f9226000700 1 -- 172.21.15.151:0/2875208229 >> [v2:172.21.15.151:6800/244725060,v1:172.21.15.151:6801/244725060] conn(0x7f920c0395b0 msgr2=0x7f920c03ba70 unknown :-1 s=STATE_CONNECTING_RE l=1).process reconnect failed to v2:172.21.15.151:6800/244725060
2024-04-26T01:40:52.206 INFO:teuthology.orchestra.run.smithi151.stdout:/usr/bin/ceph: stderr
2024-04-26T01:40:47.651+0000 7f9226000700 1 --2- 172.21.15.151:0/2875208229 >> [v2:172.21.15.151:6800/244725060,v1:172.21.15.151:6801/244725060] conn(0x7f920c0395b0 0x7f920c03ba70 unknown :-1 s=START_CONNECT pgs=0 cs=0 l=1 rev1=0 crypto rx=0 tx=0 comp rx=0 tx=0)._fault waiting 3.200000
2024-04-26T01:40:52.206 INFO:teuthology.orchestra.run.smithi151.stdout:/usr/bin/ceph: stderr
2024-04-26T01:40:50.499+0000 7f921f400700 1 -- 172.21.15.151:0/2875208229 <== mon.0 v2:172.21.15.151:3300/0 6 ==== mgrmap(e 6) ==== 46325+0+0 (secure 0 0 0) 0x7f921802bd00 con 0x7f9228108690
2024-04-26T01:40:52.207 INFO:teuthology.orchestra.run.smithi151.stdout:/usr/bin/ceph: stderr
2024-04-26T01:40:50.499+0000 7f921f400700 1 -- 172.21.15.151:0/2875208229 >> [v2:172.21.15.151:6800/244725060,v1:172.21.15.151:6801/244725060] conn(0x7f920c0395b0 msgr2=0x7f920c03ba70 unknown :-1 s=STATE_CONNECTING l=1).mark_down
2024-04-26T01:40:52.207 INFO:teuthology.orchestra.run.smithi151.stdout:/usr/bin/ceph: stderr
2024-04-26T01:40:50.499+0000 7f921f400700 1 --2- 172.21.15.151:0/2875208229 >> [v2:172.21.15.151:6800/244725060,v1:172.21.15.151:6801/244725060] conn(0x7f920c0395b0 0x7f920c03ba70 unknown :-1 s=START_CONNECT pgs=0 cs=0 l=1 rev1=0 crypto rx=0 tx=0 comp rx=0 tx=0).stop
2024-04-26T01:40:52.207 INFO:teuthology.orchestra.run.smithi151.stdout:/usr/bin/ceph: stderr
2024-04-26T01:40:51.503+0000 7f921f400700 1 -- 172.21.15.151:0/2875208229 <== mon.0 v2:172.21.15.151:3300/0 7 ==== mgrmap(e 7) ==== 46452+0+0 (secure 0 0 0) 0x7f921804edc0 con 0x7f9228108690
2024-04-26T01:40:52.207 INFO:teuthology.orchestra.run.smithi151.stdout:/usr/bin/ceph: stderr
2024-04-26T01:40:51.504+0000 7f921f400700 1 --2- 172.21.15.151:0/2875208229 >> [v2:172.21.15.151:6800/796314699,v1:172.21.15.151:6801/796314699] conn(0x7f920c03ccb0 0x7f920c03f0a0 unknown :-1 s=NONE pgs=0 cs=0 l=1 rev1=0 crypto rx=0 tx=0 comp rx=0 tx=0).connect
2024-04-26T01:40:52.207 INFO:teuthology.orchestra.run.smithi151.stdout:/usr/bin/ceph: stderr
2024-04-26T01:40:51.504+0000 7f921f400700 1 -- 172.21.15.151:0/2875208229 --> [v2:172.21.15.151:6800/796314699,v1:172.21.15.151:6801/796314699] -- command(tid 0: {"prefix": "get_command_descriptions"}) -- 0x7f921800ce90 con 0x7f920c03ccb0
