2024-04-26T01:40:57.417 INFO:teuthology.orchestra.run.smithi151.stdout:/usr/bin/ceph: stderr
2024-04-26T01:40:56.011+0000 7fd6ba000700 1 -- 172.21.15.151:0/969151937 <== mon.0 v2:172.21.15.151:3300/0 1 ==== mon_map magic: 0 ==== 205+0+0 (secure 0 0 0) 0x7fd6b0003af0 con 0x7fd6bc07eed0
2024-04-26T01:40:57.417 INFO:teuthology.orchestra.run.smithi151.stdout:/usr/bin/ceph: stderr
2024-04-26T01:40:56.011+0000 7fd6ba000700 1 -- 172.21.15.151:0/969151937 <== mon.0 v2:172.21.15.151:3300/0 2 ==== config(26 keys) ==== 1070+0+0 (secure 0 0 0) 0x7fd6b0020070 con 0x7fd6bc07eed0
2024-04-26T01:40:57.417 INFO:teuthology.orchestra.run.smithi151.stdout:/usr/bin/ceph: stderr
2024-04-26T01:40:56.011+0000 7fd6c4400700 1 -- 172.21.15.151:0/969151937 --> [v2:172.21.15.151:3300/0,v1:172.21.15.151:6789/0] -- mon_subscribe({mgrmap=0+}) -- 0x7fd6bc19ef10 con 0x7fd6bc07eed0
2024-04-26T01:40:57.417 INFO:teuthology.orchestra.run.smithi151.stdout:/usr/bin/ceph: stderr
2024-04-26T01:40:56.011+0000 7fd6ba000700 1 -- 172.21.15.151:0/969151937 <== mon.0 v2:172.21.15.151:3300/0 3 ==== mon_map magic: 0 ==== 205+0+0 (secure 0 0 0) 0x7fd6b0019630 con 0x7fd6bc07eed0
2024-04-26T01:40:57.417 INFO:teuthology.orchestra.run.smithi151.stdout:/usr/bin/ceph: stderr
2024-04-26T01:40:56.011+0000 7fd6c4400700 1 -- 172.21.15.151:0/969151937 --> [v2:172.21.15.151:3300/0,v1:172.21.15.151:6789/0] -- mon_subscribe({osdmap=0}) -- 0x7fd6bc1a1c00 con 0x7fd6bc07eed0
2024-04-26T01:40:57.417 INFO:teuthology.orchestra.run.smithi151.stdout:/usr/bin/ceph: stderr
2024-04-26T01:40:56.012+0000 7fd6ba000700 1 -- 172.21.15.151:0/969151937 <== mon.0 v2:172.21.15.151:3300/0 4 ==== mgrmap(e 8) ==== 46558+0+0 (secure 0 0 0) 0x7fd6b001a9c0 con 0x7fd6bc07eed0
2024-04-26T01:40:57.417 INFO:teuthology.orchestra.run.smithi151.stdout:/usr/bin/ceph: stderr
2024-04-26T01:40:56.012+0000 7fd6c4400700 1 -- 172.21.15.151:0/969151937 --> [v2:172.21.15.151:3300/0,v1:172.21.15.151:6789/0] -- mon_command({"prefix": "get_command_descriptions"} v 0) -- 0x7fd6bc0640a0 con 0x7fd6bc07eed0
2024-04-26T01:40:57.418 INFO:teuthology.orchestra.run.smithi151.stdout:/usr/bin/ceph: stderr
2024-04-26T01:40:56.013+0000 7fd6ba000700 1 --2- 172.21.15.151:0/969151937 >> [v2:172.21.15.151:6800/796314699,v1:172.21.15.151:6801/796314699] conn(0x7fd6a40395b0 0x7fd6a403ba70 unknown :-1 s=NONE pgs=0 cs=0 l=1 rev1=0 crypto rx=0 tx=0 comp rx=0 tx=0).connect
2024-04-26T01:40:57.419 INFO:teuthology.orchestra.run.smithi151.stdout:/usr/bin/ceph: stderr
2024-04-26T01:40:56.013+0000 7fd6ba000700 1 -- 172.21.15.151:0/969151937 <== mon.0 v2:172.21.15.151:3300/0 5 ==== osd_map(2..2 src has 1..2) ==== 940+0+0 (secure 0 0 0) 0x7fd6b004db40 con 0x7fd6bc07eed0
2024-04-26T01:40:57.419 INFO:teuthology.orchestra.run.smithi151.stdout:/usr/bin/ceph: stderr
2024-04-26T01:40:56.013+0000 7fd6c1000700 1 --2- 172.21.15.151:0/969151937 >> [v2:172.21.15.151:6800/796314699,v1:172.21.15.151:6801/796314699] conn(0x7fd6a40395b0 0x7fd6a403ba70 unknown :-1 s=BANNER_CONNECTING pgs=0 cs=0 l=1 rev1=0 crypto rx=0 tx=0 comp rx=0 tx=0)._handle_peer_banner_payload supported=3 required=0
2024-04-26T01:40:57.420 INFO:teuthology.orchestra.run.smithi151.stdout:/usr/bin/ceph: stderr
2024-04-26T01:40:56.014+0000 7fd6c1000700 1 --2- 172.21.15.151:0/969151937 >> [v2:172.21.15.151:6800/796314699,v1:172.21.15.151:6801/796314699] conn(0x7fd6a40395b0 0x7fd6a403ba70 secure :-1 s=READY pgs=9 cs=0 l=1 rev1=1 crypto rx=0x7fd6a8006fd0 tx=0x7fd6a8006e40 comp rx=0 tx=0).ready entity=mgr.14120 client_cookie=0 server_cookie=0 in_seq=0 out_seq=0
2024-04-26T01:40:57.420 INFO:teuthology.orchestra.run.smithi151.stdout:/usr/bin/ceph: stderr
2024-04-26T01:40:56.019+0000 7fd6ba000700 1 -- 172.21.15.151:0/969151937 <== mon.0 v2:172.21.15.151:3300/0 6 ==== mon_command_ack([{"prefix": "get_command_descriptions"}]=0 v0) ==== 72+0+188370 (secure 0 0 0) 0x7fd6b000e260 con 0x7fd6bc07eed0
2024-04-26T01:40:57.420 INFO:teuthology.orchestra.run.smithi151.stdout:/usr/bin/ceph: stderr
2024-04-26T01:40:56.245+0000 7fd6c4400700 1 -- 172.21.15.151:0/969151937 --> [v2:172.21.15.151:6800/796314699,v1:172.21.15.151:6801/796314699] -- mgr_command(tid 0: {"prefix": "cephadm generate-key", "target": ["mon-mgr", ""]}) -- 0x7fd6bc104f90 con 0x7fd6a40395b0
2024-04-26T01:40:57.420 INFO:teuthology.orchestra.run.smithi151.stdout:/usr/bin/ceph: stderr
2024-04-26T01:40:56.702+0000 7fd6ba000700 1 -- 172.21.15.151:0/969151937 <== mgr.14120 v2:172.21.15.151:6800/796314699 1 ==== mgr_command_reply(tid 0: 0 ) ==== 8+0+0 (secure 0 0 0) 0x7fd6bc104f90 con 0x7fd6a40395b0
2024-04-26T01:40:57.420 INFO:teuthology.orchestra.run.smithi151.stdout:/usr/bin/ceph: stderr
2024-04-26T01:40:56.705+0000 7fd6c4400700 1 -- 172.21.15.151:0/969151937 >> [v2:172.21.15.151:6800/796314699,v1:172.21.15.151:6801/796314699] conn(0x7fd6a40395b0 msgr2=0x7fd6a403ba70 secure :-1 s=STATE_CONNECTION_ESTABLISHED l=1).mark_down
2024-04-26T01:40:57.420 INFO:teuthology.orchestra.run.smithi151.stdout:/usr/bin/ceph: stderr
2024-04-26T01:40:56.705+0000 7fd6c4400700 1 --2- 172.21.15.151:0/969151937 >> [v2:172.21.15.151:6800/796314699,v1:172.21.15.151:6801/796314699] conn(0x7fd6a40395b0 0x7fd6a403ba70 secure :-1 s=READY pgs=9 cs=0 l=1 rev1=1 crypto rx=0x7fd6a8006fd0 tx=0x7fd6a8006e40 comp rx=0 tx=0).stop
2024-04-26T01:40:57.420 INFO:teuthology.orchestra.run.smithi151.stdout:/usr/bin/ceph: stderr
2024-04-26T01:40:56.705+0000 7fd6c4400700 1 -- 172.21.15.151:0/969151937 >> [v2:172.21.15.151:3300/0,v1:172.21.15.151:6789/0] conn(0x7fd6bc07eed0 msgr2=0x7fd6bc19e740 secure :-1 s=STATE_CONNECTION_ESTABLISHED l=1).mark_down
2024-04-26T01:40:57.420 INFO:teuthology.orchestra.run.smithi151.stdout:/usr/bin/ceph: stderr
2024-04-26T01:40:56.705+0000 7fd6c4400700 1 --2- 172.21.15.151:0/969151937 >> [v2:172.21.15.151:3300/0,v1:172.21.15.151:6789/0] conn(0x7fd6bc07eed0 0x7fd6bc19e740 secure :-1 s=READY pgs=42 cs=0 l=1 rev1=1 crypto rx=0x7fd6b00117b0 tx=0x7fd6b0011b70 comp rx=0 tx=0).stop
2024-04-26T01:40:57.420 INFO:teuthology.orchestra.run.smithi151.stdout:/usr/bin/ceph: stderr
2024-04-26T01:40:56.705+0000 7fd6c4400700 1 -- 172.21.15.151:0/969151937 shutdown_connections
2024-04-26T01:40:57.420 INFO:teuthology.orchestra.run.smithi151.stdout:/usr/bin/ceph: stderr
2024-04-26T01:40:56.705+0000 7fd6c4400700 1 --2- 172.21.15.151:0/969151937 >> [v2:172.21.15.151:6800/796314699,v1:172.21.15.151:6801/796314699] conn(0x7fd6a40395b0 0x7fd6a403ba70 unknown :-1 s=CLOSED pgs=9 cs=0 l=1 rev1=1 crypto rx=0 tx=0 comp rx=0 tx=0).stop
2024-04-26T01:40:57.420 INFO:teuthology.orchestra.run.smithi151.stdout:/usr/bin/ceph: stderr
2024-04-26T01:40:56.705+0000 7fd6c4400700 1 --2- 172.21.15.151:0/969151937 >> [v2:172.21.15.151:3300/0,v1:172.21.15.151:6789/0] conn(0x7fd6bc07eed0 0x7fd6bc19e740 unknown :-1 s=CLOSED pgs=42 cs=0 l=1 rev1=1 crypto rx=0 tx=0 comp rx=0 tx=0).stop
2024-04-26T01:40:57.420 INFO:teuthology.orchestra.run.smithi151.stdout:/usr/bin/ceph: stderr
2024-04-26T01:40:56.705+0000 7fd6c4400700 1 -- 172.21.15.151:0/969151937 >> 172.21.15.151:0/969151937 conn(0x7fd6bc103cf0 msgr2=0x7fd6bc104880 unknown :-1 s=STATE_NONE l=0).mark_down
2024-04-26T01:40:57.421 INFO:teuthology.orchestra.run.smithi151.stdout:/usr/bin/ceph: stderr
2024-04-26T01:40:56.705+0000 7fd6c4400700 1 -- 172.21.15.151:0/969151937 shutdown_connections
2024-04-26T01:40:57.421 INFO:teuthology.orchestra.run.smithi151.stdout:/usr/bin/ceph: stderr
2024-04-26T01:40:56.705+0000 7fd6c4400700 1 -- 172.21.15.151:0/969151937 wait complete.
2024-04-26T01:40:58.003 INFO:journalctl@ceph.mon.a.smithi151.stdout:Apr 26 01:40:57 smithi151 ceph-mon[28057]: from='client.14136 -' entity='client.admin' cmd=[{"prefix": "cephadm generate-key", "target": ["mon-mgr", ""]}]: dispatch
2024-04-26T01:40:58.004 INFO:journalctl@ceph.mon.a.smithi151.stdout:Apr 26 01:40:57 smithi151 ceph-mon[28057]: Generating ssh key...
2024-04-26T01:40:58.004 INFO:journalctl@ceph.mon.a.smithi151.stdout:Apr 26 01:40:57 smithi151 ceph-mon[28057]: from='mgr.14120 172.21.15.151:0/3675138561' entity='mgr.x'
2024-04-26T01:40:58.004 INFO:journalctl@ceph.mon.a.smithi151.stdout:Apr 26 01:40:57 smithi151 ceph-mon[28057]: from='mgr.14120 172.21.15.151:0/3675138561' entity='mgr.x'
2024-04-26T01:40:59.065 INFO:journalctl@ceph.mon.a.smithi151.stdout:Apr 26 01:40:58 smithi151 ceph-mon[28057]: from='client.14138 -' entity='client.admin' cmd=[{"prefix": "cephadm get-pub-key", "target": ["mon-mgr", ""]}]: dispatch
2024-04-26T01:40:59.084 INFO:teuthology.orchestra.run.smithi151.stdout:/usr/bin/ceph: stdout ssh-rsa AAAAB3NzaC1yc2EAAAADAQABAAABgQDNzd7KvbZNAU5d2PFfDejLyUsjAG4bUhv/GPWBuqIU9noj88W2T3gv7BkTF9R6/PaR51EPF4OHwFcBnz43ZB8WliajUE3Wk6sWWUgzFecylREAcIaPDvVBUFXAY6f3XTrdv++MwW4Hu2uOFkdrxJd3NXGxUVFsY7qidjTEXO+SQZUVj0aUanVE5UnwXoliiEMR/d1rO2fCQfNAe5Fjn88OoBGqAuXzw+ucltPTRjtD+8NKY5bP/jnuILiR1QPsG+VpJsk3HlRUW4UM55hTcpys7Px/L7f+BSUnQcoxOiODSG+8wl4tgULHqgrpdG6Rzdf0VB0DMkqtM2x9KqPA3GwAXG0VvH+zr/zlFgPUQ7c1wOspXYC0TSUMA7MlEjY6HauiYWT9FhZ/Jwp4F/Mawz4NW4XFYg7Y55p/C5T501vY7lE/GfXY/e3/QaHAxrNrtTfpuY0L8/f/D9Kk3U3iLHwkgWp4xv7fG4/hq7o72GeXcsKXX1NbH4R3Xh1frxFyUBE= ceph-c0e49e64-036d-11ef-bc93-c7b262605968
2024-04-26T01:40:59.084 INFO:teuthology.orchestra.run.smithi151.stdout:/usr/bin/ceph: stderr
2024-04-26T01:40:58.087+0000 7f00e9400700 1 Processor -- start
2024-04-26T01:40:59.084 INFO:teuthology.orchestra.run.smithi151.stdout:/usr/bin/ceph: stderr
2024-04-26T01:40:58.087+0000 7f00e9400700 1 -- start start
2024-04-26T01:40:59.084 INFO:teuthology.orchestra.run.smithi151.stdout:/usr/bin/ceph: stderr
2024-04-26T01:40:58.088+0000 7f00e9400700 1 --2- >> [v2:172.21.15.151:3300/0,v1:172.21.15.151:6789/0] conn(0x7f00e410a980 0x7f00e410ada0 unknown :-1 s=NONE pgs=0 cs=0 l=0 rev1=0 crypto rx=0 tx=0 comp rx=0 tx=0).connect
2024-04-26T01:40:59.084 INFO:teuthology.orchestra.run.smithi151.stdout:/usr/bin/ceph: stderr
2024-04-26T01:40:58.088+0000 7f00e9400700 1 -- --> [v2:172.21.15.151:3300/0,v1:172.21.15.151:6789/0] -- mon_getmap magic: 0 -- 0x7f00e410b370 con 0x7f00e410a980
2024-04-26T01:40:59.084 INFO:teuthology.orchestra.run.smithi151.stdout:/usr/bin/ceph: stderr
2024-04-26T01:40:58.088+0000 7f00e2800700 1 --2- >> [v2:172.21.15.151:3300/0,v1:172.21.15.151:6789/0] conn(0x7f00e410a980 0x7f00e410ada0 unknown :-1 s=BANNER_CONNECTING pgs=0 cs=0 l=0 rev1=0 crypto rx=0 tx=0 comp rx=0 tx=0)._handle_peer_banner_payload supported=3 required=0
2024-04-26T01:40:59.084 INFO:teuthology.orchestra.run.smithi151.stdout:/usr/bin/ceph: stderr
2024-04-26T01:40:58.088+0000 7f00e2800700 1 --2- >> [v2:172.21.15.151:3300/0,v1:172.21.15.151:6789/0] conn(0x7f00e410a980 0x7f00e410ada0 unknown :-1 s=HELLO_CONNECTING pgs=0 cs=0 l=0 rev1=1 crypto rx=0 tx=0 comp rx=0 tx=0).handle_hello peer v2:172.21.15.151:3300/0 says I am v2:172.21.15.151:37296/0 (socket says 172.21.15.151:37296)
2024-04-26T01:40:59.085 INFO:teuthology.orchestra.run.smithi151.stdout:/usr/bin/ceph: stderr
2024-04-26T01:40:58.088+0000 7f00e2800700 1 -- 172.21.15.151:0/2635473678 learned_addr learned my addr 172.21.15.151:0/2635473678 (peer_addr_for_me v2:172.21.15.151:0/0)
2024-04-26T01:40:59.085 INFO:teuthology.orchestra.run.smithi151.stdout:/usr/bin/ceph: stderr
2024-04-26T01:40:58.089+0000 7f00e2800700 1 -- 172.21.15.151:0/2635473678 --> [v2:172.21.15.151:3300/0,v1:172.21.15.151:6789/0] -- mon_subscribe({config=0+,monmap=0+}) -- 0x7f00e410bb80 con 0x7f00e410a980
2024-04-26T01:40:59.085 INFO:teuthology.orchestra.run.smithi151.stdout:/usr/bin/ceph: stderr
2024-04-26T01:40:58.089+0000 7f00e2800700 1 --2- 172.21.15.151:0/2635473678 >> [v2:172.21.15.151:3300/0,v1:172.21.15.151:6789/0] conn(0x7f00e410a980 0x7f00e410ada0 secure :-1 s=READY pgs=43 cs=0 l=1 rev1=1 crypto rx=0x7f00d40098a0 tx=0x7f00d4009bb0 comp rx=0 tx=0).ready entity=mon.0 client_cookie=a95970eab8a55e2f server_cookie=0 in_seq=0 out_seq=0
2024-04-26T01:40:59.085 INFO:teuthology.orchestra.run.smithi151.stdout:/usr/bin/ceph: stderr
2024-04-26T01:40:58.089+0000 7f00e1400700 1 -- 172.21.15.151:0/2635473678 <== mon.0 v2:172.21.15.151:3300/0 1 ==== mon_map magic: 0 ==== 205+0+0 (secure 0 0 0) 0x7f00d4004160 con 0x7f00e410a980
2024-04-26T01:40:59.085 INFO:teuthology.orchestra.run.smithi151.stdout:/usr/bin/ceph: stderr
2024-04-26T01:40:58.089+0000 7f00e1400700 1 -- 172.21.15.151:0/2635473678 <== mon.0 v2:172.21.15.151:3300/0 2 ==== config(26 keys) ==== 1070+0+0 (secure 0 0 0) 0x7f00d4004300 con 0x7f00e410a980
2024-04-26T01:40:59.085 INFO:teuthology.orchestra.run.smithi151.stdout:/usr/bin/ceph: stderr
2024-04-26T01:40:58.089+0000 7f00e1400700 1 -- 172.21.15.151:0/2635473678 <== mon.0 v2:172.21.15.151:3300/0 3 ==== mon_map magic: 0 ==== 205+0+0 (secure 0 0 0) 0x7f00d4011af0 con 0x7f00e410a980
2024-04-26T01:40:59.085 INFO:teuthology.orchestra.run.smithi151.stdout:/usr/bin/ceph: stderr
2024-04-26T01:40:58.090+0000 7f00e9400700 1 -- 172.21.15.151:0/2635473678 >> [v2:172.21.15.151:3300/0,v1:172.21.15.151:6789/0] conn(0x7f00e410a980 msgr2=0x7f00e410ada0 secure :-1 s=STATE_CONNECTION_ESTABLISHED l=1).mark_down
2024-04-26T01:40:59.085 INFO:teuthology.orchestra.run.smithi151.stdout:/usr/bin/ceph: stderr
2024-04-26T01:40:58.090+0000 7f00e9400700 1 --2- 172.21.15.151:0/2635473678 >> [v2:172.21.15.151:3300/0,v1:172.21.15.151:6789/0] conn(0x7f00e410a980 0x7f00e410ada0 secure :-1 s=READY pgs=43 cs=0 l=1 rev1=1 crypto rx=0x7f00d40098a0 tx=0x7f00d4009bb0 comp rx=0 tx=0).stop
2024-04-26T01:40:59.085 INFO:teuthology.orchestra.run.smithi151.stdout:/usr/bin/ceph: stderr
2024-04-26T01:40:58.090+0000 7f00e9400700 1 -- 172.21.15.151:0/2635473678 shutdown_connections
2024-04-26T01:40:59.085 INFO:teuthology.orchestra.run.smithi151.stdout:/usr/bin/ceph: stderr
2024-04-26T01:40:58.090+0000 7f00e9400700 1 --2- 172.21.15.151:0/2635473678 >> [v2:172.21.15.151:3300/0,v1:172.21.15.151:6789/0] conn(0x7f00e410a980 0x7f00e410ada0 unknown :-1 s=CLOSED pgs=43 cs=0 l=1 rev1=1 crypto rx=0 tx=0 comp rx=0 tx=0).stop
2024-04-26T01:40:59.085 INFO:teuthology.orchestra.run.smithi151.stdout:/usr/bin/ceph: stderr
2024-04-26T01:40:58.090+0000 7f00e9400700 1 -- 172.21.15.151:0/2635473678 >> 172.21.15.151:0/2635473678 conn(0x7f00e407dd70 msgr2=0x7f00e41083d0 unknown :-1 s=STATE_NONE l=0).mark_down
2024-04-26T01:40:59.085 INFO:teuthology.orchestra.run.smithi151.stdout:/usr/bin/ceph: stderr
2024-04-26T01:40:58.090+0000 7f00e9400700 1 -- 172.21.15.151:0/2635473678 shutdown_connections
2024-04-26T01:40:59.085 INFO:teuthology.orchestra.run.smithi151.stdout:/usr/bin/ceph: stderr
2024-04-26T01:40:58.090+0000 7f00e9400700 1 -- 172.21.15.151:0/2635473678 wait complete.
2024-04-26T01:40:59.086 INFO:teuthology.orchestra.run.smithi151.stdout:/usr/bin/ceph: stderr
2024-04-26T01:40:58.091+0000 7f00e9400700 1 Processor -- start
2024-04-26T01:40:59.086 INFO:teuthology.orchestra.run.smithi151.stdout:/usr/bin/ceph: stderr
2024-04-26T01:40:58.092+0000 7f00e9400700 1 -- start start
2024-04-26T01:40:59.086 INFO:teuthology.orchestra.run.smithi151.stdout:/usr/bin/ceph: stderr
2024-04-26T01:40:58.092+0000 7f00e9400700 1 --2- >> [v2:172.21.15.151:3300/0,v1:172.21.15.151:6789/0] conn(0x7f00e410a980 0x7f00e419e760 unknown :-1 s=NONE pgs=0 cs=0 l=1 rev1=0 crypto rx=0 tx=0 comp rx=0 tx=0).connect
2024-04-26T01:40:59.086 INFO:teuthology.orchestra.run.smithi151.stdout:/usr/bin/ceph: stderr
2024-04-26T01:40:58.092+0000 7f00e9400700 1 -- --> [v2:172.21.15.151:3300/0,v1:172.21.15.151:6789/0] -- mon_getmap magic: 0 -- 0x7f00e410edb0 con 0x7f00e410a980
2024-04-26T01:40:59.086 INFO:teuthology.orchestra.run.smithi151.stdout:/usr/bin/ceph: stderr
2024-04-26T01:40:58.092+0000 7f00e2800700 1 --2- >> [v2:172.21.15.151:3300/0,v1:172.21.15.151:6789/0] conn(0x7f00e410a980 0x7f00e419e760 unknown :-1 s=BANNER_CONNECTING pgs=0 cs=0 l=1 rev1=0 crypto rx=0 tx=0 comp rx=0 tx=0)._handle_peer_banner_payload supported=3 required=0
2024-04-26T01:40:59.086 INFO:teuthology.orchestra.run.smithi151.stdout:/usr/bin/ceph: stderr
2024-04-26T01:40:58.092+0000 7f00e2800700 1 --2- >> [v2:172.21.15.151:3300/0,v1:172.21.15.151:6789/0] conn(0x7f00e410a980 0x7f00e419e760 unknown :-1 s=HELLO_CONNECTING pgs=0 cs=0 l=1 rev1=1 crypto rx=0 tx=0 comp rx=0 tx=0).handle_hello peer v2:172.21.15.151:3300/0 says I am v2:172.21.15.151:37312/0 (socket says 172.21.15.151:37312)
2024-04-26T01:40:59.086 INFO:teuthology.orchestra.run.smithi151.stdout:/usr/bin/ceph: stderr
2024-04-26T01:40:58.092+0000 7f00e2800700 1 -- 172.21.15.151:0/1363682927 learned_addr learned my addr 172.21.15.151:0/1363682927 (peer_addr_for_me v2:172.21.15.151:0/0)
2024-04-26T01:40:59.086 INFO:teuthology.orchestra.run.smithi151.stdout:/usr/bin/ceph: stderr
2024-04-26T01:40:58.093+0000 7f00e2800700 1 -- 172.21.15.151:0/1363682927 --> [v2:172.21.15.151:3300/0,v1:172.21.15.151:6789/0] -- mon_subscribe({config=0+,monmap=0+}) -- 0x7f00e419eca0 con 0x7f00e410a980
2024-04-26T01:40:59.086 INFO:teuthology.orchestra.run.smithi151.stdout:/usr/bin/ceph: stderr
2024-04-26T01:40:58.093+0000 7f00e2800700 1 --2- 172.21.15.151:0/1363682927 >> [v2:172.21.15.151:3300/0,v1:172.21.15.151:6789/0] conn(0x7f00e410a980 0x7f00e419e760 secure :-1 s=READY pgs=44 cs=0 l=1 rev1=1 crypto rx=0x7f00d4009fb0 tx=0x7f00d4011940 comp rx=0 tx=0).ready entity=mon.0 client_cookie=0 server_cookie=0 in_seq=0 out_seq=0
2024-04-26T01:40:59.086 INFO:teuthology.orchestra.run.smithi151.stdout:/usr/bin/ceph: stderr
2024-04-26T01:40:58.093+0000 7f00db400700 1 -- 172.21.15.151:0/1363682927 <== mon.0 v2:172.21.15.151:3300/0 1 ==== mon_map magic: 0 ==== 205+0+0 (secure 0 0 0) 0x7f00d40036a0 con 0x7f00e410a980
2024-04-26T01:40:59.086 INFO:teuthology.orchestra.run.smithi151.stdout:/usr/bin/ceph: stderr
2024-04-26T01:40:58.093+0000 7f00e9400700 1 -- 172.21.15.151:0/1363682927 --> [v2:172.21.15.151:3300/0,v1:172.21.15.151:6789/0] -- mon_subscribe({mgrmap=0+}) -- 0x7f00e419ef30 con 0x7f00e410a980
2024-04-26T01:40:59.086 INFO:teuthology.orchestra.run.smithi151.stdout:/usr/bin/ceph: stderr
2024-04-26T01:40:58.093+0000 7f00db400700 1 -- 172.21.15.151:0/1363682927 <== mon.0 v2:172.21.15.151:3300/0 2 ==== config(26 keys) ==== 1070+0+0 (secure 0 0 0) 0x7f00d401a430 con 0x7f00e410a980
2024-04-26T01:40:59.086 INFO:teuthology.orchestra.run.smithi151.stdout:/usr/bin/ceph: stderr
2024-04-26T01:40:58.093+0000 7f00db400700 1 -- 172.21.15.151:0/1363682927 <== mon.0 v2:172.21.15.151:3300/0 3 ==== mon_map magic: 0 ==== 205+0+0 (secure 0 0 0) 0x7f00d4019550 con 0x7f00e410a980
2024-04-26T01:40:59.087 INFO:teuthology.orchestra.run.smithi151.stdout:/usr/bin/ceph: stderr
2024-04-26T01:40:58.093+0000 7f00e9400700 1 -- 172.21.15.151:0/1363682927 --> [v2:172.21.15.151:3300/0,v1:172.21.15.151:6789/0] -- mon_subscribe({osdmap=0}) -- 0x7f00e41a1c20 con 0x7f00e410a980
2024-04-26T01:40:59.087 INFO:teuthology.orchestra.run.smithi151.stdout:/usr/bin/ceph: stderr
2024-04-26T01:40:58.094+0000 7f00e9400700 1 -- 172.21.15.151:0/1363682927 --> [v2:172.21.15.151:3300/0,v1:172.21.15.151:6789/0] -- mon_command({"prefix": "get_command_descriptions"} v 0) -- 0x7f00e40640a0 con 0x7f00e410a980
2024-04-26T01:40:59.087 INFO:teuthology.orchestra.run.smithi151.stdout:/usr/bin/ceph: stderr
2024-04-26T01:40:58.094+0000 7f00db400700 1 -- 172.21.15.151:0/1363682927 <== mon.0 v2:172.21.15.151:3300/0 4 ==== mgrmap(e 8) ==== 46558+0+0 (secure 0 0 0) 0x7f00d401a8e0 con 0x7f00e410a980
2024-04-26T01:40:59.087 INFO:teuthology.orchestra.run.smithi151.stdout:/usr/bin/ceph: stderr
2024-04-26T01:40:58.095+0000 7f00db400700 1 --2- 172.21.15.151:0/1363682927 >> [v2:172.21.15.151:6800/796314699,v1:172.21.15.151:6801/796314699] conn(0x7f00c80395b0 0x7f00c803ba70 unknown :-1 s=NONE pgs=0 cs=0 l=1 rev1=0 crypto rx=0 tx=0 comp rx=0 tx=0).connect
2024-04-26T01:40:59.087 INFO:teuthology.orchestra.run.smithi151.stdout:/usr/bin/ceph: stderr
2024-04-26T01:40:58.095+0000 7f00db400700 1 -- 172.21.15.151:0/1363682927 <== mon.0 v2:172.21.15.151:3300/0 5 ==== osd_map(2..2 src has 1..2) ==== 940+0+0 (secure 0 0 0) 0x7f00d404d990 con 0x7f00e410a980
2024-04-26T01:40:59.087 INFO:teuthology.orchestra.run.smithi151.stdout:/usr/bin/ceph: stderr
2024-04-26T01:40:58.095+0000 7f00e1e00700 1 --2- 172.21.15.151:0/1363682927 >> [v2:172.21.15.151:6800/796314699,v1:172.21.15.151:6801/796314699] conn(0x7f00c80395b0 0x7f00c803ba70 unknown :-1 s=BANNER_CONNECTING pgs=0 cs=0 l=1 rev1=0 crypto rx=0 tx=0 comp rx=0 tx=0)._handle_peer_banner_payload supported=3 required=0
2024-04-26T01:40:59.087 INFO:teuthology.orchestra.run.smithi151.stdout:/usr/bin/ceph: stderr
2024-04-26T01:40:58.096+0000 7f00e1e00700 1 --2- 172.21.15.151:0/1363682927 >> [v2:172.21.15.151:6800/796314699,v1:172.21.15.151:6801/796314699] conn(0x7f00c80395b0 0x7f00c803ba70 secure :-1 s=READY pgs=10 cs=0 l=1 rev1=1 crypto rx=0x7f00d0006fd0 tx=0x7f00d0006e40 comp rx=0 tx=0).ready entity=mgr.14120 client_cookie=0 server_cookie=0 in_seq=0 out_seq=0
2024-04-26T01:40:59.087 INFO:teuthology.orchestra.run.smithi151.stdout:/usr/bin/ceph: stderr
2024-04-26T01:40:58.101+0000 7f00db400700 1 -- 172.21.15.151:0/1363682927 <== mon.0 v2:172.21.15.151:3300/0 6 ==== mon_command_ack([{"prefix": "get_command_descriptions"}]=0 v0) ==== 72+0+188370 (secure 0 0 0) 0x7f00d401a690 con 0x7f00e410a980
2024-04-26T01:40:59.087 INFO:teuthology.orchestra.run.smithi151.stdout:/usr/bin/ceph: stderr
2024-04-26T01:40:58.331+0000 7f00e9400700 1 -- 172.21.15.151:0/1363682927 --> [v2:172.21.15.151:6800/796314699,v1:172.21.15.151:6801/796314699] -- mgr_command(tid 0: {"prefix": "cephadm get-pub-key", "target": ["mon-mgr", ""]}) -- 0x7f00e41071e0 con 0x7f00c80395b0
2024-04-26T01:40:59.087 INFO:teuthology.orchestra.run.smithi151.stdout:/usr/bin/ceph: stderr
2024-04-26T01:40:58.333+0000 7f00db400700 1 -- 172.21.15.151:0/1363682927 <== mgr.14120 v2:172.21.15.151:6800/796314699 1 ==== mgr_command_reply(tid 0: 0 ) ==== 8+0+595 (secure 0 0 0) 0x7f00e41071e0 con 0x7f00c80395b0
2024-04-26T01:40:59.087 INFO:teuthology.orchestra.run.smithi151.stdout:/usr/bin/ceph: stderr
2024-04-26T01:40:58.337+0000 7f00e9400700 1 -- 172.21.15.151:0/1363682927 >> [v2:172.21.15.151:6800/796314699,v1:172.21.15.151:6801/796314699] conn(0x7f00c80395b0 msgr2=0x7f00c803ba70 secure :-1 s=STATE_CONNECTION_ESTABLISHED l=1).mark_down
2024-04-26T01:40:59.087 INFO:teuthology.orchestra.run.smithi151.stdout:/usr/bin/ceph: stderr
2024-04-26T01:40:58.337+0000 7f00e9400700 1 --2- 172.21.15.151:0/1363682927 >> [v2:172.21.15.151:6800/796314699,v1:172.21.15.151:6801/796314699] conn(0x7f00c80395b0 0x7f00c803ba70 secure :-1 s=READY pgs=10 cs=0 l=1 rev1=1 crypto rx=0x7f00d0006fd0 tx=0x7f00d0006e40 comp rx=0 tx=0).stop
2024-04-26T01:40:59.087 INFO:teuthology.orchestra.run.smithi151.stdout:/usr/bin/ceph: stderr
2024-04-26T01:40:58.337+0000 7f00e9400700 1 -- 172.21.15.151:0/1363682927 >> [v2:172.21.15.151:3300/0,v1:172.21.15.151:6789/0] conn(0x7f00e410a980 msgr2=0x7f00e419e760 secure :-1 s=STATE_CONNECTION_ESTABLISHED l=1).mark_down
2024-04-26T01:40:59.088 INFO:teuthology.orchestra.run.smithi151.stdout:/usr/bin/ceph: stderr
2024-04-26T01:40:58.337+0000 7f00e9400700 1 --2- 172.21.15.151:0/1363682927 >> [v2:172.21.15.151:3300/0,v1:172.21.15.151:6789/0] conn(0x7f00e410a980 0x7f00e419e760 secure :-1 s=READY pgs=44 cs=0 l=1 rev1=1 crypto rx=0x7f00d4009fb0 tx=0x7f00d4011940 comp rx=0 tx=0).stop
2024-04-26T01:40:59.088 INFO:teuthology.orchestra.run.smithi151.stdout:/usr/bin/ceph: stderr
2024-04-26T01:40:58.337+0000 7f00e9400700 1 -- 172.21.15.151:0/1363682927 shutdown_connections
2024-04-26T01:40:59.088 INFO:teuthology.orchestra.run.smithi151.stdout:/usr/bin/ceph: stderr
2024-04-26T01:40:58.337+0000 7f00e9400700 1 --2- 172.21.15.151:0/1363682927 >> [v2:172.21.15.151:6800/796314699,v1:172.21.15.151:6801/796314699] conn(0x7f00c80395b0 0x7f00c803ba70 unknown :-1 s=CLOSED pgs=10 cs=0 l=1 rev1=1 crypto rx=0 tx=0 comp rx=0 tx=0).stop
2024-04-26T01:40:59.088 INFO:teuthology.orchestra.run.smithi151.stdout:/usr/bin/ceph: stderr
2024-04-26T01:40:58.337+0000 7f00e9400700 1 --2- 172.21.15.151:0/1363682927 >> [v2:172.21.15.151:3300/0,v1:172.21.15.151:6789/0] conn(0x7f00e410a980 0x7f00e419e760 unknown :-1 s=CLOSED pgs=44 cs=0 l=1 rev1=1 crypto rx=0 tx=0 comp rx=0 tx=0).stop
2024-04-26T01:40:59.088 INFO:teuthology.orchestra.run.smithi151.stdout:/usr/bin/ceph: stderr
2024-04-26T01:40:58.337+0000 7f00e9400700 1 -- 172.21.15.151:0/1363682927 >> 172.21.15.151:0/1363682927 conn(0x7f00e407dd70 msgr2=0x7f00e4106ad0 unknown :-1 s=STATE_NONE l=0).mark_down
2024-04-26T01:40:59.088 INFO:teuthology.orchestra.run.smithi151.stdout:/usr/bin/ceph: stderr
2024-04-26T01:40:58.337+0000 7f00e9400700 1 -- 172.21.15.151:0/1363682927 shutdown_connections
2024-04-26T01:40:59.088 INFO:teuthology.orchestra.run.smithi151.stdout:/usr/bin/ceph: stderr
2024-04-26T01:40:58.337+0000 7f00e9400700 1 -- 172.21.15.151:0/1363682927 wait complete.
2024-04-26T01:40:59.088 INFO:teuthology.orchestra.run.smithi151.stdout:Wrote public SSH key to /home/ubuntu/cephtest/ceph.pub
2024-04-26T01:40:59.088 INFO:teuthology.orchestra.run.smithi151.stdout:Adding key to root@localhost authorized_keys...
2024-04-26T01:40:59.095 INFO:teuthology.orchestra.run.smithi151.stdout:Adding host smithi151...
2024-04-26T01:41:00.870 INFO:journalctl@ceph.mon.a.smithi151.stdout:Apr 26 01:41:00 smithi151 ceph-mon[28057]: from='client.14140 -' entity='client.admin' cmd=[{"prefix": "orch host add", "hostname": "smithi151", "addr": "172.21.15.151", "target": ["mon-mgr", ""]}]: dispatch
2024-04-26T01:41:02.109 INFO:journalctl@ceph.mon.a.smithi151.stdout:Apr 26 01:41:01 smithi151 ceph-mon[28057]: Deploying cephadm binary to smithi151
2024-04-26T01:41:06.668 INFO:teuthology.orchestra.run.smithi151.stdout:/usr/bin/ceph: stdout Added host 'smithi151' with addr '172.21.15.151'
2024-04-26T01:41:06.669 INFO:teuthology.orchestra.run.smithi151.stdout:/usr/bin/ceph: stderr
2024-04-26T01:40:59.713+0000 7f7238800700 1 Processor -- start
2024-04-26T01:41:06.669 INFO:teuthology.orchestra.run.smithi151.stdout:/usr/bin/ceph: stderr
2024-04-26T01:40:59.713+0000 7f7238800700 1 -- start start
2024-04-26T01:41:06.669 INFO:teuthology.orchestra.run.smithi151.stdout:/usr/bin/ceph: stderr
2024-04-26T01:40:59.713+0000 7f7238800700 1 --2- >> [v2:172.21.15.151:3300/0,v1:172.21.15.151:6789/0] conn(0x7f72301086c0 0x7f7230108ae0 unknown :-1 s=NONE pgs=0 cs=0 l=0 rev1=0 crypto rx=0 tx=0 comp rx=0 tx=0).connect
2024-04-26T01:41:06.669 INFO:teuthology.orchestra.run.smithi151.stdout:/usr/bin/ceph: stderr
2024-04-26T01:40:59.713+0000 7f7238800700 1 -- --> [v2:172.21.15.151:3300/0,v1:172.21.15.151:6789/0] -- mon_getmap magic: 0 -- 0x7f72301090b0 con 0x7f72301086c0
2024-04-26T01:41:06.669 INFO:teuthology.orchestra.run.smithi151.stdout:/usr/bin/ceph: stderr
2024-04-26T01:40:59.714+0000 7f7235e00700 1 --2- >> [v2:172.21.15.151:3300/0,v1:172.21.15.151:6789/0] conn(0x7f72301086c0 0x7f7230108ae0 unknown :-1 s=BANNER_CONNECTING pgs=0 cs=0 l=0 rev1=0 crypto rx=0 tx=0 comp rx=0 tx=0)._handle_peer_banner_payload supported=3 required=0
2024-04-26T01:41:06.669 INFO:teuthology.orchestra.run.smithi151.stdout:/usr/bin/ceph: stderr
2024-04-26T01:40:59.714+0000 7f7235e00700 1 --2- >> [v2:172.21.15.151:3300/0,v1:172.21.15.151:6789/0] conn(0x7f72301086c0 0x7f7230108ae0 unknown :-1 s=HELLO_CONNECTING pgs=0 cs=0 l=0 rev1=1 crypto rx=0 tx=0 comp rx=0 tx=0).handle_hello peer v2:172.21.15.151:3300/0 says I am v2:172.21.15.151:37326/0 (socket says 172.21.15.151:37326)
2024-04-26T01:41:06.669 INFO:teuthology.orchestra.run.smithi151.stdout:/usr/bin/ceph: stderr
2024-04-26T01:40:59.714+0000 7f7235e00700 1 -- 172.21.15.151:0/4147370815 learned_addr learned my addr 172.21.15.151:0/4147370815 (peer_addr_for_me v2:172.21.15.151:0/0)
2024-04-26T01:41:06.669 INFO:teuthology.orchestra.run.smithi151.stdout:/usr/bin/ceph: stderr
2024-04-26T01:40:59.714+0000 7f7235e00700 1 -- 172.21.15.151:0/4147370815 --> [v2:172.21.15.151:3300/0,v1:172.21.15.151:6789/0] -- mon_subscribe({config=0+,monmap=0+}) -- 0x7f72301098c0 con 0x7f72301086c0
2024-04-26T01:41:06.669 INFO:teuthology.orchestra.run.smithi151.stdout:/usr/bin/ceph: stderr
2024-04-26T01:40:59.714+0000 7f7235e00700 1 --2- 172.21.15.151:0/4147370815 >> [v2:172.21.15.151:3300/0,v1:172.21.15.151:6789/0] conn(0x7f72301086c0 0x7f7230108ae0 secure :-1 s=READY pgs=45 cs=0 l=1 rev1=1 crypto rx=0x7f72240098a0 tx=0x7f7224009bb0 comp rx=0 tx=0).ready entity=mon.0 client_cookie=2fd01d085104724d server_cookie=0 in_seq=0 out_seq=0
2024-04-26T01:41:06.669 INFO:teuthology.orchestra.run.smithi151.stdout:/usr/bin/ceph: stderr
2024-04-26T01:40:59.715+0000 7f7234a00700 1 -- 172.21.15.151:0/4147370815 <== mon.0 v2:172.21.15.151:3300/0 1 ==== mon_map magic: 0 ==== 205+0+0 (secure 0 0 0) 0x7f7224004160 con 0x7f72301086c0
2024-04-26T01:41:06.669 INFO:teuthology.orchestra.run.smithi151.stdout:/usr/bin/ceph: stderr
2024-04-26T01:40:59.715+0000 7f7234a00700 1 -- 172.21.15.151:0/4147370815 <== mon.0 v2:172.21.15.151:3300/0 2 ==== config(26 keys) ==== 1070+0+0 (secure 0 0 0) 0x7f7224004300 con 0x7f72301086c0
2024-04-26T01:41:06.670 INFO:teuthology.orchestra.run.smithi151.stdout:/usr/bin/ceph: stderr
2024-04-26T01:40:59.715+0000 7f7234a00700 1 -- 172.21.15.151:0/4147370815 <== mon.0 v2:172.21.15.151:3300/0 3 ==== mon_map magic: 0 ==== 205+0+0 (secure 0 0 0) 0x7f7224011af0 con 0x7f72301086c0
2024-04-26T01:41:06.670 INFO:teuthology.orchestra.run.smithi151.stdout:/usr/bin/ceph: stderr
2024-04-26T01:40:59.715+0000 7f7238800700 1 -- 172.21.15.151:0/4147370815 >> [v2:172.21.15.151:3300/0,v1:172.21.15.151:6789/0] conn(0x7f72301086c0 msgr2=0x7f7230108ae0 secure :-1 s=STATE_CONNECTION_ESTABLISHED l=1).mark_down
2024-04-26T01:41:06.670 INFO:teuthology.orchestra.run.smithi151.stdout:/usr/bin/ceph: stderr
2024-04-26T01:40:59.715+0000 7f7238800700 1 --2- 172.21.15.151:0/4147370815 >> [v2:172.21.15.151:3300/0,v1:172.21.15.151:6789/0] conn(0x7f72301086c0 0x7f7230108ae0 secure :-1 s=READY pgs=45 cs=0 l=1 rev1=1 crypto rx=0x7f72240098a0 tx=0x7f7224009bb0 comp rx=0 tx=0).stop
2024-04-26T01:41:06.670 INFO:teuthology.orchestra.run.smithi151.stdout:/usr/bin/ceph: stderr
2024-04-26T01:40:59.716+0000 7f7238800700 1 -- 172.21.15.151:0/4147370815 shutdown_connections
2024-04-26T01:41:06.670 INFO:teuthology.orchestra.run.smithi151.stdout:/usr/bin/ceph: stderr
2024-04-26T01:40:59.716+0000 7f7238800700 1 --2- 172.21.15.151:0/4147370815 >> [v2:172.21.15.151:3300/0,v1:172.21.15.151:6789/0] conn(0x7f72301086c0 0x7f7230108ae0 unknown :-1 s=CLOSED pgs=45 cs=0 l=1 rev1=1 crypto rx=0 tx=0 comp rx=0 tx=0).stop
2024-04-26T01:41:06.670 INFO:teuthology.orchestra.run.smithi151.stdout:/usr/bin/ceph: stderr
2024-04-26T01:40:59.716+0000 7f7238800700 1 -- 172.21.15.151:0/4147370815 >> 172.21.15.151:0/4147370815 conn(0x7f7230103c40 msgr2=0x7f72301060a0 unknown :-1 s=STATE_NONE l=0).mark_down
2024-04-26T01:41:06.670 INFO:teuthology.orchestra.run.smithi151.stdout:/usr/bin/ceph: stderr
2024-04-26T01:40:59.716+0000 7f7238800700 1 -- 172.21.15.151:0/4147370815 shutdown_connections
2024-04-26T01:41:06.670 INFO:teuthology.orchestra.run.smithi151.stdout:/usr/bin/ceph: stderr
2024-04-26T01:40:59.716+0000 7f7238800700 1 -- 172.21.15.151:0/4147370815 wait complete.
2024-04-26T01:41:06.670 INFO:teuthology.orchestra.run.smithi151.stdout:/usr/bin/ceph: stderr
2024-04-26T01:40:59.717+0000 7f7238800700 1 Processor -- start
2024-04-26T01:41:06.670 INFO:teuthology.orchestra.run.smithi151.stdout:/usr/bin/ceph: stderr
2024-04-26T01:40:59.717+0000 7f7238800700 1 -- start start
2024-04-26T01:41:06.671 INFO:teuthology.orchestra.run.smithi151.stdout:/usr/bin/ceph: stderr
2024-04-26T01:40:59.717+0000 7f7238800700 1 --2- >> [v2:172.21.15.151:3300/0,v1:172.21.15.151:6789/0] conn(0x7f72301086c0 0x7f723019e730 unknown :-1 s=NONE pgs=0 cs=0 l=1 rev1=0 crypto rx=0 tx=0 comp rx=0 tx=0).connect
2024-04-26T01:41:06.671 INFO:teuthology.orchestra.run.smithi151.stdout:/usr/bin/ceph: stderr
2024-04-26T01:40:59.717+0000 7f7238800700 1 -- --> [v2:172.21.15.151:3300/0,v1:172.21.15.151:6789/0] -- mon_getmap magic: 0 -- 0x7f723010caf0 con 0x7f72301086c0
2024-04-26T01:41:06.671 INFO:teuthology.orchestra.run.smithi151.stdout:/usr/bin/ceph: stderr
2024-04-26T01:40:59.718+0000 7f7235e00700 1 --2- >> [v2:172.21.15.151:3300/0,v1:172.21.15.151:6789/0] conn(0x7f72301086c0 0x7f723019e730 unknown :-1 s=BANNER_CONNECTING pgs=0 cs=0 l=1 rev1=0 crypto rx=0 tx=0 comp rx=0 tx=0)._handle_peer_banner_payload supported=3 required=0
2024-04-26T01:41:06.671 INFO:teuthology.orchestra.run.smithi151.stdout:/usr/bin/ceph: stderr
2024-04-26T01:40:59.718+0000 7f7235e00700 1 --2- >> [v2:172.21.15.151:3300/0,v1:172.21.15.151:6789/0] conn(0x7f72301086c0 0x7f723019e730 unknown :-1 s=HELLO_CONNECTING pgs=0 cs=0 l=1 rev1=1 crypto rx=0 tx=0 comp rx=0 tx=0).handle_hello peer v2:172.21.15.151:3300/0 says I am v2:172.21.15.151:37342/0 (socket says 172.21.15.151:37342)
2024-04-26T01:41:06.671 INFO:teuthology.orchestra.run.smithi151.stdout:/usr/bin/ceph: stderr
2024-04-26T01:40:59.718+0000 7f7235e00700 1 -- 172.21.15.151:0/1424933964 learned_addr learned my addr 172.21.15.151:0/1424933964 (peer_addr_for_me v2:172.21.15.151:0/0)
2024-04-26T01:41:06.671 INFO:teuthology.orchestra.run.smithi151.stdout:/usr/bin/ceph: stderr
2024-04-26T01:40:59.718+0000 7f7235e00700 1 -- 172.21.15.151:0/1424933964 --> [v2:172.21.15.151:3300/0,v1:172.21.15.151:6789/0] -- mon_subscribe({config=0+,monmap=0+}) -- 0x7f723019ec70 con 0x7f72301086c0
2024-04-26T01:41:06.671 INFO:teuthology.orchestra.run.smithi151.stdout:/usr/bin/ceph: stderr
2024-04-26T01:40:59.718+0000 7f7235e00700 1 --2- 172.21.15.151:0/1424933964 >> [v2:172.21.15.151:3300/0,v1:172.21.15.151:6789/0] conn(0x7f72301086c0 0x7f723019e730 secure :-1 s=READY pgs=46 cs=0 l=1 rev1=1 crypto rx=0x7f7224000c00 tx=0x7f7224011b70 comp rx=0 tx=0).ready entity=mon.0 client_cookie=0 server_cookie=0 in_seq=0 out_seq=0
2024-04-26T01:41:06.671 INFO:teuthology.orchestra.run.smithi151.stdout:/usr/bin/ceph: stderr
2024-04-26T01:40:59.719+0000 7f722aa00700 1 -- 172.21.15.151:0/1424933964 <== mon.0 v2:172.21.15.151:3300/0 1 ==== mon_map magic: 0 ==== 205+0+0 (secure 0 0 0) 0x7f7224003b20 con 0x7f72301086c0
2024-04-26T01:41:06.671 INFO:teuthology.orchestra.run.smithi151.stdout:/usr/bin/ceph: stderr
2024-04-26T01:40:59.719+0000 7f722aa00700 1 -- 172.21.15.151:0/1424933964 <== mon.0 v2:172.21.15.151:3300/0 2 ==== config(26 keys) ==== 1070+0+0 (secure 0 0 0) 0x7f722401a8c0 con 0x7f72301086c0
2024-04-26T01:41:06.671 INFO:teuthology.orchestra.run.smithi151.stdout:/usr/bin/ceph: stderr
2024-04-26T01:40:59.719+0000 7f722aa00700 1 -- 172.21.15.151:0/1424933964 <== mon.0 v2:172.21.15.151:3300/0 3 ==== mon_map magic: 0 ==== 205+0+0 (secure 0 0 0) 0x7f7224024940 con 0x7f72301086c0
2024-04-26T01:41:06.671 INFO:teuthology.orchestra.run.smithi151.stdout:/usr/bin/ceph: stderr
2024-04-26T01:40:59.719+0000 7f7238800700 1 -- 172.21.15.151:0/1424933964 --> [v2:172.21.15.151:3300/0,v1:172.21.15.151:6789/0] -- mon_subscribe({mgrmap=0+}) -- 0x7f723019ef00 con 0x7f72301086c0
2024-04-26T01:41:06.671 INFO:teuthology.orchestra.run.smithi151.stdout:/usr/bin/ceph: stderr
2024-04-26T01:40:59.719+0000 7f7238800700 1 -- 172.21.15.151:0/1424933964 --> [v2:172.21.15.151:3300/0,v1:172.21.15.151:6789/0] -- mon_subscribe({osdmap=0}) -- 0x7f72301a1bf0 con 0x7f72301086c0
2024-04-26T01:41:06.671 INFO:teuthology.orchestra.run.smithi151.stdout:/usr/bin/ceph: stderr
2024-04-26T01:40:59.720+0000 7f7238800700 1 -- 172.21.15.151:0/1424933964 --> [v2:172.21.15.151:3300/0,v1:172.21.15.151:6789/0] -- mon_command({"prefix": "get_command_descriptions"} v 0) -- 0x7f72300640a0 con 0x7f72301086c0
2024-04-26T01:41:06.672 INFO:teuthology.orchestra.run.smithi151.stdout:/usr/bin/ceph: stderr
2024-04-26T01:40:59.720+0000 7f722aa00700 1 -- 172.21.15.151:0/1424933964 <== mon.0 v2:172.21.15.151:3300/0 4 ==== mgrmap(e 8) ==== 46558+0+0 (secure 0 0 0) 0x7f7224022020 con 0x7f72301086c0
2024-04-26T01:41:06.672 INFO:teuthology.orchestra.run.smithi151.stdout:/usr/bin/ceph: stderr
2024-04-26T01:40:59.720+0000 7f722aa00700 1 --2- 172.21.15.151:0/1424933964 >> [v2:172.21.15.151:6800/796314699,v1:172.21.15.151:6801/796314699] conn(0x7f7218039600 0x7f721803bac0 unknown :-1 s=NONE pgs=0 cs=0 l=1 rev1=0 crypto rx=0 tx=0 comp rx=0 tx=0).connect
2024-04-26T01:41:06.672 INFO:teuthology.orchestra.run.smithi151.stdout:/usr/bin/ceph: stderr
2024-04-26T01:40:59.720+0000 7f722aa00700 1 -- 172.21.15.151:0/1424933964 <== mon.0 v2:172.21.15.151:3300/0 5 ==== osd_map(2..2 src has 1..2) ==== 940+0+0 (secure 0 0 0) 0x7f722404d7e0 con 0x7f72301086c0
2024-04-26T01:41:06.672 INFO:teuthology.orchestra.run.smithi151.stdout:/usr/bin/ceph: stderr
2024-04-26T01:40:59.721+0000 7f7235400700 1 --2- 172.21.15.151:0/1424933964 >> [v2:172.21.15.151:6800/796314699,v1:172.21.15.151:6801/796314699] conn(0x7f7218039600 0x7f721803bac0 unknown :-1 s=BANNER_CONNECTING pgs=0 cs=0 l=1 rev1=0 crypto rx=0 tx=0 comp rx=0 tx=0)._handle_peer_banner_payload supported=3 required=0
2024-04-26T01:41:06.672 INFO:teuthology.orchestra.run.smithi151.stdout:/usr/bin/ceph: stderr
2024-04-26T01:40:59.721+0000 7f7235400700 1 --2- 172.21.15.151:0/1424933964 >> [v2:172.21.15.151:6800/796314699,v1:172.21.15.151:6801/796314699] conn(0x7f7218039600 0x7f721803bac0 secure :-1 s=READY pgs=11 cs=0 l=1 rev1=1 crypto rx=0x7f7220006fd0 tx=0x7f7220006e40 comp rx=0 tx=0).ready entity=mgr.14120 client_cookie=0 server_cookie=0 in_seq=0 out_seq=0
2024-04-26T01:41:06.672 INFO:teuthology.orchestra.run.smithi151.stdout:/usr/bin/ceph: stderr
2024-04-26T01:40:59.726+0000 7f722aa00700 1 -- 172.21.15.151:0/1424933964 <== mon.0 v2:172.21.15.151:3300/0 6 ==== mon_command_ack([{"prefix": "get_command_descriptions"}]=0 v0) ==== 72+0+188370 (secure 0 0 0) 0x7f722400be50 con 0x7f72301086c0
2024-04-26T01:41:06.672 INFO:teuthology.orchestra.run.smithi151.stdout:/usr/bin/ceph: stderr
2024-04-26T01:40:59.957+0000 7f7238800700 1 -- 172.21.15.151:0/1424933964 --> [v2:172.21.15.151:6800/796314699,v1:172.21.15.151:6801/796314699] -- mgr_command(tid 0: {"prefix": "orch host add", "hostname": "smithi151", "addr": "172.21.15.151", "target": ["mon-mgr", ""]}) -- 0x7f7230104e30 con 0x7f7218039600
2024-04-26T01:41:06.672 INFO:teuthology.orchestra.run.smithi151.stdout:/usr/bin/ceph: stderr
2024-04-26T01:41:05.900+0000 7f722aa00700 1 -- 172.21.15.151:0/1424933964 <== mgr.14120 v2:172.21.15.151:6800/796314699 1 ==== mgr_command_reply(tid 0: 0 ) ==== 8+0+49 (secure 0 0 0) 0x7f7230104e30 con 0x7f7218039600
2024-04-26T01:41:06.672 INFO:teuthology.orchestra.run.smithi151.stdout:/usr/bin/ceph: stderr
2024-04-26T01:41:05.903+0000 7f7238800700 1 -- 172.21.15.151:0/1424933964 >> [v2:172.21.15.151:6800/796314699,v1:172.21.15.151:6801/796314699] conn(0x7f7218039600 msgr2=0x7f721803bac0 secure :-1 s=STATE_CONNECTION_ESTABLISHED l=1).mark_down
2024-04-26T01:41:06.672 INFO:teuthology.orchestra.run.smithi151.stdout:/usr/bin/ceph: stderr
2024-04-26T01:41:05.903+0000 7f7238800700 1 --2- 172.21.15.151:0/1424933964 >> [v2:172.21.15.151:6800/796314699,v1:172.21.15.151:6801/796314699] conn(0x7f7218039600 0x7f721803bac0 secure :-1 s=READY pgs=11 cs=0 l=1 rev1=1 crypto rx=0x7f7220006fd0 tx=0x7f7220006e40 comp rx=0 tx=0).stop
2024-04-26T01:41:06.672 INFO:teuthology.orchestra.run.smithi151.stdout:/usr/bin/ceph: stderr
2024-04-26T01:41:05.903+0000 7f7238800700 1 -- 172.21.15.151:0/1424933964 >> [v2:172.21.15.151:3300/0,v1:172.21.15.151:6789/0] conn(0x7f72301086c0 msgr2=0x7f723019e730 secure :-1 s=STATE_CONNECTION_ESTABLISHED l=1).mark_down
2024-04-26T01:41:06.672 INFO:teuthology.orchestra.run.smithi151.stdout:/usr/bin/ceph: stderr
2024-04-26T01:41:05.903+0000 7f7238800700 1 --2- 172.21.15.151:0/1424933964 >> [v2:172.21.15.151:3300/0,v1:172.21.15.151:6789/0] conn(0x7f72301086c0 0x7f723019e730 secure :-1 s=READY pgs=46 cs=0 l=1 rev1=1 crypto rx=0x7f7224000c00 tx=0x7f7224011b70 comp rx=0 tx=0).stop
2024-04-26T01:41:06.672 INFO:teuthology.orchestra.run.smithi151.stdout:/usr/bin/ceph: stderr
2024-04-26T01:41:05.904+0000 7f7238800700 1 -- 172.21.15.151:0/1424933964 shutdown_connections
2024-04-26T01:41:06.673 INFO:teuthology.orchestra.run.smithi151.stdout:/usr/bin/ceph: stderr
2024-04-26T01:41:05.904+0000 7f7238800700 1 --2- 172.21.15.151:0/1424933964 >> [v2:172.21.15.151:6800/796314699,v1:172.21.15.151:6801/796314699] conn(0x7f7218039600 0x7f721803bac0 unknown :-1 s=CLOSED pgs=11 cs=0 l=1 rev1=1 crypto rx=0 tx=0 comp rx=0 tx=0).stop
2024-04-26T01:41:06.673 INFO:teuthology.orchestra.run.smithi151.stdout:/usr/bin/ceph: stderr
2024-04-26T01:41:05.904+0000 7f7238800700 1 --2- 172.21.15.151:0/1424933964 >> [v2:172.21.15.151:3300/0,v1:172.21.15.151:6789/0] conn(0x7f72301086c0 0x7f723019e730 unknown :-1 s=CLOSED pgs=46 cs=0 l=1 rev1=1 crypto rx=0 tx=0 comp rx=0 tx=0).stop
2024-04-26T01:41:06.673 INFO:teuthology.orchestra.run.smithi151.stdout:/usr/bin/ceph: stderr
2024-04-26T01:41:05.904+0000 7f7238800700 1 -- 172.21.15.151:0/1424933964 >> 172.21.15.151:0/1424933964 conn(0x7f7230103c40 msgr2=0x7f7230104720 unknown :-1 s=STATE_NONE l=0).mark_down
2024-04-26T01:41:06.673 INFO:teuthology.orchestra.run.smithi151.stdout:/usr/bin/ceph: stderr
2024-04-26T01:41:05.904+0000 7f7238800700 1 -- 172.21.15.151:0/1424933964 shutdown_connections
2024-04-26T01:41:06.673 INFO:teuthology.orchestra.run.smithi151.stdout:/usr/bin/ceph: stderr
2024-04-26T01:41:05.904+0000 7f7238800700 1 -- 172.21.15.151:0/1424933964 wait complete.
2024-04-26T01:41:06.673 INFO:teuthology.orchestra.run.smithi151.stdout:Deploying unmanaged mon service...
2024-04-26T01:41:06.977 INFO:journalctl@ceph.mon.a.smithi151.stdout:Apr 26 01:41:06 smithi151 ceph-mon[28057]: from='mgr.14120 172.21.15.151:0/3675138561' entity='mgr.x'
2024-04-26T01:41:06.977 INFO:journalctl@ceph.mon.a.smithi151.stdout:Apr 26 01:41:06 smithi151 ceph-mon[28057]: Added host smithi151
2024-04-26T01:41:06.977 INFO:journalctl@ceph.mon.a.smithi151.stdout:Apr 26 01:41:06 smithi151 ceph-mon[28057]: from='mgr.14120 172.21.15.151:0/3675138561' entity='mgr.x' cmd=[{"prefix": "config dump", "format": "json"}]: dispatch
2024-04-26T01:41:08.774 INFO:teuthology.orchestra.run.smithi151.stdout:/usr/bin/ceph: stdout Scheduled mon update...
2024-04-26T01:41:08.774 INFO:teuthology.orchestra.run.smithi151.stdout:/usr/bin/ceph: stderr
2024-04-26T01:41:07.305+0000 7f79dde00700 1 Processor -- start
2024-04-26T01:41:08.775 INFO:teuthology.orchestra.run.smithi151.stdout:/usr/bin/ceph: stderr
2024-04-26T01:41:07.305+0000 7f79dde00700 1 -- start start
2024-04-26T01:41:08.775 INFO:teuthology.orchestra.run.smithi151.stdout:/usr/bin/ceph: stderr
2024-04-26T01:41:07.306+0000 7f79dde00700 1 --2- >> [v2:172.21.15.151:3300/0,v1:172.21.15.151:6789/0] conn(0x7f79d81086c0 0x7f79d8108ae0 unknown :-1 s=NONE pgs=0 cs=0 l=0 rev1=0 crypto rx=0 tx=0 comp rx=0 tx=0).connect
2024-04-26T01:41:08.775 INFO:teuthology.orchestra.run.smithi151.stdout:/usr/bin/ceph: stderr
2024-04-26T01:41:07.306+0000 7f79dde00700 1 -- --> [v2:172.21.15.151:3300/0,v1:172.21.15.151:6789/0] -- mon_getmap magic: 0 -- 0x7f79d81090b0 con 0x7f79d81086c0
2024-04-26T01:41:08.775 INFO:teuthology.orchestra.run.smithi151.stdout:/usr/bin/ceph: stderr
2024-04-26T01:41:07.306+0000 7f79d6a00700 1 --2- >> [v2:172.21.15.151:3300/0,v1:172.21.15.151:6789/0] conn(0x7f79d81086c0 0x7f79d8108ae0 unknown :-1 s=BANNER_CONNECTING pgs=0 cs=0 l=0 rev1=0 crypto rx=0 tx=0 comp rx=0 tx=0)._handle_peer_banner_payload supported=3 required=0
2024-04-26T01:41:08.775 INFO:teuthology.orchestra.run.smithi151.stdout:/usr/bin/ceph: stderr
2024-04-26T01:41:07.307+0000 7f79d6a00700 1 --2- >> [v2:172.21.15.151:3300/0,v1:172.21.15.151:6789/0] conn(0x7f79d81086c0 0x7f79d8108ae0 unknown :-1 s=HELLO_CONNECTING pgs=0 cs=0 l=0 rev1=1 crypto rx=0 tx=0 comp rx=0 tx=0).handle_hello peer v2:172.21.15.151:3300/0 says I am v2:172.21.15.151:52980/0 (socket says 172.21.15.151:52980)
2024-04-26T01:41:08.775 INFO:teuthology.orchestra.run.smithi151.stdout:/usr/bin/ceph: stderr
2024-04-26T01:41:07.307+0000 7f79d6a00700 1 -- 172.21.15.151:0/2873079850 learned_addr learned my addr 172.21.15.151:0/2873079850 (peer_addr_for_me v2:172.21.15.151:0/0)
2024-04-26T01:41:08.775 INFO:teuthology.orchestra.run.smithi151.stdout:/usr/bin/ceph: stderr
2024-04-26T01:41:07.307+0000 7f79d6a00700 1 -- 172.21.15.151:0/2873079850 --> [v2:172.21.15.151:3300/0,v1:172.21.15.151:6789/0] -- mon_subscribe({config=0+,monmap=0+}) -- 0x7f79d81098c0 con 0x7f79d81086c0
2024-04-26T01:41:08.775 INFO:teuthology.orchestra.run.smithi151.stdout:/usr/bin/ceph: stderr
2024-04-26T01:41:07.307+0000 7f79d6a00700 1 --2- 172.21.15.151:0/2873079850 >> [v2:172.21.15.151:3300/0,v1:172.21.15.151:6789/0] conn(0x7f79d81086c0 0x7f79d8108ae0 secure :-1 s=READY pgs=47 cs=0 l=1 rev1=1 crypto rx=0x7f79c80098a0 tx=0x7f79c8009bb0 comp rx=0 tx=0).ready entity=mon.0 client_cookie=800b3586bfa39b43 server_cookie=0 in_seq=0 out_seq=0
2024-04-26T01:41:08.775 INFO:teuthology.orchestra.run.smithi151.stdout:/usr/bin/ceph: stderr
2024-04-26T01:41:07.308+0000 7f79d5600700 1 -- 172.21.15.151:0/2873079850 <== mon.0 v2:172.21.15.151:3300/0 1 ==== mon_map magic: 0 ==== 205+0+0 (secure 0 0 0) 0x7f79c8004160 con 0x7f79d81086c0
2024-04-26T01:41:08.775 INFO:teuthology.orchestra.run.smithi151.stdout:/usr/bin/ceph: stderr
2024-04-26T01:41:07.308+0000 7f79d5600700 1 -- 172.21.15.151:0/2873079850 <== mon.0 v2:172.21.15.151:3300/0 2 ==== config(26 keys) ==== 1070+0+0 (secure 0 0 0) 0x7f79c8004300 con 0x7f79d81086c0
2024-04-26T01:41:08.775 INFO:teuthology.orchestra.run.smithi151.stdout:/usr/bin/ceph: stderr
2024-04-26T01:41:07.308+0000 7f79d5600700 1 -- 172.21.15.151:0/2873079850 <== mon.0 v2:172.21.15.151:3300/0 3 ==== mon_map magic: 0 ==== 205+0+0 (secure 0 0 0) 0x7f79c8011af0 con 0x7f79d81086c0
2024-04-26T01:41:08.775 INFO:teuthology.orchestra.run.smithi151.stdout:/usr/bin/ceph: stderr
2024-04-26T01:41:07.308+0000 7f79dde00700 1 -- 172.21.15.151:0/2873079850 >> [v2:172.21.15.151:3300/0,v1:172.21.15.151:6789/0] conn(0x7f79d81086c0 msgr2=0x7f79d8108ae0 secure :-1 s=STATE_CONNECTION_ESTABLISHED l=1).mark_down
2024-04-26T01:41:08.776 INFO:teuthology.orchestra.run.smithi151.stdout:/usr/bin/ceph: stderr
2024-04-26T01:41:07.308+0000 7f79dde00700 1 --2- 172.21.15.151:0/2873079850 >> [v2:172.21.15.151:3300/0,v1:172.21.15.151:6789/0] conn(0x7f79d81086c0 0x7f79d8108ae0 secure :-1 s=READY pgs=47 cs=0 l=1 rev1=1 crypto rx=0x7f79c80098a0 tx=0x7f79c8009bb0 comp rx=0 tx=0).stop
2024-04-26T01:41:08.776 INFO:teuthology.orchestra.run.smithi151.stdout:/usr/bin/ceph: stderr
2024-04-26T01:41:07.308+0000 7f79dde00700 1 -- 172.21.15.151:0/2873079850 shutdown_connections
2024-04-26T01:41:08.776 INFO:teuthology.orchestra.run.smithi151.stdout:/usr/bin/ceph: stderr
2024-04-26T01:41:07.308+0000 7f79dde00700 1 --2- 172.21.15.151:0/2873079850 >> [v2:172.21.15.151:3300/0,v1:172.21.15.151:6789/0] conn(0x7f79d81086c0 0x7f79d8108ae0 unknown :-1 s=CLOSED pgs=47 cs=0 l=1 rev1=1 crypto rx=0 tx=0 comp rx=0 tx=0).stop
2024-04-26T01:41:08.776 INFO:teuthology.orchestra.run.smithi151.stdout:/usr/bin/ceph: stderr
2024-04-26T01:41:07.308+0000 7f79dde00700 1 -- 172.21.15.151:0/2873079850 >> 172.21.15.151:0/2873079850 conn(0x7f79d8103c40 msgr2=0x7f79d81060a0 unknown :-1 s=STATE_NONE l=0).mark_down
2024-04-26T01:41:08.776 INFO:teuthology.orchestra.run.smithi151.stdout:/usr/bin/ceph: stderr
2024-04-26T01:41:07.309+0000 7f79dde00700 1 -- 172.21.15.151:0/2873079850 shutdown_connections
2024-04-26T01:41:08.776 INFO:teuthology.orchestra.run.smithi151.stdout:/usr/bin/ceph: stderr
2024-04-26T01:41:07.309+0000 7f79dde00700 1 -- 172.21.15.151:0/2873079850 wait complete.
2024-04-26T01:41:08.776 INFO:teuthology.orchestra.run.smithi151.stdout:/usr/bin/ceph: stderr
2024-04-26T01:41:07.310+0000 7f79dde00700 1 Processor -- start
2024-04-26T01:41:08.776 INFO:teuthology.orchestra.run.smithi151.stdout:/usr/bin/ceph: stderr
2024-04-26T01:41:07.310+0000 7f79dde00700 1 -- start start
2024-04-26T01:41:08.776 INFO:teuthology.orchestra.run.smithi151.stdout:/usr/bin/ceph: stderr
2024-04-26T01:41:07.310+0000 7f79dde00700 1 --2- >> [v2:172.21.15.151:3300/0,v1:172.21.15.151:6789/0] conn(0x7f79d81086c0 0x7f79d819c510 unknown :-1 s=NONE pgs=0 cs=0 l=1 rev1=0 crypto rx=0 tx=0 comp rx=0 tx=0).connect
2024-04-26T01:41:08.776 INFO:teuthology.orchestra.run.smithi151.stdout:/usr/bin/ceph: stderr
2024-04-26T01:41:07.310+0000 7f79dde00700 1 -- --> [v2:172.21.15.151:3300/0,v1:172.21.15.151:6789/0] -- mon_getmap magic: 0 -- 0x7f79d810caf0 con 0x7f79d81086c0
2024-04-26T01:41:08.776 INFO:teuthology.orchestra.run.smithi151.stdout:/usr/bin/ceph: stderr
2024-04-26T01:41:07.310+0000 7f79d6a00700 1 --2- >> [v2:172.21.15.151:3300/0,v1:172.21.15.151:6789/0] conn(0x7f79d81086c0 0x7f79d819c510 unknown :-1 s=BANNER_CONNECTING pgs=0 cs=0 l=1 rev1=0 crypto rx=0 tx=0 comp rx=0 tx=0)._handle_peer_banner_payload supported=3 required=0
2024-04-26T01:41:08.776 INFO:teuthology.orchestra.run.smithi151.stdout:/usr/bin/ceph: stderr
2024-04-26T01:41:07.310+0000 7f79d6a00700 1 --2- >> [v2:172.21.15.151:3300/0,v1:172.21.15.151:6789/0] conn(0x7f79d81086c0 0x7f79d819c510 unknown :-1 s=HELLO_CONNECTING pgs=0 cs=0 l=1 rev1=1 crypto rx=0 tx=0 comp rx=0 tx=0).handle_hello peer v2:172.21.15.151:3300/0 says I am v2:172.21.15.151:52984/0 (socket says 172.21.15.151:52984)
2024-04-26T01:41:08.776 INFO:teuthology.orchestra.run.smithi151.stdout:/usr/bin/ceph: stderr
2024-04-26T01:41:07.310+0000 7f79d6a00700 1 -- 172.21.15.151:0/2614938878 learned_addr learned my addr 172.21.15.151:0/2614938878 (peer_addr_for_me v2:172.21.15.151:0/0)
2024-04-26T01:41:08.776 INFO:teuthology.orchestra.run.smithi151.stdout:/usr/bin/ceph: stderr
2024-04-26T01:41:07.311+0000 7f79d6a00700 1 -- 172.21.15.151:0/2614938878 --> [v2:172.21.15.151:3300/0,v1:172.21.15.151:6789/0] -- mon_subscribe({config=0+,monmap=0+}) -- 0x7f79d819ca50 con 0x7f79d81086c0
2024-04-26T01:41:08.777 INFO:teuthology.orchestra.run.smithi151.stdout:/usr/bin/ceph: stderr
2024-04-26T01:41:07.311+0000 7f79d6a00700 1 --2- 172.21.15.151:0/2614938878 >> [v2:172.21.15.151:3300/0,v1:172.21.15.151:6789/0] conn(0x7f79d81086c0 0x7f79d819c510 secure :-1 s=READY pgs=48 cs=0 l=1 rev1=1 crypto rx=0x7f79c8000c00 tx=0x7f79c8011b70 comp rx=0 tx=0).ready entity=mon.0 client_cookie=0 server_cookie=0 in_seq=0 out_seq=0
2024-04-26T01:41:08.777 INFO:teuthology.orchestra.run.smithi151.stdout:/usr/bin/ceph: stderr
