2024-04-26T01:41:06.573+0000 7fd2de000700 1 --2- 172.21.15.55:0/3634284963 >> [v2:172.21.15.55:6800/1022478981,v1:172.21.15.55:6801/1022478981] conn(0x7fd2c80395b0 0x7fd2c803ba70 unknown :-1 s=NONE pgs=0 cs=0 l=1 rev1=0 crypto rx=0 tx=0 comp rx=0 tx=0).connect
2024-04-26T01:41:07.518 INFO:teuthology.orchestra.run.smithi055.stdout:/usr/bin/ceph: stderr
2024-04-26T01:41:06.573+0000 7fd2de000700 1 -- 172.21.15.55:0/3634284963 <== mon.0 v2:172.21.15.55:3300/0 5 ==== osd_map(2..2 src has 1..2) ==== 940+0+0 (secure 0 0 0) 0x7fd2d404e0a0 con 0x7fd2e0108f00
2024-04-26T01:41:07.519 INFO:teuthology.orchestra.run.smithi055.stdout:/usr/bin/ceph: stderr
2024-04-26T01:41:06.573+0000 7fd2e5000700 1 --2- 172.21.15.55:0/3634284963 >> [v2:172.21.15.55:6800/1022478981,v1:172.21.15.55:6801/1022478981] conn(0x7fd2c80395b0 0x7fd2c803ba70 unknown :-1 s=BANNER_CONNECTING pgs=0 cs=0 l=1 rev1=0 crypto rx=0 tx=0 comp rx=0 tx=0)._handle_peer_banner_payload supported=3 required=0
2024-04-26T01:41:07.519 INFO:teuthology.orchestra.run.smithi055.stdout:/usr/bin/ceph: stderr
2024-04-26T01:41:06.574+0000 7fd2e5000700 1 --2- 172.21.15.55:0/3634284963 >> [v2:172.21.15.55:6800/1022478981,v1:172.21.15.55:6801/1022478981] conn(0x7fd2c80395b0 0x7fd2c803ba70 secure :-1 s=READY pgs=15 cs=0 l=1 rev1=1 crypto rx=0x7fd2cc006fd0 tx=0x7fd2cc006e40 comp rx=0 tx=0).ready entity=mgr.14120 client_cookie=0 server_cookie=0 in_seq=0 out_seq=0
2024-04-26T01:41:07.519 INFO:teuthology.orchestra.run.smithi055.stdout:/usr/bin/ceph: stderr
2024-04-26T01:41:06.578+0000 7fd2de000700 1 -- 172.21.15.55:0/3634284963 <== mon.0 v2:172.21.15.55:3300/0 6 ==== mon_command_ack([{"prefix": "get_command_descriptions"}]=0 v0) ==== 72+0+188370 (secure 0 0 0) 0x7fd2d401f030 con 0x7fd2e0108f00
2024-04-26T01:41:07.519 INFO:teuthology.orchestra.run.smithi055.stdout:/usr/bin/ceph: stderr
2024-04-26T01:41:06.811+0000 7fd2e8400700 1 -- 172.21.15.55:0/3634284963 --> [v2:172.21.15.55:3300/0,v1:172.21.15.55:6789/0] -- mon_command([{prefix=config set, name=mgr/dashboard/ssl_server_port}] v 0) -- 0x7fd2e01a1c80 con 0x7fd2e0108f00
2024-04-26T01:41:07.519 INFO:teuthology.orchestra.run.smithi055.stdout:/usr/bin/ceph: stderr
2024-04-26T01:41:06.815+0000 7fd2de000700 1 -- 172.21.15.55:0/3634284963 <== mon.0 v2:172.21.15.55:3300/0 7 ==== mon_command_ack([{prefix=config set, name=mgr/dashboard/ssl_server_port}]=0 v8)=0 v8) ==== 130+0+0 (secure 0 0 0) 0x7fd2d401a3d0 con 0x7fd2e0108f00
2024-04-26T01:41:07.519 INFO:teuthology.orchestra.run.smithi055.stdout:/usr/bin/ceph: stderr
2024-04-26T01:41:06.819+0000 7fd2e8400700 1 -- 172.21.15.55:0/3634284963 >> [v2:172.21.15.55:6800/1022478981,v1:172.21.15.55:6801/1022478981] conn(0x7fd2c80395b0 msgr2=0x7fd2c803ba70 secure :-1 s=STATE_CONNECTION_ESTABLISHED l=1).mark_down
2024-04-26T01:41:07.519 INFO:teuthology.orchestra.run.smithi055.stdout:/usr/bin/ceph: stderr
2024-04-26T01:41:06.819+0000 7fd2e8400700 1 --2- 172.21.15.55:0/3634284963 >> [v2:172.21.15.55:6800/1022478981,v1:172.21.15.55:6801/1022478981] conn(0x7fd2c80395b0 0x7fd2c803ba70 secure :-1 s=READY pgs=15 cs=0 l=1 rev1=1 crypto rx=0x7fd2cc006fd0 tx=0x7fd2cc006e40 comp rx=0 tx=0).stop
2024-04-26T01:41:07.519 INFO:teuthology.orchestra.run.smithi055.stdout:/usr/bin/ceph: stderr
2024-04-26T01:41:06.819+0000 7fd2e8400700 1 -- 172.21.15.55:0/3634284963 >> [v2:172.21.15.55:3300/0,v1:172.21.15.55:6789/0] conn(0x7fd2e0108f00 msgr2=0x7fd2e019e5f0 secure :-1 s=STATE_CONNECTION_ESTABLISHED l=1).mark_down
2024-04-26T01:41:07.519 INFO:teuthology.orchestra.run.smithi055.stdout:/usr/bin/ceph: stderr
2024-04-26T01:41:06.819+0000 7fd2e8400700 1 --2- 172.21.15.55:0/3634284963 >> [v2:172.21.15.55:3300/0,v1:172.21.15.55:6789/0] conn(0x7fd2e0108f00 0x7fd2e019e5f0 secure :-1 s=READY pgs=54 cs=0 l=1 rev1=1 crypto rx=0x7fd2d40116e0 tx=0x7fd2d4011aa0 comp rx=0 tx=0).stop
2024-04-26T01:41:07.519 INFO:teuthology.orchestra.run.smithi055.stdout:/usr/bin/ceph: stderr
2024-04-26T01:41:06.819+0000 7fd2e8400700 1 -- 172.21.15.55:0/3634284963 shutdown_connections
2024-04-26T01:41:07.519 INFO:teuthology.orchestra.run.smithi055.stdout:/usr/bin/ceph: stderr
2024-04-26T01:41:06.819+0000 7fd2e8400700 1 --2- 172.21.15.55:0/3634284963 >> [v2:172.21.15.55:6800/1022478981,v1:172.21.15.55:6801/1022478981] conn(0x7fd2c80395b0 0x7fd2c803ba70 unknown :-1 s=CLOSED pgs=15 cs=0 l=1 rev1=1 crypto rx=0 tx=0 comp rx=0 tx=0).stop
2024-04-26T01:41:07.519 INFO:teuthology.orchestra.run.smithi055.stdout:/usr/bin/ceph: stderr
2024-04-26T01:41:06.819+0000 7fd2e8400700 1 --2- 172.21.15.55:0/3634284963 >> [v2:172.21.15.55:3300/0,v1:172.21.15.55:6789/0] conn(0x7fd2e0108f00 0x7fd2e019e5f0 unknown :-1 s=CLOSED pgs=54 cs=0 l=1 rev1=1 crypto rx=0 tx=0 comp rx=0 tx=0).stop
2024-04-26T01:41:07.520 INFO:teuthology.orchestra.run.smithi055.stdout:/usr/bin/ceph: stderr
2024-04-26T01:41:06.819+0000 7fd2e8400700 1 -- 172.21.15.55:0/3634284963 >> 172.21.15.55:0/3634284963 conn(0x7fd2e01029b0 msgr2=0x7fd2e01034a0 unknown :-1 s=STATE_NONE l=0).mark_down
2024-04-26T01:41:07.520 INFO:teuthology.orchestra.run.smithi055.stdout:/usr/bin/ceph: stderr
2024-04-26T01:41:06.820+0000 7fd2e8400700 1 -- 172.21.15.55:0/3634284963 shutdown_connections
2024-04-26T01:41:07.520 INFO:teuthology.orchestra.run.smithi055.stdout:/usr/bin/ceph: stderr
2024-04-26T01:41:06.820+0000 7fd2e8400700 1 -- 172.21.15.55:0/3634284963 wait complete.
2024-04-26T01:41:07.520 INFO:teuthology.orchestra.run.smithi055.stdout:Enabling the dashboard module...
2024-04-26T01:41:09.529 INFO:journalctl@ceph.mgr.x.smithi055.stdout:Apr 26 01:41:09 smithi055 ceph-c0f1df34-036d-11ef-bc93-c7b262605968-mgr-x[28035]: ignoring --setuser ceph since I am not root
2024-04-26T01:41:09.529 INFO:journalctl@ceph.mgr.x.smithi055.stdout:Apr 26 01:41:09 smithi055 ceph-c0f1df34-036d-11ef-bc93-c7b262605968-mgr-x[28035]: ignoring --setgroup ceph since I am not root
2024-04-26T01:41:09.530 INFO:journalctl@ceph.mgr.x.smithi055.stdout:Apr 26 01:41:09 smithi055 ceph-c0f1df34-036d-11ef-bc93-c7b262605968-mgr-x[28035]:
2024-04-26T01:41:09.532+0000 7f25220c4200 -1 mgr[py] Module balancer has missing NOTIFY_TYPES member
2024-04-26T01:41:09.530 INFO:journalctl@ceph.mon.a.smithi055.stdout:Apr 26 01:41:09 smithi055 ceph-mon[27809]: pgmap v5: 0 pgs: ; 0 B data, 0 B used, 0 B / 0 B avail
2024-04-26T01:41:09.530 INFO:journalctl@ceph.mon.a.smithi055.stdout:Apr 26 01:41:09 smithi055 ceph-mon[27809]: from='mgr.14120 172.21.15.55:0/1880314114' entity='mgr.x'
2024-04-26T01:41:09.530 INFO:journalctl@ceph.mon.a.smithi055.stdout:Apr 26 01:41:09 smithi055 ceph-mon[27809]: from='client.? 172.21.15.55:0/3514476996' entity='client.admin' cmd=[{"prefix": "mgr module enable", "module": "dashboard"}]: dispatch
2024-04-26T01:41:10.125 INFO:journalctl@ceph.mgr.x.smithi055.stdout:Apr 26 01:41:09 smithi055 ceph-c0f1df34-036d-11ef-bc93-c7b262605968-mgr-x[28035]:
2024-04-26T01:41:09.797+0000 7f25220c4200 -1 mgr[py] Module orchestrator has missing NOTIFY_TYPES member
2024-04-26T01:41:10.125 INFO:journalctl@ceph.mgr.x.smithi055.stdout:Apr 26 01:41:09 smithi055 ceph-c0f1df34-036d-11ef-bc93-c7b262605968-mgr-x[28035]:
2024-04-26T01:41:09.937+0000 7f25220c4200 -1 mgr[py] Module snap_schedule has missing NOTIFY_TYPES member
2024-04-26T01:41:10.309 INFO:teuthology.orchestra.run.smithi055.stdout:/usr/bin/ceph: stderr
2024-04-26T01:41:08.120+0000 7feb71600700 1 Processor -- start
2024-04-26T01:41:10.310 INFO:teuthology.orchestra.run.smithi055.stdout:/usr/bin/ceph: stderr
2024-04-26T01:41:08.120+0000 7feb71600700 1 -- start start
2024-04-26T01:41:10.310 INFO:teuthology.orchestra.run.smithi055.stdout:/usr/bin/ceph: stderr
2024-04-26T01:41:08.120+0000 7feb71600700 1 --2- >> [v2:172.21.15.55:3300/0,v1:172.21.15.55:6789/0] conn(0x7feb6c108500 0x7feb6c108920 unknown :-1 s=NONE pgs=0 cs=0 l=0 rev1=0 crypto rx=0 tx=0 comp rx=0 tx=0).connect
2024-04-26T01:41:10.310 INFO:teuthology.orchestra.run.smithi055.stdout:/usr/bin/ceph: stderr
2024-04-26T01:41:08.120+0000 7feb71600700 1 -- --> [v2:172.21.15.55:3300/0,v1:172.21.15.55:6789/0] -- mon_getmap magic: 0 -- 0x7feb6c108ef0 con 0x7feb6c108500
2024-04-26T01:41:10.310 INFO:teuthology.orchestra.run.smithi055.stdout:/usr/bin/ceph: stderr
2024-04-26T01:41:08.121+0000 7feb6aa00700 1 --2- >> [v2:172.21.15.55:3300/0,v1:172.21.15.55:6789/0] conn(0x7feb6c108500 0x7feb6c108920 unknown :-1 s=BANNER_CONNECTING pgs=0 cs=0 l=0 rev1=0 crypto rx=0 tx=0 comp rx=0 tx=0)._handle_peer_banner_payload supported=3 required=0
2024-04-26T01:41:10.310 INFO:teuthology.orchestra.run.smithi055.stdout:/usr/bin/ceph: stderr
2024-04-26T01:41:08.121+0000 7feb6aa00700 1 --2- >> [v2:172.21.15.55:3300/0,v1:172.21.15.55:6789/0] conn(0x7feb6c108500 0x7feb6c108920 unknown :-1 s=HELLO_CONNECTING pgs=0 cs=0 l=0 rev1=1 crypto rx=0 tx=0 comp rx=0 tx=0).handle_hello peer v2:172.21.15.55:3300/0 says I am v2:172.21.15.55:57626/0 (socket says 172.21.15.55:57626)
2024-04-26T01:41:10.310 INFO:teuthology.orchestra.run.smithi055.stdout:/usr/bin/ceph: stderr
2024-04-26T01:41:08.121+0000 7feb6aa00700 1 -- 172.21.15.55:0/4005248294 learned_addr learned my addr 172.21.15.55:0/4005248294 (peer_addr_for_me v2:172.21.15.55:0/0)
2024-04-26T01:41:10.310 INFO:teuthology.orchestra.run.smithi055.stdout:/usr/bin/ceph: stderr
2024-04-26T01:41:08.121+0000 7feb6aa00700 1 -- 172.21.15.55:0/4005248294 --> [v2:172.21.15.55:3300/0,v1:172.21.15.55:6789/0] -- mon_subscribe({config=0+,monmap=0+}) -- 0x7feb6c1096b0 con 0x7feb6c108500
2024-04-26T01:41:10.310 INFO:teuthology.orchestra.run.smithi055.stdout:/usr/bin/ceph: stderr
2024-04-26T01:41:08.122+0000 7feb6aa00700 1 --2- 172.21.15.55:0/4005248294 >> [v2:172.21.15.55:3300/0,v1:172.21.15.55:6789/0] conn(0x7feb6c108500 0x7feb6c108920 secure :-1 s=READY pgs=55 cs=0 l=1 rev1=1 crypto rx=0x7feb5c0098a0 tx=0x7feb5c009bb0 comp rx=0 tx=0).ready entity=mon.0 client_cookie=3f95bcb680dab4c6 server_cookie=0 in_seq=0 out_seq=0
2024-04-26T01:41:10.310 INFO:teuthology.orchestra.run.smithi055.stdout:/usr/bin/ceph: stderr
2024-04-26T01:41:08.122+0000 7feb6a000700 1 -- 172.21.15.55:0/4005248294 <== mon.0 v2:172.21.15.55:3300/0 1 ==== mon_map magic: 0 ==== 205+0+0 (secure 0 0 0) 0x7feb5c004160 con 0x7feb6c108500
2024-04-26T01:41:10.310 INFO:teuthology.orchestra.run.smithi055.stdout:/usr/bin/ceph: stderr
2024-04-26T01:41:08.122+0000 7feb6a000700 1 -- 172.21.15.55:0/4005248294 <== mon.0 v2:172.21.15.55:3300/0 2 ==== config(26 keys) ==== 1101+0+0 (secure 0 0 0) 0x7feb5c004300 con 0x7feb6c108500
2024-04-26T01:41:10.310 INFO:teuthology.orchestra.run.smithi055.stdout:/usr/bin/ceph: stderr
2024-04-26T01:41:08.122+0000 7feb6a000700 1 -- 172.21.15.55:0/4005248294 <== mon.0 v2:172.21.15.55:3300/0 3 ==== mon_map magic: 0 ==== 205+0+0 (secure 0 0 0) 0x7feb5c011a20 con 0x7feb6c108500
2024-04-26T01:41:10.310 INFO:teuthology.orchestra.run.smithi055.stdout:/usr/bin/ceph: stderr
2024-04-26T01:41:08.123+0000 7feb71600700 1 -- 172.21.15.55:0/4005248294 >> [v2:172.21.15.55:3300/0,v1:172.21.15.55:6789/0] conn(0x7feb6c108500 msgr2=0x7feb6c108920 secure :-1 s=STATE_CONNECTION_ESTABLISHED l=1).mark_down
2024-04-26T01:41:10.310 INFO:teuthology.orchestra.run.smithi055.stdout:/usr/bin/ceph: stderr
2024-04-26T01:41:08.123+0000 7feb71600700 1 --2- 172.21.15.55:0/4005248294 >> [v2:172.21.15.55:3300/0,v1:172.21.15.55:6789/0] conn(0x7feb6c108500 0x7feb6c108920 secure :-1 s=READY pgs=55 cs=0 l=1 rev1=1 crypto rx=0x7feb5c0098a0 tx=0x7feb5c009bb0 comp rx=0 tx=0).stop
2024-04-26T01:41:10.311 INFO:teuthology.orchestra.run.smithi055.stdout:/usr/bin/ceph: stderr
2024-04-26T01:41:08.123+0000 7feb71600700 1 -- 172.21.15.55:0/4005248294 shutdown_connections
2024-04-26T01:41:10.311 INFO:teuthology.orchestra.run.smithi055.stdout:/usr/bin/ceph: stderr
2024-04-26T01:41:08.123+0000 7feb71600700 1 --2- 172.21.15.55:0/4005248294 >> [v2:172.21.15.55:3300/0,v1:172.21.15.55:6789/0] conn(0x7feb6c108500 0x7feb6c108920 unknown :-1 s=CLOSED pgs=55 cs=0 l=1 rev1=1 crypto rx=0 tx=0 comp rx=0 tx=0).stop
2024-04-26T01:41:10.311 INFO:teuthology.orchestra.run.smithi055.stdout:/usr/bin/ceph: stderr
2024-04-26T01:41:08.123+0000 7feb71600700 1 -- 172.21.15.55:0/4005248294 >> 172.21.15.55:0/4005248294 conn(0x7feb6c103b40 msgr2=0x7feb6c105f60 unknown :-1 s=STATE_NONE l=0).mark_down
2024-04-26T01:41:10.311 INFO:teuthology.orchestra.run.smithi055.stdout:/usr/bin/ceph: stderr
2024-04-26T01:41:08.124+0000 7feb71600700 1 -- 172.21.15.55:0/4005248294 shutdown_connections
2024-04-26T01:41:10.311 INFO:teuthology.orchestra.run.smithi055.stdout:/usr/bin/ceph: stderr
2024-04-26T01:41:08.124+0000 7feb71600700 1 -- 172.21.15.55:0/4005248294 wait complete.
2024-04-26T01:41:10.311 INFO:teuthology.orchestra.run.smithi055.stdout:/usr/bin/ceph: stderr
2024-04-26T01:41:08.125+0000 7feb71600700 1 Processor -- start
2024-04-26T01:41:10.311 INFO:teuthology.orchestra.run.smithi055.stdout:/usr/bin/ceph: stderr
2024-04-26T01:41:08.125+0000 7feb71600700 1 -- start start
2024-04-26T01:41:10.311 INFO:teuthology.orchestra.run.smithi055.stdout:/usr/bin/ceph: stderr
2024-04-26T01:41:08.125+0000 7feb71600700 1 --2- >> [v2:172.21.15.55:3300/0,v1:172.21.15.55:6789/0] conn(0x7feb6c108500 0x7feb6c19e8b0 unknown :-1 s=NONE pgs=0 cs=0 l=1 rev1=0 crypto rx=0 tx=0 comp rx=0 tx=0).connect
2024-04-26T01:41:10.311 INFO:teuthology.orchestra.run.smithi055.stdout:/usr/bin/ceph: stderr
2024-04-26T01:41:08.126+0000 7feb71600700 1 -- --> [v2:172.21.15.55:3300/0,v1:172.21.15.55:6789/0] -- mon_getmap magic: 0 -- 0x7feb6c10ca60 con 0x7feb6c108500
2024-04-26T01:41:10.311 INFO:teuthology.orchestra.run.smithi055.stdout:/usr/bin/ceph: stderr
2024-04-26T01:41:08.126+0000 7feb6aa00700 1 --2- >> [v2:172.21.15.55:3300/0,v1:172.21.15.55:6789/0] conn(0x7feb6c108500 0x7feb6c19e8b0 unknown :-1 s=BANNER_CONNECTING pgs=0 cs=0 l=1 rev1=0 crypto rx=0 tx=0 comp rx=0 tx=0)._handle_peer_banner_payload supported=3 required=0
2024-04-26T01:41:10.311 INFO:teuthology.orchestra.run.smithi055.stdout:/usr/bin/ceph: stderr
2024-04-26T01:41:08.126+0000 7feb6aa00700 1 --2- >> [v2:172.21.15.55:3300/0,v1:172.21.15.55:6789/0] conn(0x7feb6c108500 0x7feb6c19e8b0 unknown :-1 s=HELLO_CONNECTING pgs=0 cs=0 l=1 rev1=1 crypto rx=0 tx=0 comp rx=0 tx=0).handle_hello peer v2:172.21.15.55:3300/0 says I am v2:172.21.15.55:57636/0 (socket says 172.21.15.55:57636)
2024-04-26T01:41:10.311 INFO:teuthology.orchestra.run.smithi055.stdout:/usr/bin/ceph: stderr
2024-04-26T01:41:08.126+0000 7feb6aa00700 1 -- 172.21.15.55:0/3514476996 learned_addr learned my addr 172.21.15.55:0/3514476996 (peer_addr_for_me v2:172.21.15.55:0/0)
2024-04-26T01:41:10.312 INFO:teuthology.orchestra.run.smithi055.stdout:/usr/bin/ceph: stderr
2024-04-26T01:41:08.126+0000 7feb6aa00700 1 -- 172.21.15.55:0/3514476996 --> [v2:172.21.15.55:3300/0,v1:172.21.15.55:6789/0] -- mon_subscribe({config=0+,monmap=0+}) -- 0x7feb6c19edf0 con 0x7feb6c108500
2024-04-26T01:41:10.312 INFO:teuthology.orchestra.run.smithi055.stdout:/usr/bin/ceph: stderr
2024-04-26T01:41:08.127+0000 7feb6aa00700 1 --2- 172.21.15.55:0/3514476996 >> [v2:172.21.15.55:3300/0,v1:172.21.15.55:6789/0] conn(0x7feb6c108500 0x7feb6c19e8b0 secure :-1 s=READY pgs=56 cs=0 l=1 rev1=1 crypto rx=0x7feb5c009520 tx=0x7feb5c011aa0 comp rx=0 tx=0).ready entity=mon.0 client_cookie=0 server_cookie=0 in_seq=0 out_seq=0
2024-04-26T01:41:10.312 INFO:teuthology.orchestra.run.smithi055.stdout:/usr/bin/ceph: stderr
2024-04-26T01:41:08.127+0000 7feb63400700 1 -- 172.21.15.55:0/3514476996 <== mon.0 v2:172.21.15.55:3300/0 1 ==== mon_map magic: 0 ==== 205+0+0 (secure 0 0 0) 0x7feb5c0039e0 con 0x7feb6c108500
2024-04-26T01:41:10.312 INFO:teuthology.orchestra.run.smithi055.stdout:/usr/bin/ceph: stderr
2024-04-26T01:41:08.127+0000 7feb63400700 1 -- 172.21.15.55:0/3514476996 <== mon.0 v2:172.21.15.55:3300/0 2 ==== config(26 keys) ==== 1101+0+0 (secure 0 0 0) 0x7feb5c01b8f0 con 0x7feb6c108500
2024-04-26T01:41:10.312 INFO:teuthology.orchestra.run.smithi055.stdout:/usr/bin/ceph: stderr
2024-04-26T01:41:08.127+0000 7feb71600700 1 -- 172.21.15.55:0/3514476996 --> [v2:172.21.15.55:3300/0,v1:172.21.15.55:6789/0] -- mon_subscribe({mgrmap=0+}) -- 0x7feb6c19f080 con 0x7feb6c108500
2024-04-26T01:41:10.312 INFO:teuthology.orchestra.run.smithi055.stdout:/usr/bin/ceph: stderr
2024-04-26T01:41:08.127+0000 7feb63400700 1 -- 172.21.15.55:0/3514476996 <== mon.0 v2:172.21.15.55:3300/0 3 ==== mon_map magic: 0 ==== 205+0+0 (secure 0 0 0) 0x7feb5c019770 con 0x7feb6c108500
2024-04-26T01:41:10.312 INFO:teuthology.orchestra.run.smithi055.stdout:/usr/bin/ceph: stderr
2024-04-26T01:41:08.127+0000 7feb71600700 1 -- 172.21.15.55:0/3514476996 --> [v2:172.21.15.55:3300/0,v1:172.21.15.55:6789/0] -- mon_subscribe({osdmap=0}) -- 0x7feb6c1a1d70 con 0x7feb6c108500
2024-04-26T01:41:10.312 INFO:teuthology.orchestra.run.smithi055.stdout:/usr/bin/ceph: stderr
2024-04-26T01:41:08.128+0000 7feb63400700 1 -- 172.21.15.55:0/3514476996 <== mon.0 v2:172.21.15.55:3300/0 4 ==== mgrmap(e 8) ==== 46558+0+0 (secure 0 0 0) 0x7feb5c019a20 con 0x7feb6c108500
2024-04-26T01:41:10.312 INFO:teuthology.orchestra.run.smithi055.stdout:/usr/bin/ceph: stderr
2024-04-26T01:41:08.129+0000 7feb71600700 1 -- 172.21.15.55:0/3514476996 --> [v2:172.21.15.55:3300/0,v1:172.21.15.55:6789/0] -- mon_command({"prefix": "get_command_descriptions"} v 0) -- 0x7feb6c0640a0 con 0x7feb6c108500
2024-04-26T01:41:10.312 INFO:teuthology.orchestra.run.smithi055.stdout:/usr/bin/ceph: stderr
2024-04-26T01:41:08.129+0000 7feb63400700 1 --2- 172.21.15.55:0/3514476996 >> [v2:172.21.15.55:6800/1022478981,v1:172.21.15.55:6801/1022478981] conn(0x7feb50039600 0x7feb5003bac0 unknown :-1 s=NONE pgs=0 cs=0 l=1 rev1=0 crypto rx=0 tx=0 comp rx=0 tx=0).connect
2024-04-26T01:41:10.312 INFO:teuthology.orchestra.run.smithi055.stdout:/usr/bin/ceph: stderr
2024-04-26T01:41:08.129+0000 7feb63400700 1 -- 172.21.15.55:0/3514476996 <== mon.0 v2:172.21.15.55:3300/0 5 ==== osd_map(2..2 src has 1..2) ==== 940+0+0 (secure 0 0 0) 0x7feb5c04e150 con 0x7feb6c108500
2024-04-26T01:41:10.312 INFO:teuthology.orchestra.run.smithi055.stdout:/usr/bin/ceph: stderr
2024-04-26T01:41:08.129+0000 7feb63e00700 1 --2- 172.21.15.55:0/3514476996 >> [v2:172.21.15.55:6800/1022478981,v1:172.21.15.55:6801/1022478981] conn(0x7feb50039600 0x7feb5003bac0 unknown :-1 s=BANNER_CONNECTING pgs=0 cs=0 l=1 rev1=0 crypto rx=0 tx=0 comp rx=0 tx=0)._handle_peer_banner_payload supported=3 required=0
2024-04-26T01:41:10.312 INFO:teuthology.orchestra.run.smithi055.stdout:/usr/bin/ceph: stderr
2024-04-26T01:41:08.130+0000 7feb63e00700 1 --2- 172.21.15.55:0/3514476996 >> [v2:172.21.15.55:6800/1022478981,v1:172.21.15.55:6801/1022478981] conn(0x7feb50039600 0x7feb5003bac0 secure :-1 s=READY pgs=16 cs=0 l=1 rev1=1 crypto rx=0x7feb54006fd0 tx=0x7feb54006e40 comp rx=0 tx=0).ready entity=mgr.14120 client_cookie=0 server_cookie=0 in_seq=0 out_seq=0
2024-04-26T01:41:10.312 INFO:teuthology.orchestra.run.smithi055.stdout:/usr/bin/ceph: stderr
2024-04-26T01:41:08.135+0000 7feb63400700 1 -- 172.21.15.55:0/3514476996 <== mon.0 v2:172.21.15.55:3300/0 6 ==== mon_command_ack([{"prefix": "get_command_descriptions"}]=0 v0) ==== 72+0+188370 (secure 0 0 0) 0x7feb5c01f030 con 0x7feb6c108500
2024-04-26T01:41:10.313 INFO:teuthology.orchestra.run.smithi055.stdout:/usr/bin/ceph: stderr
2024-04-26T01:41:08.443+0000 7feb71600700 1 -- 172.21.15.55:0/3514476996 --> [v2:172.21.15.55:3300/0,v1:172.21.15.55:6789/0] -- mon_command({"prefix": "mgr module enable", "module": "dashboard"} v 0) -- 0x7feb6c02df80 con 0x7feb6c108500
2024-04-26T01:41:10.313 INFO:teuthology.orchestra.run.smithi055.stdout:/usr/bin/ceph: stderr
2024-04-26T01:41:09.187+0000 7feb63400700 1 -- 172.21.15.55:0/3514476996 <== mon.0 v2:172.21.15.55:3300/0 7 ==== mon_command_ack([{"prefix": "mgr module enable", "module": "dashboard"}]=0 v9) ==== 88+0+0 (secure 0 0 0) 0x7feb5c04daa0 con 0x7feb6c108500
2024-04-26T01:41:10.313 INFO:teuthology.orchestra.run.smithi055.stdout:/usr/bin/ceph: stderr
2024-04-26T01:41:09.192+0000 7feb63400700 1 -- 172.21.15.55:0/3514476996 <== mon.0 v2:172.21.15.55:3300/0 8 ==== mgrmap(e 9) ==== 46571+0+0 (secure 0 0 0) 0x7feb5c01a8f0 con 0x7feb6c108500
2024-04-26T01:41:10.313 INFO:teuthology.orchestra.run.smithi055.stdout:/usr/bin/ceph: stderr
2024-04-26T01:41:09.192+0000 7feb71600700 1 -- 172.21.15.55:0/3514476996 >> [v2:172.21.15.55:6800/1022478981,v1:172.21.15.55:6801/1022478981] conn(0x7feb50039600 msgr2=0x7feb5003bac0 secure :-1 s=STATE_CONNECTION_ESTABLISHED l=1).mark_down
2024-04-26T01:41:10.313 INFO:teuthology.orchestra.run.smithi055.stdout:/usr/bin/ceph: stderr
2024-04-26T01:41:09.192+0000 7feb71600700 1 --2- 172.21.15.55:0/3514476996 >> [v2:172.21.15.55:6800/1022478981,v1:172.21.15.55:6801/1022478981] conn(0x7feb50039600 0x7feb5003bac0 secure :-1 s=READY pgs=16 cs=0 l=1 rev1=1 crypto rx=0x7feb54006fd0 tx=0x7feb54006e40 comp rx=0 tx=0).stop
2024-04-26T01:41:10.313 INFO:teuthology.orchestra.run.smithi055.stdout:/usr/bin/ceph: stderr
2024-04-26T01:41:09.192+0000 7feb71600700 1 -- 172.21.15.55:0/3514476996 >> [v2:172.21.15.55:3300/0,v1:172.21.15.55:6789/0] conn(0x7feb6c108500 msgr2=0x7feb6c19e8b0 secure :-1 s=STATE_CONNECTION_ESTABLISHED l=1).mark_down
2024-04-26T01:41:10.313 INFO:teuthology.orchestra.run.smithi055.stdout:/usr/bin/ceph: stderr
2024-04-26T01:41:09.192+0000 7feb71600700 1 --2- 172.21.15.55:0/3514476996 >> [v2:172.21.15.55:3300/0,v1:172.21.15.55:6789/0] conn(0x7feb6c108500 0x7feb6c19e8b0 secure :-1 s=READY pgs=56 cs=0 l=1 rev1=1 crypto rx=0x7feb5c009520 tx=0x7feb5c011aa0 comp rx=0 tx=0).stop
2024-04-26T01:41:10.313 INFO:teuthology.orchestra.run.smithi055.stdout:/usr/bin/ceph: stderr
2024-04-26T01:41:09.193+0000 7feb71600700 1 -- 172.21.15.55:0/3514476996 shutdown_connections
2024-04-26T01:41:10.313 INFO:teuthology.orchestra.run.smithi055.stdout:/usr/bin/ceph: stderr
2024-04-26T01:41:09.193+0000 7feb71600700 1 --2- 172.21.15.55:0/3514476996 >> [v2:172.21.15.55:6800/1022478981,v1:172.21.15.55:6801/1022478981] conn(0x7feb50039600 0x7feb5003bac0 unknown :-1 s=CLOSED pgs=16 cs=0 l=1 rev1=1 crypto rx=0 tx=0 comp rx=0 tx=0).stop
2024-04-26T01:41:10.313 INFO:teuthology.orchestra.run.smithi055.stdout:/usr/bin/ceph: stderr
2024-04-26T01:41:09.193+0000 7feb71600700 1 --2- 172.21.15.55:0/3514476996 >> [v2:172.21.15.55:3300/0,v1:172.21.15.55:6789/0] conn(0x7feb6c108500 0x7feb6c19e8b0 unknown :-1 s=CLOSED pgs=56 cs=0 l=1 rev1=1 crypto rx=0 tx=0 comp rx=0 tx=0).stop
2024-04-26T01:41:10.313 INFO:teuthology.orchestra.run.smithi055.stdout:/usr/bin/ceph: stderr
2024-04-26T01:41:09.193+0000 7feb71600700 1 -- 172.21.15.55:0/3514476996 >> 172.21.15.55:0/3514476996 conn(0x7feb6c103b40 msgr2=0x7feb6c104690 unknown :-1 s=STATE_NONE l=0).mark_down
2024-04-26T01:41:10.313 INFO:teuthology.orchestra.run.smithi055.stdout:/usr/bin/ceph: stderr
2024-04-26T01:41:09.193+0000 7feb71600700 1 -- 172.21.15.55:0/3514476996 shutdown_connections
2024-04-26T01:41:10.313 INFO:teuthology.orchestra.run.smithi055.stdout:/usr/bin/ceph: stderr
2024-04-26T01:41:09.193+0000 7feb71600700 1 -- 172.21.15.55:0/3514476996 wait complete.
2024-04-26T01:41:10.426 INFO:journalctl@ceph.mon.a.smithi055.stdout:Apr 26 01:41:10 smithi055 ceph-mon[27809]: from='client.? 172.21.15.55:0/3514476996' entity='client.admin' cmd='[{"prefix": "mgr module enable", "module": "dashboard"}]': finished
2024-04-26T01:41:10.426 INFO:journalctl@ceph.mon.a.smithi055.stdout:Apr 26 01:41:10 smithi055 ceph-mon[27809]: mgrmap e9: x(active, since 25s)
2024-04-26T01:41:10.426 INFO:journalctl@ceph.mgr.x.smithi055.stdout:Apr 26 01:41:10 smithi055 ceph-c0f1df34-036d-11ef-bc93-c7b262605968-mgr-x[28035]:
2024-04-26T01:41:10.352+0000 7f25220c4200 -1 mgr[py] Module progress has missing NOTIFY_TYPES member
2024-04-26T01:41:10.723 INFO:journalctl@ceph.mgr.x.smithi055.stdout:Apr 26 01:41:10 smithi055 ceph-c0f1df34-036d-11ef-bc93-c7b262605968-mgr-x[28035]:
2024-04-26T01:41:10.475+0000 7f25220c4200 -1 mgr[py] Module influx has missing NOTIFY_TYPES member
2024-04-26T01:41:11.875 INFO:journalctl@ceph.mon.a.smithi055.stdout:Apr 26 01:41:11 smithi055 ceph-mon[27809]: from='client.? 172.21.15.55:0/123691621' entity='client.admin' cmd=[{"prefix": "mgr stat"}]: dispatch
2024-04-26T01:41:12.333 INFO:journalctl@ceph.mgr.x.smithi055.stdout:Apr 26 01:41:12 smithi055 ceph-c0f1df34-036d-11ef-bc93-c7b262605968-mgr-x[28035]:
2024-04-26T01:41:12.097+0000 7f25220c4200 -1 mgr[py] Module telegraf has missing NOTIFY_TYPES member
2024-04-26T01:41:12.333 INFO:journalctl@ceph.mgr.x.smithi055.stdout:Apr 26 01:41:12 smithi055 ceph-c0f1df34-036d-11ef-bc93-c7b262605968-mgr-x[28035]:
2024-04-26T01:41:12.336+0000 7f25220c4200 -1 mgr[py] Module osd_support has missing NOTIFY_TYPES member
2024-04-26T01:41:12.358 INFO:teuthology.orchestra.run.smithi055.stdout:/usr/bin/ceph: stdout {
2024-04-26T01:41:12.364 INFO:teuthology.orchestra.run.smithi055.stdout:/usr/bin/ceph: stdout "epoch": 9,
2024-04-26T01:41:12.365 INFO:teuthology.orchestra.run.smithi055.stdout:/usr/bin/ceph: stdout "available": true,
2024-04-26T01:41:12.365 INFO:teuthology.orchestra.run.smithi055.stdout:/usr/bin/ceph: stdout "active_name": "x",
2024-04-26T01:41:12.365 INFO:teuthology.orchestra.run.smithi055.stdout:/usr/bin/ceph: stdout "num_standby": 0
2024-04-26T01:41:12.365 INFO:teuthology.orchestra.run.smithi055.stdout:/usr/bin/ceph: stdout }
2024-04-26T01:41:12.365 INFO:teuthology.orchestra.run.smithi055.stdout:/usr/bin/ceph: stderr
2024-04-26T01:41:11.353+0000 7f053e400700 1 Processor -- start
2024-04-26T01:41:12.365 INFO:teuthology.orchestra.run.smithi055.stdout:/usr/bin/ceph: stderr
2024-04-26T01:41:11.353+0000 7f053e400700 1 -- start start
2024-04-26T01:41:12.365 INFO:teuthology.orchestra.run.smithi055.stdout:/usr/bin/ceph: stderr
2024-04-26T01:41:11.353+0000 7f053e400700 1 --2- >> [v2:172.21.15.55:3300/0,v1:172.21.15.55:6789/0] conn(0x7f0538106cf0 0x7f0538109120 unknown :-1 s=NONE pgs=0 cs=0 l=0 rev1=0 crypto rx=0 tx=0 comp rx=0 tx=0).connect
2024-04-26T01:41:12.365 INFO:teuthology.orchestra.run.smithi055.stdout:/usr/bin/ceph: stderr
2024-04-26T01:41:11.353+0000 7f053e400700 1 -- --> [v2:172.21.15.55:3300/0,v1:172.21.15.55:6789/0] -- mon_getmap magic: 0 -- 0x7f053807bec0 con 0x7f0538106cf0
2024-04-26T01:41:12.365 INFO:teuthology.orchestra.run.smithi055.stdout:/usr/bin/ceph: stderr
2024-04-26T01:41:11.354+0000 7f0537400700 1 --2- >> [v2:172.21.15.55:3300/0,v1:172.21.15.55:6789/0] conn(0x7f0538106cf0 0x7f0538109120 unknown :-1 s=BANNER_CONNECTING pgs=0 cs=0 l=0 rev1=0 crypto rx=0 tx=0 comp rx=0 tx=0)._handle_peer_banner_payload supported=3 required=0
2024-04-26T01:41:12.365 INFO:teuthology.orchestra.run.smithi055.stdout:/usr/bin/ceph: stderr
2024-04-26T01:41:11.354+0000 7f0537400700 1 --2- >> [v2:172.21.15.55:3300/0,v1:172.21.15.55:6789/0] conn(0x7f0538106cf0 0x7f0538109120 unknown :-1 s=HELLO_CONNECTING pgs=0 cs=0 l=0 rev1=1 crypto rx=0 tx=0 comp rx=0 tx=0).handle_hello peer v2:172.21.15.55:3300/0 says I am v2:172.21.15.55:57664/0 (socket says 172.21.15.55:57664)
2024-04-26T01:41:12.365 INFO:teuthology.orchestra.run.smithi055.stdout:/usr/bin/ceph: stderr
2024-04-26T01:41:11.354+0000 7f0537400700 1 -- 172.21.15.55:0/245926667 learned_addr learned my addr 172.21.15.55:0/245926667 (peer_addr_for_me v2:172.21.15.55:0/0)
2024-04-26T01:41:12.365 INFO:teuthology.orchestra.run.smithi055.stdout:/usr/bin/ceph: stderr
2024-04-26T01:41:11.354+0000 7f0537400700 1 -- 172.21.15.55:0/245926667 --> [v2:172.21.15.55:3300/0,v1:172.21.15.55:6789/0] -- mon_subscribe({config=0+,monmap=0+}) -- 0x7f0538109660 con 0x7f0538106cf0
2024-04-26T01:41:12.366 INFO:teuthology.orchestra.run.smithi055.stdout:/usr/bin/ceph: stderr
2024-04-26T01:41:11.354+0000 7f0537400700 1 --2- 172.21.15.55:0/245926667 >> [v2:172.21.15.55:3300/0,v1:172.21.15.55:6789/0] conn(0x7f0538106cf0 0x7f0538109120 secure :-1 s=READY pgs=59 cs=0 l=1 rev1=1 crypto rx=0x7f05280098a0 tx=0x7f0528009bb0 comp rx=0 tx=0).ready entity=mon.0 client_cookie=7963556d6b6f7ee9 server_cookie=0 in_seq=0 out_seq=0
2024-04-26T01:41:12.366 INFO:teuthology.orchestra.run.smithi055.stdout:/usr/bin/ceph: stderr
2024-04-26T01:41:11.355+0000 7f0536000700 1 -- 172.21.15.55:0/245926667 <== mon.0 v2:172.21.15.55:3300/0 1 ==== mon_map magic: 0 ==== 205+0+0 (secure 0 0 0) 0x7f0528004160 con 0x7f0538106cf0
2024-04-26T01:41:12.366 INFO:teuthology.orchestra.run.smithi055.stdout:/usr/bin/ceph: stderr
2024-04-26T01:41:11.355+0000 7f0536000700 1 -- 172.21.15.55:0/245926667 <== mon.0 v2:172.21.15.55:3300/0 2 ==== config(26 keys) ==== 1101+0+0 (secure 0 0 0) 0x7f0528004300 con 0x7f0538106cf0
2024-04-26T01:41:12.366 INFO:teuthology.orchestra.run.smithi055.stdout:/usr/bin/ceph: stderr
2024-04-26T01:41:11.355+0000 7f0536000700 1 -- 172.21.15.55:0/245926667 <== mon.0 v2:172.21.15.55:3300/0 3 ==== mon_map magic: 0 ==== 205+0+0 (secure 0 0 0) 0x7f0528011a20 con 0x7f0538106cf0
2024-04-26T01:41:12.366 INFO:teuthology.orchestra.run.smithi055.stdout:/usr/bin/ceph: stderr
2024-04-26T01:41:11.356+0000 7f053e400700 1 -- 172.21.15.55:0/245926667 >> [v2:172.21.15.55:3300/0,v1:172.21.15.55:6789/0] conn(0x7f0538106cf0 msgr2=0x7f0538109120 secure :-1 s=STATE_CONNECTION_ESTABLISHED l=1).mark_down
2024-04-26T01:41:12.366 INFO:teuthology.orchestra.run.smithi055.stdout:/usr/bin/ceph: stderr
2024-04-26T01:41:11.356+0000 7f053e400700 1 --2- 172.21.15.55:0/245926667 >> [v2:172.21.15.55:3300/0,v1:172.21.15.55:6789/0] conn(0x7f0538106cf0 0x7f0538109120 secure :-1 s=READY pgs=59 cs=0 l=1 rev1=1 crypto rx=0x7f05280098a0 tx=0x7f0528009bb0 comp rx=0 tx=0).stop
2024-04-26T01:41:12.366 INFO:teuthology.orchestra.run.smithi055.stdout:/usr/bin/ceph: stderr
2024-04-26T01:41:11.356+0000 7f053e400700 1 -- 172.21.15.55:0/245926667 shutdown_connections
2024-04-26T01:41:12.366 INFO:teuthology.orchestra.run.smithi055.stdout:/usr/bin/ceph: stderr
2024-04-26T01:41:11.356+0000 7f053e400700 1 --2- 172.21.15.55:0/245926667 >> [v2:172.21.15.55:3300/0,v1:172.21.15.55:6789/0] conn(0x7f0538106cf0 0x7f0538109120 unknown :-1 s=CLOSED pgs=59 cs=0 l=1 rev1=1 crypto rx=0 tx=0 comp rx=0 tx=0).stop
2024-04-26T01:41:12.366 INFO:teuthology.orchestra.run.smithi055.stdout:/usr/bin/ceph: stderr
2024-04-26T01:41:11.356+0000 7f053e400700 1 -- 172.21.15.55:0/245926667 >> 172.21.15.55:0/245926667 conn(0x7f05381029b0 msgr2=0x7f0538104dd0 unknown :-1 s=STATE_NONE l=0).mark_down
2024-04-26T01:41:12.366 INFO:teuthology.orchestra.run.smithi055.stdout:/usr/bin/ceph: stderr
2024-04-26T01:41:11.356+0000 7f053e400700 1 -- 172.21.15.55:0/245926667 shutdown_connections
2024-04-26T01:41:12.366 INFO:teuthology.orchestra.run.smithi055.stdout:/usr/bin/ceph: stderr
2024-04-26T01:41:11.356+0000 7f053e400700 1 -- 172.21.15.55:0/245926667 wait complete.
2024-04-26T01:41:12.366 INFO:teuthology.orchestra.run.smithi055.stdout:/usr/bin/ceph: stderr
2024-04-26T01:41:11.357+0000 7f053e400700 1 Processor -- start
2024-04-26T01:41:12.367 INFO:teuthology.orchestra.run.smithi055.stdout:/usr/bin/ceph: stderr
2024-04-26T01:41:11.357+0000 7f053e400700 1 -- start start
2024-04-26T01:41:12.367 INFO:teuthology.orchestra.run.smithi055.stdout:/usr/bin/ceph: stderr
2024-04-26T01:41:11.357+0000 7f053e400700 1 --2- >> [v2:172.21.15.55:3300/0,v1:172.21.15.55:6789/0] conn(0x7f0538106cf0 0x7f05381a29e0 unknown :-1 s=NONE pgs=0 cs=0 l=1 rev1=0 crypto rx=0 tx=0 comp rx=0 tx=0).connect
2024-04-26T01:41:12.367 INFO:teuthology.orchestra.run.smithi055.stdout:/usr/bin/ceph: stderr
2024-04-26T01:41:11.357+0000 7f053e400700 1 -- --> [v2:172.21.15.55:3300/0,v1:172.21.15.55:6789/0] -- mon_getmap magic: 0 -- 0x7f053810a6d0 con 0x7f0538106cf0
2024-04-26T01:41:12.367 INFO:teuthology.orchestra.run.smithi055.stdout:/usr/bin/ceph: stderr
2024-04-26T01:41:11.358+0000 7f0537400700 1 --2- >> [v2:172.21.15.55:3300/0,v1:172.21.15.55:6789/0] conn(0x7f0538106cf0 0x7f05381a29e0 unknown :-1 s=BANNER_CONNECTING pgs=0 cs=0 l=1 rev1=0 crypto rx=0 tx=0 comp rx=0 tx=0)._handle_peer_banner_payload supported=3 required=0
2024-04-26T01:41:12.367 INFO:teuthology.orchestra.run.smithi055.stdout:/usr/bin/ceph: stderr
2024-04-26T01:41:11.358+0000 7f0537400700 1 --2- >> [v2:172.21.15.55:3300/0,v1:172.21.15.55:6789/0] conn(0x7f0538106cf0 0x7f05381a29e0 unknown :-1 s=HELLO_CONNECTING pgs=0 cs=0 l=1 rev1=1 crypto rx=0 tx=0 comp rx=0 tx=0).handle_hello peer v2:172.21.15.55:3300/0 says I am v2:172.21.15.55:57666/0 (socket says 172.21.15.55:57666)
2024-04-26T01:41:12.367 INFO:teuthology.orchestra.run.smithi055.stdout:/usr/bin/ceph: stderr
2024-04-26T01:41:11.358+0000 7f0537400700 1 -- 172.21.15.55:0/123691621 learned_addr learned my addr 172.21.15.55:0/123691621 (peer_addr_for_me v2:172.21.15.55:0/0)
2024-04-26T01:41:12.367 INFO:teuthology.orchestra.run.smithi055.stdout:/usr/bin/ceph: stderr
2024-04-26T01:41:11.358+0000 7f0537400700 1 -- 172.21.15.55:0/123691621 --> [v2:172.21.15.55:3300/0,v1:172.21.15.55:6789/0] -- mon_subscribe({config=0+,monmap=0+}) -- 0x7f05381a2f20 con 0x7f0538106cf0
2024-04-26T01:41:12.367 INFO:teuthology.orchestra.run.smithi055.stdout:/usr/bin/ceph: stderr
2024-04-26T01:41:11.359+0000 7f0537400700 1 --2- 172.21.15.55:0/123691621 >> [v2:172.21.15.55:3300/0,v1:172.21.15.55:6789/0] conn(0x7f0538106cf0 0x7f05381a29e0 secure :-1 s=READY pgs=60 cs=0 l=1 rev1=1 crypto rx=0x7f05280116e0 tx=0x7f0528011aa0 comp rx=0 tx=0).ready entity=mon.0 client_cookie=0 server_cookie=0 in_seq=0 out_seq=0
2024-04-26T01:41:12.367 INFO:teuthology.orchestra.run.smithi055.stdout:/usr/bin/ceph: stderr
2024-04-26T01:41:11.359+0000 7f052fe00700 1 -- 172.21.15.55:0/123691621 <== mon.0 v2:172.21.15.55:3300/0 1 ==== mon_map magic: 0 ==== 205+0+0 (secure 0 0 0) 0x7f0528003b20 con 0x7f0538106cf0
2024-04-26T01:41:12.367 INFO:teuthology.orchestra.run.smithi055.stdout:/usr/bin/ceph: stderr
2024-04-26T01:41:11.359+0000 7f052fe00700 1 -- 172.21.15.55:0/123691621 <== mon.0 v2:172.21.15.55:3300/0 2 ==== config(26 keys) ==== 1101+0+0 (secure 0 0 0) 0x7f052801b8f0 con 0x7f0538106cf0
2024-04-26T01:41:12.367 INFO:teuthology.orchestra.run.smithi055.stdout:/usr/bin/ceph: stderr
2024-04-26T01:41:11.359+0000 7f053e400700 1 -- 172.21.15.55:0/123691621 --> [v2:172.21.15.55:3300/0,v1:172.21.15.55:6789/0] -- mon_subscribe({mgrmap=0+}) -- 0x7f05381a31b0 con 0x7f0538106cf0
2024-04-26T01:41:12.367 INFO:teuthology.orchestra.run.smithi055.stdout:/usr/bin/ceph: stderr
2024-04-26T01:41:11.359+0000 7f053e400700 1 -- 172.21.15.55:0/123691621 --> [v2:172.21.15.55:3300/0,v1:172.21.15.55:6789/0] -- mon_subscribe({osdmap=0}) -- 0x7f05381a5ea0 con 0x7f0538106cf0
2024-04-26T01:41:12.367 INFO:teuthology.orchestra.run.smithi055.stdout:/usr/bin/ceph: stderr
2024-04-26T01:41:11.359+0000 7f052fe00700 1 -- 172.21.15.55:0/123691621 <== mon.0 v2:172.21.15.55:3300/0 3 ==== mon_map magic: 0 ==== 205+0+0 (secure 0 0 0) 0x7f05280238c0 con 0x7f0538106cf0
2024-04-26T01:41:12.368 INFO:teuthology.orchestra.run.smithi055.stdout:/usr/bin/ceph: stderr
2024-04-26T01:41:11.360+0000 7f052fe00700 1 -- 172.21.15.55:0/123691621 <== mon.0 v2:172.21.15.55:3300/0 4 ==== mgrmap(e 9) ==== 46571+0+0 (secure 0 0 0) 0x7f0528023b70 con 0x7f0538106cf0
2024-04-26T01:41:12.368 INFO:teuthology.orchestra.run.smithi055.stdout:/usr/bin/ceph: stderr
2024-04-26T01:41:11.361+0000 7f052fe00700 1 --2- 172.21.15.55:0/123691621 >> [v2:172.21.15.55:6800/1022478981,v1:172.21.15.55:6801/1022478981] conn(0x7f051c0395b0 0x7f051c03ba70 unknown :-1 s=NONE pgs=0 cs=0 l=1 rev1=0 crypto rx=0 tx=0 comp rx=0 tx=0).connect
2024-04-26T01:41:12.368 INFO:teuthology.orchestra.run.smithi055.stdout:/usr/bin/ceph: stderr
2024-04-26T01:41:11.361+0000 7f052fe00700 1 -- 172.21.15.55:0/123691621 <== mon.0 v2:172.21.15.55:3300/0 5 ==== osd_map(2..2 src has 1..2) ==== 940+0+0 (secure 0 0 0) 0x7f052804e580 con 0x7f0538106cf0
2024-04-26T01:41:12.368 INFO:teuthology.orchestra.run.smithi055.stdout:/usr/bin/ceph: stderr
2024-04-26T01:41:11.361+0000 7f052d600700 1 -- 172.21.15.55:0/123691621 --> [v2:172.21.15.55:3300/0,v1:172.21.15.55:6789/0] -- mon_command({"prefix": "get_command_descriptions"} v 0) -- 0x7f05380640a0 con 0x7f0538106cf0
2024-04-26T01:41:12.368 INFO:teuthology.orchestra.run.smithi055.stdout:/usr/bin/ceph: stderr
2024-04-26T01:41:11.361+0000 7f0536a00700 1 -- 172.21.15.55:0/123691621 >> [v2:172.21.15.55:6800/1022478981,v1:172.21.15.55:6801/1022478981] conn(0x7f051c0395b0 msgr2=0x7f051c03ba70 unknown :-1 s=STATE_CONNECTING_RE l=1).process reconnect failed to v2:172.21.15.55:6800/1022478981
2024-04-26T01:41:12.368 INFO:teuthology.orchestra.run.smithi055.stdout:/usr/bin/ceph: stderr
2024-04-26T01:41:11.361+0000 7f0536a00700 1 --2- 172.21.15.55:0/123691621 >> [v2:172.21.15.55:6800/1022478981,v1:172.21.15.55:6801/1022478981] conn(0x7f051c0395b0 0x7f051c03ba70 unknown :-1 s=START_CONNECT pgs=0 cs=0 l=1 rev1=0 crypto rx=0 tx=0 comp rx=0 tx=0)._fault waiting 0.200000
2024-04-26T01:41:12.368 INFO:teuthology.orchestra.run.smithi055.stdout:/usr/bin/ceph: stderr
2024-04-26T01:41:11.367+0000 7f052fe00700 1 -- 172.21.15.55:0/123691621 <== mon.0 v2:172.21.15.55:3300/0 6 ==== mon_command_ack([{"prefix": "get_command_descriptions"}]=0 v0) ==== 72+0+188370 (secure 0 0 0) 0x7f052801f030 con 0x7f0538106cf0
2024-04-26T01:41:12.368 INFO:teuthology.orchestra.run.smithi055.stdout:/usr/bin/ceph: stderr
2024-04-26T01:41:11.562+0000 7f0536a00700 1 -- 172.21.15.55:0/123691621 >> [v2:172.21.15.55:6800/1022478981,v1:172.21.15.55:6801/1022478981] conn(0x7f051c0395b0 msgr2=0x7f051c03ba70 unknown :-1 s=STATE_CONNECTING_RE l=1).process reconnect failed to v2:172.21.15.55:6800/1022478981
2024-04-26T01:41:12.368 INFO:teuthology.orchestra.run.smithi055.stdout:/usr/bin/ceph: stderr
2024-04-26T01:41:11.562+0000 7f0536a00700 1 --2- 172.21.15.55:0/123691621 >> [v2:172.21.15.55:6800/1022478981,v1:172.21.15.55:6801/1022478981] conn(0x7f051c0395b0 0x7f051c03ba70 unknown :-1 s=START_CONNECT pgs=0 cs=0 l=1 rev1=0 crypto rx=0 tx=0 comp rx=0 tx=0)._fault waiting 0.400000
2024-04-26T01:41:12.368 INFO:teuthology.orchestra.run.smithi055.stdout:/usr/bin/ceph: stderr
2024-04-26T01:41:11.656+0000 7f052d600700 1 -- 172.21.15.55:0/123691621 --> [v2:172.21.15.55:3300/0,v1:172.21.15.55:6789/0] -- mon_command({"prefix": "mgr stat"} v 0) -- 0x7f0538062e80 con 0x7f0538106cf0
2024-04-26T01:41:12.368 INFO:teuthology.orchestra.run.smithi055.stdout:/usr/bin/ceph: stderr
2024-04-26T01:41:11.656+0000 7f052fe00700 1 -- 172.21.15.55:0/123691621 <== mon.0 v2:172.21.15.55:3300/0 7 ==== mon_command_ack([{"prefix": "mgr stat"}]=0 v9) ==== 56+0+88 (secure 0 0 0) 0x7f05280292a0 con 0x7f0538106cf0
2024-04-26T01:41:12.368 INFO:teuthology.orchestra.run.smithi055.stdout:/usr/bin/ceph: stderr
2024-04-26T01:41:11.661+0000 7f052d600700 1 -- 172.21.15.55:0/123691621 >> [v2:172.21.15.55:6800/1022478981,v1:172.21.15.55:6801/1022478981] conn(0x7f051c0395b0 msgr2=0x7f051c03ba70 unknown :-1 s=STATE_CONNECTING l=1).mark_down
2024-04-26T01:41:12.368 INFO:teuthology.orchestra.run.smithi055.stdout:/usr/bin/ceph: stderr
2024-04-26T01:41:11.661+0000 7f052d600700 1 --2- 172.21.15.55:0/123691621 >> [v2:172.21.15.55:6800/1022478981,v1:172.21.15.55:6801/1022478981] conn(0x7f051c0395b0 0x7f051c03ba70 unknown :-1 s=START_CONNECT pgs=0 cs=0 l=1 rev1=0 crypto rx=0 tx=0 comp rx=0 tx=0).stop
2024-04-26T01:41:12.368 INFO:teuthology.orchestra.run.smithi055.stdout:/usr/bin/ceph: stderr
2024-04-26T01:41:11.661+0000 7f052d600700 1 -- 172.21.15.55:0/123691621 >> [v2:172.21.15.55:3300/0,v1:172.21.15.55:6789/0] conn(0x7f0538106cf0 msgr2=0x7f05381a29e0 secure :-1 s=STATE_CONNECTION_ESTABLISHED l=1).mark_down
2024-04-26T01:41:12.369 INFO:teuthology.orchestra.run.smithi055.stdout:/usr/bin/ceph: stderr
2024-04-26T01:41:11.661+0000 7f052d600700 1 --2- 172.21.15.55:0/123691621 >> [v2:172.21.15.55:3300/0,v1:172.21.15.55:6789/0] conn(0x7f0538106cf0 0x7f05381a29e0 secure :-1 s=READY pgs=60 cs=0 l=1 rev1=1 crypto rx=0x7f05280116e0 tx=0x7f0528011aa0 comp rx=0 tx=0).stop
2024-04-26T01:41:12.369 INFO:teuthology.orchestra.run.smithi055.stdout:/usr/bin/ceph: stderr
2024-04-26T01:41:11.661+0000 7f052d600700 1 -- 172.21.15.55:0/123691621 shutdown_connections
2024-04-26T01:41:12.369 INFO:teuthology.orchestra.run.smithi055.stdout:/usr/bin/ceph: stderr
2024-04-26T01:41:11.661+0000 7f052d600700 1 --2- 172.21.15.55:0/123691621 >> [v2:172.21.15.55:6800/1022478981,v1:172.21.15.55:6801/1022478981] conn(0x7f051c0395b0 0x7f051c03ba70 unknown :-1 s=CLOSED pgs=0 cs=0 l=1 rev1=0 crypto rx=0 tx=0 comp rx=0 tx=0).stop
2024-04-26T01:41:12.369 INFO:teuthology.orchestra.run.smithi055.stdout:/usr/bin/ceph: stderr
2024-04-26T01:41:11.661+0000 7f052d600700 1 --2- 172.21.15.55:0/123691621 >> [v2:172.21.15.55:3300/0,v1:172.21.15.55:6789/0] conn(0x7f0538106cf0 0x7f05381a29e0 unknown :-1 s=CLOSED pgs=60 cs=0 l=1 rev1=1 crypto rx=0 tx=0 comp rx=0 tx=0).stop
2024-04-26T01:41:12.369 INFO:teuthology.orchestra.run.smithi055.stdout:/usr/bin/ceph: stderr
2024-04-26T01:41:11.661+0000 7f052d600700 1 -- 172.21.15.55:0/123691621 >> 172.21.15.55:0/123691621 conn(0x7f05381029b0 msgr2=0x7f0538104da0 unknown :-1 s=STATE_NONE l=0).mark_down
2024-04-26T01:41:12.369 INFO:teuthology.orchestra.run.smithi055.stdout:/usr/bin/ceph: stderr
2024-04-26T01:41:11.661+0000 7f052d600700 1 -- 172.21.15.55:0/123691621 shutdown_connections
2024-04-26T01:41:12.369 INFO:teuthology.orchestra.run.smithi055.stdout:/usr/bin/ceph: stderr
2024-04-26T01:41:11.661+0000 7f052d600700 1 -- 172.21.15.55:0/123691621 wait complete.
2024-04-26T01:41:12.369 INFO:teuthology.orchestra.run.smithi055.stdout:Waiting for the mgr to restart...
2024-04-26T01:41:12.369 INFO:teuthology.orchestra.run.smithi055.stdout:Waiting for mgr epoch 9...
2024-04-26T01:41:12.625 INFO:journalctl@ceph.mgr.x.smithi055.stdout:Apr 26 01:41:12 smithi055 ceph-c0f1df34-036d-11ef-bc93-c7b262605968-mgr-x[28035]:
2024-04-26T01:41:12.568+0000 7f25220c4200 -1 mgr[py] Module iostat has missing NOTIFY_TYPES member
2024-04-26T01:41:13.224 INFO:journalctl@ceph.mgr.x.smithi055.stdout:Apr 26 01:41:12 smithi055 ceph-c0f1df34-036d-11ef-bc93-c7b262605968-mgr-x[28035]:
2024-04-26T01:41:12.972+0000 7f25220c4200 -1 mgr[py] Module alerts has missing NOTIFY_TYPES member
2024-04-26T01:41:13.224 INFO:journalctl@ceph.mgr.x.smithi055.stdout:Apr 26 01:41:13 smithi055 ceph-c0f1df34-036d-11ef-bc93-c7b262605968-mgr-x[28035]:
2024-04-26T01:41:13.098+0000 7f25220c4200 -1 mgr[py] Module selftest has missing NOTIFY_TYPES member
2024-04-26T01:41:13.616 INFO:journalctl@ceph.mgr.x.smithi055.stdout:Apr 26 01:41:13 smithi055 ceph-c0f1df34-036d-11ef-bc93-c7b262605968-mgr-x[28035]:
2024-04-26T01:41:13.357+0000 7f25220c4200 -1 mgr[py] Module pg_autoscaler has missing NOTIFY_TYPES member
2024-04-26T01:41:13.616 INFO:journalctl@ceph.mgr.x.smithi055.stdout:Apr 26 01:41:13 smithi055 ceph-c0f1df34-036d-11ef-bc93-c7b262605968-mgr-x[28035]:
2024-04-26T01:41:13.619+0000 7f25220c4200 -1 mgr[py] Module test_orchestrator has missing NOTIFY_TYPES member
2024-04-26T01:41:14.875 INFO:journalctl@ceph.mgr.x.smithi055.stdout:Apr 26 01:41:14 smithi055 ceph-c0f1df34-036d-11ef-bc93-c7b262605968-mgr-x[28035]:
2024-04-26T01:41:14.424+0000 7f25220c4200 -1 mgr[py] Module rook has missing NOTIFY_TYPES member
2024-04-26T01:41:15.375 INFO:journalctl@ceph.mgr.x.smithi055.stdout:Apr 26 01:41:14 smithi055 ceph-c0f1df34-036d-11ef-bc93-c7b262605968-mgr-x[28035]:
2024-04-26T01:41:14.993+0000 7f25220c4200 -1 mgr[py] Module volumes has missing NOTIFY_TYPES member
2024-04-26T01:41:15.375 INFO:journalctl@ceph.mgr.x.smithi055.stdout:Apr 26 01:41:15 smithi055 ceph-c0f1df34-036d-11ef-bc93-c7b262605968-mgr-x[28035]:
2024-04-26T01:41:15.124+0000 7f25220c4200 -1 mgr[py] Module crash has missing NOTIFY_TYPES member
2024-04-26T01:41:15.875 INFO:journalctl@ceph.mgr.x.smithi055.stdout:Apr 26 01:41:15 smithi055 ceph-c0f1df34-036d-11ef-bc93-c7b262605968-mgr-x[28035]:
2024-04-26T01:41:15.398+0000 7f25220c4200 -1 mgr[py] Module rgw has missing NOTIFY_TYPES member
2024-04-26T01:41:16.375 INFO:journalctl@ceph.mgr.x.smithi055.stdout:Apr 26 01:41:16 smithi055 ceph-c0f1df34-036d-11ef-bc93-c7b262605968-mgr-x[28035]:
2024-04-26T01:41:16.063+0000 7f25220c4200 -1 mgr[py] Module prometheus has missing NOTIFY_TYPES member
2024-04-26T01:41:16.375 INFO:journalctl@ceph.mgr.x.smithi055.stdout:Apr 26 01:41:16 smithi055 ceph-c0f1df34-036d-11ef-bc93-c7b262605968-mgr-x[28035]:
2024-04-26T01:41:16.192+0000 7f25220c4200 -1 mgr[py] Module devicehealth has missing NOTIFY_TYPES member
2024-04-26T01:41:16.841 INFO:journalctl@ceph.mgr.x.smithi055.stdout:Apr 26 01:41:16 smithi055 ceph-c0f1df34-036d-11ef-bc93-c7b262605968-mgr-x[28035]:
2024-04-26T01:41:16.528+0000 7f25220c4200 -1 mgr[py] Module telemetry has missing NOTIFY_TYPES member
2024-04-26T01:41:16.841 INFO:journalctl@ceph.mgr.x.smithi055.stdout:Apr 26 01:41:16 smithi055 ceph-c0f1df34-036d-11ef-bc93-c7b262605968-mgr-x[28035]:
2024-04-26T01:41:16.713+0000 7f25220c4200 -1 mgr[py] Module diskprediction_local has missing NOTIFY_TYPES member
2024-04-26T01:41:16.842 INFO:journalctl@ceph.mgr.x.smithi055.stdout:Apr 26 01:41:16 smithi055 ceph-c0f1df34-036d-11ef-bc93-c7b262605968-mgr-x[28035]:
2024-04-26T01:41:16.844+0000 7f25220c4200 -1 mgr[py] Module osd_perf_query has missing NOTIFY_TYPES member
2024-04-26T01:41:17.125 INFO:journalctl@ceph.mgr.x.smithi055.stdout:Apr 26 01:41:17 smithi055 ceph-c0f1df34-036d-11ef-bc93-c7b262605968-mgr-x[28035]:
2024-04-26T01:41:17.000+0000 7f25220c4200 -1 mgr[py] Module rbd_support has missing NOTIFY_TYPES member
2024-04-26T01:41:17.625 INFO:journalctl@ceph.mgr.x.smithi055.stdout:Apr 26 01:41:17 smithi055 ceph-c0f1df34-036d-11ef-bc93-c7b262605968-mgr-x[28035]:
2024-04-26T01:41:17.374+0000 7f25220c4200 -1 mgr[py] Module zabbix has missing NOTIFY_TYPES member
2024-04-26T01:41:18.451 INFO:journalctl@ceph.mgr.x.smithi055.stdout:Apr 26 01:41:18 smithi055 ceph-c0f1df34-036d-11ef-bc93-c7b262605968-mgr-x[28035]:
2024-04-26T01:41:18.161+0000 7f25220c4200 -1 mgr[py] Module status has missing NOTIFY_TYPES member
2024-04-26T01:41:18.875 INFO:journalctl@ceph.mgr.x.smithi055.stdout:Apr 26 01:41:18 smithi055 ceph-c0f1df34-036d-11ef-bc93-c7b262605968-mgr-x[28035]:
2024-04-26T01:41:18.454+0000 7f25220c4200 -1 mgr[py] Module nfs has missing NOTIFY_TYPES member
2024-04-26T01:41:18.875 INFO:journalctl@ceph.mon.a.smithi055.stdout:Apr 26 01:41:18 smithi055 ceph-mon[27809]: Active manager daemon x restarted
2024-04-26T01:41:18.875 INFO:journalctl@ceph.mon.a.smithi055.stdout:Apr 26 01:41:18 smithi055 ceph-mon[27809]: Activating manager daemon x
2024-04-26T01:41:18.875 INFO:journalctl@ceph.mon.a.smithi055.stdout:Apr 26 01:41:18 smithi055 ceph-mon[27809]: osdmap e3: 0 total, 0 up, 0 in
2024-04-26T01:41:18.876 INFO:journalctl@ceph.mon.a.smithi055.stdout:Apr 26 01:41:18 smithi055 ceph-mon[27809]: mgrmap e10: x(active, starting, since 0.0126308s)
2024-04-26T01:41:18.876 INFO:journalctl@ceph.mon.a.smithi055.stdout:Apr 26 01:41:18 smithi055 ceph-mon[27809]: from='mgr.14152 172.21.15.55:0/2330152225' entity='mgr.x' cmd=[{"prefix": "mon metadata", "id": "a"}]: dispatch
2024-04-26T01:41:18.876 INFO:journalctl@ceph.mon.a.smithi055.stdout:Apr 26 01:41:18 smithi055 ceph-mon[27809]: from='mgr.14152 172.21.15.55:0/2330152225' entity='mgr.x' cmd=[{"prefix": "mgr metadata", "who": "x", "id": "x"}]: dispatch
2024-04-26T01:41:18.876 INFO:journalctl@ceph.mon.a.smithi055.stdout:Apr 26 01:41:18 smithi055 ceph-mon[27809]: from='mgr.14152 172.21.15.55:0/2330152225' entity='mgr.x' cmd=[{"prefix": "mds metadata"}]: dispatch
2024-04-26T01:41:18.876 INFO:journalctl@ceph.mon.a.smithi055.stdout:Apr 26 01:41:18 smithi055 ceph-mon[27809]: from='mgr.14152 172.21.15.55:0/2330152225' entity='mgr.x' cmd=[{"prefix": "osd metadata"}]: dispatch
2024-04-26T01:41:18.876 INFO:journalctl@ceph.mon.a.smithi055.stdout:Apr 26 01:41:18 smithi055 ceph-mon[27809]: from='mgr.14152 172.21.15.55:0/2330152225' entity='mgr.x' cmd=[{"prefix": "mon metadata"}]: dispatch
2024-04-26T01:41:18.876 INFO:journalctl@ceph.mon.a.smithi055.stdout:Apr 26 01:41:18 smithi055 ceph-mon[27809]: Manager daemon x is now available
2024-04-26T01:41:19.857 INFO:journalctl@ceph.mon.a.smithi055.stdout:Apr 26 01:41:19 smithi055 ceph-mon[27809]: from='mgr.14152 172.21.15.55:0/2330152225' entity='mgr.x' cmd=[{"prefix": "config dump", "format": "json"}]: dispatch
2024-04-26T01:41:19.857 INFO:journalctl@ceph.mon.a.smithi055.stdout:Apr 26 01:41:19 smithi055 ceph-mon[27809]: from='mgr.14152 172.21.15.55:0/2330152225' entity='mgr.x' cmd=[{"prefix":"config rm","who":"mgr","name":"mgr/rbd_support/x/mirror_snapshot_schedule"}]: dispatch
2024-04-26T01:41:19.857 INFO:journalctl@ceph.mon.a.smithi055.stdout:Apr 26 01:41:19 smithi055 ceph-mon[27809]: from='mgr.14152 172.21.15.55:0/2330152225' entity='mgr.x' cmd=[{"prefix":"config rm","who":"mgr","name":"mgr/rbd_support/x/trash_purge_schedule"}]: dispatch
2024-04-26T01:41:19.858 INFO:journalctl@ceph.mon.a.smithi055.stdout:Apr 26 01:41:19 smithi055 ceph-mon[27809]: [26/Apr/2024:01:41:18] ENGINE Bus STARTING
2024-04-26T01:41:19.858 INFO:journalctl@ceph.mon.a.smithi055.stdout:Apr 26 01:41:19 smithi055 ceph-mon[27809]: [26/Apr/2024:01:41:18] ENGINE Serving on https://172.21.15.55:7150
2024-04-26T01:41:19.858 INFO:journalctl@ceph.mon.a.smithi055.stdout:Apr 26 01:41:19 smithi055 ceph-mon[27809]: [26/Apr/2024:01:41:18] ENGINE Serving on http://172.21.15.55:8765
2024-04-26T01:41:19.858 INFO:journalctl@ceph.mon.a.smithi055.stdout:Apr 26 01:41:19 smithi055 ceph-mon[27809]: [26/Apr/2024:01:41:18] ENGINE Bus STARTED
2024-04-26T01:41:19.858 INFO:journalctl@ceph.mon.a.smithi055.stdout:Apr 26 01:41:19 smithi055 ceph-mon[27809]: mgrmap e11: x(active, since 1.01838s)
2024-04-26T01:41:20.193 INFO:teuthology.orchestra.run.smithi055.stdout:/usr/bin/ceph: stdout {
2024-04-26T01:41:20.199 INFO:teuthology.orchestra.run.smithi055.stdout:/usr/bin/ceph: stdout "mgrmap_epoch": 11,
2024-04-26T01:41:20.199 INFO:teuthology.orchestra.run.smithi055.stdout:/usr/bin/ceph: stdout "initialized": true
2024-04-26T01:41:20.199 INFO:teuthology.orchestra.run.smithi055.stdout:/usr/bin/ceph: stdout }
2024-04-26T01:41:20.199 INFO:teuthology.orchestra.run.smithi055.stdout:/usr/bin/ceph: stderr
2024-04-26T01:41:13.017+0000 7fc6fe800700 1 Processor -- start
2024-04-26T01:41:20.200 INFO:teuthology.orchestra.run.smithi055.stdout:/usr/bin/ceph: stderr
2024-04-26T01:41:13.017+0000 7fc6fe800700 1 -- start start
