2024-04-26T01:41:02.042 INFO:teuthology.orchestra.run.smithi055.stdout:/usr/bin/ceph: stderr
2024-04-26T01:41:00.540+0000 7fbb43200700 1 -- 172.21.15.55:0/447766934 --> [v2:172.21.15.55:3300/0,v1:172.21.15.55:6789/0] -- mon_subscribe({osdmap=0}) -- 0x7fbb441914f0 con 0x7fbb441923c0
2024-04-26T01:41:02.042 INFO:teuthology.orchestra.run.smithi055.stdout:/usr/bin/ceph: stderr
2024-04-26T01:41:00.541+0000 7fbb43200700 1 -- 172.21.15.55:0/447766934 --> [v2:172.21.15.55:3300/0,v1:172.21.15.55:6789/0] -- mon_command({"prefix": "get_command_descriptions"} v 0) -- 0x7fbb44069b90 con 0x7fbb441923c0
2024-04-26T01:41:02.042 INFO:teuthology.orchestra.run.smithi055.stdout:/usr/bin/ceph: stderr
2024-04-26T01:41:00.541+0000 7fbb3aa00700 1 -- 172.21.15.55:0/447766934 <== mon.0 v2:172.21.15.55:3300/0 4 ==== mgrmap(e 8) ==== 46558+0+0 (secure 0 0 0) 0x7fbb3401a440 con 0x7fbb441923c0
2024-04-26T01:41:02.042 INFO:teuthology.orchestra.run.smithi055.stdout:/usr/bin/ceph: stderr
2024-04-26T01:41:00.542+0000 7fbb3aa00700 1 --2- 172.21.15.55:0/447766934 >> [v2:172.21.15.55:6800/1022478981,v1:172.21.15.55:6801/1022478981] conn(0x7fbb280395b0 0x7fbb2803ba70 unknown :-1 s=NONE pgs=0 cs=0 l=1 rev1=0 crypto rx=0 tx=0 comp rx=0 tx=0).connect
2024-04-26T01:41:02.042 INFO:teuthology.orchestra.run.smithi055.stdout:/usr/bin/ceph: stderr
2024-04-26T01:41:00.542+0000 7fbb3aa00700 1 -- 172.21.15.55:0/447766934 <== mon.0 v2:172.21.15.55:3300/0 5 ==== osd_map(2..2 src has 1..2) ==== 940+0+0 (secure 0 0 0) 0x7fbb3404db30 con 0x7fbb441923c0
2024-04-26T01:41:02.042 INFO:teuthology.orchestra.run.smithi055.stdout:/usr/bin/ceph: stderr
2024-04-26T01:41:00.542+0000 7fbb41400700 1 --2- 172.21.15.55:0/447766934 >> [v2:172.21.15.55:6800/1022478981,v1:172.21.15.55:6801/1022478981] conn(0x7fbb280395b0 0x7fbb2803ba70 unknown :-1 s=BANNER_CONNECTING pgs=0 cs=0 l=1 rev1=0 crypto rx=0 tx=0 comp rx=0 tx=0)._handle_peer_banner_payload supported=3 required=0
2024-04-26T01:41:02.042 INFO:teuthology.orchestra.run.smithi055.stdout:/usr/bin/ceph: stderr
2024-04-26T01:41:00.543+0000 7fbb41400700 1 --2- 172.21.15.55:0/447766934 >> [v2:172.21.15.55:6800/1022478981,v1:172.21.15.55:6801/1022478981] conn(0x7fbb280395b0 0x7fbb2803ba70 secure :-1 s=READY pgs=12 cs=0 l=1 rev1=1 crypto rx=0x7fbb30006fd0 tx=0x7fbb30006e40 comp rx=0 tx=0).ready entity=mgr.14120 client_cookie=0 server_cookie=0 in_seq=0 out_seq=0
2024-04-26T01:41:02.042 INFO:teuthology.orchestra.run.smithi055.stdout:/usr/bin/ceph: stderr
2024-04-26T01:41:00.549+0000 7fbb3aa00700 1 -- 172.21.15.55:0/447766934 <== mon.0 v2:172.21.15.55:3300/0 6 ==== mon_command_ack([{"prefix": "get_command_descriptions"}]=0 v0) ==== 72+0+188370 (secure 0 0 0) 0x7fbb340172b0 con 0x7fbb441923c0
2024-04-26T01:41:02.042 INFO:teuthology.orchestra.run.smithi055.stdout:/usr/bin/ceph: stderr
2024-04-26T01:41:00.822+0000 7fbb43200700 1 -- 172.21.15.55:0/447766934 --> [v2:172.21.15.55:6800/1022478981,v1:172.21.15.55:6801/1022478981] -- mgr_command(tid 0: {"prefix": "orch apply", "service_type": "mon", "unmanaged": true, "target": ["mon-mgr", ""]}) -- 0x7fbb44191870 con 0x7fbb280395b0
2024-04-26T01:41:02.044 INFO:teuthology.orchestra.run.smithi055.stdout:/usr/bin/ceph: stderr
2024-04-26T01:41:00.833+0000 7fbb3aa00700 1 -- 172.21.15.55:0/447766934 <== mgr.14120 v2:172.21.15.55:6800/1022478981 1 ==== mgr_command_reply(tid 0: 0 ) ==== 8+0+24 (secure 0 0 0) 0x7fbb44191870 con 0x7fbb280395b0
2024-04-26T01:41:02.044 INFO:teuthology.orchestra.run.smithi055.stdout:/usr/bin/ceph: stderr
2024-04-26T01:41:00.836+0000 7fbb43200700 1 -- 172.21.15.55:0/447766934 >> [v2:172.21.15.55:6800/1022478981,v1:172.21.15.55:6801/1022478981] conn(0x7fbb280395b0 msgr2=0x7fbb2803ba70 secure :-1 s=STATE_CONNECTION_ESTABLISHED l=1).mark_down
2024-04-26T01:41:02.044 INFO:teuthology.orchestra.run.smithi055.stdout:/usr/bin/ceph: stderr
2024-04-26T01:41:00.836+0000 7fbb43200700 1 --2- 172.21.15.55:0/447766934 >> [v2:172.21.15.55:6800/1022478981,v1:172.21.15.55:6801/1022478981] conn(0x7fbb280395b0 0x7fbb2803ba70 secure :-1 s=READY pgs=12 cs=0 l=1 rev1=1 crypto rx=0x7fbb30006fd0 tx=0x7fbb30006e40 comp rx=0 tx=0).stop
2024-04-26T01:41:02.044 INFO:teuthology.orchestra.run.smithi055.stdout:/usr/bin/ceph: stderr
2024-04-26T01:41:00.836+0000 7fbb43200700 1 -- 172.21.15.55:0/447766934 >> [v2:172.21.15.55:3300/0,v1:172.21.15.55:6789/0] conn(0x7fbb441923c0 msgr2=0x7fbb44190b30 secure :-1 s=STATE_CONNECTION_ESTABLISHED l=1).mark_down
2024-04-26T01:41:02.044 INFO:teuthology.orchestra.run.smithi055.stdout:/usr/bin/ceph: stderr
2024-04-26T01:41:00.836+0000 7fbb43200700 1 --2- 172.21.15.55:0/447766934 >> [v2:172.21.15.55:3300/0,v1:172.21.15.55:6789/0] conn(0x7fbb441923c0 0x7fbb44190b30 secure :-1 s=READY pgs=48 cs=0 l=1 rev1=1 crypto rx=0x7fbb34000c00 tx=0x7fbb34004260 comp rx=0 tx=0).stop
2024-04-26T01:41:02.044 INFO:teuthology.orchestra.run.smithi055.stdout:/usr/bin/ceph: stderr
2024-04-26T01:41:00.836+0000 7fbb43200700 1 -- 172.21.15.55:0/447766934 shutdown_connections
2024-04-26T01:41:02.045 INFO:teuthology.orchestra.run.smithi055.stdout:/usr/bin/ceph: stderr
2024-04-26T01:41:00.836+0000 7fbb43200700 1 --2- 172.21.15.55:0/447766934 >> [v2:172.21.15.55:6800/1022478981,v1:172.21.15.55:6801/1022478981] conn(0x7fbb280395b0 0x7fbb2803ba70 unknown :-1 s=CLOSED pgs=12 cs=0 l=1 rev1=1 crypto rx=0 tx=0 comp rx=0 tx=0).stop
2024-04-26T01:41:02.045 INFO:teuthology.orchestra.run.smithi055.stdout:/usr/bin/ceph: stderr
2024-04-26T01:41:00.836+0000 7fbb43200700 1 --2- 172.21.15.55:0/447766934 >> [v2:172.21.15.55:3300/0,v1:172.21.15.55:6789/0] conn(0x7fbb441923c0 0x7fbb44190b30 unknown :-1 s=CLOSED pgs=48 cs=0 l=1 rev1=1 crypto rx=0 tx=0 comp rx=0 tx=0).stop
2024-04-26T01:41:02.045 INFO:teuthology.orchestra.run.smithi055.stdout:/usr/bin/ceph: stderr
2024-04-26T01:41:00.836+0000 7fbb43200700 1 -- 172.21.15.55:0/447766934 >> 172.21.15.55:0/447766934 conn(0x7fbb441027d0 msgr2=0x7fbb44103770 unknown :-1 s=STATE_NONE l=0).mark_down
2024-04-26T01:41:02.045 INFO:teuthology.orchestra.run.smithi055.stdout:/usr/bin/ceph: stderr
2024-04-26T01:41:00.836+0000 7fbb43200700 1 -- 172.21.15.55:0/447766934 shutdown_connections
2024-04-26T01:41:02.045 INFO:teuthology.orchestra.run.smithi055.stdout:/usr/bin/ceph: stderr
2024-04-26T01:41:00.836+0000 7fbb43200700 1 -- 172.21.15.55:0/447766934 wait complete.
2024-04-26T01:41:02.045 INFO:teuthology.orchestra.run.smithi055.stdout:Deploying unmanaged mgr service...
2024-04-26T01:41:02.125 INFO:journalctl@ceph.mon.a.smithi055.stdout:Apr 26 01:41:01 smithi055 ceph-mon[27809]: from='client.14142 -' entity='client.admin' cmd=[{"prefix": "orch apply", "service_type": "mon", "unmanaged": true, "target": ["mon-mgr", ""]}]: dispatch
2024-04-26T01:41:02.125 INFO:journalctl@ceph.mon.a.smithi055.stdout:Apr 26 01:41:01 smithi055 ceph-mon[27809]: Saving service mon spec with placement count:5
2024-04-26T01:41:02.126 INFO:journalctl@ceph.mon.a.smithi055.stdout:Apr 26 01:41:01 smithi055 ceph-mon[27809]: from='mgr.14120 172.21.15.55:0/1880314114' entity='mgr.x'
2024-04-26T01:41:03.875 INFO:journalctl@ceph.mon.a.smithi055.stdout:Apr 26 01:41:03 smithi055 ceph-mon[27809]: from='mgr.14120 172.21.15.55:0/1880314114' entity='mgr.x'
2024-04-26T01:41:03.875 INFO:journalctl@ceph.mon.a.smithi055.stdout:Apr 26 01:41:03 smithi055 ceph-mon[27809]: from='client.14144 -' entity='client.admin' cmd=[{"prefix": "orch apply", "service_type": "mgr", "unmanaged": true, "target": ["mon-mgr", ""]}]: dispatch
2024-04-26T01:41:03.875 INFO:journalctl@ceph.mon.a.smithi055.stdout:Apr 26 01:41:03 smithi055 ceph-mon[27809]: Saving service mgr spec with placement count:2
2024-04-26T01:41:03.875 INFO:journalctl@ceph.mon.a.smithi055.stdout:Apr 26 01:41:03 smithi055 ceph-mon[27809]: from='mgr.14120 172.21.15.55:0/1880314114' entity='mgr.x'
2024-04-26T01:41:03.875 INFO:journalctl@ceph.mon.a.smithi055.stdout:Apr 26 01:41:03 smithi055 ceph-mon[27809]: from='mgr.14120 172.21.15.55:0/1880314114' entity='mgr.x'
2024-04-26T01:41:03.981 INFO:teuthology.orchestra.run.smithi055.stdout:/usr/bin/ceph: stdout Scheduled mgr update...
2024-04-26T01:41:03.981 INFO:teuthology.orchestra.run.smithi055.stdout:/usr/bin/ceph: stderr
2024-04-26T01:41:02.984+0000 7f4d05200700 1 Processor -- start
2024-04-26T01:41:03.981 INFO:teuthology.orchestra.run.smithi055.stdout:/usr/bin/ceph: stderr
2024-04-26T01:41:02.985+0000 7f4d05200700 1 -- start start
2024-04-26T01:41:03.981 INFO:teuthology.orchestra.run.smithi055.stdout:/usr/bin/ceph: stderr
2024-04-26T01:41:02.985+0000 7f4d05200700 1 --2- >> [v2:172.21.15.55:3300/0,v1:172.21.15.55:6789/0] conn(0x7f4d0007de80 0x7f4d0007c330 unknown :-1 s=NONE pgs=0 cs=0 l=0 rev1=0 crypto rx=0 tx=0 comp rx=0 tx=0).connect
2024-04-26T01:41:03.981 INFO:teuthology.orchestra.run.smithi055.stdout:/usr/bin/ceph: stderr
2024-04-26T01:41:02.985+0000 7f4d05200700 1 -- --> [v2:172.21.15.55:3300/0,v1:172.21.15.55:6789/0] -- mon_getmap magic: 0 -- 0x7f4d0007c900 con 0x7f4d0007de80
2024-04-26T01:41:03.981 INFO:teuthology.orchestra.run.smithi055.stdout:/usr/bin/ceph: stderr
2024-04-26T01:41:02.985+0000 7f4cfde00700 1 --2- >> [v2:172.21.15.55:3300/0,v1:172.21.15.55:6789/0] conn(0x7f4d0007de80 0x7f4d0007c330 unknown :-1 s=BANNER_CONNECTING pgs=0 cs=0 l=0 rev1=0 crypto rx=0 tx=0 comp rx=0 tx=0)._handle_peer_banner_payload supported=3 required=0
2024-04-26T01:41:03.981 INFO:teuthology.orchestra.run.smithi055.stdout:/usr/bin/ceph: stderr
2024-04-26T01:41:02.986+0000 7f4cfde00700 1 --2- >> [v2:172.21.15.55:3300/0,v1:172.21.15.55:6789/0] conn(0x7f4d0007de80 0x7f4d0007c330 unknown :-1 s=HELLO_CONNECTING pgs=0 cs=0 l=0 rev1=1 crypto rx=0 tx=0 comp rx=0 tx=0).handle_hello peer v2:172.21.15.55:3300/0 says I am v2:172.21.15.55:37936/0 (socket says 172.21.15.55:37936)
2024-04-26T01:41:03.981 INFO:teuthology.orchestra.run.smithi055.stdout:/usr/bin/ceph: stderr
2024-04-26T01:41:02.986+0000 7f4cfde00700 1 -- 172.21.15.55:0/1319794103 learned_addr learned my addr 172.21.15.55:0/1319794103 (peer_addr_for_me v2:172.21.15.55:0/0)
2024-04-26T01:41:03.981 INFO:teuthology.orchestra.run.smithi055.stdout:/usr/bin/ceph: stderr
2024-04-26T01:41:02.986+0000 7f4cfde00700 1 -- 172.21.15.55:0/1319794103 --> [v2:172.21.15.55:3300/0,v1:172.21.15.55:6789/0] -- mon_subscribe({config=0+,monmap=0+}) -- 0x7f4d0007ca80 con 0x7f4d0007de80
2024-04-26T01:41:03.981 INFO:teuthology.orchestra.run.smithi055.stdout:/usr/bin/ceph: stderr
2024-04-26T01:41:02.987+0000 7f4cfde00700 1 --2- 172.21.15.55:0/1319794103 >> [v2:172.21.15.55:3300/0,v1:172.21.15.55:6789/0] conn(0x7f4d0007de80 0x7f4d0007c330 secure :-1 s=READY pgs=49 cs=0 l=1 rev1=1 crypto rx=0x7f4cf00098a0 tx=0x7f4cf0009bb0 comp rx=0 tx=0).ready entity=mon.0 client_cookie=c08ecca5bc032e58 server_cookie=0 in_seq=0 out_seq=0
2024-04-26T01:41:03.981 INFO:teuthology.orchestra.run.smithi055.stdout:/usr/bin/ceph: stderr
2024-04-26T01:41:02.987+0000 7f4cfca00700 1 -- 172.21.15.55:0/1319794103 <== mon.0 v2:172.21.15.55:3300/0 1 ==== mon_map magic: 0 ==== 205+0+0 (secure 0 0 0) 0x7f4cf0004160 con 0x7f4d0007de80
2024-04-26T01:41:03.982 INFO:teuthology.orchestra.run.smithi055.stdout:/usr/bin/ceph: stderr
2024-04-26T01:41:02.987+0000 7f4cfca00700 1 -- 172.21.15.55:0/1319794103 <== mon.0 v2:172.21.15.55:3300/0 2 ==== config(26 keys) ==== 1101+0+0 (secure 0 0 0) 0x7f4cf0004300 con 0x7f4d0007de80
2024-04-26T01:41:03.982 INFO:teuthology.orchestra.run.smithi055.stdout:/usr/bin/ceph: stderr
2024-04-26T01:41:02.987+0000 7f4cfca00700 1 -- 172.21.15.55:0/1319794103 <== mon.0 v2:172.21.15.55:3300/0 3 ==== mon_map magic: 0 ==== 205+0+0 (secure 0 0 0) 0x7f4cf0011a20 con 0x7f4d0007de80
2024-04-26T01:41:03.982 INFO:teuthology.orchestra.run.smithi055.stdout:/usr/bin/ceph: stderr
2024-04-26T01:41:02.988+0000 7f4d05200700 1 -- 172.21.15.55:0/1319794103 >> [v2:172.21.15.55:3300/0,v1:172.21.15.55:6789/0] conn(0x7f4d0007de80 msgr2=0x7f4d0007c330 secure :-1 s=STATE_CONNECTION_ESTABLISHED l=1).mark_down
2024-04-26T01:41:03.982 INFO:teuthology.orchestra.run.smithi055.stdout:/usr/bin/ceph: stderr
2024-04-26T01:41:02.988+0000 7f4d05200700 1 --2- 172.21.15.55:0/1319794103 >> [v2:172.21.15.55:3300/0,v1:172.21.15.55:6789/0] conn(0x7f4d0007de80 0x7f4d0007c330 secure :-1 s=READY pgs=49 cs=0 l=1 rev1=1 crypto rx=0x7f4cf00098a0 tx=0x7f4cf0009bb0 comp rx=0 tx=0).stop
2024-04-26T01:41:03.982 INFO:teuthology.orchestra.run.smithi055.stdout:/usr/bin/ceph: stderr
2024-04-26T01:41:02.988+0000 7f4d05200700 1 -- 172.21.15.55:0/1319794103 shutdown_connections
2024-04-26T01:41:03.982 INFO:teuthology.orchestra.run.smithi055.stdout:/usr/bin/ceph: stderr
2024-04-26T01:41:02.988+0000 7f4d05200700 1 --2- 172.21.15.55:0/1319794103 >> [v2:172.21.15.55:3300/0,v1:172.21.15.55:6789/0] conn(0x7f4d0007de80 0x7f4d0007c330 unknown :-1 s=CLOSED pgs=49 cs=0 l=1 rev1=1 crypto rx=0 tx=0 comp rx=0 tx=0).stop
2024-04-26T01:41:03.982 INFO:teuthology.orchestra.run.smithi055.stdout:/usr/bin/ceph: stderr
2024-04-26T01:41:02.988+0000 7f4d05200700 1 -- 172.21.15.55:0/1319794103 >> 172.21.15.55:0/1319794103 conn(0x7f4d00103ab0 msgr2=0x7f4d00105ed0 unknown :-1 s=STATE_NONE l=0).mark_down
2024-04-26T01:41:03.982 INFO:teuthology.orchestra.run.smithi055.stdout:/usr/bin/ceph: stderr
2024-04-26T01:41:02.988+0000 7f4d05200700 1 -- 172.21.15.55:0/1319794103 shutdown_connections
2024-04-26T01:41:03.982 INFO:teuthology.orchestra.run.smithi055.stdout:/usr/bin/ceph: stderr
2024-04-26T01:41:02.988+0000 7f4d05200700 1 -- 172.21.15.55:0/1319794103 wait complete.
2024-04-26T01:41:03.982 INFO:teuthology.orchestra.run.smithi055.stdout:/usr/bin/ceph: stderr
2024-04-26T01:41:02.989+0000 7f4d05200700 1 Processor -- start
2024-04-26T01:41:03.982 INFO:teuthology.orchestra.run.smithi055.stdout:/usr/bin/ceph: stderr
2024-04-26T01:41:02.989+0000 7f4d05200700 1 -- start start
2024-04-26T01:41:03.982 INFO:teuthology.orchestra.run.smithi055.stdout:/usr/bin/ceph: stderr
2024-04-26T01:41:02.990+0000 7f4d05200700 1 --2- >> [v2:172.21.15.55:3300/0,v1:172.21.15.55:6789/0] conn(0x7f4d0007de80 0x7f4d0019e900 unknown :-1 s=NONE pgs=0 cs=0 l=1 rev1=0 crypto rx=0 tx=0 comp rx=0 tx=0).connect
2024-04-26T01:41:03.982 INFO:teuthology.orchestra.run.smithi055.stdout:/usr/bin/ceph: stderr
2024-04-26T01:41:02.990+0000 7f4d05200700 1 -- --> [v2:172.21.15.55:3300/0,v1:172.21.15.55:6789/0] -- mon_getmap magic: 0 -- 0x7f4d0010ea70 con 0x7f4d0007de80
2024-04-26T01:41:03.983 INFO:teuthology.orchestra.run.smithi055.stdout:/usr/bin/ceph: stderr
2024-04-26T01:41:02.990+0000 7f4cfde00700 1 --2- >> [v2:172.21.15.55:3300/0,v1:172.21.15.55:6789/0] conn(0x7f4d0007de80 0x7f4d0019e900 unknown :-1 s=BANNER_CONNECTING pgs=0 cs=0 l=1 rev1=0 crypto rx=0 tx=0 comp rx=0 tx=0)._handle_peer_banner_payload supported=3 required=0
2024-04-26T01:41:03.983 INFO:teuthology.orchestra.run.smithi055.stdout:/usr/bin/ceph: stderr
2024-04-26T01:41:02.990+0000 7f4cfde00700 1 --2- >> [v2:172.21.15.55:3300/0,v1:172.21.15.55:6789/0] conn(0x7f4d0007de80 0x7f4d0019e900 unknown :-1 s=HELLO_CONNECTING pgs=0 cs=0 l=1 rev1=1 crypto rx=0 tx=0 comp rx=0 tx=0).handle_hello peer v2:172.21.15.55:3300/0 says I am v2:172.21.15.55:37946/0 (socket says 172.21.15.55:37946)
2024-04-26T01:41:03.983 INFO:teuthology.orchestra.run.smithi055.stdout:/usr/bin/ceph: stderr
2024-04-26T01:41:02.990+0000 7f4cfde00700 1 -- 172.21.15.55:0/1921542470 learned_addr learned my addr 172.21.15.55:0/1921542470 (peer_addr_for_me v2:172.21.15.55:0/0)
2024-04-26T01:41:03.983 INFO:teuthology.orchestra.run.smithi055.stdout:/usr/bin/ceph: stderr
2024-04-26T01:41:02.991+0000 7f4cfde00700 1 -- 172.21.15.55:0/1921542470 --> [v2:172.21.15.55:3300/0,v1:172.21.15.55:6789/0] -- mon_subscribe({config=0+,monmap=0+}) -- 0x7f4d0019ee40 con 0x7f4d0007de80
2024-04-26T01:41:03.983 INFO:teuthology.orchestra.run.smithi055.stdout:/usr/bin/ceph: stderr
2024-04-26T01:41:02.991+0000 7f4cfde00700 1 --2- 172.21.15.55:0/1921542470 >> [v2:172.21.15.55:3300/0,v1:172.21.15.55:6789/0] conn(0x7f4d0007de80 0x7f4d0019e900 secure :-1 s=READY pgs=50 cs=0 l=1 rev1=1 crypto rx=0x7f4cf0004660 tx=0x7f4cf0011aa0 comp rx=0 tx=0).ready entity=mon.0 client_cookie=0 server_cookie=0 in_seq=0 out_seq=0
2024-04-26T01:41:03.983 INFO:teuthology.orchestra.run.smithi055.stdout:/usr/bin/ceph: stderr
2024-04-26T01:41:02.991+0000 7f4cf6a00700 1 -- 172.21.15.55:0/1921542470 <== mon.0 v2:172.21.15.55:3300/0 1 ==== mon_map magic: 0 ==== 205+0+0 (secure 0 0 0) 0x7f4cf0003aa0 con 0x7f4d0007de80
2024-04-26T01:41:03.983 INFO:teuthology.orchestra.run.smithi055.stdout:/usr/bin/ceph: stderr
2024-04-26T01:41:02.991+0000 7f4cf6a00700 1 -- 172.21.15.55:0/1921542470 <== mon.0 v2:172.21.15.55:3300/0 2 ==== config(26 keys) ==== 1101+0+0 (secure 0 0 0) 0x7f4cf001b8f0 con 0x7f4d0007de80
2024-04-26T01:41:03.983 INFO:teuthology.orchestra.run.smithi055.stdout:/usr/bin/ceph: stderr
2024-04-26T01:41:02.991+0000 7f4d05200700 1 -- 172.21.15.55:0/1921542470 --> [v2:172.21.15.55:3300/0,v1:172.21.15.55:6789/0] -- mon_subscribe({mgrmap=0+}) -- 0x7f4d0019f0d0 con 0x7f4d0007de80
2024-04-26T01:41:03.983 INFO:teuthology.orchestra.run.smithi055.stdout:/usr/bin/ceph: stderr
2024-04-26T01:41:02.991+0000 7f4cf6a00700 1 -- 172.21.15.55:0/1921542470 <== mon.0 v2:172.21.15.55:3300/0 3 ==== mon_map magic: 0 ==== 205+0+0 (secure 0 0 0) 0x7f4cf0023900 con 0x7f4d0007de80
2024-04-26T01:41:03.983 INFO:teuthology.orchestra.run.smithi055.stdout:/usr/bin/ceph: stderr
2024-04-26T01:41:02.992+0000 7f4d05200700 1 -- 172.21.15.55:0/1921542470 --> [v2:172.21.15.55:3300/0,v1:172.21.15.55:6789/0] -- mon_subscribe({osdmap=0}) -- 0x7f4d001a1dc0 con 0x7f4d0007de80
2024-04-26T01:41:03.983 INFO:teuthology.orchestra.run.smithi055.stdout:/usr/bin/ceph: stderr
2024-04-26T01:41:02.993+0000 7f4cf6a00700 1 -- 172.21.15.55:0/1921542470 <== mon.0 v2:172.21.15.55:3300/0 4 ==== mgrmap(e 8) ==== 46558+0+0 (secure 0 0 0) 0x7f4cf001baa0 con 0x7f4d0007de80
2024-04-26T01:41:03.983 INFO:teuthology.orchestra.run.smithi055.stdout:/usr/bin/ceph: stderr
2024-04-26T01:41:02.993+0000 7f4d05200700 1 -- 172.21.15.55:0/1921542470 --> [v2:172.21.15.55:3300/0,v1:172.21.15.55:6789/0] -- mon_command({"prefix": "get_command_descriptions"} v 0) -- 0x7f4d000640a0 con 0x7f4d0007de80
2024-04-26T01:41:03.983 INFO:teuthology.orchestra.run.smithi055.stdout:/usr/bin/ceph: stderr
2024-04-26T01:41:02.993+0000 7f4cf6a00700 1 --2- 172.21.15.55:0/1921542470 >> [v2:172.21.15.55:6800/1022478981,v1:172.21.15.55:6801/1022478981] conn(0x7f4ce40395b0 0x7f4ce403ba70 unknown :-1 s=NONE pgs=0 cs=0 l=1 rev1=0 crypto rx=0 tx=0 comp rx=0 tx=0).connect
2024-04-26T01:41:03.983 INFO:teuthology.orchestra.run.smithi055.stdout:/usr/bin/ceph: stderr
2024-04-26T01:41:02.993+0000 7f4cf6a00700 1 -- 172.21.15.55:0/1921542470 <== mon.0 v2:172.21.15.55:3300/0 5 ==== osd_map(2..2 src has 1..2) ==== 940+0+0 (secure 0 0 0) 0x7f4cf004dfc0 con 0x7f4d0007de80
2024-04-26T01:41:03.983 INFO:teuthology.orchestra.run.smithi055.stdout:/usr/bin/ceph: stderr
2024-04-26T01:41:02.994+0000 7f4cfd400700 1 --2- 172.21.15.55:0/1921542470 >> [v2:172.21.15.55:6800/1022478981,v1:172.21.15.55:6801/1022478981] conn(0x7f4ce40395b0 0x7f4ce403ba70 unknown :-1 s=BANNER_CONNECTING pgs=0 cs=0 l=1 rev1=0 crypto rx=0 tx=0 comp rx=0 tx=0)._handle_peer_banner_payload supported=3 required=0
2024-04-26T01:41:03.984 INFO:teuthology.orchestra.run.smithi055.stdout:/usr/bin/ceph: stderr
2024-04-26T01:41:02.994+0000 7f4cfd400700 1 --2- 172.21.15.55:0/1921542470 >> [v2:172.21.15.55:6800/1022478981,v1:172.21.15.55:6801/1022478981] conn(0x7f4ce40395b0 0x7f4ce403ba70 secure :-1 s=READY pgs=13 cs=0 l=1 rev1=1 crypto rx=0x7f4cec006fd0 tx=0x7f4cec006e40 comp rx=0 tx=0).ready entity=mgr.14120 client_cookie=0 server_cookie=0 in_seq=0 out_seq=0
2024-04-26T01:41:03.984 INFO:teuthology.orchestra.run.smithi055.stdout:/usr/bin/ceph: stderr
2024-04-26T01:41:03.004+0000 7f4cf6a00700 1 -- 172.21.15.55:0/1921542470 <== mon.0 v2:172.21.15.55:3300/0 6 ==== mon_command_ack([{"prefix": "get_command_descriptions"}]=0 v0) ==== 72+0+188370 (secure 0 0 0) 0x7f4cf001f030 con 0x7f4d0007de80
2024-04-26T01:41:03.984 INFO:teuthology.orchestra.run.smithi055.stdout:/usr/bin/ceph: stderr
2024-04-26T01:41:03.254+0000 7f4d05200700 1 -- 172.21.15.55:0/1921542470 --> [v2:172.21.15.55:6800/1022478981,v1:172.21.15.55:6801/1022478981] -- mgr_command(tid 0: {"prefix": "orch apply", "service_type": "mgr", "unmanaged": true, "target": ["mon-mgr", ""]}) -- 0x7f4d00062e80 con 0x7f4ce40395b0
2024-04-26T01:41:03.984 INFO:teuthology.orchestra.run.smithi055.stdout:/usr/bin/ceph: stderr
2024-04-26T01:41:03.262+0000 7f4cf6a00700 1 -- 172.21.15.55:0/1921542470 <== mgr.14120 v2:172.21.15.55:6800/1022478981 1 ==== mgr_command_reply(tid 0: 0 ) ==== 8+0+24 (secure 0 0 0) 0x7f4d00062e80 con 0x7f4ce40395b0
2024-04-26T01:41:03.984 INFO:teuthology.orchestra.run.smithi055.stdout:/usr/bin/ceph: stderr
2024-04-26T01:41:03.265+0000 7f4d05200700 1 -- 172.21.15.55:0/1921542470 >> [v2:172.21.15.55:6800/1022478981,v1:172.21.15.55:6801/1022478981] conn(0x7f4ce40395b0 msgr2=0x7f4ce403ba70 secure :-1 s=STATE_CONNECTION_ESTABLISHED l=1).mark_down
2024-04-26T01:41:03.984 INFO:teuthology.orchestra.run.smithi055.stdout:/usr/bin/ceph: stderr
2024-04-26T01:41:03.266+0000 7f4d05200700 1 --2- 172.21.15.55:0/1921542470 >> [v2:172.21.15.55:6800/1022478981,v1:172.21.15.55:6801/1022478981] conn(0x7f4ce40395b0 0x7f4ce403ba70 secure :-1 s=READY pgs=13 cs=0 l=1 rev1=1 crypto rx=0x7f4cec006fd0 tx=0x7f4cec006e40 comp rx=0 tx=0).stop
2024-04-26T01:41:03.984 INFO:teuthology.orchestra.run.smithi055.stdout:/usr/bin/ceph: stderr
2024-04-26T01:41:03.266+0000 7f4d05200700 1 -- 172.21.15.55:0/1921542470 >> [v2:172.21.15.55:3300/0,v1:172.21.15.55:6789/0] conn(0x7f4d0007de80 msgr2=0x7f4d0019e900 secure :-1 s=STATE_CONNECTION_ESTABLISHED l=1).mark_down
2024-04-26T01:41:03.984 INFO:teuthology.orchestra.run.smithi055.stdout:/usr/bin/ceph: stderr
2024-04-26T01:41:03.266+0000 7f4d05200700 1 --2- 172.21.15.55:0/1921542470 >> [v2:172.21.15.55:3300/0,v1:172.21.15.55:6789/0] conn(0x7f4d0007de80 0x7f4d0019e900 secure :-1 s=READY pgs=50 cs=0 l=1 rev1=1 crypto rx=0x7f4cf0004660 tx=0x7f4cf0011aa0 comp rx=0 tx=0).stop
2024-04-26T01:41:03.984 INFO:teuthology.orchestra.run.smithi055.stdout:/usr/bin/ceph: stderr
2024-04-26T01:41:03.266+0000 7f4d05200700 1 -- 172.21.15.55:0/1921542470 shutdown_connections
2024-04-26T01:41:03.984 INFO:teuthology.orchestra.run.smithi055.stdout:/usr/bin/ceph: stderr
2024-04-26T01:41:03.266+0000 7f4d05200700 1 --2- 172.21.15.55:0/1921542470 >> [v2:172.21.15.55:6800/1022478981,v1:172.21.15.55:6801/1022478981] conn(0x7f4ce40395b0 0x7f4ce403ba70 unknown :-1 s=CLOSED pgs=13 cs=0 l=1 rev1=1 crypto rx=0 tx=0 comp rx=0 tx=0).stop
2024-04-26T01:41:03.984 INFO:teuthology.orchestra.run.smithi055.stdout:/usr/bin/ceph: stderr
2024-04-26T01:41:03.266+0000 7f4d05200700 1 --2- 172.21.15.55:0/1921542470 >> [v2:172.21.15.55:3300/0,v1:172.21.15.55:6789/0] conn(0x7f4d0007de80 0x7f4d0019e900 unknown :-1 s=CLOSED pgs=50 cs=0 l=1 rev1=1 crypto rx=0 tx=0 comp rx=0 tx=0).stop
2024-04-26T01:41:03.984 INFO:teuthology.orchestra.run.smithi055.stdout:/usr/bin/ceph: stderr
2024-04-26T01:41:03.266+0000 7f4d05200700 1 -- 172.21.15.55:0/1921542470 >> 172.21.15.55:0/1921542470 conn(0x7f4d00103ab0 msgr2=0x7f4d001047e0 unknown :-1 s=STATE_NONE l=0).mark_down
2024-04-26T01:41:03.984 INFO:teuthology.orchestra.run.smithi055.stdout:/usr/bin/ceph: stderr
2024-04-26T01:41:03.266+0000 7f4d05200700 1 -- 172.21.15.55:0/1921542470 shutdown_connections
2024-04-26T01:41:03.984 INFO:teuthology.orchestra.run.smithi055.stdout:/usr/bin/ceph: stderr
2024-04-26T01:41:03.266+0000 7f4d05200700 1 -- 172.21.15.55:0/1921542470 wait complete.
2024-04-26T01:41:04.827 INFO:journalctl@ceph.mon.a.smithi055.stdout:Apr 26 01:41:04 smithi055 ceph-mon[27809]: pgmap v3: 0 pgs: ; 0 B data, 0 B used, 0 B / 0 B avail
2024-04-26T01:41:05.924 INFO:teuthology.orchestra.run.smithi055.stdout:/usr/bin/ceph: stderr
2024-04-26T01:41:04.563+0000 7fd872200700 1 Processor -- start
2024-04-26T01:41:05.924 INFO:teuthology.orchestra.run.smithi055.stdout:/usr/bin/ceph: stderr
2024-04-26T01:41:04.563+0000 7fd872200700 1 -- start start
2024-04-26T01:41:05.924 INFO:teuthology.orchestra.run.smithi055.stdout:/usr/bin/ceph: stderr
2024-04-26T01:41:04.563+0000 7fd872200700 1 --2- >> [v2:172.21.15.55:3300/0,v1:172.21.15.55:6789/0] conn(0x7fd86c07de60 0x7fd86c07c310 unknown :-1 s=NONE pgs=0 cs=0 l=0 rev1=0 crypto rx=0 tx=0 comp rx=0 tx=0).connect
2024-04-26T01:41:05.924 INFO:teuthology.orchestra.run.smithi055.stdout:/usr/bin/ceph: stderr
2024-04-26T01:41:04.563+0000 7fd872200700 1 -- --> [v2:172.21.15.55:3300/0,v1:172.21.15.55:6789/0] -- mon_getmap magic: 0 -- 0x7fd86c07c8e0 con 0x7fd86c07de60
2024-04-26T01:41:05.924 INFO:teuthology.orchestra.run.smithi055.stdout:/usr/bin/ceph: stderr
2024-04-26T01:41:04.564+0000 7fd86b400700 1 --2- >> [v2:172.21.15.55:3300/0,v1:172.21.15.55:6789/0] conn(0x7fd86c07de60 0x7fd86c07c310 unknown :-1 s=BANNER_CONNECTING pgs=0 cs=0 l=0 rev1=0 crypto rx=0 tx=0 comp rx=0 tx=0)._handle_peer_banner_payload supported=3 required=0
2024-04-26T01:41:05.925 INFO:teuthology.orchestra.run.smithi055.stdout:/usr/bin/ceph: stderr
2024-04-26T01:41:04.564+0000 7fd86b400700 1 --2- >> [v2:172.21.15.55:3300/0,v1:172.21.15.55:6789/0] conn(0x7fd86c07de60 0x7fd86c07c310 unknown :-1 s=HELLO_CONNECTING pgs=0 cs=0 l=0 rev1=1 crypto rx=0 tx=0 comp rx=0 tx=0).handle_hello peer v2:172.21.15.55:3300/0 says I am v2:172.21.15.55:37950/0 (socket says 172.21.15.55:37950)
2024-04-26T01:41:05.925 INFO:teuthology.orchestra.run.smithi055.stdout:/usr/bin/ceph: stderr
2024-04-26T01:41:04.564+0000 7fd86b400700 1 -- 172.21.15.55:0/3829391038 learned_addr learned my addr 172.21.15.55:0/3829391038 (peer_addr_for_me v2:172.21.15.55:0/0)
2024-04-26T01:41:05.925 INFO:teuthology.orchestra.run.smithi055.stdout:/usr/bin/ceph: stderr
2024-04-26T01:41:04.564+0000 7fd86b400700 1 -- 172.21.15.55:0/3829391038 --> [v2:172.21.15.55:3300/0,v1:172.21.15.55:6789/0] -- mon_subscribe({config=0+,monmap=0+}) -- 0x7fd86c07ca60 con 0x7fd86c07de60
2024-04-26T01:41:05.925 INFO:teuthology.orchestra.run.smithi055.stdout:/usr/bin/ceph: stderr
2024-04-26T01:41:04.565+0000 7fd86b400700 1 --2- 172.21.15.55:0/3829391038 >> [v2:172.21.15.55:3300/0,v1:172.21.15.55:6789/0] conn(0x7fd86c07de60 0x7fd86c07c310 secure :-1 s=READY pgs=51 cs=0 l=1 rev1=1 crypto rx=0x7fd85c0098a0 tx=0x7fd85c009bb0 comp rx=0 tx=0).ready entity=mon.0 client_cookie=fdc228c4b5006e60 server_cookie=0 in_seq=0 out_seq=0
2024-04-26T01:41:05.925 INFO:teuthology.orchestra.run.smithi055.stdout:/usr/bin/ceph: stderr
2024-04-26T01:41:04.565+0000 7fd86a000700 1 -- 172.21.15.55:0/3829391038 <== mon.0 v2:172.21.15.55:3300/0 1 ==== mon_map magic: 0 ==== 205+0+0 (secure 0 0 0) 0x7fd85c004160 con 0x7fd86c07de60
2024-04-26T01:41:05.925 INFO:teuthology.orchestra.run.smithi055.stdout:/usr/bin/ceph: stderr
2024-04-26T01:41:04.565+0000 7fd86a000700 1 -- 172.21.15.55:0/3829391038 <== mon.0 v2:172.21.15.55:3300/0 2 ==== config(26 keys) ==== 1101+0+0 (secure 0 0 0) 0x7fd85c004300 con 0x7fd86c07de60
2024-04-26T01:41:05.925 INFO:teuthology.orchestra.run.smithi055.stdout:/usr/bin/ceph: stderr
2024-04-26T01:41:04.565+0000 7fd86a000700 1 -- 172.21.15.55:0/3829391038 <== mon.0 v2:172.21.15.55:3300/0 3 ==== mon_map magic: 0 ==== 205+0+0 (secure 0 0 0) 0x7fd85c011a20 con 0x7fd86c07de60
2024-04-26T01:41:05.925 INFO:teuthology.orchestra.run.smithi055.stdout:/usr/bin/ceph: stderr
2024-04-26T01:41:04.566+0000 7fd872200700 1 -- 172.21.15.55:0/3829391038 >> [v2:172.21.15.55:3300/0,v1:172.21.15.55:6789/0] conn(0x7fd86c07de60 msgr2=0x7fd86c07c310 secure :-1 s=STATE_CONNECTION_ESTABLISHED l=1).mark_down
2024-04-26T01:41:05.925 INFO:teuthology.orchestra.run.smithi055.stdout:/usr/bin/ceph: stderr
2024-04-26T01:41:04.566+0000 7fd872200700 1 --2- 172.21.15.55:0/3829391038 >> [v2:172.21.15.55:3300/0,v1:172.21.15.55:6789/0] conn(0x7fd86c07de60 0x7fd86c07c310 secure :-1 s=READY pgs=51 cs=0 l=1 rev1=1 crypto rx=0x7fd85c0098a0 tx=0x7fd85c009bb0 comp rx=0 tx=0).stop
2024-04-26T01:41:05.925 INFO:teuthology.orchestra.run.smithi055.stdout:/usr/bin/ceph: stderr
2024-04-26T01:41:04.566+0000 7fd872200700 1 -- 172.21.15.55:0/3829391038 shutdown_connections
2024-04-26T01:41:05.925 INFO:teuthology.orchestra.run.smithi055.stdout:/usr/bin/ceph: stderr
2024-04-26T01:41:04.566+0000 7fd872200700 1 --2- 172.21.15.55:0/3829391038 >> [v2:172.21.15.55:3300/0,v1:172.21.15.55:6789/0] conn(0x7fd86c07de60 0x7fd86c07c310 unknown :-1 s=CLOSED pgs=51 cs=0 l=1 rev1=1 crypto rx=0 tx=0 comp rx=0 tx=0).stop
2024-04-26T01:41:05.925 INFO:teuthology.orchestra.run.smithi055.stdout:/usr/bin/ceph: stderr
2024-04-26T01:41:04.566+0000 7fd872200700 1 -- 172.21.15.55:0/3829391038 >> 172.21.15.55:0/3829391038 conn(0x7fd86c103ab0 msgr2=0x7fd86c105ed0 unknown :-1 s=STATE_NONE l=0).mark_down
2024-04-26T01:41:05.925 INFO:teuthology.orchestra.run.smithi055.stdout:/usr/bin/ceph: stderr
2024-04-26T01:41:04.566+0000 7fd872200700 1 -- 172.21.15.55:0/3829391038 shutdown_connections
2024-04-26T01:41:05.925 INFO:teuthology.orchestra.run.smithi055.stdout:/usr/bin/ceph: stderr
2024-04-26T01:41:04.566+0000 7fd872200700 1 -- 172.21.15.55:0/3829391038 wait complete.
2024-04-26T01:41:05.926 INFO:teuthology.orchestra.run.smithi055.stdout:/usr/bin/ceph: stderr
2024-04-26T01:41:04.568+0000 7fd872200700 1 Processor -- start
2024-04-26T01:41:05.926 INFO:teuthology.orchestra.run.smithi055.stdout:/usr/bin/ceph: stderr
2024-04-26T01:41:04.568+0000 7fd872200700 1 -- start start
2024-04-26T01:41:05.926 INFO:teuthology.orchestra.run.smithi055.stdout:/usr/bin/ceph: stderr
2024-04-26T01:41:04.568+0000 7fd872200700 1 --2- >> [v2:172.21.15.55:3300/0,v1:172.21.15.55:6789/0] conn(0x7fd86c07de60 0x7fd86c19e910 unknown :-1 s=NONE pgs=0 cs=0 l=1 rev1=0 crypto rx=0 tx=0 comp rx=0 tx=0).connect
2024-04-26T01:41:05.926 INFO:teuthology.orchestra.run.smithi055.stdout:/usr/bin/ceph: stderr
2024-04-26T01:41:04.568+0000 7fd872200700 1 -- --> [v2:172.21.15.55:3300/0,v1:172.21.15.55:6789/0] -- mon_getmap magic: 0 -- 0x7fd86c10ea90 con 0x7fd86c07de60
2024-04-26T01:41:05.926 INFO:teuthology.orchestra.run.smithi055.stdout:/usr/bin/ceph: stderr
2024-04-26T01:41:04.569+0000 7fd86b400700 1 --2- >> [v2:172.21.15.55:3300/0,v1:172.21.15.55:6789/0] conn(0x7fd86c07de60 0x7fd86c19e910 unknown :-1 s=BANNER_CONNECTING pgs=0 cs=0 l=1 rev1=0 crypto rx=0 tx=0 comp rx=0 tx=0)._handle_peer_banner_payload supported=3 required=0
2024-04-26T01:41:05.926 INFO:teuthology.orchestra.run.smithi055.stdout:/usr/bin/ceph: stderr
2024-04-26T01:41:04.569+0000 7fd86b400700 1 --2- >> [v2:172.21.15.55:3300/0,v1:172.21.15.55:6789/0] conn(0x7fd86c07de60 0x7fd86c19e910 unknown :-1 s=HELLO_CONNECTING pgs=0 cs=0 l=1 rev1=1 crypto rx=0 tx=0 comp rx=0 tx=0).handle_hello peer v2:172.21.15.55:3300/0 says I am v2:172.21.15.55:37966/0 (socket says 172.21.15.55:37966)
2024-04-26T01:41:05.926 INFO:teuthology.orchestra.run.smithi055.stdout:/usr/bin/ceph: stderr
2024-04-26T01:41:04.569+0000 7fd86b400700 1 -- 172.21.15.55:0/2124027928 learned_addr learned my addr 172.21.15.55:0/2124027928 (peer_addr_for_me v2:172.21.15.55:0/0)
2024-04-26T01:41:05.926 INFO:teuthology.orchestra.run.smithi055.stdout:/usr/bin/ceph: stderr
2024-04-26T01:41:04.569+0000 7fd86b400700 1 -- 172.21.15.55:0/2124027928 --> [v2:172.21.15.55:3300/0,v1:172.21.15.55:6789/0] -- mon_subscribe({config=0+,monmap=0+}) -- 0x7fd86c19ee50 con 0x7fd86c07de60
2024-04-26T01:41:05.926 INFO:teuthology.orchestra.run.smithi055.stdout:/usr/bin/ceph: stderr
2024-04-26T01:41:04.570+0000 7fd86b400700 1 --2- 172.21.15.55:0/2124027928 >> [v2:172.21.15.55:3300/0,v1:172.21.15.55:6789/0] conn(0x7fd86c07de60 0x7fd86c19e910 secure :-1 s=READY pgs=52 cs=0 l=1 rev1=1 crypto rx=0x7fd85c004660 tx=0x7fd85c011aa0 comp rx=0 tx=0).ready entity=mon.0 client_cookie=0 server_cookie=0 in_seq=0 out_seq=0
2024-04-26T01:41:05.926 INFO:teuthology.orchestra.run.smithi055.stdout:/usr/bin/ceph: stderr
2024-04-26T01:41:04.570+0000 7fd863e00700 1 -- 172.21.15.55:0/2124027928 <== mon.0 v2:172.21.15.55:3300/0 1 ==== mon_map magic: 0 ==== 205+0+0 (secure 0 0 0) 0x7fd85c003aa0 con 0x7fd86c07de60
2024-04-26T01:41:05.926 INFO:teuthology.orchestra.run.smithi055.stdout:/usr/bin/ceph: stderr
2024-04-26T01:41:04.570+0000 7fd863e00700 1 -- 172.21.15.55:0/2124027928 <== mon.0 v2:172.21.15.55:3300/0 2 ==== config(26 keys) ==== 1101+0+0 (secure 0 0 0) 0x7fd85c01b8f0 con 0x7fd86c07de60
2024-04-26T01:41:05.926 INFO:teuthology.orchestra.run.smithi055.stdout:/usr/bin/ceph: stderr
2024-04-26T01:41:04.570+0000 7fd872200700 1 -- 172.21.15.55:0/2124027928 --> [v2:172.21.15.55:3300/0,v1:172.21.15.55:6789/0] -- mon_subscribe({mgrmap=0+}) -- 0x7fd86c19f0e0 con 0x7fd86c07de60
2024-04-26T01:41:05.926 INFO:teuthology.orchestra.run.smithi055.stdout:/usr/bin/ceph: stderr
2024-04-26T01:41:04.570+0000 7fd863e00700 1 -- 172.21.15.55:0/2124027928 <== mon.0 v2:172.21.15.55:3300/0 3 ==== mon_map magic: 0 ==== 205+0+0 (secure 0 0 0) 0x7fd85c023900 con 0x7fd86c07de60
2024-04-26T01:41:05.927 INFO:teuthology.orchestra.run.smithi055.stdout:/usr/bin/ceph: stderr
2024-04-26T01:41:04.570+0000 7fd872200700 1 -- 172.21.15.55:0/2124027928 --> [v2:172.21.15.55:3300/0,v1:172.21.15.55:6789/0] -- mon_subscribe({osdmap=0}) -- 0x7fd86c1a1dd0 con 0x7fd86c07de60
2024-04-26T01:41:05.927 INFO:teuthology.orchestra.run.smithi055.stdout:/usr/bin/ceph: stderr
2024-04-26T01:41:04.571+0000 7fd872200700 1 -- 172.21.15.55:0/2124027928 --> [v2:172.21.15.55:3300/0,v1:172.21.15.55:6789/0] -- mon_command({"prefix": "get_command_descriptions"} v 0) -- 0x7fd86c0640a0 con 0x7fd86c07de60
2024-04-26T01:41:05.927 INFO:teuthology.orchestra.run.smithi055.stdout:/usr/bin/ceph: stderr
2024-04-26T01:41:04.571+0000 7fd863e00700 1 -- 172.21.15.55:0/2124027928 <== mon.0 v2:172.21.15.55:3300/0 4 ==== mgrmap(e 8) ==== 46558+0+0 (secure 0 0 0) 0x7fd85c023bc0 con 0x7fd86c07de60
2024-04-26T01:41:05.927 INFO:teuthology.orchestra.run.smithi055.stdout:/usr/bin/ceph: stderr
2024-04-26T01:41:04.572+0000 7fd863e00700 1 --2- 172.21.15.55:0/2124027928 >> [v2:172.21.15.55:6800/1022478981,v1:172.21.15.55:6801/1022478981] conn(0x7fd8500395b0 0x7fd85003ba70 unknown :-1 s=NONE pgs=0 cs=0 l=1 rev1=0 crypto rx=0 tx=0 comp rx=0 tx=0).connect
2024-04-26T01:41:05.927 INFO:teuthology.orchestra.run.smithi055.stdout:/usr/bin/ceph: stderr
2024-04-26T01:41:04.572+0000 7fd863e00700 1 -- 172.21.15.55:0/2124027928 <== mon.0 v2:172.21.15.55:3300/0 5 ==== osd_map(2..2 src has 1..2) ==== 940+0+0 (secure 0 0 0) 0x7fd85c04df90 con 0x7fd86c07de60
2024-04-26T01:41:05.927 INFO:teuthology.orchestra.run.smithi055.stdout:/usr/bin/ceph: stderr
2024-04-26T01:41:04.573+0000 7fd86aa00700 1 --2- 172.21.15.55:0/2124027928 >> [v2:172.21.15.55:6800/1022478981,v1:172.21.15.55:6801/1022478981] conn(0x7fd8500395b0 0x7fd85003ba70 unknown :-1 s=BANNER_CONNECTING pgs=0 cs=0 l=1 rev1=0 crypto rx=0 tx=0 comp rx=0 tx=0)._handle_peer_banner_payload supported=3 required=0
2024-04-26T01:41:05.927 INFO:teuthology.orchestra.run.smithi055.stdout:/usr/bin/ceph: stderr
2024-04-26T01:41:04.573+0000 7fd86aa00700 1 --2- 172.21.15.55:0/2124027928 >> [v2:172.21.15.55:6800/1022478981,v1:172.21.15.55:6801/1022478981] conn(0x7fd8500395b0 0x7fd85003ba70 secure :-1 s=READY pgs=14 cs=0 l=1 rev1=1 crypto rx=0x7fd858006fd0 tx=0x7fd858006e40 comp rx=0 tx=0).ready entity=mgr.14120 client_cookie=0 server_cookie=0 in_seq=0 out_seq=0
2024-04-26T01:41:05.927 INFO:teuthology.orchestra.run.smithi055.stdout:/usr/bin/ceph: stderr
2024-04-26T01:41:04.578+0000 7fd863e00700 1 -- 172.21.15.55:0/2124027928 <== mon.0 v2:172.21.15.55:3300/0 6 ==== mon_command_ack([{"prefix": "get_command_descriptions"}]=0 v0) ==== 72+0+188370 (secure 0 0 0) 0x7fd85c01f030 con 0x7fd86c07de60
2024-04-26T01:41:05.927 INFO:teuthology.orchestra.run.smithi055.stdout:/usr/bin/ceph: stderr
2024-04-26T01:41:04.830+0000 7fd872200700 1 -- 172.21.15.55:0/2124027928 --> [v2:172.21.15.55:3300/0,v1:172.21.15.55:6789/0] -- mon_command([{prefix=config set, name=mgr/cephadm/container_init}] v 0) -- 0x7fd86c02df80 con 0x7fd86c07de60
2024-04-26T01:41:05.927 INFO:teuthology.orchestra.run.smithi055.stdout:/usr/bin/ceph: stderr
2024-04-26T01:41:04.834+0000 7fd863e00700 1 -- 172.21.15.55:0/2124027928 <== mon.0 v2:172.21.15.55:3300/0 7 ==== mon_command_ack([{prefix=config set, name=mgr/cephadm/container_init}]=0 v7)=0 v7) ==== 142+0+0 (secure 0 0 0) 0x7fd85c010380 con 0x7fd86c07de60
2024-04-26T01:41:05.927 INFO:teuthology.orchestra.run.smithi055.stdout:/usr/bin/ceph: stderr
2024-04-26T01:41:04.836+0000 7fd872200700 1 -- 172.21.15.55:0/2124027928 >> [v2:172.21.15.55:6800/1022478981,v1:172.21.15.55:6801/1022478981] conn(0x7fd8500395b0 msgr2=0x7fd85003ba70 secure :-1 s=STATE_CONNECTION_ESTABLISHED l=1).mark_down
2024-04-26T01:41:05.927 INFO:teuthology.orchestra.run.smithi055.stdout:/usr/bin/ceph: stderr
2024-04-26T01:41:04.837+0000 7fd872200700 1 --2- 172.21.15.55:0/2124027928 >> [v2:172.21.15.55:6800/1022478981,v1:172.21.15.55:6801/1022478981] conn(0x7fd8500395b0 0x7fd85003ba70 secure :-1 s=READY pgs=14 cs=0 l=1 rev1=1 crypto rx=0x7fd858006fd0 tx=0x7fd858006e40 comp rx=0 tx=0).stop
2024-04-26T01:41:05.927 INFO:teuthology.orchestra.run.smithi055.stdout:/usr/bin/ceph: stderr
2024-04-26T01:41:04.837+0000 7fd872200700 1 -- 172.21.15.55:0/2124027928 >> [v2:172.21.15.55:3300/0,v1:172.21.15.55:6789/0] conn(0x7fd86c07de60 msgr2=0x7fd86c19e910 secure :-1 s=STATE_CONNECTION_ESTABLISHED l=1).mark_down
2024-04-26T01:41:05.927 INFO:teuthology.orchestra.run.smithi055.stdout:/usr/bin/ceph: stderr
2024-04-26T01:41:04.837+0000 7fd872200700 1 --2- 172.21.15.55:0/2124027928 >> [v2:172.21.15.55:3300/0,v1:172.21.15.55:6789/0] conn(0x7fd86c07de60 0x7fd86c19e910 secure :-1 s=READY pgs=52 cs=0 l=1 rev1=1 crypto rx=0x7fd85c004660 tx=0x7fd85c011aa0 comp rx=0 tx=0).stop
2024-04-26T01:41:05.928 INFO:teuthology.orchestra.run.smithi055.stdout:/usr/bin/ceph: stderr
2024-04-26T01:41:04.837+0000 7fd872200700 1 -- 172.21.15.55:0/2124027928 shutdown_connections
2024-04-26T01:41:05.928 INFO:teuthology.orchestra.run.smithi055.stdout:/usr/bin/ceph: stderr
2024-04-26T01:41:04.837+0000 7fd872200700 1 --2- 172.21.15.55:0/2124027928 >> [v2:172.21.15.55:6800/1022478981,v1:172.21.15.55:6801/1022478981] conn(0x7fd8500395b0 0x7fd85003ba70 unknown :-1 s=CLOSED pgs=14 cs=0 l=1 rev1=1 crypto rx=0 tx=0 comp rx=0 tx=0).stop
2024-04-26T01:41:05.928 INFO:teuthology.orchestra.run.smithi055.stdout:/usr/bin/ceph: stderr
2024-04-26T01:41:04.837+0000 7fd872200700 1 --2- 172.21.15.55:0/2124027928 >> [v2:172.21.15.55:3300/0,v1:172.21.15.55:6789/0] conn(0x7fd86c07de60 0x7fd86c19e910 unknown :-1 s=CLOSED pgs=52 cs=0 l=1 rev1=1 crypto rx=0 tx=0 comp rx=0 tx=0).stop
2024-04-26T01:41:05.928 INFO:teuthology.orchestra.run.smithi055.stdout:/usr/bin/ceph: stderr
2024-04-26T01:41:04.837+0000 7fd872200700 1 -- 172.21.15.55:0/2124027928 >> 172.21.15.55:0/2124027928 conn(0x7fd86c103ab0 msgr2=0x7fd86c104820 unknown :-1 s=STATE_NONE l=0).mark_down
2024-04-26T01:41:05.928 INFO:teuthology.orchestra.run.smithi055.stdout:/usr/bin/ceph: stderr
2024-04-26T01:41:04.837+0000 7fd872200700 1 -- 172.21.15.55:0/2124027928 shutdown_connections
2024-04-26T01:41:05.928 INFO:teuthology.orchestra.run.smithi055.stdout:/usr/bin/ceph: stderr
2024-04-26T01:41:04.837+0000 7fd872200700 1 -- 172.21.15.55:0/2124027928 wait complete.
2024-04-26T01:41:06.112 INFO:journalctl@ceph.mon.a.smithi055.stdout:Apr 26 01:41:05 smithi055 ceph-mon[27809]: from='client.? 172.21.15.55:0/2124027928' entity='client.admin'
2024-04-26T01:41:07.375 INFO:journalctl@ceph.mon.a.smithi055.stdout:Apr 26 01:41:07 smithi055 ceph-mon[27809]: pgmap v4: 0 pgs: ; 0 B data, 0 B used, 0 B / 0 B avail
2024-04-26T01:41:07.375 INFO:journalctl@ceph.mon.a.smithi055.stdout:Apr 26 01:41:07 smithi055 ceph-mon[27809]: from='mgr.14120 172.21.15.55:0/1880314114' entity='mgr.x'
2024-04-26T01:41:07.375 INFO:journalctl@ceph.mon.a.smithi055.stdout:Apr 26 01:41:07 smithi055 ceph-mon[27809]: from='client.? 172.21.15.55:0/3634284963' entity='client.admin'
2024-04-26T01:41:07.516 INFO:teuthology.orchestra.run.smithi055.stdout:/usr/bin/ceph: stderr
2024-04-26T01:41:06.563+0000 7fd2e8400700 1 Processor -- start
2024-04-26T01:41:07.516 INFO:teuthology.orchestra.run.smithi055.stdout:/usr/bin/ceph: stderr
2024-04-26T01:41:06.563+0000 7fd2e8400700 1 -- start start
2024-04-26T01:41:07.516 INFO:teuthology.orchestra.run.smithi055.stdout:/usr/bin/ceph: stderr
2024-04-26T01:41:06.564+0000 7fd2e8400700 1 --2- >> [v2:172.21.15.55:3300/0,v1:172.21.15.55:6789/0] conn(0x7fd2e0108f00 0x7fd2e010b2f0 unknown :-1 s=NONE pgs=0 cs=0 l=0 rev1=0 crypto rx=0 tx=0 comp rx=0 tx=0).connect
2024-04-26T01:41:07.516 INFO:teuthology.orchestra.run.smithi055.stdout:/usr/bin/ceph: stderr
2024-04-26T01:41:06.564+0000 7fd2e8400700 1 -- --> [v2:172.21.15.55:3300/0,v1:172.21.15.55:6789/0] -- mon_getmap magic: 0 -- 0x7fd2e007bec0 con 0x7fd2e0108f00
2024-04-26T01:41:07.516 INFO:teuthology.orchestra.run.smithi055.stdout:/usr/bin/ceph: stderr
2024-04-26T01:41:06.564+0000 7fd2e5a00700 1 --2- >> [v2:172.21.15.55:3300/0,v1:172.21.15.55:6789/0] conn(0x7fd2e0108f00 0x7fd2e010b2f0 unknown :-1 s=BANNER_CONNECTING pgs=0 cs=0 l=0 rev1=0 crypto rx=0 tx=0 comp rx=0 tx=0)._handle_peer_banner_payload supported=3 required=0
2024-04-26T01:41:07.516 INFO:teuthology.orchestra.run.smithi055.stdout:/usr/bin/ceph: stderr
2024-04-26T01:41:06.564+0000 7fd2e5a00700 1 --2- >> [v2:172.21.15.55:3300/0,v1:172.21.15.55:6789/0] conn(0x7fd2e0108f00 0x7fd2e010b2f0 unknown :-1 s=HELLO_CONNECTING pgs=0 cs=0 l=0 rev1=1 crypto rx=0 tx=0 comp rx=0 tx=0).handle_hello peer v2:172.21.15.55:3300/0 says I am v2:172.21.15.55:57612/0 (socket says 172.21.15.55:57612)
2024-04-26T01:41:07.516 INFO:teuthology.orchestra.run.smithi055.stdout:/usr/bin/ceph: stderr
2024-04-26T01:41:06.564+0000 7fd2e5a00700 1 -- 172.21.15.55:0/4234152827 learned_addr learned my addr 172.21.15.55:0/4234152827 (peer_addr_for_me v2:172.21.15.55:0/0)
2024-04-26T01:41:07.516 INFO:teuthology.orchestra.run.smithi055.stdout:/usr/bin/ceph: stderr
2024-04-26T01:41:06.565+0000 7fd2e5a00700 1 -- 172.21.15.55:0/4234152827 --> [v2:172.21.15.55:3300/0,v1:172.21.15.55:6789/0] -- mon_subscribe({config=0+,monmap=0+}) -- 0x7fd2e010b830 con 0x7fd2e0108f00
2024-04-26T01:41:07.516 INFO:teuthology.orchestra.run.smithi055.stdout:/usr/bin/ceph: stderr
2024-04-26T01:41:06.565+0000 7fd2e5a00700 1 --2- 172.21.15.55:0/4234152827 >> [v2:172.21.15.55:3300/0,v1:172.21.15.55:6789/0] conn(0x7fd2e0108f00 0x7fd2e010b2f0 secure :-1 s=READY pgs=53 cs=0 l=1 rev1=1 crypto rx=0x7fd2d40098a0 tx=0x7fd2d4009bb0 comp rx=0 tx=0).ready entity=mon.0 client_cookie=fdd99ce5bc34e302 server_cookie=0 in_seq=0 out_seq=0
2024-04-26T01:41:07.516 INFO:teuthology.orchestra.run.smithi055.stdout:/usr/bin/ceph: stderr
2024-04-26T01:41:06.566+0000 7fd2dfe00700 1 -- 172.21.15.55:0/4234152827 <== mon.0 v2:172.21.15.55:3300/0 1 ==== mon_map magic: 0 ==== 205+0+0 (secure 0 0 0) 0x7fd2d4004160 con 0x7fd2e0108f00
2024-04-26T01:41:07.516 INFO:teuthology.orchestra.run.smithi055.stdout:/usr/bin/ceph: stderr
2024-04-26T01:41:06.566+0000 7fd2dfe00700 1 -- 172.21.15.55:0/4234152827 <== mon.0 v2:172.21.15.55:3300/0 2 ==== config(26 keys) ==== 1101+0+0 (secure 0 0 0) 0x7fd2d4004300 con 0x7fd2e0108f00
2024-04-26T01:41:07.516 INFO:teuthology.orchestra.run.smithi055.stdout:/usr/bin/ceph: stderr
2024-04-26T01:41:06.566+0000 7fd2dfe00700 1 -- 172.21.15.55:0/4234152827 <== mon.0 v2:172.21.15.55:3300/0 3 ==== mon_map magic: 0 ==== 205+0+0 (secure 0 0 0) 0x7fd2d4011a20 con 0x7fd2e0108f00
2024-04-26T01:41:07.517 INFO:teuthology.orchestra.run.smithi055.stdout:/usr/bin/ceph: stderr
2024-04-26T01:41:06.566+0000 7fd2e8400700 1 -- 172.21.15.55:0/4234152827 >> [v2:172.21.15.55:3300/0,v1:172.21.15.55:6789/0] conn(0x7fd2e0108f00 msgr2=0x7fd2e010b2f0 secure :-1 s=STATE_CONNECTION_ESTABLISHED l=1).mark_down
2024-04-26T01:41:07.517 INFO:teuthology.orchestra.run.smithi055.stdout:/usr/bin/ceph: stderr
2024-04-26T01:41:06.566+0000 7fd2e8400700 1 --2- 172.21.15.55:0/4234152827 >> [v2:172.21.15.55:3300/0,v1:172.21.15.55:6789/0] conn(0x7fd2e0108f00 0x7fd2e010b2f0 secure :-1 s=READY pgs=53 cs=0 l=1 rev1=1 crypto rx=0x7fd2d40098a0 tx=0x7fd2d4009bb0 comp rx=0 tx=0).stop
2024-04-26T01:41:07.517 INFO:teuthology.orchestra.run.smithi055.stdout:/usr/bin/ceph: stderr
2024-04-26T01:41:06.567+0000 7fd2e8400700 1 -- 172.21.15.55:0/4234152827 shutdown_connections
2024-04-26T01:41:07.517 INFO:teuthology.orchestra.run.smithi055.stdout:/usr/bin/ceph: stderr
2024-04-26T01:41:06.567+0000 7fd2e8400700 1 --2- 172.21.15.55:0/4234152827 >> [v2:172.21.15.55:3300/0,v1:172.21.15.55:6789/0] conn(0x7fd2e0108f00 0x7fd2e010b2f0 unknown :-1 s=CLOSED pgs=53 cs=0 l=1 rev1=1 crypto rx=0 tx=0 comp rx=0 tx=0).stop
2024-04-26T01:41:07.517 INFO:teuthology.orchestra.run.smithi055.stdout:/usr/bin/ceph: stderr
2024-04-26T01:41:06.567+0000 7fd2e8400700 1 -- 172.21.15.55:0/4234152827 >> 172.21.15.55:0/4234152827 conn(0x7fd2e01029b0 msgr2=0x7fd2e0104dd0 unknown :-1 s=STATE_NONE l=0).mark_down
2024-04-26T01:41:07.517 INFO:teuthology.orchestra.run.smithi055.stdout:/usr/bin/ceph: stderr
2024-04-26T01:41:06.567+0000 7fd2e8400700 1 -- 172.21.15.55:0/4234152827 shutdown_connections
2024-04-26T01:41:07.517 INFO:teuthology.orchestra.run.smithi055.stdout:/usr/bin/ceph: stderr
2024-04-26T01:41:06.567+0000 7fd2e8400700 1 -- 172.21.15.55:0/4234152827 wait complete.
2024-04-26T01:41:07.517 INFO:teuthology.orchestra.run.smithi055.stdout:/usr/bin/ceph: stderr
2024-04-26T01:41:06.568+0000 7fd2e8400700 1 Processor -- start
2024-04-26T01:41:07.517 INFO:teuthology.orchestra.run.smithi055.stdout:/usr/bin/ceph: stderr
2024-04-26T01:41:06.568+0000 7fd2e8400700 1 -- start start
2024-04-26T01:41:07.517 INFO:teuthology.orchestra.run.smithi055.stdout:/usr/bin/ceph: stderr
2024-04-26T01:41:06.569+0000 7fd2e8400700 1 --2- >> [v2:172.21.15.55:3300/0,v1:172.21.15.55:6789/0] conn(0x7fd2e0108f00 0x7fd2e019e5f0 unknown :-1 s=NONE pgs=0 cs=0 l=1 rev1=0 crypto rx=0 tx=0 comp rx=0 tx=0).connect
2024-04-26T01:41:07.517 INFO:teuthology.orchestra.run.smithi055.stdout:/usr/bin/ceph: stderr
2024-04-26T01:41:06.569+0000 7fd2e8400700 1 -- --> [v2:172.21.15.55:3300/0,v1:172.21.15.55:6789/0] -- mon_getmap magic: 0 -- 0x7fd2e010c840 con 0x7fd2e0108f00
2024-04-26T01:41:07.517 INFO:teuthology.orchestra.run.smithi055.stdout:/usr/bin/ceph: stderr
2024-04-26T01:41:06.569+0000 7fd2e5a00700 1 --2- >> [v2:172.21.15.55:3300/0,v1:172.21.15.55:6789/0] conn(0x7fd2e0108f00 0x7fd2e019e5f0 unknown :-1 s=BANNER_CONNECTING pgs=0 cs=0 l=1 rev1=0 crypto rx=0 tx=0 comp rx=0 tx=0)._handle_peer_banner_payload supported=3 required=0
2024-04-26T01:41:07.518 INFO:teuthology.orchestra.run.smithi055.stdout:/usr/bin/ceph: stderr
2024-04-26T01:41:06.569+0000 7fd2e5a00700 1 --2- >> [v2:172.21.15.55:3300/0,v1:172.21.15.55:6789/0] conn(0x7fd2e0108f00 0x7fd2e019e5f0 unknown :-1 s=HELLO_CONNECTING pgs=0 cs=0 l=1 rev1=1 crypto rx=0 tx=0 comp rx=0 tx=0).handle_hello peer v2:172.21.15.55:3300/0 says I am v2:172.21.15.55:57622/0 (socket says 172.21.15.55:57622)
2024-04-26T01:41:07.518 INFO:teuthology.orchestra.run.smithi055.stdout:/usr/bin/ceph: stderr
2024-04-26T01:41:06.569+0000 7fd2e5a00700 1 -- 172.21.15.55:0/3634284963 learned_addr learned my addr 172.21.15.55:0/3634284963 (peer_addr_for_me v2:172.21.15.55:0/0)
2024-04-26T01:41:07.518 INFO:teuthology.orchestra.run.smithi055.stdout:/usr/bin/ceph: stderr
2024-04-26T01:41:06.570+0000 7fd2e5a00700 1 -- 172.21.15.55:0/3634284963 --> [v2:172.21.15.55:3300/0,v1:172.21.15.55:6789/0] -- mon_subscribe({config=0+,monmap=0+}) -- 0x7fd2e019eb30 con 0x7fd2e0108f00
2024-04-26T01:41:07.518 INFO:teuthology.orchestra.run.smithi055.stdout:/usr/bin/ceph: stderr
2024-04-26T01:41:06.570+0000 7fd2e5a00700 1 --2- 172.21.15.55:0/3634284963 >> [v2:172.21.15.55:3300/0,v1:172.21.15.55:6789/0] conn(0x7fd2e0108f00 0x7fd2e019e5f0 secure :-1 s=READY pgs=54 cs=0 l=1 rev1=1 crypto rx=0x7fd2d40116e0 tx=0x7fd2d4011aa0 comp rx=0 tx=0).ready entity=mon.0 client_cookie=0 server_cookie=0 in_seq=0 out_seq=0
2024-04-26T01:41:07.518 INFO:teuthology.orchestra.run.smithi055.stdout:/usr/bin/ceph: stderr
2024-04-26T01:41:06.570+0000 7fd2de000700 1 -- 172.21.15.55:0/3634284963 <== mon.0 v2:172.21.15.55:3300/0 1 ==== mon_map magic: 0 ==== 205+0+0 (secure 0 0 0) 0x7fd2d4003b20 con 0x7fd2e0108f00
2024-04-26T01:41:07.518 INFO:teuthology.orchestra.run.smithi055.stdout:/usr/bin/ceph: stderr
2024-04-26T01:41:06.570+0000 7fd2de000700 1 -- 172.21.15.55:0/3634284963 <== mon.0 v2:172.21.15.55:3300/0 2 ==== config(26 keys) ==== 1101+0+0 (secure 0 0 0) 0x7fd2d401b8f0 con 0x7fd2e0108f00
2024-04-26T01:41:07.518 INFO:teuthology.orchestra.run.smithi055.stdout:/usr/bin/ceph: stderr
2024-04-26T01:41:06.570+0000 7fd2de000700 1 -- 172.21.15.55:0/3634284963 <== mon.0 v2:172.21.15.55:3300/0 3 ==== mon_map magic: 0 ==== 205+0+0 (secure 0 0 0) 0x7fd2d40238c0 con 0x7fd2e0108f00
2024-04-26T01:41:07.518 INFO:teuthology.orchestra.run.smithi055.stdout:/usr/bin/ceph: stderr
2024-04-26T01:41:06.570+0000 7fd2e8400700 1 -- 172.21.15.55:0/3634284963 --> [v2:172.21.15.55:3300/0,v1:172.21.15.55:6789/0] -- mon_subscribe({mgrmap=0+}) -- 0x7fd2e019edc0 con 0x7fd2e0108f00
2024-04-26T01:41:07.518 INFO:teuthology.orchestra.run.smithi055.stdout:/usr/bin/ceph: stderr
2024-04-26T01:41:06.571+0000 7fd2e8400700 1 -- 172.21.15.55:0/3634284963 --> [v2:172.21.15.55:3300/0,v1:172.21.15.55:6789/0] -- mon_subscribe({osdmap=0}) -- 0x7fd2e01a1ab0 con 0x7fd2e0108f00
2024-04-26T01:41:07.518 INFO:teuthology.orchestra.run.smithi055.stdout:/usr/bin/ceph: stderr
2024-04-26T01:41:06.572+0000 7fd2e8400700 1 -- 172.21.15.55:0/3634284963 --> [v2:172.21.15.55:3300/0,v1:172.21.15.55:6789/0] -- mon_command({"prefix": "get_command_descriptions"} v 0) -- 0x7fd2e00640a0 con 0x7fd2e0108f00
2024-04-26T01:41:07.518 INFO:teuthology.orchestra.run.smithi055.stdout:/usr/bin/ceph: stderr
2024-04-26T01:41:06.572+0000 7fd2de000700 1 -- 172.21.15.55:0/3634284963 <== mon.0 v2:172.21.15.55:3300/0 4 ==== mgrmap(e 8) ==== 46558+0+0 (secure 0 0 0) 0x7fd2d401baa0 con 0x7fd2e0108f00
2024-04-26T01:41:07.518 INFO:teuthology.orchestra.run.smithi055.stdout:/usr/bin/ceph: stderr
