2024-04-26T01:40:31.588 INFO:teuthology.orchestra.run.smithi055.stdout:/usr/bin/ceph: stdout "a"
2024-04-26T01:40:31.588 INFO:teuthology.orchestra.run.smithi055.stdout:/usr/bin/ceph: stdout ],
2024-04-26T01:40:31.588 INFO:teuthology.orchestra.run.smithi055.stdout:/usr/bin/ceph: stdout "quorum_age": 14,
2024-04-26T01:40:31.588 INFO:teuthology.orchestra.run.smithi055.stdout:/usr/bin/ceph: stdout "monmap": {
2024-04-26T01:40:31.588 INFO:teuthology.orchestra.run.smithi055.stdout:/usr/bin/ceph: stdout "epoch": 1,
2024-04-26T01:40:31.588 INFO:teuthology.orchestra.run.smithi055.stdout:/usr/bin/ceph: stdout "min_mon_release_name": "squid",
2024-04-26T01:40:31.588 INFO:teuthology.orchestra.run.smithi055.stdout:/usr/bin/ceph: stdout "num_mons": 1
2024-04-26T01:40:31.588 INFO:teuthology.orchestra.run.smithi055.stdout:/usr/bin/ceph: stdout },
2024-04-26T01:40:31.588 INFO:teuthology.orchestra.run.smithi055.stdout:/usr/bin/ceph: stdout "osdmap": {
2024-04-26T01:40:31.588 INFO:teuthology.orchestra.run.smithi055.stdout:/usr/bin/ceph: stdout "epoch": 1,
2024-04-26T01:40:31.588 INFO:teuthology.orchestra.run.smithi055.stdout:/usr/bin/ceph: stdout "num_osds": 0,
2024-04-26T01:40:31.588 INFO:teuthology.orchestra.run.smithi055.stdout:/usr/bin/ceph: stdout "num_up_osds": 0,
2024-04-26T01:40:31.589 INFO:teuthology.orchestra.run.smithi055.stdout:/usr/bin/ceph: stdout "osd_up_since": 0,
2024-04-26T01:40:31.597 INFO:teuthology.orchestra.run.smithi055.stdout:/usr/bin/ceph: stdout "num_in_osds": 0,
2024-04-26T01:40:31.597 INFO:teuthology.orchestra.run.smithi055.stdout:/usr/bin/ceph: stdout "osd_in_since": 0,
2024-04-26T01:40:31.597 INFO:teuthology.orchestra.run.smithi055.stdout:/usr/bin/ceph: stdout "num_remapped_pgs": 0
2024-04-26T01:40:31.597 INFO:teuthology.orchestra.run.smithi055.stdout:/usr/bin/ceph: stdout },
2024-04-26T01:40:31.597 INFO:teuthology.orchestra.run.smithi055.stdout:/usr/bin/ceph: stdout "pgmap": {
2024-04-26T01:40:31.597 INFO:teuthology.orchestra.run.smithi055.stdout:/usr/bin/ceph: stdout "pgs_by_state": [],
2024-04-26T01:40:31.597 INFO:teuthology.orchestra.run.smithi055.stdout:/usr/bin/ceph: stdout "num_pgs": 0,
2024-04-26T01:40:31.598 INFO:teuthology.orchestra.run.smithi055.stdout:/usr/bin/ceph: stdout "num_pools": 0,
2024-04-26T01:40:31.598 INFO:teuthology.orchestra.run.smithi055.stdout:/usr/bin/ceph: stdout "num_objects": 0,
2024-04-26T01:40:31.598 INFO:teuthology.orchestra.run.smithi055.stdout:/usr/bin/ceph: stdout "data_bytes": 0,
2024-04-26T01:40:31.598 INFO:teuthology.orchestra.run.smithi055.stdout:/usr/bin/ceph: stdout "bytes_used": 0,
2024-04-26T01:40:31.598 INFO:teuthology.orchestra.run.smithi055.stdout:/usr/bin/ceph: stdout "bytes_avail": 0,
2024-04-26T01:40:31.598 INFO:teuthology.orchestra.run.smithi055.stdout:/usr/bin/ceph: stdout "bytes_total": 0
2024-04-26T01:40:31.598 INFO:teuthology.orchestra.run.smithi055.stdout:/usr/bin/ceph: stdout },
2024-04-26T01:40:31.598 INFO:teuthology.orchestra.run.smithi055.stdout:/usr/bin/ceph: stdout "fsmap": {
2024-04-26T01:40:31.598 INFO:teuthology.orchestra.run.smithi055.stdout:/usr/bin/ceph: stdout "epoch": 1,
2024-04-26T01:40:31.598 INFO:teuthology.orchestra.run.smithi055.stdout:/usr/bin/ceph: stdout "by_rank": [],
2024-04-26T01:40:31.598 INFO:teuthology.orchestra.run.smithi055.stdout:/usr/bin/ceph: stdout "up:standby": 0
2024-04-26T01:40:31.598 INFO:teuthology.orchestra.run.smithi055.stdout:/usr/bin/ceph: stdout },
2024-04-26T01:40:31.598 INFO:teuthology.orchestra.run.smithi055.stdout:/usr/bin/ceph: stdout "mgrmap": {
2024-04-26T01:40:31.599 INFO:teuthology.orchestra.run.smithi055.stdout:/usr/bin/ceph: stdout "available": true,
2024-04-26T01:40:31.599 INFO:teuthology.orchestra.run.smithi055.stdout:/usr/bin/ceph: stdout "num_standbys": 0,
2024-04-26T01:40:31.599 INFO:teuthology.orchestra.run.smithi055.stdout:/usr/bin/ceph: stdout "modules": [
2024-04-26T01:40:31.599 INFO:teuthology.orchestra.run.smithi055.stdout:/usr/bin/ceph: stdout "iostat",
2024-04-26T01:40:31.599 INFO:teuthology.orchestra.run.smithi055.stdout:/usr/bin/ceph: stdout "nfs",
2024-04-26T01:40:31.599 INFO:teuthology.orchestra.run.smithi055.stdout:/usr/bin/ceph: stdout "restful"
2024-04-26T01:40:31.599 INFO:teuthology.orchestra.run.smithi055.stdout:/usr/bin/ceph: stdout ],
2024-04-26T01:40:31.599 INFO:teuthology.orchestra.run.smithi055.stdout:/usr/bin/ceph: stdout "services": {}
2024-04-26T01:40:31.599 INFO:teuthology.orchestra.run.smithi055.stdout:/usr/bin/ceph: stdout },
2024-04-26T01:40:31.599 INFO:teuthology.orchestra.run.smithi055.stdout:/usr/bin/ceph: stdout "servicemap": {
2024-04-26T01:40:31.599 INFO:teuthology.orchestra.run.smithi055.stdout:/usr/bin/ceph: stdout "epoch": 1,
2024-04-26T01:40:31.599 INFO:teuthology.orchestra.run.smithi055.stdout:/usr/bin/ceph: stdout "modified": "2024-04-26T01:40:09.830408+0000",
2024-04-26T01:40:31.599 INFO:teuthology.orchestra.run.smithi055.stdout:/usr/bin/ceph: stdout "services": {}
2024-04-26T01:40:31.599 INFO:teuthology.orchestra.run.smithi055.stdout:/usr/bin/ceph: stdout },
2024-04-26T01:40:31.599 INFO:teuthology.orchestra.run.smithi055.stdout:/usr/bin/ceph: stdout "progress_events": {}
2024-04-26T01:40:31.600 INFO:teuthology.orchestra.run.smithi055.stdout:/usr/bin/ceph: stdout }
2024-04-26T01:40:31.600 INFO:teuthology.orchestra.run.smithi055.stdout:/usr/bin/ceph: stderr
2024-04-26T01:40:30.574+0000 7ff253e00700 1 Processor -- start
2024-04-26T01:40:31.600 INFO:teuthology.orchestra.run.smithi055.stdout:/usr/bin/ceph: stderr
2024-04-26T01:40:30.575+0000 7ff253e00700 1 -- start start
2024-04-26T01:40:31.600 INFO:teuthology.orchestra.run.smithi055.stdout:/usr/bin/ceph: stderr
2024-04-26T01:40:30.575+0000 7ff253e00700 1 --2- >> [v2:172.21.15.55:3300/0,v1:172.21.15.55:6789/0] conn(0x7ff254108320 0x7ff254108740 unknown :-1 s=NONE pgs=0 cs=0 l=0 rev1=0 crypto rx=0 tx=0 comp rx=0 tx=0).connect
2024-04-26T01:40:31.600 INFO:teuthology.orchestra.run.smithi055.stdout:/usr/bin/ceph: stderr
2024-04-26T01:40:30.575+0000 7ff253e00700 1 -- --> [v2:172.21.15.55:3300/0,v1:172.21.15.55:6789/0] -- mon_getmap magic: 0 -- 0x7ff254108c80 con 0x7ff254108320
2024-04-26T01:40:31.600 INFO:teuthology.orchestra.run.smithi055.stdout:/usr/bin/ceph: stderr
2024-04-26T01:40:30.575+0000 7ff252a00700 1 --2- >> [v2:172.21.15.55:3300/0,v1:172.21.15.55:6789/0] conn(0x7ff254108320 0x7ff254108740 unknown :-1 s=BANNER_CONNECTING pgs=0 cs=0 l=0 rev1=0 crypto rx=0 tx=0 comp rx=0 tx=0)._handle_peer_banner_payload supported=3 required=0
2024-04-26T01:40:31.600 INFO:teuthology.orchestra.run.smithi055.stdout:/usr/bin/ceph: stderr
2024-04-26T01:40:30.576+0000 7ff252a00700 1 --2- >> [v2:172.21.15.55:3300/0,v1:172.21.15.55:6789/0] conn(0x7ff254108320 0x7ff254108740 unknown :-1 s=HELLO_CONNECTING pgs=0 cs=0 l=0 rev1=1 crypto rx=0 tx=0 comp rx=0 tx=0).handle_hello peer v2:172.21.15.55:3300/0 says I am v2:172.21.15.55:42032/0 (socket says 172.21.15.55:42032)
2024-04-26T01:40:31.600 INFO:teuthology.orchestra.run.smithi055.stdout:/usr/bin/ceph: stderr
2024-04-26T01:40:30.576+0000 7ff252a00700 1 -- 172.21.15.55:0/2687037152 learned_addr learned my addr 172.21.15.55:0/2687037152 (peer_addr_for_me v2:172.21.15.55:0/0)
2024-04-26T01:40:31.600 INFO:teuthology.orchestra.run.smithi055.stdout:/usr/bin/ceph: stderr
2024-04-26T01:40:30.576+0000 7ff252a00700 1 -- 172.21.15.55:0/2687037152 --> [v2:172.21.15.55:3300/0,v1:172.21.15.55:6789/0] -- mon_subscribe({config=0+,monmap=0+}) -- 0x7ff254108e00 con 0x7ff254108320
2024-04-26T01:40:31.600 INFO:teuthology.orchestra.run.smithi055.stdout:/usr/bin/ceph: stderr
2024-04-26T01:40:30.576+0000 7ff252a00700 1 --2- 172.21.15.55:0/2687037152 >> [v2:172.21.15.55:3300/0,v1:172.21.15.55:6789/0] conn(0x7ff254108320 0x7ff254108740 secure :-1 s=READY pgs=18 cs=0 l=1 rev1=1 crypto rx=0x7ff2440098a0 tx=0x7ff244009bb0 comp rx=0 tx=0).ready entity=mon.0 client_cookie=66410d245888e989 server_cookie=0 in_seq=0 out_seq=0
2024-04-26T01:40:31.600 INFO:teuthology.orchestra.run.smithi055.stdout:/usr/bin/ceph: stderr
2024-04-26T01:40:30.577+0000 7ff251600700 1 -- 172.21.15.55:0/2687037152 <== mon.0 v2:172.21.15.55:3300/0 1 ==== mon_map magic: 0 ==== 205+0+0 (secure 0 0 0) 0x7ff244004160 con 0x7ff254108320
2024-04-26T01:40:31.600 INFO:teuthology.orchestra.run.smithi055.stdout:/usr/bin/ceph: stderr
2024-04-26T01:40:30.577+0000 7ff251600700 1 -- 172.21.15.55:0/2687037152 <== mon.0 v2:172.21.15.55:3300/0 2 ==== config(26 keys) ==== 1070+0+0 (secure 0 0 0) 0x7ff244004300 con 0x7ff254108320
2024-04-26T01:40:31.600 INFO:teuthology.orchestra.run.smithi055.stdout:/usr/bin/ceph: stderr
2024-04-26T01:40:30.577+0000 7ff251600700 1 -- 172.21.15.55:0/2687037152 <== mon.0 v2:172.21.15.55:3300/0 3 ==== mon_map magic: 0 ==== 205+0+0 (secure 0 0 0) 0x7ff244011af0 con 0x7ff254108320
2024-04-26T01:40:31.600 INFO:teuthology.orchestra.run.smithi055.stdout:/usr/bin/ceph: stderr
2024-04-26T01:40:30.578+0000 7ff253e00700 1 -- 172.21.15.55:0/2687037152 >> [v2:172.21.15.55:3300/0,v1:172.21.15.55:6789/0] conn(0x7ff254108320 msgr2=0x7ff254108740 secure :-1 s=STATE_CONNECTION_ESTABLISHED l=1).mark_down
2024-04-26T01:40:31.600 INFO:teuthology.orchestra.run.smithi055.stdout:/usr/bin/ceph: stderr
2024-04-26T01:40:30.578+0000 7ff253e00700 1 --2- 172.21.15.55:0/2687037152 >> [v2:172.21.15.55:3300/0,v1:172.21.15.55:6789/0] conn(0x7ff254108320 0x7ff254108740 secure :-1 s=READY pgs=18 cs=0 l=1 rev1=1 crypto rx=0x7ff2440098a0 tx=0x7ff244009bb0 comp rx=0 tx=0).stop
2024-04-26T01:40:31.601 INFO:teuthology.orchestra.run.smithi055.stdout:/usr/bin/ceph: stderr
2024-04-26T01:40:30.578+0000 7ff253e00700 1 -- 172.21.15.55:0/2687037152 shutdown_connections
2024-04-26T01:40:31.601 INFO:teuthology.orchestra.run.smithi055.stdout:/usr/bin/ceph: stderr
2024-04-26T01:40:30.578+0000 7ff253e00700 1 --2- 172.21.15.55:0/2687037152 >> [v2:172.21.15.55:3300/0,v1:172.21.15.55:6789/0] conn(0x7ff254108320 0x7ff254108740 unknown :-1 s=CLOSED pgs=18 cs=0 l=1 rev1=1 crypto rx=0 tx=0 comp rx=0 tx=0).stop
2024-04-26T01:40:31.601 INFO:teuthology.orchestra.run.smithi055.stdout:/usr/bin/ceph: stderr
2024-04-26T01:40:30.578+0000 7ff253e00700 1 -- 172.21.15.55:0/2687037152 >> 172.21.15.55:0/2687037152 conn(0x7ff2541039e0 msgr2=0x7ff254105e00 unknown :-1 s=STATE_NONE l=0).mark_down
2024-04-26T01:40:31.601 INFO:teuthology.orchestra.run.smithi055.stdout:/usr/bin/ceph: stderr
2024-04-26T01:40:30.578+0000 7ff253e00700 1 -- 172.21.15.55:0/2687037152 shutdown_connections
2024-04-26T01:40:31.601 INFO:teuthology.orchestra.run.smithi055.stdout:/usr/bin/ceph: stderr
2024-04-26T01:40:30.578+0000 7ff253e00700 1 -- 172.21.15.55:0/2687037152 wait complete.
2024-04-26T01:40:31.601 INFO:teuthology.orchestra.run.smithi055.stdout:/usr/bin/ceph: stderr
2024-04-26T01:40:30.579+0000 7ff253e00700 1 Processor -- start
2024-04-26T01:40:31.601 INFO:teuthology.orchestra.run.smithi055.stdout:/usr/bin/ceph: stderr
2024-04-26T01:40:30.579+0000 7ff253e00700 1 -- start start
2024-04-26T01:40:31.601 INFO:teuthology.orchestra.run.smithi055.stdout:/usr/bin/ceph: stderr
2024-04-26T01:40:30.579+0000 7ff253e00700 1 --2- >> [v2:172.21.15.55:3300/0,v1:172.21.15.55:6789/0] conn(0x7ff254108320 0x7ff25419e700 unknown :-1 s=NONE pgs=0 cs=0 l=1 rev1=0 crypto rx=0 tx=0 comp rx=0 tx=0).connect
2024-04-26T01:40:31.601 INFO:teuthology.orchestra.run.smithi055.stdout:/usr/bin/ceph: stderr
2024-04-26T01:40:30.579+0000 7ff253e00700 1 -- --> [v2:172.21.15.55:3300/0,v1:172.21.15.55:6789/0] -- mon_getmap magic: 0 -- 0x7ff25410a320 con 0x7ff254108320
2024-04-26T01:40:31.601 INFO:teuthology.orchestra.run.smithi055.stdout:/usr/bin/ceph: stderr
2024-04-26T01:40:30.580+0000 7ff252a00700 1 --2- >> [v2:172.21.15.55:3300/0,v1:172.21.15.55:6789/0] conn(0x7ff254108320 0x7ff25419e700 unknown :-1 s=BANNER_CONNECTING pgs=0 cs=0 l=1 rev1=0 crypto rx=0 tx=0 comp rx=0 tx=0)._handle_peer_banner_payload supported=3 required=0
2024-04-26T01:40:31.601 INFO:teuthology.orchestra.run.smithi055.stdout:/usr/bin/ceph: stderr
2024-04-26T01:40:30.580+0000 7ff252a00700 1 --2- >> [v2:172.21.15.55:3300/0,v1:172.21.15.55:6789/0] conn(0x7ff254108320 0x7ff25419e700 unknown :-1 s=HELLO_CONNECTING pgs=0 cs=0 l=1 rev1=1 crypto rx=0 tx=0 comp rx=0 tx=0).handle_hello peer v2:172.21.15.55:3300/0 says I am v2:172.21.15.55:42034/0 (socket says 172.21.15.55:42034)
2024-04-26T01:40:31.601 INFO:teuthology.orchestra.run.smithi055.stdout:/usr/bin/ceph: stderr
2024-04-26T01:40:30.580+0000 7ff252a00700 1 -- 172.21.15.55:0/3645884395 learned_addr learned my addr 172.21.15.55:0/3645884395 (peer_addr_for_me v2:172.21.15.55:0/0)
2024-04-26T01:40:31.601 INFO:teuthology.orchestra.run.smithi055.stdout:/usr/bin/ceph: stderr
2024-04-26T01:40:30.580+0000 7ff252a00700 1 -- 172.21.15.55:0/3645884395 --> [v2:172.21.15.55:3300/0,v1:172.21.15.55:6789/0] -- mon_subscribe({config=0+,monmap=0+}) -- 0x7ff25419ec40 con 0x7ff254108320
2024-04-26T01:40:31.601 INFO:teuthology.orchestra.run.smithi055.stdout:/usr/bin/ceph: stderr
2024-04-26T01:40:30.580+0000 7ff252a00700 1 --2- 172.21.15.55:0/3645884395 >> [v2:172.21.15.55:3300/0,v1:172.21.15.55:6789/0] conn(0x7ff254108320 0x7ff25419e700 secure :-1 s=READY pgs=19 cs=0 l=1 rev1=1 crypto rx=0x7ff244011ac0 tx=0x7ff244011ba0 comp rx=0 tx=0).ready entity=mon.0 client_cookie=0 server_cookie=0 in_seq=0 out_seq=0
2024-04-26T01:40:31.601 INFO:teuthology.orchestra.run.smithi055.stdout:/usr/bin/ceph: stderr
2024-04-26T01:40:30.581+0000 7ff24b400700 1 -- 172.21.15.55:0/3645884395 <== mon.0 v2:172.21.15.55:3300/0 1 ==== mon_map magic: 0 ==== 205+0+0 (secure 0 0 0) 0x7ff244003b20 con 0x7ff254108320
2024-04-26T01:40:31.602 INFO:teuthology.orchestra.run.smithi055.stdout:/usr/bin/ceph: stderr
2024-04-26T01:40:30.581+0000 7ff24b400700 1 -- 172.21.15.55:0/3645884395 <== mon.0 v2:172.21.15.55:3300/0 2 ==== config(26 keys) ==== 1070+0+0 (secure 0 0 0) 0x7ff24401a8c0 con 0x7ff254108320
2024-04-26T01:40:31.602 INFO:teuthology.orchestra.run.smithi055.stdout:/usr/bin/ceph: stderr
2024-04-26T01:40:30.581+0000 7ff24b400700 1 -- 172.21.15.55:0/3645884395 <== mon.0 v2:172.21.15.55:3300/0 3 ==== mon_map magic: 0 ==== 205+0+0 (secure 0 0 0) 0x7ff2440248d0 con 0x7ff254108320
2024-04-26T01:40:31.602 INFO:teuthology.orchestra.run.smithi055.stdout:/usr/bin/ceph: stderr
2024-04-26T01:40:30.581+0000 7ff253e00700 1 -- 172.21.15.55:0/3645884395 --> [v2:172.21.15.55:3300/0,v1:172.21.15.55:6789/0] -- mon_subscribe({mgrmap=0+}) -- 0x7ff25419eed0 con 0x7ff254108320
2024-04-26T01:40:31.602 INFO:teuthology.orchestra.run.smithi055.stdout:/usr/bin/ceph: stderr
2024-04-26T01:40:30.581+0000 7ff253e00700 1 -- 172.21.15.55:0/3645884395 --> [v2:172.21.15.55:3300/0,v1:172.21.15.55:6789/0] -- mon_subscribe({osdmap=0}) -- 0x7ff2541a1bc0 con 0x7ff254108320
2024-04-26T01:40:31.602 INFO:teuthology.orchestra.run.smithi055.stdout:/usr/bin/ceph: stderr
2024-04-26T01:40:30.582+0000 7ff24b400700 1 -- 172.21.15.55:0/3645884395 <== mon.0 v2:172.21.15.55:3300/0 4 ==== mgrmap(e 3) ==== 46441+0+0 (secure 0 0 0) 0x7ff244022020 con 0x7ff254108320
2024-04-26T01:40:31.602 INFO:teuthology.orchestra.run.smithi055.stdout:/usr/bin/ceph: stderr
2024-04-26T01:40:30.582+0000 7ff253e00700 1 -- 172.21.15.55:0/3645884395 --> [v2:172.21.15.55:3300/0,v1:172.21.15.55:6789/0] -- mon_command({"prefix": "get_command_descriptions"} v 0) -- 0x7ff254069b90 con 0x7ff254108320
2024-04-26T01:40:31.602 INFO:teuthology.orchestra.run.smithi055.stdout:/usr/bin/ceph: stderr
2024-04-26T01:40:30.582+0000 7ff24b400700 1 --2- 172.21.15.55:0/3645884395 >> [v2:172.21.15.55:6800/2309760204,v1:172.21.15.55:6801/2309760204] conn(0x7ff238039490 0x7ff23803b950 unknown :-1 s=NONE pgs=0 cs=0 l=1 rev1=0 crypto rx=0 tx=0 comp rx=0 tx=0).connect
2024-04-26T01:40:31.602 INFO:teuthology.orchestra.run.smithi055.stdout:/usr/bin/ceph: stderr
2024-04-26T01:40:30.582+0000 7ff24b400700 1 -- 172.21.15.55:0/3645884395 <== mon.0 v2:172.21.15.55:3300/0 5 ==== osd_map(1..1 src has 1..1) ==== 725+0+0 (secure 0 0 0) 0x7ff24404d280 con 0x7ff254108320
2024-04-26T01:40:31.602 INFO:teuthology.orchestra.run.smithi055.stdout:/usr/bin/ceph: stderr
2024-04-26T01:40:30.583+0000 7ff252000700 1 --2- 172.21.15.55:0/3645884395 >> [v2:172.21.15.55:6800/2309760204,v1:172.21.15.55:6801/2309760204] conn(0x7ff238039490 0x7ff23803b950 unknown :-1 s=BANNER_CONNECTING pgs=0 cs=0 l=1 rev1=0 crypto rx=0 tx=0 comp rx=0 tx=0)._handle_peer_banner_payload supported=3 required=0
2024-04-26T01:40:31.602 INFO:teuthology.orchestra.run.smithi055.stdout:/usr/bin/ceph: stderr
2024-04-26T01:40:30.583+0000 7ff252000700 1 --2- 172.21.15.55:0/3645884395 >> [v2:172.21.15.55:6800/2309760204,v1:172.21.15.55:6801/2309760204] conn(0x7ff238039490 0x7ff23803b950 secure :-1 s=READY pgs=6 cs=0 l=1 rev1=1 crypto rx=0x7ff240006fd0 tx=0x7ff240006e40 comp rx=0 tx=0).ready entity=mgr.14100 client_cookie=0 server_cookie=0 in_seq=0 out_seq=0
2024-04-26T01:40:31.602 INFO:teuthology.orchestra.run.smithi055.stdout:/usr/bin/ceph: stderr
2024-04-26T01:40:30.588+0000 7ff24b400700 1 -- 172.21.15.55:0/3645884395 <== mon.0 v2:172.21.15.55:3300/0 6 ==== mon_command_ack([{"prefix": "get_command_descriptions"}]=0 v0) ==== 72+0+188370 (secure 0 0 0) 0x7ff24401ab20 con 0x7ff254108320
2024-04-26T01:40:31.602 INFO:teuthology.orchestra.run.smithi055.stdout:/usr/bin/ceph: stderr
2024-04-26T01:40:30.900+0000 7ff253e00700 1 -- 172.21.15.55:0/3645884395 --> [v2:172.21.15.55:3300/0,v1:172.21.15.55:6789/0] -- mon_command({"prefix": "status", "format": "json-pretty"} v 0) -- 0x7ff25402df80 con 0x7ff254108320
2024-04-26T01:40:31.602 INFO:teuthology.orchestra.run.smithi055.stdout:/usr/bin/ceph: stderr
2024-04-26T01:40:30.901+0000 7ff24b400700 1 -- 172.21.15.55:0/3645884395 <== mon.0 v2:172.21.15.55:3300/0 7 ==== mon_command_ack([{"prefix": "status", "format": "json-pretty"}]=0 v0) ==== 79+0+1239 (secure 0 0 0) 0x7ff24402d3f0 con 0x7ff254108320
2024-04-26T01:40:31.603 INFO:teuthology.orchestra.run.smithi055.stdout:/usr/bin/ceph: stderr
2024-04-26T01:40:30.903+0000 7ff253e00700 1 -- 172.21.15.55:0/3645884395 >> [v2:172.21.15.55:6800/2309760204,v1:172.21.15.55:6801/2309760204] conn(0x7ff238039490 msgr2=0x7ff23803b950 secure :-1 s=STATE_CONNECTION_ESTABLISHED l=1).mark_down
2024-04-26T01:40:31.603 INFO:teuthology.orchestra.run.smithi055.stdout:/usr/bin/ceph: stderr
2024-04-26T01:40:30.903+0000 7ff253e00700 1 --2- 172.21.15.55:0/3645884395 >> [v2:172.21.15.55:6800/2309760204,v1:172.21.15.55:6801/2309760204] conn(0x7ff238039490 0x7ff23803b950 secure :-1 s=READY pgs=6 cs=0 l=1 rev1=1 crypto rx=0x7ff240006fd0 tx=0x7ff240006e40 comp rx=0 tx=0).stop
2024-04-26T01:40:31.603 INFO:teuthology.orchestra.run.smithi055.stdout:/usr/bin/ceph: stderr
2024-04-26T01:40:30.903+0000 7ff253e00700 1 -- 172.21.15.55:0/3645884395 >> [v2:172.21.15.55:3300/0,v1:172.21.15.55:6789/0] conn(0x7ff254108320 msgr2=0x7ff25419e700 secure :-1 s=STATE_CONNECTION_ESTABLISHED l=1).mark_down
2024-04-26T01:40:31.603 INFO:teuthology.orchestra.run.smithi055.stdout:/usr/bin/ceph: stderr
2024-04-26T01:40:30.903+0000 7ff253e00700 1 --2- 172.21.15.55:0/3645884395 >> [v2:172.21.15.55:3300/0,v1:172.21.15.55:6789/0] conn(0x7ff254108320 0x7ff25419e700 secure :-1 s=READY pgs=19 cs=0 l=1 rev1=1 crypto rx=0x7ff244011ac0 tx=0x7ff244011ba0 comp rx=0 tx=0).stop
2024-04-26T01:40:31.603 INFO:teuthology.orchestra.run.smithi055.stdout:/usr/bin/ceph: stderr
2024-04-26T01:40:30.904+0000 7ff253e00700 1 -- 172.21.15.55:0/3645884395 shutdown_connections
2024-04-26T01:40:31.603 INFO:teuthology.orchestra.run.smithi055.stdout:/usr/bin/ceph: stderr
2024-04-26T01:40:30.904+0000 7ff253e00700 1 --2- 172.21.15.55:0/3645884395 >> [v2:172.21.15.55:6800/2309760204,v1:172.21.15.55:6801/2309760204] conn(0x7ff238039490 0x7ff23803b950 unknown :-1 s=CLOSED pgs=6 cs=0 l=1 rev1=1 crypto rx=0 tx=0 comp rx=0 tx=0).stop
2024-04-26T01:40:31.603 INFO:teuthology.orchestra.run.smithi055.stdout:/usr/bin/ceph: stderr
2024-04-26T01:40:30.904+0000 7ff253e00700 1 --2- 172.21.15.55:0/3645884395 >> [v2:172.21.15.55:3300/0,v1:172.21.15.55:6789/0] conn(0x7ff254108320 0x7ff25419e700 unknown :-1 s=CLOSED pgs=19 cs=0 l=1 rev1=1 crypto rx=0 tx=0 comp rx=0 tx=0).stop
2024-04-26T01:40:31.603 INFO:teuthology.orchestra.run.smithi055.stdout:/usr/bin/ceph: stderr
2024-04-26T01:40:30.904+0000 7ff253e00700 1 -- 172.21.15.55:0/3645884395 >> 172.21.15.55:0/3645884395 conn(0x7ff2541039e0 msgr2=0x7ff254104640 unknown :-1 s=STATE_NONE l=0).mark_down
2024-04-26T01:40:31.603 INFO:teuthology.orchestra.run.smithi055.stdout:/usr/bin/ceph: stderr
2024-04-26T01:40:30.904+0000 7ff253e00700 1 -- 172.21.15.55:0/3645884395 shutdown_connections
2024-04-26T01:40:31.603 INFO:teuthology.orchestra.run.smithi055.stdout:/usr/bin/ceph: stderr
2024-04-26T01:40:30.904+0000 7ff253e00700 1 -- 172.21.15.55:0/3645884395 wait complete.
2024-04-26T01:40:31.603 INFO:teuthology.orchestra.run.smithi055.stdout:mgr is available
2024-04-26T01:40:32.210 INFO:journalctl@ceph.mon.a.smithi055.stdout:Apr 26 01:40:31 smithi055 ceph-mon[27809]: mgrmap e4: x(active, since 2s)
2024-04-26T01:40:33.125 INFO:journalctl@ceph.mon.a.smithi055.stdout:Apr 26 01:40:32 smithi055 ceph-mon[27809]: from='client.? 172.21.15.55:0/3596617911' entity='client.admin' cmd=[{"prefix": "config assimilate-conf"}]: dispatch
2024-04-26T01:40:33.164 INFO:teuthology.orchestra.run.smithi055.stdout:/usr/bin/ceph: stdout
2024-04-26T01:40:33.164 INFO:teuthology.orchestra.run.smithi055.stdout:/usr/bin/ceph: stdout [global]
2024-04-26T01:40:33.164 INFO:teuthology.orchestra.run.smithi055.stdout:/usr/bin/ceph: stdout fsid = c0f1df34-036d-11ef-bc93-c7b262605968
2024-04-26T01:40:33.165 INFO:teuthology.orchestra.run.smithi055.stdout:/usr/bin/ceph: stdout mon_cluster_log_file_level = debug
2024-04-26T01:40:33.165 INFO:teuthology.orchestra.run.smithi055.stdout:/usr/bin/ceph: stdout mon_osd_allow_pg_remap = true
2024-04-26T01:40:33.165 INFO:teuthology.orchestra.run.smithi055.stdout:/usr/bin/ceph: stdout mon_osd_allow_primary_affinity = true
2024-04-26T01:40:33.166 INFO:teuthology.orchestra.run.smithi055.stdout:/usr/bin/ceph: stdout mon_warn_on_no_sortbitwise = false
2024-04-26T01:40:33.166 INFO:teuthology.orchestra.run.smithi055.stdout:/usr/bin/ceph: stdout osd_crush_chooseleaf_type = 0
2024-04-26T01:40:33.166 INFO:teuthology.orchestra.run.smithi055.stdout:/usr/bin/ceph: stdout
2024-04-26T01:40:33.167 INFO:teuthology.orchestra.run.smithi055.stdout:/usr/bin/ceph: stdout [mgr]
2024-04-26T01:40:33.167 INFO:teuthology.orchestra.run.smithi055.stdout:/usr/bin/ceph: stdout mgr/telemetry/nag = false
2024-04-26T01:40:33.167 INFO:teuthology.orchestra.run.smithi055.stdout:/usr/bin/ceph: stdout
2024-04-26T01:40:33.167 INFO:teuthology.orchestra.run.smithi055.stdout:/usr/bin/ceph: stdout [osd]
2024-04-26T01:40:33.167 INFO:teuthology.orchestra.run.smithi055.stdout:/usr/bin/ceph: stdout mon_osd_backfillfull_ratio = 0.85
2024-04-26T01:40:33.167 INFO:teuthology.orchestra.run.smithi055.stdout:/usr/bin/ceph: stdout mon_osd_full_ratio = 0.9
2024-04-26T01:40:33.167 INFO:teuthology.orchestra.run.smithi055.stdout:/usr/bin/ceph: stdout mon_osd_nearfull_ratio = 0.8
2024-04-26T01:40:33.168 INFO:teuthology.orchestra.run.smithi055.stdout:/usr/bin/ceph: stdout osd_map_max_advance = 10
2024-04-26T01:40:33.168 INFO:teuthology.orchestra.run.smithi055.stdout:/usr/bin/ceph: stdout osd_sloppy_crc = true
2024-04-26T01:40:33.168 INFO:teuthology.orchestra.run.smithi055.stdout:/usr/bin/ceph: stderr
2024-04-26T01:40:32.212+0000 7f218f200700 1 Processor -- start
2024-04-26T01:40:33.168 INFO:teuthology.orchestra.run.smithi055.stdout:/usr/bin/ceph: stderr
2024-04-26T01:40:32.212+0000 7f218f200700 1 -- start start
2024-04-26T01:40:33.169 INFO:teuthology.orchestra.run.smithi055.stdout:/usr/bin/ceph: stderr
2024-04-26T01:40:32.213+0000 7f218f200700 1 --2- >> [v2:172.21.15.55:3300/0,v1:172.21.15.55:6789/0] conn(0x7f2188108310 0x7f2188108730 unknown :-1 s=NONE pgs=0 cs=0 l=0 rev1=0 crypto rx=0 tx=0 comp rx=0 tx=0).connect
2024-04-26T01:40:33.169 INFO:teuthology.orchestra.run.smithi055.stdout:/usr/bin/ceph: stderr
2024-04-26T01:40:32.213+0000 7f218f200700 1 -- --> [v2:172.21.15.55:3300/0,v1:172.21.15.55:6789/0] -- mon_getmap magic: 0 -- 0x7f2188108d00 con 0x7f2188108310
2024-04-26T01:40:33.169 INFO:teuthology.orchestra.run.smithi055.stdout:/usr/bin/ceph: stderr
2024-04-26T01:40:32.213+0000 7f218de00700 1 --2- >> [v2:172.21.15.55:3300/0,v1:172.21.15.55:6789/0] conn(0x7f2188108310 0x7f2188108730 unknown :-1 s=BANNER_CONNECTING pgs=0 cs=0 l=0 rev1=0 crypto rx=0 tx=0 comp rx=0 tx=0)._handle_peer_banner_payload supported=3 required=0
2024-04-26T01:40:33.169 INFO:teuthology.orchestra.run.smithi055.stdout:/usr/bin/ceph: stderr
2024-04-26T01:40:32.213+0000 7f218de00700 1 --2- >> [v2:172.21.15.55:3300/0,v1:172.21.15.55:6789/0] conn(0x7f2188108310 0x7f2188108730 unknown :-1 s=HELLO_CONNECTING pgs=0 cs=0 l=0 rev1=1 crypto rx=0 tx=0 comp rx=0 tx=0).handle_hello peer v2:172.21.15.55:3300/0 says I am v2:172.21.15.55:42048/0 (socket says 172.21.15.55:42048)
2024-04-26T01:40:33.170 INFO:teuthology.orchestra.run.smithi055.stdout:/usr/bin/ceph: stderr
2024-04-26T01:40:32.213+0000 7f218de00700 1 -- 172.21.15.55:0/1109844495 learned_addr learned my addr 172.21.15.55:0/1109844495 (peer_addr_for_me v2:172.21.15.55:0/0)
2024-04-26T01:40:33.170 INFO:teuthology.orchestra.run.smithi055.stdout:/usr/bin/ceph: stderr
2024-04-26T01:40:32.214+0000 7f218de00700 1 -- 172.21.15.55:0/1109844495 --> [v2:172.21.15.55:3300/0,v1:172.21.15.55:6789/0] -- mon_subscribe({config=0+,monmap=0+}) -- 0x7f21881094c0 con 0x7f2188108310
2024-04-26T01:40:33.170 INFO:teuthology.orchestra.run.smithi055.stdout:/usr/bin/ceph: stderr
2024-04-26T01:40:32.214+0000 7f218de00700 1 --2- 172.21.15.55:0/1109844495 >> [v2:172.21.15.55:3300/0,v1:172.21.15.55:6789/0] conn(0x7f2188108310 0x7f2188108730 secure :-1 s=READY pgs=20 cs=0 l=1 rev1=1 crypto rx=0x7f2180009e80 tx=0x7f218000b330 comp rx=0 tx=0).ready entity=mon.0 client_cookie=7de469e0463645c6 server_cookie=0 in_seq=0 out_seq=0
2024-04-26T01:40:33.170 INFO:teuthology.orchestra.run.smithi055.stdout:/usr/bin/ceph: stderr
2024-04-26T01:40:32.215+0000 7f218ca00700 1 -- 172.21.15.55:0/1109844495 <== mon.0 v2:172.21.15.55:3300/0 1 ==== mon_map magic: 0 ==== 205+0+0 (secure 0 0 0) 0x7f2180017070 con 0x7f2188108310
2024-04-26T01:40:33.171 INFO:teuthology.orchestra.run.smithi055.stdout:/usr/bin/ceph: stderr
2024-04-26T01:40:32.215+0000 7f218ca00700 1 -- 172.21.15.55:0/1109844495 <== mon.0 v2:172.21.15.55:3300/0 2 ==== config(26 keys) ==== 1070+0+0 (secure 0 0 0) 0x7f218000b8c0 con 0x7f2188108310
2024-04-26T01:40:33.171 INFO:teuthology.orchestra.run.smithi055.stdout:/usr/bin/ceph: stderr
2024-04-26T01:40:32.215+0000 7f218ca00700 1 -- 172.21.15.55:0/1109844495 <== mon.0 v2:172.21.15.55:3300/0 3 ==== mon_map magic: 0 ==== 205+0+0 (secure 0 0 0) 0x7f2180004490 con 0x7f2188108310
2024-04-26T01:40:33.171 INFO:teuthology.orchestra.run.smithi055.stdout:/usr/bin/ceph: stderr
2024-04-26T01:40:32.215+0000 7f218f200700 1 -- 172.21.15.55:0/1109844495 >> [v2:172.21.15.55:3300/0,v1:172.21.15.55:6789/0] conn(0x7f2188108310 msgr2=0x7f2188108730 secure :-1 s=STATE_CONNECTION_ESTABLISHED l=1).mark_down
2024-04-26T01:40:33.171 INFO:teuthology.orchestra.run.smithi055.stdout:/usr/bin/ceph: stderr
2024-04-26T01:40:32.215+0000 7f218f200700 1 --2- 172.21.15.55:0/1109844495 >> [v2:172.21.15.55:3300/0,v1:172.21.15.55:6789/0] conn(0x7f2188108310 0x7f2188108730 secure :-1 s=READY pgs=20 cs=0 l=1 rev1=1 crypto rx=0x7f2180009e80 tx=0x7f218000b330 comp rx=0 tx=0).stop
2024-04-26T01:40:33.172 INFO:teuthology.orchestra.run.smithi055.stdout:/usr/bin/ceph: stderr
2024-04-26T01:40:32.215+0000 7f218f200700 1 -- 172.21.15.55:0/1109844495 shutdown_connections
2024-04-26T01:40:33.172 INFO:teuthology.orchestra.run.smithi055.stdout:/usr/bin/ceph: stderr
2024-04-26T01:40:32.215+0000 7f218f200700 1 --2- 172.21.15.55:0/1109844495 >> [v2:172.21.15.55:3300/0,v1:172.21.15.55:6789/0] conn(0x7f2188108310 0x7f2188108730 unknown :-1 s=CLOSED pgs=20 cs=0 l=1 rev1=1 crypto rx=0 tx=0 comp rx=0 tx=0).stop
2024-04-26T01:40:33.172 INFO:teuthology.orchestra.run.smithi055.stdout:/usr/bin/ceph: stderr
2024-04-26T01:40:32.215+0000 7f218f200700 1 -- 172.21.15.55:0/1109844495 >> 172.21.15.55:0/1109844495 conn(0x7f2188103910 msgr2=0x7f2188105d30 unknown :-1 s=STATE_NONE l=0).mark_down
2024-04-26T01:40:33.172 INFO:teuthology.orchestra.run.smithi055.stdout:/usr/bin/ceph: stderr
2024-04-26T01:40:32.216+0000 7f218f200700 1 -- 172.21.15.55:0/1109844495 shutdown_connections
2024-04-26T01:40:33.173 INFO:teuthology.orchestra.run.smithi055.stdout:/usr/bin/ceph: stderr
2024-04-26T01:40:32.216+0000 7f218f200700 1 -- 172.21.15.55:0/1109844495 wait complete.
2024-04-26T01:40:33.173 INFO:teuthology.orchestra.run.smithi055.stdout:/usr/bin/ceph: stderr
2024-04-26T01:40:32.217+0000 7f218f200700 1 Processor -- start
2024-04-26T01:40:33.173 INFO:teuthology.orchestra.run.smithi055.stdout:/usr/bin/ceph: stderr
2024-04-26T01:40:32.217+0000 7f218f200700 1 -- start start
2024-04-26T01:40:33.173 INFO:teuthology.orchestra.run.smithi055.stdout:/usr/bin/ceph: stderr
2024-04-26T01:40:32.217+0000 7f218f200700 1 --2- >> [v2:172.21.15.55:3300/0,v1:172.21.15.55:6789/0] conn(0x7f2188108310 0x7f218819e720 unknown :-1 s=NONE pgs=0 cs=0 l=1 rev1=0 crypto rx=0 tx=0 comp rx=0 tx=0).connect
2024-04-26T01:40:33.174 INFO:teuthology.orchestra.run.smithi055.stdout:/usr/bin/ceph: stderr
2024-04-26T01:40:32.217+0000 7f218f200700 1 -- --> [v2:172.21.15.55:3300/0,v1:172.21.15.55:6789/0] -- mon_getmap magic: 0 -- 0x7f218810c870 con 0x7f2188108310
2024-04-26T01:40:33.174 INFO:teuthology.orchestra.run.smithi055.stdout:/usr/bin/ceph: stderr
2024-04-26T01:40:32.217+0000 7f218de00700 1 --2- >> [v2:172.21.15.55:3300/0,v1:172.21.15.55:6789/0] conn(0x7f2188108310 0x7f218819e720 unknown :-1 s=BANNER_CONNECTING pgs=0 cs=0 l=1 rev1=0 crypto rx=0 tx=0 comp rx=0 tx=0)._handle_peer_banner_payload supported=3 required=0
2024-04-26T01:40:33.174 INFO:teuthology.orchestra.run.smithi055.stdout:/usr/bin/ceph: stderr
2024-04-26T01:40:32.218+0000 7f218de00700 1 --2- >> [v2:172.21.15.55:3300/0,v1:172.21.15.55:6789/0] conn(0x7f2188108310 0x7f218819e720 unknown :-1 s=HELLO_CONNECTING pgs=0 cs=0 l=1 rev1=1 crypto rx=0 tx=0 comp rx=0 tx=0).handle_hello peer v2:172.21.15.55:3300/0 says I am v2:172.21.15.55:42054/0 (socket says 172.21.15.55:42054)
2024-04-26T01:40:33.174 INFO:teuthology.orchestra.run.smithi055.stdout:/usr/bin/ceph: stderr
2024-04-26T01:40:32.218+0000 7f218de00700 1 -- 172.21.15.55:0/3596617911 learned_addr learned my addr 172.21.15.55:0/3596617911 (peer_addr_for_me v2:172.21.15.55:0/0)
2024-04-26T01:40:33.174 INFO:teuthology.orchestra.run.smithi055.stdout:/usr/bin/ceph: stderr
2024-04-26T01:40:32.218+0000 7f218de00700 1 -- 172.21.15.55:0/3596617911 --> [v2:172.21.15.55:3300/0,v1:172.21.15.55:6789/0] -- mon_subscribe({config=0+,monmap=0+}) -- 0x7f218819ec60 con 0x7f2188108310
2024-04-26T01:40:33.175 INFO:teuthology.orchestra.run.smithi055.stdout:/usr/bin/ceph: stderr
2024-04-26T01:40:32.218+0000 7f218de00700 1 --2- 172.21.15.55:0/3596617911 >> [v2:172.21.15.55:3300/0,v1:172.21.15.55:6789/0] conn(0x7f2188108310 0x7f218819e720 secure :-1 s=READY pgs=21 cs=0 l=1 rev1=1 crypto rx=0x7f2180004a60 tx=0x7f218000bd50 comp rx=0 tx=0).ready entity=mon.0 client_cookie=0 server_cookie=0 in_seq=0 out_seq=0
2024-04-26T01:40:33.175 INFO:teuthology.orchestra.run.smithi055.stdout:/usr/bin/ceph: stderr
2024-04-26T01:40:32.218+0000 7f217ea00700 1 -- 172.21.15.55:0/3596617911 <== mon.0 v2:172.21.15.55:3300/0 1 ==== mon_map magic: 0 ==== 205+0+0 (secure 0 0 0) 0x7f2180020020 con 0x7f2188108310
2024-04-26T01:40:33.175 INFO:teuthology.orchestra.run.smithi055.stdout:/usr/bin/ceph: stderr
2024-04-26T01:40:32.218+0000 7f217ea00700 1 -- 172.21.15.55:0/3596617911 <== mon.0 v2:172.21.15.55:3300/0 2 ==== config(26 keys) ==== 1070+0+0 (secure 0 0 0) 0x7f2180003c60 con 0x7f2188108310
2024-04-26T01:40:33.175 INFO:teuthology.orchestra.run.smithi055.stdout:/usr/bin/ceph: stderr
2024-04-26T01:40:32.218+0000 7f218f200700 1 -- 172.21.15.55:0/3596617911 --> [v2:172.21.15.55:3300/0,v1:172.21.15.55:6789/0] -- mon_subscribe({mgrmap=0+}) -- 0x7f218819eef0 con 0x7f2188108310
2024-04-26T01:40:33.175 INFO:teuthology.orchestra.run.smithi055.stdout:/usr/bin/ceph: stderr
2024-04-26T01:40:32.219+0000 7f217ea00700 1 -- 172.21.15.55:0/3596617911 <== mon.0 v2:172.21.15.55:3300/0 3 ==== mon_map magic: 0 ==== 205+0+0 (secure 0 0 0) 0x7f2180017040 con 0x7f2188108310
2024-04-26T01:40:33.176 INFO:teuthology.orchestra.run.smithi055.stdout:/usr/bin/ceph: stderr
2024-04-26T01:40:32.219+0000 7f218f200700 1 -- 172.21.15.55:0/3596617911 --> [v2:172.21.15.55:3300/0,v1:172.21.15.55:6789/0] -- mon_subscribe({osdmap=0}) -- 0x7f21881a1be0 con 0x7f2188108310
2024-04-26T01:40:33.176 INFO:teuthology.orchestra.run.smithi055.stdout:/usr/bin/ceph: stderr
2024-04-26T01:40:32.220+0000 7f217ea00700 1 -- 172.21.15.55:0/3596617911 <== mon.0 v2:172.21.15.55:3300/0 4 ==== mgrmap(e 4) ==== 46547+0+0 (secure 0 0 0) 0x7f2180023020 con 0x7f2188108310
2024-04-26T01:40:33.176 INFO:teuthology.orchestra.run.smithi055.stdout:/usr/bin/ceph: stderr
2024-04-26T01:40:32.220+0000 7f218f200700 1 -- 172.21.15.55:0/3596617911 --> [v2:172.21.15.55:3300/0,v1:172.21.15.55:6789/0] -- mon_command({"prefix": "get_command_descriptions"} v 0) -- 0x7f2188069b90 con 0x7f2188108310
2024-04-26T01:40:33.176 INFO:teuthology.orchestra.run.smithi055.stdout:/usr/bin/ceph: stderr
2024-04-26T01:40:32.220+0000 7f217ea00700 1 --2- 172.21.15.55:0/3596617911 >> [v2:172.21.15.55:6800/2309760204,v1:172.21.15.55:6801/2309760204] conn(0x7f21740395b0 0x7f217403ba70 unknown :-1 s=NONE pgs=0 cs=0 l=1 rev1=0 crypto rx=0 tx=0 comp rx=0 tx=0).connect
2024-04-26T01:40:33.177 INFO:teuthology.orchestra.run.smithi055.stdout:/usr/bin/ceph: stderr
2024-04-26T01:40:32.220+0000 7f217ea00700 1 -- 172.21.15.55:0/3596617911 <== mon.0 v2:172.21.15.55:3300/0 5 ==== osd_map(1..1 src has 1..1) ==== 725+0+0 (secure 0 0 0) 0x7f218000f050 con 0x7f2188108310
2024-04-26T01:40:33.177 INFO:teuthology.orchestra.run.smithi055.stdout:/usr/bin/ceph: stderr
2024-04-26T01:40:32.221+0000 7f218d400700 1 --2- 172.21.15.55:0/3596617911 >> [v2:172.21.15.55:6800/2309760204,v1:172.21.15.55:6801/2309760204] conn(0x7f21740395b0 0x7f217403ba70 unknown :-1 s=BANNER_CONNECTING pgs=0 cs=0 l=1 rev1=0 crypto rx=0 tx=0 comp rx=0 tx=0)._handle_peer_banner_payload supported=3 required=0
2024-04-26T01:40:33.177 INFO:teuthology.orchestra.run.smithi055.stdout:/usr/bin/ceph: stderr
2024-04-26T01:40:32.221+0000 7f218d400700 1 --2- 172.21.15.55:0/3596617911 >> [v2:172.21.15.55:6800/2309760204,v1:172.21.15.55:6801/2309760204] conn(0x7f21740395b0 0x7f217403ba70 secure :-1 s=READY pgs=7 cs=0 l=1 rev1=1 crypto rx=0x7f2178006fd0 tx=0x7f2178006e40 comp rx=0 tx=0).ready entity=mgr.14100 client_cookie=0 server_cookie=0 in_seq=0 out_seq=0
2024-04-26T01:40:33.177 INFO:teuthology.orchestra.run.smithi055.stdout:/usr/bin/ceph: stderr
2024-04-26T01:40:32.226+0000 7f217ea00700 1 -- 172.21.15.55:0/3596617911 <== mon.0 v2:172.21.15.55:3300/0 6 ==== mon_command_ack([{"prefix": "get_command_descriptions"}]=0 v0) ==== 72+0+188370 (secure 0 0 0) 0x7f218002a020 con 0x7f2188108310
2024-04-26T01:40:33.178 INFO:teuthology.orchestra.run.smithi055.stdout:/usr/bin/ceph: stderr
2024-04-26T01:40:32.453+0000 7f218f200700 1 -- 172.21.15.55:0/3596617911 --> [v2:172.21.15.55:3300/0,v1:172.21.15.55:6789/0] -- mon_command({"prefix": "config assimilate-conf"} v 0) -- 0x7f218802e020 con 0x7f2188108310
2024-04-26T01:40:33.178 INFO:teuthology.orchestra.run.smithi055.stdout:/usr/bin/ceph: stderr
2024-04-26T01:40:32.456+0000 7f217ea00700 1 -- 172.21.15.55:0/3596617911 <== mon.0 v2:172.21.15.55:3300/0 7 ==== mon_command_ack([{"prefix": "config assimilate-conf"}]=0 v3) ==== 70+0+409 (secure 0 0 0) 0x7f218002c300 con 0x7f2188108310
2024-04-26T01:40:33.178 INFO:teuthology.orchestra.run.smithi055.stdout:/usr/bin/ceph: stderr
2024-04-26T01:40:32.459+0000 7f218f200700 1 -- 172.21.15.55:0/3596617911 >> [v2:172.21.15.55:6800/2309760204,v1:172.21.15.55:6801/2309760204] conn(0x7f21740395b0 msgr2=0x7f217403ba70 secure :-1 s=STATE_CONNECTION_ESTABLISHED l=1).mark_down
2024-04-26T01:40:33.178 INFO:teuthology.orchestra.run.smithi055.stdout:/usr/bin/ceph: stderr
2024-04-26T01:40:32.459+0000 7f218f200700 1 --2- 172.21.15.55:0/3596617911 >> [v2:172.21.15.55:6800/2309760204,v1:172.21.15.55:6801/2309760204] conn(0x7f21740395b0 0x7f217403ba70 secure :-1 s=READY pgs=7 cs=0 l=1 rev1=1 crypto rx=0x7f2178006fd0 tx=0x7f2178006e40 comp rx=0 tx=0).stop
2024-04-26T01:40:33.178 INFO:teuthology.orchestra.run.smithi055.stdout:/usr/bin/ceph: stderr
2024-04-26T01:40:32.459+0000 7f218f200700 1 -- 172.21.15.55:0/3596617911 >> [v2:172.21.15.55:3300/0,v1:172.21.15.55:6789/0] conn(0x7f2188108310 msgr2=0x7f218819e720 secure :-1 s=STATE_CONNECTION_ESTABLISHED l=1).mark_down
2024-04-26T01:40:33.179 INFO:teuthology.orchestra.run.smithi055.stdout:/usr/bin/ceph: stderr
2024-04-26T01:40:32.459+0000 7f218f200700 1 --2- 172.21.15.55:0/3596617911 >> [v2:172.21.15.55:3300/0,v1:172.21.15.55:6789/0] conn(0x7f2188108310 0x7f218819e720 secure :-1 s=READY pgs=21 cs=0 l=1 rev1=1 crypto rx=0x7f2180004a60 tx=0x7f218000bd50 comp rx=0 tx=0).stop
2024-04-26T01:40:33.179 INFO:teuthology.orchestra.run.smithi055.stdout:/usr/bin/ceph: stderr
2024-04-26T01:40:32.459+0000 7f218f200700 1 -- 172.21.15.55:0/3596617911 shutdown_connections
2024-04-26T01:40:33.179 INFO:teuthology.orchestra.run.smithi055.stdout:/usr/bin/ceph: stderr
2024-04-26T01:40:32.459+0000 7f218f200700 1 --2- 172.21.15.55:0/3596617911 >> [v2:172.21.15.55:6800/2309760204,v1:172.21.15.55:6801/2309760204] conn(0x7f21740395b0 0x7f217403ba70 unknown :-1 s=CLOSED pgs=7 cs=0 l=1 rev1=1 crypto rx=0 tx=0 comp rx=0 tx=0).stop
2024-04-26T01:40:33.179 INFO:teuthology.orchestra.run.smithi055.stdout:/usr/bin/ceph: stderr
2024-04-26T01:40:32.459+0000 7f218f200700 1 --2- 172.21.15.55:0/3596617911 >> [v2:172.21.15.55:3300/0,v1:172.21.15.55:6789/0] conn(0x7f2188108310 0x7f218819e720 unknown :-1 s=CLOSED pgs=21 cs=0 l=1 rev1=1 crypto rx=0 tx=0 comp rx=0 tx=0).stop
2024-04-26T01:40:33.180 INFO:teuthology.orchestra.run.smithi055.stdout:/usr/bin/ceph: stderr
2024-04-26T01:40:32.459+0000 7f218f200700 1 -- 172.21.15.55:0/3596617911 >> 172.21.15.55:0/3596617911 conn(0x7f2188103910 msgr2=0x7f21881045f0 unknown :-1 s=STATE_NONE l=0).mark_down
2024-04-26T01:40:33.180 INFO:teuthology.orchestra.run.smithi055.stdout:/usr/bin/ceph: stderr
2024-04-26T01:40:32.459+0000 7f218f200700 1 -- 172.21.15.55:0/3596617911 shutdown_connections
2024-04-26T01:40:33.180 INFO:teuthology.orchestra.run.smithi055.stdout:/usr/bin/ceph: stderr
2024-04-26T01:40:32.459+0000 7f218f200700 1 -- 172.21.15.55:0/3596617911 wait complete.
2024-04-26T01:40:33.181 INFO:teuthology.orchestra.run.smithi055.stdout:Enabling cephadm module...
2024-04-26T01:40:34.375 INFO:journalctl@ceph.mon.a.smithi055.stdout:Apr 26 01:40:34 smithi055 ceph-mon[27809]: from='client.? 172.21.15.55:0/3716277386' entity='client.admin' cmd=[{"prefix": "mgr module enable", "module": "cephadm"}]: dispatch
2024-04-26T01:40:34.375 INFO:journalctl@ceph.mgr.x.smithi055.stdout:Apr 26 01:40:34 smithi055 ceph-c0f1df34-036d-11ef-bc93-c7b262605968-mgr-x[28035]: ignoring --setuser ceph since I am not root
2024-04-26T01:40:34.375 INFO:journalctl@ceph.mgr.x.smithi055.stdout:Apr 26 01:40:34 smithi055 ceph-c0f1df34-036d-11ef-bc93-c7b262605968-mgr-x[28035]: ignoring --setgroup ceph since I am not root
2024-04-26T01:40:34.679 INFO:journalctl@ceph.mgr.x.smithi055.stdout:Apr 26 01:40:34 smithi055 ceph-c0f1df34-036d-11ef-bc93-c7b262605968-mgr-x[28035]:
2024-04-26T01:40:34.415+0000 7f03ef700200 -1 mgr[py] Module balancer has missing NOTIFY_TYPES member
2024-04-26T01:40:34.680 INFO:journalctl@ceph.mgr.x.smithi055.stdout:Apr 26 01:40:34 smithi055 ceph-c0f1df34-036d-11ef-bc93-c7b262605968-mgr-x[28035]:
2024-04-26T01:40:34.681+0000 7f03ef700200 -1 mgr[py] Module orchestrator has missing NOTIFY_TYPES member
2024-04-26T01:40:34.840 INFO:teuthology.orchestra.run.smithi055.stdout:/usr/bin/ceph: stderr
2024-04-26T01:40:33.760+0000 7fc7d1400700 1 Processor -- start
2024-04-26T01:40:34.840 INFO:teuthology.orchestra.run.smithi055.stdout:/usr/bin/ceph: stderr
2024-04-26T01:40:33.760+0000 7fc7d1400700 1 -- start start
2024-04-26T01:40:34.840 INFO:teuthology.orchestra.run.smithi055.stdout:/usr/bin/ceph: stderr
2024-04-26T01:40:33.760+0000 7fc7d1400700 1 --2- >> [v2:172.21.15.55:3300/0,v1:172.21.15.55:6789/0] conn(0x7fc7cc108fe0 0x7fc7cc10b3d0 unknown :-1 s=NONE pgs=0 cs=0 l=0 rev1=0 crypto rx=0 tx=0 comp rx=0 tx=0).connect
2024-04-26T01:40:34.842 INFO:teuthology.orchestra.run.smithi055.stdout:/usr/bin/ceph: stderr
2024-04-26T01:40:33.761+0000 7fc7d1400700 1 -- --> [v2:172.21.15.55:3300/0,v1:172.21.15.55:6789/0] -- mon_getmap magic: 0 -- 0x7fc7cc07be20 con 0x7fc7cc108fe0
2024-04-26T01:40:34.842 INFO:teuthology.orchestra.run.smithi055.stdout:/usr/bin/ceph: stderr
2024-04-26T01:40:33.761+0000 7fc7ca800700 1 --2- >> [v2:172.21.15.55:3300/0,v1:172.21.15.55:6789/0] conn(0x7fc7cc108fe0 0x7fc7cc10b3d0 unknown :-1 s=BANNER_CONNECTING pgs=0 cs=0 l=0 rev1=0 crypto rx=0 tx=0 comp rx=0 tx=0)._handle_peer_banner_payload supported=3 required=0
2024-04-26T01:40:34.843 INFO:teuthology.orchestra.run.smithi055.stdout:/usr/bin/ceph: stderr
2024-04-26T01:40:33.761+0000 7fc7ca800700 1 --2- >> [v2:172.21.15.55:3300/0,v1:172.21.15.55:6789/0] conn(0x7fc7cc108fe0 0x7fc7cc10b3d0 unknown :-1 s=HELLO_CONNECTING pgs=0 cs=0 l=0 rev1=1 crypto rx=0 tx=0 comp rx=0 tx=0).handle_hello peer v2:172.21.15.55:3300/0 says I am v2:172.21.15.55:42066/0 (socket says 172.21.15.55:42066)
2024-04-26T01:40:34.843 INFO:teuthology.orchestra.run.smithi055.stdout:/usr/bin/ceph: stderr
2024-04-26T01:40:33.761+0000 7fc7ca800700 1 -- 172.21.15.55:0/3033729611 learned_addr learned my addr 172.21.15.55:0/3033729611 (peer_addr_for_me v2:172.21.15.55:0/0)
2024-04-26T01:40:34.843 INFO:teuthology.orchestra.run.smithi055.stdout:/usr/bin/ceph: stderr
2024-04-26T01:40:33.762+0000 7fc7ca800700 1 -- 172.21.15.55:0/3033729611 --> [v2:172.21.15.55:3300/0,v1:172.21.15.55:6789/0] -- mon_subscribe({config=0+,monmap=0+}) -- 0x7fc7cc10b910 con 0x7fc7cc108fe0
2024-04-26T01:40:34.843 INFO:teuthology.orchestra.run.smithi055.stdout:/usr/bin/ceph: stderr
2024-04-26T01:40:33.762+0000 7fc7ca800700 1 --2- 172.21.15.55:0/3033729611 >> [v2:172.21.15.55:3300/0,v1:172.21.15.55:6789/0] conn(0x7fc7cc108fe0 0x7fc7cc10b3d0 secure :-1 s=READY pgs=22 cs=0 l=1 rev1=1 crypto rx=0x7fc7bc0098a0 tx=0x7fc7bc009bb0 comp rx=0 tx=0).ready entity=mon.0 client_cookie=334d75fd77c58bb3 server_cookie=0 in_seq=0 out_seq=0
2024-04-26T01:40:34.843 INFO:teuthology.orchestra.run.smithi055.stdout:/usr/bin/ceph: stderr
2024-04-26T01:40:33.762+0000 7fc7c9400700 1 -- 172.21.15.55:0/3033729611 <== mon.0 v2:172.21.15.55:3300/0 1 ==== mon_map magic: 0 ==== 205+0+0 (secure 0 0 0) 0x7fc7bc004160 con 0x7fc7cc108fe0
2024-04-26T01:40:34.843 INFO:teuthology.orchestra.run.smithi055.stdout:/usr/bin/ceph: stderr
2024-04-26T01:40:33.762+0000 7fc7c9400700 1 -- 172.21.15.55:0/3033729611 <== mon.0 v2:172.21.15.55:3300/0 2 ==== config(26 keys) ==== 1070+0+0 (secure 0 0 0) 0x7fc7bc004300 con 0x7fc7cc108fe0
2024-04-26T01:40:34.843 INFO:teuthology.orchestra.run.smithi055.stdout:/usr/bin/ceph: stderr
2024-04-26T01:40:33.762+0000 7fc7c9400700 1 -- 172.21.15.55:0/3033729611 <== mon.0 v2:172.21.15.55:3300/0 3 ==== mon_map magic: 0 ==== 205+0+0 (secure 0 0 0) 0x7fc7bc011af0 con 0x7fc7cc108fe0
2024-04-26T01:40:34.843 INFO:teuthology.orchestra.run.smithi055.stdout:/usr/bin/ceph: stderr
2024-04-26T01:40:33.763+0000 7fc7d1400700 1 -- 172.21.15.55:0/3033729611 >> [v2:172.21.15.55:3300/0,v1:172.21.15.55:6789/0] conn(0x7fc7cc108fe0 msgr2=0x7fc7cc10b3d0 secure :-1 s=STATE_CONNECTION_ESTABLISHED l=1).mark_down
2024-04-26T01:40:34.843 INFO:teuthology.orchestra.run.smithi055.stdout:/usr/bin/ceph: stderr
2024-04-26T01:40:33.763+0000 7fc7d1400700 1 --2- 172.21.15.55:0/3033729611 >> [v2:172.21.15.55:3300/0,v1:172.21.15.55:6789/0] conn(0x7fc7cc108fe0 0x7fc7cc10b3d0 secure :-1 s=READY pgs=22 cs=0 l=1 rev1=1 crypto rx=0x7fc7bc0098a0 tx=0x7fc7bc009bb0 comp rx=0 tx=0).stop
2024-04-26T01:40:34.843 INFO:teuthology.orchestra.run.smithi055.stdout:/usr/bin/ceph: stderr
2024-04-26T01:40:33.763+0000 7fc7d1400700 1 -- 172.21.15.55:0/3033729611 shutdown_connections
2024-04-26T01:40:34.843 INFO:teuthology.orchestra.run.smithi055.stdout:/usr/bin/ceph: stderr
2024-04-26T01:40:33.763+0000 7fc7d1400700 1 --2- 172.21.15.55:0/3033729611 >> [v2:172.21.15.55:3300/0,v1:172.21.15.55:6789/0] conn(0x7fc7cc108fe0 0x7fc7cc10b3d0 unknown :-1 s=CLOSED pgs=22 cs=0 l=1 rev1=1 crypto rx=0 tx=0 comp rx=0 tx=0).stop
2024-04-26T01:40:34.843 INFO:teuthology.orchestra.run.smithi055.stdout:/usr/bin/ceph: stderr
2024-04-26T01:40:33.763+0000 7fc7d1400700 1 -- 172.21.15.55:0/3033729611 >> 172.21.15.55:0/3033729611 conn(0x7fc7cc1029d0 msgr2=0x7fc7cc104df0 unknown :-1 s=STATE_NONE l=0).mark_down
2024-04-26T01:40:34.843 INFO:teuthology.orchestra.run.smithi055.stdout:/usr/bin/ceph: stderr
2024-04-26T01:40:33.763+0000 7fc7d1400700 1 -- 172.21.15.55:0/3033729611 shutdown_connections
2024-04-26T01:40:34.843 INFO:teuthology.orchestra.run.smithi055.stdout:/usr/bin/ceph: stderr
2024-04-26T01:40:33.763+0000 7fc7d1400700 1 -- 172.21.15.55:0/3033729611 wait complete.
2024-04-26T01:40:34.844 INFO:teuthology.orchestra.run.smithi055.stdout:/usr/bin/ceph: stderr
2024-04-26T01:40:33.764+0000 7fc7d1400700 1 Processor -- start
2024-04-26T01:40:34.847 INFO:teuthology.orchestra.run.smithi055.stdout:/usr/bin/ceph: stderr
2024-04-26T01:40:33.764+0000 7fc7d1400700 1 -- start start
2024-04-26T01:40:34.847 INFO:teuthology.orchestra.run.smithi055.stdout:/usr/bin/ceph: stderr
2024-04-26T01:40:33.765+0000 7fc7d1400700 1 --2- >> [v2:172.21.15.55:3300/0,v1:172.21.15.55:6789/0] conn(0x7fc7cc108fe0 0x7fc7cc108860 unknown :-1 s=NONE pgs=0 cs=0 l=1 rev1=0 crypto rx=0 tx=0 comp rx=0 tx=0).connect
2024-04-26T01:40:34.848 INFO:teuthology.orchestra.run.smithi055.stdout:/usr/bin/ceph: stderr
2024-04-26T01:40:33.765+0000 7fc7d1400700 1 -- --> [v2:172.21.15.55:3300/0,v1:172.21.15.55:6789/0] -- mon_getmap magic: 0 -- 0x7fc7cc10c870 con 0x7fc7cc108fe0
2024-04-26T01:40:34.848 INFO:teuthology.orchestra.run.smithi055.stdout:/usr/bin/ceph: stderr
2024-04-26T01:40:33.765+0000 7fc7ca800700 1 --2- >> [v2:172.21.15.55:3300/0,v1:172.21.15.55:6789/0] conn(0x7fc7cc108fe0 0x7fc7cc108860 unknown :-1 s=BANNER_CONNECTING pgs=0 cs=0 l=1 rev1=0 crypto rx=0 tx=0 comp rx=0 tx=0)._handle_peer_banner_payload supported=3 required=0
2024-04-26T01:40:34.848 INFO:teuthology.orchestra.run.smithi055.stdout:/usr/bin/ceph: stderr
2024-04-26T01:40:33.765+0000 7fc7ca800700 1 --2- >> [v2:172.21.15.55:3300/0,v1:172.21.15.55:6789/0] conn(0x7fc7cc108fe0 0x7fc7cc108860 unknown :-1 s=HELLO_CONNECTING pgs=0 cs=0 l=1 rev1=1 crypto rx=0 tx=0 comp rx=0 tx=0).handle_hello peer v2:172.21.15.55:3300/0 says I am v2:172.21.15.55:42078/0 (socket says 172.21.15.55:42078)
2024-04-26T01:40:34.848 INFO:teuthology.orchestra.run.smithi055.stdout:/usr/bin/ceph: stderr
2024-04-26T01:40:33.765+0000 7fc7ca800700 1 -- 172.21.15.55:0/3716277386 learned_addr learned my addr 172.21.15.55:0/3716277386 (peer_addr_for_me v2:172.21.15.55:0/0)
2024-04-26T01:40:34.848 INFO:teuthology.orchestra.run.smithi055.stdout:/usr/bin/ceph: stderr
2024-04-26T01:40:33.765+0000 7fc7ca800700 1 -- 172.21.15.55:0/3716277386 --> [v2:172.21.15.55:3300/0,v1:172.21.15.55:6789/0] -- mon_subscribe({config=0+,monmap=0+}) -- 0x7fc7cc108da0 con 0x7fc7cc108fe0
2024-04-26T01:40:34.848 INFO:teuthology.orchestra.run.smithi055.stdout:/usr/bin/ceph: stderr
2024-04-26T01:40:33.766+0000 7fc7ca800700 1 --2- 172.21.15.55:0/3716277386 >> [v2:172.21.15.55:3300/0,v1:172.21.15.55:6789/0] conn(0x7fc7cc108fe0 0x7fc7cc108860 secure :-1 s=READY pgs=23 cs=0 l=1 rev1=1 crypto rx=0x7fc7bc011ac0 tx=0x7fc7bc011ba0 comp rx=0 tx=0).ready entity=mon.0 client_cookie=0 server_cookie=0 in_seq=0 out_seq=0
2024-04-26T01:40:34.848 INFO:teuthology.orchestra.run.smithi055.stdout:/usr/bin/ceph: stderr
2024-04-26T01:40:33.766+0000 7fc7c3400700 1 -- 172.21.15.55:0/3716277386 <== mon.0 v2:172.21.15.55:3300/0 1 ==== mon_map magic: 0 ==== 205+0+0 (secure 0 0 0) 0x7fc7bc003b20 con 0x7fc7cc108fe0
2024-04-26T01:40:34.848 INFO:teuthology.orchestra.run.smithi055.stdout:/usr/bin/ceph: stderr
2024-04-26T01:40:33.766+0000 7fc7c3400700 1 -- 172.21.15.55:0/3716277386 <== mon.0 v2:172.21.15.55:3300/0 2 ==== config(26 keys) ==== 1070+0+0 (secure 0 0 0) 0x7fc7bc01a8c0 con 0x7fc7cc108fe0
2024-04-26T01:40:34.848 INFO:teuthology.orchestra.run.smithi055.stdout:/usr/bin/ceph: stderr
2024-04-26T01:40:33.766+0000 7fc7d1400700 1 -- 172.21.15.55:0/3716277386 --> [v2:172.21.15.55:3300/0,v1:172.21.15.55:6789/0] -- mon_subscribe({mgrmap=0+}) -- 0x7fc7cc106f90 con 0x7fc7cc108fe0
2024-04-26T01:40:34.848 INFO:teuthology.orchestra.run.smithi055.stdout:/usr/bin/ceph: stderr
2024-04-26T01:40:33.766+0000 7fc7c3400700 1 -- 172.21.15.55:0/3716277386 <== mon.0 v2:172.21.15.55:3300/0 3 ==== mon_map magic: 0 ==== 205+0+0 (secure 0 0 0) 0x7fc7bc0248d0 con 0x7fc7cc108fe0
2024-04-26T01:40:34.848 INFO:teuthology.orchestra.run.smithi055.stdout:/usr/bin/ceph: stderr
2024-04-26T01:40:33.766+0000 7fc7d1400700 1 -- 172.21.15.55:0/3716277386 --> [v2:172.21.15.55:3300/0,v1:172.21.15.55:6789/0] -- mon_subscribe({osdmap=0}) -- 0x7fc7cc1074d0 con 0x7fc7cc108fe0
2024-04-26T01:40:34.848 INFO:teuthology.orchestra.run.smithi055.stdout:/usr/bin/ceph: stderr
2024-04-26T01:40:33.767+0000 7fc7c3400700 1 -- 172.21.15.55:0/3716277386 <== mon.0 v2:172.21.15.55:3300/0 4 ==== mgrmap(e 4) ==== 46547+0+0 (secure 0 0 0) 0x7fc7bc022020 con 0x7fc7cc108fe0
2024-04-26T01:40:34.848 INFO:teuthology.orchestra.run.smithi055.stdout:/usr/bin/ceph: stderr
2024-04-26T01:40:33.768+0000 7fc7c0c00700 1 -- 172.21.15.55:0/3716277386 --> [v2:172.21.15.55:3300/0,v1:172.21.15.55:6789/0] -- mon_command({"prefix": "get_command_descriptions"} v 0) -- 0x7fc7a4005330 con 0x7fc7cc108fe0
2024-04-26T01:40:34.849 INFO:teuthology.orchestra.run.smithi055.stdout:/usr/bin/ceph: stderr
