2024-04-26T01:42:07.061+0000 7f5f27400700 1 -- 172.21.15.2:0/974230540 <== mgr.14120 v2:172.21.15.2:6800/874328876 1 ==== mgr_command_reply(tid 0: 0 ) ==== 8+0+24 (secure 0 0 0) 0x7f5f3002dff0 con 0x7f5f14039610
2024-04-26T01:42:08.296 INFO:teuthology.orchestra.run.smithi002.stdout:/usr/bin/ceph: stderr
2024-04-26T01:42:07.063+0000 7f5f35a00700 1 -- 172.21.15.2:0/974230540 >> [v2:172.21.15.2:6800/874328876,v1:172.21.15.2:6801/874328876] conn(0x7f5f14039610 msgr2=0x7f5f1403bad0 secure :-1 s=STATE_CONNECTION_ESTABLISHED l=1).mark_down
2024-04-26T01:42:08.296 INFO:teuthology.orchestra.run.smithi002.stdout:/usr/bin/ceph: stderr
2024-04-26T01:42:07.063+0000 7f5f35a00700 1 --2- 172.21.15.2:0/974230540 >> [v2:172.21.15.2:6800/874328876,v1:172.21.15.2:6801/874328876] conn(0x7f5f14039610 0x7f5f1403bad0 secure :-1 s=READY pgs=12 cs=0 l=1 rev1=1 crypto rx=0x7f5f1c006fd0 tx=0x7f5f1c006e40 comp rx=0 tx=0).stop
2024-04-26T01:42:08.296 INFO:teuthology.orchestra.run.smithi002.stdout:/usr/bin/ceph: stderr
2024-04-26T01:42:07.063+0000 7f5f35a00700 1 -- 172.21.15.2:0/974230540 >> [v2:172.21.15.2:3300/0,v1:172.21.15.2:6789/0] conn(0x7f5f301084f0 msgr2=0x7f5f3019c7c0 secure :-1 s=STATE_CONNECTION_ESTABLISHED l=1).mark_down
2024-04-26T01:42:08.296 INFO:teuthology.orchestra.run.smithi002.stdout:/usr/bin/ceph: stderr
2024-04-26T01:42:07.063+0000 7f5f35a00700 1 --2- 172.21.15.2:0/974230540 >> [v2:172.21.15.2:3300/0,v1:172.21.15.2:6789/0] conn(0x7f5f301084f0 0x7f5f3019c7c0 secure :-1 s=READY pgs=48 cs=0 l=1 rev1=1 crypto rx=0x7f5f20009fb0 tx=0x7f5f20011940 comp rx=0 tx=0).stop
2024-04-26T01:42:08.296 INFO:teuthology.orchestra.run.smithi002.stdout:/usr/bin/ceph: stderr
2024-04-26T01:42:07.064+0000 7f5f35a00700 1 -- 172.21.15.2:0/974230540 shutdown_connections
2024-04-26T01:42:08.296 INFO:teuthology.orchestra.run.smithi002.stdout:/usr/bin/ceph: stderr
2024-04-26T01:42:07.064+0000 7f5f35a00700 1 --2- 172.21.15.2:0/974230540 >> [v2:172.21.15.2:6800/874328876,v1:172.21.15.2:6801/874328876] conn(0x7f5f14039610 0x7f5f1403bad0 unknown :-1 s=CLOSED pgs=12 cs=0 l=1 rev1=1 crypto rx=0 tx=0 comp rx=0 tx=0).stop
2024-04-26T01:42:08.297 INFO:teuthology.orchestra.run.smithi002.stdout:/usr/bin/ceph: stderr
2024-04-26T01:42:07.064+0000 7f5f35a00700 1 --2- 172.21.15.2:0/974230540 >> [v2:172.21.15.2:3300/0,v1:172.21.15.2:6789/0] conn(0x7f5f301084f0 0x7f5f3019c7c0 unknown :-1 s=CLOSED pgs=48 cs=0 l=1 rev1=1 crypto rx=0 tx=0 comp rx=0 tx=0).stop
2024-04-26T01:42:08.297 INFO:teuthology.orchestra.run.smithi002.stdout:/usr/bin/ceph: stderr
2024-04-26T01:42:07.064+0000 7f5f35a00700 1 -- 172.21.15.2:0/974230540 >> 172.21.15.2:0/974230540 conn(0x7f5f30103ab0 msgr2=0x7f5f30104900 unknown :-1 s=STATE_NONE l=0).mark_down
2024-04-26T01:42:08.297 INFO:teuthology.orchestra.run.smithi002.stdout:/usr/bin/ceph: stderr
2024-04-26T01:42:07.064+0000 7f5f35a00700 1 -- 172.21.15.2:0/974230540 shutdown_connections
2024-04-26T01:42:08.297 INFO:teuthology.orchestra.run.smithi002.stdout:/usr/bin/ceph: stderr
2024-04-26T01:42:07.064+0000 7f5f35a00700 1 -- 172.21.15.2:0/974230540 wait complete.
2024-04-26T01:42:08.297 INFO:teuthology.orchestra.run.smithi002.stdout:Deploying unmanaged mgr service...
2024-04-26T01:42:10.183 INFO:journalctl@ceph.mon.a.smithi002.stdout:Apr 26 01:42:09 smithi002 ceph-mon[27846]: from='mgr.14120 172.21.15.2:0/3127789244' entity='mgr.x'
2024-04-26T01:42:10.183 INFO:journalctl@ceph.mon.a.smithi002.stdout:Apr 26 01:42:09 smithi002 ceph-mon[27846]: from='mgr.14120 172.21.15.2:0/3127789244' entity='mgr.x'
2024-04-26T01:42:10.183 INFO:journalctl@ceph.mon.a.smithi002.stdout:Apr 26 01:42:09 smithi002 ceph-mon[27846]: from='mgr.14120 172.21.15.2:0/3127789244' entity='mgr.x'
2024-04-26T01:42:10.583 INFO:teuthology.orchestra.run.smithi002.stdout:/usr/bin/ceph: stdout Scheduled mgr update...
2024-04-26T01:42:10.583 INFO:teuthology.orchestra.run.smithi002.stdout:/usr/bin/ceph: stderr
2024-04-26T01:42:09.613+0000 7fe18e000700 1 Processor -- start
2024-04-26T01:42:10.583 INFO:teuthology.orchestra.run.smithi002.stdout:/usr/bin/ceph: stderr
2024-04-26T01:42:09.613+0000 7fe18e000700 1 -- start start
2024-04-26T01:42:10.583 INFO:teuthology.orchestra.run.smithi002.stdout:/usr/bin/ceph: stderr
2024-04-26T01:42:09.614+0000 7fe18e000700 1 --2- >> [v2:172.21.15.2:3300/0,v1:172.21.15.2:6789/0] conn(0x7fe18807de80 0x7fe18807c330 unknown :-1 s=NONE pgs=0 cs=0 l=0 rev1=0 crypto rx=0 tx=0 comp rx=0 tx=0).connect
2024-04-26T01:42:10.583 INFO:teuthology.orchestra.run.smithi002.stdout:/usr/bin/ceph: stderr
2024-04-26T01:42:09.614+0000 7fe18e000700 1 -- --> [v2:172.21.15.2:3300/0,v1:172.21.15.2:6789/0] -- mon_getmap magic: 0 -- 0x7fe18807c900 con 0x7fe18807de80
2024-04-26T01:42:10.584 INFO:teuthology.orchestra.run.smithi002.stdout:/usr/bin/ceph: stderr
2024-04-26T01:42:09.614+0000 7fe187400700 1 --2- >> [v2:172.21.15.2:3300/0,v1:172.21.15.2:6789/0] conn(0x7fe18807de80 0x7fe18807c330 unknown :-1 s=BANNER_CONNECTING pgs=0 cs=0 l=0 rev1=0 crypto rx=0 tx=0 comp rx=0 tx=0)._handle_peer_banner_payload supported=3 required=0
2024-04-26T01:42:10.584 INFO:teuthology.orchestra.run.smithi002.stdout:/usr/bin/ceph: stderr
2024-04-26T01:42:09.614+0000 7fe187400700 1 --2- >> [v2:172.21.15.2:3300/0,v1:172.21.15.2:6789/0] conn(0x7fe18807de80 0x7fe18807c330 unknown :-1 s=HELLO_CONNECTING pgs=0 cs=0 l=0 rev1=1 crypto rx=0 tx=0 comp rx=0 tx=0).handle_hello peer v2:172.21.15.2:3300/0 says I am v2:172.21.15.2:57162/0 (socket says 172.21.15.2:57162)
2024-04-26T01:42:10.584 INFO:teuthology.orchestra.run.smithi002.stdout:/usr/bin/ceph: stderr
2024-04-26T01:42:09.614+0000 7fe187400700 1 -- 172.21.15.2:0/346702107 learned_addr learned my addr 172.21.15.2:0/346702107 (peer_addr_for_me v2:172.21.15.2:0/0)
2024-04-26T01:42:10.584 INFO:teuthology.orchestra.run.smithi002.stdout:/usr/bin/ceph: stderr
2024-04-26T01:42:09.615+0000 7fe187400700 1 -- 172.21.15.2:0/346702107 --> [v2:172.21.15.2:3300/0,v1:172.21.15.2:6789/0] -- mon_subscribe({config=0+,monmap=0+}) -- 0x7fe18807ca80 con 0x7fe18807de80
2024-04-26T01:42:10.584 INFO:teuthology.orchestra.run.smithi002.stdout:/usr/bin/ceph: stderr
2024-04-26T01:42:09.615+0000 7fe187400700 1 --2- 172.21.15.2:0/346702107 >> [v2:172.21.15.2:3300/0,v1:172.21.15.2:6789/0] conn(0x7fe18807de80 0x7fe18807c330 secure :-1 s=READY pgs=49 cs=0 l=1 rev1=1 crypto rx=0x7fe1780098a0 tx=0x7fe178009bb0 comp rx=0 tx=0).ready entity=mon.0 client_cookie=429e68cc516bf9e6 server_cookie=0 in_seq=0 out_seq=0
2024-04-26T01:42:10.584 INFO:teuthology.orchestra.run.smithi002.stdout:/usr/bin/ceph: stderr
2024-04-26T01:42:09.615+0000 7fe186000700 1 -- 172.21.15.2:0/346702107 <== mon.0 v2:172.21.15.2:3300/0 1 ==== mon_map magic: 0 ==== 205+0+0 (secure 0 0 0) 0x7fe178004160 con 0x7fe18807de80
2024-04-26T01:42:10.584 INFO:teuthology.orchestra.run.smithi002.stdout:/usr/bin/ceph: stderr
2024-04-26T01:42:09.615+0000 7fe186000700 1 -- 172.21.15.2:0/346702107 <== mon.0 v2:172.21.15.2:3300/0 2 ==== config(26 keys) ==== 1101+0+0 (secure 0 0 0) 0x7fe178004300 con 0x7fe18807de80
2024-04-26T01:42:10.584 INFO:teuthology.orchestra.run.smithi002.stdout:/usr/bin/ceph: stderr
2024-04-26T01:42:09.615+0000 7fe186000700 1 -- 172.21.15.2:0/346702107 <== mon.0 v2:172.21.15.2:3300/0 3 ==== mon_map magic: 0 ==== 205+0+0 (secure 0 0 0) 0x7fe178011a20 con 0x7fe18807de80
2024-04-26T01:42:10.584 INFO:teuthology.orchestra.run.smithi002.stdout:/usr/bin/ceph: stderr
2024-04-26T01:42:09.616+0000 7fe18e000700 1 -- 172.21.15.2:0/346702107 >> [v2:172.21.15.2:3300/0,v1:172.21.15.2:6789/0] conn(0x7fe18807de80 msgr2=0x7fe18807c330 secure :-1 s=STATE_CONNECTION_ESTABLISHED l=1).mark_down
2024-04-26T01:42:10.584 INFO:teuthology.orchestra.run.smithi002.stdout:/usr/bin/ceph: stderr
2024-04-26T01:42:09.616+0000 7fe18e000700 1 --2- 172.21.15.2:0/346702107 >> [v2:172.21.15.2:3300/0,v1:172.21.15.2:6789/0] conn(0x7fe18807de80 0x7fe18807c330 secure :-1 s=READY pgs=49 cs=0 l=1 rev1=1 crypto rx=0x7fe1780098a0 tx=0x7fe178009bb0 comp rx=0 tx=0).stop
2024-04-26T01:42:10.584 INFO:teuthology.orchestra.run.smithi002.stdout:/usr/bin/ceph: stderr
2024-04-26T01:42:09.616+0000 7fe18e000700 1 -- 172.21.15.2:0/346702107 shutdown_connections
2024-04-26T01:42:10.585 INFO:teuthology.orchestra.run.smithi002.stdout:/usr/bin/ceph: stderr
2024-04-26T01:42:09.616+0000 7fe18e000700 1 --2- 172.21.15.2:0/346702107 >> [v2:172.21.15.2:3300/0,v1:172.21.15.2:6789/0] conn(0x7fe18807de80 0x7fe18807c330 unknown :-1 s=CLOSED pgs=49 cs=0 l=1 rev1=1 crypto rx=0 tx=0 comp rx=0 tx=0).stop
2024-04-26T01:42:10.585 INFO:teuthology.orchestra.run.smithi002.stdout:/usr/bin/ceph: stderr
2024-04-26T01:42:09.616+0000 7fe18e000700 1 -- 172.21.15.2:0/346702107 >> 172.21.15.2:0/346702107 conn(0x7fe188103ab0 msgr2=0x7fe188105ed0 unknown :-1 s=STATE_NONE l=0).mark_down
2024-04-26T01:42:10.585 INFO:teuthology.orchestra.run.smithi002.stdout:/usr/bin/ceph: stderr
2024-04-26T01:42:09.616+0000 7fe18e000700 1 -- 172.21.15.2:0/346702107 shutdown_connections
2024-04-26T01:42:10.585 INFO:teuthology.orchestra.run.smithi002.stdout:/usr/bin/ceph: stderr
2024-04-26T01:42:09.616+0000 7fe18e000700 1 -- 172.21.15.2:0/346702107 wait complete.
2024-04-26T01:42:10.585 INFO:teuthology.orchestra.run.smithi002.stdout:/usr/bin/ceph: stderr
2024-04-26T01:42:09.618+0000 7fe18e000700 1 Processor -- start
2024-04-26T01:42:10.585 INFO:teuthology.orchestra.run.smithi002.stdout:/usr/bin/ceph: stderr
2024-04-26T01:42:09.618+0000 7fe18e000700 1 -- start start
2024-04-26T01:42:10.585 INFO:teuthology.orchestra.run.smithi002.stdout:/usr/bin/ceph: stderr
2024-04-26T01:42:09.618+0000 7fe18e000700 1 --2- >> [v2:172.21.15.2:3300/0,v1:172.21.15.2:6789/0] conn(0x7fe18807de80 0x7fe18819e900 unknown :-1 s=NONE pgs=0 cs=0 l=1 rev1=0 crypto rx=0 tx=0 comp rx=0 tx=0).connect
2024-04-26T01:42:10.585 INFO:teuthology.orchestra.run.smithi002.stdout:/usr/bin/ceph: stderr
2024-04-26T01:42:09.618+0000 7fe18e000700 1 -- --> [v2:172.21.15.2:3300/0,v1:172.21.15.2:6789/0] -- mon_getmap magic: 0 -- 0x7fe18810ea70 con 0x7fe18807de80
2024-04-26T01:42:10.585 INFO:teuthology.orchestra.run.smithi002.stdout:/usr/bin/ceph: stderr
2024-04-26T01:42:09.618+0000 7fe187400700 1 --2- >> [v2:172.21.15.2:3300/0,v1:172.21.15.2:6789/0] conn(0x7fe18807de80 0x7fe18819e900 unknown :-1 s=BANNER_CONNECTING pgs=0 cs=0 l=1 rev1=0 crypto rx=0 tx=0 comp rx=0 tx=0)._handle_peer_banner_payload supported=3 required=0
2024-04-26T01:42:10.585 INFO:teuthology.orchestra.run.smithi002.stdout:/usr/bin/ceph: stderr
2024-04-26T01:42:09.618+0000 7fe187400700 1 --2- >> [v2:172.21.15.2:3300/0,v1:172.21.15.2:6789/0] conn(0x7fe18807de80 0x7fe18819e900 unknown :-1 s=HELLO_CONNECTING pgs=0 cs=0 l=1 rev1=1 crypto rx=0 tx=0 comp rx=0 tx=0).handle_hello peer v2:172.21.15.2:3300/0 says I am v2:172.21.15.2:57170/0 (socket says 172.21.15.2:57170)
2024-04-26T01:42:10.585 INFO:teuthology.orchestra.run.smithi002.stdout:/usr/bin/ceph: stderr
2024-04-26T01:42:09.618+0000 7fe187400700 1 -- 172.21.15.2:0/1772520575 learned_addr learned my addr 172.21.15.2:0/1772520575 (peer_addr_for_me v2:172.21.15.2:0/0)
2024-04-26T01:42:10.585 INFO:teuthology.orchestra.run.smithi002.stdout:/usr/bin/ceph: stderr
2024-04-26T01:42:09.619+0000 7fe187400700 1 -- 172.21.15.2:0/1772520575 --> [v2:172.21.15.2:3300/0,v1:172.21.15.2:6789/0] -- mon_subscribe({config=0+,monmap=0+}) -- 0x7fe18819ee40 con 0x7fe18807de80
2024-04-26T01:42:10.585 INFO:teuthology.orchestra.run.smithi002.stdout:/usr/bin/ceph: stderr
2024-04-26T01:42:09.619+0000 7fe187400700 1 --2- 172.21.15.2:0/1772520575 >> [v2:172.21.15.2:3300/0,v1:172.21.15.2:6789/0] conn(0x7fe18807de80 0x7fe18819e900 secure :-1 s=READY pgs=50 cs=0 l=1 rev1=1 crypto rx=0x7fe178004660 tx=0x7fe178011aa0 comp rx=0 tx=0).ready entity=mon.0 client_cookie=0 server_cookie=0 in_seq=0 out_seq=0
2024-04-26T01:42:10.586 INFO:teuthology.orchestra.run.smithi002.stdout:/usr/bin/ceph: stderr
2024-04-26T01:42:09.619+0000 7fe17fe00700 1 -- 172.21.15.2:0/1772520575 <== mon.0 v2:172.21.15.2:3300/0 1 ==== mon_map magic: 0 ==== 205+0+0 (secure 0 0 0) 0x7fe178003aa0 con 0x7fe18807de80
2024-04-26T01:42:10.586 INFO:teuthology.orchestra.run.smithi002.stdout:/usr/bin/ceph: stderr
2024-04-26T01:42:09.619+0000 7fe17fe00700 1 -- 172.21.15.2:0/1772520575 <== mon.0 v2:172.21.15.2:3300/0 2 ==== config(26 keys) ==== 1101+0+0 (secure 0 0 0) 0x7fe17801b8f0 con 0x7fe18807de80
2024-04-26T01:42:10.586 INFO:teuthology.orchestra.run.smithi002.stdout:/usr/bin/ceph: stderr
2024-04-26T01:42:09.619+0000 7fe17fe00700 1 -- 172.21.15.2:0/1772520575 <== mon.0 v2:172.21.15.2:3300/0 3 ==== mon_map magic: 0 ==== 205+0+0 (secure 0 0 0) 0x7fe178023900 con 0x7fe18807de80
2024-04-26T01:42:10.586 INFO:teuthology.orchestra.run.smithi002.stdout:/usr/bin/ceph: stderr
2024-04-26T01:42:09.619+0000 7fe18e000700 1 -- 172.21.15.2:0/1772520575 --> [v2:172.21.15.2:3300/0,v1:172.21.15.2:6789/0] -- mon_subscribe({mgrmap=0+}) -- 0x7fe18819f0d0 con 0x7fe18807de80
2024-04-26T01:42:10.586 INFO:teuthology.orchestra.run.smithi002.stdout:/usr/bin/ceph: stderr
2024-04-26T01:42:09.619+0000 7fe18e000700 1 -- 172.21.15.2:0/1772520575 --> [v2:172.21.15.2:3300/0,v1:172.21.15.2:6789/0] -- mon_subscribe({osdmap=0}) -- 0x7fe1881a1dc0 con 0x7fe18807de80
2024-04-26T01:42:10.586 INFO:teuthology.orchestra.run.smithi002.stdout:/usr/bin/ceph: stderr
2024-04-26T01:42:09.621+0000 7fe18e000700 1 -- 172.21.15.2:0/1772520575 --> [v2:172.21.15.2:3300/0,v1:172.21.15.2:6789/0] -- mon_command({"prefix": "get_command_descriptions"} v 0) -- 0x7fe1880640a0 con 0x7fe18807de80
2024-04-26T01:42:10.586 INFO:teuthology.orchestra.run.smithi002.stdout:/usr/bin/ceph: stderr
2024-04-26T01:42:09.622+0000 7fe17fe00700 1 -- 172.21.15.2:0/1772520575 <== mon.0 v2:172.21.15.2:3300/0 4 ==== mgrmap(e 8) ==== 46558+0+0 (secure 0 0 0) 0x7fe17801baa0 con 0x7fe18807de80
2024-04-26T01:42:10.586 INFO:teuthology.orchestra.run.smithi002.stdout:/usr/bin/ceph: stderr
2024-04-26T01:42:09.622+0000 7fe17fe00700 1 --2- 172.21.15.2:0/1772520575 >> [v2:172.21.15.2:6800/874328876,v1:172.21.15.2:6801/874328876] conn(0x7fe16c039600 0x7fe16c03bac0 unknown :-1 s=NONE pgs=0 cs=0 l=1 rev1=0 crypto rx=0 tx=0 comp rx=0 tx=0).connect
2024-04-26T01:42:10.586 INFO:teuthology.orchestra.run.smithi002.stdout:/usr/bin/ceph: stderr
2024-04-26T01:42:09.622+0000 7fe17fe00700 1 -- 172.21.15.2:0/1772520575 <== mon.0 v2:172.21.15.2:3300/0 5 ==== osd_map(2..2 src has 1..2) ==== 940+0+0 (secure 0 0 0) 0x7fe17804e520 con 0x7fe18807de80
2024-04-26T01:42:10.586 INFO:teuthology.orchestra.run.smithi002.stdout:/usr/bin/ceph: stderr
2024-04-26T01:42:09.622+0000 7fe186a00700 1 --2- 172.21.15.2:0/1772520575 >> [v2:172.21.15.2:6800/874328876,v1:172.21.15.2:6801/874328876] conn(0x7fe16c039600 0x7fe16c03bac0 unknown :-1 s=BANNER_CONNECTING pgs=0 cs=0 l=1 rev1=0 crypto rx=0 tx=0 comp rx=0 tx=0)._handle_peer_banner_payload supported=3 required=0
2024-04-26T01:42:10.586 INFO:teuthology.orchestra.run.smithi002.stdout:/usr/bin/ceph: stderr
2024-04-26T01:42:09.623+0000 7fe186a00700 1 --2- 172.21.15.2:0/1772520575 >> [v2:172.21.15.2:6800/874328876,v1:172.21.15.2:6801/874328876] conn(0x7fe16c039600 0x7fe16c03bac0 secure :-1 s=READY pgs=13 cs=0 l=1 rev1=1 crypto rx=0x7fe174006fd0 tx=0x7fe174006e40 comp rx=0 tx=0).ready entity=mgr.14120 client_cookie=0 server_cookie=0 in_seq=0 out_seq=0
2024-04-26T01:42:10.586 INFO:teuthology.orchestra.run.smithi002.stdout:/usr/bin/ceph: stderr
2024-04-26T01:42:09.627+0000 7fe17fe00700 1 -- 172.21.15.2:0/1772520575 <== mon.0 v2:172.21.15.2:3300/0 6 ==== mon_command_ack([{"prefix": "get_command_descriptions"}]=0 v0) ==== 72+0+188370 (secure 0 0 0) 0x7fe17801f030 con 0x7fe18807de80
2024-04-26T01:42:10.587 INFO:teuthology.orchestra.run.smithi002.stdout:/usr/bin/ceph: stderr
2024-04-26T01:42:09.878+0000 7fe18e000700 1 -- 172.21.15.2:0/1772520575 --> [v2:172.21.15.2:6800/874328876,v1:172.21.15.2:6801/874328876] -- mgr_command(tid 0: {"prefix": "orch apply", "service_type": "mgr", "unmanaged": true, "target": ["mon-mgr", ""]}) -- 0x7fe188062e80 con 0x7fe16c039600
2024-04-26T01:42:10.587 INFO:teuthology.orchestra.run.smithi002.stdout:/usr/bin/ceph: stderr
2024-04-26T01:42:09.884+0000 7fe17fe00700 1 -- 172.21.15.2:0/1772520575 <== mgr.14120 v2:172.21.15.2:6800/874328876 1 ==== mgr_command_reply(tid 0: 0 ) ==== 8+0+24 (secure 0 0 0) 0x7fe188062e80 con 0x7fe16c039600
2024-04-26T01:42:10.587 INFO:teuthology.orchestra.run.smithi002.stdout:/usr/bin/ceph: stderr
2024-04-26T01:42:09.887+0000 7fe18e000700 1 -- 172.21.15.2:0/1772520575 >> [v2:172.21.15.2:6800/874328876,v1:172.21.15.2:6801/874328876] conn(0x7fe16c039600 msgr2=0x7fe16c03bac0 secure :-1 s=STATE_CONNECTION_ESTABLISHED l=1).mark_down
2024-04-26T01:42:10.587 INFO:teuthology.orchestra.run.smithi002.stdout:/usr/bin/ceph: stderr
2024-04-26T01:42:09.887+0000 7fe18e000700 1 --2- 172.21.15.2:0/1772520575 >> [v2:172.21.15.2:6800/874328876,v1:172.21.15.2:6801/874328876] conn(0x7fe16c039600 0x7fe16c03bac0 secure :-1 s=READY pgs=13 cs=0 l=1 rev1=1 crypto rx=0x7fe174006fd0 tx=0x7fe174006e40 comp rx=0 tx=0).stop
2024-04-26T01:42:10.587 INFO:teuthology.orchestra.run.smithi002.stdout:/usr/bin/ceph: stderr
2024-04-26T01:42:09.887+0000 7fe18e000700 1 -- 172.21.15.2:0/1772520575 >> [v2:172.21.15.2:3300/0,v1:172.21.15.2:6789/0] conn(0x7fe18807de80 msgr2=0x7fe18819e900 secure :-1 s=STATE_CONNECTION_ESTABLISHED l=1).mark_down
2024-04-26T01:42:10.587 INFO:teuthology.orchestra.run.smithi002.stdout:/usr/bin/ceph: stderr
2024-04-26T01:42:09.887+0000 7fe18e000700 1 --2- 172.21.15.2:0/1772520575 >> [v2:172.21.15.2:3300/0,v1:172.21.15.2:6789/0] conn(0x7fe18807de80 0x7fe18819e900 secure :-1 s=READY pgs=50 cs=0 l=1 rev1=1 crypto rx=0x7fe178004660 tx=0x7fe178011aa0 comp rx=0 tx=0).stop
2024-04-26T01:42:10.587 INFO:teuthology.orchestra.run.smithi002.stdout:/usr/bin/ceph: stderr
2024-04-26T01:42:09.887+0000 7fe18e000700 1 -- 172.21.15.2:0/1772520575 shutdown_connections
2024-04-26T01:42:10.587 INFO:teuthology.orchestra.run.smithi002.stdout:/usr/bin/ceph: stderr
2024-04-26T01:42:09.887+0000 7fe18e000700 1 --2- 172.21.15.2:0/1772520575 >> [v2:172.21.15.2:6800/874328876,v1:172.21.15.2:6801/874328876] conn(0x7fe16c039600 0x7fe16c03bac0 unknown :-1 s=CLOSED pgs=13 cs=0 l=1 rev1=1 crypto rx=0 tx=0 comp rx=0 tx=0).stop
2024-04-26T01:42:10.587 INFO:teuthology.orchestra.run.smithi002.stdout:/usr/bin/ceph: stderr
2024-04-26T01:42:09.887+0000 7fe18e000700 1 --2- 172.21.15.2:0/1772520575 >> [v2:172.21.15.2:3300/0,v1:172.21.15.2:6789/0] conn(0x7fe18807de80 0x7fe18819e900 unknown :-1 s=CLOSED pgs=50 cs=0 l=1 rev1=1 crypto rx=0 tx=0 comp rx=0 tx=0).stop
2024-04-26T01:42:10.587 INFO:teuthology.orchestra.run.smithi002.stdout:/usr/bin/ceph: stderr
2024-04-26T01:42:09.887+0000 7fe18e000700 1 -- 172.21.15.2:0/1772520575 >> 172.21.15.2:0/1772520575 conn(0x7fe188103ab0 msgr2=0x7fe1881047e0 unknown :-1 s=STATE_NONE l=0).mark_down
2024-04-26T01:42:10.587 INFO:teuthology.orchestra.run.smithi002.stdout:/usr/bin/ceph: stderr
2024-04-26T01:42:09.888+0000 7fe18e000700 1 -- 172.21.15.2:0/1772520575 shutdown_connections
2024-04-26T01:42:10.587 INFO:teuthology.orchestra.run.smithi002.stdout:/usr/bin/ceph: stderr
2024-04-26T01:42:09.888+0000 7fe18e000700 1 -- 172.21.15.2:0/1772520575 wait complete.
2024-04-26T01:42:11.182 INFO:journalctl@ceph.mon.a.smithi002.stdout:Apr 26 01:42:10 smithi002 ceph-mon[27846]: pgmap v3: 0 pgs: ; 0 B data, 0 B used, 0 B / 0 B avail
2024-04-26T01:42:11.183 INFO:journalctl@ceph.mon.a.smithi002.stdout:Apr 26 01:42:10 smithi002 ceph-mon[27846]: from='client.14144 -' entity='client.admin' cmd=[{"prefix": "orch apply", "service_type": "mgr", "unmanaged": true, "target": ["mon-mgr", ""]}]: dispatch
2024-04-26T01:42:11.183 INFO:journalctl@ceph.mon.a.smithi002.stdout:Apr 26 01:42:10 smithi002 ceph-mon[27846]: Saving service mgr spec with placement count:2
2024-04-26T01:42:12.683 INFO:journalctl@ceph.mon.a.smithi002.stdout:Apr 26 01:42:12 smithi002 ceph-mon[27846]: pgmap v4: 0 pgs: ; 0 B data, 0 B used, 0 B / 0 B avail
2024-04-26T01:42:12.683 INFO:journalctl@ceph.mon.a.smithi002.stdout:Apr 26 01:42:12 smithi002 ceph-mon[27846]: from='client.? 172.21.15.2:0/4194474412' entity='client.admin'
2024-04-26T01:42:12.700 INFO:teuthology.orchestra.run.smithi002.stdout:/usr/bin/ceph: stderr
2024-04-26T01:42:11.191+0000 7fd288000700 1 Processor -- start
2024-04-26T01:42:12.700 INFO:teuthology.orchestra.run.smithi002.stdout:/usr/bin/ceph: stderr
2024-04-26T01:42:11.191+0000 7fd288000700 1 -- start start
2024-04-26T01:42:12.700 INFO:teuthology.orchestra.run.smithi002.stdout:/usr/bin/ceph: stderr
2024-04-26T01:42:11.191+0000 7fd288000700 1 --2- >> [v2:172.21.15.2:3300/0,v1:172.21.15.2:6789/0] conn(0x7fd2801084f0 0x7fd280108910 unknown :-1 s=NONE pgs=0 cs=0 l=0 rev1=0 crypto rx=0 tx=0 comp rx=0 tx=0).connect
2024-04-26T01:42:12.700 INFO:teuthology.orchestra.run.smithi002.stdout:/usr/bin/ceph: stderr
2024-04-26T01:42:11.191+0000 7fd288000700 1 -- --> [v2:172.21.15.2:3300/0,v1:172.21.15.2:6789/0] -- mon_getmap magic: 0 -- 0x7fd280108ee0 con 0x7fd2801084f0
2024-04-26T01:42:12.701 INFO:teuthology.orchestra.run.smithi002.stdout:/usr/bin/ceph: stderr
2024-04-26T01:42:11.192+0000 7fd285600700 1 --2- >> [v2:172.21.15.2:3300/0,v1:172.21.15.2:6789/0] conn(0x7fd2801084f0 0x7fd280108910 unknown :-1 s=BANNER_CONNECTING pgs=0 cs=0 l=0 rev1=0 crypto rx=0 tx=0 comp rx=0 tx=0)._handle_peer_banner_payload supported=3 required=0
2024-04-26T01:42:12.701 INFO:teuthology.orchestra.run.smithi002.stdout:/usr/bin/ceph: stderr
2024-04-26T01:42:11.192+0000 7fd285600700 1 --2- >> [v2:172.21.15.2:3300/0,v1:172.21.15.2:6789/0] conn(0x7fd2801084f0 0x7fd280108910 unknown :-1 s=HELLO_CONNECTING pgs=0 cs=0 l=0 rev1=1 crypto rx=0 tx=0 comp rx=0 tx=0).handle_hello peer v2:172.21.15.2:3300/0 says I am v2:172.21.15.2:59664/0 (socket says 172.21.15.2:59664)
2024-04-26T01:42:12.701 INFO:teuthology.orchestra.run.smithi002.stdout:/usr/bin/ceph: stderr
2024-04-26T01:42:11.192+0000 7fd285600700 1 -- 172.21.15.2:0/2721612237 learned_addr learned my addr 172.21.15.2:0/2721612237 (peer_addr_for_me v2:172.21.15.2:0/0)
2024-04-26T01:42:12.701 INFO:teuthology.orchestra.run.smithi002.stdout:/usr/bin/ceph: stderr
2024-04-26T01:42:11.192+0000 7fd285600700 1 -- 172.21.15.2:0/2721612237 --> [v2:172.21.15.2:3300/0,v1:172.21.15.2:6789/0] -- mon_subscribe({config=0+,monmap=0+}) -- 0x7fd2801096a0 con 0x7fd2801084f0
2024-04-26T01:42:12.701 INFO:teuthology.orchestra.run.smithi002.stdout:/usr/bin/ceph: stderr
2024-04-26T01:42:11.193+0000 7fd285600700 1 --2- 172.21.15.2:0/2721612237 >> [v2:172.21.15.2:3300/0,v1:172.21.15.2:6789/0] conn(0x7fd2801084f0 0x7fd280108910 secure :-1 s=READY pgs=51 cs=0 l=1 rev1=1 crypto rx=0x7fd2740098a0 tx=0x7fd274009bb0 comp rx=0 tx=0).ready entity=mon.0 client_cookie=4c34c61988a1a4a3 server_cookie=0 in_seq=0 out_seq=0
2024-04-26T01:42:12.701 INFO:teuthology.orchestra.run.smithi002.stdout:/usr/bin/ceph: stderr
2024-04-26T01:42:11.193+0000 7fd27fe00700 1 -- 172.21.15.2:0/2721612237 <== mon.0 v2:172.21.15.2:3300/0 1 ==== mon_map magic: 0 ==== 205+0+0 (secure 0 0 0) 0x7fd274004160 con 0x7fd2801084f0
2024-04-26T01:42:12.701 INFO:teuthology.orchestra.run.smithi002.stdout:/usr/bin/ceph: stderr
2024-04-26T01:42:11.193+0000 7fd27fe00700 1 -- 172.21.15.2:0/2721612237 <== mon.0 v2:172.21.15.2:3300/0 2 ==== config(26 keys) ==== 1101+0+0 (secure 0 0 0) 0x7fd274004300 con 0x7fd2801084f0
2024-04-26T01:42:12.701 INFO:teuthology.orchestra.run.smithi002.stdout:/usr/bin/ceph: stderr
2024-04-26T01:42:11.193+0000 7fd27fe00700 1 -- 172.21.15.2:0/2721612237 <== mon.0 v2:172.21.15.2:3300/0 3 ==== mon_map magic: 0 ==== 205+0+0 (secure 0 0 0) 0x7fd274011a20 con 0x7fd2801084f0
2024-04-26T01:42:12.701 INFO:teuthology.orchestra.run.smithi002.stdout:/usr/bin/ceph: stderr
2024-04-26T01:42:11.194+0000 7fd288000700 1 -- 172.21.15.2:0/2721612237 >> [v2:172.21.15.2:3300/0,v1:172.21.15.2:6789/0] conn(0x7fd2801084f0 msgr2=0x7fd280108910 secure :-1 s=STATE_CONNECTION_ESTABLISHED l=1).mark_down
2024-04-26T01:42:12.701 INFO:teuthology.orchestra.run.smithi002.stdout:/usr/bin/ceph: stderr
2024-04-26T01:42:11.194+0000 7fd288000700 1 --2- 172.21.15.2:0/2721612237 >> [v2:172.21.15.2:3300/0,v1:172.21.15.2:6789/0] conn(0x7fd2801084f0 0x7fd280108910 secure :-1 s=READY pgs=51 cs=0 l=1 rev1=1 crypto rx=0x7fd2740098a0 tx=0x7fd274009bb0 comp rx=0 tx=0).stop
2024-04-26T01:42:12.701 INFO:teuthology.orchestra.run.smithi002.stdout:/usr/bin/ceph: stderr
2024-04-26T01:42:11.194+0000 7fd288000700 1 -- 172.21.15.2:0/2721612237 shutdown_connections
2024-04-26T01:42:12.701 INFO:teuthology.orchestra.run.smithi002.stdout:/usr/bin/ceph: stderr
2024-04-26T01:42:11.194+0000 7fd288000700 1 --2- 172.21.15.2:0/2721612237 >> [v2:172.21.15.2:3300/0,v1:172.21.15.2:6789/0] conn(0x7fd2801084f0 0x7fd280108910 unknown :-1 s=CLOSED pgs=51 cs=0 l=1 rev1=1 crypto rx=0 tx=0 comp rx=0 tx=0).stop
2024-04-26T01:42:12.702 INFO:teuthology.orchestra.run.smithi002.stdout:/usr/bin/ceph: stderr
2024-04-26T01:42:11.194+0000 7fd288000700 1 -- 172.21.15.2:0/2721612237 >> 172.21.15.2:0/2721612237 conn(0x7fd280103ab0 msgr2=0x7fd280105ed0 unknown :-1 s=STATE_NONE l=0).mark_down
2024-04-26T01:42:12.702 INFO:teuthology.orchestra.run.smithi002.stdout:/usr/bin/ceph: stderr
2024-04-26T01:42:11.194+0000 7fd288000700 1 -- 172.21.15.2:0/2721612237 shutdown_connections
2024-04-26T01:42:12.702 INFO:teuthology.orchestra.run.smithi002.stdout:/usr/bin/ceph: stderr
2024-04-26T01:42:11.194+0000 7fd288000700 1 -- 172.21.15.2:0/2721612237 wait complete.
2024-04-26T01:42:12.702 INFO:teuthology.orchestra.run.smithi002.stdout:/usr/bin/ceph: stderr
2024-04-26T01:42:11.196+0000 7fd288000700 1 Processor -- start
2024-04-26T01:42:12.702 INFO:teuthology.orchestra.run.smithi002.stdout:/usr/bin/ceph: stderr
2024-04-26T01:42:11.196+0000 7fd288000700 1 -- start start
2024-04-26T01:42:12.702 INFO:teuthology.orchestra.run.smithi002.stdout:/usr/bin/ceph: stderr
2024-04-26T01:42:11.197+0000 7fd288000700 1 --2- >> [v2:172.21.15.2:3300/0,v1:172.21.15.2:6789/0] conn(0x7fd2801084f0 0x7fd28019e950 unknown :-1 s=NONE pgs=0 cs=0 l=1 rev1=0 crypto rx=0 tx=0 comp rx=0 tx=0).connect
2024-04-26T01:42:12.702 INFO:teuthology.orchestra.run.smithi002.stdout:/usr/bin/ceph: stderr
2024-04-26T01:42:11.197+0000 7fd288000700 1 -- --> [v2:172.21.15.2:3300/0,v1:172.21.15.2:6789/0] -- mon_getmap magic: 0 -- 0x7fd28010ca50 con 0x7fd2801084f0
2024-04-26T01:42:12.702 INFO:teuthology.orchestra.run.smithi002.stdout:/usr/bin/ceph: stderr
2024-04-26T01:42:11.197+0000 7fd285600700 1 --2- >> [v2:172.21.15.2:3300/0,v1:172.21.15.2:6789/0] conn(0x7fd2801084f0 0x7fd28019e950 unknown :-1 s=BANNER_CONNECTING pgs=0 cs=0 l=1 rev1=0 crypto rx=0 tx=0 comp rx=0 tx=0)._handle_peer_banner_payload supported=3 required=0
2024-04-26T01:42:12.702 INFO:teuthology.orchestra.run.smithi002.stdout:/usr/bin/ceph: stderr
2024-04-26T01:42:11.197+0000 7fd285600700 1 --2- >> [v2:172.21.15.2:3300/0,v1:172.21.15.2:6789/0] conn(0x7fd2801084f0 0x7fd28019e950 unknown :-1 s=HELLO_CONNECTING pgs=0 cs=0 l=1 rev1=1 crypto rx=0 tx=0 comp rx=0 tx=0).handle_hello peer v2:172.21.15.2:3300/0 says I am v2:172.21.15.2:59680/0 (socket says 172.21.15.2:59680)
2024-04-26T01:42:12.702 INFO:teuthology.orchestra.run.smithi002.stdout:/usr/bin/ceph: stderr
2024-04-26T01:42:11.197+0000 7fd285600700 1 -- 172.21.15.2:0/4194474412 learned_addr learned my addr 172.21.15.2:0/4194474412 (peer_addr_for_me v2:172.21.15.2:0/0)
2024-04-26T01:42:12.703 INFO:teuthology.orchestra.run.smithi002.stdout:/usr/bin/ceph: stderr
2024-04-26T01:42:11.197+0000 7fd285600700 1 -- 172.21.15.2:0/4194474412 --> [v2:172.21.15.2:3300/0,v1:172.21.15.2:6789/0] -- mon_subscribe({config=0+,monmap=0+}) -- 0x7fd28019ee90 con 0x7fd2801084f0
2024-04-26T01:42:12.703 INFO:teuthology.orchestra.run.smithi002.stdout:/usr/bin/ceph: stderr
2024-04-26T01:42:11.198+0000 7fd285600700 1 --2- 172.21.15.2:0/4194474412 >> [v2:172.21.15.2:3300/0,v1:172.21.15.2:6789/0] conn(0x7fd2801084f0 0x7fd28019e950 secure :-1 s=READY pgs=52 cs=0 l=1 rev1=1 crypto rx=0x7fd274000c00 tx=0x7fd274011aa0 comp rx=0 tx=0).ready entity=mon.0 client_cookie=0 server_cookie=0 in_seq=0 out_seq=0
2024-04-26T01:42:12.703 INFO:teuthology.orchestra.run.smithi002.stdout:/usr/bin/ceph: stderr
2024-04-26T01:42:11.198+0000 7fd27e000700 1 -- 172.21.15.2:0/4194474412 <== mon.0 v2:172.21.15.2:3300/0 1 ==== mon_map magic: 0 ==== 205+0+0 (secure 0 0 0) 0x7fd274003aa0 con 0x7fd2801084f0
2024-04-26T01:42:12.703 INFO:teuthology.orchestra.run.smithi002.stdout:/usr/bin/ceph: stderr
2024-04-26T01:42:11.198+0000 7fd27e000700 1 -- 172.21.15.2:0/4194474412 <== mon.0 v2:172.21.15.2:3300/0 2 ==== config(26 keys) ==== 1101+0+0 (secure 0 0 0) 0x7fd27401b8f0 con 0x7fd2801084f0
2024-04-26T01:42:12.703 INFO:teuthology.orchestra.run.smithi002.stdout:/usr/bin/ceph: stderr
2024-04-26T01:42:11.198+0000 7fd288000700 1 -- 172.21.15.2:0/4194474412 --> [v2:172.21.15.2:3300/0,v1:172.21.15.2:6789/0] -- mon_subscribe({mgrmap=0+}) -- 0x7fd28019f120 con 0x7fd2801084f0
2024-04-26T01:42:12.703 INFO:teuthology.orchestra.run.smithi002.stdout:/usr/bin/ceph: stderr
2024-04-26T01:42:11.198+0000 7fd288000700 1 -- 172.21.15.2:0/4194474412 --> [v2:172.21.15.2:3300/0,v1:172.21.15.2:6789/0] -- mon_subscribe({osdmap=0}) -- 0x7fd2801a1e10 con 0x7fd2801084f0
2024-04-26T01:42:12.703 INFO:teuthology.orchestra.run.smithi002.stdout:/usr/bin/ceph: stderr
2024-04-26T01:42:11.198+0000 7fd27e000700 1 -- 172.21.15.2:0/4194474412 <== mon.0 v2:172.21.15.2:3300/0 3 ==== mon_map magic: 0 ==== 205+0+0 (secure 0 0 0) 0x7fd274023890 con 0x7fd2801084f0
2024-04-26T01:42:12.703 INFO:teuthology.orchestra.run.smithi002.stdout:/usr/bin/ceph: stderr
2024-04-26T01:42:11.199+0000 7fd27e000700 1 -- 172.21.15.2:0/4194474412 <== mon.0 v2:172.21.15.2:3300/0 4 ==== mgrmap(e 8) ==== 46558+0+0 (secure 0 0 0) 0x7fd27401b440 con 0x7fd2801084f0
2024-04-26T01:42:12.703 INFO:teuthology.orchestra.run.smithi002.stdout:/usr/bin/ceph: stderr
2024-04-26T01:42:11.200+0000 7fd288000700 1 -- 172.21.15.2:0/4194474412 --> [v2:172.21.15.2:3300/0,v1:172.21.15.2:6789/0] -- mon_command({"prefix": "get_command_descriptions"} v 0) -- 0x7fd2800640a0 con 0x7fd2801084f0
2024-04-26T01:42:12.703 INFO:teuthology.orchestra.run.smithi002.stdout:/usr/bin/ceph: stderr
2024-04-26T01:42:11.200+0000 7fd27e000700 1 --2- 172.21.15.2:0/4194474412 >> [v2:172.21.15.2:6800/874328876,v1:172.21.15.2:6801/874328876] conn(0x7fd2680395b0 0x7fd26803ba70 unknown :-1 s=NONE pgs=0 cs=0 l=1 rev1=0 crypto rx=0 tx=0 comp rx=0 tx=0).connect
2024-04-26T01:42:12.703 INFO:teuthology.orchestra.run.smithi002.stdout:/usr/bin/ceph: stderr
2024-04-26T01:42:11.200+0000 7fd27e000700 1 -- 172.21.15.2:0/4194474412 <== mon.0 v2:172.21.15.2:3300/0 5 ==== osd_map(2..2 src has 1..2) ==== 940+0+0 (secure 0 0 0) 0x7fd27404df80 con 0x7fd2801084f0
2024-04-26T01:42:12.704 INFO:teuthology.orchestra.run.smithi002.stdout:/usr/bin/ceph: stderr
2024-04-26T01:42:11.200+0000 7fd284c00700 1 --2- 172.21.15.2:0/4194474412 >> [v2:172.21.15.2:6800/874328876,v1:172.21.15.2:6801/874328876] conn(0x7fd2680395b0 0x7fd26803ba70 unknown :-1 s=BANNER_CONNECTING pgs=0 cs=0 l=1 rev1=0 crypto rx=0 tx=0 comp rx=0 tx=0)._handle_peer_banner_payload supported=3 required=0
2024-04-26T01:42:12.704 INFO:teuthology.orchestra.run.smithi002.stdout:/usr/bin/ceph: stderr
2024-04-26T01:42:11.201+0000 7fd284c00700 1 --2- 172.21.15.2:0/4194474412 >> [v2:172.21.15.2:6800/874328876,v1:172.21.15.2:6801/874328876] conn(0x7fd2680395b0 0x7fd26803ba70 secure :-1 s=READY pgs=14 cs=0 l=1 rev1=1 crypto rx=0x7fd26c006fd0 tx=0x7fd26c006e40 comp rx=0 tx=0).ready entity=mgr.14120 client_cookie=0 server_cookie=0 in_seq=0 out_seq=0
2024-04-26T01:42:12.704 INFO:teuthology.orchestra.run.smithi002.stdout:/usr/bin/ceph: stderr
2024-04-26T01:42:11.206+0000 7fd27e000700 1 -- 172.21.15.2:0/4194474412 <== mon.0 v2:172.21.15.2:3300/0 6 ==== mon_command_ack([{"prefix": "get_command_descriptions"}]=0 v0) ==== 72+0+188370 (secure 0 0 0) 0x7fd27401f030 con 0x7fd2801084f0
2024-04-26T01:42:12.704 INFO:teuthology.orchestra.run.smithi002.stdout:/usr/bin/ceph: stderr
2024-04-26T01:42:11.450+0000 7fd288000700 1 -- 172.21.15.2:0/4194474412 --> [v2:172.21.15.2:3300/0,v1:172.21.15.2:6789/0] -- mon_command([{prefix=config set, name=mgr/cephadm/container_init}] v 0) -- 0x7fd28002df80 con 0x7fd2801084f0
2024-04-26T01:42:12.704 INFO:teuthology.orchestra.run.smithi002.stdout:/usr/bin/ceph: stderr
2024-04-26T01:42:11.453+0000 7fd27e000700 1 -- 172.21.15.2:0/4194474412 <== mon.0 v2:172.21.15.2:3300/0 7 ==== mon_command_ack([{prefix=config set, name=mgr/cephadm/container_init}]=0 v7)=0 v7) ==== 142+0+0 (secure 0 0 0) 0x7fd27400be50 con 0x7fd2801084f0
2024-04-26T01:42:12.704 INFO:teuthology.orchestra.run.smithi002.stdout:/usr/bin/ceph: stderr
2024-04-26T01:42:11.457+0000 7fd288000700 1 -- 172.21.15.2:0/4194474412 >> [v2:172.21.15.2:6800/874328876,v1:172.21.15.2:6801/874328876] conn(0x7fd2680395b0 msgr2=0x7fd26803ba70 secure :-1 s=STATE_CONNECTION_ESTABLISHED l=1).mark_down
2024-04-26T01:42:12.704 INFO:teuthology.orchestra.run.smithi002.stdout:/usr/bin/ceph: stderr
2024-04-26T01:42:11.457+0000 7fd288000700 1 --2- 172.21.15.2:0/4194474412 >> [v2:172.21.15.2:6800/874328876,v1:172.21.15.2:6801/874328876] conn(0x7fd2680395b0 0x7fd26803ba70 secure :-1 s=READY pgs=14 cs=0 l=1 rev1=1 crypto rx=0x7fd26c006fd0 tx=0x7fd26c006e40 comp rx=0 tx=0).stop
2024-04-26T01:42:12.704 INFO:teuthology.orchestra.run.smithi002.stdout:/usr/bin/ceph: stderr
2024-04-26T01:42:11.457+0000 7fd288000700 1 -- 172.21.15.2:0/4194474412 >> [v2:172.21.15.2:3300/0,v1:172.21.15.2:6789/0] conn(0x7fd2801084f0 msgr2=0x7fd28019e950 secure :-1 s=STATE_CONNECTION_ESTABLISHED l=1).mark_down
2024-04-26T01:42:12.704 INFO:teuthology.orchestra.run.smithi002.stdout:/usr/bin/ceph: stderr
2024-04-26T01:42:11.457+0000 7fd288000700 1 --2- 172.21.15.2:0/4194474412 >> [v2:172.21.15.2:3300/0,v1:172.21.15.2:6789/0] conn(0x7fd2801084f0 0x7fd28019e950 secure :-1 s=READY pgs=52 cs=0 l=1 rev1=1 crypto rx=0x7fd274000c00 tx=0x7fd274011aa0 comp rx=0 tx=0).stop
2024-04-26T01:42:12.704 INFO:teuthology.orchestra.run.smithi002.stdout:/usr/bin/ceph: stderr
2024-04-26T01:42:11.457+0000 7fd288000700 1 -- 172.21.15.2:0/4194474412 shutdown_connections
2024-04-26T01:42:12.705 INFO:teuthology.orchestra.run.smithi002.stdout:/usr/bin/ceph: stderr
2024-04-26T01:42:11.457+0000 7fd288000700 1 --2- 172.21.15.2:0/4194474412 >> [v2:172.21.15.2:6800/874328876,v1:172.21.15.2:6801/874328876] conn(0x7fd2680395b0 0x7fd26803ba70 unknown :-1 s=CLOSED pgs=14 cs=0 l=1 rev1=1 crypto rx=0 tx=0 comp rx=0 tx=0).stop
2024-04-26T01:42:12.705 INFO:teuthology.orchestra.run.smithi002.stdout:/usr/bin/ceph: stderr
2024-04-26T01:42:11.457+0000 7fd288000700 1 --2- 172.21.15.2:0/4194474412 >> [v2:172.21.15.2:3300/0,v1:172.21.15.2:6789/0] conn(0x7fd2801084f0 0x7fd28019e950 unknown :-1 s=CLOSED pgs=52 cs=0 l=1 rev1=1 crypto rx=0 tx=0 comp rx=0 tx=0).stop
2024-04-26T01:42:12.705 INFO:teuthology.orchestra.run.smithi002.stdout:/usr/bin/ceph: stderr
2024-04-26T01:42:11.457+0000 7fd288000700 1 -- 172.21.15.2:0/4194474412 >> 172.21.15.2:0/4194474412 conn(0x7fd280103ab0 msgr2=0x7fd2801047a0 unknown :-1 s=STATE_NONE l=0).mark_down
2024-04-26T01:42:12.705 INFO:teuthology.orchestra.run.smithi002.stdout:/usr/bin/ceph: stderr
2024-04-26T01:42:11.457+0000 7fd288000700 1 -- 172.21.15.2:0/4194474412 shutdown_connections
2024-04-26T01:42:12.705 INFO:teuthology.orchestra.run.smithi002.stdout:/usr/bin/ceph: stderr
2024-04-26T01:42:11.458+0000 7fd288000700 1 -- 172.21.15.2:0/4194474412 wait complete.
2024-04-26T01:42:13.933 INFO:journalctl@ceph.mon.a.smithi002.stdout:Apr 26 01:42:13 smithi002 ceph-mon[27846]: from='mgr.14120 172.21.15.2:0/3127789244' entity='mgr.x'
2024-04-26T01:42:14.353 INFO:teuthology.orchestra.run.smithi002.stdout:/usr/bin/ceph: stderr
2024-04-26T01:42:13.288+0000 7f9ac5600700 1 Processor -- start
2024-04-26T01:42:14.354 INFO:teuthology.orchestra.run.smithi002.stdout:/usr/bin/ceph: stderr
2024-04-26T01:42:13.288+0000 7f9ac5600700 1 -- start start
2024-04-26T01:42:14.354 INFO:teuthology.orchestra.run.smithi002.stdout:/usr/bin/ceph: stderr
2024-04-26T01:42:13.289+0000 7f9ac5600700 1 --2- >> [v2:172.21.15.2:3300/0,v1:172.21.15.2:6789/0] conn(0x7f9ac0108f80 0x7f9ac010b370 unknown :-1 s=NONE pgs=0 cs=0 l=0 rev1=0 crypto rx=0 tx=0 comp rx=0 tx=0).connect
2024-04-26T01:42:14.355 INFO:teuthology.orchestra.run.smithi002.stdout:/usr/bin/ceph: stderr
2024-04-26T01:42:13.289+0000 7f9ac5600700 1 -- --> [v2:172.21.15.2:3300/0,v1:172.21.15.2:6789/0] -- mon_getmap magic: 0 -- 0x7f9ac007be40 con 0x7f9ac0108f80
2024-04-26T01:42:14.355 INFO:teuthology.orchestra.run.smithi002.stdout:/usr/bin/ceph: stderr
2024-04-26T01:42:13.289+0000 7f9abea00700 1 --2- >> [v2:172.21.15.2:3300/0,v1:172.21.15.2:6789/0] conn(0x7f9ac0108f80 0x7f9ac010b370 unknown :-1 s=BANNER_CONNECTING pgs=0 cs=0 l=0 rev1=0 crypto rx=0 tx=0 comp rx=0 tx=0)._handle_peer_banner_payload supported=3 required=0
2024-04-26T01:42:14.355 INFO:teuthology.orchestra.run.smithi002.stdout:/usr/bin/ceph: stderr
2024-04-26T01:42:13.289+0000 7f9abea00700 1 --2- >> [v2:172.21.15.2:3300/0,v1:172.21.15.2:6789/0] conn(0x7f9ac0108f80 0x7f9ac010b370 unknown :-1 s=HELLO_CONNECTING pgs=0 cs=0 l=0 rev1=1 crypto rx=0 tx=0 comp rx=0 tx=0).handle_hello peer v2:172.21.15.2:3300/0 says I am v2:172.21.15.2:59692/0 (socket says 172.21.15.2:59692)
2024-04-26T01:42:14.355 INFO:teuthology.orchestra.run.smithi002.stdout:/usr/bin/ceph: stderr
2024-04-26T01:42:13.289+0000 7f9abea00700 1 -- 172.21.15.2:0/2432984392 learned_addr learned my addr 172.21.15.2:0/2432984392 (peer_addr_for_me v2:172.21.15.2:0/0)
2024-04-26T01:42:14.356 INFO:teuthology.orchestra.run.smithi002.stdout:/usr/bin/ceph: stderr
2024-04-26T01:42:13.290+0000 7f9abea00700 1 -- 172.21.15.2:0/2432984392 --> [v2:172.21.15.2:3300/0,v1:172.21.15.2:6789/0] -- mon_subscribe({config=0+,monmap=0+}) -- 0x7f9ac010b8b0 con 0x7f9ac0108f80
2024-04-26T01:42:14.356 INFO:teuthology.orchestra.run.smithi002.stdout:/usr/bin/ceph: stderr
2024-04-26T01:42:13.290+0000 7f9abea00700 1 --2- 172.21.15.2:0/2432984392 >> [v2:172.21.15.2:3300/0,v1:172.21.15.2:6789/0] conn(0x7f9ac0108f80 0x7f9ac010b370 secure :-1 s=READY pgs=53 cs=0 l=1 rev1=1 crypto rx=0x7f9ab00098a0 tx=0x7f9ab0009bb0 comp rx=0 tx=0).ready entity=mon.0 client_cookie=cc741e33050835f3 server_cookie=0 in_seq=0 out_seq=0
2024-04-26T01:42:14.356 INFO:teuthology.orchestra.run.smithi002.stdout:/usr/bin/ceph: stderr
2024-04-26T01:42:13.290+0000 7f9abd600700 1 -- 172.21.15.2:0/2432984392 <== mon.0 v2:172.21.15.2:3300/0 1 ==== mon_map magic: 0 ==== 205+0+0 (secure 0 0 0) 0x7f9ab0004160 con 0x7f9ac0108f80
2024-04-26T01:42:14.357 INFO:teuthology.orchestra.run.smithi002.stdout:/usr/bin/ceph: stderr
2024-04-26T01:42:13.290+0000 7f9abd600700 1 -- 172.21.15.2:0/2432984392 <== mon.0 v2:172.21.15.2:3300/0 2 ==== config(26 keys) ==== 1101+0+0 (secure 0 0 0) 0x7f9ab0004300 con 0x7f9ac0108f80
2024-04-26T01:42:14.361 INFO:teuthology.orchestra.run.smithi002.stdout:/usr/bin/ceph: stderr
2024-04-26T01:42:13.290+0000 7f9abd600700 1 -- 172.21.15.2:0/2432984392 <== mon.0 v2:172.21.15.2:3300/0 3 ==== mon_map magic: 0 ==== 205+0+0 (secure 0 0 0) 0x7f9ab0011a20 con 0x7f9ac0108f80
2024-04-26T01:42:14.361 INFO:teuthology.orchestra.run.smithi002.stdout:/usr/bin/ceph: stderr
2024-04-26T01:42:13.291+0000 7f9ac5600700 1 -- 172.21.15.2:0/2432984392 >> [v2:172.21.15.2:3300/0,v1:172.21.15.2:6789/0] conn(0x7f9ac0108f80 msgr2=0x7f9ac010b370 secure :-1 s=STATE_CONNECTION_ESTABLISHED l=1).mark_down
2024-04-26T01:42:14.361 INFO:teuthology.orchestra.run.smithi002.stdout:/usr/bin/ceph: stderr
2024-04-26T01:42:13.291+0000 7f9ac5600700 1 --2- 172.21.15.2:0/2432984392 >> [v2:172.21.15.2:3300/0,v1:172.21.15.2:6789/0] conn(0x7f9ac0108f80 0x7f9ac010b370 secure :-1 s=READY pgs=53 cs=0 l=1 rev1=1 crypto rx=0x7f9ab00098a0 tx=0x7f9ab0009bb0 comp rx=0 tx=0).stop
2024-04-26T01:42:14.361 INFO:teuthology.orchestra.run.smithi002.stdout:/usr/bin/ceph: stderr
2024-04-26T01:42:13.291+0000 7f9ac5600700 1 -- 172.21.15.2:0/2432984392 shutdown_connections
2024-04-26T01:42:14.361 INFO:teuthology.orchestra.run.smithi002.stdout:/usr/bin/ceph: stderr
2024-04-26T01:42:13.291+0000 7f9ac5600700 1 --2- 172.21.15.2:0/2432984392 >> [v2:172.21.15.2:3300/0,v1:172.21.15.2:6789/0] conn(0x7f9ac0108f80 0x7f9ac010b370 unknown :-1 s=CLOSED pgs=53 cs=0 l=1 rev1=1 crypto rx=0 tx=0 comp rx=0 tx=0).stop
2024-04-26T01:42:14.361 INFO:teuthology.orchestra.run.smithi002.stdout:/usr/bin/ceph: stderr
2024-04-26T01:42:13.291+0000 7f9ac5600700 1 -- 172.21.15.2:0/2432984392 >> 172.21.15.2:0/2432984392 conn(0x7f9ac01029b0 msgr2=0x7f9ac0104dd0 unknown :-1 s=STATE_NONE l=0).mark_down
2024-04-26T01:42:14.361 INFO:teuthology.orchestra.run.smithi002.stdout:/usr/bin/ceph: stderr
2024-04-26T01:42:13.291+0000 7f9ac5600700 1 -- 172.21.15.2:0/2432984392 shutdown_connections
2024-04-26T01:42:14.361 INFO:teuthology.orchestra.run.smithi002.stdout:/usr/bin/ceph: stderr
2024-04-26T01:42:13.291+0000 7f9ac5600700 1 -- 172.21.15.2:0/2432984392 wait complete.
2024-04-26T01:42:14.361 INFO:teuthology.orchestra.run.smithi002.stdout:/usr/bin/ceph: stderr
2024-04-26T01:42:13.292+0000 7f9ac5600700 1 Processor -- start
2024-04-26T01:42:14.361 INFO:teuthology.orchestra.run.smithi002.stdout:/usr/bin/ceph: stderr
2024-04-26T01:42:13.293+0000 7f9ac5600700 1 -- start start
2024-04-26T01:42:14.362 INFO:teuthology.orchestra.run.smithi002.stdout:/usr/bin/ceph: stderr
2024-04-26T01:42:13.293+0000 7f9ac5600700 1 --2- >> [v2:172.21.15.2:3300/0,v1:172.21.15.2:6789/0] conn(0x7f9ac0108f80 0x7f9ac019c430 unknown :-1 s=NONE pgs=0 cs=0 l=1 rev1=0 crypto rx=0 tx=0 comp rx=0 tx=0).connect
2024-04-26T01:42:14.362 INFO:teuthology.orchestra.run.smithi002.stdout:/usr/bin/ceph: stderr
2024-04-26T01:42:13.293+0000 7f9ac5600700 1 -- --> [v2:172.21.15.2:3300/0,v1:172.21.15.2:6789/0] -- mon_getmap magic: 0 -- 0x7f9ac010c850 con 0x7f9ac0108f80
2024-04-26T01:42:14.362 INFO:teuthology.orchestra.run.smithi002.stdout:/usr/bin/ceph: stderr
2024-04-26T01:42:13.293+0000 7f9abea00700 1 --2- >> [v2:172.21.15.2:3300/0,v1:172.21.15.2:6789/0] conn(0x7f9ac0108f80 0x7f9ac019c430 unknown :-1 s=BANNER_CONNECTING pgs=0 cs=0 l=1 rev1=0 crypto rx=0 tx=0 comp rx=0 tx=0)._handle_peer_banner_payload supported=3 required=0
2024-04-26T01:42:14.362 INFO:teuthology.orchestra.run.smithi002.stdout:/usr/bin/ceph: stderr
2024-04-26T01:42:13.293+0000 7f9abea00700 1 --2- >> [v2:172.21.15.2:3300/0,v1:172.21.15.2:6789/0] conn(0x7f9ac0108f80 0x7f9ac019c430 unknown :-1 s=HELLO_CONNECTING pgs=0 cs=0 l=1 rev1=1 crypto rx=0 tx=0 comp rx=0 tx=0).handle_hello peer v2:172.21.15.2:3300/0 says I am v2:172.21.15.2:59698/0 (socket says 172.21.15.2:59698)
2024-04-26T01:42:14.362 INFO:teuthology.orchestra.run.smithi002.stdout:/usr/bin/ceph: stderr
2024-04-26T01:42:13.293+0000 7f9abea00700 1 -- 172.21.15.2:0/1887670539 learned_addr learned my addr 172.21.15.2:0/1887670539 (peer_addr_for_me v2:172.21.15.2:0/0)
2024-04-26T01:42:14.362 INFO:teuthology.orchestra.run.smithi002.stdout:/usr/bin/ceph: stderr
2024-04-26T01:42:13.294+0000 7f9abea00700 1 -- 172.21.15.2:0/1887670539 --> [v2:172.21.15.2:3300/0,v1:172.21.15.2:6789/0] -- mon_subscribe({config=0+,monmap=0+}) -- 0x7f9ac019c970 con 0x7f9ac0108f80
2024-04-26T01:42:14.362 INFO:teuthology.orchestra.run.smithi002.stdout:/usr/bin/ceph: stderr
2024-04-26T01:42:13.294+0000 7f9abea00700 1 --2- 172.21.15.2:0/1887670539 >> [v2:172.21.15.2:3300/0,v1:172.21.15.2:6789/0] conn(0x7f9ac0108f80 0x7f9ac019c430 secure :-1 s=READY pgs=54 cs=0 l=1 rev1=1 crypto rx=0x7f9ab0004660 tx=0x7f9ab0011aa0 comp rx=0 tx=0).ready entity=mon.0 client_cookie=0 server_cookie=0 in_seq=0 out_seq=0
2024-04-26T01:42:14.362 INFO:teuthology.orchestra.run.smithi002.stdout:/usr/bin/ceph: stderr
2024-04-26T01:42:13.294+0000 7f9ab7400700 1 -- 172.21.15.2:0/1887670539 <== mon.0 v2:172.21.15.2:3300/0 1 ==== mon_map magic: 0 ==== 205+0+0 (secure 0 0 0) 0x7f9ab0003aa0 con 0x7f9ac0108f80
2024-04-26T01:42:14.362 INFO:teuthology.orchestra.run.smithi002.stdout:/usr/bin/ceph: stderr
2024-04-26T01:42:13.294+0000 7f9ab7400700 1 -- 172.21.15.2:0/1887670539 <== mon.0 v2:172.21.15.2:3300/0 2 ==== config(26 keys) ==== 1101+0+0 (secure 0 0 0) 0x7f9ab001b8f0 con 0x7f9ac0108f80
2024-04-26T01:42:14.362 INFO:teuthology.orchestra.run.smithi002.stdout:/usr/bin/ceph: stderr
2024-04-26T01:42:13.294+0000 7f9ac5600700 1 -- 172.21.15.2:0/1887670539 --> [v2:172.21.15.2:3300/0,v1:172.21.15.2:6789/0] -- mon_subscribe({mgrmap=0+}) -- 0x7f9ac019cc00 con 0x7f9ac0108f80
2024-04-26T01:42:14.362 INFO:teuthology.orchestra.run.smithi002.stdout:/usr/bin/ceph: stderr
2024-04-26T01:42:13.294+0000 7f9ab7400700 1 -- 172.21.15.2:0/1887670539 <== mon.0 v2:172.21.15.2:3300/0 3 ==== mon_map magic: 0 ==== 205+0+0 (secure 0 0 0) 0x7f9ab0023900 con 0x7f9ac0108f80
2024-04-26T01:42:14.363 INFO:teuthology.orchestra.run.smithi002.stdout:/usr/bin/ceph: stderr
2024-04-26T01:42:13.294+0000 7f9ac5600700 1 -- 172.21.15.2:0/1887670539 --> [v2:172.21.15.2:3300/0,v1:172.21.15.2:6789/0] -- mon_subscribe({osdmap=0}) -- 0x7f9ac019f8f0 con 0x7f9ac0108f80
2024-04-26T01:42:14.363 INFO:teuthology.orchestra.run.smithi002.stdout:/usr/bin/ceph: stderr
2024-04-26T01:42:13.296+0000 7f9ac5600700 1 -- 172.21.15.2:0/1887670539 --> [v2:172.21.15.2:3300/0,v1:172.21.15.2:6789/0] -- mon_command({"prefix": "get_command_descriptions"} v 0) -- 0x7f9ac00640a0 con 0x7f9ac0108f80
2024-04-26T01:42:14.363 INFO:teuthology.orchestra.run.smithi002.stdout:/usr/bin/ceph: stderr
2024-04-26T01:42:13.296+0000 7f9ab7400700 1 -- 172.21.15.2:0/1887670539 <== mon.0 v2:172.21.15.2:3300/0 4 ==== mgrmap(e 8) ==== 46558+0+0 (secure 0 0 0) 0x7f9ab001baa0 con 0x7f9ac0108f80
2024-04-26T01:42:14.363 INFO:teuthology.orchestra.run.smithi002.stdout:/usr/bin/ceph: stderr
2024-04-26T01:42:13.297+0000 7f9ab7400700 1 --2- 172.21.15.2:0/1887670539 >> [v2:172.21.15.2:6800/874328876,v1:172.21.15.2:6801/874328876] conn(0x7f9aa4039600 0x7f9aa403bac0 unknown :-1 s=NONE pgs=0 cs=0 l=1 rev1=0 crypto rx=0 tx=0 comp rx=0 tx=0).connect
2024-04-26T01:42:14.363 INFO:teuthology.orchestra.run.smithi002.stdout:/usr/bin/ceph: stderr
2024-04-26T01:42:13.297+0000 7f9ab7400700 1 -- 172.21.15.2:0/1887670539 <== mon.0 v2:172.21.15.2:3300/0 5 ==== osd_map(2..2 src has 1..2) ==== 940+0+0 (secure 0 0 0) 0x7f9ab004df80 con 0x7f9ac0108f80
2024-04-26T01:42:14.363 INFO:teuthology.orchestra.run.smithi002.stdout:/usr/bin/ceph: stderr
2024-04-26T01:42:13.297+0000 7f9abe000700 1 --2- 172.21.15.2:0/1887670539 >> [v2:172.21.15.2:6800/874328876,v1:172.21.15.2:6801/874328876] conn(0x7f9aa4039600 0x7f9aa403bac0 unknown :-1 s=BANNER_CONNECTING pgs=0 cs=0 l=1 rev1=0 crypto rx=0 tx=0 comp rx=0 tx=0)._handle_peer_banner_payload supported=3 required=0
2024-04-26T01:42:14.363 INFO:teuthology.orchestra.run.smithi002.stdout:/usr/bin/ceph: stderr
2024-04-26T01:42:13.298+0000 7f9abe000700 1 --2- 172.21.15.2:0/1887670539 >> [v2:172.21.15.2:6800/874328876,v1:172.21.15.2:6801/874328876] conn(0x7f9aa4039600 0x7f9aa403bac0 secure :-1 s=READY pgs=15 cs=0 l=1 rev1=1 crypto rx=0x7f9aac006fd0 tx=0x7f9aac006e40 comp rx=0 tx=0).ready entity=mgr.14120 client_cookie=0 server_cookie=0 in_seq=0 out_seq=0
2024-04-26T01:42:14.365 INFO:teuthology.orchestra.run.smithi002.stdout:/usr/bin/ceph: stderr
2024-04-26T01:42:13.303+0000 7f9ab7400700 1 -- 172.21.15.2:0/1887670539 <== mon.0 v2:172.21.15.2:3300/0 6 ==== mon_command_ack([{"prefix": "get_command_descriptions"}]=0 v0) ==== 72+0+188370 (secure 0 0 0) 0x7f9ab001f030 con 0x7f9ac0108f80
2024-04-26T01:42:14.365 INFO:teuthology.orchestra.run.smithi002.stdout:/usr/bin/ceph: stderr
2024-04-26T01:42:13.537+0000 7f9ac5600700 1 -- 172.21.15.2:0/1887670539 --> [v2:172.21.15.2:3300/0,v1:172.21.15.2:6789/0] -- mon_command([{prefix=config set, name=mgr/dashboard/ssl_server_port}] v 0) -- 0x7f9ac019fac0 con 0x7f9ac0108f80
2024-04-26T01:42:14.365 INFO:teuthology.orchestra.run.smithi002.stdout:/usr/bin/ceph: stderr
2024-04-26T01:42:13.541+0000 7f9ab7400700 1 -- 172.21.15.2:0/1887670539 <== mon.0 v2:172.21.15.2:3300/0 7 ==== mon_command_ack([{prefix=config set, name=mgr/dashboard/ssl_server_port}]=0 v8)=0 v8) ==== 130+0+0 (secure 0 0 0) 0x7f9ab004d8d0 con 0x7f9ac0108f80
2024-04-26T01:42:14.365 INFO:teuthology.orchestra.run.smithi002.stdout:/usr/bin/ceph: stderr
2024-04-26T01:42:13.545+0000 7f9ac5600700 1 -- 172.21.15.2:0/1887670539 >> [v2:172.21.15.2:6800/874328876,v1:172.21.15.2:6801/874328876] conn(0x7f9aa4039600 msgr2=0x7f9aa403bac0 secure :-1 s=STATE_CONNECTION_ESTABLISHED l=1).mark_down
2024-04-26T01:42:14.365 INFO:teuthology.orchestra.run.smithi002.stdout:/usr/bin/ceph: stderr
2024-04-26T01:42:13.545+0000 7f9ac5600700 1 --2- 172.21.15.2:0/1887670539 >> [v2:172.21.15.2:6800/874328876,v1:172.21.15.2:6801/874328876] conn(0x7f9aa4039600 0x7f9aa403bac0 secure :-1 s=READY pgs=15 cs=0 l=1 rev1=1 crypto rx=0x7f9aac006fd0 tx=0x7f9aac006e40 comp rx=0 tx=0).stop
2024-04-26T01:42:14.365 INFO:teuthology.orchestra.run.smithi002.stdout:/usr/bin/ceph: stderr
2024-04-26T01:42:13.545+0000 7f9ac5600700 1 -- 172.21.15.2:0/1887670539 >> [v2:172.21.15.2:3300/0,v1:172.21.15.2:6789/0] conn(0x7f9ac0108f80 msgr2=0x7f9ac019c430 secure :-1 s=STATE_CONNECTION_ESTABLISHED l=1).mark_down
2024-04-26T01:42:14.365 INFO:teuthology.orchestra.run.smithi002.stdout:/usr/bin/ceph: stderr
2024-04-26T01:42:13.545+0000 7f9ac5600700 1 --2- 172.21.15.2:0/1887670539 >> [v2:172.21.15.2:3300/0,v1:172.21.15.2:6789/0] conn(0x7f9ac0108f80 0x7f9ac019c430 secure :-1 s=READY pgs=54 cs=0 l=1 rev1=1 crypto rx=0x7f9ab0004660 tx=0x7f9ab0011aa0 comp rx=0 tx=0).stop
2024-04-26T01:42:14.366 INFO:teuthology.orchestra.run.smithi002.stdout:/usr/bin/ceph: stderr
2024-04-26T01:42:13.545+0000 7f9ac5600700 1 -- 172.21.15.2:0/1887670539 shutdown_connections
2024-04-26T01:42:14.366 INFO:teuthology.orchestra.run.smithi002.stdout:/usr/bin/ceph: stderr
2024-04-26T01:42:13.545+0000 7f9ac5600700 1 --2- 172.21.15.2:0/1887670539 >> [v2:172.21.15.2:6800/874328876,v1:172.21.15.2:6801/874328876] conn(0x7f9aa4039600 0x7f9aa403bac0 unknown :-1 s=CLOSED pgs=15 cs=0 l=1 rev1=1 crypto rx=0 tx=0 comp rx=0 tx=0).stop
2024-04-26T01:42:14.366 INFO:teuthology.orchestra.run.smithi002.stdout:/usr/bin/ceph: stderr
