2024-04-26T01:45:12.496+0000 7f7e78e00700 1 --2- 172.21.15.37:0/2409737903 >> [v2:172.21.15.37:3300/0,v1:172.21.15.37:6789/0] conn(0x7f7e741085c0 0x7f7e741089e0 unknown :-1 s=CLOSED pgs=41 cs=0 l=1 rev1=1 crypto rx=0 tx=0 comp rx=0 tx=0).stop
2024-04-26T01:45:13.838 INFO:teuthology.orchestra.run.smithi037.stdout:/usr/bin/ceph: stderr
2024-04-26T01:45:12.496+0000 7f7e78e00700 1 -- 172.21.15.37:0/2409737903 >> 172.21.15.37:0/2409737903 conn(0x7f7e74103be0 msgr2=0x7f7e74106000 unknown :-1 s=STATE_NONE l=0).mark_down
2024-04-26T01:45:13.838 INFO:teuthology.orchestra.run.smithi037.stdout:/usr/bin/ceph: stderr
2024-04-26T01:45:12.496+0000 7f7e78e00700 1 -- 172.21.15.37:0/2409737903 shutdown_connections
2024-04-26T01:45:13.838 INFO:teuthology.orchestra.run.smithi037.stdout:/usr/bin/ceph: stderr
2024-04-26T01:45:12.496+0000 7f7e78e00700 1 -- 172.21.15.37:0/2409737903 wait complete.
2024-04-26T01:45:13.838 INFO:teuthology.orchestra.run.smithi037.stdout:/usr/bin/ceph: stderr
2024-04-26T01:45:12.497+0000 7f7e78e00700 1 Processor -- start
2024-04-26T01:45:13.838 INFO:teuthology.orchestra.run.smithi037.stdout:/usr/bin/ceph: stderr
2024-04-26T01:45:12.498+0000 7f7e78e00700 1 -- start start
2024-04-26T01:45:13.838 INFO:teuthology.orchestra.run.smithi037.stdout:/usr/bin/ceph: stderr
2024-04-26T01:45:12.498+0000 7f7e78e00700 1 --2- >> [v2:172.21.15.37:3300/0,v1:172.21.15.37:6789/0] conn(0x7f7e741085c0 0x7f7e7419e750 unknown :-1 s=NONE pgs=0 cs=0 l=1 rev1=0 crypto rx=0 tx=0 comp rx=0 tx=0).connect
2024-04-26T01:45:13.838 INFO:teuthology.orchestra.run.smithi037.stdout:/usr/bin/ceph: stderr
2024-04-26T01:45:12.498+0000 7f7e78e00700 1 -- --> [v2:172.21.15.37:3300/0,v1:172.21.15.37:6789/0] -- mon_getmap magic: 0 -- 0x7f7e7410c9f0 con 0x7f7e741085c0
2024-04-26T01:45:13.839 INFO:teuthology.orchestra.run.smithi037.stdout:/usr/bin/ceph: stderr
2024-04-26T01:45:12.498+0000 7f7e71e00700 1 --2- >> [v2:172.21.15.37:3300/0,v1:172.21.15.37:6789/0] conn(0x7f7e741085c0 0x7f7e7419e750 unknown :-1 s=BANNER_CONNECTING pgs=0 cs=0 l=1 rev1=0 crypto rx=0 tx=0 comp rx=0 tx=0)._handle_peer_banner_payload supported=3 required=0
2024-04-26T01:45:13.839 INFO:teuthology.orchestra.run.smithi037.stdout:/usr/bin/ceph: stderr
2024-04-26T01:45:12.498+0000 7f7e71e00700 1 --2- >> [v2:172.21.15.37:3300/0,v1:172.21.15.37:6789/0] conn(0x7f7e741085c0 0x7f7e7419e750 unknown :-1 s=HELLO_CONNECTING pgs=0 cs=0 l=1 rev1=1 crypto rx=0 tx=0 comp rx=0 tx=0).handle_hello peer v2:172.21.15.37:3300/0 says I am v2:172.21.15.37:60394/0 (socket says 172.21.15.37:60394)
2024-04-26T01:45:13.839 INFO:teuthology.orchestra.run.smithi037.stdout:/usr/bin/ceph: stderr
2024-04-26T01:45:12.498+0000 7f7e71e00700 1 -- 172.21.15.37:0/575136706 learned_addr learned my addr 172.21.15.37:0/575136706 (peer_addr_for_me v2:172.21.15.37:0/0)
2024-04-26T01:45:13.839 INFO:teuthology.orchestra.run.smithi037.stdout:/usr/bin/ceph: stderr
2024-04-26T01:45:12.499+0000 7f7e71e00700 1 -- 172.21.15.37:0/575136706 --> [v2:172.21.15.37:3300/0,v1:172.21.15.37:6789/0] -- mon_subscribe({config=0+,monmap=0+}) -- 0x7f7e7419ec90 con 0x7f7e741085c0
2024-04-26T01:45:13.839 INFO:teuthology.orchestra.run.smithi037.stdout:/usr/bin/ceph: stderr
2024-04-26T01:45:12.499+0000 7f7e71e00700 1 --2- 172.21.15.37:0/575136706 >> [v2:172.21.15.37:3300/0,v1:172.21.15.37:6789/0] conn(0x7f7e741085c0 0x7f7e7419e750 secure :-1 s=READY pgs=42 cs=0 l=1 rev1=1 crypto rx=0x7f7e640117b0 tx=0x7f7e64011b70 comp rx=0 tx=0).ready entity=mon.0 client_cookie=0 server_cookie=0 in_seq=0 out_seq=0
2024-04-26T01:45:13.839 INFO:teuthology.orchestra.run.smithi037.stdout:/usr/bin/ceph: stderr
2024-04-26T01:45:12.499+0000 7f7e6aa00700 1 -- 172.21.15.37:0/575136706 <== mon.0 v2:172.21.15.37:3300/0 1 ==== mon_map magic: 0 ==== 205+0+0 (secure 0 0 0) 0x7f7e64003af0 con 0x7f7e741085c0
2024-04-26T01:45:13.839 INFO:teuthology.orchestra.run.smithi037.stdout:/usr/bin/ceph: stderr
2024-04-26T01:45:12.499+0000 7f7e6aa00700 1 -- 172.21.15.37:0/575136706 <== mon.0 v2:172.21.15.37:3300/0 2 ==== config(26 keys) ==== 1070+0+0 (secure 0 0 0) 0x7f7e64020070 con 0x7f7e741085c0
2024-04-26T01:45:13.839 INFO:teuthology.orchestra.run.smithi037.stdout:/usr/bin/ceph: stderr
2024-04-26T01:45:12.499+0000 7f7e6aa00700 1 -- 172.21.15.37:0/575136706 <== mon.0 v2:172.21.15.37:3300/0 3 ==== mon_map magic: 0 ==== 205+0+0 (secure 0 0 0) 0x7f7e64019630 con 0x7f7e741085c0
2024-04-26T01:45:13.839 INFO:teuthology.orchestra.run.smithi037.stdout:/usr/bin/ceph: stderr
2024-04-26T01:45:12.499+0000 7f7e78e00700 1 -- 172.21.15.37:0/575136706 --> [v2:172.21.15.37:3300/0,v1:172.21.15.37:6789/0] -- mon_subscribe({mgrmap=0+}) -- 0x7f7e7419ef20 con 0x7f7e741085c0
2024-04-26T01:45:13.839 INFO:teuthology.orchestra.run.smithi037.stdout:/usr/bin/ceph: stderr
2024-04-26T01:45:12.499+0000 7f7e78e00700 1 -- 172.21.15.37:0/575136706 --> [v2:172.21.15.37:3300/0,v1:172.21.15.37:6789/0] -- mon_subscribe({osdmap=0}) -- 0x7f7e741a1c10 con 0x7f7e741085c0
2024-04-26T01:45:13.840 INFO:teuthology.orchestra.run.smithi037.stdout:/usr/bin/ceph: stderr
2024-04-26T01:45:12.501+0000 7f7e6aa00700 1 -- 172.21.15.37:0/575136706 <== mon.0 v2:172.21.15.37:3300/0 4 ==== mgrmap(e 8) ==== 46558+0+0 (secure 0 0 0) 0x7f7e6401a9c0 con 0x7f7e741085c0
2024-04-26T01:45:13.840 INFO:teuthology.orchestra.run.smithi037.stdout:/usr/bin/ceph: stderr
2024-04-26T01:45:12.500+0000 7f7e78e00700 1 -- 172.21.15.37:0/575136706 --> [v2:172.21.15.37:3300/0,v1:172.21.15.37:6789/0] -- mon_command({"prefix": "get_command_descriptions"} v 0) -- 0x7f7e7410cb70 con 0x7f7e741085c0
2024-04-26T01:45:13.840 INFO:teuthology.orchestra.run.smithi037.stdout:/usr/bin/ceph: stderr
2024-04-26T01:45:12.501+0000 7f7e6aa00700 1 --2- 172.21.15.37:0/575136706 >> [v2:172.21.15.37:6800/2267935573,v1:172.21.15.37:6801/2267935573] conn(0x7f7e58039600 0x7f7e5803bac0 unknown :-1 s=NONE pgs=0 cs=0 l=1 rev1=0 crypto rx=0 tx=0 comp rx=0 tx=0).connect
2024-04-26T01:45:13.840 INFO:teuthology.orchestra.run.smithi037.stdout:/usr/bin/ceph: stderr
2024-04-26T01:45:12.501+0000 7f7e6aa00700 1 -- 172.21.15.37:0/575136706 <== mon.0 v2:172.21.15.37:3300/0 5 ==== osd_map(2..2 src has 1..2) ==== 940+0+0 (secure 0 0 0) 0x7f7e6404db30 con 0x7f7e741085c0
2024-04-26T01:45:13.840 INFO:teuthology.orchestra.run.smithi037.stdout:/usr/bin/ceph: stderr
2024-04-26T01:45:12.501+0000 7f7e71400700 1 --2- 172.21.15.37:0/575136706 >> [v2:172.21.15.37:6800/2267935573,v1:172.21.15.37:6801/2267935573] conn(0x7f7e58039600 0x7f7e5803bac0 unknown :-1 s=BANNER_CONNECTING pgs=0 cs=0 l=1 rev1=0 crypto rx=0 tx=0 comp rx=0 tx=0)._handle_peer_banner_payload supported=3 required=0
2024-04-26T01:45:13.840 INFO:teuthology.orchestra.run.smithi037.stdout:/usr/bin/ceph: stderr
2024-04-26T01:45:12.502+0000 7f7e71400700 1 --2- 172.21.15.37:0/575136706 >> [v2:172.21.15.37:6800/2267935573,v1:172.21.15.37:6801/2267935573] conn(0x7f7e58039600 0x7f7e5803bac0 secure :-1 s=READY pgs=9 cs=0 l=1 rev1=1 crypto rx=0x7f7e60006fd0 tx=0x7f7e60006e40 comp rx=0 tx=0).ready entity=mgr.14120 client_cookie=0 server_cookie=0 in_seq=0 out_seq=0
2024-04-26T01:45:13.840 INFO:teuthology.orchestra.run.smithi037.stdout:/usr/bin/ceph: stderr
2024-04-26T01:45:12.507+0000 7f7e6aa00700 1 -- 172.21.15.37:0/575136706 <== mon.0 v2:172.21.15.37:3300/0 6 ==== mon_command_ack([{"prefix": "get_command_descriptions"}]=0 v0) ==== 72+0+188370 (secure 0 0 0) 0x7f7e640042a0 con 0x7f7e741085c0
2024-04-26T01:45:13.840 INFO:teuthology.orchestra.run.smithi037.stdout:/usr/bin/ceph: stderr
2024-04-26T01:45:12.759+0000 7f7e78e00700 1 -- 172.21.15.37:0/575136706 --> [v2:172.21.15.37:6800/2267935573,v1:172.21.15.37:6801/2267935573] -- mgr_command(tid 0: {"prefix": "cephadm generate-key", "target": ["mon-mgr", ""]}) -- 0x7f7e74104e10 con 0x7f7e58039600
2024-04-26T01:45:13.840 INFO:teuthology.orchestra.run.smithi037.stdout:/usr/bin/ceph: stderr
2024-04-26T01:45:13.119+0000 7f7e6aa00700 1 -- 172.21.15.37:0/575136706 <== mgr.14120 v2:172.21.15.37:6800/2267935573 1 ==== mgr_command_reply(tid 0: 0 ) ==== 8+0+0 (secure 0 0 0) 0x7f7e74104e10 con 0x7f7e58039600
2024-04-26T01:45:13.840 INFO:teuthology.orchestra.run.smithi037.stdout:/usr/bin/ceph: stderr
2024-04-26T01:45:13.122+0000 7f7e78e00700 1 -- 172.21.15.37:0/575136706 >> [v2:172.21.15.37:6800/2267935573,v1:172.21.15.37:6801/2267935573] conn(0x7f7e58039600 msgr2=0x7f7e5803bac0 secure :-1 s=STATE_CONNECTION_ESTABLISHED l=1).mark_down
2024-04-26T01:45:13.840 INFO:teuthology.orchestra.run.smithi037.stdout:/usr/bin/ceph: stderr
2024-04-26T01:45:13.122+0000 7f7e78e00700 1 --2- 172.21.15.37:0/575136706 >> [v2:172.21.15.37:6800/2267935573,v1:172.21.15.37:6801/2267935573] conn(0x7f7e58039600 0x7f7e5803bac0 secure :-1 s=READY pgs=9 cs=0 l=1 rev1=1 crypto rx=0x7f7e60006fd0 tx=0x7f7e60006e40 comp rx=0 tx=0).stop
2024-04-26T01:45:13.840 INFO:teuthology.orchestra.run.smithi037.stdout:/usr/bin/ceph: stderr
2024-04-26T01:45:13.122+0000 7f7e78e00700 1 -- 172.21.15.37:0/575136706 >> [v2:172.21.15.37:3300/0,v1:172.21.15.37:6789/0] conn(0x7f7e741085c0 msgr2=0x7f7e7419e750 secure :-1 s=STATE_CONNECTION_ESTABLISHED l=1).mark_down
2024-04-26T01:45:13.841 INFO:teuthology.orchestra.run.smithi037.stdout:/usr/bin/ceph: stderr
2024-04-26T01:45:13.122+0000 7f7e78e00700 1 --2- 172.21.15.37:0/575136706 >> [v2:172.21.15.37:3300/0,v1:172.21.15.37:6789/0] conn(0x7f7e741085c0 0x7f7e7419e750 secure :-1 s=READY pgs=42 cs=0 l=1 rev1=1 crypto rx=0x7f7e640117b0 tx=0x7f7e64011b70 comp rx=0 tx=0).stop
2024-04-26T01:45:13.841 INFO:teuthology.orchestra.run.smithi037.stdout:/usr/bin/ceph: stderr
2024-04-26T01:45:13.122+0000 7f7e78e00700 1 -- 172.21.15.37:0/575136706 shutdown_connections
2024-04-26T01:45:13.841 INFO:teuthology.orchestra.run.smithi037.stdout:/usr/bin/ceph: stderr
2024-04-26T01:45:13.122+0000 7f7e78e00700 1 --2- 172.21.15.37:0/575136706 >> [v2:172.21.15.37:6800/2267935573,v1:172.21.15.37:6801/2267935573] conn(0x7f7e58039600 0x7f7e5803bac0 unknown :-1 s=CLOSED pgs=9 cs=0 l=1 rev1=1 crypto rx=0 tx=0 comp rx=0 tx=0).stop
2024-04-26T01:45:13.841 INFO:teuthology.orchestra.run.smithi037.stdout:/usr/bin/ceph: stderr
2024-04-26T01:45:13.122+0000 7f7e78e00700 1 --2- 172.21.15.37:0/575136706 >> [v2:172.21.15.37:3300/0,v1:172.21.15.37:6789/0] conn(0x7f7e741085c0 0x7f7e7419e750 unknown :-1 s=CLOSED pgs=42 cs=0 l=1 rev1=1 crypto rx=0 tx=0 comp rx=0 tx=0).stop
2024-04-26T01:45:13.841 INFO:teuthology.orchestra.run.smithi037.stdout:/usr/bin/ceph: stderr
2024-04-26T01:45:13.122+0000 7f7e78e00700 1 -- 172.21.15.37:0/575136706 >> 172.21.15.37:0/575136706 conn(0x7f7e74103be0 msgr2=0x7f7e74104700 unknown :-1 s=STATE_NONE l=0).mark_down
2024-04-26T01:45:13.841 INFO:teuthology.orchestra.run.smithi037.stdout:/usr/bin/ceph: stderr
2024-04-26T01:45:13.123+0000 7f7e78e00700 1 -- 172.21.15.37:0/575136706 shutdown_connections
2024-04-26T01:45:13.841 INFO:teuthology.orchestra.run.smithi037.stdout:/usr/bin/ceph: stderr
2024-04-26T01:45:13.123+0000 7f7e78e00700 1 -- 172.21.15.37:0/575136706 wait complete.
2024-04-26T01:45:14.413 INFO:journalctl@ceph.mon.a.smithi037.stdout:Apr 26 01:45:14 smithi037 ceph-mon[27906]: from='client.14136 -' entity='client.admin' cmd=[{"prefix": "cephadm generate-key", "target": ["mon-mgr", ""]}]: dispatch
2024-04-26T01:45:14.413 INFO:journalctl@ceph.mon.a.smithi037.stdout:Apr 26 01:45:14 smithi037 ceph-mon[27906]: Generating ssh key...
2024-04-26T01:45:14.413 INFO:journalctl@ceph.mon.a.smithi037.stdout:Apr 26 01:45:14 smithi037 ceph-mon[27906]: from='mgr.14120 172.21.15.37:0/909318911' entity='mgr.x'
2024-04-26T01:45:14.413 INFO:journalctl@ceph.mon.a.smithi037.stdout:Apr 26 01:45:14 smithi037 ceph-mon[27906]: from='mgr.14120 172.21.15.37:0/909318911' entity='mgr.x'
2024-04-26T01:45:15.370 INFO:teuthology.orchestra.run.smithi037.stdout:/usr/bin/ceph: stdout ssh-rsa AAAAB3NzaC1yc2EAAAADAQABAAABgQCfwgeiGABFY1R4uwzaC0A2EMGnaHOeK4jXWuLqqhDoIRVBXPrZScRJiadvzhWqBV1bokC7VMApk1khxM9A5LpFETOVrM01ZYcopfOhkrk7SEAAx2I8DzQptuwmbtZDjjTZDJBlpRlGiuKto+Z4E5uKlp1BJrIJKNsC1B5jKp2YWGjc3rfkUapqRkJtHllOsOimiLzvBnErc3xMI/MIFl/20KmHPk1ZtGup3ON2jnO2TXFIL2byNNfS2WGnuKuMe4B1NopHhicmEdHsowdt3GuYEdmLZbgo0bNTY69UF1V1Pd26vYlQ9GNWiqXVh8pA4iEscuv//RFpWiy3ln7LxDEXVY1DPotmuleN8xWb+lbXbInDyU9UUZiFmMgZcleaNtaa8jmFxEt6Dh+kxRhmDoprxVYAlo37V3UUpjY4GXZDLagLwkTcfxkD8WcHQaDrfM73DXsssekQyGgtQg6+jsPwS6CWc+rmI6vFSMomihN2mrgunTskSUfe9SjFduhWpWM= ceph-5d371fa8-036e-11ef-bc93-c7b262605968
2024-04-26T01:45:15.370 INFO:teuthology.orchestra.run.smithi037.stdout:/usr/bin/ceph: stderr
2024-04-26T01:45:14.493+0000 7f7a52e00700 1 Processor -- start
2024-04-26T01:45:15.370 INFO:teuthology.orchestra.run.smithi037.stdout:/usr/bin/ceph: stderr
2024-04-26T01:45:14.494+0000 7f7a52e00700 1 -- start start
2024-04-26T01:45:15.370 INFO:teuthology.orchestra.run.smithi037.stdout:/usr/bin/ceph: stderr
2024-04-26T01:45:14.494+0000 7f7a52e00700 1 --2- >> [v2:172.21.15.37:3300/0,v1:172.21.15.37:6789/0] conn(0x7f7a4c10a800 0x7f7a4c10ac20 unknown :-1 s=NONE pgs=0 cs=0 l=0 rev1=0 crypto rx=0 tx=0 comp rx=0 tx=0).connect
2024-04-26T01:45:15.371 INFO:teuthology.orchestra.run.smithi037.stdout:/usr/bin/ceph: stderr
2024-04-26T01:45:14.494+0000 7f7a52e00700 1 -- --> [v2:172.21.15.37:3300/0,v1:172.21.15.37:6789/0] -- mon_getmap magic: 0 -- 0x7f7a4c10b1f0 con 0x7f7a4c10a800
2024-04-26T01:45:15.371 INFO:teuthology.orchestra.run.smithi037.stdout:/usr/bin/ceph: stderr
2024-04-26T01:45:14.495+0000 7f7a4be00700 1 --2- >> [v2:172.21.15.37:3300/0,v1:172.21.15.37:6789/0] conn(0x7f7a4c10a800 0x7f7a4c10ac20 unknown :-1 s=BANNER_CONNECTING pgs=0 cs=0 l=0 rev1=0 crypto rx=0 tx=0 comp rx=0 tx=0)._handle_peer_banner_payload supported=3 required=0
2024-04-26T01:45:15.371 INFO:teuthology.orchestra.run.smithi037.stdout:/usr/bin/ceph: stderr
2024-04-26T01:45:14.495+0000 7f7a4be00700 1 --2- >> [v2:172.21.15.37:3300/0,v1:172.21.15.37:6789/0] conn(0x7f7a4c10a800 0x7f7a4c10ac20 unknown :-1 s=HELLO_CONNECTING pgs=0 cs=0 l=0 rev1=1 crypto rx=0 tx=0 comp rx=0 tx=0).handle_hello peer v2:172.21.15.37:3300/0 says I am v2:172.21.15.37:60400/0 (socket says 172.21.15.37:60400)
2024-04-26T01:45:15.371 INFO:teuthology.orchestra.run.smithi037.stdout:/usr/bin/ceph: stderr
2024-04-26T01:45:14.495+0000 7f7a4be00700 1 -- 172.21.15.37:0/4132983596 learned_addr learned my addr 172.21.15.37:0/4132983596 (peer_addr_for_me v2:172.21.15.37:0/0)
2024-04-26T01:45:15.371 INFO:teuthology.orchestra.run.smithi037.stdout:/usr/bin/ceph: stderr
2024-04-26T01:45:14.495+0000 7f7a4be00700 1 -- 172.21.15.37:0/4132983596 --> [v2:172.21.15.37:3300/0,v1:172.21.15.37:6789/0] -- mon_subscribe({config=0+,monmap=0+}) -- 0x7f7a4c10b9b0 con 0x7f7a4c10a800
2024-04-26T01:45:15.371 INFO:teuthology.orchestra.run.smithi037.stdout:/usr/bin/ceph: stderr
2024-04-26T01:45:14.495+0000 7f7a4be00700 1 --2- 172.21.15.37:0/4132983596 >> [v2:172.21.15.37:3300/0,v1:172.21.15.37:6789/0] conn(0x7f7a4c10a800 0x7f7a4c10ac20 secure :-1 s=READY pgs=43 cs=0 l=1 rev1=1 crypto rx=0x7f7a3c0098a0 tx=0x7f7a3c009bb0 comp rx=0 tx=0).ready entity=mon.0 client_cookie=c9e2dc89727240d server_cookie=0 in_seq=0 out_seq=0
2024-04-26T01:45:15.371 INFO:teuthology.orchestra.run.smithi037.stdout:/usr/bin/ceph: stderr
2024-04-26T01:45:14.496+0000 7f7a4aa00700 1 -- 172.21.15.37:0/4132983596 <== mon.0 v2:172.21.15.37:3300/0 1 ==== mon_map magic: 0 ==== 205+0+0 (secure 0 0 0) 0x7f7a3c004160 con 0x7f7a4c10a800
2024-04-26T01:45:15.371 INFO:teuthology.orchestra.run.smithi037.stdout:/usr/bin/ceph: stderr
2024-04-26T01:45:14.496+0000 7f7a4aa00700 1 -- 172.21.15.37:0/4132983596 <== mon.0 v2:172.21.15.37:3300/0 2 ==== config(26 keys) ==== 1070+0+0 (secure 0 0 0) 0x7f7a3c004300 con 0x7f7a4c10a800
2024-04-26T01:45:15.371 INFO:teuthology.orchestra.run.smithi037.stdout:/usr/bin/ceph: stderr
2024-04-26T01:45:14.496+0000 7f7a4aa00700 1 -- 172.21.15.37:0/4132983596 <== mon.0 v2:172.21.15.37:3300/0 3 ==== mon_map magic: 0 ==== 205+0+0 (secure 0 0 0) 0x7f7a3c011af0 con 0x7f7a4c10a800
2024-04-26T01:45:15.371 INFO:teuthology.orchestra.run.smithi037.stdout:/usr/bin/ceph: stderr
2024-04-26T01:45:14.496+0000 7f7a52e00700 1 -- 172.21.15.37:0/4132983596 >> [v2:172.21.15.37:3300/0,v1:172.21.15.37:6789/0] conn(0x7f7a4c10a800 msgr2=0x7f7a4c10ac20 secure :-1 s=STATE_CONNECTION_ESTABLISHED l=1).mark_down
2024-04-26T01:45:15.371 INFO:teuthology.orchestra.run.smithi037.stdout:/usr/bin/ceph: stderr
2024-04-26T01:45:14.496+0000 7f7a52e00700 1 --2- 172.21.15.37:0/4132983596 >> [v2:172.21.15.37:3300/0,v1:172.21.15.37:6789/0] conn(0x7f7a4c10a800 0x7f7a4c10ac20 secure :-1 s=READY pgs=43 cs=0 l=1 rev1=1 crypto rx=0x7f7a3c0098a0 tx=0x7f7a3c009bb0 comp rx=0 tx=0).stop
2024-04-26T01:45:15.371 INFO:teuthology.orchestra.run.smithi037.stdout:/usr/bin/ceph: stderr
2024-04-26T01:45:14.497+0000 7f7a52e00700 1 -- 172.21.15.37:0/4132983596 shutdown_connections
2024-04-26T01:45:15.371 INFO:teuthology.orchestra.run.smithi037.stdout:/usr/bin/ceph: stderr
2024-04-26T01:45:14.497+0000 7f7a52e00700 1 --2- 172.21.15.37:0/4132983596 >> [v2:172.21.15.37:3300/0,v1:172.21.15.37:6789/0] conn(0x7f7a4c10a800 0x7f7a4c10ac20 unknown :-1 s=CLOSED pgs=43 cs=0 l=1 rev1=1 crypto rx=0 tx=0 comp rx=0 tx=0).stop
2024-04-26T01:45:15.371 INFO:teuthology.orchestra.run.smithi037.stdout:/usr/bin/ceph: stderr
2024-04-26T01:45:14.497+0000 7f7a52e00700 1 -- 172.21.15.37:0/4132983596 >> 172.21.15.37:0/4132983596 conn(0x7f7a4c07ddf0 msgr2=0x7f7a4c1084b0 unknown :-1 s=STATE_NONE l=0).mark_down
2024-04-26T01:45:15.372 INFO:teuthology.orchestra.run.smithi037.stdout:/usr/bin/ceph: stderr
2024-04-26T01:45:14.497+0000 7f7a52e00700 1 -- 172.21.15.37:0/4132983596 shutdown_connections
2024-04-26T01:45:15.372 INFO:teuthology.orchestra.run.smithi037.stdout:/usr/bin/ceph: stderr
2024-04-26T01:45:14.497+0000 7f7a52e00700 1 -- 172.21.15.37:0/4132983596 wait complete.
2024-04-26T01:45:15.372 INFO:teuthology.orchestra.run.smithi037.stdout:/usr/bin/ceph: stderr
2024-04-26T01:45:14.498+0000 7f7a52e00700 1 Processor -- start
2024-04-26T01:45:15.372 INFO:teuthology.orchestra.run.smithi037.stdout:/usr/bin/ceph: stderr
2024-04-26T01:45:14.498+0000 7f7a52e00700 1 -- start start
2024-04-26T01:45:15.372 INFO:teuthology.orchestra.run.smithi037.stdout:/usr/bin/ceph: stderr
2024-04-26T01:45:14.499+0000 7f7a52e00700 1 --2- >> [v2:172.21.15.37:3300/0,v1:172.21.15.37:6789/0] conn(0x7f7a4c10a800 0x7f7a4c19e680 unknown :-1 s=NONE pgs=0 cs=0 l=1 rev1=0 crypto rx=0 tx=0 comp rx=0 tx=0).connect
2024-04-26T01:45:15.372 INFO:teuthology.orchestra.run.smithi037.stdout:/usr/bin/ceph: stderr
2024-04-26T01:45:14.499+0000 7f7a52e00700 1 -- --> [v2:172.21.15.37:3300/0,v1:172.21.15.37:6789/0] -- mon_getmap magic: 0 -- 0x7f7a4c10ebe0 con 0x7f7a4c10a800
2024-04-26T01:45:15.372 INFO:teuthology.orchestra.run.smithi037.stdout:/usr/bin/ceph: stderr
2024-04-26T01:45:14.499+0000 7f7a4be00700 1 --2- >> [v2:172.21.15.37:3300/0,v1:172.21.15.37:6789/0] conn(0x7f7a4c10a800 0x7f7a4c19e680 unknown :-1 s=BANNER_CONNECTING pgs=0 cs=0 l=1 rev1=0 crypto rx=0 tx=0 comp rx=0 tx=0)._handle_peer_banner_payload supported=3 required=0
2024-04-26T01:45:15.372 INFO:teuthology.orchestra.run.smithi037.stdout:/usr/bin/ceph: stderr
2024-04-26T01:45:14.499+0000 7f7a4be00700 1 --2- >> [v2:172.21.15.37:3300/0,v1:172.21.15.37:6789/0] conn(0x7f7a4c10a800 0x7f7a4c19e680 unknown :-1 s=HELLO_CONNECTING pgs=0 cs=0 l=1 rev1=1 crypto rx=0 tx=0 comp rx=0 tx=0).handle_hello peer v2:172.21.15.37:3300/0 says I am v2:172.21.15.37:60406/0 (socket says 172.21.15.37:60406)
2024-04-26T01:45:15.372 INFO:teuthology.orchestra.run.smithi037.stdout:/usr/bin/ceph: stderr
2024-04-26T01:45:14.499+0000 7f7a4be00700 1 -- 172.21.15.37:0/2991723443 learned_addr learned my addr 172.21.15.37:0/2991723443 (peer_addr_for_me v2:172.21.15.37:0/0)
2024-04-26T01:45:15.372 INFO:teuthology.orchestra.run.smithi037.stdout:/usr/bin/ceph: stderr
2024-04-26T01:45:14.499+0000 7f7a4be00700 1 -- 172.21.15.37:0/2991723443 --> [v2:172.21.15.37:3300/0,v1:172.21.15.37:6789/0] -- mon_subscribe({config=0+,monmap=0+}) -- 0x7f7a4c19ebc0 con 0x7f7a4c10a800
2024-04-26T01:45:15.372 INFO:teuthology.orchestra.run.smithi037.stdout:/usr/bin/ceph: stderr
2024-04-26T01:45:14.500+0000 7f7a4be00700 1 --2- 172.21.15.37:0/2991723443 >> [v2:172.21.15.37:3300/0,v1:172.21.15.37:6789/0] conn(0x7f7a4c10a800 0x7f7a4c19e680 secure :-1 s=READY pgs=44 cs=0 l=1 rev1=1 crypto rx=0x7f7a3c000c00 tx=0x7f7a3c011b70 comp rx=0 tx=0).ready entity=mon.0 client_cookie=0 server_cookie=0 in_seq=0 out_seq=0
2024-04-26T01:45:15.372 INFO:teuthology.orchestra.run.smithi037.stdout:/usr/bin/ceph: stderr
2024-04-26T01:45:14.500+0000 7f7a48c00700 1 -- 172.21.15.37:0/2991723443 <== mon.0 v2:172.21.15.37:3300/0 1 ==== mon_map magic: 0 ==== 205+0+0 (secure 0 0 0) 0x7f7a3c003b20 con 0x7f7a4c10a800
2024-04-26T01:45:15.372 INFO:teuthology.orchestra.run.smithi037.stdout:/usr/bin/ceph: stderr
2024-04-26T01:45:14.500+0000 7f7a48c00700 1 -- 172.21.15.37:0/2991723443 <== mon.0 v2:172.21.15.37:3300/0 2 ==== config(26 keys) ==== 1070+0+0 (secure 0 0 0) 0x7f7a3c01a8c0 con 0x7f7a4c10a800
2024-04-26T01:45:15.373 INFO:teuthology.orchestra.run.smithi037.stdout:/usr/bin/ceph: stderr
2024-04-26T01:45:14.500+0000 7f7a48c00700 1 -- 172.21.15.37:0/2991723443 <== mon.0 v2:172.21.15.37:3300/0 3 ==== mon_map magic: 0 ==== 205+0+0 (secure 0 0 0) 0x7f7a3c024940 con 0x7f7a4c10a800
2024-04-26T01:45:15.373 INFO:teuthology.orchestra.run.smithi037.stdout:/usr/bin/ceph: stderr
2024-04-26T01:45:14.500+0000 7f7a52e00700 1 -- 172.21.15.37:0/2991723443 --> [v2:172.21.15.37:3300/0,v1:172.21.15.37:6789/0] -- mon_subscribe({mgrmap=0+}) -- 0x7f7a4c19ee50 con 0x7f7a4c10a800
2024-04-26T01:45:15.373 INFO:teuthology.orchestra.run.smithi037.stdout:/usr/bin/ceph: stderr
2024-04-26T01:45:14.500+0000 7f7a52e00700 1 -- 172.21.15.37:0/2991723443 --> [v2:172.21.15.37:3300/0,v1:172.21.15.37:6789/0] -- mon_subscribe({osdmap=0}) -- 0x7f7a4c1a1b40 con 0x7f7a4c10a800
2024-04-26T01:45:15.373 INFO:teuthology.orchestra.run.smithi037.stdout:/usr/bin/ceph: stderr
2024-04-26T01:45:14.501+0000 7f7a52e00700 1 -- 172.21.15.37:0/2991723443 --> [v2:172.21.15.37:3300/0,v1:172.21.15.37:6789/0] -- mon_command({"prefix": "get_command_descriptions"} v 0) -- 0x7f7a4c10ed60 con 0x7f7a4c10a800
2024-04-26T01:45:15.373 INFO:teuthology.orchestra.run.smithi037.stdout:/usr/bin/ceph: stderr
2024-04-26T01:45:14.502+0000 7f7a48c00700 1 -- 172.21.15.37:0/2991723443 <== mon.0 v2:172.21.15.37:3300/0 4 ==== mgrmap(e 8) ==== 46558+0+0 (secure 0 0 0) 0x7f7a3c022020 con 0x7f7a4c10a800
2024-04-26T01:45:15.373 INFO:teuthology.orchestra.run.smithi037.stdout:/usr/bin/ceph: stderr
2024-04-26T01:45:14.502+0000 7f7a48c00700 1 --2- 172.21.15.37:0/2991723443 >> [v2:172.21.15.37:6800/2267935573,v1:172.21.15.37:6801/2267935573] conn(0x7f7a30039600 0x7f7a3003bac0 unknown :-1 s=NONE pgs=0 cs=0 l=1 rev1=0 crypto rx=0 tx=0 comp rx=0 tx=0).connect
2024-04-26T01:45:15.373 INFO:teuthology.orchestra.run.smithi037.stdout:/usr/bin/ceph: stderr
2024-04-26T01:45:14.502+0000 7f7a48c00700 1 -- 172.21.15.37:0/2991723443 <== mon.0 v2:172.21.15.37:3300/0 5 ==== osd_map(2..2 src has 1..2) ==== 940+0+0 (secure 0 0 0) 0x7f7a3c04d8a0 con 0x7f7a4c10a800
2024-04-26T01:45:15.373 INFO:teuthology.orchestra.run.smithi037.stdout:/usr/bin/ceph: stderr
2024-04-26T01:45:14.503+0000 7f7a4b400700 1 --2- 172.21.15.37:0/2991723443 >> [v2:172.21.15.37:6800/2267935573,v1:172.21.15.37:6801/2267935573] conn(0x7f7a30039600 0x7f7a3003bac0 unknown :-1 s=BANNER_CONNECTING pgs=0 cs=0 l=1 rev1=0 crypto rx=0 tx=0 comp rx=0 tx=0)._handle_peer_banner_payload supported=3 required=0
2024-04-26T01:45:15.373 INFO:teuthology.orchestra.run.smithi037.stdout:/usr/bin/ceph: stderr
2024-04-26T01:45:14.503+0000 7f7a4b400700 1 --2- 172.21.15.37:0/2991723443 >> [v2:172.21.15.37:6800/2267935573,v1:172.21.15.37:6801/2267935573] conn(0x7f7a30039600 0x7f7a3003bac0 secure :-1 s=READY pgs=10 cs=0 l=1 rev1=1 crypto rx=0x7f7a38006fd0 tx=0x7f7a38006e40 comp rx=0 tx=0).ready entity=mgr.14120 client_cookie=0 server_cookie=0 in_seq=0 out_seq=0
2024-04-26T01:45:15.373 INFO:teuthology.orchestra.run.smithi037.stdout:/usr/bin/ceph: stderr
2024-04-26T01:45:14.508+0000 7f7a48c00700 1 -- 172.21.15.37:0/2991723443 <== mon.0 v2:172.21.15.37:3300/0 6 ==== mon_command_ack([{"prefix": "get_command_descriptions"}]=0 v0) ==== 72+0+188370 (secure 0 0 0) 0x7f7a3c02c3a0 con 0x7f7a4c10a800
2024-04-26T01:45:15.373 INFO:teuthology.orchestra.run.smithi037.stdout:/usr/bin/ceph: stderr
2024-04-26T01:45:14.739+0000 7f7a52e00700 1 -- 172.21.15.37:0/2991723443 --> [v2:172.21.15.37:6800/2267935573,v1:172.21.15.37:6801/2267935573] -- mgr_command(tid 0: {"prefix": "cephadm get-pub-key", "target": ["mon-mgr", ""]}) -- 0x7f7a4c1082c0 con 0x7f7a30039600
2024-04-26T01:45:15.373 INFO:teuthology.orchestra.run.smithi037.stdout:/usr/bin/ceph: stderr
2024-04-26T01:45:14.741+0000 7f7a48c00700 1 -- 172.21.15.37:0/2991723443 <== mgr.14120 v2:172.21.15.37:6800/2267935573 1 ==== mgr_command_reply(tid 0: 0 ) ==== 8+0+595 (secure 0 0 0) 0x7f7a4c1082c0 con 0x7f7a30039600
2024-04-26T01:45:15.373 INFO:teuthology.orchestra.run.smithi037.stdout:/usr/bin/ceph: stderr
2024-04-26T01:45:14.745+0000 7f7a52e00700 1 -- 172.21.15.37:0/2991723443 >> [v2:172.21.15.37:6800/2267935573,v1:172.21.15.37:6801/2267935573] conn(0x7f7a30039600 msgr2=0x7f7a3003bac0 secure :-1 s=STATE_CONNECTION_ESTABLISHED l=1).mark_down
2024-04-26T01:45:15.373 INFO:teuthology.orchestra.run.smithi037.stdout:/usr/bin/ceph: stderr
2024-04-26T01:45:14.745+0000 7f7a52e00700 1 --2- 172.21.15.37:0/2991723443 >> [v2:172.21.15.37:6800/2267935573,v1:172.21.15.37:6801/2267935573] conn(0x7f7a30039600 0x7f7a3003bac0 secure :-1 s=READY pgs=10 cs=0 l=1 rev1=1 crypto rx=0x7f7a38006fd0 tx=0x7f7a38006e40 comp rx=0 tx=0).stop
2024-04-26T01:45:15.374 INFO:teuthology.orchestra.run.smithi037.stdout:/usr/bin/ceph: stderr
2024-04-26T01:45:14.745+0000 7f7a52e00700 1 -- 172.21.15.37:0/2991723443 >> [v2:172.21.15.37:3300/0,v1:172.21.15.37:6789/0] conn(0x7f7a4c10a800 msgr2=0x7f7a4c19e680 secure :-1 s=STATE_CONNECTION_ESTABLISHED l=1).mark_down
2024-04-26T01:45:15.374 INFO:teuthology.orchestra.run.smithi037.stdout:/usr/bin/ceph: stderr
2024-04-26T01:45:14.745+0000 7f7a52e00700 1 --2- 172.21.15.37:0/2991723443 >> [v2:172.21.15.37:3300/0,v1:172.21.15.37:6789/0] conn(0x7f7a4c10a800 0x7f7a4c19e680 secure :-1 s=READY pgs=44 cs=0 l=1 rev1=1 crypto rx=0x7f7a3c000c00 tx=0x7f7a3c011b70 comp rx=0 tx=0).stop
2024-04-26T01:45:15.374 INFO:teuthology.orchestra.run.smithi037.stdout:/usr/bin/ceph: stderr
2024-04-26T01:45:14.745+0000 7f7a52e00700 1 -- 172.21.15.37:0/2991723443 shutdown_connections
2024-04-26T01:45:15.374 INFO:teuthology.orchestra.run.smithi037.stdout:/usr/bin/ceph: stderr
2024-04-26T01:45:14.745+0000 7f7a52e00700 1 --2- 172.21.15.37:0/2991723443 >> [v2:172.21.15.37:6800/2267935573,v1:172.21.15.37:6801/2267935573] conn(0x7f7a30039600 0x7f7a3003bac0 unknown :-1 s=CLOSED pgs=10 cs=0 l=1 rev1=1 crypto rx=0 tx=0 comp rx=0 tx=0).stop
2024-04-26T01:45:15.374 INFO:teuthology.orchestra.run.smithi037.stdout:/usr/bin/ceph: stderr
2024-04-26T01:45:14.745+0000 7f7a52e00700 1 --2- 172.21.15.37:0/2991723443 >> [v2:172.21.15.37:3300/0,v1:172.21.15.37:6789/0] conn(0x7f7a4c10a800 0x7f7a4c19e680 unknown :-1 s=CLOSED pgs=44 cs=0 l=1 rev1=1 crypto rx=0 tx=0 comp rx=0 tx=0).stop
2024-04-26T01:45:15.374 INFO:teuthology.orchestra.run.smithi037.stdout:/usr/bin/ceph: stderr
2024-04-26T01:45:14.745+0000 7f7a52e00700 1 -- 172.21.15.37:0/2991723443 >> 172.21.15.37:0/2991723443 conn(0x7f7a4c07ddf0 msgr2=0x7f7a4c107bb0 unknown :-1 s=STATE_NONE l=0).mark_down
2024-04-26T01:45:15.374 INFO:teuthology.orchestra.run.smithi037.stdout:/usr/bin/ceph: stderr
2024-04-26T01:45:14.745+0000 7f7a52e00700 1 -- 172.21.15.37:0/2991723443 shutdown_connections
2024-04-26T01:45:15.374 INFO:teuthology.orchestra.run.smithi037.stdout:/usr/bin/ceph: stderr
2024-04-26T01:45:14.745+0000 7f7a52e00700 1 -- 172.21.15.37:0/2991723443 wait complete.
2024-04-26T01:45:15.374 INFO:teuthology.orchestra.run.smithi037.stdout:Wrote public SSH key to /home/ubuntu/cephtest/ceph.pub
2024-04-26T01:45:15.374 INFO:teuthology.orchestra.run.smithi037.stdout:Adding key to root@localhost authorized_keys...
2024-04-26T01:45:15.378 INFO:teuthology.orchestra.run.smithi037.stdout:Adding host smithi037...
2024-04-26T01:45:15.943 INFO:journalctl@ceph.mon.a.smithi037.stdout:Apr 26 01:45:15 smithi037 ceph-mon[27906]: from='client.14138 -' entity='client.admin' cmd=[{"prefix": "cephadm get-pub-key", "target": ["mon-mgr", ""]}]: dispatch
2024-04-26T01:45:16.898 INFO:journalctl@ceph.mon.a.smithi037.stdout:Apr 26 01:45:16 smithi037 ceph-mon[27906]: from='client.14140 -' entity='client.admin' cmd=[{"prefix": "orch host add", "hostname": "smithi037", "addr": "172.21.15.37", "target": ["mon-mgr", ""]}]: dispatch
2024-04-26T01:45:17.897 INFO:journalctl@ceph.mon.a.smithi037.stdout:Apr 26 01:45:17 smithi037 ceph-mon[27906]: Deploying cephadm binary to smithi037
2024-04-26T01:45:23.383 INFO:teuthology.orchestra.run.smithi037.stdout:/usr/bin/ceph: stdout Added host 'smithi037' with addr '172.21.15.37'
2024-04-26T01:45:23.383 INFO:teuthology.orchestra.run.smithi037.stdout:/usr/bin/ceph: stderr
2024-04-26T01:45:16.044+0000 7ff72c400700 1 Processor -- start
2024-04-26T01:45:23.383 INFO:teuthology.orchestra.run.smithi037.stdout:/usr/bin/ceph: stderr
2024-04-26T01:45:16.044+0000 7ff72c400700 1 -- start start
2024-04-26T01:45:23.383 INFO:teuthology.orchestra.run.smithi037.stdout:/usr/bin/ceph: stderr
2024-04-26T01:45:16.045+0000 7ff72c400700 1 --2- >> [v2:172.21.15.37:3300/0,v1:172.21.15.37:6789/0] conn(0x7ff72410f040 0x7ff72410f460 unknown :-1 s=NONE pgs=0 cs=0 l=0 rev1=0 crypto rx=0 tx=0 comp rx=0 tx=0).connect
2024-04-26T01:45:23.383 INFO:teuthology.orchestra.run.smithi037.stdout:/usr/bin/ceph: stderr
2024-04-26T01:45:16.045+0000 7ff72c400700 1 -- --> [v2:172.21.15.37:3300/0,v1:172.21.15.37:6789/0] -- mon_getmap magic: 0 -- 0x7ff72410fa30 con 0x7ff72410f040
2024-04-26T01:45:23.383 INFO:teuthology.orchestra.run.smithi037.stdout:/usr/bin/ceph: stderr
2024-04-26T01:45:16.045+0000 7ff729a00700 1 --2- >> [v2:172.21.15.37:3300/0,v1:172.21.15.37:6789/0] conn(0x7ff72410f040 0x7ff72410f460 unknown :-1 s=BANNER_CONNECTING pgs=0 cs=0 l=0 rev1=0 crypto rx=0 tx=0 comp rx=0 tx=0)._handle_peer_banner_payload supported=3 required=0
2024-04-26T01:45:23.383 INFO:teuthology.orchestra.run.smithi037.stdout:/usr/bin/ceph: stderr
2024-04-26T01:45:16.045+0000 7ff729a00700 1 --2- >> [v2:172.21.15.37:3300/0,v1:172.21.15.37:6789/0] conn(0x7ff72410f040 0x7ff72410f460 unknown :-1 s=HELLO_CONNECTING pgs=0 cs=0 l=0 rev1=1 crypto rx=0 tx=0 comp rx=0 tx=0).handle_hello peer v2:172.21.15.37:3300/0 says I am v2:172.21.15.37:60414/0 (socket says 172.21.15.37:60414)
2024-04-26T01:45:23.383 INFO:teuthology.orchestra.run.smithi037.stdout:/usr/bin/ceph: stderr
2024-04-26T01:45:16.045+0000 7ff729a00700 1 -- 172.21.15.37:0/1858392172 learned_addr learned my addr 172.21.15.37:0/1858392172 (peer_addr_for_me v2:172.21.15.37:0/0)
2024-04-26T01:45:23.384 INFO:teuthology.orchestra.run.smithi037.stdout:/usr/bin/ceph: stderr
2024-04-26T01:45:16.046+0000 7ff729a00700 1 -- 172.21.15.37:0/1858392172 --> [v2:172.21.15.37:3300/0,v1:172.21.15.37:6789/0] -- mon_subscribe({config=0+,monmap=0+}) -- 0x7ff72410fdc0 con 0x7ff72410f040
2024-04-26T01:45:23.384 INFO:teuthology.orchestra.run.smithi037.stdout:/usr/bin/ceph: stderr
2024-04-26T01:45:16.046+0000 7ff729a00700 1 --2- 172.21.15.37:0/1858392172 >> [v2:172.21.15.37:3300/0,v1:172.21.15.37:6789/0] conn(0x7ff72410f040 0x7ff72410f460 secure :-1 s=READY pgs=45 cs=0 l=1 rev1=1 crypto rx=0x7ff7180098a0 tx=0x7ff718009bb0 comp rx=0 tx=0).ready entity=mon.0 client_cookie=11fa93526bd22171 server_cookie=0 in_seq=0 out_seq=0
2024-04-26T01:45:23.384 INFO:teuthology.orchestra.run.smithi037.stdout:/usr/bin/ceph: stderr
2024-04-26T01:45:16.046+0000 7ff723e00700 1 -- 172.21.15.37:0/1858392172 <== mon.0 v2:172.21.15.37:3300/0 1 ==== mon_map magic: 0 ==== 205+0+0 (secure 0 0 0) 0x7ff718004160 con 0x7ff72410f040
2024-04-26T01:45:23.384 INFO:teuthology.orchestra.run.smithi037.stdout:/usr/bin/ceph: stderr
2024-04-26T01:45:16.046+0000 7ff723e00700 1 -- 172.21.15.37:0/1858392172 <== mon.0 v2:172.21.15.37:3300/0 2 ==== config(26 keys) ==== 1070+0+0 (secure 0 0 0) 0x7ff718004300 con 0x7ff72410f040
2024-04-26T01:45:23.384 INFO:teuthology.orchestra.run.smithi037.stdout:/usr/bin/ceph: stderr
2024-04-26T01:45:16.046+0000 7ff723e00700 1 -- 172.21.15.37:0/1858392172 <== mon.0 v2:172.21.15.37:3300/0 3 ==== mon_map magic: 0 ==== 205+0+0 (secure 0 0 0) 0x7ff718011af0 con 0x7ff72410f040
2024-04-26T01:45:23.384 INFO:teuthology.orchestra.run.smithi037.stdout:/usr/bin/ceph: stderr
2024-04-26T01:45:16.047+0000 7ff72c400700 1 -- 172.21.15.37:0/1858392172 >> [v2:172.21.15.37:3300/0,v1:172.21.15.37:6789/0] conn(0x7ff72410f040 msgr2=0x7ff72410f460 secure :-1 s=STATE_CONNECTION_ESTABLISHED l=1).mark_down
2024-04-26T01:45:23.384 INFO:teuthology.orchestra.run.smithi037.stdout:/usr/bin/ceph: stderr
2024-04-26T01:45:16.047+0000 7ff72c400700 1 --2- 172.21.15.37:0/1858392172 >> [v2:172.21.15.37:3300/0,v1:172.21.15.37:6789/0] conn(0x7ff72410f040 0x7ff72410f460 secure :-1 s=READY pgs=45 cs=0 l=1 rev1=1 crypto rx=0x7ff7180098a0 tx=0x7ff718009bb0 comp rx=0 tx=0).stop
2024-04-26T01:45:23.384 INFO:teuthology.orchestra.run.smithi037.stdout:/usr/bin/ceph: stderr
2024-04-26T01:45:16.047+0000 7ff72c400700 1 -- 172.21.15.37:0/1858392172 shutdown_connections
2024-04-26T01:45:23.384 INFO:teuthology.orchestra.run.smithi037.stdout:/usr/bin/ceph: stderr
2024-04-26T01:45:16.047+0000 7ff72c400700 1 --2- 172.21.15.37:0/1858392172 >> [v2:172.21.15.37:3300/0,v1:172.21.15.37:6789/0] conn(0x7ff72410f040 0x7ff72410f460 unknown :-1 s=CLOSED pgs=45 cs=0 l=1 rev1=1 crypto rx=0 tx=0 comp rx=0 tx=0).stop
2024-04-26T01:45:23.384 INFO:teuthology.orchestra.run.smithi037.stdout:/usr/bin/ceph: stderr
2024-04-26T01:45:16.047+0000 7ff72c400700 1 -- 172.21.15.37:0/1858392172 >> 172.21.15.37:0/1858392172 conn(0x7ff72407ddf0 msgr2=0x7ff724080210 unknown :-1 s=STATE_NONE l=0).mark_down
2024-04-26T01:45:23.384 INFO:teuthology.orchestra.run.smithi037.stdout:/usr/bin/ceph: stderr
2024-04-26T01:45:16.047+0000 7ff72c400700 1 -- 172.21.15.37:0/1858392172 shutdown_connections
2024-04-26T01:45:23.384 INFO:teuthology.orchestra.run.smithi037.stdout:/usr/bin/ceph: stderr
2024-04-26T01:45:16.047+0000 7ff72c400700 1 -- 172.21.15.37:0/1858392172 wait complete.
2024-04-26T01:45:23.384 INFO:teuthology.orchestra.run.smithi037.stdout:/usr/bin/ceph: stderr
2024-04-26T01:45:16.048+0000 7ff72c400700 1 Processor -- start
2024-04-26T01:45:23.384 INFO:teuthology.orchestra.run.smithi037.stdout:/usr/bin/ceph: stderr
2024-04-26T01:45:16.049+0000 7ff72c400700 1 -- start start
2024-04-26T01:45:23.385 INFO:teuthology.orchestra.run.smithi037.stdout:/usr/bin/ceph: stderr
2024-04-26T01:45:16.049+0000 7ff72c400700 1 --2- >> [v2:172.21.15.37:3300/0,v1:172.21.15.37:6789/0] conn(0x7ff72410f040 0x7ff7241a2a60 unknown :-1 s=NONE pgs=0 cs=0 l=1 rev1=0 crypto rx=0 tx=0 comp rx=0 tx=0).connect
2024-04-26T01:45:23.385 INFO:teuthology.orchestra.run.smithi037.stdout:/usr/bin/ceph: stderr
2024-04-26T01:45:16.049+0000 7ff72c400700 1 -- --> [v2:172.21.15.37:3300/0,v1:172.21.15.37:6789/0] -- mon_getmap magic: 0 -- 0x7ff724112ff0 con 0x7ff72410f040
2024-04-26T01:45:23.385 INFO:teuthology.orchestra.run.smithi037.stdout:/usr/bin/ceph: stderr
2024-04-26T01:45:16.049+0000 7ff729a00700 1 --2- >> [v2:172.21.15.37:3300/0,v1:172.21.15.37:6789/0] conn(0x7ff72410f040 0x7ff7241a2a60 unknown :-1 s=BANNER_CONNECTING pgs=0 cs=0 l=1 rev1=0 crypto rx=0 tx=0 comp rx=0 tx=0)._handle_peer_banner_payload supported=3 required=0
2024-04-26T01:45:23.385 INFO:teuthology.orchestra.run.smithi037.stdout:/usr/bin/ceph: stderr
2024-04-26T01:45:16.049+0000 7ff729a00700 1 --2- >> [v2:172.21.15.37:3300/0,v1:172.21.15.37:6789/0] conn(0x7ff72410f040 0x7ff7241a2a60 unknown :-1 s=HELLO_CONNECTING pgs=0 cs=0 l=1 rev1=1 crypto rx=0 tx=0 comp rx=0 tx=0).handle_hello peer v2:172.21.15.37:3300/0 says I am v2:172.21.15.37:60418/0 (socket says 172.21.15.37:60418)
2024-04-26T01:45:23.385 INFO:teuthology.orchestra.run.smithi037.stdout:/usr/bin/ceph: stderr
2024-04-26T01:45:16.049+0000 7ff729a00700 1 -- 172.21.15.37:0/3386858874 learned_addr learned my addr 172.21.15.37:0/3386858874 (peer_addr_for_me v2:172.21.15.37:0/0)
2024-04-26T01:45:23.385 INFO:teuthology.orchestra.run.smithi037.stdout:/usr/bin/ceph: stderr
2024-04-26T01:45:16.050+0000 7ff729a00700 1 -- 172.21.15.37:0/3386858874 --> [v2:172.21.15.37:3300/0,v1:172.21.15.37:6789/0] -- mon_subscribe({config=0+,monmap=0+}) -- 0x7ff7241a2fa0 con 0x7ff72410f040
2024-04-26T01:45:23.385 INFO:teuthology.orchestra.run.smithi037.stdout:/usr/bin/ceph: stderr
2024-04-26T01:45:16.050+0000 7ff729a00700 1 --2- 172.21.15.37:0/3386858874 >> [v2:172.21.15.37:3300/0,v1:172.21.15.37:6789/0] conn(0x7ff72410f040 0x7ff7241a2a60 secure :-1 s=READY pgs=46 cs=0 l=1 rev1=1 crypto rx=0x7ff718003f40 tx=0x7ff718011890 comp rx=0 tx=0).ready entity=mon.0 client_cookie=0 server_cookie=0 in_seq=0 out_seq=0
2024-04-26T01:45:23.385 INFO:teuthology.orchestra.run.smithi037.stdout:/usr/bin/ceph: stderr
2024-04-26T01:45:16.050+0000 7ff722000700 1 -- 172.21.15.37:0/3386858874 <== mon.0 v2:172.21.15.37:3300/0 1 ==== mon_map magic: 0 ==== 205+0+0 (secure 0 0 0) 0x7ff7180038b0 con 0x7ff72410f040
2024-04-26T01:45:23.385 INFO:teuthology.orchestra.run.smithi037.stdout:/usr/bin/ceph: stderr
2024-04-26T01:45:16.050+0000 7ff722000700 1 -- 172.21.15.37:0/3386858874 <== mon.0 v2:172.21.15.37:3300/0 2 ==== config(26 keys) ==== 1070+0+0 (secure 0 0 0) 0x7ff718003a50 con 0x7ff72410f040
2024-04-26T01:45:23.385 INFO:teuthology.orchestra.run.smithi037.stdout:/usr/bin/ceph: stderr
2024-04-26T01:45:16.050+0000 7ff72c400700 1 -- 172.21.15.37:0/3386858874 --> [v2:172.21.15.37:3300/0,v1:172.21.15.37:6789/0] -- mon_subscribe({mgrmap=0+}) -- 0x7ff7241a3230 con 0x7ff72410f040
2024-04-26T01:45:23.385 INFO:teuthology.orchestra.run.smithi037.stdout:/usr/bin/ceph: stderr
2024-04-26T01:45:16.050+0000 7ff722000700 1 -- 172.21.15.37:0/3386858874 <== mon.0 v2:172.21.15.37:3300/0 3 ==== mon_map magic: 0 ==== 205+0+0 (secure 0 0 0) 0x7ff71801a5c0 con 0x7ff72410f040
2024-04-26T01:45:23.385 INFO:teuthology.orchestra.run.smithi037.stdout:/usr/bin/ceph: stderr
2024-04-26T01:45:16.050+0000 7ff72c400700 1 -- 172.21.15.37:0/3386858874 --> [v2:172.21.15.37:3300/0,v1:172.21.15.37:6789/0] -- mon_subscribe({osdmap=0}) -- 0x7ff7241a5f20 con 0x7ff72410f040
2024-04-26T01:45:23.385 INFO:teuthology.orchestra.run.smithi037.stdout:/usr/bin/ceph: stderr
2024-04-26T01:45:16.052+0000 7ff722000700 1 -- 172.21.15.37:0/3386858874 <== mon.0 v2:172.21.15.37:3300/0 4 ==== mgrmap(e 8) ==== 46558+0+0 (secure 0 0 0) 0x7ff718024430 con 0x7ff72410f040
2024-04-26T01:45:23.385 INFO:teuthology.orchestra.run.smithi037.stdout:/usr/bin/ceph: stderr
2024-04-26T01:45:16.052+0000 7ff72c400700 1 -- 172.21.15.37:0/3386858874 --> [v2:172.21.15.37:3300/0,v1:172.21.15.37:6789/0] -- mon_command({"prefix": "get_command_descriptions"} v 0) -- 0x7ff724113170 con 0x7ff72410f040
2024-04-26T01:45:23.386 INFO:teuthology.orchestra.run.smithi037.stdout:/usr/bin/ceph: stderr
2024-04-26T01:45:16.052+0000 7ff722000700 1 --2- 172.21.15.37:0/3386858874 >> [v2:172.21.15.37:6800/2267935573,v1:172.21.15.37:6801/2267935573] conn(0x7ff70c0395b0 0x7ff70c03ba70 unknown :-1 s=NONE pgs=0 cs=0 l=1 rev1=0 crypto rx=0 tx=0 comp rx=0 tx=0).connect
2024-04-26T01:45:23.386 INFO:teuthology.orchestra.run.smithi037.stdout:/usr/bin/ceph: stderr
2024-04-26T01:45:16.052+0000 7ff722000700 1 -- 172.21.15.37:0/3386858874 <== mon.0 v2:172.21.15.37:3300/0 5 ==== osd_map(2..2 src has 1..2) ==== 940+0+0 (secure 0 0 0) 0x7ff71804db40 con 0x7ff72410f040
2024-04-26T01:45:23.386 INFO:teuthology.orchestra.run.smithi037.stdout:/usr/bin/ceph: stderr
2024-04-26T01:45:16.053+0000 7ff729000700 1 --2- 172.21.15.37:0/3386858874 >> [v2:172.21.15.37:6800/2267935573,v1:172.21.15.37:6801/2267935573] conn(0x7ff70c0395b0 0x7ff70c03ba70 unknown :-1 s=BANNER_CONNECTING pgs=0 cs=0 l=1 rev1=0 crypto rx=0 tx=0 comp rx=0 tx=0)._handle_peer_banner_payload supported=3 required=0
2024-04-26T01:45:23.386 INFO:teuthology.orchestra.run.smithi037.stdout:/usr/bin/ceph: stderr
2024-04-26T01:45:16.053+0000 7ff729000700 1 --2- 172.21.15.37:0/3386858874 >> [v2:172.21.15.37:6800/2267935573,v1:172.21.15.37:6801/2267935573] conn(0x7ff70c0395b0 0x7ff70c03ba70 secure :-1 s=READY pgs=11 cs=0 l=1 rev1=1 crypto rx=0x7ff710006fd0 tx=0x7ff710006e40 comp rx=0 tx=0).ready entity=mgr.14120 client_cookie=0 server_cookie=0 in_seq=0 out_seq=0
2024-04-26T01:45:23.386 INFO:teuthology.orchestra.run.smithi037.stdout:/usr/bin/ceph: stderr
2024-04-26T01:45:16.058+0000 7ff722000700 1 -- 172.21.15.37:0/3386858874 <== mon.0 v2:172.21.15.37:3300/0 6 ==== mon_command_ack([{"prefix": "get_command_descriptions"}]=0 v0) ==== 72+0+188370 (secure 0 0 0) 0x7ff71804d490 con 0x7ff72410f040
2024-04-26T01:45:23.386 INFO:teuthology.orchestra.run.smithi037.stdout:/usr/bin/ceph: stderr
2024-04-26T01:45:16.293+0000 7ff72c400700 1 -- 172.21.15.37:0/3386858874 --> [v2:172.21.15.37:6800/2267935573,v1:172.21.15.37:6801/2267935573] -- mgr_command(tid 0: {"prefix": "orch host add", "hostname": "smithi037", "addr": "172.21.15.37", "target": ["mon-mgr", ""]}) -- 0x7ff72407ffb0 con 0x7ff70c0395b0
2024-04-26T01:45:23.386 INFO:teuthology.orchestra.run.smithi037.stdout:/usr/bin/ceph: stderr
2024-04-26T01:45:22.604+0000 7ff722000700 1 -- 172.21.15.37:0/3386858874 <== mgr.14120 v2:172.21.15.37:6800/2267935573 1 ==== mgr_command_reply(tid 0: 0 ) ==== 8+0+48 (secure 0 0 0) 0x7ff72407ffb0 con 0x7ff70c0395b0
2024-04-26T01:45:23.386 INFO:teuthology.orchestra.run.smithi037.stdout:/usr/bin/ceph: stderr
2024-04-26T01:45:22.609+0000 7ff72c400700 1 -- 172.21.15.37:0/3386858874 >> [v2:172.21.15.37:6800/2267935573,v1:172.21.15.37:6801/2267935573] conn(0x7ff70c0395b0 msgr2=0x7ff70c03ba70 secure :-1 s=STATE_CONNECTION_ESTABLISHED l=1).mark_down
2024-04-26T01:45:23.386 INFO:teuthology.orchestra.run.smithi037.stdout:/usr/bin/ceph: stderr
2024-04-26T01:45:22.609+0000 7ff72c400700 1 --2- 172.21.15.37:0/3386858874 >> [v2:172.21.15.37:6800/2267935573,v1:172.21.15.37:6801/2267935573] conn(0x7ff70c0395b0 0x7ff70c03ba70 secure :-1 s=READY pgs=11 cs=0 l=1 rev1=1 crypto rx=0x7ff710006fd0 tx=0x7ff710006e40 comp rx=0 tx=0).stop
2024-04-26T01:45:23.386 INFO:teuthology.orchestra.run.smithi037.stdout:/usr/bin/ceph: stderr
2024-04-26T01:45:22.609+0000 7ff72c400700 1 -- 172.21.15.37:0/3386858874 >> [v2:172.21.15.37:3300/0,v1:172.21.15.37:6789/0] conn(0x7ff72410f040 msgr2=0x7ff7241a2a60 secure :-1 s=STATE_CONNECTION_ESTABLISHED l=1).mark_down
2024-04-26T01:45:23.386 INFO:teuthology.orchestra.run.smithi037.stdout:/usr/bin/ceph: stderr
2024-04-26T01:45:22.609+0000 7ff72c400700 1 --2- 172.21.15.37:0/3386858874 >> [v2:172.21.15.37:3300/0,v1:172.21.15.37:6789/0] conn(0x7ff72410f040 0x7ff7241a2a60 secure :-1 s=READY pgs=46 cs=0 l=1 rev1=1 crypto rx=0x7ff718003f40 tx=0x7ff718011890 comp rx=0 tx=0).stop
2024-04-26T01:45:23.386 INFO:teuthology.orchestra.run.smithi037.stdout:/usr/bin/ceph: stderr
2024-04-26T01:45:22.609+0000 7ff72c400700 1 -- 172.21.15.37:0/3386858874 shutdown_connections
2024-04-26T01:45:23.387 INFO:teuthology.orchestra.run.smithi037.stdout:/usr/bin/ceph: stderr
2024-04-26T01:45:22.609+0000 7ff72c400700 1 --2- 172.21.15.37:0/3386858874 >> [v2:172.21.15.37:6800/2267935573,v1:172.21.15.37:6801/2267935573] conn(0x7ff70c0395b0 0x7ff70c03ba70 unknown :-1 s=CLOSED pgs=11 cs=0 l=1 rev1=1 crypto rx=0 tx=0 comp rx=0 tx=0).stop
2024-04-26T01:45:23.387 INFO:teuthology.orchestra.run.smithi037.stdout:/usr/bin/ceph: stderr
2024-04-26T01:45:22.609+0000 7ff72c400700 1 --2- 172.21.15.37:0/3386858874 >> [v2:172.21.15.37:3300/0,v1:172.21.15.37:6789/0] conn(0x7ff72410f040 0x7ff7241a2a60 unknown :-1 s=CLOSED pgs=46 cs=0 l=1 rev1=1 crypto rx=0 tx=0 comp rx=0 tx=0).stop
2024-04-26T01:45:23.387 INFO:teuthology.orchestra.run.smithi037.stdout:/usr/bin/ceph: stderr
2024-04-26T01:45:22.609+0000 7ff72c400700 1 -- 172.21.15.37:0/3386858874 >> 172.21.15.37:0/3386858874 conn(0x7ff72407ddf0 msgr2=0x7ff72407f8a0 unknown :-1 s=STATE_NONE l=0).mark_down
2024-04-26T01:45:23.387 INFO:teuthology.orchestra.run.smithi037.stdout:/usr/bin/ceph: stderr
2024-04-26T01:45:22.609+0000 7ff72c400700 1 -- 172.21.15.37:0/3386858874 shutdown_connections
2024-04-26T01:45:23.387 INFO:teuthology.orchestra.run.smithi037.stdout:/usr/bin/ceph: stderr
2024-04-26T01:45:22.610+0000 7ff72c400700 1 -- 172.21.15.37:0/3386858874 wait complete.
2024-04-26T01:45:23.387 INFO:teuthology.orchestra.run.smithi037.stdout:Deploying unmanaged mon service...
2024-04-26T01:45:23.707 INFO:journalctl@ceph.mon.a.smithi037.stdout:Apr 26 01:45:23 smithi037 ceph-mon[27906]: from='mgr.14120 172.21.15.37:0/909318911' entity='mgr.x'
2024-04-26T01:45:23.707 INFO:journalctl@ceph.mon.a.smithi037.stdout:Apr 26 01:45:23 smithi037 ceph-mon[27906]: Added host smithi037
2024-04-26T01:45:23.707 INFO:journalctl@ceph.mon.a.smithi037.stdout:Apr 26 01:45:23 smithi037 ceph-mon[27906]: from='mgr.14120 172.21.15.37:0/909318911' entity='mgr.x' cmd=[{"prefix": "config dump", "format": "json"}]: dispatch
2024-04-26T01:45:25.367 INFO:teuthology.orchestra.run.smithi037.stdout:/usr/bin/ceph: stdout Scheduled mon update...
2024-04-26T01:45:25.370 INFO:teuthology.orchestra.run.smithi037.stdout:/usr/bin/ceph: stderr
2024-04-26T01:45:24.062+0000 7f53d2400700 1 Processor -- start
2024-04-26T01:45:25.371 INFO:teuthology.orchestra.run.smithi037.stdout:/usr/bin/ceph: stderr
2024-04-26T01:45:24.062+0000 7f53d2400700 1 -- start start
2024-04-26T01:45:25.371 INFO:teuthology.orchestra.run.smithi037.stdout:/usr/bin/ceph: stderr
2024-04-26T01:45:24.063+0000 7f53d2400700 1 --2- >> [v2:172.21.15.37:3300/0,v1:172.21.15.37:6789/0] conn(0x7f53cc1085c0 0x7f53cc1089e0 unknown :-1 s=NONE pgs=0 cs=0 l=0 rev1=0 crypto rx=0 tx=0 comp rx=0 tx=0).connect
2024-04-26T01:45:25.371 INFO:teuthology.orchestra.run.smithi037.stdout:/usr/bin/ceph: stderr
2024-04-26T01:45:24.063+0000 7f53d2400700 1 -- --> [v2:172.21.15.37:3300/0,v1:172.21.15.37:6789/0] -- mon_getmap magic: 0 -- 0x7f53cc108fb0 con 0x7f53cc1085c0
2024-04-26T01:45:25.371 INFO:teuthology.orchestra.run.smithi037.stdout:/usr/bin/ceph: stderr
2024-04-26T01:45:24.063+0000 7f53cb400700 1 --2- >> [v2:172.21.15.37:3300/0,v1:172.21.15.37:6789/0] conn(0x7f53cc1085c0 0x7f53cc1089e0 unknown :-1 s=BANNER_CONNECTING pgs=0 cs=0 l=0 rev1=0 crypto rx=0 tx=0 comp rx=0 tx=0)._handle_peer_banner_payload supported=3 required=0
2024-04-26T01:45:25.371 INFO:teuthology.orchestra.run.smithi037.stdout:/usr/bin/ceph: stderr
2024-04-26T01:45:24.063+0000 7f53cb400700 1 --2- >> [v2:172.21.15.37:3300/0,v1:172.21.15.37:6789/0] conn(0x7f53cc1085c0 0x7f53cc1089e0 unknown :-1 s=HELLO_CONNECTING pgs=0 cs=0 l=0 rev1=1 crypto rx=0 tx=0 comp rx=0 tx=0).handle_hello peer v2:172.21.15.37:3300/0 says I am v2:172.21.15.37:53416/0 (socket says 172.21.15.37:53416)
2024-04-26T01:45:25.371 INFO:teuthology.orchestra.run.smithi037.stdout:/usr/bin/ceph: stderr
2024-04-26T01:45:24.063+0000 7f53cb400700 1 -- 172.21.15.37:0/2033676799 learned_addr learned my addr 172.21.15.37:0/2033676799 (peer_addr_for_me v2:172.21.15.37:0/0)
2024-04-26T01:45:25.371 INFO:teuthology.orchestra.run.smithi037.stdout:/usr/bin/ceph: stderr
2024-04-26T01:45:24.064+0000 7f53cb400700 1 -- 172.21.15.37:0/2033676799 --> [v2:172.21.15.37:3300/0,v1:172.21.15.37:6789/0] -- mon_subscribe({config=0+,monmap=0+}) -- 0x7f53cc1097c0 con 0x7f53cc1085c0
2024-04-26T01:45:25.371 INFO:teuthology.orchestra.run.smithi037.stdout:/usr/bin/ceph: stderr
2024-04-26T01:45:24.064+0000 7f53cb400700 1 --2- 172.21.15.37:0/2033676799 >> [v2:172.21.15.37:3300/0,v1:172.21.15.37:6789/0] conn(0x7f53cc1085c0 0x7f53cc1089e0 secure :-1 s=READY pgs=47 cs=0 l=1 rev1=1 crypto rx=0x7f53bc0098a0 tx=0x7f53bc009bb0 comp rx=0 tx=0).ready entity=mon.0 client_cookie=8e3e36b2f3fbc631 server_cookie=0 in_seq=0 out_seq=0
2024-04-26T01:45:25.371 INFO:teuthology.orchestra.run.smithi037.stdout:/usr/bin/ceph: stderr
2024-04-26T01:45:24.064+0000 7f53caa00700 1 -- 172.21.15.37:0/2033676799 <== mon.0 v2:172.21.15.37:3300/0 1 ==== mon_map magic: 0 ==== 205+0+0 (secure 0 0 0) 0x7f53bc004160 con 0x7f53cc1085c0
2024-04-26T01:45:25.371 INFO:teuthology.orchestra.run.smithi037.stdout:/usr/bin/ceph: stderr
2024-04-26T01:45:24.064+0000 7f53caa00700 1 -- 172.21.15.37:0/2033676799 <== mon.0 v2:172.21.15.37:3300/0 2 ==== config(26 keys) ==== 1070+0+0 (secure 0 0 0) 0x7f53bc004300 con 0x7f53cc1085c0
2024-04-26T01:45:25.371 INFO:teuthology.orchestra.run.smithi037.stdout:/usr/bin/ceph: stderr
2024-04-26T01:45:24.064+0000 7f53caa00700 1 -- 172.21.15.37:0/2033676799 <== mon.0 v2:172.21.15.37:3300/0 3 ==== mon_map magic: 0 ==== 205+0+0 (secure 0 0 0) 0x7f53bc011af0 con 0x7f53cc1085c0
2024-04-26T01:45:25.371 INFO:teuthology.orchestra.run.smithi037.stdout:/usr/bin/ceph: stderr
2024-04-26T01:45:24.065+0000 7f53d2400700 1 -- 172.21.15.37:0/2033676799 >> [v2:172.21.15.37:3300/0,v1:172.21.15.37:6789/0] conn(0x7f53cc1085c0 msgr2=0x7f53cc1089e0 secure :-1 s=STATE_CONNECTION_ESTABLISHED l=1).mark_down
2024-04-26T01:45:25.371 INFO:teuthology.orchestra.run.smithi037.stdout:/usr/bin/ceph: stderr
2024-04-26T01:45:24.065+0000 7f53d2400700 1 --2- 172.21.15.37:0/2033676799 >> [v2:172.21.15.37:3300/0,v1:172.21.15.37:6789/0] conn(0x7f53cc1085c0 0x7f53cc1089e0 secure :-1 s=READY pgs=47 cs=0 l=1 rev1=1 crypto rx=0x7f53bc0098a0 tx=0x7f53bc009bb0 comp rx=0 tx=0).stop
2024-04-26T01:45:25.372 INFO:teuthology.orchestra.run.smithi037.stdout:/usr/bin/ceph: stderr
2024-04-26T01:45:24.065+0000 7f53d2400700 1 -- 172.21.15.37:0/2033676799 shutdown_connections
2024-04-26T01:45:25.372 INFO:teuthology.orchestra.run.smithi037.stdout:/usr/bin/ceph: stderr
2024-04-26T01:45:24.065+0000 7f53d2400700 1 --2- 172.21.15.37:0/2033676799 >> [v2:172.21.15.37:3300/0,v1:172.21.15.37:6789/0] conn(0x7f53cc1085c0 0x7f53cc1089e0 unknown :-1 s=CLOSED pgs=47 cs=0 l=1 rev1=1 crypto rx=0 tx=0 comp rx=0 tx=0).stop
2024-04-26T01:45:25.372 INFO:teuthology.orchestra.run.smithi037.stdout:/usr/bin/ceph: stderr
