2024-04-26T01:45:30.357+0000 7f47f0e00700 1 -- --> [v2:172.21.15.37:3300/0,v1:172.21.15.37:6789/0] -- mon_getmap magic: 0 -- 0x7f47ec10ebf0 con 0x7f47ec07cd50
2024-04-26T01:45:31.350 INFO:teuthology.orchestra.run.smithi037.stdout:/usr/bin/ceph: stderr
2024-04-26T01:45:30.358+0000 7f47e9e00700 1 --2- >> [v2:172.21.15.37:3300/0,v1:172.21.15.37:6789/0] conn(0x7f47ec07cd50 0x7f47ec19e5b0 unknown :-1 s=BANNER_CONNECTING pgs=0 cs=0 l=1 rev1=0 crypto rx=0 tx=0 comp rx=0 tx=0)._handle_peer_banner_payload supported=3 required=0
2024-04-26T01:45:31.350 INFO:teuthology.orchestra.run.smithi037.stdout:/usr/bin/ceph: stderr
2024-04-26T01:45:30.358+0000 7f47e9e00700 1 --2- >> [v2:172.21.15.37:3300/0,v1:172.21.15.37:6789/0] conn(0x7f47ec07cd50 0x7f47ec19e5b0 unknown :-1 s=HELLO_CONNECTING pgs=0 cs=0 l=1 rev1=1 crypto rx=0 tx=0 comp rx=0 tx=0).handle_hello peer v2:172.21.15.37:3300/0 says I am v2:172.21.15.37:56762/0 (socket says 172.21.15.37:56762)
2024-04-26T01:45:31.350 INFO:teuthology.orchestra.run.smithi037.stdout:/usr/bin/ceph: stderr
2024-04-26T01:45:30.358+0000 7f47e9e00700 1 -- 172.21.15.37:0/4242297603 learned_addr learned my addr 172.21.15.37:0/4242297603 (peer_addr_for_me v2:172.21.15.37:0/0)
2024-04-26T01:45:31.350 INFO:teuthology.orchestra.run.smithi037.stdout:/usr/bin/ceph: stderr
2024-04-26T01:45:30.358+0000 7f47e9e00700 1 -- 172.21.15.37:0/4242297603 --> [v2:172.21.15.37:3300/0,v1:172.21.15.37:6789/0] -- mon_subscribe({config=0+,monmap=0+}) -- 0x7f47ec19eaf0 con 0x7f47ec07cd50
2024-04-26T01:45:31.350 INFO:teuthology.orchestra.run.smithi037.stdout:/usr/bin/ceph: stderr
2024-04-26T01:45:30.359+0000 7f47e9e00700 1 --2- 172.21.15.37:0/4242297603 >> [v2:172.21.15.37:3300/0,v1:172.21.15.37:6789/0] conn(0x7f47ec07cd50 0x7f47ec19e5b0 secure :-1 s=READY pgs=54 cs=0 l=1 rev1=1 crypto rx=0x7f47dc000c00 tx=0x7f47dc011aa0 comp rx=0 tx=0).ready entity=mon.0 client_cookie=0 server_cookie=0 in_seq=0 out_seq=0
2024-04-26T01:45:31.351 INFO:teuthology.orchestra.run.smithi037.stdout:/usr/bin/ceph: stderr
2024-04-26T01:45:30.359+0000 7f47e2a00700 1 -- 172.21.15.37:0/4242297603 <== mon.0 v2:172.21.15.37:3300/0 1 ==== mon_map magic: 0 ==== 205+0+0 (secure 0 0 0) 0x7f47dc003aa0 con 0x7f47ec07cd50
2024-04-26T01:45:31.351 INFO:teuthology.orchestra.run.smithi037.stdout:/usr/bin/ceph: stderr
2024-04-26T01:45:30.359+0000 7f47e2a00700 1 -- 172.21.15.37:0/4242297603 <== mon.0 v2:172.21.15.37:3300/0 2 ==== config(26 keys) ==== 1101+0+0 (secure 0 0 0) 0x7f47dc01b8f0 con 0x7f47ec07cd50
2024-04-26T01:45:31.351 INFO:teuthology.orchestra.run.smithi037.stdout:/usr/bin/ceph: stderr
2024-04-26T01:45:30.359+0000 7f47e2a00700 1 -- 172.21.15.37:0/4242297603 <== mon.0 v2:172.21.15.37:3300/0 3 ==== mon_map magic: 0 ==== 205+0+0 (secure 0 0 0) 0x7f47dc023870 con 0x7f47ec07cd50
2024-04-26T01:45:31.351 INFO:teuthology.orchestra.run.smithi037.stdout:/usr/bin/ceph: stderr
2024-04-26T01:45:30.359+0000 7f47f0e00700 1 -- 172.21.15.37:0/4242297603 --> [v2:172.21.15.37:3300/0,v1:172.21.15.37:6789/0] -- mon_subscribe({mgrmap=0+}) -- 0x7f47ec19ed80 con 0x7f47ec07cd50
2024-04-26T01:45:31.351 INFO:teuthology.orchestra.run.smithi037.stdout:/usr/bin/ceph: stderr
2024-04-26T01:45:30.359+0000 7f47f0e00700 1 -- 172.21.15.37:0/4242297603 --> [v2:172.21.15.37:3300/0,v1:172.21.15.37:6789/0] -- mon_subscribe({osdmap=0}) -- 0x7f47ec1a1a70 con 0x7f47ec07cd50
2024-04-26T01:45:31.351 INFO:teuthology.orchestra.run.smithi037.stdout:/usr/bin/ceph: stderr
2024-04-26T01:45:30.360+0000 7f47e2a00700 1 -- 172.21.15.37:0/4242297603 <== mon.0 v2:172.21.15.37:3300/0 4 ==== mgrmap(e 8) ==== 46558+0+0 (secure 0 0 0) 0x7f47dc01b440 con 0x7f47ec07cd50
2024-04-26T01:45:31.351 INFO:teuthology.orchestra.run.smithi037.stdout:/usr/bin/ceph: stderr
2024-04-26T01:45:30.361+0000 7f47f0e00700 1 -- 172.21.15.37:0/4242297603 --> [v2:172.21.15.37:3300/0,v1:172.21.15.37:6789/0] -- mon_command({"prefix": "get_command_descriptions"} v 0) -- 0x7f47ec0640a0 con 0x7f47ec07cd50
2024-04-26T01:45:31.351 INFO:teuthology.orchestra.run.smithi037.stdout:/usr/bin/ceph: stderr
2024-04-26T01:45:30.361+0000 7f47e2a00700 1 --2- 172.21.15.37:0/4242297603 >> [v2:172.21.15.37:6800/2267935573,v1:172.21.15.37:6801/2267935573] conn(0x7f47d0039600 0x7f47d003bac0 unknown :-1 s=NONE pgs=0 cs=0 l=1 rev1=0 crypto rx=0 tx=0 comp rx=0 tx=0).connect
2024-04-26T01:45:31.351 INFO:teuthology.orchestra.run.smithi037.stdout:/usr/bin/ceph: stderr
2024-04-26T01:45:30.361+0000 7f47e2a00700 1 -- 172.21.15.37:0/4242297603 <== mon.0 v2:172.21.15.37:3300/0 5 ==== osd_map(2..2 src has 1..2) ==== 940+0+0 (secure 0 0 0) 0x7f47dc04e300 con 0x7f47ec07cd50
2024-04-26T01:45:31.352 INFO:teuthology.orchestra.run.smithi037.stdout:/usr/bin/ceph: stderr
2024-04-26T01:45:30.361+0000 7f47e9400700 1 --2- 172.21.15.37:0/4242297603 >> [v2:172.21.15.37:6800/2267935573,v1:172.21.15.37:6801/2267935573] conn(0x7f47d0039600 0x7f47d003bac0 unknown :-1 s=BANNER_CONNECTING pgs=0 cs=0 l=1 rev1=0 crypto rx=0 tx=0 comp rx=0 tx=0)._handle_peer_banner_payload supported=3 required=0
2024-04-26T01:45:31.352 INFO:teuthology.orchestra.run.smithi037.stdout:/usr/bin/ceph: stderr
2024-04-26T01:45:30.362+0000 7f47e9400700 1 --2- 172.21.15.37:0/4242297603 >> [v2:172.21.15.37:6800/2267935573,v1:172.21.15.37:6801/2267935573] conn(0x7f47d0039600 0x7f47d003bac0 secure :-1 s=READY pgs=15 cs=0 l=1 rev1=1 crypto rx=0x7f47d8006fd0 tx=0x7f47d8006e40 comp rx=0 tx=0).ready entity=mgr.14120 client_cookie=0 server_cookie=0 in_seq=0 out_seq=0
2024-04-26T01:45:31.352 INFO:teuthology.orchestra.run.smithi037.stdout:/usr/bin/ceph: stderr
2024-04-26T01:45:30.367+0000 7f47e2a00700 1 -- 172.21.15.37:0/4242297603 <== mon.0 v2:172.21.15.37:3300/0 6 ==== mon_command_ack([{"prefix": "get_command_descriptions"}]=0 v0) ==== 72+0+188370 (secure 0 0 0) 0x7f47dc01f030 con 0x7f47ec07cd50
2024-04-26T01:45:31.352 INFO:teuthology.orchestra.run.smithi037.stdout:/usr/bin/ceph: stderr
2024-04-26T01:45:30.614+0000 7f47f0e00700 1 -- 172.21.15.37:0/4242297603 --> [v2:172.21.15.37:3300/0,v1:172.21.15.37:6789/0] -- mon_command([{prefix=config set, name=mgr/dashboard/ssl_server_port}] v 0) -- 0x7f47ec1a1c40 con 0x7f47ec07cd50
2024-04-26T01:45:31.352 INFO:teuthology.orchestra.run.smithi037.stdout:/usr/bin/ceph: stderr
2024-04-26T01:45:30.617+0000 7f47e2a00700 1 -- 172.21.15.37:0/4242297603 <== mon.0 v2:172.21.15.37:3300/0 7 ==== mon_command_ack([{prefix=config set, name=mgr/dashboard/ssl_server_port}]=0 v8)=0 v8) ==== 130+0+0 (secure 0 0 0) 0x7f47dc04dc50 con 0x7f47ec07cd50
2024-04-26T01:45:31.352 INFO:teuthology.orchestra.run.smithi037.stdout:/usr/bin/ceph: stderr
2024-04-26T01:45:30.620+0000 7f47f0e00700 1 -- 172.21.15.37:0/4242297603 >> [v2:172.21.15.37:6800/2267935573,v1:172.21.15.37:6801/2267935573] conn(0x7f47d0039600 msgr2=0x7f47d003bac0 secure :-1 s=STATE_CONNECTION_ESTABLISHED l=1).mark_down
2024-04-26T01:45:31.352 INFO:teuthology.orchestra.run.smithi037.stdout:/usr/bin/ceph: stderr
2024-04-26T01:45:30.620+0000 7f47f0e00700 1 --2- 172.21.15.37:0/4242297603 >> [v2:172.21.15.37:6800/2267935573,v1:172.21.15.37:6801/2267935573] conn(0x7f47d0039600 0x7f47d003bac0 secure :-1 s=READY pgs=15 cs=0 l=1 rev1=1 crypto rx=0x7f47d8006fd0 tx=0x7f47d8006e40 comp rx=0 tx=0).stop
2024-04-26T01:45:31.352 INFO:teuthology.orchestra.run.smithi037.stdout:/usr/bin/ceph: stderr
2024-04-26T01:45:30.620+0000 7f47f0e00700 1 -- 172.21.15.37:0/4242297603 >> [v2:172.21.15.37:3300/0,v1:172.21.15.37:6789/0] conn(0x7f47ec07cd50 msgr2=0x7f47ec19e5b0 secure :-1 s=STATE_CONNECTION_ESTABLISHED l=1).mark_down
2024-04-26T01:45:31.352 INFO:teuthology.orchestra.run.smithi037.stdout:/usr/bin/ceph: stderr
2024-04-26T01:45:30.620+0000 7f47f0e00700 1 --2- 172.21.15.37:0/4242297603 >> [v2:172.21.15.37:3300/0,v1:172.21.15.37:6789/0] conn(0x7f47ec07cd50 0x7f47ec19e5b0 secure :-1 s=READY pgs=54 cs=0 l=1 rev1=1 crypto rx=0x7f47dc000c00 tx=0x7f47dc011aa0 comp rx=0 tx=0).stop
2024-04-26T01:45:31.352 INFO:teuthology.orchestra.run.smithi037.stdout:/usr/bin/ceph: stderr
2024-04-26T01:45:30.620+0000 7f47f0e00700 1 -- 172.21.15.37:0/4242297603 shutdown_connections
2024-04-26T01:45:31.353 INFO:teuthology.orchestra.run.smithi037.stdout:/usr/bin/ceph: stderr
2024-04-26T01:45:30.620+0000 7f47f0e00700 1 --2- 172.21.15.37:0/4242297603 >> [v2:172.21.15.37:6800/2267935573,v1:172.21.15.37:6801/2267935573] conn(0x7f47d0039600 0x7f47d003bac0 unknown :-1 s=CLOSED pgs=15 cs=0 l=1 rev1=1 crypto rx=0 tx=0 comp rx=0 tx=0).stop
2024-04-26T01:45:31.353 INFO:teuthology.orchestra.run.smithi037.stdout:/usr/bin/ceph: stderr
2024-04-26T01:45:30.620+0000 7f47f0e00700 1 --2- 172.21.15.37:0/4242297603 >> [v2:172.21.15.37:3300/0,v1:172.21.15.37:6789/0] conn(0x7f47ec07cd50 0x7f47ec19e5b0 unknown :-1 s=CLOSED pgs=54 cs=0 l=1 rev1=1 crypto rx=0 tx=0 comp rx=0 tx=0).stop
2024-04-26T01:45:31.353 INFO:teuthology.orchestra.run.smithi037.stdout:/usr/bin/ceph: stderr
2024-04-26T01:45:30.620+0000 7f47f0e00700 1 -- 172.21.15.37:0/4242297603 >> 172.21.15.37:0/4242297603 conn(0x7f47ec103bf0 msgr2=0x7f47ec104640 unknown :-1 s=STATE_NONE l=0).mark_down
2024-04-26T01:45:31.353 INFO:teuthology.orchestra.run.smithi037.stdout:/usr/bin/ceph: stderr
2024-04-26T01:45:30.621+0000 7f47f0e00700 1 -- 172.21.15.37:0/4242297603 shutdown_connections
2024-04-26T01:45:31.353 INFO:teuthology.orchestra.run.smithi037.stdout:/usr/bin/ceph: stderr
2024-04-26T01:45:30.621+0000 7f47f0e00700 1 -- 172.21.15.37:0/4242297603 wait complete.
2024-04-26T01:45:31.353 INFO:teuthology.orchestra.run.smithi037.stdout:Enabling the dashboard module...
2024-04-26T01:45:31.920 INFO:journalctl@ceph.mon.a.smithi037.stdout:Apr 26 01:45:31 smithi037 ceph-mon[27906]: from='client.? 172.21.15.37:0/4242297603' entity='client.admin'
2024-04-26T01:45:32.905 INFO:journalctl@ceph.mon.a.smithi037.stdout:Apr 26 01:45:32 smithi037 ceph-mon[27906]: pgmap v5: 0 pgs: ; 0 B data, 0 B used, 0 B / 0 B avail
2024-04-26T01:45:32.905 INFO:journalctl@ceph.mon.a.smithi037.stdout:Apr 26 01:45:32 smithi037 ceph-mon[27906]: from='mgr.14120 172.21.15.37:0/909318911' entity='mgr.x'
2024-04-26T01:45:32.906 INFO:journalctl@ceph.mon.a.smithi037.stdout:Apr 26 01:45:32 smithi037 ceph-mon[27906]: from='client.? 172.21.15.37:0/1197376929' entity='client.admin' cmd=[{"prefix": "mgr module enable", "module": "dashboard"}]: dispatch
2024-04-26T01:45:33.426 INFO:journalctl@ceph.mgr.x.smithi037.stdout:Apr 26 01:45:33 smithi037 ceph-5d371fa8-036e-11ef-bc93-c7b262605968-mgr-x[28139]: ignoring --setuser ceph since I am not root
2024-04-26T01:45:33.426 INFO:journalctl@ceph.mgr.x.smithi037.stdout:Apr 26 01:45:33 smithi037 ceph-5d371fa8-036e-11ef-bc93-c7b262605968-mgr-x[28139]: ignoring --setgroup ceph since I am not root
2024-04-26T01:45:33.426 INFO:journalctl@ceph.mgr.x.smithi037.stdout:Apr 26 01:45:33 smithi037 ceph-5d371fa8-036e-11ef-bc93-c7b262605968-mgr-x[28139]:
2024-04-26T01:45:33.343+0000 7f64c558c200 -1 mgr[py] Module balancer has missing NOTIFY_TYPES member
2024-04-26T01:45:33.707 INFO:journalctl@ceph.mgr.x.smithi037.stdout:Apr 26 01:45:33 smithi037 ceph-5d371fa8-036e-11ef-bc93-c7b262605968-mgr-x[28139]:
2024-04-26T01:45:33.605+0000 7f64c558c200 -1 mgr[py] Module orchestrator has missing NOTIFY_TYPES member
2024-04-26T01:45:34.024 INFO:journalctl@ceph.mgr.x.smithi037.stdout:Apr 26 01:45:33 smithi037 ceph-5d371fa8-036e-11ef-bc93-c7b262605968-mgr-x[28139]:
2024-04-26T01:45:33.740+0000 7f64c558c200 -1 mgr[py] Module snap_schedule has missing NOTIFY_TYPES member
2024-04-26T01:45:34.317 INFO:journalctl@ceph.mon.a.smithi037.stdout:Apr 26 01:45:34 smithi037 ceph-mon[27906]: from='client.? 172.21.15.37:0/1197376929' entity='client.admin' cmd='[{"prefix": "mgr module enable", "module": "dashboard"}]': finished
2024-04-26T01:45:34.317 INFO:journalctl@ceph.mon.a.smithi037.stdout:Apr 26 01:45:34 smithi037 ceph-mon[27906]: mgrmap e9: x(active, since 26s)
2024-04-26T01:45:34.317 INFO:journalctl@ceph.mgr.x.smithi037.stdout:Apr 26 01:45:34 smithi037 ceph-5d371fa8-036e-11ef-bc93-c7b262605968-mgr-x[28139]:
2024-04-26T01:45:34.156+0000 7f64c558c200 -1 mgr[py] Module progress has missing NOTIFY_TYPES member
2024-04-26T01:45:34.317 INFO:journalctl@ceph.mgr.x.smithi037.stdout:Apr 26 01:45:34 smithi037 ceph-5d371fa8-036e-11ef-bc93-c7b262605968-mgr-x[28139]:
2024-04-26T01:45:34.272+0000 7f64c558c200 -1 mgr[py] Module influx has missing NOTIFY_TYPES member
2024-04-26T01:45:34.660 INFO:teuthology.orchestra.run.smithi037.stdout:/usr/bin/ceph: stderr
2024-04-26T01:45:32.003+0000 7fa0aa400700 1 Processor -- start
2024-04-26T01:45:34.660 INFO:teuthology.orchestra.run.smithi037.stdout:/usr/bin/ceph: stderr
2024-04-26T01:45:32.003+0000 7fa0aa400700 1 -- start start
2024-04-26T01:45:34.660 INFO:teuthology.orchestra.run.smithi037.stdout:/usr/bin/ceph: stderr
2024-04-26T01:45:32.004+0000 7fa0aa400700 1 --2- >> [v2:172.21.15.37:3300/0,v1:172.21.15.37:6789/0] conn(0x7fa0a41085e0 0x7fa0a4108a00 unknown :-1 s=NONE pgs=0 cs=0 l=0 rev1=0 crypto rx=0 tx=0 comp rx=0 tx=0).connect
2024-04-26T01:45:34.660 INFO:teuthology.orchestra.run.smithi037.stdout:/usr/bin/ceph: stderr
2024-04-26T01:45:32.004+0000 7fa0aa400700 1 -- --> [v2:172.21.15.37:3300/0,v1:172.21.15.37:6789/0] -- mon_getmap magic: 0 -- 0x7fa0a4108fd0 con 0x7fa0a41085e0
2024-04-26T01:45:34.660 INFO:teuthology.orchestra.run.smithi037.stdout:/usr/bin/ceph: stderr
2024-04-26T01:45:32.004+0000 7fa0a3400700 1 --2- >> [v2:172.21.15.37:3300/0,v1:172.21.15.37:6789/0] conn(0x7fa0a41085e0 0x7fa0a4108a00 unknown :-1 s=BANNER_CONNECTING pgs=0 cs=0 l=0 rev1=0 crypto rx=0 tx=0 comp rx=0 tx=0)._handle_peer_banner_payload supported=3 required=0
2024-04-26T01:45:34.660 INFO:teuthology.orchestra.run.smithi037.stdout:/usr/bin/ceph: stderr
2024-04-26T01:45:32.004+0000 7fa0a3400700 1 --2- >> [v2:172.21.15.37:3300/0,v1:172.21.15.37:6789/0] conn(0x7fa0a41085e0 0x7fa0a4108a00 unknown :-1 s=HELLO_CONNECTING pgs=0 cs=0 l=0 rev1=1 crypto rx=0 tx=0 comp rx=0 tx=0).handle_hello peer v2:172.21.15.37:3300/0 says I am v2:172.21.15.37:56764/0 (socket says 172.21.15.37:56764)
2024-04-26T01:45:34.660 INFO:teuthology.orchestra.run.smithi037.stdout:/usr/bin/ceph: stderr
2024-04-26T01:45:32.004+0000 7fa0a3400700 1 -- 172.21.15.37:0/1796977135 learned_addr learned my addr 172.21.15.37:0/1796977135 (peer_addr_for_me v2:172.21.15.37:0/0)
2024-04-26T01:45:34.660 INFO:teuthology.orchestra.run.smithi037.stdout:/usr/bin/ceph: stderr
2024-04-26T01:45:32.005+0000 7fa0a3400700 1 -- 172.21.15.37:0/1796977135 --> [v2:172.21.15.37:3300/0,v1:172.21.15.37:6789/0] -- mon_subscribe({config=0+,monmap=0+}) -- 0x7fa0a4109790 con 0x7fa0a41085e0
2024-04-26T01:45:34.661 INFO:teuthology.orchestra.run.smithi037.stdout:/usr/bin/ceph: stderr
2024-04-26T01:45:32.005+0000 7fa0a3400700 1 --2- 172.21.15.37:0/1796977135 >> [v2:172.21.15.37:3300/0,v1:172.21.15.37:6789/0] conn(0x7fa0a41085e0 0x7fa0a4108a00 secure :-1 s=READY pgs=55 cs=0 l=1 rev1=1 crypto rx=0x7fa0940098a0 tx=0x7fa094009bb0 comp rx=0 tx=0).ready entity=mon.0 client_cookie=c749aa6fcd85afa3 server_cookie=0 in_seq=0 out_seq=0
2024-04-26T01:45:34.661 INFO:teuthology.orchestra.run.smithi037.stdout:/usr/bin/ceph: stderr
2024-04-26T01:45:32.006+0000 7fa0a2000700 1 -- 172.21.15.37:0/1796977135 <== mon.0 v2:172.21.15.37:3300/0 1 ==== mon_map magic: 0 ==== 205+0+0 (secure 0 0 0) 0x7fa094004160 con 0x7fa0a41085e0
2024-04-26T01:45:34.661 INFO:teuthology.orchestra.run.smithi037.stdout:/usr/bin/ceph: stderr
2024-04-26T01:45:32.006+0000 7fa0a2000700 1 -- 172.21.15.37:0/1796977135 <== mon.0 v2:172.21.15.37:3300/0 2 ==== config(26 keys) ==== 1101+0+0 (secure 0 0 0) 0x7fa094004300 con 0x7fa0a41085e0
2024-04-26T01:45:34.661 INFO:teuthology.orchestra.run.smithi037.stdout:/usr/bin/ceph: stderr
2024-04-26T01:45:32.006+0000 7fa0a2000700 1 -- 172.21.15.37:0/1796977135 <== mon.0 v2:172.21.15.37:3300/0 3 ==== mon_map magic: 0 ==== 205+0+0 (secure 0 0 0) 0x7fa094011a20 con 0x7fa0a41085e0
2024-04-26T01:45:34.661 INFO:teuthology.orchestra.run.smithi037.stdout:/usr/bin/ceph: stderr
2024-04-26T01:45:32.007+0000 7fa0aa400700 1 -- 172.21.15.37:0/1796977135 >> [v2:172.21.15.37:3300/0,v1:172.21.15.37:6789/0] conn(0x7fa0a41085e0 msgr2=0x7fa0a4108a00 secure :-1 s=STATE_CONNECTION_ESTABLISHED l=1).mark_down
2024-04-26T01:45:34.661 INFO:teuthology.orchestra.run.smithi037.stdout:/usr/bin/ceph: stderr
2024-04-26T01:45:32.007+0000 7fa0aa400700 1 --2- 172.21.15.37:0/1796977135 >> [v2:172.21.15.37:3300/0,v1:172.21.15.37:6789/0] conn(0x7fa0a41085e0 0x7fa0a4108a00 secure :-1 s=READY pgs=55 cs=0 l=1 rev1=1 crypto rx=0x7fa0940098a0 tx=0x7fa094009bb0 comp rx=0 tx=0).stop
2024-04-26T01:45:34.661 INFO:teuthology.orchestra.run.smithi037.stdout:/usr/bin/ceph: stderr
2024-04-26T01:45:32.007+0000 7fa0aa400700 1 -- 172.21.15.37:0/1796977135 shutdown_connections
2024-04-26T01:45:34.661 INFO:teuthology.orchestra.run.smithi037.stdout:/usr/bin/ceph: stderr
2024-04-26T01:45:32.007+0000 7fa0aa400700 1 --2- 172.21.15.37:0/1796977135 >> [v2:172.21.15.37:3300/0,v1:172.21.15.37:6789/0] conn(0x7fa0a41085e0 0x7fa0a4108a00 unknown :-1 s=CLOSED pgs=55 cs=0 l=1 rev1=1 crypto rx=0 tx=0 comp rx=0 tx=0).stop
2024-04-26T01:45:34.661 INFO:teuthology.orchestra.run.smithi037.stdout:/usr/bin/ceph: stderr
2024-04-26T01:45:32.007+0000 7fa0aa400700 1 -- 172.21.15.37:0/1796977135 >> 172.21.15.37:0/1796977135 conn(0x7fa0a4103c60 msgr2=0x7fa0a4106080 unknown :-1 s=STATE_NONE l=0).mark_down
2024-04-26T01:45:34.661 INFO:teuthology.orchestra.run.smithi037.stdout:/usr/bin/ceph: stderr
2024-04-26T01:45:32.007+0000 7fa0aa400700 1 -- 172.21.15.37:0/1796977135 shutdown_connections
2024-04-26T01:45:34.661 INFO:teuthology.orchestra.run.smithi037.stdout:/usr/bin/ceph: stderr
2024-04-26T01:45:32.007+0000 7fa0aa400700 1 -- 172.21.15.37:0/1796977135 wait complete.
2024-04-26T01:45:34.661 INFO:teuthology.orchestra.run.smithi037.stdout:/usr/bin/ceph: stderr
2024-04-26T01:45:32.008+0000 7fa0aa400700 1 Processor -- start
2024-04-26T01:45:34.661 INFO:teuthology.orchestra.run.smithi037.stdout:/usr/bin/ceph: stderr
2024-04-26T01:45:32.008+0000 7fa0aa400700 1 -- start start
2024-04-26T01:45:34.661 INFO:teuthology.orchestra.run.smithi037.stdout:/usr/bin/ceph: stderr
2024-04-26T01:45:32.009+0000 7fa0aa400700 1 --2- >> [v2:172.21.15.37:3300/0,v1:172.21.15.37:6789/0] conn(0x7fa0a41085e0 0x7fa0a407db50 unknown :-1 s=NONE pgs=0 cs=0 l=1 rev1=0 crypto rx=0 tx=0 comp rx=0 tx=0).connect
2024-04-26T01:45:34.661 INFO:teuthology.orchestra.run.smithi037.stdout:/usr/bin/ceph: stderr
2024-04-26T01:45:32.009+0000 7fa0aa400700 1 -- --> [v2:172.21.15.37:3300/0,v1:172.21.15.37:6789/0] -- mon_getmap magic: 0 -- 0x7fa0a410cb40 con 0x7fa0a41085e0
2024-04-26T01:45:34.662 INFO:teuthology.orchestra.run.smithi037.stdout:/usr/bin/ceph: stderr
2024-04-26T01:45:32.009+0000 7fa0a3400700 1 --2- >> [v2:172.21.15.37:3300/0,v1:172.21.15.37:6789/0] conn(0x7fa0a41085e0 0x7fa0a407db50 unknown :-1 s=BANNER_CONNECTING pgs=0 cs=0 l=1 rev1=0 crypto rx=0 tx=0 comp rx=0 tx=0)._handle_peer_banner_payload supported=3 required=0
2024-04-26T01:45:34.662 INFO:teuthology.orchestra.run.smithi037.stdout:/usr/bin/ceph: stderr
2024-04-26T01:45:32.009+0000 7fa0a3400700 1 --2- >> [v2:172.21.15.37:3300/0,v1:172.21.15.37:6789/0] conn(0x7fa0a41085e0 0x7fa0a407db50 unknown :-1 s=HELLO_CONNECTING pgs=0 cs=0 l=1 rev1=1 crypto rx=0 tx=0 comp rx=0 tx=0).handle_hello peer v2:172.21.15.37:3300/0 says I am v2:172.21.15.37:56772/0 (socket says 172.21.15.37:56772)
2024-04-26T01:45:34.662 INFO:teuthology.orchestra.run.smithi037.stdout:/usr/bin/ceph: stderr
2024-04-26T01:45:32.009+0000 7fa0a3400700 1 -- 172.21.15.37:0/1197376929 learned_addr learned my addr 172.21.15.37:0/1197376929 (peer_addr_for_me v2:172.21.15.37:0/0)
2024-04-26T01:45:34.662 INFO:teuthology.orchestra.run.smithi037.stdout:/usr/bin/ceph: stderr
2024-04-26T01:45:32.010+0000 7fa0a3400700 1 -- 172.21.15.37:0/1197376929 --> [v2:172.21.15.37:3300/0,v1:172.21.15.37:6789/0] -- mon_subscribe({config=0+,monmap=0+}) -- 0x7fa0a407e090 con 0x7fa0a41085e0
2024-04-26T01:45:34.662 INFO:teuthology.orchestra.run.smithi037.stdout:/usr/bin/ceph: stderr
2024-04-26T01:45:32.010+0000 7fa0a3400700 1 --2- 172.21.15.37:0/1197376929 >> [v2:172.21.15.37:3300/0,v1:172.21.15.37:6789/0] conn(0x7fa0a41085e0 0x7fa0a407db50 secure :-1 s=READY pgs=56 cs=0 l=1 rev1=1 crypto rx=0x7fa0940119f0 tx=0x7fa094011ad0 comp rx=0 tx=0).ready entity=mon.0 client_cookie=0 server_cookie=0 in_seq=0 out_seq=0
2024-04-26T01:45:34.662 INFO:teuthology.orchestra.run.smithi037.stdout:/usr/bin/ceph: stderr
2024-04-26T01:45:32.010+0000 7fa09be00700 1 -- 172.21.15.37:0/1197376929 <== mon.0 v2:172.21.15.37:3300/0 1 ==== mon_map magic: 0 ==== 205+0+0 (secure 0 0 0) 0x7fa0940039e0 con 0x7fa0a41085e0
2024-04-26T01:45:34.662 INFO:teuthology.orchestra.run.smithi037.stdout:/usr/bin/ceph: stderr
2024-04-26T01:45:32.010+0000 7fa09be00700 1 -- 172.21.15.37:0/1197376929 <== mon.0 v2:172.21.15.37:3300/0 2 ==== config(26 keys) ==== 1101+0+0 (secure 0 0 0) 0x7fa09401b8f0 con 0x7fa0a41085e0
2024-04-26T01:45:34.662 INFO:teuthology.orchestra.run.smithi037.stdout:/usr/bin/ceph: stderr
2024-04-26T01:45:32.010+0000 7fa0aa400700 1 -- 172.21.15.37:0/1197376929 --> [v2:172.21.15.37:3300/0,v1:172.21.15.37:6789/0] -- mon_subscribe({mgrmap=0+}) -- 0x7fa0a407c280 con 0x7fa0a41085e0
2024-04-26T01:45:34.662 INFO:teuthology.orchestra.run.smithi037.stdout:/usr/bin/ceph: stderr
2024-04-26T01:45:32.010+0000 7fa09be00700 1 -- 172.21.15.37:0/1197376929 <== mon.0 v2:172.21.15.37:3300/0 3 ==== mon_map magic: 0 ==== 205+0+0 (secure 0 0 0) 0x7fa0940237a0 con 0x7fa0a41085e0
2024-04-26T01:45:34.662 INFO:teuthology.orchestra.run.smithi037.stdout:/usr/bin/ceph: stderr
2024-04-26T01:45:32.010+0000 7fa0aa400700 1 -- 172.21.15.37:0/1197376929 --> [v2:172.21.15.37:3300/0,v1:172.21.15.37:6789/0] -- mon_subscribe({osdmap=0}) -- 0x7fa0a407c7c0 con 0x7fa0a41085e0
2024-04-26T01:45:34.662 INFO:teuthology.orchestra.run.smithi037.stdout:/usr/bin/ceph: stderr
2024-04-26T01:45:32.011+0000 7fa0aa400700 1 -- 172.21.15.37:0/1197376929 --> [v2:172.21.15.37:3300/0,v1:172.21.15.37:6789/0] -- mon_command({"prefix": "get_command_descriptions"} v 0) -- 0x7fa0a410ccc0 con 0x7fa0a41085e0
2024-04-26T01:45:34.662 INFO:teuthology.orchestra.run.smithi037.stdout:/usr/bin/ceph: stderr
2024-04-26T01:45:32.012+0000 7fa09be00700 1 -- 172.21.15.37:0/1197376929 <== mon.0 v2:172.21.15.37:3300/0 4 ==== mgrmap(e 8) ==== 46558+0+0 (secure 0 0 0) 0x7fa09401b440 con 0x7fa0a41085e0
2024-04-26T01:45:34.662 INFO:teuthology.orchestra.run.smithi037.stdout:/usr/bin/ceph: stderr
2024-04-26T01:45:32.012+0000 7fa09be00700 1 --2- 172.21.15.37:0/1197376929 >> [v2:172.21.15.37:6800/2267935573,v1:172.21.15.37:6801/2267935573] conn(0x7fa0880395b0 0x7fa08803ba70 unknown :-1 s=NONE pgs=0 cs=0 l=1 rev1=0 crypto rx=0 tx=0 comp rx=0 tx=0).connect
2024-04-26T01:45:34.663 INFO:teuthology.orchestra.run.smithi037.stdout:/usr/bin/ceph: stderr
2024-04-26T01:45:32.012+0000 7fa09be00700 1 -- 172.21.15.37:0/1197376929 <== mon.0 v2:172.21.15.37:3300/0 5 ==== osd_map(2..2 src has 1..2) ==== 940+0+0 (secure 0 0 0) 0x7fa09404dec0 con 0x7fa0a41085e0
2024-04-26T01:45:34.663 INFO:teuthology.orchestra.run.smithi037.stdout:/usr/bin/ceph: stderr
2024-04-26T01:45:32.012+0000 7fa0a2a00700 1 --2- 172.21.15.37:0/1197376929 >> [v2:172.21.15.37:6800/2267935573,v1:172.21.15.37:6801/2267935573] conn(0x7fa0880395b0 0x7fa08803ba70 unknown :-1 s=BANNER_CONNECTING pgs=0 cs=0 l=1 rev1=0 crypto rx=0 tx=0 comp rx=0 tx=0)._handle_peer_banner_payload supported=3 required=0
2024-04-26T01:45:34.663 INFO:teuthology.orchestra.run.smithi037.stdout:/usr/bin/ceph: stderr
2024-04-26T01:45:32.013+0000 7fa0a2a00700 1 --2- 172.21.15.37:0/1197376929 >> [v2:172.21.15.37:6800/2267935573,v1:172.21.15.37:6801/2267935573] conn(0x7fa0880395b0 0x7fa08803ba70 secure :-1 s=READY pgs=16 cs=0 l=1 rev1=1 crypto rx=0x7fa090006fd0 tx=0x7fa090006e40 comp rx=0 tx=0).ready entity=mgr.14120 client_cookie=0 server_cookie=0 in_seq=0 out_seq=0
2024-04-26T01:45:34.663 INFO:teuthology.orchestra.run.smithi037.stdout:/usr/bin/ceph: stderr
2024-04-26T01:45:32.018+0000 7fa09be00700 1 -- 172.21.15.37:0/1197376929 <== mon.0 v2:172.21.15.37:3300/0 6 ==== mon_command_ack([{"prefix": "get_command_descriptions"}]=0 v0) ==== 72+0+188370 (secure 0 0 0) 0x7fa09401f030 con 0x7fa0a41085e0
2024-04-26T01:45:34.663 INFO:teuthology.orchestra.run.smithi037.stdout:/usr/bin/ceph: stderr
2024-04-26T01:45:32.319+0000 7fa0aa400700 1 -- 172.21.15.37:0/1197376929 --> [v2:172.21.15.37:3300/0,v1:172.21.15.37:6789/0] -- mon_command({"prefix": "mgr module enable", "module": "dashboard"} v 0) -- 0x7fa0a407ce60 con 0x7fa0a41085e0
2024-04-26T01:45:34.663 INFO:teuthology.orchestra.run.smithi037.stdout:/usr/bin/ceph: stderr
2024-04-26T01:45:33.024+0000 7fa09be00700 1 -- 172.21.15.37:0/1197376929 <== mon.0 v2:172.21.15.37:3300/0 7 ==== mon_command_ack([{"prefix": "mgr module enable", "module": "dashboard"}]=0 v9) ==== 88+0+0 (secure 0 0 0) 0x7fa094018350 con 0x7fa0a41085e0
2024-04-26T01:45:34.663 INFO:teuthology.orchestra.run.smithi037.stdout:/usr/bin/ceph: stderr
2024-04-26T01:45:33.028+0000 7fa09be00700 1 -- 172.21.15.37:0/1197376929 <== mon.0 v2:172.21.15.37:3300/0 8 ==== mgrmap(e 9) ==== 46571+0+0 (secure 0 0 0) 0x7fa094016ca0 con 0x7fa0a41085e0
2024-04-26T01:45:34.663 INFO:teuthology.orchestra.run.smithi037.stdout:/usr/bin/ceph: stderr
2024-04-26T01:45:33.030+0000 7fa0aa400700 1 -- 172.21.15.37:0/1197376929 >> [v2:172.21.15.37:6800/2267935573,v1:172.21.15.37:6801/2267935573] conn(0x7fa0880395b0 msgr2=0x7fa08803ba70 secure :-1 s=STATE_CONNECTION_ESTABLISHED l=1).mark_down
2024-04-26T01:45:34.663 INFO:teuthology.orchestra.run.smithi037.stdout:/usr/bin/ceph: stderr
2024-04-26T01:45:33.030+0000 7fa0aa400700 1 --2- 172.21.15.37:0/1197376929 >> [v2:172.21.15.37:6800/2267935573,v1:172.21.15.37:6801/2267935573] conn(0x7fa0880395b0 0x7fa08803ba70 secure :-1 s=READY pgs=16 cs=0 l=1 rev1=1 crypto rx=0x7fa090006fd0 tx=0x7fa090006e40 comp rx=0 tx=0).stop
2024-04-26T01:45:34.663 INFO:teuthology.orchestra.run.smithi037.stdout:/usr/bin/ceph: stderr
2024-04-26T01:45:33.030+0000 7fa0aa400700 1 -- 172.21.15.37:0/1197376929 >> [v2:172.21.15.37:3300/0,v1:172.21.15.37:6789/0] conn(0x7fa0a41085e0 msgr2=0x7fa0a407db50 secure :-1 s=STATE_CONNECTION_ESTABLISHED l=1).mark_down
2024-04-26T01:45:34.663 INFO:teuthology.orchestra.run.smithi037.stdout:/usr/bin/ceph: stderr
2024-04-26T01:45:33.030+0000 7fa0aa400700 1 --2- 172.21.15.37:0/1197376929 >> [v2:172.21.15.37:3300/0,v1:172.21.15.37:6789/0] conn(0x7fa0a41085e0 0x7fa0a407db50 secure :-1 s=READY pgs=56 cs=0 l=1 rev1=1 crypto rx=0x7fa0940119f0 tx=0x7fa094011ad0 comp rx=0 tx=0).stop
2024-04-26T01:45:34.663 INFO:teuthology.orchestra.run.smithi037.stdout:/usr/bin/ceph: stderr
2024-04-26T01:45:33.030+0000 7fa0aa400700 1 -- 172.21.15.37:0/1197376929 shutdown_connections
2024-04-26T01:45:34.663 INFO:teuthology.orchestra.run.smithi037.stdout:/usr/bin/ceph: stderr
2024-04-26T01:45:33.030+0000 7fa0aa400700 1 --2- 172.21.15.37:0/1197376929 >> [v2:172.21.15.37:6800/2267935573,v1:172.21.15.37:6801/2267935573] conn(0x7fa0880395b0 0x7fa08803ba70 unknown :-1 s=CLOSED pgs=16 cs=0 l=1 rev1=1 crypto rx=0 tx=0 comp rx=0 tx=0).stop
2024-04-26T01:45:34.663 INFO:teuthology.orchestra.run.smithi037.stdout:/usr/bin/ceph: stderr
2024-04-26T01:45:33.030+0000 7fa0aa400700 1 --2- 172.21.15.37:0/1197376929 >> [v2:172.21.15.37:3300/0,v1:172.21.15.37:6789/0] conn(0x7fa0a41085e0 0x7fa0a407db50 unknown :-1 s=CLOSED pgs=56 cs=0 l=1 rev1=1 crypto rx=0 tx=0 comp rx=0 tx=0).stop
2024-04-26T01:45:34.664 INFO:teuthology.orchestra.run.smithi037.stdout:/usr/bin/ceph: stderr
2024-04-26T01:45:33.030+0000 7fa0aa400700 1 -- 172.21.15.37:0/1197376929 >> 172.21.15.37:0/1197376929 conn(0x7fa0a4103c60 msgr2=0x7fa0a4104810 unknown :-1 s=STATE_NONE l=0).mark_down
2024-04-26T01:45:34.664 INFO:teuthology.orchestra.run.smithi037.stdout:/usr/bin/ceph: stderr
2024-04-26T01:45:33.031+0000 7fa0aa400700 1 -- 172.21.15.37:0/1197376929 shutdown_connections
2024-04-26T01:45:34.664 INFO:teuthology.orchestra.run.smithi037.stdout:/usr/bin/ceph: stderr
2024-04-26T01:45:33.031+0000 7fa0aa400700 1 -- 172.21.15.37:0/1197376929 wait complete.
2024-04-26T01:45:35.935 INFO:journalctl@ceph.mon.a.smithi037.stdout:Apr 26 01:45:35 smithi037 ceph-mon[27906]: from='client.? 172.21.15.37:0/3272952745' entity='client.admin' cmd=[{"prefix": "mgr stat"}]: dispatch
2024-04-26T01:45:36.207 INFO:journalctl@ceph.mgr.x.smithi037.stdout:Apr 26 01:45:35 smithi037 ceph-5d371fa8-036e-11ef-bc93-c7b262605968-mgr-x[28139]:
2024-04-26T01:45:35.937+0000 7f64c558c200 -1 mgr[py] Module telegraf has missing NOTIFY_TYPES member
2024-04-26T01:45:36.207 INFO:journalctl@ceph.mgr.x.smithi037.stdout:Apr 26 01:45:36 smithi037 ceph-5d371fa8-036e-11ef-bc93-c7b262605968-mgr-x[28139]:
2024-04-26T01:45:36.172+0000 7f64c558c200 -1 mgr[py] Module osd_support has missing NOTIFY_TYPES member
2024-04-26T01:45:36.341 INFO:teuthology.orchestra.run.smithi037.stdout:/usr/bin/ceph: stdout {
2024-04-26T01:45:36.341 INFO:teuthology.orchestra.run.smithi037.stdout:/usr/bin/ceph: stdout "epoch": 9,
2024-04-26T01:45:36.341 INFO:teuthology.orchestra.run.smithi037.stdout:/usr/bin/ceph: stdout "available": true,
2024-04-26T01:45:36.341 INFO:teuthology.orchestra.run.smithi037.stdout:/usr/bin/ceph: stdout "active_name": "x",
2024-04-26T01:45:36.341 INFO:teuthology.orchestra.run.smithi037.stdout:/usr/bin/ceph: stdout "num_standby": 0
2024-04-26T01:45:36.341 INFO:teuthology.orchestra.run.smithi037.stdout:/usr/bin/ceph: stdout }
2024-04-26T01:45:36.341 INFO:teuthology.orchestra.run.smithi037.stdout:/usr/bin/ceph: stderr
2024-04-26T01:45:35.292+0000 7f5d99600700 1 Processor -- start
2024-04-26T01:45:36.341 INFO:teuthology.orchestra.run.smithi037.stdout:/usr/bin/ceph: stderr
2024-04-26T01:45:35.292+0000 7f5d99600700 1 -- start start
2024-04-26T01:45:36.342 INFO:teuthology.orchestra.run.smithi037.stdout:/usr/bin/ceph: stderr
2024-04-26T01:45:35.293+0000 7f5d99600700 1 --2- >> [v2:172.21.15.37:3300/0,v1:172.21.15.37:6789/0] conn(0x7f5d9407cd90 0x7f5d9407b1f0 unknown :-1 s=NONE pgs=0 cs=0 l=0 rev1=0 crypto rx=0 tx=0 comp rx=0 tx=0).connect
2024-04-26T01:45:36.342 INFO:teuthology.orchestra.run.smithi037.stdout:/usr/bin/ceph: stderr
2024-04-26T01:45:35.293+0000 7f5d99600700 1 -- --> [v2:172.21.15.37:3300/0,v1:172.21.15.37:6789/0] -- mon_getmap magic: 0 -- 0x7f5d9407b7c0 con 0x7f5d9407cd90
2024-04-26T01:45:36.342 INFO:teuthology.orchestra.run.smithi037.stdout:/usr/bin/ceph: stderr
2024-04-26T01:45:35.293+0000 7f5d92a00700 1 --2- >> [v2:172.21.15.37:3300/0,v1:172.21.15.37:6789/0] conn(0x7f5d9407cd90 0x7f5d9407b1f0 unknown :-1 s=BANNER_CONNECTING pgs=0 cs=0 l=0 rev1=0 crypto rx=0 tx=0 comp rx=0 tx=0)._handle_peer_banner_payload supported=3 required=0
2024-04-26T01:45:36.342 INFO:teuthology.orchestra.run.smithi037.stdout:/usr/bin/ceph: stderr
2024-04-26T01:45:35.293+0000 7f5d92a00700 1 --2- >> [v2:172.21.15.37:3300/0,v1:172.21.15.37:6789/0] conn(0x7f5d9407cd90 0x7f5d9407b1f0 unknown :-1 s=HELLO_CONNECTING pgs=0 cs=0 l=0 rev1=1 crypto rx=0 tx=0 comp rx=0 tx=0).handle_hello peer v2:172.21.15.37:3300/0 says I am v2:172.21.15.37:56790/0 (socket says 172.21.15.37:56790)
2024-04-26T01:45:36.342 INFO:teuthology.orchestra.run.smithi037.stdout:/usr/bin/ceph: stderr
2024-04-26T01:45:35.293+0000 7f5d92a00700 1 -- 172.21.15.37:0/3823588426 learned_addr learned my addr 172.21.15.37:0/3823588426 (peer_addr_for_me v2:172.21.15.37:0/0)
2024-04-26T01:45:36.342 INFO:teuthology.orchestra.run.smithi037.stdout:/usr/bin/ceph: stderr
2024-04-26T01:45:35.294+0000 7f5d92a00700 1 -- 172.21.15.37:0/3823588426 --> [v2:172.21.15.37:3300/0,v1:172.21.15.37:6789/0] -- mon_subscribe({config=0+,monmap=0+}) -- 0x7f5d9407b940 con 0x7f5d9407cd90
2024-04-26T01:45:36.342 INFO:teuthology.orchestra.run.smithi037.stdout:/usr/bin/ceph: stderr
2024-04-26T01:45:35.294+0000 7f5d92a00700 1 --2- 172.21.15.37:0/3823588426 >> [v2:172.21.15.37:3300/0,v1:172.21.15.37:6789/0] conn(0x7f5d9407cd90 0x7f5d9407b1f0 secure :-1 s=READY pgs=59 cs=0 l=1 rev1=1 crypto rx=0x7f5d840098a0 tx=0x7f5d84009bb0 comp rx=0 tx=0).ready entity=mon.0 client_cookie=1ecce147be81580f server_cookie=0 in_seq=0 out_seq=0
2024-04-26T01:45:36.342 INFO:teuthology.orchestra.run.smithi037.stdout:/usr/bin/ceph: stderr
2024-04-26T01:45:35.294+0000 7f5d91600700 1 -- 172.21.15.37:0/3823588426 <== mon.0 v2:172.21.15.37:3300/0 1 ==== mon_map magic: 0 ==== 205+0+0 (secure 0 0 0) 0x7f5d84004160 con 0x7f5d9407cd90
2024-04-26T01:45:36.342 INFO:teuthology.orchestra.run.smithi037.stdout:/usr/bin/ceph: stderr
2024-04-26T01:45:35.294+0000 7f5d91600700 1 -- 172.21.15.37:0/3823588426 <== mon.0 v2:172.21.15.37:3300/0 2 ==== config(26 keys) ==== 1101+0+0 (secure 0 0 0) 0x7f5d84004300 con 0x7f5d9407cd90
2024-04-26T01:45:36.342 INFO:teuthology.orchestra.run.smithi037.stdout:/usr/bin/ceph: stderr
2024-04-26T01:45:35.295+0000 7f5d91600700 1 -- 172.21.15.37:0/3823588426 <== mon.0 v2:172.21.15.37:3300/0 3 ==== mon_map magic: 0 ==== 205+0+0 (secure 0 0 0) 0x7f5d84011a20 con 0x7f5d9407cd90
2024-04-26T01:45:36.342 INFO:teuthology.orchestra.run.smithi037.stdout:/usr/bin/ceph: stderr
2024-04-26T01:45:35.295+0000 7f5d99600700 1 -- 172.21.15.37:0/3823588426 >> [v2:172.21.15.37:3300/0,v1:172.21.15.37:6789/0] conn(0x7f5d9407cd90 msgr2=0x7f5d9407b1f0 secure :-1 s=STATE_CONNECTION_ESTABLISHED l=1).mark_down
2024-04-26T01:45:36.342 INFO:teuthology.orchestra.run.smithi037.stdout:/usr/bin/ceph: stderr
2024-04-26T01:45:35.295+0000 7f5d99600700 1 --2- 172.21.15.37:0/3823588426 >> [v2:172.21.15.37:3300/0,v1:172.21.15.37:6789/0] conn(0x7f5d9407cd90 0x7f5d9407b1f0 secure :-1 s=READY pgs=59 cs=0 l=1 rev1=1 crypto rx=0x7f5d840098a0 tx=0x7f5d84009bb0 comp rx=0 tx=0).stop
2024-04-26T01:45:36.342 INFO:teuthology.orchestra.run.smithi037.stdout:/usr/bin/ceph: stderr
2024-04-26T01:45:35.296+0000 7f5d99600700 1 -- 172.21.15.37:0/3823588426 shutdown_connections
2024-04-26T01:45:36.343 INFO:teuthology.orchestra.run.smithi037.stdout:/usr/bin/ceph: stderr
2024-04-26T01:45:35.296+0000 7f5d99600700 1 --2- 172.21.15.37:0/3823588426 >> [v2:172.21.15.37:3300/0,v1:172.21.15.37:6789/0] conn(0x7f5d9407cd90 0x7f5d9407b1f0 unknown :-1 s=CLOSED pgs=59 cs=0 l=1 rev1=1 crypto rx=0 tx=0 comp rx=0 tx=0).stop
2024-04-26T01:45:36.343 INFO:teuthology.orchestra.run.smithi037.stdout:/usr/bin/ceph: stderr
2024-04-26T01:45:35.296+0000 7f5d99600700 1 -- 172.21.15.37:0/3823588426 >> 172.21.15.37:0/3823588426 conn(0x7f5d94103bf0 msgr2=0x7f5d94106010 unknown :-1 s=STATE_NONE l=0).mark_down
2024-04-26T01:45:36.343 INFO:teuthology.orchestra.run.smithi037.stdout:/usr/bin/ceph: stderr
2024-04-26T01:45:35.296+0000 7f5d99600700 1 -- 172.21.15.37:0/3823588426 shutdown_connections
2024-04-26T01:45:36.343 INFO:teuthology.orchestra.run.smithi037.stdout:/usr/bin/ceph: stderr
2024-04-26T01:45:35.296+0000 7f5d99600700 1 -- 172.21.15.37:0/3823588426 wait complete.
2024-04-26T01:45:36.343 INFO:teuthology.orchestra.run.smithi037.stdout:/usr/bin/ceph: stderr
2024-04-26T01:45:35.297+0000 7f5d99600700 1 Processor -- start
2024-04-26T01:45:36.343 INFO:teuthology.orchestra.run.smithi037.stdout:/usr/bin/ceph: stderr
2024-04-26T01:45:35.297+0000 7f5d99600700 1 -- start start
2024-04-26T01:45:36.343 INFO:teuthology.orchestra.run.smithi037.stdout:/usr/bin/ceph: stderr
2024-04-26T01:45:35.297+0000 7f5d99600700 1 --2- >> [v2:172.21.15.37:3300/0,v1:172.21.15.37:6789/0] conn(0x7f5d9407cd90 0x7f5d9419e600 unknown :-1 s=NONE pgs=0 cs=0 l=1 rev1=0 crypto rx=0 tx=0 comp rx=0 tx=0).connect
2024-04-26T01:45:36.343 INFO:teuthology.orchestra.run.smithi037.stdout:/usr/bin/ceph: stderr
2024-04-26T01:45:35.297+0000 7f5d99600700 1 -- --> [v2:172.21.15.37:3300/0,v1:172.21.15.37:6789/0] -- mon_getmap magic: 0 -- 0x7f5d9410ebb0 con 0x7f5d9407cd90
2024-04-26T01:45:36.343 INFO:teuthology.orchestra.run.smithi037.stdout:/usr/bin/ceph: stderr
2024-04-26T01:45:35.297+0000 7f5d92a00700 1 --2- >> [v2:172.21.15.37:3300/0,v1:172.21.15.37:6789/0] conn(0x7f5d9407cd90 0x7f5d9419e600 unknown :-1 s=BANNER_CONNECTING pgs=0 cs=0 l=1 rev1=0 crypto rx=0 tx=0 comp rx=0 tx=0)._handle_peer_banner_payload supported=3 required=0
2024-04-26T01:45:36.343 INFO:teuthology.orchestra.run.smithi037.stdout:/usr/bin/ceph: stderr
2024-04-26T01:45:35.297+0000 7f5d92a00700 1 --2- >> [v2:172.21.15.37:3300/0,v1:172.21.15.37:6789/0] conn(0x7f5d9407cd90 0x7f5d9419e600 unknown :-1 s=HELLO_CONNECTING pgs=0 cs=0 l=1 rev1=1 crypto rx=0 tx=0 comp rx=0 tx=0).handle_hello peer v2:172.21.15.37:3300/0 says I am v2:172.21.15.37:56806/0 (socket says 172.21.15.37:56806)
2024-04-26T01:45:36.343 INFO:teuthology.orchestra.run.smithi037.stdout:/usr/bin/ceph: stderr
2024-04-26T01:45:35.297+0000 7f5d92a00700 1 -- 172.21.15.37:0/3272952745 learned_addr learned my addr 172.21.15.37:0/3272952745 (peer_addr_for_me v2:172.21.15.37:0/0)
2024-04-26T01:45:36.343 INFO:teuthology.orchestra.run.smithi037.stdout:/usr/bin/ceph: stderr
2024-04-26T01:45:35.298+0000 7f5d92a00700 1 -- 172.21.15.37:0/3272952745 --> [v2:172.21.15.37:3300/0,v1:172.21.15.37:6789/0] -- mon_subscribe({config=0+,monmap=0+}) -- 0x7f5d9419eb40 con 0x7f5d9407cd90
2024-04-26T01:45:36.343 INFO:teuthology.orchestra.run.smithi037.stdout:/usr/bin/ceph: stderr
2024-04-26T01:45:35.298+0000 7f5d92a00700 1 --2- 172.21.15.37:0/3272952745 >> [v2:172.21.15.37:3300/0,v1:172.21.15.37:6789/0] conn(0x7f5d9407cd90 0x7f5d9419e600 secure :-1 s=READY pgs=60 cs=0 l=1 rev1=1 crypto rx=0x7f5d840116e0 tx=0x7f5d84011aa0 comp rx=0 tx=0).ready entity=mon.0 client_cookie=0 server_cookie=0 in_seq=0 out_seq=0
2024-04-26T01:45:36.343 INFO:teuthology.orchestra.run.smithi037.stdout:/usr/bin/ceph: stderr
2024-04-26T01:45:35.298+0000 7f5d8b400700 1 -- 172.21.15.37:0/3272952745 <== mon.0 v2:172.21.15.37:3300/0 1 ==== mon_map magic: 0 ==== 205+0+0 (secure 0 0 0) 0x7f5d840039e0 con 0x7f5d9407cd90
2024-04-26T01:45:36.344 INFO:teuthology.orchestra.run.smithi037.stdout:/usr/bin/ceph: stderr
2024-04-26T01:45:35.298+0000 7f5d8b400700 1 -- 172.21.15.37:0/3272952745 <== mon.0 v2:172.21.15.37:3300/0 2 ==== config(26 keys) ==== 1101+0+0 (secure 0 0 0) 0x7f5d8401b8f0 con 0x7f5d9407cd90
2024-04-26T01:45:36.344 INFO:teuthology.orchestra.run.smithi037.stdout:/usr/bin/ceph: stderr
2024-04-26T01:45:35.298+0000 7f5d8b400700 1 -- 172.21.15.37:0/3272952745 <== mon.0 v2:172.21.15.37:3300/0 3 ==== mon_map magic: 0 ==== 205+0+0 (secure 0 0 0) 0x7f5d84023760 con 0x7f5d9407cd90
2024-04-26T01:45:36.344 INFO:teuthology.orchestra.run.smithi037.stdout:/usr/bin/ceph: stderr
2024-04-26T01:45:35.298+0000 7f5d99600700 1 -- 172.21.15.37:0/3272952745 --> [v2:172.21.15.37:3300/0,v1:172.21.15.37:6789/0] -- mon_subscribe({mgrmap=0+}) -- 0x7f5d9419edd0 con 0x7f5d9407cd90
2024-04-26T01:45:36.344 INFO:teuthology.orchestra.run.smithi037.stdout:/usr/bin/ceph: stderr
2024-04-26T01:45:35.298+0000 7f5d99600700 1 -- 172.21.15.37:0/3272952745 --> [v2:172.21.15.37:3300/0,v1:172.21.15.37:6789/0] -- mon_subscribe({osdmap=0}) -- 0x7f5d941a1ac0 con 0x7f5d9407cd90
2024-04-26T01:45:36.344 INFO:teuthology.orchestra.run.smithi037.stdout:/usr/bin/ceph: stderr
2024-04-26T01:45:35.300+0000 7f5d8b400700 1 -- 172.21.15.37:0/3272952745 <== mon.0 v2:172.21.15.37:3300/0 4 ==== mgrmap(e 9) ==== 46571+0+0 (secure 0 0 0) 0x7f5d8401b440 con 0x7f5d9407cd90
2024-04-26T01:45:36.344 INFO:teuthology.orchestra.run.smithi037.stdout:/usr/bin/ceph: stderr
2024-04-26T01:45:35.300+0000 7f5d99600700 1 -- 172.21.15.37:0/3272952745 --> [v2:172.21.15.37:3300/0,v1:172.21.15.37:6789/0] -- mon_command({"prefix": "get_command_descriptions"} v 0) -- 0x7f5d940640a0 con 0x7f5d9407cd90
2024-04-26T01:45:36.344 INFO:teuthology.orchestra.run.smithi037.stdout:/usr/bin/ceph: stderr
2024-04-26T01:45:35.300+0000 7f5d8b400700 1 --2- 172.21.15.37:0/3272952745 >> [v2:172.21.15.37:6800/2267935573,v1:172.21.15.37:6801/2267935573] conn(0x7f5d780395b0 0x7f5d7803ba70 unknown :-1 s=NONE pgs=0 cs=0 l=1 rev1=0 crypto rx=0 tx=0 comp rx=0 tx=0).connect
2024-04-26T01:45:36.344 INFO:teuthology.orchestra.run.smithi037.stdout:/usr/bin/ceph: stderr
2024-04-26T01:45:35.300+0000 7f5d8b400700 1 -- 172.21.15.37:0/3272952745 <== mon.0 v2:172.21.15.37:3300/0 5 ==== osd_map(2..2 src has 1..2) ==== 940+0+0 (secure 0 0 0) 0x7f5d8404e040 con 0x7f5d9407cd90
2024-04-26T01:45:36.344 INFO:teuthology.orchestra.run.smithi037.stdout:/usr/bin/ceph: stderr
2024-04-26T01:45:35.300+0000 7f5d92000700 1 -- 172.21.15.37:0/3272952745 >> [v2:172.21.15.37:6800/2267935573,v1:172.21.15.37:6801/2267935573] conn(0x7f5d780395b0 msgr2=0x7f5d7803ba70 unknown :-1 s=STATE_CONNECTING_RE l=1).process reconnect failed to v2:172.21.15.37:6800/2267935573
2024-04-26T01:45:36.344 INFO:teuthology.orchestra.run.smithi037.stdout:/usr/bin/ceph: stderr
2024-04-26T01:45:35.300+0000 7f5d92000700 1 --2- 172.21.15.37:0/3272952745 >> [v2:172.21.15.37:6800/2267935573,v1:172.21.15.37:6801/2267935573] conn(0x7f5d780395b0 0x7f5d7803ba70 unknown :-1 s=START_CONNECT pgs=0 cs=0 l=1 rev1=0 crypto rx=0 tx=0 comp rx=0 tx=0)._fault waiting 0.200000
2024-04-26T01:45:36.344 INFO:teuthology.orchestra.run.smithi037.stdout:/usr/bin/ceph: stderr
2024-04-26T01:45:35.306+0000 7f5d8b400700 1 -- 172.21.15.37:0/3272952745 <== mon.0 v2:172.21.15.37:3300/0 6 ==== mon_command_ack([{"prefix": "get_command_descriptions"}]=0 v0) ==== 72+0+188370 (secure 0 0 0) 0x7f5d8401f030 con 0x7f5d9407cd90
2024-04-26T01:45:36.344 INFO:teuthology.orchestra.run.smithi037.stdout:/usr/bin/ceph: stderr
2024-04-26T01:45:35.501+0000 7f5d92000700 1 -- 172.21.15.37:0/3272952745 >> [v2:172.21.15.37:6800/2267935573,v1:172.21.15.37:6801/2267935573] conn(0x7f5d780395b0 msgr2=0x7f5d7803ba70 unknown :-1 s=STATE_CONNECTING_RE l=1).process reconnect failed to v2:172.21.15.37:6800/2267935573
2024-04-26T01:45:36.344 INFO:teuthology.orchestra.run.smithi037.stdout:/usr/bin/ceph: stderr
2024-04-26T01:45:35.501+0000 7f5d92000700 1 --2- 172.21.15.37:0/3272952745 >> [v2:172.21.15.37:6800/2267935573,v1:172.21.15.37:6801/2267935573] conn(0x7f5d780395b0 0x7f5d7803ba70 unknown :-1 s=START_CONNECT pgs=0 cs=0 l=1 rev1=0 crypto rx=0 tx=0 comp rx=0 tx=0)._fault waiting 0.400000
2024-04-26T01:45:36.344 INFO:teuthology.orchestra.run.smithi037.stdout:/usr/bin/ceph: stderr
2024-04-26T01:45:35.622+0000 7f5d99600700 1 -- 172.21.15.37:0/3272952745 --> [v2:172.21.15.37:3300/0,v1:172.21.15.37:6789/0] -- mon_command({"prefix": "mgr stat"} v 0) -- 0x7f5d941a1c90 con 0x7f5d9407cd90
2024-04-26T01:45:36.345 INFO:teuthology.orchestra.run.smithi037.stdout:/usr/bin/ceph: stderr
2024-04-26T01:45:35.623+0000 7f5d8b400700 1 -- 172.21.15.37:0/3272952745 <== mon.0 v2:172.21.15.37:3300/0 7 ==== mon_command_ack([{"prefix": "mgr stat"}]=0 v9) ==== 56+0+88 (secure 0 0 0) 0x7f5d840292a0 con 0x7f5d9407cd90
2024-04-26T01:45:36.345 INFO:teuthology.orchestra.run.smithi037.stdout:/usr/bin/ceph: stderr
2024-04-26T01:45:35.628+0000 7f5d99600700 1 -- 172.21.15.37:0/3272952745 >> [v2:172.21.15.37:6800/2267935573,v1:172.21.15.37:6801/2267935573] conn(0x7f5d780395b0 msgr2=0x7f5d7803ba70 unknown :-1 s=STATE_CONNECTING l=1).mark_down
2024-04-26T01:45:36.345 INFO:teuthology.orchestra.run.smithi037.stdout:/usr/bin/ceph: stderr
2024-04-26T01:45:35.628+0000 7f5d99600700 1 --2- 172.21.15.37:0/3272952745 >> [v2:172.21.15.37:6800/2267935573,v1:172.21.15.37:6801/2267935573] conn(0x7f5d780395b0 0x7f5d7803ba70 unknown :-1 s=START_CONNECT pgs=0 cs=0 l=1 rev1=0 crypto rx=0 tx=0 comp rx=0 tx=0).stop
2024-04-26T01:45:36.345 INFO:teuthology.orchestra.run.smithi037.stdout:/usr/bin/ceph: stderr
2024-04-26T01:45:35.628+0000 7f5d99600700 1 -- 172.21.15.37:0/3272952745 >> [v2:172.21.15.37:3300/0,v1:172.21.15.37:6789/0] conn(0x7f5d9407cd90 msgr2=0x7f5d9419e600 secure :-1 s=STATE_CONNECTION_ESTABLISHED l=1).mark_down
2024-04-26T01:45:36.345 INFO:teuthology.orchestra.run.smithi037.stdout:/usr/bin/ceph: stderr
2024-04-26T01:45:35.628+0000 7f5d99600700 1 --2- 172.21.15.37:0/3272952745 >> [v2:172.21.15.37:3300/0,v1:172.21.15.37:6789/0] conn(0x7f5d9407cd90 0x7f5d9419e600 secure :-1 s=READY pgs=60 cs=0 l=1 rev1=1 crypto rx=0x7f5d840116e0 tx=0x7f5d84011aa0 comp rx=0 tx=0).stop
2024-04-26T01:45:36.345 INFO:teuthology.orchestra.run.smithi037.stdout:/usr/bin/ceph: stderr
2024-04-26T01:45:35.628+0000 7f5d99600700 1 -- 172.21.15.37:0/3272952745 shutdown_connections
2024-04-26T01:45:36.345 INFO:teuthology.orchestra.run.smithi037.stdout:/usr/bin/ceph: stderr
2024-04-26T01:45:35.628+0000 7f5d99600700 1 --2- 172.21.15.37:0/3272952745 >> [v2:172.21.15.37:6800/2267935573,v1:172.21.15.37:6801/2267935573] conn(0x7f5d780395b0 0x7f5d7803ba70 unknown :-1 s=CLOSED pgs=0 cs=0 l=1 rev1=0 crypto rx=0 tx=0 comp rx=0 tx=0).stop
2024-04-26T01:45:36.345 INFO:teuthology.orchestra.run.smithi037.stdout:/usr/bin/ceph: stderr
2024-04-26T01:45:35.628+0000 7f5d99600700 1 --2- 172.21.15.37:0/3272952745 >> [v2:172.21.15.37:3300/0,v1:172.21.15.37:6789/0] conn(0x7f5d9407cd90 0x7f5d9419e600 unknown :-1 s=CLOSED pgs=60 cs=0 l=1 rev1=1 crypto rx=0 tx=0 comp rx=0 tx=0).stop
2024-04-26T01:45:36.345 INFO:teuthology.orchestra.run.smithi037.stdout:/usr/bin/ceph: stderr
2024-04-26T01:45:35.628+0000 7f5d99600700 1 -- 172.21.15.37:0/3272952745 >> 172.21.15.37:0/3272952745 conn(0x7f5d94103bf0 msgr2=0x7f5d94104620 unknown :-1 s=STATE_NONE l=0).mark_down
2024-04-26T01:45:36.345 INFO:teuthology.orchestra.run.smithi037.stdout:/usr/bin/ceph: stderr
2024-04-26T01:45:35.628+0000 7f5d99600700 1 -- 172.21.15.37:0/3272952745 shutdown_connections
2024-04-26T01:45:36.345 INFO:teuthology.orchestra.run.smithi037.stdout:/usr/bin/ceph: stderr
2024-04-26T01:45:35.628+0000 7f5d99600700 1 -- 172.21.15.37:0/3272952745 wait complete.
2024-04-26T01:45:36.345 INFO:teuthology.orchestra.run.smithi037.stdout:Waiting for the mgr to restart...
2024-04-26T01:45:36.345 INFO:teuthology.orchestra.run.smithi037.stdout:Waiting for mgr epoch 9...
2024-04-26T01:45:36.646 INFO:journalctl@ceph.mgr.x.smithi037.stdout:Apr 26 01:45:36 smithi037 ceph-5d371fa8-036e-11ef-bc93-c7b262605968-mgr-x[28139]:
2024-04-26T01:45:36.400+0000 7f64c558c200 -1 mgr[py] Module iostat has missing NOTIFY_TYPES member
2024-04-26T01:45:36.921 INFO:journalctl@ceph.mgr.x.smithi037.stdout:Apr 26 01:45:36 smithi037 ceph-5d371fa8-036e-11ef-bc93-c7b262605968-mgr-x[28139]:
2024-04-26T01:45:36.808+0000 7f64c558c200 -1 mgr[py] Module alerts has missing NOTIFY_TYPES member
2024-04-26T01:45:37.198 INFO:journalctl@ceph.mgr.x.smithi037.stdout:Apr 26 01:45:36 smithi037 ceph-5d371fa8-036e-11ef-bc93-c7b262605968-mgr-x[28139]:
2024-04-26T01:45:36.938+0000 7f64c558c200 -1 mgr[py] Module selftest has missing NOTIFY_TYPES member
2024-04-26T01:45:37.198 INFO:journalctl@ceph.mgr.x.smithi037.stdout:Apr 26 01:45:37 smithi037 ceph-5d371fa8-036e-11ef-bc93-c7b262605968-mgr-x[28139]:
2024-04-26T01:45:37.199+0000 7f64c558c200 -1 mgr[py] Module pg_autoscaler has missing NOTIFY_TYPES member
2024-04-26T01:45:37.956 INFO:journalctl@ceph.mgr.x.smithi037.stdout:Apr 26 01:45:37 smithi037 ceph-5d371fa8-036e-11ef-bc93-c7b262605968-mgr-x[28139]:
2024-04-26T01:45:37.462+0000 7f64c558c200 -1 mgr[py] Module test_orchestrator has missing NOTIFY_TYPES member
2024-04-26T01:45:38.707 INFO:journalctl@ceph.mgr.x.smithi037.stdout:Apr 26 01:45:38 smithi037 ceph-5d371fa8-036e-11ef-bc93-c7b262605968-mgr-x[28139]:
2024-04-26T01:45:38.273+0000 7f64c558c200 -1 mgr[py] Module rook has missing NOTIFY_TYPES member
2024-04-26T01:45:39.207 INFO:journalctl@ceph.mgr.x.smithi037.stdout:Apr 26 01:45:38 smithi037 ceph-5d371fa8-036e-11ef-bc93-c7b262605968-mgr-x[28139]:
2024-04-26T01:45:38.845+0000 7f64c558c200 -1 mgr[py] Module volumes has missing NOTIFY_TYPES member
2024-04-26T01:45:39.207 INFO:journalctl@ceph.mgr.x.smithi037.stdout:Apr 26 01:45:38 smithi037 ceph-5d371fa8-036e-11ef-bc93-c7b262605968-mgr-x[28139]:
2024-04-26T01:45:38.977+0000 7f64c558c200 -1 mgr[py] Module crash has missing NOTIFY_TYPES member
2024-04-26T01:45:39.707 INFO:journalctl@ceph.mgr.x.smithi037.stdout:Apr 26 01:45:39 smithi037 ceph-5d371fa8-036e-11ef-bc93-c7b262605968-mgr-x[28139]:
2024-04-26T01:45:39.253+0000 7f64c558c200 -1 mgr[py] Module rgw has missing NOTIFY_TYPES member
2024-04-26T01:45:40.207 INFO:journalctl@ceph.mgr.x.smithi037.stdout:Apr 26 01:45:39 smithi037 ceph-5d371fa8-036e-11ef-bc93-c7b262605968-mgr-x[28139]:
2024-04-26T01:45:39.925+0000 7f64c558c200 -1 mgr[py] Module prometheus has missing NOTIFY_TYPES member
2024-04-26T01:45:40.207 INFO:journalctl@ceph.mgr.x.smithi037.stdout:Apr 26 01:45:40 smithi037 ceph-5d371fa8-036e-11ef-bc93-c7b262605968-mgr-x[28139]:
2024-04-26T01:45:40.054+0000 7f64c558c200 -1 mgr[py] Module devicehealth has missing NOTIFY_TYPES member
2024-04-26T01:45:40.572 INFO:journalctl@ceph.mgr.x.smithi037.stdout:Apr 26 01:45:40 smithi037 ceph-5d371fa8-036e-11ef-bc93-c7b262605968-mgr-x[28139]:
2024-04-26T01:45:40.398+0000 7f64c558c200 -1 mgr[py] Module telemetry has missing NOTIFY_TYPES member
2024-04-26T01:45:40.881 INFO:journalctl@ceph.mgr.x.smithi037.stdout:Apr 26 01:45:40 smithi037 ceph-5d371fa8-036e-11ef-bc93-c7b262605968-mgr-x[28139]:
2024-04-26T01:45:40.589+0000 7f64c558c200 -1 mgr[py] Module diskprediction_local has missing NOTIFY_TYPES member
2024-04-26T01:45:40.881 INFO:journalctl@ceph.mgr.x.smithi037.stdout:Apr 26 01:45:40 smithi037 ceph-5d371fa8-036e-11ef-bc93-c7b262605968-mgr-x[28139]:
2024-04-26T01:45:40.722+0000 7f64c558c200 -1 mgr[py] Module osd_perf_query has missing NOTIFY_TYPES member
2024-04-26T01:45:40.881 INFO:journalctl@ceph.mgr.x.smithi037.stdout:Apr 26 01:45:40 smithi037 ceph-5d371fa8-036e-11ef-bc93-c7b262605968-mgr-x[28139]:
2024-04-26T01:45:40.882+0000 7f64c558c200 -1 mgr[py] Module rbd_support has missing NOTIFY_TYPES member
2024-04-26T01:45:41.707 INFO:journalctl@ceph.mgr.x.smithi037.stdout:Apr 26 01:45:41 smithi037 ceph-5d371fa8-036e-11ef-bc93-c7b262605968-mgr-x[28139]:
2024-04-26T01:45:41.265+0000 7f64c558c200 -1 mgr[py] Module zabbix has missing NOTIFY_TYPES member
2024-04-26T01:45:42.357 INFO:journalctl@ceph.mgr.x.smithi037.stdout:Apr 26 01:45:42 smithi037 ceph-5d371fa8-036e-11ef-bc93-c7b262605968-mgr-x[28139]:
2024-04-26T01:45:42.062+0000 7f64c558c200 -1 mgr[py] Module status has missing NOTIFY_TYPES member
2024-04-26T01:45:42.706 INFO:journalctl@ceph.mgr.x.smithi037.stdout:Apr 26 01:45:42 smithi037 ceph-5d371fa8-036e-11ef-bc93-c7b262605968-mgr-x[28139]:
