2024-04-26T01:46:48.483+0000 7f8df7400700 1 --2- 172.21.15.121:0/1192088421 >> [v2:172.21.15.121:6800/2395202909,v1:172.21.15.121:6801/2395202909] conn(0x7f8ddc039600 0x7f8ddc03bac0 unknown :-1 s=START_CONNECT pgs=0 cs=0 l=1 rev1=0 crypto rx=0 tx=0 comp rx=0 tx=0)._fault waiting 3.200000
2024-04-26T01:46:52.609 INFO:teuthology.orchestra.run.smithi121.stdout:/usr/bin/ceph: stderr
2024-04-26T01:46:50.725+0000 7f8df4c00700 1 -- 172.21.15.121:0/1192088421 <== mon.0 v2:172.21.15.121:3300/0 6 ==== mgrmap(e 6) ==== 46325+0+0 (secure 0 0 0) 0x7f8de802c350 con 0x7f8df807dde0
2024-04-26T01:46:52.609 INFO:teuthology.orchestra.run.smithi121.stdout:/usr/bin/ceph: stderr
2024-04-26T01:46:50.725+0000 7f8df4c00700 1 -- 172.21.15.121:0/1192088421 >> [v2:172.21.15.121:6800/2395202909,v1:172.21.15.121:6801/2395202909] conn(0x7f8ddc039600 msgr2=0x7f8ddc03bac0 unknown :-1 s=STATE_CONNECTING l=1).mark_down
2024-04-26T01:46:52.609 INFO:teuthology.orchestra.run.smithi121.stdout:/usr/bin/ceph: stderr
2024-04-26T01:46:50.725+0000 7f8df4c00700 1 --2- 172.21.15.121:0/1192088421 >> [v2:172.21.15.121:6800/2395202909,v1:172.21.15.121:6801/2395202909] conn(0x7f8ddc039600 0x7f8ddc03bac0 unknown :-1 s=START_CONNECT pgs=0 cs=0 l=1 rev1=0 crypto rx=0 tx=0 comp rx=0 tx=0).stop
2024-04-26T01:46:52.609 INFO:teuthology.orchestra.run.smithi121.stdout:/usr/bin/ceph: stderr
2024-04-26T01:46:51.729+0000 7f8df4c00700 1 -- 172.21.15.121:0/1192088421 <== mon.0 v2:172.21.15.121:3300/0 7 ==== mgrmap(e 7) ==== 46452+0+0 (secure 0 0 0) 0x7f8de802c8a0 con 0x7f8df807dde0
2024-04-26T01:46:52.609 INFO:teuthology.orchestra.run.smithi121.stdout:/usr/bin/ceph: stderr
2024-04-26T01:46:51.729+0000 7f8df4c00700 1 --2- 172.21.15.121:0/1192088421 >> [v2:172.21.15.121:6800/2545200363,v1:172.21.15.121:6801/2545200363] conn(0x7f8ddc03cef0 0x7f8ddc03f2e0 unknown :-1 s=NONE pgs=0 cs=0 l=1 rev1=0 crypto rx=0 tx=0 comp rx=0 tx=0).connect
2024-04-26T01:46:52.609 INFO:teuthology.orchestra.run.smithi121.stdout:/usr/bin/ceph: stderr
2024-04-26T01:46:51.729+0000 7f8df4c00700 1 -- 172.21.15.121:0/1192088421 --> [v2:172.21.15.121:6800/2545200363,v1:172.21.15.121:6801/2545200363] -- command(tid 0: {"prefix": "get_command_descriptions"}) -- 0x7f8de8006880 con 0x7f8ddc03cef0
2024-04-26T01:46:52.609 INFO:teuthology.orchestra.run.smithi121.stdout:/usr/bin/ceph: stderr
2024-04-26T01:46:51.731+0000 7f8df7400700 1 --2- 172.21.15.121:0/1192088421 >> [v2:172.21.15.121:6800/2545200363,v1:172.21.15.121:6801/2545200363] conn(0x7f8ddc03cef0 0x7f8ddc03f2e0 unknown :-1 s=BANNER_CONNECTING pgs=0 cs=0 l=1 rev1=0 crypto rx=0 tx=0 comp rx=0 tx=0)._handle_peer_banner_payload supported=3 required=0
2024-04-26T01:46:52.610 INFO:teuthology.orchestra.run.smithi121.stdout:/usr/bin/ceph: stderr
2024-04-26T01:46:51.733+0000 7f8df7400700 1 --2- 172.21.15.121:0/1192088421 >> [v2:172.21.15.121:6800/2545200363,v1:172.21.15.121:6801/2545200363] conn(0x7f8ddc03cef0 0x7f8ddc03f2e0 secure :-1 s=READY pgs=5 cs=0 l=1 rev1=1 crypto rx=0x7f8de4003a10 tx=0x7f8de40092b0 comp rx=0 tx=0).ready entity=mgr.14120 client_cookie=0 server_cookie=0 in_seq=0 out_seq=0
2024-04-26T01:46:52.610 INFO:teuthology.orchestra.run.smithi121.stdout:/usr/bin/ceph: stderr
2024-04-26T01:46:51.735+0000 7f8df4c00700 1 -- 172.21.15.121:0/1192088421 <== mgr.14120 v2:172.21.15.121:6800/2545200363 1 ==== command_reply(tid 0: 0 ) ==== 8+0+7774 (secure 0 0 0) 0x7f8de8006880 con 0x7f8ddc03cef0
2024-04-26T01:46:52.610 INFO:teuthology.orchestra.run.smithi121.stdout:/usr/bin/ceph: stderr
2024-04-26T01:46:51.743+0000 7f8dfda00700 1 -- 172.21.15.121:0/1192088421 --> [v2:172.21.15.121:6800/2545200363,v1:172.21.15.121:6801/2545200363] -- command(tid 1: {"prefix": "mgr_status"}) -- 0x7f8df8069b80 con 0x7f8ddc03cef0
2024-04-26T01:46:52.610 INFO:teuthology.orchestra.run.smithi121.stdout:/usr/bin/ceph: stderr
2024-04-26T01:46:51.744+0000 7f8df4c00700 1 -- 172.21.15.121:0/1192088421 <== mgr.14120 v2:172.21.15.121:6800/2545200363 2 ==== command_reply(tid 1: 0 ) ==== 8+0+51 (secure 0 0 0) 0x7f8df8069b80 con 0x7f8ddc03cef0
2024-04-26T01:46:52.610 INFO:teuthology.orchestra.run.smithi121.stdout:/usr/bin/ceph: stderr
2024-04-26T01:46:51.745+0000 7f8dfda00700 1 -- 172.21.15.121:0/1192088421 >> [v2:172.21.15.121:6800/2545200363,v1:172.21.15.121:6801/2545200363] conn(0x7f8ddc03cef0 msgr2=0x7f8ddc03f2e0 secure :-1 s=STATE_CONNECTION_ESTABLISHED l=1).mark_down
2024-04-26T01:46:52.610 INFO:teuthology.orchestra.run.smithi121.stdout:/usr/bin/ceph: stderr
2024-04-26T01:46:51.745+0000 7f8dfda00700 1 --2- 172.21.15.121:0/1192088421 >> [v2:172.21.15.121:6800/2545200363,v1:172.21.15.121:6801/2545200363] conn(0x7f8ddc03cef0 0x7f8ddc03f2e0 secure :-1 s=READY pgs=5 cs=0 l=1 rev1=1 crypto rx=0x7f8de4003a10 tx=0x7f8de40092b0 comp rx=0 tx=0).stop
2024-04-26T01:46:52.610 INFO:teuthology.orchestra.run.smithi121.stdout:/usr/bin/ceph: stderr
2024-04-26T01:46:51.745+0000 7f8dfda00700 1 -- 172.21.15.121:0/1192088421 >> [v2:172.21.15.121:3300/0,v1:172.21.15.121:6789/0] conn(0x7f8df807dde0 msgr2=0x7f8df819e3f0 secure :-1 s=STATE_CONNECTION_ESTABLISHED l=1).mark_down
2024-04-26T01:46:52.610 INFO:teuthology.orchestra.run.smithi121.stdout:/usr/bin/ceph: stderr
2024-04-26T01:46:51.745+0000 7f8dfda00700 1 --2- 172.21.15.121:0/1192088421 >> [v2:172.21.15.121:3300/0,v1:172.21.15.121:6789/0] conn(0x7f8df807dde0 0x7f8df819e3f0 secure :-1 s=READY pgs=29 cs=0 l=1 rev1=1 crypto rx=0x7f8de8011ac0 tx=0x7f8de8011ba0 comp rx=0 tx=0).stop
2024-04-26T01:46:52.610 INFO:teuthology.orchestra.run.smithi121.stdout:/usr/bin/ceph: stderr
2024-04-26T01:46:51.745+0000 7f8dfda00700 1 -- 172.21.15.121:0/1192088421 shutdown_connections
2024-04-26T01:46:52.610 INFO:teuthology.orchestra.run.smithi121.stdout:/usr/bin/ceph: stderr
2024-04-26T01:46:51.745+0000 7f8dfda00700 1 --2- 172.21.15.121:0/1192088421 >> [v2:172.21.15.121:6800/2545200363,v1:172.21.15.121:6801/2545200363] conn(0x7f8ddc03cef0 0x7f8ddc03f2e0 unknown :-1 s=CLOSED pgs=5 cs=0 l=1 rev1=1 crypto rx=0 tx=0 comp rx=0 tx=0).stop
2024-04-26T01:46:52.610 INFO:teuthology.orchestra.run.smithi121.stdout:/usr/bin/ceph: stderr
2024-04-26T01:46:51.745+0000 7f8dfda00700 1 --2- 172.21.15.121:0/1192088421 >> [v2:172.21.15.121:3300/0,v1:172.21.15.121:6789/0] conn(0x7f8df807dde0 0x7f8df819e3f0 unknown :-1 s=CLOSED pgs=29 cs=0 l=1 rev1=1 crypto rx=0 tx=0 comp rx=0 tx=0).stop
2024-04-26T01:46:52.610 INFO:teuthology.orchestra.run.smithi121.stdout:/usr/bin/ceph: stderr
2024-04-26T01:46:51.745+0000 7f8dfda00700 1 --2- 172.21.15.121:0/1192088421 >> [v2:172.21.15.121:6800/2395202909,v1:172.21.15.121:6801/2395202909] conn(0x7f8ddc039600 0x7f8ddc03bac0 unknown :-1 s=CLOSED pgs=0 cs=0 l=1 rev1=0 crypto rx=0 tx=0 comp rx=0 tx=0).stop
2024-04-26T01:46:52.610 INFO:teuthology.orchestra.run.smithi121.stdout:/usr/bin/ceph: stderr
2024-04-26T01:46:51.745+0000 7f8dfda00700 1 -- 172.21.15.121:0/1192088421 >> 172.21.15.121:0/1192088421 conn(0x7f8df8103870 msgr2=0x7f8df8104400 unknown :-1 s=STATE_NONE l=0).mark_down
2024-04-26T01:46:52.610 INFO:teuthology.orchestra.run.smithi121.stdout:/usr/bin/ceph: stderr
2024-04-26T01:46:51.745+0000 7f8dfda00700 1 -- 172.21.15.121:0/1192088421 shutdown_connections
2024-04-26T01:46:52.610 INFO:teuthology.orchestra.run.smithi121.stdout:/usr/bin/ceph: stderr
2024-04-26T01:46:51.745+0000 7f8dfda00700 1 -- 172.21.15.121:0/1192088421 wait complete.
2024-04-26T01:46:52.611 INFO:teuthology.orchestra.run.smithi121.stdout:mgr epoch 5 is available
2024-04-26T01:46:52.611 INFO:teuthology.orchestra.run.smithi121.stdout:Setting orchestrator backend to cephadm...
2024-04-26T01:46:52.919 INFO:journalctl@ceph.mon.a.smithi121.stdout:Apr 26 01:46:52 smithi121 ceph-mon[27982]: [26/Apr/2024:01:46:51] ENGINE Bus STARTING
2024-04-26T01:46:52.919 INFO:journalctl@ceph.mon.a.smithi121.stdout:Apr 26 01:46:52 smithi121 ceph-mon[27982]: [26/Apr/2024:01:46:51] ENGINE Serving on https://172.21.15.121:7150
2024-04-26T01:46:52.919 INFO:journalctl@ceph.mon.a.smithi121.stdout:Apr 26 01:46:52 smithi121 ceph-mon[27982]: [26/Apr/2024:01:46:51] ENGINE Serving on http://172.21.15.121:8765
2024-04-26T01:46:52.919 INFO:journalctl@ceph.mon.a.smithi121.stdout:Apr 26 01:46:52 smithi121 ceph-mon[27982]: [26/Apr/2024:01:46:51] ENGINE Bus STARTED
2024-04-26T01:46:52.919 INFO:journalctl@ceph.mon.a.smithi121.stdout:Apr 26 01:46:52 smithi121 ceph-mon[27982]: from='client.14124 -' entity='client.admin' cmd=[{"prefix": "get_command_descriptions"}]: dispatch
2024-04-26T01:46:52.919 INFO:journalctl@ceph.mon.a.smithi121.stdout:Apr 26 01:46:52 smithi121 ceph-mon[27982]: from='client.14124 -' entity='client.admin' cmd=[{"prefix": "mgr_status"}]: dispatch
2024-04-26T01:46:54.200 INFO:journalctl@ceph.mon.a.smithi121.stdout:Apr 26 01:46:53 smithi121 ceph-mon[27982]: mgrmap e8: x(active, since 2s)
2024-04-26T01:46:54.200 INFO:journalctl@ceph.mon.a.smithi121.stdout:Apr 26 01:46:53 smithi121 ceph-mon[27982]: from='mgr.14120 172.21.15.121:0/1348352859' entity='mgr.x'
2024-04-26T01:46:54.201 INFO:journalctl@ceph.mon.a.smithi121.stdout:Apr 26 01:46:53 smithi121 ceph-mon[27982]: from='mgr.14120 172.21.15.121:0/1348352859' entity='mgr.x' cmd=[{"prefix": "config dump", "format": "json"}]: dispatch
2024-04-26T01:46:54.307 INFO:teuthology.orchestra.run.smithi121.stdout:/usr/bin/ceph: stderr
2024-04-26T01:46:53.260+0000 7f4b48000700 1 Processor -- start
2024-04-26T01:46:54.307 INFO:teuthology.orchestra.run.smithi121.stdout:/usr/bin/ceph: stderr
2024-04-26T01:46:53.260+0000 7f4b48000700 1 -- start start
2024-04-26T01:46:54.307 INFO:teuthology.orchestra.run.smithi121.stdout:/usr/bin/ceph: stderr
2024-04-26T01:46:53.261+0000 7f4b48000700 1 --2- >> [v2:172.21.15.121:3300/0,v1:172.21.15.121:6789/0] conn(0x7f4b4007de70 0x7f4b4007c320 unknown :-1 s=NONE pgs=0 cs=0 l=0 rev1=0 crypto rx=0 tx=0 comp rx=0 tx=0).connect
2024-04-26T01:46:54.307 INFO:teuthology.orchestra.run.smithi121.stdout:/usr/bin/ceph: stderr
2024-04-26T01:46:53.261+0000 7f4b48000700 1 -- --> [v2:172.21.15.121:3300/0,v1:172.21.15.121:6789/0] -- mon_getmap magic: 0 -- 0x7f4b4007c8f0 con 0x7f4b4007de70
2024-04-26T01:46:54.307 INFO:teuthology.orchestra.run.smithi121.stdout:/usr/bin/ceph: stderr
2024-04-26T01:46:53.261+0000 7f4b45600700 1 --2- >> [v2:172.21.15.121:3300/0,v1:172.21.15.121:6789/0] conn(0x7f4b4007de70 0x7f4b4007c320 unknown :-1 s=BANNER_CONNECTING pgs=0 cs=0 l=0 rev1=0 crypto rx=0 tx=0 comp rx=0 tx=0)._handle_peer_banner_payload supported=3 required=0
2024-04-26T01:46:54.307 INFO:teuthology.orchestra.run.smithi121.stdout:/usr/bin/ceph: stderr
2024-04-26T01:46:53.261+0000 7f4b45600700 1 --2- >> [v2:172.21.15.121:3300/0,v1:172.21.15.121:6789/0] conn(0x7f4b4007de70 0x7f4b4007c320 unknown :-1 s=HELLO_CONNECTING pgs=0 cs=0 l=0 rev1=1 crypto rx=0 tx=0 comp rx=0 tx=0).handle_hello peer v2:172.21.15.121:3300/0 says I am v2:172.21.15.121:44792/0 (socket says 172.21.15.121:44792)
2024-04-26T01:46:54.307 INFO:teuthology.orchestra.run.smithi121.stdout:/usr/bin/ceph: stderr
2024-04-26T01:46:53.261+0000 7f4b45600700 1 -- 172.21.15.121:0/3953542359 learned_addr learned my addr 172.21.15.121:0/3953542359 (peer_addr_for_me v2:172.21.15.121:0/0)
2024-04-26T01:46:54.307 INFO:teuthology.orchestra.run.smithi121.stdout:/usr/bin/ceph: stderr
2024-04-26T01:46:53.262+0000 7f4b45600700 1 -- 172.21.15.121:0/3953542359 --> [v2:172.21.15.121:3300/0,v1:172.21.15.121:6789/0] -- mon_subscribe({config=0+,monmap=0+}) -- 0x7f4b4007ca70 con 0x7f4b4007de70
2024-04-26T01:46:54.307 INFO:teuthology.orchestra.run.smithi121.stdout:/usr/bin/ceph: stderr
2024-04-26T01:46:53.262+0000 7f4b45600700 1 --2- 172.21.15.121:0/3953542359 >> [v2:172.21.15.121:3300/0,v1:172.21.15.121:6789/0] conn(0x7f4b4007de70 0x7f4b4007c320 secure :-1 s=READY pgs=37 cs=0 l=1 rev1=1 crypto rx=0x7f4b34009e80 tx=0x7f4b3400b330 comp rx=0 tx=0).ready entity=mon.0 client_cookie=87cf0f74b6c56c06 server_cookie=0 in_seq=0 out_seq=0
2024-04-26T01:46:54.312 INFO:teuthology.orchestra.run.smithi121.stdout:/usr/bin/ceph: stderr
2024-04-26T01:46:53.262+0000 7f4b3fe00700 1 -- 172.21.15.121:0/3953542359 <== mon.0 v2:172.21.15.121:3300/0 1 ==== mon_map magic: 0 ==== 205+0+0 (secure 0 0 0) 0x7f4b34017070 con 0x7f4b4007de70
2024-04-26T01:46:54.312 INFO:teuthology.orchestra.run.smithi121.stdout:/usr/bin/ceph: stderr
2024-04-26T01:46:53.262+0000 7f4b3fe00700 1 -- 172.21.15.121:0/3953542359 <== mon.0 v2:172.21.15.121:3300/0 2 ==== config(26 keys) ==== 1070+0+0 (secure 0 0 0) 0x7f4b3400b8c0 con 0x7f4b4007de70
2024-04-26T01:46:54.312 INFO:teuthology.orchestra.run.smithi121.stdout:/usr/bin/ceph: stderr
2024-04-26T01:46:53.262+0000 7f4b3fe00700 1 -- 172.21.15.121:0/3953542359 <== mon.0 v2:172.21.15.121:3300/0 3 ==== mon_map magic: 0 ==== 205+0+0 (secure 0 0 0) 0x7f4b34004490 con 0x7f4b4007de70
2024-04-26T01:46:54.312 INFO:teuthology.orchestra.run.smithi121.stdout:/usr/bin/ceph: stderr
2024-04-26T01:46:53.263+0000 7f4b48000700 1 -- 172.21.15.121:0/3953542359 >> [v2:172.21.15.121:3300/0,v1:172.21.15.121:6789/0] conn(0x7f4b4007de70 msgr2=0x7f4b4007c320 secure :-1 s=STATE_CONNECTION_ESTABLISHED l=1).mark_down
2024-04-26T01:46:54.313 INFO:teuthology.orchestra.run.smithi121.stdout:/usr/bin/ceph: stderr
2024-04-26T01:46:53.263+0000 7f4b48000700 1 --2- 172.21.15.121:0/3953542359 >> [v2:172.21.15.121:3300/0,v1:172.21.15.121:6789/0] conn(0x7f4b4007de70 0x7f4b4007c320 secure :-1 s=READY pgs=37 cs=0 l=1 rev1=1 crypto rx=0x7f4b34009e80 tx=0x7f4b3400b330 comp rx=0 tx=0).stop
2024-04-26T01:46:54.313 INFO:teuthology.orchestra.run.smithi121.stdout:/usr/bin/ceph: stderr
2024-04-26T01:46:53.263+0000 7f4b48000700 1 -- 172.21.15.121:0/3953542359 shutdown_connections
2024-04-26T01:46:54.313 INFO:teuthology.orchestra.run.smithi121.stdout:/usr/bin/ceph: stderr
2024-04-26T01:46:53.263+0000 7f4b48000700 1 --2- 172.21.15.121:0/3953542359 >> [v2:172.21.15.121:3300/0,v1:172.21.15.121:6789/0] conn(0x7f4b4007de70 0x7f4b4007c320 unknown :-1 s=CLOSED pgs=37 cs=0 l=1 rev1=1 crypto rx=0 tx=0 comp rx=0 tx=0).stop
2024-04-26T01:46:54.313 INFO:teuthology.orchestra.run.smithi121.stdout:/usr/bin/ceph: stderr
2024-04-26T01:46:53.263+0000 7f4b48000700 1 -- 172.21.15.121:0/3953542359 >> 172.21.15.121:0/3953542359 conn(0x7f4b401039f0 msgr2=0x7f4b40105e10 unknown :-1 s=STATE_NONE l=0).mark_down
2024-04-26T01:46:54.313 INFO:teuthology.orchestra.run.smithi121.stdout:/usr/bin/ceph: stderr
2024-04-26T01:46:53.263+0000 7f4b48000700 1 -- 172.21.15.121:0/3953542359 shutdown_connections
2024-04-26T01:46:54.313 INFO:teuthology.orchestra.run.smithi121.stdout:/usr/bin/ceph: stderr
2024-04-26T01:46:53.263+0000 7f4b48000700 1 -- 172.21.15.121:0/3953542359 wait complete.
2024-04-26T01:46:54.313 INFO:teuthology.orchestra.run.smithi121.stdout:/usr/bin/ceph: stderr
2024-04-26T01:46:53.264+0000 7f4b48000700 1 Processor -- start
2024-04-26T01:46:54.313 INFO:teuthology.orchestra.run.smithi121.stdout:/usr/bin/ceph: stderr
2024-04-26T01:46:53.265+0000 7f4b48000700 1 -- start start
2024-04-26T01:46:54.313 INFO:teuthology.orchestra.run.smithi121.stdout:/usr/bin/ceph: stderr
2024-04-26T01:46:53.265+0000 7f4b48000700 1 --2- >> [v2:172.21.15.121:3300/0,v1:172.21.15.121:6789/0] conn(0x7f4b4007de70 0x7f4b4019e500 unknown :-1 s=NONE pgs=0 cs=0 l=1 rev1=0 crypto rx=0 tx=0 comp rx=0 tx=0).connect
2024-04-26T01:46:54.313 INFO:teuthology.orchestra.run.smithi121.stdout:/usr/bin/ceph: stderr
2024-04-26T01:46:53.265+0000 7f4b48000700 1 -- --> [v2:172.21.15.121:3300/0,v1:172.21.15.121:6789/0] -- mon_getmap magic: 0 -- 0x7f4b4010e940 con 0x7f4b4007de70
2024-04-26T01:46:54.313 INFO:teuthology.orchestra.run.smithi121.stdout:/usr/bin/ceph: stderr
2024-04-26T01:46:53.265+0000 7f4b45600700 1 --2- >> [v2:172.21.15.121:3300/0,v1:172.21.15.121:6789/0] conn(0x7f4b4007de70 0x7f4b4019e500 unknown :-1 s=BANNER_CONNECTING pgs=0 cs=0 l=1 rev1=0 crypto rx=0 tx=0 comp rx=0 tx=0)._handle_peer_banner_payload supported=3 required=0
2024-04-26T01:46:54.313 INFO:teuthology.orchestra.run.smithi121.stdout:/usr/bin/ceph: stderr
2024-04-26T01:46:53.265+0000 7f4b45600700 1 --2- >> [v2:172.21.15.121:3300/0,v1:172.21.15.121:6789/0] conn(0x7f4b4007de70 0x7f4b4019e500 unknown :-1 s=HELLO_CONNECTING pgs=0 cs=0 l=1 rev1=1 crypto rx=0 tx=0 comp rx=0 tx=0).handle_hello peer v2:172.21.15.121:3300/0 says I am v2:172.21.15.121:44796/0 (socket says 172.21.15.121:44796)
2024-04-26T01:46:54.313 INFO:teuthology.orchestra.run.smithi121.stdout:/usr/bin/ceph: stderr
2024-04-26T01:46:53.265+0000 7f4b45600700 1 -- 172.21.15.121:0/2016624903 learned_addr learned my addr 172.21.15.121:0/2016624903 (peer_addr_for_me v2:172.21.15.121:0/0)
2024-04-26T01:46:54.313 INFO:teuthology.orchestra.run.smithi121.stdout:/usr/bin/ceph: stderr
2024-04-26T01:46:53.266+0000 7f4b45600700 1 -- 172.21.15.121:0/2016624903 --> [v2:172.21.15.121:3300/0,v1:172.21.15.121:6789/0] -- mon_subscribe({config=0+,monmap=0+}) -- 0x7f4b4019ea40 con 0x7f4b4007de70
2024-04-26T01:46:54.313 INFO:teuthology.orchestra.run.smithi121.stdout:/usr/bin/ceph: stderr
2024-04-26T01:46:53.266+0000 7f4b45600700 1 --2- 172.21.15.121:0/2016624903 >> [v2:172.21.15.121:3300/0,v1:172.21.15.121:6789/0] conn(0x7f4b4007de70 0x7f4b4019e500 secure :-1 s=READY pgs=38 cs=0 l=1 rev1=1 crypto rx=0x7f4b3400b7b0 tx=0x7f4b3400be90 comp rx=0 tx=0).ready entity=mon.0 client_cookie=0 server_cookie=0 in_seq=0 out_seq=0
2024-04-26T01:46:54.314 INFO:teuthology.orchestra.run.smithi121.stdout:/usr/bin/ceph: stderr
2024-04-26T01:46:53.266+0000 7f4b3e000700 1 -- 172.21.15.121:0/2016624903 <== mon.0 v2:172.21.15.121:3300/0 1 ==== mon_map magic: 0 ==== 205+0+0 (secure 0 0 0) 0x7f4b34020020 con 0x7f4b4007de70
2024-04-26T01:46:54.314 INFO:teuthology.orchestra.run.smithi121.stdout:/usr/bin/ceph: stderr
2024-04-26T01:46:53.266+0000 7f4b3e000700 1 -- 172.21.15.121:0/2016624903 <== mon.0 v2:172.21.15.121:3300/0 2 ==== config(26 keys) ==== 1070+0+0 (secure 0 0 0) 0x7f4b34003d10 con 0x7f4b4007de70
2024-04-26T01:46:54.314 INFO:teuthology.orchestra.run.smithi121.stdout:/usr/bin/ceph: stderr
2024-04-26T01:46:53.266+0000 7f4b48000700 1 -- 172.21.15.121:0/2016624903 --> [v2:172.21.15.121:3300/0,v1:172.21.15.121:6789/0] -- mon_subscribe({mgrmap=0+}) -- 0x7f4b4019ecd0 con 0x7f4b4007de70
2024-04-26T01:46:54.314 INFO:teuthology.orchestra.run.smithi121.stdout:/usr/bin/ceph: stderr
2024-04-26T01:46:53.266+0000 7f4b3e000700 1 -- 172.21.15.121:0/2016624903 <== mon.0 v2:172.21.15.121:3300/0 3 ==== mon_map magic: 0 ==== 205+0+0 (secure 0 0 0) 0x7f4b34017040 con 0x7f4b4007de70
2024-04-26T01:46:54.314 INFO:teuthology.orchestra.run.smithi121.stdout:/usr/bin/ceph: stderr
2024-04-26T01:46:53.266+0000 7f4b48000700 1 -- 172.21.15.121:0/2016624903 --> [v2:172.21.15.121:3300/0,v1:172.21.15.121:6789/0] -- mon_subscribe({osdmap=0}) -- 0x7f4b401a19c0 con 0x7f4b4007de70
2024-04-26T01:46:54.314 INFO:teuthology.orchestra.run.smithi121.stdout:/usr/bin/ceph: stderr
2024-04-26T01:46:53.267+0000 7f4b3e000700 1 -- 172.21.15.121:0/2016624903 <== mon.0 v2:172.21.15.121:3300/0 4 ==== mgrmap(e 8) ==== 46558+0+0 (secure 0 0 0) 0x7f4b34023020 con 0x7f4b4007de70
2024-04-26T01:46:54.314 INFO:teuthology.orchestra.run.smithi121.stdout:/usr/bin/ceph: stderr
2024-04-26T01:46:53.267+0000 7f4b48000700 1 -- 172.21.15.121:0/2016624903 --> [v2:172.21.15.121:3300/0,v1:172.21.15.121:6789/0] -- mon_command({"prefix": "get_command_descriptions"} v 0) -- 0x7f4b400640a0 con 0x7f4b4007de70
2024-04-26T01:46:54.314 INFO:teuthology.orchestra.run.smithi121.stdout:/usr/bin/ceph: stderr
2024-04-26T01:46:53.268+0000 7f4b3e000700 1 --2- 172.21.15.121:0/2016624903 >> [v2:172.21.15.121:6800/2545200363,v1:172.21.15.121:6801/2545200363] conn(0x7f4b28039600 0x7f4b2803bac0 unknown :-1 s=NONE pgs=0 cs=0 l=1 rev1=0 crypto rx=0 tx=0 comp rx=0 tx=0).connect
2024-04-26T01:46:54.314 INFO:teuthology.orchestra.run.smithi121.stdout:/usr/bin/ceph: stderr
2024-04-26T01:46:53.268+0000 7f4b3e000700 1 -- 172.21.15.121:0/2016624903 <== mon.0 v2:172.21.15.121:3300/0 5 ==== osd_map(2..2 src has 1..2) ==== 940+0+0 (secure 0 0 0) 0x7f4b3400f050 con 0x7f4b4007de70
2024-04-26T01:46:54.314 INFO:teuthology.orchestra.run.smithi121.stdout:/usr/bin/ceph: stderr
2024-04-26T01:46:53.269+0000 7f4b44c00700 1 --2- 172.21.15.121:0/2016624903 >> [v2:172.21.15.121:6800/2545200363,v1:172.21.15.121:6801/2545200363] conn(0x7f4b28039600 0x7f4b2803bac0 unknown :-1 s=BANNER_CONNECTING pgs=0 cs=0 l=1 rev1=0 crypto rx=0 tx=0 comp rx=0 tx=0)._handle_peer_banner_payload supported=3 required=0
2024-04-26T01:46:54.314 INFO:teuthology.orchestra.run.smithi121.stdout:/usr/bin/ceph: stderr
2024-04-26T01:46:53.269+0000 7f4b44c00700 1 --2- 172.21.15.121:0/2016624903 >> [v2:172.21.15.121:6800/2545200363,v1:172.21.15.121:6801/2545200363] conn(0x7f4b28039600 0x7f4b2803bac0 secure :-1 s=READY pgs=7 cs=0 l=1 rev1=1 crypto rx=0x7f4b2c006fd0 tx=0x7f4b2c006e40 comp rx=0 tx=0).ready entity=mgr.14120 client_cookie=0 server_cookie=0 in_seq=0 out_seq=0
2024-04-26T01:46:54.314 INFO:teuthology.orchestra.run.smithi121.stdout:/usr/bin/ceph: stderr
2024-04-26T01:46:53.275+0000 7f4b3e000700 1 -- 172.21.15.121:0/2016624903 <== mon.0 v2:172.21.15.121:3300/0 6 ==== mon_command_ack([{"prefix": "get_command_descriptions"}]=0 v0) ==== 72+0+188370 (secure 0 0 0) 0x7f4b3402a020 con 0x7f4b4007de70
2024-04-26T01:46:54.314 INFO:teuthology.orchestra.run.smithi121.stdout:/usr/bin/ceph: stderr
2024-04-26T01:46:53.517+0000 7f4b48000700 1 -- 172.21.15.121:0/2016624903 --> [v2:172.21.15.121:6800/2545200363,v1:172.21.15.121:6801/2545200363] -- mgr_command(tid 0: {"prefix": "orch set backend", "module_name": "cephadm", "target": ["mon-mgr", ""]}) -- 0x7f4b40104c90 con 0x7f4b28039600
2024-04-26T01:46:54.314 INFO:teuthology.orchestra.run.smithi121.stdout:/usr/bin/ceph: stderr
2024-04-26T01:46:53.529+0000 7f4b3e000700 1 -- 172.21.15.121:0/2016624903 <== mgr.14120 v2:172.21.15.121:6800/2545200363 1 ==== mgr_command_reply(tid 0: 0 ) ==== 8+0+0 (secure 0 0 0) 0x7f4b40104c90 con 0x7f4b28039600
2024-04-26T01:46:54.314 INFO:teuthology.orchestra.run.smithi121.stdout:/usr/bin/ceph: stderr
2024-04-26T01:46:53.532+0000 7f4b48000700 1 -- 172.21.15.121:0/2016624903 >> [v2:172.21.15.121:6800/2545200363,v1:172.21.15.121:6801/2545200363] conn(0x7f4b28039600 msgr2=0x7f4b2803bac0 secure :-1 s=STATE_CONNECTION_ESTABLISHED l=1).mark_down
2024-04-26T01:46:54.315 INFO:teuthology.orchestra.run.smithi121.stdout:/usr/bin/ceph: stderr
2024-04-26T01:46:53.532+0000 7f4b48000700 1 --2- 172.21.15.121:0/2016624903 >> [v2:172.21.15.121:6800/2545200363,v1:172.21.15.121:6801/2545200363] conn(0x7f4b28039600 0x7f4b2803bac0 secure :-1 s=READY pgs=7 cs=0 l=1 rev1=1 crypto rx=0x7f4b2c006fd0 tx=0x7f4b2c006e40 comp rx=0 tx=0).stop
2024-04-26T01:46:54.315 INFO:teuthology.orchestra.run.smithi121.stdout:/usr/bin/ceph: stderr
2024-04-26T01:46:53.532+0000 7f4b48000700 1 -- 172.21.15.121:0/2016624903 >> [v2:172.21.15.121:3300/0,v1:172.21.15.121:6789/0] conn(0x7f4b4007de70 msgr2=0x7f4b4019e500 secure :-1 s=STATE_CONNECTION_ESTABLISHED l=1).mark_down
2024-04-26T01:46:54.315 INFO:teuthology.orchestra.run.smithi121.stdout:/usr/bin/ceph: stderr
2024-04-26T01:46:53.532+0000 7f4b48000700 1 --2- 172.21.15.121:0/2016624903 >> [v2:172.21.15.121:3300/0,v1:172.21.15.121:6789/0] conn(0x7f4b4007de70 0x7f4b4019e500 secure :-1 s=READY pgs=38 cs=0 l=1 rev1=1 crypto rx=0x7f4b3400b7b0 tx=0x7f4b3400be90 comp rx=0 tx=0).stop
2024-04-26T01:46:54.315 INFO:teuthology.orchestra.run.smithi121.stdout:/usr/bin/ceph: stderr
2024-04-26T01:46:53.533+0000 7f4b48000700 1 -- 172.21.15.121:0/2016624903 shutdown_connections
2024-04-26T01:46:54.315 INFO:teuthology.orchestra.run.smithi121.stdout:/usr/bin/ceph: stderr
2024-04-26T01:46:53.533+0000 7f4b48000700 1 --2- 172.21.15.121:0/2016624903 >> [v2:172.21.15.121:6800/2545200363,v1:172.21.15.121:6801/2545200363] conn(0x7f4b28039600 0x7f4b2803bac0 unknown :-1 s=CLOSED pgs=7 cs=0 l=1 rev1=1 crypto rx=0 tx=0 comp rx=0 tx=0).stop
2024-04-26T01:46:54.315 INFO:teuthology.orchestra.run.smithi121.stdout:/usr/bin/ceph: stderr
2024-04-26T01:46:53.533+0000 7f4b48000700 1 --2- 172.21.15.121:0/2016624903 >> [v2:172.21.15.121:3300/0,v1:172.21.15.121:6789/0] conn(0x7f4b4007de70 0x7f4b4019e500 unknown :-1 s=CLOSED pgs=38 cs=0 l=1 rev1=1 crypto rx=0 tx=0 comp rx=0 tx=0).stop
2024-04-26T01:46:54.315 INFO:teuthology.orchestra.run.smithi121.stdout:/usr/bin/ceph: stderr
2024-04-26T01:46:53.533+0000 7f4b48000700 1 -- 172.21.15.121:0/2016624903 >> 172.21.15.121:0/2016624903 conn(0x7f4b401039f0 msgr2=0x7f4b40104580 unknown :-1 s=STATE_NONE l=0).mark_down
2024-04-26T01:46:54.315 INFO:teuthology.orchestra.run.smithi121.stdout:/usr/bin/ceph: stderr
2024-04-26T01:46:53.533+0000 7f4b48000700 1 -- 172.21.15.121:0/2016624903 shutdown_connections
2024-04-26T01:46:54.315 INFO:teuthology.orchestra.run.smithi121.stdout:/usr/bin/ceph: stderr
2024-04-26T01:46:53.533+0000 7f4b48000700 1 -- 172.21.15.121:0/2016624903 wait complete.
2024-04-26T01:46:55.200 INFO:journalctl@ceph.mon.a.smithi121.stdout:Apr 26 01:46:54 smithi121 ceph-mon[27982]: from='client.14132 -' entity='client.admin' cmd=[{"prefix": "orch set backend", "module_name": "cephadm", "target": ["mon-mgr", ""]}]: dispatch
2024-04-26T01:46:55.965 INFO:teuthology.orchestra.run.smithi121.stdout:/usr/bin/ceph: stdout value unchanged
2024-04-26T01:46:55.965 INFO:teuthology.orchestra.run.smithi121.stdout:/usr/bin/ceph: stderr
2024-04-26T01:46:54.995+0000 7f8436600700 1 Processor -- start
2024-04-26T01:46:55.965 INFO:teuthology.orchestra.run.smithi121.stdout:/usr/bin/ceph: stderr
2024-04-26T01:46:54.996+0000 7f8436600700 1 -- start start
2024-04-26T01:46:55.965 INFO:teuthology.orchestra.run.smithi121.stdout:/usr/bin/ceph: stderr
2024-04-26T01:46:54.996+0000 7f8436600700 1 --2- >> [v2:172.21.15.121:3300/0,v1:172.21.15.121:6789/0] conn(0x7f843010fff0 0x7f8430110410 unknown :-1 s=NONE pgs=0 cs=0 l=0 rev1=0 crypto rx=0 tx=0 comp rx=0 tx=0).connect
2024-04-26T01:46:55.965 INFO:teuthology.orchestra.run.smithi121.stdout:/usr/bin/ceph: stderr
2024-04-26T01:46:54.996+0000 7f8436600700 1 -- --> [v2:172.21.15.121:3300/0,v1:172.21.15.121:6789/0] -- mon_getmap magic: 0 -- 0x7f84301109e0 con 0x7f843010fff0
2024-04-26T01:46:55.965 INFO:teuthology.orchestra.run.smithi121.stdout:/usr/bin/ceph: stderr
2024-04-26T01:46:54.996+0000 7f842f400700 1 --2- >> [v2:172.21.15.121:3300/0,v1:172.21.15.121:6789/0] conn(0x7f843010fff0 0x7f8430110410 unknown :-1 s=BANNER_CONNECTING pgs=0 cs=0 l=0 rev1=0 crypto rx=0 tx=0 comp rx=0 tx=0)._handle_peer_banner_payload supported=3 required=0
2024-04-26T01:46:55.965 INFO:teuthology.orchestra.run.smithi121.stdout:/usr/bin/ceph: stderr
2024-04-26T01:46:54.997+0000 7f842f400700 1 --2- >> [v2:172.21.15.121:3300/0,v1:172.21.15.121:6789/0] conn(0x7f843010fff0 0x7f8430110410 unknown :-1 s=HELLO_CONNECTING pgs=0 cs=0 l=0 rev1=1 crypto rx=0 tx=0 comp rx=0 tx=0).handle_hello peer v2:172.21.15.121:3300/0 says I am v2:172.21.15.121:44810/0 (socket says 172.21.15.121:44810)
2024-04-26T01:46:55.965 INFO:teuthology.orchestra.run.smithi121.stdout:/usr/bin/ceph: stderr
2024-04-26T01:46:54.997+0000 7f842f400700 1 -- 172.21.15.121:0/3620226905 learned_addr learned my addr 172.21.15.121:0/3620226905 (peer_addr_for_me v2:172.21.15.121:0/0)
2024-04-26T01:46:55.965 INFO:teuthology.orchestra.run.smithi121.stdout:/usr/bin/ceph: stderr
2024-04-26T01:46:54.997+0000 7f842f400700 1 -- 172.21.15.121:0/3620226905 --> [v2:172.21.15.121:3300/0,v1:172.21.15.121:6789/0] -- mon_subscribe({config=0+,monmap=0+}) -- 0x7f843010ecf0 con 0x7f843010fff0
2024-04-26T01:46:55.966 INFO:teuthology.orchestra.run.smithi121.stdout:/usr/bin/ceph: stderr
2024-04-26T01:46:54.998+0000 7f842f400700 1 --2- 172.21.15.121:0/3620226905 >> [v2:172.21.15.121:3300/0,v1:172.21.15.121:6789/0] conn(0x7f843010fff0 0x7f8430110410 secure :-1 s=READY pgs=39 cs=0 l=1 rev1=1 crypto rx=0x7f84200098a0 tx=0x7f8420009bb0 comp rx=0 tx=0).ready entity=mon.0 client_cookie=94f833f492578686 server_cookie=0 in_seq=0 out_seq=0
2024-04-26T01:46:55.966 INFO:teuthology.orchestra.run.smithi121.stdout:/usr/bin/ceph: stderr
2024-04-26T01:46:54.999+0000 7f842ea00700 1 -- 172.21.15.121:0/3620226905 <== mon.0 v2:172.21.15.121:3300/0 1 ==== mon_map magic: 0 ==== 205+0+0 (secure 0 0 0) 0x7f8420004160 con 0x7f843010fff0
2024-04-26T01:46:55.966 INFO:teuthology.orchestra.run.smithi121.stdout:/usr/bin/ceph: stderr
2024-04-26T01:46:54.999+0000 7f842ea00700 1 -- 172.21.15.121:0/3620226905 <== mon.0 v2:172.21.15.121:3300/0 2 ==== config(26 keys) ==== 1070+0+0 (secure 0 0 0) 0x7f8420004300 con 0x7f843010fff0
2024-04-26T01:46:55.966 INFO:teuthology.orchestra.run.smithi121.stdout:/usr/bin/ceph: stderr
2024-04-26T01:46:54.999+0000 7f842ea00700 1 -- 172.21.15.121:0/3620226905 <== mon.0 v2:172.21.15.121:3300/0 3 ==== mon_map magic: 0 ==== 205+0+0 (secure 0 0 0) 0x7f8420011af0 con 0x7f843010fff0
2024-04-26T01:46:55.966 INFO:teuthology.orchestra.run.smithi121.stdout:/usr/bin/ceph: stderr
2024-04-26T01:46:54.999+0000 7f8436600700 1 -- 172.21.15.121:0/3620226905 >> [v2:172.21.15.121:3300/0,v1:172.21.15.121:6789/0] conn(0x7f843010fff0 msgr2=0x7f8430110410 secure :-1 s=STATE_CONNECTION_ESTABLISHED l=1).mark_down
2024-04-26T01:46:55.966 INFO:teuthology.orchestra.run.smithi121.stdout:/usr/bin/ceph: stderr
2024-04-26T01:46:54.999+0000 7f8436600700 1 --2- 172.21.15.121:0/3620226905 >> [v2:172.21.15.121:3300/0,v1:172.21.15.121:6789/0] conn(0x7f843010fff0 0x7f8430110410 secure :-1 s=READY pgs=39 cs=0 l=1 rev1=1 crypto rx=0x7f84200098a0 tx=0x7f8420009bb0 comp rx=0 tx=0).stop
2024-04-26T01:46:55.966 INFO:teuthology.orchestra.run.smithi121.stdout:/usr/bin/ceph: stderr
2024-04-26T01:46:55.000+0000 7f8436600700 1 -- 172.21.15.121:0/3620226905 shutdown_connections
2024-04-26T01:46:55.966 INFO:teuthology.orchestra.run.smithi121.stdout:/usr/bin/ceph: stderr
2024-04-26T01:46:55.000+0000 7f8436600700 1 --2- 172.21.15.121:0/3620226905 >> [v2:172.21.15.121:3300/0,v1:172.21.15.121:6789/0] conn(0x7f843010fff0 0x7f8430110410 unknown :-1 s=CLOSED pgs=39 cs=0 l=1 rev1=1 crypto rx=0 tx=0 comp rx=0 tx=0).stop
2024-04-26T01:46:55.966 INFO:teuthology.orchestra.run.smithi121.stdout:/usr/bin/ceph: stderr
2024-04-26T01:46:55.000+0000 7f8436600700 1 -- 172.21.15.121:0/3620226905 >> 172.21.15.121:0/3620226905 conn(0x7f843007dc10 msgr2=0x7f8430080030 unknown :-1 s=STATE_NONE l=0).mark_down
2024-04-26T01:46:55.966 INFO:teuthology.orchestra.run.smithi121.stdout:/usr/bin/ceph: stderr
2024-04-26T01:46:55.000+0000 7f8436600700 1 -- 172.21.15.121:0/3620226905 shutdown_connections
2024-04-26T01:46:55.966 INFO:teuthology.orchestra.run.smithi121.stdout:/usr/bin/ceph: stderr
2024-04-26T01:46:55.000+0000 7f8436600700 1 -- 172.21.15.121:0/3620226905 wait complete.
2024-04-26T01:46:55.966 INFO:teuthology.orchestra.run.smithi121.stdout:/usr/bin/ceph: stderr
2024-04-26T01:46:55.001+0000 7f8436600700 1 Processor -- start
2024-04-26T01:46:55.966 INFO:teuthology.orchestra.run.smithi121.stdout:/usr/bin/ceph: stderr
2024-04-26T01:46:55.001+0000 7f8436600700 1 -- start start
2024-04-26T01:46:55.967 INFO:teuthology.orchestra.run.smithi121.stdout:/usr/bin/ceph: stderr
2024-04-26T01:46:55.001+0000 7f8436600700 1 --2- >> [v2:172.21.15.121:3300/0,v1:172.21.15.121:6789/0] conn(0x7f843010fff0 0x7f84301a2990 unknown :-1 s=NONE pgs=0 cs=0 l=1 rev1=0 crypto rx=0 tx=0 comp rx=0 tx=0).connect
2024-04-26T01:46:55.967 INFO:teuthology.orchestra.run.smithi121.stdout:/usr/bin/ceph: stderr
2024-04-26T01:46:55.001+0000 7f8436600700 1 -- --> [v2:172.21.15.121:3300/0,v1:172.21.15.121:6789/0] -- mon_getmap magic: 0 -- 0x7f8430112f30 con 0x7f843010fff0
2024-04-26T01:46:55.967 INFO:teuthology.orchestra.run.smithi121.stdout:/usr/bin/ceph: stderr
2024-04-26T01:46:55.001+0000 7f842f400700 1 --2- >> [v2:172.21.15.121:3300/0,v1:172.21.15.121:6789/0] conn(0x7f843010fff0 0x7f84301a2990 unknown :-1 s=BANNER_CONNECTING pgs=0 cs=0 l=1 rev1=0 crypto rx=0 tx=0 comp rx=0 tx=0)._handle_peer_banner_payload supported=3 required=0
2024-04-26T01:46:55.967 INFO:teuthology.orchestra.run.smithi121.stdout:/usr/bin/ceph: stderr
2024-04-26T01:46:55.001+0000 7f842f400700 1 --2- >> [v2:172.21.15.121:3300/0,v1:172.21.15.121:6789/0] conn(0x7f843010fff0 0x7f84301a2990 unknown :-1 s=HELLO_CONNECTING pgs=0 cs=0 l=1 rev1=1 crypto rx=0 tx=0 comp rx=0 tx=0).handle_hello peer v2:172.21.15.121:3300/0 says I am v2:172.21.15.121:44826/0 (socket says 172.21.15.121:44826)
2024-04-26T01:46:55.967 INFO:teuthology.orchestra.run.smithi121.stdout:/usr/bin/ceph: stderr
2024-04-26T01:46:55.001+0000 7f842f400700 1 -- 172.21.15.121:0/4185943120 learned_addr learned my addr 172.21.15.121:0/4185943120 (peer_addr_for_me v2:172.21.15.121:0/0)
2024-04-26T01:46:55.967 INFO:teuthology.orchestra.run.smithi121.stdout:/usr/bin/ceph: stderr
2024-04-26T01:46:55.002+0000 7f842f400700 1 -- 172.21.15.121:0/4185943120 --> [v2:172.21.15.121:3300/0,v1:172.21.15.121:6789/0] -- mon_subscribe({config=0+,monmap=0+}) -- 0x7f84301a2ed0 con 0x7f843010fff0
2024-04-26T01:46:55.967 INFO:teuthology.orchestra.run.smithi121.stdout:/usr/bin/ceph: stderr
2024-04-26T01:46:55.002+0000 7f842f400700 1 --2- 172.21.15.121:0/4185943120 >> [v2:172.21.15.121:3300/0,v1:172.21.15.121:6789/0] conn(0x7f843010fff0 0x7f84301a2990 secure :-1 s=READY pgs=40 cs=0 l=1 rev1=1 crypto rx=0x7f8420009fb0 tx=0x7f8420011940 comp rx=0 tx=0).ready entity=mon.0 client_cookie=0 server_cookie=0 in_seq=0 out_seq=0
2024-04-26T01:46:55.967 INFO:teuthology.orchestra.run.smithi121.stdout:/usr/bin/ceph: stderr
2024-04-26T01:46:55.002+0000 7f842cc00700 1 -- 172.21.15.121:0/4185943120 <== mon.0 v2:172.21.15.121:3300/0 1 ==== mon_map magic: 0 ==== 205+0+0 (secure 0 0 0) 0x7f84200036a0 con 0x7f843010fff0
2024-04-26T01:46:55.967 INFO:teuthology.orchestra.run.smithi121.stdout:/usr/bin/ceph: stderr
2024-04-26T01:46:55.002+0000 7f842cc00700 1 -- 172.21.15.121:0/4185943120 <== mon.0 v2:172.21.15.121:3300/0 2 ==== config(26 keys) ==== 1070+0+0 (secure 0 0 0) 0x7f842001a430 con 0x7f843010fff0
2024-04-26T01:46:55.967 INFO:teuthology.orchestra.run.smithi121.stdout:/usr/bin/ceph: stderr
2024-04-26T01:46:55.002+0000 7f842cc00700 1 -- 172.21.15.121:0/4185943120 <== mon.0 v2:172.21.15.121:3300/0 3 ==== mon_map magic: 0 ==== 205+0+0 (secure 0 0 0) 0x7f8420019550 con 0x7f843010fff0
2024-04-26T01:46:55.967 INFO:teuthology.orchestra.run.smithi121.stdout:/usr/bin/ceph: stderr
2024-04-26T01:46:55.002+0000 7f8436600700 1 -- 172.21.15.121:0/4185943120 --> [v2:172.21.15.121:3300/0,v1:172.21.15.121:6789/0] -- mon_subscribe({mgrmap=0+}) -- 0x7f84301a3160 con 0x7f843010fff0
2024-04-26T01:46:55.967 INFO:teuthology.orchestra.run.smithi121.stdout:/usr/bin/ceph: stderr
2024-04-26T01:46:55.003+0000 7f8436600700 1 -- 172.21.15.121:0/4185943120 --> [v2:172.21.15.121:3300/0,v1:172.21.15.121:6789/0] -- mon_subscribe({osdmap=0}) -- 0x7f84301a5e50 con 0x7f843010fff0
2024-04-26T01:46:55.967 INFO:teuthology.orchestra.run.smithi121.stdout:/usr/bin/ceph: stderr
2024-04-26T01:46:55.004+0000 7f842cc00700 1 -- 172.21.15.121:0/4185943120 <== mon.0 v2:172.21.15.121:3300/0 4 ==== mgrmap(e 8) ==== 46558+0+0 (secure 0 0 0) 0x7f842001a8e0 con 0x7f843010fff0
2024-04-26T01:46:55.967 INFO:teuthology.orchestra.run.smithi121.stdout:/usr/bin/ceph: stderr
2024-04-26T01:46:55.004+0000 7f8436600700 1 -- 172.21.15.121:0/4185943120 --> [v2:172.21.15.121:3300/0,v1:172.21.15.121:6789/0] -- mon_command({"prefix": "get_command_descriptions"} v 0) -- 0x7f8430069b80 con 0x7f843010fff0
2024-04-26T01:46:55.968 INFO:teuthology.orchestra.run.smithi121.stdout:/usr/bin/ceph: stderr
2024-04-26T01:46:55.004+0000 7f842cc00700 1 --2- 172.21.15.121:0/4185943120 >> [v2:172.21.15.121:6800/2545200363,v1:172.21.15.121:6801/2545200363] conn(0x7f84140395b0 0x7f841403ba70 unknown :-1 s=NONE pgs=0 cs=0 l=1 rev1=0 crypto rx=0 tx=0 comp rx=0 tx=0).connect
2024-04-26T01:46:55.968 INFO:teuthology.orchestra.run.smithi121.stdout:/usr/bin/ceph: stderr
2024-04-26T01:46:55.004+0000 7f842cc00700 1 -- 172.21.15.121:0/4185943120 <== mon.0 v2:172.21.15.121:3300/0 5 ==== osd_map(2..2 src has 1..2) ==== 940+0+0 (secure 0 0 0) 0x7f842004d8d0 con 0x7f843010fff0
2024-04-26T01:46:55.968 INFO:teuthology.orchestra.run.smithi121.stdout:/usr/bin/ceph: stderr
2024-04-26T01:46:55.004+0000 7f8427e00700 1 --2- 172.21.15.121:0/4185943120 >> [v2:172.21.15.121:6800/2545200363,v1:172.21.15.121:6801/2545200363] conn(0x7f84140395b0 0x7f841403ba70 unknown :-1 s=BANNER_CONNECTING pgs=0 cs=0 l=1 rev1=0 crypto rx=0 tx=0 comp rx=0 tx=0)._handle_peer_banner_payload supported=3 required=0
2024-04-26T01:46:55.968 INFO:teuthology.orchestra.run.smithi121.stdout:/usr/bin/ceph: stderr
2024-04-26T01:46:55.005+0000 7f8427e00700 1 --2- 172.21.15.121:0/4185943120 >> [v2:172.21.15.121:6800/2545200363,v1:172.21.15.121:6801/2545200363] conn(0x7f84140395b0 0x7f841403ba70 secure :-1 s=READY pgs=8 cs=0 l=1 rev1=1 crypto rx=0x7f8418006fd0 tx=0x7f8418006e40 comp rx=0 tx=0).ready entity=mgr.14120 client_cookie=0 server_cookie=0 in_seq=0 out_seq=0
2024-04-26T01:46:55.968 INFO:teuthology.orchestra.run.smithi121.stdout:/usr/bin/ceph: stderr
2024-04-26T01:46:55.010+0000 7f842cc00700 1 -- 172.21.15.121:0/4185943120 <== mon.0 v2:172.21.15.121:3300/0 6 ==== mon_command_ack([{"prefix": "get_command_descriptions"}]=0 v0) ==== 72+0+188370 (secure 0 0 0) 0x7f842001a690 con 0x7f843010fff0
2024-04-26T01:46:55.968 INFO:teuthology.orchestra.run.smithi121.stdout:/usr/bin/ceph: stderr
2024-04-26T01:46:55.241+0000 7f8436600700 1 -- 172.21.15.121:0/4185943120 --> [v2:172.21.15.121:6800/2545200363,v1:172.21.15.121:6801/2545200363] -- mgr_command(tid 0: {"prefix": "cephadm set-user", "user": "root", "target": ["mon-mgr", ""]}) -- 0x7f843007ff00 con 0x7f84140395b0
2024-04-26T01:46:55.968 INFO:teuthology.orchestra.run.smithi121.stdout:/usr/bin/ceph: stderr
2024-04-26T01:46:55.242+0000 7f842cc00700 1 -- 172.21.15.121:0/4185943120 <== mgr.14120 v2:172.21.15.121:6800/2545200363 1 ==== mgr_command_reply(tid 0: 0 ) ==== 8+0+16 (secure 0 0 0) 0x7f843007ff00 con 0x7f84140395b0
2024-04-26T01:46:55.968 INFO:teuthology.orchestra.run.smithi121.stdout:/usr/bin/ceph: stderr
2024-04-26T01:46:55.245+0000 7f8436600700 1 -- 172.21.15.121:0/4185943120 >> [v2:172.21.15.121:6800/2545200363,v1:172.21.15.121:6801/2545200363] conn(0x7f84140395b0 msgr2=0x7f841403ba70 secure :-1 s=STATE_CONNECTION_ESTABLISHED l=1).mark_down
2024-04-26T01:46:55.968 INFO:teuthology.orchestra.run.smithi121.stdout:/usr/bin/ceph: stderr
2024-04-26T01:46:55.245+0000 7f8436600700 1 --2- 172.21.15.121:0/4185943120 >> [v2:172.21.15.121:6800/2545200363,v1:172.21.15.121:6801/2545200363] conn(0x7f84140395b0 0x7f841403ba70 secure :-1 s=READY pgs=8 cs=0 l=1 rev1=1 crypto rx=0x7f8418006fd0 tx=0x7f8418006e40 comp rx=0 tx=0).stop
2024-04-26T01:46:55.968 INFO:teuthology.orchestra.run.smithi121.stdout:/usr/bin/ceph: stderr
2024-04-26T01:46:55.245+0000 7f8436600700 1 -- 172.21.15.121:0/4185943120 >> [v2:172.21.15.121:3300/0,v1:172.21.15.121:6789/0] conn(0x7f843010fff0 msgr2=0x7f84301a2990 secure :-1 s=STATE_CONNECTION_ESTABLISHED l=1).mark_down
2024-04-26T01:46:55.968 INFO:teuthology.orchestra.run.smithi121.stdout:/usr/bin/ceph: stderr
2024-04-26T01:46:55.245+0000 7f8436600700 1 --2- 172.21.15.121:0/4185943120 >> [v2:172.21.15.121:3300/0,v1:172.21.15.121:6789/0] conn(0x7f843010fff0 0x7f84301a2990 secure :-1 s=READY pgs=40 cs=0 l=1 rev1=1 crypto rx=0x7f8420009fb0 tx=0x7f8420011940 comp rx=0 tx=0).stop
2024-04-26T01:46:55.968 INFO:teuthology.orchestra.run.smithi121.stdout:/usr/bin/ceph: stderr
2024-04-26T01:46:55.245+0000 7f8436600700 1 -- 172.21.15.121:0/4185943120 shutdown_connections
2024-04-26T01:46:55.968 INFO:teuthology.orchestra.run.smithi121.stdout:/usr/bin/ceph: stderr
2024-04-26T01:46:55.245+0000 7f8436600700 1 --2- 172.21.15.121:0/4185943120 >> [v2:172.21.15.121:6800/2545200363,v1:172.21.15.121:6801/2545200363] conn(0x7f84140395b0 0x7f841403ba70 unknown :-1 s=CLOSED pgs=8 cs=0 l=1 rev1=1 crypto rx=0 tx=0 comp rx=0 tx=0).stop
2024-04-26T01:46:55.969 INFO:teuthology.orchestra.run.smithi121.stdout:/usr/bin/ceph: stderr
2024-04-26T01:46:55.245+0000 7f8436600700 1 --2- 172.21.15.121:0/4185943120 >> [v2:172.21.15.121:3300/0,v1:172.21.15.121:6789/0] conn(0x7f843010fff0 0x7f84301a2990 unknown :-1 s=CLOSED pgs=40 cs=0 l=1 rev1=1 crypto rx=0 tx=0 comp rx=0 tx=0).stop
2024-04-26T01:46:55.969 INFO:teuthology.orchestra.run.smithi121.stdout:/usr/bin/ceph: stderr
2024-04-26T01:46:55.245+0000 7f8436600700 1 -- 172.21.15.121:0/4185943120 >> 172.21.15.121:0/4185943120 conn(0x7f843007dc10 msgr2=0x7f843007f7f0 unknown :-1 s=STATE_NONE l=0).mark_down
2024-04-26T01:46:55.969 INFO:teuthology.orchestra.run.smithi121.stdout:/usr/bin/ceph: stderr
2024-04-26T01:46:55.245+0000 7f8436600700 1 -- 172.21.15.121:0/4185943120 shutdown_connections
2024-04-26T01:46:55.969 INFO:teuthology.orchestra.run.smithi121.stdout:/usr/bin/ceph: stderr
2024-04-26T01:46:55.245+0000 7f8436600700 1 -- 172.21.15.121:0/4185943120 wait complete.
2024-04-26T01:46:55.969 INFO:teuthology.orchestra.run.smithi121.stdout:Generating ssh key...
2024-04-26T01:46:56.200 INFO:journalctl@ceph.mon.a.smithi121.stdout:Apr 26 01:46:56 smithi121 ceph-mon[27982]: from='client.14134 -' entity='client.admin' cmd=[{"prefix": "cephadm set-user", "user": "root", "target": ["mon-mgr", ""]}]: dispatch
2024-04-26T01:46:57.200 INFO:journalctl@ceph.mon.a.smithi121.stdout:Apr 26 01:46:57 smithi121 ceph-mon[27982]: from='client.14136 -' entity='client.admin' cmd=[{"prefix": "cephadm generate-key", "target": ["mon-mgr", ""]}]: dispatch
2024-04-26T01:46:57.200 INFO:journalctl@ceph.mon.a.smithi121.stdout:Apr 26 01:46:57 smithi121 ceph-mon[27982]: Generating ssh key...
2024-04-26T01:46:57.952 INFO:journalctl@ceph.mgr.x.smithi121.stdout:Apr 26 01:46:57 smithi121 ceph-8b8bef0a-036e-11ef-bc93-c7b262605968-mgr-x[28209]: Generating public/private rsa key pair.
2024-04-26T01:46:57.952 INFO:journalctl@ceph.mgr.x.smithi121.stdout:Apr 26 01:46:57 smithi121 ceph-8b8bef0a-036e-11ef-bc93-c7b262605968-mgr-x[28209]: Your identification has been saved in /tmp/tmpxr4qx1a0/key.
2024-04-26T01:46:57.952 INFO:journalctl@ceph.mgr.x.smithi121.stdout:Apr 26 01:46:57 smithi121 ceph-8b8bef0a-036e-11ef-bc93-c7b262605968-mgr-x[28209]: Your public key has been saved in /tmp/tmpxr4qx1a0/key.pub.
2024-04-26T01:46:57.952 INFO:journalctl@ceph.mgr.x.smithi121.stdout:Apr 26 01:46:57 smithi121 ceph-8b8bef0a-036e-11ef-bc93-c7b262605968-mgr-x[28209]: The key fingerprint is:
2024-04-26T01:46:57.952 INFO:journalctl@ceph.mgr.x.smithi121.stdout:Apr 26 01:46:57 smithi121 ceph-8b8bef0a-036e-11ef-bc93-c7b262605968-mgr-x[28209]: SHA256:+zuvFWGGmHk0GQdMki94qLdfNIT/SH5yj0aa1RfzGdo ceph-8b8bef0a-036e-11ef-bc93-c7b262605968
2024-04-26T01:46:57.952 INFO:journalctl@ceph.mgr.x.smithi121.stdout:Apr 26 01:46:57 smithi121 ceph-8b8bef0a-036e-11ef-bc93-c7b262605968-mgr-x[28209]: The key's randomart image is:
2024-04-26T01:46:57.952 INFO:journalctl@ceph.mgr.x.smithi121.stdout:Apr 26 01:46:57 smithi121 ceph-8b8bef0a-036e-11ef-bc93-c7b262605968-mgr-x[28209]: +---[RSA 3072]----+
2024-04-26T01:46:57.952 INFO:journalctl@ceph.mgr.x.smithi121.stdout:Apr 26 01:46:57 smithi121 ceph-8b8bef0a-036e-11ef-bc93-c7b262605968-mgr-x[28209]: | .+*+. |
2024-04-26T01:46:57.952 INFO:journalctl@ceph.mgr.x.smithi121.stdout:Apr 26 01:46:57 smithi121 ceph-8b8bef0a-036e-11ef-bc93-c7b262605968-mgr-x[28209]: | .Bo+ |
2024-04-26T01:46:57.952 INFO:journalctl@ceph.mgr.x.smithi121.stdout:Apr 26 01:46:57 smithi121 ceph-8b8bef0a-036e-11ef-bc93-c7b262605968-mgr-x[28209]: | o=.+ + |
2024-04-26T01:46:57.952 INFO:journalctl@ceph.mgr.x.smithi121.stdout:Apr 26 01:46:57 smithi121 ceph-8b8bef0a-036e-11ef-bc93-c7b262605968-mgr-x[28209]: | o o+.o . + |
2024-04-26T01:46:57.952 INFO:journalctl@ceph.mgr.x.smithi121.stdout:Apr 26 01:46:57 smithi121 ceph-8b8bef0a-036e-11ef-bc93-c7b262605968-mgr-x[28209]: | . .S.= ..o *|
2024-04-26T01:46:57.953 INFO:journalctl@ceph.mgr.x.smithi121.stdout:Apr 26 01:46:57 smithi121 ceph-8b8bef0a-036e-11ef-bc93-c7b262605968-mgr-x[28209]: | . . = +oo.Eo|
2024-04-26T01:46:57.953 INFO:journalctl@ceph.mgr.x.smithi121.stdout:Apr 26 01:46:57 smithi121 ceph-8b8bef0a-036e-11ef-bc93-c7b262605968-mgr-x[28209]: | . .. === . |
2024-04-26T01:46:57.953 INFO:journalctl@ceph.mgr.x.smithi121.stdout:Apr 26 01:46:57 smithi121 ceph-8b8bef0a-036e-11ef-bc93-c7b262605968-mgr-x[28209]: | . o+=.o |
2024-04-26T01:46:57.953 INFO:journalctl@ceph.mgr.x.smithi121.stdout:Apr 26 01:46:57 smithi121 ceph-8b8bef0a-036e-11ef-bc93-c7b262605968-mgr-x[28209]: | .. +*o . |
2024-04-26T01:46:57.953 INFO:journalctl@ceph.mgr.x.smithi121.stdout:Apr 26 01:46:57 smithi121 ceph-8b8bef0a-036e-11ef-bc93-c7b262605968-mgr-x[28209]: +----[SHA256]-----+
2024-04-26T01:46:58.471 INFO:teuthology.orchestra.run.smithi121.stdout:/usr/bin/ceph: stderr
2024-04-26T01:46:56.615+0000 7fcab7c00700 1 Processor -- start
2024-04-26T01:46:58.476 INFO:teuthology.orchestra.run.smithi121.stdout:/usr/bin/ceph: stderr
2024-04-26T01:46:56.615+0000 7fcab7c00700 1 -- start start
2024-04-26T01:46:58.476 INFO:teuthology.orchestra.run.smithi121.stdout:/usr/bin/ceph: stderr
2024-04-26T01:46:56.615+0000 7fcab7c00700 1 --2- >> [v2:172.21.15.121:3300/0,v1:172.21.15.121:6789/0] conn(0x7fcab007de30 0x7fcab007c2e0 unknown :-1 s=NONE pgs=0 cs=0 l=0 rev1=0 crypto rx=0 tx=0 comp rx=0 tx=0).connect
2024-04-26T01:46:58.476 INFO:teuthology.orchestra.run.smithi121.stdout:/usr/bin/ceph: stderr
2024-04-26T01:46:56.615+0000 7fcab7c00700 1 -- --> [v2:172.21.15.121:3300/0,v1:172.21.15.121:6789/0] -- mon_getmap magic: 0 -- 0x7fcab007c820 con 0x7fcab007de30
2024-04-26T01:46:58.476 INFO:teuthology.orchestra.run.smithi121.stdout:/usr/bin/ceph: stderr
2024-04-26T01:46:56.616+0000 7fcab5200700 1 --2- >> [v2:172.21.15.121:3300/0,v1:172.21.15.121:6789/0] conn(0x7fcab007de30 0x7fcab007c2e0 unknown :-1 s=BANNER_CONNECTING pgs=0 cs=0 l=0 rev1=0 crypto rx=0 tx=0 comp rx=0 tx=0)._handle_peer_banner_payload supported=3 required=0
2024-04-26T01:46:58.476 INFO:teuthology.orchestra.run.smithi121.stdout:/usr/bin/ceph: stderr
2024-04-26T01:46:56.616+0000 7fcab5200700 1 --2- >> [v2:172.21.15.121:3300/0,v1:172.21.15.121:6789/0] conn(0x7fcab007de30 0x7fcab007c2e0 unknown :-1 s=HELLO_CONNECTING pgs=0 cs=0 l=0 rev1=1 crypto rx=0 tx=0 comp rx=0 tx=0).handle_hello peer v2:172.21.15.121:3300/0 says I am v2:172.21.15.121:44830/0 (socket says 172.21.15.121:44830)
2024-04-26T01:46:58.477 INFO:teuthology.orchestra.run.smithi121.stdout:/usr/bin/ceph: stderr
2024-04-26T01:46:56.616+0000 7fcab5200700 1 -- 172.21.15.121:0/1610839636 learned_addr learned my addr 172.21.15.121:0/1610839636 (peer_addr_for_me v2:172.21.15.121:0/0)
2024-04-26T01:46:58.477 INFO:teuthology.orchestra.run.smithi121.stdout:/usr/bin/ceph: stderr
2024-04-26T01:46:56.616+0000 7fcab5200700 1 -- 172.21.15.121:0/1610839636 --> [v2:172.21.15.121:3300/0,v1:172.21.15.121:6789/0] -- mon_subscribe({config=0+,monmap=0+}) -- 0x7fcab007c9a0 con 0x7fcab007de30
2024-04-26T01:46:58.477 INFO:teuthology.orchestra.run.smithi121.stdout:/usr/bin/ceph: stderr
2024-04-26T01:46:56.617+0000 7fcab5200700 1 --2- 172.21.15.121:0/1610839636 >> [v2:172.21.15.121:3300/0,v1:172.21.15.121:6789/0] conn(0x7fcab007de30 0x7fcab007c2e0 secure :-1 s=READY pgs=41 cs=0 l=1 rev1=1 crypto rx=0x7fcaa40098a0 tx=0x7fcaa4009bb0 comp rx=0 tx=0).ready entity=mon.0 client_cookie=9d7570929c90308d server_cookie=0 in_seq=0 out_seq=0
2024-04-26T01:46:58.477 INFO:teuthology.orchestra.run.smithi121.stdout:/usr/bin/ceph: stderr
2024-04-26T01:46:56.617+0000 7fcaaf400700 1 -- 172.21.15.121:0/1610839636 <== mon.0 v2:172.21.15.121:3300/0 1 ==== mon_map magic: 0 ==== 205+0+0 (secure 0 0 0) 0x7fcaa4004160 con 0x7fcab007de30
2024-04-26T01:46:58.477 INFO:teuthology.orchestra.run.smithi121.stdout:/usr/bin/ceph: stderr
2024-04-26T01:46:56.617+0000 7fcaaf400700 1 -- 172.21.15.121:0/1610839636 <== mon.0 v2:172.21.15.121:3300/0 2 ==== config(26 keys) ==== 1070+0+0 (secure 0 0 0) 0x7fcaa4004300 con 0x7fcab007de30
2024-04-26T01:46:58.477 INFO:teuthology.orchestra.run.smithi121.stdout:/usr/bin/ceph: stderr
2024-04-26T01:46:56.617+0000 7fcaaf400700 1 -- 172.21.15.121:0/1610839636 <== mon.0 v2:172.21.15.121:3300/0 3 ==== mon_map magic: 0 ==== 205+0+0 (secure 0 0 0) 0x7fcaa4011af0 con 0x7fcab007de30
2024-04-26T01:46:58.477 INFO:teuthology.orchestra.run.smithi121.stdout:/usr/bin/ceph: stderr
2024-04-26T01:46:56.617+0000 7fcab7c00700 1 -- 172.21.15.121:0/1610839636 >> [v2:172.21.15.121:3300/0,v1:172.21.15.121:6789/0] conn(0x7fcab007de30 msgr2=0x7fcab007c2e0 secure :-1 s=STATE_CONNECTION_ESTABLISHED l=1).mark_down
2024-04-26T01:46:58.477 INFO:teuthology.orchestra.run.smithi121.stdout:/usr/bin/ceph: stderr
2024-04-26T01:46:56.617+0000 7fcab7c00700 1 --2- 172.21.15.121:0/1610839636 >> [v2:172.21.15.121:3300/0,v1:172.21.15.121:6789/0] conn(0x7fcab007de30 0x7fcab007c2e0 secure :-1 s=READY pgs=41 cs=0 l=1 rev1=1 crypto rx=0x7fcaa40098a0 tx=0x7fcaa4009bb0 comp rx=0 tx=0).stop
2024-04-26T01:46:58.477 INFO:teuthology.orchestra.run.smithi121.stdout:/usr/bin/ceph: stderr
2024-04-26T01:46:56.618+0000 7fcab7c00700 1 -- 172.21.15.121:0/1610839636 shutdown_connections
2024-04-26T01:46:58.477 INFO:teuthology.orchestra.run.smithi121.stdout:/usr/bin/ceph: stderr
2024-04-26T01:46:56.618+0000 7fcab7c00700 1 --2- 172.21.15.121:0/1610839636 >> [v2:172.21.15.121:3300/0,v1:172.21.15.121:6789/0] conn(0x7fcab007de30 0x7fcab007c2e0 unknown :-1 s=CLOSED pgs=41 cs=0 l=1 rev1=1 crypto rx=0 tx=0 comp rx=0 tx=0).stop
2024-04-26T01:46:58.477 INFO:teuthology.orchestra.run.smithi121.stdout:/usr/bin/ceph: stderr
2024-04-26T01:46:56.618+0000 7fcab7c00700 1 -- 172.21.15.121:0/1610839636 >> 172.21.15.121:0/1610839636 conn(0x7fcab01039f0 msgr2=0x7fcab0105e10 unknown :-1 s=STATE_NONE l=0).mark_down
2024-04-26T01:46:58.477 INFO:teuthology.orchestra.run.smithi121.stdout:/usr/bin/ceph: stderr
2024-04-26T01:46:56.618+0000 7fcab7c00700 1 -- 172.21.15.121:0/1610839636 shutdown_connections
2024-04-26T01:46:58.477 INFO:teuthology.orchestra.run.smithi121.stdout:/usr/bin/ceph: stderr
2024-04-26T01:46:56.618+0000 7fcab7c00700 1 -- 172.21.15.121:0/1610839636 wait complete.
2024-04-26T01:46:58.478 INFO:teuthology.orchestra.run.smithi121.stdout:/usr/bin/ceph: stderr
2024-04-26T01:46:56.619+0000 7fcab7c00700 1 Processor -- start
2024-04-26T01:46:58.478 INFO:teuthology.orchestra.run.smithi121.stdout:/usr/bin/ceph: stderr
