2024-04-26T01:47:31.310+0000 7f5293400700 1 --2- >> [v2:172.21.15.121:3300/0,v1:172.21.15.121:6789/0] conn(0x7f529407de30 0x7f529419e4c0 unknown :-1 s=HELLO_CONNECTING pgs=0 cs=0 l=1 rev1=1 crypto rx=0 tx=0 comp rx=0 tx=0).handle_hello peer v2:172.21.15.121:3300/0 says I am v2:172.21.15.121:35222/0 (socket says 172.21.15.121:35222)
2024-04-26T01:47:32.623 INFO:teuthology.orchestra.run.smithi121.stdout:/usr/bin/ceph: stderr
2024-04-26T01:47:31.310+0000 7f5293400700 1 -- 172.21.15.121:0/893051830 learned_addr learned my addr 172.21.15.121:0/893051830 (peer_addr_for_me v2:172.21.15.121:0/0)
2024-04-26T01:47:32.623 INFO:teuthology.orchestra.run.smithi121.stdout:/usr/bin/ceph: stderr
2024-04-26T01:47:31.311+0000 7f5293400700 1 -- 172.21.15.121:0/893051830 --> [v2:172.21.15.121:3300/0,v1:172.21.15.121:6789/0] -- mon_subscribe({config=0+,monmap=0+}) -- 0x7f529419ea00 con 0x7f529407de30
2024-04-26T01:47:32.623 INFO:teuthology.orchestra.run.smithi121.stdout:/usr/bin/ceph: stderr
2024-04-26T01:47:31.311+0000 7f5293400700 1 --2- 172.21.15.121:0/893051830 >> [v2:172.21.15.121:3300/0,v1:172.21.15.121:6789/0] conn(0x7f529407de30 0x7f529419e4c0 secure :-1 s=READY pgs=73 cs=0 l=1 rev1=1 crypto rx=0x7f5284000c00 tx=0x7f5284011aa0 comp rx=0 tx=0).ready entity=mon.0 client_cookie=0 server_cookie=0 in_seq=0 out_seq=0
2024-04-26T01:47:32.623 INFO:teuthology.orchestra.run.smithi121.stdout:/usr/bin/ceph: stderr
2024-04-26T01:47:31.311+0000 7f528be00700 1 -- 172.21.15.121:0/893051830 <== mon.0 v2:172.21.15.121:3300/0 1 ==== mon_map magic: 0 ==== 205+0+0 (secure 0 0 0) 0x7f5284003aa0 con 0x7f529407de30
2024-04-26T01:47:32.623 INFO:teuthology.orchestra.run.smithi121.stdout:/usr/bin/ceph: stderr
2024-04-26T01:47:31.311+0000 7f528be00700 1 -- 172.21.15.121:0/893051830 <== mon.0 v2:172.21.15.121:3300/0 2 ==== config(26 keys) ==== 1101+0+0 (secure 0 0 0) 0x7f528401b8f0 con 0x7f529407de30
2024-04-26T01:47:32.623 INFO:teuthology.orchestra.run.smithi121.stdout:/usr/bin/ceph: stderr
2024-04-26T01:47:31.312+0000 7f529a800700 1 -- 172.21.15.121:0/893051830 --> [v2:172.21.15.121:3300/0,v1:172.21.15.121:6789/0] -- mon_subscribe({mgrmap=0+}) -- 0x7f529419ec90 con 0x7f529407de30
2024-04-26T01:47:32.623 INFO:teuthology.orchestra.run.smithi121.stdout:/usr/bin/ceph: stderr
2024-04-26T01:47:31.312+0000 7f528be00700 1 -- 172.21.15.121:0/893051830 <== mon.0 v2:172.21.15.121:3300/0 3 ==== mon_map magic: 0 ==== 205+0+0 (secure 0 0 0) 0x7f5284023870 con 0x7f529407de30
2024-04-26T01:47:32.623 INFO:teuthology.orchestra.run.smithi121.stdout:/usr/bin/ceph: stderr
2024-04-26T01:47:31.312+0000 7f529a800700 1 -- 172.21.15.121:0/893051830 --> [v2:172.21.15.121:3300/0,v1:172.21.15.121:6789/0] -- mon_subscribe({osdmap=0}) -- 0x7f52941a1980 con 0x7f529407de30
2024-04-26T01:47:32.623 INFO:teuthology.orchestra.run.smithi121.stdout:/usr/bin/ceph: stderr
2024-04-26T01:47:31.313+0000 7f529a800700 1 -- 172.21.15.121:0/893051830 --> [v2:172.21.15.121:3300/0,v1:172.21.15.121:6789/0] -- mon_command({"prefix": "get_command_descriptions"} v 0) -- 0x7f52940640a0 con 0x7f529407de30
2024-04-26T01:47:32.624 INFO:teuthology.orchestra.run.smithi121.stdout:/usr/bin/ceph: stderr
2024-04-26T01:47:31.314+0000 7f528be00700 1 -- 172.21.15.121:0/893051830 <== mon.0 v2:172.21.15.121:3300/0 4 ==== mgrmap(e 12) ==== 46571+0+0 (secure 0 0 0) 0x7f528401b440 con 0x7f529407de30
2024-04-26T01:47:32.624 INFO:teuthology.orchestra.run.smithi121.stdout:/usr/bin/ceph: stderr
2024-04-26T01:47:31.314+0000 7f528be00700 1 --2- 172.21.15.121:0/893051830 >> [v2:172.21.15.121:6800/3407409926,v1:172.21.15.121:6801/3407409926] conn(0x7f5278039660 0x7f527803bb20 unknown :-1 s=NONE pgs=0 cs=0 l=1 rev1=0 crypto rx=0 tx=0 comp rx=0 tx=0).connect
2024-04-26T01:47:32.624 INFO:teuthology.orchestra.run.smithi121.stdout:/usr/bin/ceph: stderr
2024-04-26T01:47:31.314+0000 7f528be00700 1 -- 172.21.15.121:0/893051830 <== mon.0 v2:172.21.15.121:3300/0 5 ==== osd_map(3..3 src has 1..3) ==== 1155+0+0 (secure 0 0 0) 0x7f528404dfd0 con 0x7f529407de30
2024-04-26T01:47:32.624 INFO:teuthology.orchestra.run.smithi121.stdout:/usr/bin/ceph: stderr
2024-04-26T01:47:31.315+0000 7f5292a00700 1 --2- 172.21.15.121:0/893051830 >> [v2:172.21.15.121:6800/3407409926,v1:172.21.15.121:6801/3407409926] conn(0x7f5278039660 0x7f527803bb20 unknown :-1 s=BANNER_CONNECTING pgs=0 cs=0 l=1 rev1=0 crypto rx=0 tx=0 comp rx=0 tx=0)._handle_peer_banner_payload supported=3 required=0
2024-04-26T01:47:32.624 INFO:teuthology.orchestra.run.smithi121.stdout:/usr/bin/ceph: stderr
2024-04-26T01:47:31.315+0000 7f5292a00700 1 --2- 172.21.15.121:0/893051830 >> [v2:172.21.15.121:6800/3407409926,v1:172.21.15.121:6801/3407409926] conn(0x7f5278039660 0x7f527803bb20 secure :-1 s=READY pgs=8 cs=0 l=1 rev1=1 crypto rx=0x7f5280006fd0 tx=0x7f5280006e40 comp rx=0 tx=0).ready entity=mgr.14152 client_cookie=0 server_cookie=0 in_seq=0 out_seq=0
2024-04-26T01:47:32.624 INFO:teuthology.orchestra.run.smithi121.stdout:/usr/bin/ceph: stderr
2024-04-26T01:47:31.324+0000 7f528be00700 1 -- 172.21.15.121:0/893051830 <== mon.0 v2:172.21.15.121:3300/0 6 ==== mon_command_ack([{"prefix": "get_command_descriptions"}]=0 v0) ==== 72+0+188370 (secure 0 0 0) 0x7f528401f030 con 0x7f529407de30
2024-04-26T01:47:32.624 INFO:teuthology.orchestra.run.smithi121.stdout:/usr/bin/ceph: stderr
2024-04-26T01:47:31.568+0000 7f529a800700 1 -- 172.21.15.121:0/893051830 --> [v2:172.21.15.121:6800/3407409926,v1:172.21.15.121:6801/3407409926] -- mgr_command(tid 0: {"prefix": "dashboard ac-user-create", "username": "admin", "rolename": "administrator", "force_password": true, "pwd_update_required": true, "target": ["mon-mgr", ""]}) -- 0x7f52941a1b50 con 0x7f5278039660
2024-04-26T01:47:32.624 INFO:teuthology.orchestra.run.smithi121.stdout:/usr/bin/ceph: stderr
2024-04-26T01:47:31.805+0000 7f528be00700 1 -- 172.21.15.121:0/893051830 <== mgr.14152 v2:172.21.15.121:6800/3407409926 1 ==== mgr_command_reply(tid 0: 0 ) ==== 8+0+252 (secure 0 0 0) 0x7f52941a1b50 con 0x7f5278039660
2024-04-26T01:47:32.624 INFO:teuthology.orchestra.run.smithi121.stdout:/usr/bin/ceph: stderr
2024-04-26T01:47:31.807+0000 7f529a800700 1 -- 172.21.15.121:0/893051830 >> [v2:172.21.15.121:6800/3407409926,v1:172.21.15.121:6801/3407409926] conn(0x7f5278039660 msgr2=0x7f527803bb20 secure :-1 s=STATE_CONNECTION_ESTABLISHED l=1).mark_down
2024-04-26T01:47:32.624 INFO:teuthology.orchestra.run.smithi121.stdout:/usr/bin/ceph: stderr
2024-04-26T01:47:31.807+0000 7f529a800700 1 --2- 172.21.15.121:0/893051830 >> [v2:172.21.15.121:6800/3407409926,v1:172.21.15.121:6801/3407409926] conn(0x7f5278039660 0x7f527803bb20 secure :-1 s=READY pgs=8 cs=0 l=1 rev1=1 crypto rx=0x7f5280006fd0 tx=0x7f5280006e40 comp rx=0 tx=0).stop
2024-04-26T01:47:32.624 INFO:teuthology.orchestra.run.smithi121.stdout:/usr/bin/ceph: stderr
2024-04-26T01:47:31.807+0000 7f529a800700 1 -- 172.21.15.121:0/893051830 >> [v2:172.21.15.121:3300/0,v1:172.21.15.121:6789/0] conn(0x7f529407de30 msgr2=0x7f529419e4c0 secure :-1 s=STATE_CONNECTION_ESTABLISHED l=1).mark_down
2024-04-26T01:47:32.624 INFO:teuthology.orchestra.run.smithi121.stdout:/usr/bin/ceph: stderr
2024-04-26T01:47:31.807+0000 7f529a800700 1 --2- 172.21.15.121:0/893051830 >> [v2:172.21.15.121:3300/0,v1:172.21.15.121:6789/0] conn(0x7f529407de30 0x7f529419e4c0 secure :-1 s=READY pgs=73 cs=0 l=1 rev1=1 crypto rx=0x7f5284000c00 tx=0x7f5284011aa0 comp rx=0 tx=0).stop
2024-04-26T01:47:32.624 INFO:teuthology.orchestra.run.smithi121.stdout:/usr/bin/ceph: stderr
2024-04-26T01:47:31.807+0000 7f529a800700 1 -- 172.21.15.121:0/893051830 shutdown_connections
2024-04-26T01:47:32.624 INFO:teuthology.orchestra.run.smithi121.stdout:/usr/bin/ceph: stderr
2024-04-26T01:47:31.807+0000 7f529a800700 1 --2- 172.21.15.121:0/893051830 >> [v2:172.21.15.121:6800/3407409926,v1:172.21.15.121:6801/3407409926] conn(0x7f5278039660 0x7f527803bb20 unknown :-1 s=CLOSED pgs=8 cs=0 l=1 rev1=1 crypto rx=0 tx=0 comp rx=0 tx=0).stop
2024-04-26T01:47:32.624 INFO:teuthology.orchestra.run.smithi121.stdout:/usr/bin/ceph: stderr
2024-04-26T01:47:31.807+0000 7f529a800700 1 --2- 172.21.15.121:0/893051830 >> [v2:172.21.15.121:3300/0,v1:172.21.15.121:6789/0] conn(0x7f529407de30 0x7f529419e4c0 unknown :-1 s=CLOSED pgs=73 cs=0 l=1 rev1=1 crypto rx=0 tx=0 comp rx=0 tx=0).stop
2024-04-26T01:47:32.625 INFO:teuthology.orchestra.run.smithi121.stdout:/usr/bin/ceph: stderr
2024-04-26T01:47:31.807+0000 7f529a800700 1 -- 172.21.15.121:0/893051830 >> 172.21.15.121:0/893051830 conn(0x7f52941039f0 msgr2=0x7f5294104550 unknown :-1 s=STATE_NONE l=0).mark_down
2024-04-26T01:47:32.625 INFO:teuthology.orchestra.run.smithi121.stdout:/usr/bin/ceph: stderr
2024-04-26T01:47:31.808+0000 7f529a800700 1 -- 172.21.15.121:0/893051830 shutdown_connections
2024-04-26T01:47:32.625 INFO:teuthology.orchestra.run.smithi121.stdout:/usr/bin/ceph: stderr
2024-04-26T01:47:31.808+0000 7f529a800700 1 -- 172.21.15.121:0/893051830 wait complete.
2024-04-26T01:47:32.625 INFO:teuthology.orchestra.run.smithi121.stdout:Fetching dashboard port number...
2024-04-26T01:47:32.944 INFO:journalctl@ceph.mon.a.smithi121.stdout:Apr 26 01:47:32 smithi121 ceph-mon[27982]: from='client.14166 -' entity='client.admin' cmd=[{"prefix": "dashboard ac-user-create", "username": "admin", "rolename": "administrator", "force_password": true, "pwd_update_required": true, "target": ["mon-mgr", ""]}]: dispatch
2024-04-26T01:47:32.945 INFO:journalctl@ceph.mon.a.smithi121.stdout:Apr 26 01:47:32 smithi121 ceph-mon[27982]: from='mgr.14152 172.21.15.121:0/3048627298' entity='mgr.x'
2024-04-26T01:47:32.945 INFO:journalctl@ceph.mon.a.smithi121.stdout:Apr 26 01:47:32 smithi121 ceph-mon[27982]: from='mgr.14152 172.21.15.121:0/3048627298' entity='mgr.x'
2024-04-26T01:47:34.200 INFO:journalctl@ceph.mon.a.smithi121.stdout:Apr 26 01:47:33 smithi121 ceph-mon[27982]: from='client.? 172.21.15.121:0/4136166718' entity='client.admin' cmd=[{"prefix": "config get", "who": "mgr", "key": "mgr/dashboard/ssl_server_port"}]: dispatch
2024-04-26T01:47:34.677 INFO:teuthology.orchestra.run.smithi121.stdout:/usr/bin/ceph: stdout 8443
2024-04-26T01:47:34.677 INFO:teuthology.orchestra.run.smithi121.stdout:/usr/bin/ceph: stderr
2024-04-26T01:47:33.259+0000 7f61bfe00700 1 Processor -- start
2024-04-26T01:47:34.678 INFO:teuthology.orchestra.run.smithi121.stdout:/usr/bin/ceph: stderr
2024-04-26T01:47:33.260+0000 7f61bfe00700 1 -- start start
2024-04-26T01:47:34.678 INFO:teuthology.orchestra.run.smithi121.stdout:/usr/bin/ceph: stderr
2024-04-26T01:47:33.260+0000 7f61bfe00700 1 --2- >> [v2:172.21.15.121:3300/0,v1:172.21.15.121:6789/0] conn(0x7f61b807de30 0x7f61b807c2e0 unknown :-1 s=NONE pgs=0 cs=0 l=0 rev1=0 crypto rx=0 tx=0 comp rx=0 tx=0).connect
2024-04-26T01:47:34.678 INFO:teuthology.orchestra.run.smithi121.stdout:/usr/bin/ceph: stderr
2024-04-26T01:47:33.260+0000 7f61bfe00700 1 -- --> [v2:172.21.15.121:3300/0,v1:172.21.15.121:6789/0] -- mon_getmap magic: 0 -- 0x7f61b807c820 con 0x7f61b807de30
2024-04-26T01:47:34.679 INFO:teuthology.orchestra.run.smithi121.stdout:/usr/bin/ceph: stderr
2024-04-26T01:47:33.261+0000 7f61bd400700 1 --2- >> [v2:172.21.15.121:3300/0,v1:172.21.15.121:6789/0] conn(0x7f61b807de30 0x7f61b807c2e0 unknown :-1 s=BANNER_CONNECTING pgs=0 cs=0 l=0 rev1=0 crypto rx=0 tx=0 comp rx=0 tx=0)._handle_peer_banner_payload supported=3 required=0
2024-04-26T01:47:34.680 INFO:teuthology.orchestra.run.smithi121.stdout:/usr/bin/ceph: stderr
2024-04-26T01:47:33.261+0000 7f61bd400700 1 --2- >> [v2:172.21.15.121:3300/0,v1:172.21.15.121:6789/0] conn(0x7f61b807de30 0x7f61b807c2e0 unknown :-1 s=HELLO_CONNECTING pgs=0 cs=0 l=0 rev1=1 crypto rx=0 tx=0 comp rx=0 tx=0).handle_hello peer v2:172.21.15.121:3300/0 says I am v2:172.21.15.121:35232/0 (socket says 172.21.15.121:35232)
2024-04-26T01:47:34.680 INFO:teuthology.orchestra.run.smithi121.stdout:/usr/bin/ceph: stderr
2024-04-26T01:47:33.261+0000 7f61bd400700 1 -- 172.21.15.121:0/2366866078 learned_addr learned my addr 172.21.15.121:0/2366866078 (peer_addr_for_me v2:172.21.15.121:0/0)
2024-04-26T01:47:34.680 INFO:teuthology.orchestra.run.smithi121.stdout:/usr/bin/ceph: stderr
2024-04-26T01:47:33.261+0000 7f61bd400700 1 -- 172.21.15.121:0/2366866078 --> [v2:172.21.15.121:3300/0,v1:172.21.15.121:6789/0] -- mon_subscribe({config=0+,monmap=0+}) -- 0x7f61b807c9a0 con 0x7f61b807de30
2024-04-26T01:47:34.680 INFO:teuthology.orchestra.run.smithi121.stdout:/usr/bin/ceph: stderr
2024-04-26T01:47:33.262+0000 7f61bd400700 1 --2- 172.21.15.121:0/2366866078 >> [v2:172.21.15.121:3300/0,v1:172.21.15.121:6789/0] conn(0x7f61b807de30 0x7f61b807c2e0 secure :-1 s=READY pgs=74 cs=0 l=1 rev1=1 crypto rx=0x7f61ac0098a0 tx=0x7f61ac009bb0 comp rx=0 tx=0).ready entity=mon.0 client_cookie=158c053ee12918f7 server_cookie=0 in_seq=0 out_seq=0
2024-04-26T01:47:34.680 INFO:teuthology.orchestra.run.smithi121.stdout:/usr/bin/ceph: stderr
2024-04-26T01:47:33.262+0000 7f61b7e00700 1 -- 172.21.15.121:0/2366866078 <== mon.0 v2:172.21.15.121:3300/0 1 ==== mon_map magic: 0 ==== 205+0+0 (secure 0 0 0) 0x7f61ac004160 con 0x7f61b807de30
2024-04-26T01:47:34.681 INFO:teuthology.orchestra.run.smithi121.stdout:/usr/bin/ceph: stderr
2024-04-26T01:47:33.262+0000 7f61b7e00700 1 -- 172.21.15.121:0/2366866078 <== mon.0 v2:172.21.15.121:3300/0 2 ==== config(26 keys) ==== 1101+0+0 (secure 0 0 0) 0x7f61ac004300 con 0x7f61b807de30
2024-04-26T01:47:34.681 INFO:teuthology.orchestra.run.smithi121.stdout:/usr/bin/ceph: stderr
2024-04-26T01:47:33.262+0000 7f61b7e00700 1 -- 172.21.15.121:0/2366866078 <== mon.0 v2:172.21.15.121:3300/0 3 ==== mon_map magic: 0 ==== 205+0+0 (secure 0 0 0) 0x7f61ac011a20 con 0x7f61b807de30
2024-04-26T01:47:34.681 INFO:teuthology.orchestra.run.smithi121.stdout:/usr/bin/ceph: stderr
2024-04-26T01:47:33.263+0000 7f61bfe00700 1 -- 172.21.15.121:0/2366866078 >> [v2:172.21.15.121:3300/0,v1:172.21.15.121:6789/0] conn(0x7f61b807de30 msgr2=0x7f61b807c2e0 secure :-1 s=STATE_CONNECTION_ESTABLISHED l=1).mark_down
2024-04-26T01:47:34.681 INFO:teuthology.orchestra.run.smithi121.stdout:/usr/bin/ceph: stderr
2024-04-26T01:47:33.263+0000 7f61bfe00700 1 --2- 172.21.15.121:0/2366866078 >> [v2:172.21.15.121:3300/0,v1:172.21.15.121:6789/0] conn(0x7f61b807de30 0x7f61b807c2e0 secure :-1 s=READY pgs=74 cs=0 l=1 rev1=1 crypto rx=0x7f61ac0098a0 tx=0x7f61ac009bb0 comp rx=0 tx=0).stop
2024-04-26T01:47:34.681 INFO:teuthology.orchestra.run.smithi121.stdout:/usr/bin/ceph: stderr
2024-04-26T01:47:33.263+0000 7f61bfe00700 1 -- 172.21.15.121:0/2366866078 shutdown_connections
2024-04-26T01:47:34.681 INFO:teuthology.orchestra.run.smithi121.stdout:/usr/bin/ceph: stderr
2024-04-26T01:47:33.263+0000 7f61bfe00700 1 --2- 172.21.15.121:0/2366866078 >> [v2:172.21.15.121:3300/0,v1:172.21.15.121:6789/0] conn(0x7f61b807de30 0x7f61b807c2e0 unknown :-1 s=CLOSED pgs=74 cs=0 l=1 rev1=1 crypto rx=0 tx=0 comp rx=0 tx=0).stop
2024-04-26T01:47:34.681 INFO:teuthology.orchestra.run.smithi121.stdout:/usr/bin/ceph: stderr
2024-04-26T01:47:33.263+0000 7f61bfe00700 1 -- 172.21.15.121:0/2366866078 >> 172.21.15.121:0/2366866078 conn(0x7f61b81039f0 msgr2=0x7f61b8105e10 unknown :-1 s=STATE_NONE l=0).mark_down
2024-04-26T01:47:34.685 INFO:teuthology.orchestra.run.smithi121.stdout:/usr/bin/ceph: stderr
2024-04-26T01:47:33.263+0000 7f61bfe00700 1 -- 172.21.15.121:0/2366866078 shutdown_connections
2024-04-26T01:47:34.685 INFO:teuthology.orchestra.run.smithi121.stdout:/usr/bin/ceph: stderr
2024-04-26T01:47:33.263+0000 7f61bfe00700 1 -- 172.21.15.121:0/2366866078 wait complete.
2024-04-26T01:47:34.685 INFO:teuthology.orchestra.run.smithi121.stdout:/usr/bin/ceph: stderr
2024-04-26T01:47:33.264+0000 7f61bfe00700 1 Processor -- start
2024-04-26T01:47:34.685 INFO:teuthology.orchestra.run.smithi121.stdout:/usr/bin/ceph: stderr
2024-04-26T01:47:33.264+0000 7f61bfe00700 1 -- start start
2024-04-26T01:47:34.685 INFO:teuthology.orchestra.run.smithi121.stdout:/usr/bin/ceph: stderr
2024-04-26T01:47:33.265+0000 7f61bfe00700 1 --2- >> [v2:172.21.15.121:3300/0,v1:172.21.15.121:6789/0] conn(0x7f61b807de30 0x7f61b819e4e0 unknown :-1 s=NONE pgs=0 cs=0 l=1 rev1=0 crypto rx=0 tx=0 comp rx=0 tx=0).connect
2024-04-26T01:47:34.685 INFO:teuthology.orchestra.run.smithi121.stdout:/usr/bin/ceph: stderr
2024-04-26T01:47:33.265+0000 7f61bfe00700 1 -- --> [v2:172.21.15.121:3300/0,v1:172.21.15.121:6789/0] -- mon_getmap magic: 0 -- 0x7f61b810e970 con 0x7f61b807de30
2024-04-26T01:47:34.685 INFO:teuthology.orchestra.run.smithi121.stdout:/usr/bin/ceph: stderr
2024-04-26T01:47:33.265+0000 7f61bd400700 1 --2- >> [v2:172.21.15.121:3300/0,v1:172.21.15.121:6789/0] conn(0x7f61b807de30 0x7f61b819e4e0 unknown :-1 s=BANNER_CONNECTING pgs=0 cs=0 l=1 rev1=0 crypto rx=0 tx=0 comp rx=0 tx=0)._handle_peer_banner_payload supported=3 required=0
2024-04-26T01:47:34.685 INFO:teuthology.orchestra.run.smithi121.stdout:/usr/bin/ceph: stderr
2024-04-26T01:47:33.265+0000 7f61bd400700 1 --2- >> [v2:172.21.15.121:3300/0,v1:172.21.15.121:6789/0] conn(0x7f61b807de30 0x7f61b819e4e0 unknown :-1 s=HELLO_CONNECTING pgs=0 cs=0 l=1 rev1=1 crypto rx=0 tx=0 comp rx=0 tx=0).handle_hello peer v2:172.21.15.121:3300/0 says I am v2:172.21.15.121:35244/0 (socket says 172.21.15.121:35244)
2024-04-26T01:47:34.685 INFO:teuthology.orchestra.run.smithi121.stdout:/usr/bin/ceph: stderr
2024-04-26T01:47:33.265+0000 7f61bd400700 1 -- 172.21.15.121:0/4136166718 learned_addr learned my addr 172.21.15.121:0/4136166718 (peer_addr_for_me v2:172.21.15.121:0/0)
2024-04-26T01:47:34.685 INFO:teuthology.orchestra.run.smithi121.stdout:/usr/bin/ceph: stderr
2024-04-26T01:47:33.265+0000 7f61bd400700 1 -- 172.21.15.121:0/4136166718 --> [v2:172.21.15.121:3300/0,v1:172.21.15.121:6789/0] -- mon_subscribe({config=0+,monmap=0+}) -- 0x7f61b819ea20 con 0x7f61b807de30
2024-04-26T01:47:34.685 INFO:teuthology.orchestra.run.smithi121.stdout:/usr/bin/ceph: stderr
2024-04-26T01:47:33.266+0000 7f61bd400700 1 --2- 172.21.15.121:0/4136166718 >> [v2:172.21.15.121:3300/0,v1:172.21.15.121:6789/0] conn(0x7f61b807de30 0x7f61b819e4e0 secure :-1 s=READY pgs=75 cs=0 l=1 rev1=1 crypto rx=0x7f61ac000c00 tx=0x7f61ac011aa0 comp rx=0 tx=0).ready entity=mon.0 client_cookie=0 server_cookie=0 in_seq=0 out_seq=0
2024-04-26T01:47:34.685 INFO:teuthology.orchestra.run.smithi121.stdout:/usr/bin/ceph: stderr
2024-04-26T01:47:33.266+0000 7f61b6000700 1 -- 172.21.15.121:0/4136166718 <== mon.0 v2:172.21.15.121:3300/0 1 ==== mon_map magic: 0 ==== 205+0+0 (secure 0 0 0) 0x7f61ac003aa0 con 0x7f61b807de30
2024-04-26T01:47:34.685 INFO:teuthology.orchestra.run.smithi121.stdout:/usr/bin/ceph: stderr
2024-04-26T01:47:33.266+0000 7f61b6000700 1 -- 172.21.15.121:0/4136166718 <== mon.0 v2:172.21.15.121:3300/0 2 ==== config(26 keys) ==== 1101+0+0 (secure 0 0 0) 0x7f61ac01b8f0 con 0x7f61b807de30
2024-04-26T01:47:34.686 INFO:teuthology.orchestra.run.smithi121.stdout:/usr/bin/ceph: stderr
2024-04-26T01:47:33.266+0000 7f61b6000700 1 -- 172.21.15.121:0/4136166718 <== mon.0 v2:172.21.15.121:3300/0 3 ==== mon_map magic: 0 ==== 205+0+0 (secure 0 0 0) 0x7f61ac023870 con 0x7f61b807de30
2024-04-26T01:47:34.686 INFO:teuthology.orchestra.run.smithi121.stdout:/usr/bin/ceph: stderr
2024-04-26T01:47:33.266+0000 7f61bfe00700 1 -- 172.21.15.121:0/4136166718 --> [v2:172.21.15.121:3300/0,v1:172.21.15.121:6789/0] -- mon_subscribe({mgrmap=0+}) -- 0x7f61b819ecb0 con 0x7f61b807de30
2024-04-26T01:47:34.686 INFO:teuthology.orchestra.run.smithi121.stdout:/usr/bin/ceph: stderr
2024-04-26T01:47:33.266+0000 7f61bfe00700 1 -- 172.21.15.121:0/4136166718 --> [v2:172.21.15.121:3300/0,v1:172.21.15.121:6789/0] -- mon_subscribe({osdmap=0}) -- 0x7f61b81a19a0 con 0x7f61b807de30
2024-04-26T01:47:34.686 INFO:teuthology.orchestra.run.smithi121.stdout:/usr/bin/ceph: stderr
2024-04-26T01:47:33.267+0000 7f61bfe00700 1 -- 172.21.15.121:0/4136166718 --> [v2:172.21.15.121:3300/0,v1:172.21.15.121:6789/0] -- mon_command({"prefix": "get_command_descriptions"} v 0) -- 0x7f61b80640a0 con 0x7f61b807de30
2024-04-26T01:47:34.686 INFO:teuthology.orchestra.run.smithi121.stdout:/usr/bin/ceph: stderr
2024-04-26T01:47:33.268+0000 7f61b6000700 1 -- 172.21.15.121:0/4136166718 <== mon.0 v2:172.21.15.121:3300/0 4 ==== mgrmap(e 12) ==== 46571+0+0 (secure 0 0 0) 0x7f61ac023b20 con 0x7f61b807de30
2024-04-26T01:47:34.686 INFO:teuthology.orchestra.run.smithi121.stdout:/usr/bin/ceph: stderr
2024-04-26T01:47:33.268+0000 7f61b6000700 1 --2- 172.21.15.121:0/4136166718 >> [v2:172.21.15.121:6800/3407409926,v1:172.21.15.121:6801/3407409926] conn(0x7f61a0039660 0x7f61a003bb20 unknown :-1 s=NONE pgs=0 cs=0 l=1 rev1=0 crypto rx=0 tx=0 comp rx=0 tx=0).connect
2024-04-26T01:47:34.686 INFO:teuthology.orchestra.run.smithi121.stdout:/usr/bin/ceph: stderr
2024-04-26T01:47:33.268+0000 7f61b6000700 1 -- 172.21.15.121:0/4136166718 <== mon.0 v2:172.21.15.121:3300/0 5 ==== osd_map(3..3 src has 1..3) ==== 1155+0+0 (secure 0 0 0) 0x7f61ac04e0e0 con 0x7f61b807de30
2024-04-26T01:47:34.686 INFO:teuthology.orchestra.run.smithi121.stdout:/usr/bin/ceph: stderr
2024-04-26T01:47:33.269+0000 7f61bca00700 1 --2- 172.21.15.121:0/4136166718 >> [v2:172.21.15.121:6800/3407409926,v1:172.21.15.121:6801/3407409926] conn(0x7f61a0039660 0x7f61a003bb20 unknown :-1 s=BANNER_CONNECTING pgs=0 cs=0 l=1 rev1=0 crypto rx=0 tx=0 comp rx=0 tx=0)._handle_peer_banner_payload supported=3 required=0
2024-04-26T01:47:34.686 INFO:teuthology.orchestra.run.smithi121.stdout:/usr/bin/ceph: stderr
2024-04-26T01:47:33.269+0000 7f61bca00700 1 --2- 172.21.15.121:0/4136166718 >> [v2:172.21.15.121:6800/3407409926,v1:172.21.15.121:6801/3407409926] conn(0x7f61a0039660 0x7f61a003bb20 secure :-1 s=READY pgs=9 cs=0 l=1 rev1=1 crypto rx=0x7f61a4006fd0 tx=0x7f61a4006e40 comp rx=0 tx=0).ready entity=mgr.14152 client_cookie=0 server_cookie=0 in_seq=0 out_seq=0
2024-04-26T01:47:34.686 INFO:teuthology.orchestra.run.smithi121.stdout:/usr/bin/ceph: stderr
2024-04-26T01:47:33.274+0000 7f61b6000700 1 -- 172.21.15.121:0/4136166718 <== mon.0 v2:172.21.15.121:3300/0 6 ==== mon_command_ack([{"prefix": "get_command_descriptions"}]=0 v0) ==== 72+0+188370 (secure 0 0 0) 0x7f61ac01f030 con 0x7f61b807de30
2024-04-26T01:47:34.686 INFO:teuthology.orchestra.run.smithi121.stdout:/usr/bin/ceph: stderr
2024-04-26T01:47:33.522+0000 7f61bfe00700 1 -- 172.21.15.121:0/4136166718 --> [v2:172.21.15.121:3300/0,v1:172.21.15.121:6789/0] -- mon_command({"prefix": "config get", "who": "mgr", "key": "mgr/dashboard/ssl_server_port"} v 0) -- 0x7f61b81a1b70 con 0x7f61b807de30
2024-04-26T01:47:34.686 INFO:teuthology.orchestra.run.smithi121.stdout:/usr/bin/ceph: stderr
2024-04-26T01:47:33.523+0000 7f61b6000700 1 -- 172.21.15.121:0/4136166718 <== mon.0 v2:172.21.15.121:3300/0 7 ==== mon_command_ack([{"prefix": "config get", "who": "mgr", "key": "mgr/dashboard/ssl_server_port"}]=0 v8) ==== 112+0+5 (secure 0 0 0) 0x7f61ac023e10 con 0x7f61b807de30
2024-04-26T01:47:34.686 INFO:teuthology.orchestra.run.smithi121.stdout:/usr/bin/ceph: stderr
2024-04-26T01:47:33.526+0000 7f61bfe00700 1 -- 172.21.15.121:0/4136166718 >> [v2:172.21.15.121:6800/3407409926,v1:172.21.15.121:6801/3407409926] conn(0x7f61a0039660 msgr2=0x7f61a003bb20 secure :-1 s=STATE_CONNECTION_ESTABLISHED l=1).mark_down
2024-04-26T01:47:34.687 INFO:teuthology.orchestra.run.smithi121.stdout:/usr/bin/ceph: stderr
2024-04-26T01:47:33.526+0000 7f61bfe00700 1 --2- 172.21.15.121:0/4136166718 >> [v2:172.21.15.121:6800/3407409926,v1:172.21.15.121:6801/3407409926] conn(0x7f61a0039660 0x7f61a003bb20 secure :-1 s=READY pgs=9 cs=0 l=1 rev1=1 crypto rx=0x7f61a4006fd0 tx=0x7f61a4006e40 comp rx=0 tx=0).stop
2024-04-26T01:47:34.687 INFO:teuthology.orchestra.run.smithi121.stdout:/usr/bin/ceph: stderr
2024-04-26T01:47:33.526+0000 7f61bfe00700 1 -- 172.21.15.121:0/4136166718 >> [v2:172.21.15.121:3300/0,v1:172.21.15.121:6789/0] conn(0x7f61b807de30 msgr2=0x7f61b819e4e0 secure :-1 s=STATE_CONNECTION_ESTABLISHED l=1).mark_down
2024-04-26T01:47:34.687 INFO:teuthology.orchestra.run.smithi121.stdout:/usr/bin/ceph: stderr
2024-04-26T01:47:33.526+0000 7f61bfe00700 1 --2- 172.21.15.121:0/4136166718 >> [v2:172.21.15.121:3300/0,v1:172.21.15.121:6789/0] conn(0x7f61b807de30 0x7f61b819e4e0 secure :-1 s=READY pgs=75 cs=0 l=1 rev1=1 crypto rx=0x7f61ac000c00 tx=0x7f61ac011aa0 comp rx=0 tx=0).stop
2024-04-26T01:47:34.687 INFO:teuthology.orchestra.run.smithi121.stdout:/usr/bin/ceph: stderr
2024-04-26T01:47:33.527+0000 7f61bfe00700 1 -- 172.21.15.121:0/4136166718 shutdown_connections
2024-04-26T01:47:34.687 INFO:teuthology.orchestra.run.smithi121.stdout:/usr/bin/ceph: stderr
2024-04-26T01:47:33.527+0000 7f61bfe00700 1 --2- 172.21.15.121:0/4136166718 >> [v2:172.21.15.121:6800/3407409926,v1:172.21.15.121:6801/3407409926] conn(0x7f61a0039660 0x7f61a003bb20 unknown :-1 s=CLOSED pgs=9 cs=0 l=1 rev1=1 crypto rx=0 tx=0 comp rx=0 tx=0).stop
2024-04-26T01:47:34.687 INFO:teuthology.orchestra.run.smithi121.stdout:/usr/bin/ceph: stderr
2024-04-26T01:47:33.527+0000 7f61bfe00700 1 --2- 172.21.15.121:0/4136166718 >> [v2:172.21.15.121:3300/0,v1:172.21.15.121:6789/0] conn(0x7f61b807de30 0x7f61b819e4e0 unknown :-1 s=CLOSED pgs=75 cs=0 l=1 rev1=1 crypto rx=0 tx=0 comp rx=0 tx=0).stop
2024-04-26T01:47:34.687 INFO:teuthology.orchestra.run.smithi121.stdout:/usr/bin/ceph: stderr
2024-04-26T01:47:33.527+0000 7f61bfe00700 1 -- 172.21.15.121:0/4136166718 >> 172.21.15.121:0/4136166718 conn(0x7f61b81039f0 msgr2=0x7f61b8104520 unknown :-1 s=STATE_NONE l=0).mark_down
2024-04-26T01:47:34.687 INFO:teuthology.orchestra.run.smithi121.stdout:/usr/bin/ceph: stderr
2024-04-26T01:47:33.527+0000 7f61bfe00700 1 -- 172.21.15.121:0/4136166718 shutdown_connections
2024-04-26T01:47:34.687 INFO:teuthology.orchestra.run.smithi121.stdout:/usr/bin/ceph: stderr
2024-04-26T01:47:33.527+0000 7f61bfe00700 1 -- 172.21.15.121:0/4136166718 wait complete.
2024-04-26T01:47:34.722 INFO:teuthology.orchestra.run.smithi121.stdout:Non-zero exit code 1 from systemctl is-enabled firewalld.service
2024-04-26T01:47:34.722 INFO:teuthology.orchestra.run.smithi121.stdout:systemctl: stdout disabled
2024-04-26T01:47:34.747 INFO:teuthology.orchestra.run.smithi121.stdout:Non-zero exit code 3 from systemctl is-active firewalld.service
2024-04-26T01:47:34.747 INFO:teuthology.orchestra.run.smithi121.stdout:systemctl: stdout inactive
2024-04-26T01:47:34.748 INFO:teuthology.orchestra.run.smithi121.stdout:firewalld.service is not enabled
2024-04-26T01:47:34.748 INFO:teuthology.orchestra.run.smithi121.stdout:Not possible to open ports <[8443]>. firewalld.service is not available
2024-04-26T01:47:34.753 INFO:teuthology.orchestra.run.smithi121.stdout:Ceph Dashboard is now available at:
2024-04-26T01:47:34.753 INFO:teuthology.orchestra.run.smithi121.stdout:
2024-04-26T01:47:34.753 INFO:teuthology.orchestra.run.smithi121.stdout: URL: https://smithi121.front.sepia.ceph.com:8443/
2024-04-26T01:47:34.753 INFO:teuthology.orchestra.run.smithi121.stdout: User: admin
2024-04-26T01:47:34.754 INFO:teuthology.orchestra.run.smithi121.stdout: Password: h72k9jhhmh
2024-04-26T01:47:34.754 INFO:teuthology.orchestra.run.smithi121.stdout:
2024-04-26T01:47:34.755 INFO:teuthology.orchestra.run.smithi121.stdout:Saving cluster configuration to /var/lib/ceph/8b8bef0a-036e-11ef-bc93-c7b262605968/config directory
2024-04-26T01:47:34.756 INFO:teuthology.orchestra.run.smithi121.stdout:Enabling autotune for osd_memory_target
2024-04-26T01:47:34.950 INFO:journalctl@ceph.mon.a.smithi121.stdout:Apr 26 01:47:34 smithi121 ceph-mon[27982]: mgrmap e13: x(active, since 6s)
2024-04-26T01:47:36.756 INFO:teuthology.orchestra.run.smithi121.stdout:/usr/bin/ceph: stderr
2024-04-26T01:47:35.825+0000 7f505f000700 1 Processor -- start
2024-04-26T01:47:36.756 INFO:teuthology.orchestra.run.smithi121.stdout:/usr/bin/ceph: stderr
2024-04-26T01:47:35.825+0000 7f505f000700 1 -- start start
2024-04-26T01:47:36.756 INFO:teuthology.orchestra.run.smithi121.stdout:/usr/bin/ceph: stderr
2024-04-26T01:47:35.825+0000 7f505f000700 1 --2- >> [v2:172.21.15.121:3300/0,v1:172.21.15.121:6789/0] conn(0x7f505807deb0 0x7f505807c360 unknown :-1 s=NONE pgs=0 cs=0 l=0 rev1=0 crypto rx=0 tx=0 comp rx=0 tx=0).connect
2024-04-26T01:47:36.756 INFO:teuthology.orchestra.run.smithi121.stdout:/usr/bin/ceph: stderr
2024-04-26T01:47:35.825+0000 7f505f000700 1 -- --> [v2:172.21.15.121:3300/0,v1:172.21.15.121:6789/0] -- mon_getmap magic: 0 -- 0x7f505807c930 con 0x7f505807deb0
2024-04-26T01:47:36.757 INFO:teuthology.orchestra.run.smithi121.stdout:/usr/bin/ceph: stderr
2024-04-26T01:47:35.826+0000 7f5057e00700 1 --2- >> [v2:172.21.15.121:3300/0,v1:172.21.15.121:6789/0] conn(0x7f505807deb0 0x7f505807c360 unknown :-1 s=BANNER_CONNECTING pgs=0 cs=0 l=0 rev1=0 crypto rx=0 tx=0 comp rx=0 tx=0)._handle_peer_banner_payload supported=3 required=0
2024-04-26T01:47:36.757 INFO:teuthology.orchestra.run.smithi121.stdout:/usr/bin/ceph: stderr
2024-04-26T01:47:35.826+0000 7f5057e00700 1 --2- >> [v2:172.21.15.121:3300/0,v1:172.21.15.121:6789/0] conn(0x7f505807deb0 0x7f505807c360 unknown :-1 s=HELLO_CONNECTING pgs=0 cs=0 l=0 rev1=1 crypto rx=0 tx=0 comp rx=0 tx=0).handle_hello peer v2:172.21.15.121:3300/0 says I am v2:172.21.15.121:35260/0 (socket says 172.21.15.121:35260)
2024-04-26T01:47:36.757 INFO:teuthology.orchestra.run.smithi121.stdout:/usr/bin/ceph: stderr
2024-04-26T01:47:35.826+0000 7f5057e00700 1 -- 172.21.15.121:0/3785365592 learned_addr learned my addr 172.21.15.121:0/3785365592 (peer_addr_for_me v2:172.21.15.121:0/0)
2024-04-26T01:47:36.757 INFO:teuthology.orchestra.run.smithi121.stdout:/usr/bin/ceph: stderr
2024-04-26T01:47:35.826+0000 7f5057e00700 1 -- 172.21.15.121:0/3785365592 --> [v2:172.21.15.121:3300/0,v1:172.21.15.121:6789/0] -- mon_subscribe({config=0+,monmap=0+}) -- 0x7f505807cab0 con 0x7f505807deb0
2024-04-26T01:47:36.757 INFO:teuthology.orchestra.run.smithi121.stdout:/usr/bin/ceph: stderr
2024-04-26T01:47:35.827+0000 7f5057e00700 1 --2- 172.21.15.121:0/3785365592 >> [v2:172.21.15.121:3300/0,v1:172.21.15.121:6789/0] conn(0x7f505807deb0 0x7f505807c360 secure :-1 s=READY pgs=76 cs=0 l=1 rev1=1 crypto rx=0x7f50480098a0 tx=0x7f5048009bb0 comp rx=0 tx=0).ready entity=mon.0 client_cookie=99ab3a8c8a773b48 server_cookie=0 in_seq=0 out_seq=0
2024-04-26T01:47:36.757 INFO:teuthology.orchestra.run.smithi121.stdout:/usr/bin/ceph: stderr
2024-04-26T01:47:35.827+0000 7f5056a00700 1 -- 172.21.15.121:0/3785365592 <== mon.0 v2:172.21.15.121:3300/0 1 ==== mon_map magic: 0 ==== 205+0+0 (secure 0 0 0) 0x7f5048004160 con 0x7f505807deb0
2024-04-26T01:47:36.761 INFO:teuthology.orchestra.run.smithi121.stdout:/usr/bin/ceph: stderr
2024-04-26T01:47:35.827+0000 7f5056a00700 1 -- 172.21.15.121:0/3785365592 <== mon.0 v2:172.21.15.121:3300/0 2 ==== config(26 keys) ==== 1101+0+0 (secure 0 0 0) 0x7f5048004300 con 0x7f505807deb0
2024-04-26T01:47:36.761 INFO:teuthology.orchestra.run.smithi121.stdout:/usr/bin/ceph: stderr
2024-04-26T01:47:35.827+0000 7f5056a00700 1 -- 172.21.15.121:0/3785365592 <== mon.0 v2:172.21.15.121:3300/0 3 ==== mon_map magic: 0 ==== 205+0+0 (secure 0 0 0) 0x7f5048011a20 con 0x7f505807deb0
2024-04-26T01:47:36.762 INFO:teuthology.orchestra.run.smithi121.stdout:/usr/bin/ceph: stderr
2024-04-26T01:47:35.828+0000 7f505f000700 1 -- 172.21.15.121:0/3785365592 >> [v2:172.21.15.121:3300/0,v1:172.21.15.121:6789/0] conn(0x7f505807deb0 msgr2=0x7f505807c360 secure :-1 s=STATE_CONNECTION_ESTABLISHED l=1).mark_down
2024-04-26T01:47:36.762 INFO:teuthology.orchestra.run.smithi121.stdout:/usr/bin/ceph: stderr
2024-04-26T01:47:35.828+0000 7f505f000700 1 --2- 172.21.15.121:0/3785365592 >> [v2:172.21.15.121:3300/0,v1:172.21.15.121:6789/0] conn(0x7f505807deb0 0x7f505807c360 secure :-1 s=READY pgs=76 cs=0 l=1 rev1=1 crypto rx=0x7f50480098a0 tx=0x7f5048009bb0 comp rx=0 tx=0).stop
2024-04-26T01:47:36.762 INFO:teuthology.orchestra.run.smithi121.stdout:/usr/bin/ceph: stderr
2024-04-26T01:47:35.828+0000 7f505f000700 1 -- 172.21.15.121:0/3785365592 shutdown_connections
2024-04-26T01:47:36.762 INFO:teuthology.orchestra.run.smithi121.stdout:/usr/bin/ceph: stderr
2024-04-26T01:47:35.828+0000 7f505f000700 1 --2- 172.21.15.121:0/3785365592 >> [v2:172.21.15.121:3300/0,v1:172.21.15.121:6789/0] conn(0x7f505807deb0 0x7f505807c360 unknown :-1 s=CLOSED pgs=76 cs=0 l=1 rev1=1 crypto rx=0 tx=0 comp rx=0 tx=0).stop
2024-04-26T01:47:36.762 INFO:teuthology.orchestra.run.smithi121.stdout:/usr/bin/ceph: stderr
2024-04-26T01:47:35.828+0000 7f505f000700 1 -- 172.21.15.121:0/3785365592 >> 172.21.15.121:0/3785365592 conn(0x7f5058103a80 msgr2=0x7f5058105ea0 unknown :-1 s=STATE_NONE l=0).mark_down
2024-04-26T01:47:36.762 INFO:teuthology.orchestra.run.smithi121.stdout:/usr/bin/ceph: stderr
2024-04-26T01:47:35.828+0000 7f505f000700 1 -- 172.21.15.121:0/3785365592 shutdown_connections
2024-04-26T01:47:36.762 INFO:teuthology.orchestra.run.smithi121.stdout:/usr/bin/ceph: stderr
2024-04-26T01:47:35.828+0000 7f505f000700 1 -- 172.21.15.121:0/3785365592 wait complete.
2024-04-26T01:47:36.762 INFO:teuthology.orchestra.run.smithi121.stdout:/usr/bin/ceph: stderr
2024-04-26T01:47:35.829+0000 7f505f000700 1 Processor -- start
2024-04-26T01:47:36.762 INFO:teuthology.orchestra.run.smithi121.stdout:/usr/bin/ceph: stderr
2024-04-26T01:47:35.829+0000 7f505f000700 1 -- start start
2024-04-26T01:47:36.762 INFO:teuthology.orchestra.run.smithi121.stdout:/usr/bin/ceph: stderr
2024-04-26T01:47:35.830+0000 7f505f000700 1 --2- >> [v2:172.21.15.121:3300/0,v1:172.21.15.121:6789/0] conn(0x7f505807deb0 0x7f505819e500 unknown :-1 s=NONE pgs=0 cs=0 l=1 rev1=0 crypto rx=0 tx=0 comp rx=0 tx=0).connect
2024-04-26T01:47:36.762 INFO:teuthology.orchestra.run.smithi121.stdout:/usr/bin/ceph: stderr
2024-04-26T01:47:35.830+0000 7f505f000700 1 -- --> [v2:172.21.15.121:3300/0,v1:172.21.15.121:6789/0] -- mon_getmap magic: 0 -- 0x7f505810ea20 con 0x7f505807deb0
2024-04-26T01:47:36.762 INFO:teuthology.orchestra.run.smithi121.stdout:/usr/bin/ceph: stderr
2024-04-26T01:47:35.830+0000 7f5057e00700 1 --2- >> [v2:172.21.15.121:3300/0,v1:172.21.15.121:6789/0] conn(0x7f505807deb0 0x7f505819e500 unknown :-1 s=BANNER_CONNECTING pgs=0 cs=0 l=1 rev1=0 crypto rx=0 tx=0 comp rx=0 tx=0)._handle_peer_banner_payload supported=3 required=0
2024-04-26T01:47:36.763 INFO:teuthology.orchestra.run.smithi121.stdout:/usr/bin/ceph: stderr
2024-04-26T01:47:35.830+0000 7f5057e00700 1 --2- >> [v2:172.21.15.121:3300/0,v1:172.21.15.121:6789/0] conn(0x7f505807deb0 0x7f505819e500 unknown :-1 s=HELLO_CONNECTING pgs=0 cs=0 l=1 rev1=1 crypto rx=0 tx=0 comp rx=0 tx=0).handle_hello peer v2:172.21.15.121:3300/0 says I am v2:172.21.15.121:35272/0 (socket says 172.21.15.121:35272)
2024-04-26T01:47:36.763 INFO:teuthology.orchestra.run.smithi121.stdout:/usr/bin/ceph: stderr
2024-04-26T01:47:35.830+0000 7f5057e00700 1 -- 172.21.15.121:0/1030610558 learned_addr learned my addr 172.21.15.121:0/1030610558 (peer_addr_for_me v2:172.21.15.121:0/0)
2024-04-26T01:47:36.763 INFO:teuthology.orchestra.run.smithi121.stdout:/usr/bin/ceph: stderr
2024-04-26T01:47:35.830+0000 7f5057e00700 1 -- 172.21.15.121:0/1030610558 --> [v2:172.21.15.121:3300/0,v1:172.21.15.121:6789/0] -- mon_subscribe({config=0+,monmap=0+}) -- 0x7f505819ea40 con 0x7f505807deb0
2024-04-26T01:47:36.763 INFO:teuthology.orchestra.run.smithi121.stdout:/usr/bin/ceph: stderr
2024-04-26T01:47:35.831+0000 7f5057e00700 1 --2- 172.21.15.121:0/1030610558 >> [v2:172.21.15.121:3300/0,v1:172.21.15.121:6789/0] conn(0x7f505807deb0 0x7f505819e500 secure :-1 s=READY pgs=77 cs=0 l=1 rev1=1 crypto rx=0x7f50480116e0 tx=0x7f5048011aa0 comp rx=0 tx=0).ready entity=mon.0 client_cookie=0 server_cookie=0 in_seq=0 out_seq=0
2024-04-26T01:47:36.763 INFO:teuthology.orchestra.run.smithi121.stdout:/usr/bin/ceph: stderr
2024-04-26T01:47:35.831+0000 7f5054c00700 1 -- 172.21.15.121:0/1030610558 <== mon.0 v2:172.21.15.121:3300/0 1 ==== mon_map magic: 0 ==== 205+0+0 (secure 0 0 0) 0x7f5048003b20 con 0x7f505807deb0
2024-04-26T01:47:36.763 INFO:teuthology.orchestra.run.smithi121.stdout:/usr/bin/ceph: stderr
2024-04-26T01:47:35.831+0000 7f5054c00700 1 -- 172.21.15.121:0/1030610558 <== mon.0 v2:172.21.15.121:3300/0 2 ==== config(26 keys) ==== 1101+0+0 (secure 0 0 0) 0x7f504801b8f0 con 0x7f505807deb0
2024-04-26T01:47:36.763 INFO:teuthology.orchestra.run.smithi121.stdout:/usr/bin/ceph: stderr
2024-04-26T01:47:35.831+0000 7f505f000700 1 -- 172.21.15.121:0/1030610558 --> [v2:172.21.15.121:3300/0,v1:172.21.15.121:6789/0] -- mon_subscribe({mgrmap=0+}) -- 0x7f505819ecd0 con 0x7f505807deb0
2024-04-26T01:47:36.763 INFO:teuthology.orchestra.run.smithi121.stdout:/usr/bin/ceph: stderr
2024-04-26T01:47:35.831+0000 7f5054c00700 1 -- 172.21.15.121:0/1030610558 <== mon.0 v2:172.21.15.121:3300/0 3 ==== mon_map magic: 0 ==== 205+0+0 (secure 0 0 0) 0x7f50480238c0 con 0x7f505807deb0
2024-04-26T01:47:36.763 INFO:teuthology.orchestra.run.smithi121.stdout:/usr/bin/ceph: stderr
2024-04-26T01:47:35.831+0000 7f505f000700 1 -- 172.21.15.121:0/1030610558 --> [v2:172.21.15.121:3300/0,v1:172.21.15.121:6789/0] -- mon_subscribe({osdmap=0}) -- 0x7f50581a19c0 con 0x7f505807deb0
2024-04-26T01:47:36.763 INFO:teuthology.orchestra.run.smithi121.stdout:/usr/bin/ceph: stderr
2024-04-26T01:47:35.832+0000 7f5054c00700 1 -- 172.21.15.121:0/1030610558 <== mon.0 v2:172.21.15.121:3300/0 4 ==== mgrmap(e 13) ==== 46615+0+0 (secure 0 0 0) 0x7f504801baa0 con 0x7f505807deb0
2024-04-26T01:47:36.763 INFO:teuthology.orchestra.run.smithi121.stdout:/usr/bin/ceph: stderr
2024-04-26T01:47:35.832+0000 7f505f000700 1 -- 172.21.15.121:0/1030610558 --> [v2:172.21.15.121:3300/0,v1:172.21.15.121:6789/0] -- mon_command({"prefix": "get_command_descriptions"} v 0) -- 0x7f50580640a0 con 0x7f505807deb0
2024-04-26T01:47:36.763 INFO:teuthology.orchestra.run.smithi121.stdout:/usr/bin/ceph: stderr
2024-04-26T01:47:35.833+0000 7f5054c00700 1 --2- 172.21.15.121:0/1030610558 >> [v2:172.21.15.121:6800/3407409926,v1:172.21.15.121:6801/3407409926] conn(0x7f503c0396b0 0x7f503c03bb70 unknown :-1 s=NONE pgs=0 cs=0 l=1 rev1=0 crypto rx=0 tx=0 comp rx=0 tx=0).connect
2024-04-26T01:47:36.763 INFO:teuthology.orchestra.run.smithi121.stdout:/usr/bin/ceph: stderr
2024-04-26T01:47:35.833+0000 7f5054c00700 1 -- 172.21.15.121:0/1030610558 <== mon.0 v2:172.21.15.121:3300/0 5 ==== osd_map(3..3 src has 1..3) ==== 1155+0+0 (secure 0 0 0) 0x7f504804e1d0 con 0x7f505807deb0
2024-04-26T01:47:36.763 INFO:teuthology.orchestra.run.smithi121.stdout:/usr/bin/ceph: stderr
2024-04-26T01:47:35.833+0000 7f5057400700 1 --2- 172.21.15.121:0/1030610558 >> [v2:172.21.15.121:6800/3407409926,v1:172.21.15.121:6801/3407409926] conn(0x7f503c0396b0 0x7f503c03bb70 unknown :-1 s=BANNER_CONNECTING pgs=0 cs=0 l=1 rev1=0 crypto rx=0 tx=0 comp rx=0 tx=0)._handle_peer_banner_payload supported=3 required=0
2024-04-26T01:47:36.764 INFO:teuthology.orchestra.run.smithi121.stdout:/usr/bin/ceph: stderr
2024-04-26T01:47:35.834+0000 7f5057400700 1 --2- 172.21.15.121:0/1030610558 >> [v2:172.21.15.121:6800/3407409926,v1:172.21.15.121:6801/3407409926] conn(0x7f503c0396b0 0x7f503c03bb70 secure :-1 s=READY pgs=10 cs=0 l=1 rev1=1 crypto rx=0x7f5044006fd0 tx=0x7f5044006e40 comp rx=0 tx=0).ready entity=mgr.14152 client_cookie=0 server_cookie=0 in_seq=0 out_seq=0
2024-04-26T01:47:36.764 INFO:teuthology.orchestra.run.smithi121.stdout:/usr/bin/ceph: stderr
2024-04-26T01:47:35.838+0000 7f5054c00700 1 -- 172.21.15.121:0/1030610558 <== mon.0 v2:172.21.15.121:3300/0 6 ==== mon_command_ack([{"prefix": "get_command_descriptions"}]=0 v0) ==== 72+0+188370 (secure 0 0 0) 0x7f504801f030 con 0x7f505807deb0
2024-04-26T01:47:36.764 INFO:teuthology.orchestra.run.smithi121.stdout:/usr/bin/ceph: stderr
2024-04-26T01:47:36.061+0000 7f505f000700 1 -- 172.21.15.121:0/1030610558 --> [v2:172.21.15.121:3300/0,v1:172.21.15.121:6789/0] -- mon_command([{prefix=config set, name=osd_memory_target_autotune}] v 0) -- 0x7f50581a1fe0 con 0x7f505807deb0
2024-04-26T01:47:36.764 INFO:teuthology.orchestra.run.smithi121.stdout:/usr/bin/ceph: stderr
2024-04-26T01:47:36.062+0000 7f5054c00700 1 -- 172.21.15.121:0/1030610558 <== mon.0 v2:172.21.15.121:3300/0 7 ==== mon_command_ack([{prefix=config set, name=osd_memory_target_autotune}]=0 v8)=0 v8) ==== 127+0+0 (secure 0 0 0) 0x7f504802bb60 con 0x7f505807deb0
2024-04-26T01:47:36.764 INFO:teuthology.orchestra.run.smithi121.stdout:/usr/bin/ceph: stderr
2024-04-26T01:47:36.065+0000 7f505f000700 1 -- 172.21.15.121:0/1030610558 >> [v2:172.21.15.121:6800/3407409926,v1:172.21.15.121:6801/3407409926] conn(0x7f503c0396b0 msgr2=0x7f503c03bb70 secure :-1 s=STATE_CONNECTION_ESTABLISHED l=1).mark_down
2024-04-26T01:47:36.764 INFO:teuthology.orchestra.run.smithi121.stdout:/usr/bin/ceph: stderr
2024-04-26T01:47:36.065+0000 7f505f000700 1 --2- 172.21.15.121:0/1030610558 >> [v2:172.21.15.121:6800/3407409926,v1:172.21.15.121:6801/3407409926] conn(0x7f503c0396b0 0x7f503c03bb70 secure :-1 s=READY pgs=10 cs=0 l=1 rev1=1 crypto rx=0x7f5044006fd0 tx=0x7f5044006e40 comp rx=0 tx=0).stop
2024-04-26T01:47:36.764 INFO:teuthology.orchestra.run.smithi121.stdout:/usr/bin/ceph: stderr
2024-04-26T01:47:36.065+0000 7f505f000700 1 -- 172.21.15.121:0/1030610558 >> [v2:172.21.15.121:3300/0,v1:172.21.15.121:6789/0] conn(0x7f505807deb0 msgr2=0x7f505819e500 secure :-1 s=STATE_CONNECTION_ESTABLISHED l=1).mark_down
2024-04-26T01:47:36.764 INFO:teuthology.orchestra.run.smithi121.stdout:/usr/bin/ceph: stderr
2024-04-26T01:47:36.065+0000 7f505f000700 1 --2- 172.21.15.121:0/1030610558 >> [v2:172.21.15.121:3300/0,v1:172.21.15.121:6789/0] conn(0x7f505807deb0 0x7f505819e500 secure :-1 s=READY pgs=77 cs=0 l=1 rev1=1 crypto rx=0x7f50480116e0 tx=0x7f5048011aa0 comp rx=0 tx=0).stop
2024-04-26T01:47:36.764 INFO:teuthology.orchestra.run.smithi121.stdout:/usr/bin/ceph: stderr
2024-04-26T01:47:36.066+0000 7f505f000700 1 -- 172.21.15.121:0/1030610558 shutdown_connections
2024-04-26T01:47:36.764 INFO:teuthology.orchestra.run.smithi121.stdout:/usr/bin/ceph: stderr
2024-04-26T01:47:36.066+0000 7f505f000700 1 --2- 172.21.15.121:0/1030610558 >> [v2:172.21.15.121:6800/3407409926,v1:172.21.15.121:6801/3407409926] conn(0x7f503c0396b0 0x7f503c03bb70 unknown :-1 s=CLOSED pgs=10 cs=0 l=1 rev1=1 crypto rx=0 tx=0 comp rx=0 tx=0).stop
2024-04-26T01:47:36.764 INFO:teuthology.orchestra.run.smithi121.stdout:/usr/bin/ceph: stderr
2024-04-26T01:47:36.066+0000 7f505f000700 1 --2- 172.21.15.121:0/1030610558 >> [v2:172.21.15.121:3300/0,v1:172.21.15.121:6789/0] conn(0x7f505807deb0 0x7f505819e500 unknown :-1 s=CLOSED pgs=77 cs=0 l=1 rev1=1 crypto rx=0 tx=0 comp rx=0 tx=0).stop
2024-04-26T01:47:36.764 INFO:teuthology.orchestra.run.smithi121.stdout:/usr/bin/ceph: stderr
2024-04-26T01:47:36.066+0000 7f505f000700 1 -- 172.21.15.121:0/1030610558 >> 172.21.15.121:0/1030610558 conn(0x7f5058103a80 msgr2=0x7f5058104570 unknown :-1 s=STATE_NONE l=0).mark_down
2024-04-26T01:47:36.765 INFO:teuthology.orchestra.run.smithi121.stdout:/usr/bin/ceph: stderr
2024-04-26T01:47:36.066+0000 7f505f000700 1 -- 172.21.15.121:0/1030610558 shutdown_connections
2024-04-26T01:47:36.765 INFO:teuthology.orchestra.run.smithi121.stdout:/usr/bin/ceph: stderr
2024-04-26T01:47:36.066+0000 7f505f000700 1 -- 172.21.15.121:0/1030610558 wait complete.
2024-04-26T01:47:38.470 INFO:teuthology.orchestra.run.smithi121.stdout:/usr/bin/ceph: stderr
2024-04-26T01:47:37.397+0000 7fa6e9000700 1 Processor -- start
2024-04-26T01:47:38.470 INFO:teuthology.orchestra.run.smithi121.stdout:/usr/bin/ceph: stderr
2024-04-26T01:47:37.397+0000 7fa6e9000700 1 -- start start
2024-04-26T01:47:38.470 INFO:teuthology.orchestra.run.smithi121.stdout:/usr/bin/ceph: stderr
2024-04-26T01:47:37.397+0000 7fa6e9000700 1 --2- >> [v2:172.21.15.121:3300/0,v1:172.21.15.121:6789/0] conn(0x7fa6e410fff0 0x7fa6e4110410 unknown :-1 s=NONE pgs=0 cs=0 l=0 rev1=0 crypto rx=0 tx=0 comp rx=0 tx=0).connect
2024-04-26T01:47:38.471 INFO:teuthology.orchestra.run.smithi121.stdout:/usr/bin/ceph: stderr
2024-04-26T01:47:37.398+0000 7fa6e9000700 1 -- --> [v2:172.21.15.121:3300/0,v1:172.21.15.121:6789/0] -- mon_getmap magic: 0 -- 0x7fa6e41109e0 con 0x7fa6e410fff0
2024-04-26T01:47:38.471 INFO:teuthology.orchestra.run.smithi121.stdout:/usr/bin/ceph: stderr
2024-04-26T01:47:37.398+0000 7fa6e1e00700 1 --2- >> [v2:172.21.15.121:3300/0,v1:172.21.15.121:6789/0] conn(0x7fa6e410fff0 0x7fa6e4110410 unknown :-1 s=BANNER_CONNECTING pgs=0 cs=0 l=0 rev1=0 crypto rx=0 tx=0 comp rx=0 tx=0)._handle_peer_banner_payload supported=3 required=0
2024-04-26T01:47:38.471 INFO:teuthology.orchestra.run.smithi121.stdout:/usr/bin/ceph: stderr
2024-04-26T01:47:37.398+0000 7fa6e1e00700 1 --2- >> [v2:172.21.15.121:3300/0,v1:172.21.15.121:6789/0] conn(0x7fa6e410fff0 0x7fa6e4110410 unknown :-1 s=HELLO_CONNECTING pgs=0 cs=0 l=0 rev1=1 crypto rx=0 tx=0 comp rx=0 tx=0).handle_hello peer v2:172.21.15.121:3300/0 says I am v2:172.21.15.121:35286/0 (socket says 172.21.15.121:35286)
2024-04-26T01:47:38.471 INFO:teuthology.orchestra.run.smithi121.stdout:/usr/bin/ceph: stderr
2024-04-26T01:47:37.398+0000 7fa6e1e00700 1 -- 172.21.15.121:0/3926962176 learned_addr learned my addr 172.21.15.121:0/3926962176 (peer_addr_for_me v2:172.21.15.121:0/0)
2024-04-26T01:47:38.471 INFO:teuthology.orchestra.run.smithi121.stdout:/usr/bin/ceph: stderr
2024-04-26T01:47:37.398+0000 7fa6e1e00700 1 -- 172.21.15.121:0/3926962176 --> [v2:172.21.15.121:3300/0,v1:172.21.15.121:6789/0] -- mon_subscribe({config=0+,monmap=0+}) -- 0x7fa6e410ecf0 con 0x7fa6e410fff0
2024-04-26T01:47:38.471 INFO:teuthology.orchestra.run.smithi121.stdout:/usr/bin/ceph: stderr
2024-04-26T01:47:37.399+0000 7fa6e1e00700 1 --2- 172.21.15.121:0/3926962176 >> [v2:172.21.15.121:3300/0,v1:172.21.15.121:6789/0] conn(0x7fa6e410fff0 0x7fa6e4110410 secure :-1 s=READY pgs=78 cs=0 l=1 rev1=1 crypto rx=0x7fa6d40098a0 tx=0x7fa6d4009bb0 comp rx=0 tx=0).ready entity=mon.0 client_cookie=d3fc2515cde0644b server_cookie=0 in_seq=0 out_seq=0
2024-04-26T01:47:38.471 INFO:teuthology.orchestra.run.smithi121.stdout:/usr/bin/ceph: stderr
2024-04-26T01:47:37.399+0000 7fa6e0a00700 1 -- 172.21.15.121:0/3926962176 <== mon.0 v2:172.21.15.121:3300/0 1 ==== mon_map magic: 0 ==== 205+0+0 (secure 0 0 0) 0x7fa6d4004160 con 0x7fa6e410fff0
2024-04-26T01:47:38.471 INFO:teuthology.orchestra.run.smithi121.stdout:/usr/bin/ceph: stderr
2024-04-26T01:47:37.399+0000 7fa6e0a00700 1 -- 172.21.15.121:0/3926962176 <== mon.0 v2:172.21.15.121:3300/0 2 ==== config(26 keys) ==== 1101+0+0 (secure 0 0 0) 0x7fa6d4004300 con 0x7fa6e410fff0
2024-04-26T01:47:38.471 INFO:teuthology.orchestra.run.smithi121.stdout:/usr/bin/ceph: stderr
2024-04-26T01:47:37.399+0000 7fa6e0a00700 1 -- 172.21.15.121:0/3926962176 <== mon.0 v2:172.21.15.121:3300/0 3 ==== mon_map magic: 0 ==== 205+0+0 (secure 0 0 0) 0x7fa6d4011a20 con 0x7fa6e410fff0
2024-04-26T01:47:38.471 INFO:teuthology.orchestra.run.smithi121.stdout:/usr/bin/ceph: stderr
2024-04-26T01:47:37.400+0000 7fa6e9000700 1 -- 172.21.15.121:0/3926962176 >> [v2:172.21.15.121:3300/0,v1:172.21.15.121:6789/0] conn(0x7fa6e410fff0 msgr2=0x7fa6e4110410 secure :-1 s=STATE_CONNECTION_ESTABLISHED l=1).mark_down
2024-04-26T01:47:38.471 INFO:teuthology.orchestra.run.smithi121.stdout:/usr/bin/ceph: stderr
2024-04-26T01:47:37.400+0000 7fa6e9000700 1 --2- 172.21.15.121:0/3926962176 >> [v2:172.21.15.121:3300/0,v1:172.21.15.121:6789/0] conn(0x7fa6e410fff0 0x7fa6e4110410 secure :-1 s=READY pgs=78 cs=0 l=1 rev1=1 crypto rx=0x7fa6d40098a0 tx=0x7fa6d4009bb0 comp rx=0 tx=0).stop
2024-04-26T01:47:38.472 INFO:teuthology.orchestra.run.smithi121.stdout:/usr/bin/ceph: stderr
2024-04-26T01:47:37.400+0000 7fa6e9000700 1 -- 172.21.15.121:0/3926962176 shutdown_connections
2024-04-26T01:47:38.472 INFO:teuthology.orchestra.run.smithi121.stdout:/usr/bin/ceph: stderr
2024-04-26T01:47:37.400+0000 7fa6e9000700 1 --2- 172.21.15.121:0/3926962176 >> [v2:172.21.15.121:3300/0,v1:172.21.15.121:6789/0] conn(0x7fa6e410fff0 0x7fa6e4110410 unknown :-1 s=CLOSED pgs=78 cs=0 l=1 rev1=1 crypto rx=0 tx=0 comp rx=0 tx=0).stop
2024-04-26T01:47:38.472 INFO:teuthology.orchestra.run.smithi121.stdout:/usr/bin/ceph: stderr
2024-04-26T01:47:37.400+0000 7fa6e9000700 1 -- 172.21.15.121:0/3926962176 >> 172.21.15.121:0/3926962176 conn(0x7fa6e407dc10 msgr2=0x7fa6e4080030 unknown :-1 s=STATE_NONE l=0).mark_down
2024-04-26T01:47:38.472 INFO:teuthology.orchestra.run.smithi121.stdout:/usr/bin/ceph: stderr
2024-04-26T01:47:37.400+0000 7fa6e9000700 1 -- 172.21.15.121:0/3926962176 shutdown_connections
2024-04-26T01:47:38.472 INFO:teuthology.orchestra.run.smithi121.stdout:/usr/bin/ceph: stderr
2024-04-26T01:47:37.400+0000 7fa6e9000700 1 -- 172.21.15.121:0/3926962176 wait complete.
2024-04-26T01:47:38.472 INFO:teuthology.orchestra.run.smithi121.stdout:/usr/bin/ceph: stderr
2024-04-26T01:47:37.401+0000 7fa6e9000700 1 Processor -- start
2024-04-26T01:47:38.472 INFO:teuthology.orchestra.run.smithi121.stdout:/usr/bin/ceph: stderr
2024-04-26T01:47:37.401+0000 7fa6e9000700 1 -- start start
2024-04-26T01:47:38.472 INFO:teuthology.orchestra.run.smithi121.stdout:/usr/bin/ceph: stderr
2024-04-26T01:47:37.401+0000 7fa6e9000700 1 --2- >> [v2:172.21.15.121:3300/0,v1:172.21.15.121:6789/0] conn(0x7fa6e410fff0 0x7fa6e41a2940 unknown :-1 s=NONE pgs=0 cs=0 l=1 rev1=0 crypto rx=0 tx=0 comp rx=0 tx=0).connect
2024-04-26T01:47:38.472 INFO:teuthology.orchestra.run.smithi121.stdout:/usr/bin/ceph: stderr
2024-04-26T01:47:37.401+0000 7fa6e9000700 1 -- --> [v2:172.21.15.121:3300/0,v1:172.21.15.121:6789/0] -- mon_getmap magic: 0 -- 0x7fa6e4112f30 con 0x7fa6e410fff0
2024-04-26T01:47:38.472 INFO:teuthology.orchestra.run.smithi121.stdout:/usr/bin/ceph: stderr
2024-04-26T01:47:37.402+0000 7fa6e1e00700 1 --2- >> [v2:172.21.15.121:3300/0,v1:172.21.15.121:6789/0] conn(0x7fa6e410fff0 0x7fa6e41a2940 unknown :-1 s=BANNER_CONNECTING pgs=0 cs=0 l=1 rev1=0 crypto rx=0 tx=0 comp rx=0 tx=0)._handle_peer_banner_payload supported=3 required=0
2024-04-26T01:47:38.472 INFO:teuthology.orchestra.run.smithi121.stdout:/usr/bin/ceph: stderr
2024-04-26T01:47:37.402+0000 7fa6e1e00700 1 --2- >> [v2:172.21.15.121:3300/0,v1:172.21.15.121:6789/0] conn(0x7fa6e410fff0 0x7fa6e41a2940 unknown :-1 s=HELLO_CONNECTING pgs=0 cs=0 l=1 rev1=1 crypto rx=0 tx=0 comp rx=0 tx=0).handle_hello peer v2:172.21.15.121:3300/0 says I am v2:172.21.15.121:35302/0 (socket says 172.21.15.121:35302)
