2024-04-26T01:46:41.568+0000 7ffaccc00700 1 --2- 172.21.15.121:0/194323122 >> [v2:172.21.15.121:3300/0,v1:172.21.15.121:6789/0] conn(0x7ffac807de70 0x7ffac819e530 secure :-1 s=READY pgs=23 cs=0 l=1 rev1=1 crypto rx=0x7ffabc011ac0 tx=0x7ffabc011ba0 comp rx=0 tx=0).ready entity=mon.0 client_cookie=0 server_cookie=0 in_seq=0 out_seq=0
2024-04-26T01:46:42.725 INFO:teuthology.orchestra.run.smithi121.stdout:/usr/bin/ceph: stderr
2024-04-26T01:46:41.568+0000 7ffac5600700 1 -- 172.21.15.121:0/194323122 <== mon.0 v2:172.21.15.121:3300/0 1 ==== mon_map magic: 0 ==== 205+0+0 (secure 0 0 0) 0x7ffabc003b20 con 0x7ffac807de70
2024-04-26T01:46:42.728 INFO:teuthology.orchestra.run.smithi121.stdout:/usr/bin/ceph: stderr
2024-04-26T01:46:41.568+0000 7ffac5600700 1 -- 172.21.15.121:0/194323122 <== mon.0 v2:172.21.15.121:3300/0 2 ==== config(26 keys) ==== 1070+0+0 (secure 0 0 0) 0x7ffabc01a8c0 con 0x7ffac807de70
2024-04-26T01:46:42.728 INFO:teuthology.orchestra.run.smithi121.stdout:/usr/bin/ceph: stderr
2024-04-26T01:46:41.568+0000 7ffac5600700 1 -- 172.21.15.121:0/194323122 <== mon.0 v2:172.21.15.121:3300/0 3 ==== mon_map magic: 0 ==== 205+0+0 (secure 0 0 0) 0x7ffabc0248d0 con 0x7ffac807de70
2024-04-26T01:46:42.728 INFO:teuthology.orchestra.run.smithi121.stdout:/usr/bin/ceph: stderr
2024-04-26T01:46:41.568+0000 7ffacf600700 1 -- 172.21.15.121:0/194323122 --> [v2:172.21.15.121:3300/0,v1:172.21.15.121:6789/0] -- mon_subscribe({mgrmap=0+}) -- 0x7ffac819ed00 con 0x7ffac807de70
2024-04-26T01:46:42.728 INFO:teuthology.orchestra.run.smithi121.stdout:/usr/bin/ceph: stderr
2024-04-26T01:46:41.569+0000 7ffacf600700 1 -- 172.21.15.121:0/194323122 --> [v2:172.21.15.121:3300/0,v1:172.21.15.121:6789/0] -- mon_subscribe({osdmap=0}) -- 0x7ffac81a19f0 con 0x7ffac807de70
2024-04-26T01:46:42.728 INFO:teuthology.orchestra.run.smithi121.stdout:/usr/bin/ceph: stderr
2024-04-26T01:46:41.570+0000 7ffac5600700 1 -- 172.21.15.121:0/194323122 <== mon.0 v2:172.21.15.121:3300/0 4 ==== mgrmap(e 4) ==== 46547+0+0 (secure 0 0 0) 0x7ffabc022020 con 0x7ffac807de70
2024-04-26T01:46:42.728 INFO:teuthology.orchestra.run.smithi121.stdout:/usr/bin/ceph: stderr
2024-04-26T01:46:41.570+0000 7ffacf600700 1 -- 172.21.15.121:0/194323122 --> [v2:172.21.15.121:3300/0,v1:172.21.15.121:6789/0] -- mon_command({"prefix": "get_command_descriptions"} v 0) -- 0x7ffac80640a0 con 0x7ffac807de70
2024-04-26T01:46:42.728 INFO:teuthology.orchestra.run.smithi121.stdout:/usr/bin/ceph: stderr
2024-04-26T01:46:41.570+0000 7ffac5600700 1 --2- 172.21.15.121:0/194323122 >> [v2:172.21.15.121:6800/2395202909,v1:172.21.15.121:6801/2395202909] conn(0x7ffab00395b0 0x7ffab003ba70 unknown :-1 s=NONE pgs=0 cs=0 l=1 rev1=0 crypto rx=0 tx=0 comp rx=0 tx=0).connect
2024-04-26T01:46:42.728 INFO:teuthology.orchestra.run.smithi121.stdout:/usr/bin/ceph: stderr
2024-04-26T01:46:41.570+0000 7ffac5600700 1 -- 172.21.15.121:0/194323122 <== mon.0 v2:172.21.15.121:3300/0 5 ==== osd_map(1..1 src has 1..1) ==== 725+0+0 (secure 0 0 0) 0x7ffabc04d490 con 0x7ffac807de70
2024-04-26T01:46:42.728 INFO:teuthology.orchestra.run.smithi121.stdout:/usr/bin/ceph: stderr
2024-04-26T01:46:41.570+0000 7ffac7e00700 1 --2- 172.21.15.121:0/194323122 >> [v2:172.21.15.121:6800/2395202909,v1:172.21.15.121:6801/2395202909] conn(0x7ffab00395b0 0x7ffab003ba70 unknown :-1 s=BANNER_CONNECTING pgs=0 cs=0 l=1 rev1=0 crypto rx=0 tx=0 comp rx=0 tx=0)._handle_peer_banner_payload supported=3 required=0
2024-04-26T01:46:42.728 INFO:teuthology.orchestra.run.smithi121.stdout:/usr/bin/ceph: stderr
2024-04-26T01:46:41.571+0000 7ffac7e00700 1 --2- 172.21.15.121:0/194323122 >> [v2:172.21.15.121:6800/2395202909,v1:172.21.15.121:6801/2395202909] conn(0x7ffab00395b0 0x7ffab003ba70 secure :-1 s=READY pgs=8 cs=0 l=1 rev1=1 crypto rx=0x7ffab4006fd0 tx=0x7ffab4006e40 comp rx=0 tx=0).ready entity=mgr.14100 client_cookie=0 server_cookie=0 in_seq=0 out_seq=0
2024-04-26T01:46:42.728 INFO:teuthology.orchestra.run.smithi121.stdout:/usr/bin/ceph: stderr
2024-04-26T01:46:41.575+0000 7ffac5600700 1 -- 172.21.15.121:0/194323122 <== mon.0 v2:172.21.15.121:3300/0 6 ==== mon_command_ack([{"prefix": "get_command_descriptions"}]=0 v0) ==== 72+0+188370 (secure 0 0 0) 0x7ffabc01ab20 con 0x7ffac807de70
2024-04-26T01:46:42.729 INFO:teuthology.orchestra.run.smithi121.stdout:/usr/bin/ceph: stderr
2024-04-26T01:46:41.861+0000 7ffacf600700 1 -- 172.21.15.121:0/194323122 --> [v2:172.21.15.121:3300/0,v1:172.21.15.121:6789/0] -- mon_command({"prefix": "mgr module enable", "module": "cephadm"} v 0) -- 0x7ffac81a1bc0 con 0x7ffac807de70
2024-04-26T01:46:42.729 INFO:teuthology.orchestra.run.smithi121.stdout:/usr/bin/ceph: stderr
2024-04-26T01:46:41.916+0000 7ffac5600700 1 -- 172.21.15.121:0/194323122 <== mon.0 v2:172.21.15.121:3300/0 7 ==== mon_command_ack([{"prefix": "mgr module enable", "module": "cephadm"}]=0 v5) ==== 86+0+0 (secure 0 0 0) 0x7ffac81a1bc0 con 0x7ffac807de70
2024-04-26T01:46:42.729 INFO:teuthology.orchestra.run.smithi121.stdout:/usr/bin/ceph: stderr
2024-04-26T01:46:41.920+0000 7ffac5600700 1 -- 172.21.15.121:0/194323122 <== mon.0 v2:172.21.15.121:3300/0 8 ==== mgrmap(e 5) ==== 46558+0+0 (secure 0 0 0) 0x7ffabc02d3f0 con 0x7ffac807de70
2024-04-26T01:46:42.729 INFO:teuthology.orchestra.run.smithi121.stdout:/usr/bin/ceph: stderr
2024-04-26T01:46:41.920+0000 7ffacf600700 1 -- 172.21.15.121:0/194323122 >> [v2:172.21.15.121:6800/2395202909,v1:172.21.15.121:6801/2395202909] conn(0x7ffab00395b0 msgr2=0x7ffab003ba70 secure :-1 s=STATE_CONNECTION_ESTABLISHED l=1).mark_down
2024-04-26T01:46:42.729 INFO:teuthology.orchestra.run.smithi121.stdout:/usr/bin/ceph: stderr
2024-04-26T01:46:41.920+0000 7ffacf600700 1 --2- 172.21.15.121:0/194323122 >> [v2:172.21.15.121:6800/2395202909,v1:172.21.15.121:6801/2395202909] conn(0x7ffab00395b0 0x7ffab003ba70 secure :-1 s=READY pgs=8 cs=0 l=1 rev1=1 crypto rx=0x7ffab4006fd0 tx=0x7ffab4006e40 comp rx=0 tx=0).stop
2024-04-26T01:46:42.729 INFO:teuthology.orchestra.run.smithi121.stdout:/usr/bin/ceph: stderr
2024-04-26T01:46:41.920+0000 7ffacf600700 1 -- 172.21.15.121:0/194323122 >> [v2:172.21.15.121:3300/0,v1:172.21.15.121:6789/0] conn(0x7ffac807de70 msgr2=0x7ffac819e530 secure :-1 s=STATE_CONNECTION_ESTABLISHED l=1).mark_down
2024-04-26T01:46:42.729 INFO:teuthology.orchestra.run.smithi121.stdout:/usr/bin/ceph: stderr
2024-04-26T01:46:41.920+0000 7ffacf600700 1 --2- 172.21.15.121:0/194323122 >> [v2:172.21.15.121:3300/0,v1:172.21.15.121:6789/0] conn(0x7ffac807de70 0x7ffac819e530 secure :-1 s=READY pgs=23 cs=0 l=1 rev1=1 crypto rx=0x7ffabc011ac0 tx=0x7ffabc011ba0 comp rx=0 tx=0).stop
2024-04-26T01:46:42.729 INFO:teuthology.orchestra.run.smithi121.stdout:/usr/bin/ceph: stderr
2024-04-26T01:46:41.920+0000 7ffacf600700 1 -- 172.21.15.121:0/194323122 shutdown_connections
2024-04-26T01:46:42.729 INFO:teuthology.orchestra.run.smithi121.stdout:/usr/bin/ceph: stderr
2024-04-26T01:46:41.920+0000 7ffacf600700 1 --2- 172.21.15.121:0/194323122 >> [v2:172.21.15.121:6800/2395202909,v1:172.21.15.121:6801/2395202909] conn(0x7ffab00395b0 0x7ffab003ba70 unknown :-1 s=CLOSED pgs=8 cs=0 l=1 rev1=1 crypto rx=0 tx=0 comp rx=0 tx=0).stop
2024-04-26T01:46:42.729 INFO:teuthology.orchestra.run.smithi121.stdout:/usr/bin/ceph: stderr
2024-04-26T01:46:41.920+0000 7ffacf600700 1 --2- 172.21.15.121:0/194323122 >> [v2:172.21.15.121:3300/0,v1:172.21.15.121:6789/0] conn(0x7ffac807de70 0x7ffac819e530 unknown :-1 s=CLOSED pgs=23 cs=0 l=1 rev1=1 crypto rx=0 tx=0 comp rx=0 tx=0).stop
2024-04-26T01:46:42.729 INFO:teuthology.orchestra.run.smithi121.stdout:/usr/bin/ceph: stderr
2024-04-26T01:46:41.921+0000 7ffacf600700 1 -- 172.21.15.121:0/194323122 >> 172.21.15.121:0/194323122 conn(0x7ffac81039f0 msgr2=0x7ffac8104580 unknown :-1 s=STATE_NONE l=0).mark_down
2024-04-26T01:46:42.729 INFO:teuthology.orchestra.run.smithi121.stdout:/usr/bin/ceph: stderr
2024-04-26T01:46:41.921+0000 7ffacf600700 1 -- 172.21.15.121:0/194323122 shutdown_connections
2024-04-26T01:46:42.729 INFO:teuthology.orchestra.run.smithi121.stdout:/usr/bin/ceph: stderr
2024-04-26T01:46:41.921+0000 7ffacf600700 1 -- 172.21.15.121:0/194323122 wait complete.
2024-04-26T01:46:43.144 INFO:journalctl@ceph.mon.a.smithi121.stdout:Apr 26 01:46:42 smithi121 ceph-mon[27982]: from='client.? 172.21.15.121:0/194323122' entity='client.admin' cmd='[{"prefix": "mgr module enable", "module": "cephadm"}]': finished
2024-04-26T01:46:43.144 INFO:journalctl@ceph.mon.a.smithi121.stdout:Apr 26 01:46:42 smithi121 ceph-mon[27982]: mgrmap e5: x(active, since 6s)
2024-04-26T01:46:43.144 INFO:journalctl@ceph.mgr.x.smithi121.stdout:Apr 26 01:46:42 smithi121 ceph-8b8bef0a-036e-11ef-bc93-c7b262605968-mgr-x[28209]:
2024-04-26T01:46:42.994+0000 7f1f25ea0200 -1 mgr[py] Module progress has missing NOTIFY_TYPES member
2024-04-26T01:46:43.145 INFO:journalctl@ceph.mgr.x.smithi121.stdout:Apr 26 01:46:43 smithi121 ceph-8b8bef0a-036e-11ef-bc93-c7b262605968-mgr-x[28209]:
2024-04-26T01:46:43.111+0000 7f1f25ea0200 -1 mgr[py] Module influx has missing NOTIFY_TYPES member
2024-04-26T01:46:44.200 INFO:journalctl@ceph.mon.a.smithi121.stdout:Apr 26 01:46:43 smithi121 ceph-mon[27982]: from='client.? 172.21.15.121:0/1208151792' entity='client.admin' cmd=[{"prefix": "mgr stat"}]: dispatch
2024-04-26T01:46:44.811 INFO:teuthology.orchestra.run.smithi121.stdout:/usr/bin/ceph: stdout {
2024-04-26T01:46:44.811 INFO:teuthology.orchestra.run.smithi121.stdout:/usr/bin/ceph: stdout "epoch": 5,
2024-04-26T01:46:44.811 INFO:teuthology.orchestra.run.smithi121.stdout:/usr/bin/ceph: stdout "available": true,
2024-04-26T01:46:44.812 INFO:teuthology.orchestra.run.smithi121.stdout:/usr/bin/ceph: stdout "active_name": "x",
2024-04-26T01:46:44.812 INFO:teuthology.orchestra.run.smithi121.stdout:/usr/bin/ceph: stdout "num_standby": 0
2024-04-26T01:46:44.812 INFO:teuthology.orchestra.run.smithi121.stdout:/usr/bin/ceph: stdout }
2024-04-26T01:46:44.812 INFO:teuthology.orchestra.run.smithi121.stdout:/usr/bin/ceph: stderr
2024-04-26T01:46:43.493+0000 7f407e400700 1 Processor -- start
2024-04-26T01:46:44.812 INFO:teuthology.orchestra.run.smithi121.stdout:/usr/bin/ceph: stderr
2024-04-26T01:46:43.493+0000 7f407e400700 1 -- start start
2024-04-26T01:46:44.812 INFO:teuthology.orchestra.run.smithi121.stdout:/usr/bin/ceph: stderr
2024-04-26T01:46:43.493+0000 7f407e400700 1 --2- >> [v2:172.21.15.121:3300/0,v1:172.21.15.121:6789/0] conn(0x7f407807de50 0x7f407807c300 unknown :-1 s=NONE pgs=0 cs=0 l=0 rev1=0 crypto rx=0 tx=0 comp rx=0 tx=0).connect
2024-04-26T01:46:44.812 INFO:teuthology.orchestra.run.smithi121.stdout:/usr/bin/ceph: stderr
2024-04-26T01:46:43.493+0000 7f407e400700 1 -- --> [v2:172.21.15.121:3300/0,v1:172.21.15.121:6789/0] -- mon_getmap magic: 0 -- 0x7f407807c840 con 0x7f407807de50
2024-04-26T01:46:44.812 INFO:teuthology.orchestra.run.smithi121.stdout:/usr/bin/ceph: stderr
2024-04-26T01:46:43.494+0000 7f4077400700 1 --2- >> [v2:172.21.15.121:3300/0,v1:172.21.15.121:6789/0] conn(0x7f407807de50 0x7f407807c300 unknown :-1 s=BANNER_CONNECTING pgs=0 cs=0 l=0 rev1=0 crypto rx=0 tx=0 comp rx=0 tx=0)._handle_peer_banner_payload supported=3 required=0
2024-04-26T01:46:44.812 INFO:teuthology.orchestra.run.smithi121.stdout:/usr/bin/ceph: stderr
2024-04-26T01:46:43.494+0000 7f4077400700 1 --2- >> [v2:172.21.15.121:3300/0,v1:172.21.15.121:6789/0] conn(0x7f407807de50 0x7f407807c300 unknown :-1 s=HELLO_CONNECTING pgs=0 cs=0 l=0 rev1=1 crypto rx=0 tx=0 comp rx=0 tx=0).handle_hello peer v2:172.21.15.121:3300/0 says I am v2:172.21.15.121:58770/0 (socket says 172.21.15.121:58770)
2024-04-26T01:46:44.812 INFO:teuthology.orchestra.run.smithi121.stdout:/usr/bin/ceph: stderr
2024-04-26T01:46:43.494+0000 7f4077400700 1 -- 172.21.15.121:0/302387014 learned_addr learned my addr 172.21.15.121:0/302387014 (peer_addr_for_me v2:172.21.15.121:0/0)
2024-04-26T01:46:44.812 INFO:teuthology.orchestra.run.smithi121.stdout:/usr/bin/ceph: stderr
2024-04-26T01:46:43.494+0000 7f4077400700 1 -- 172.21.15.121:0/302387014 --> [v2:172.21.15.121:3300/0,v1:172.21.15.121:6789/0] -- mon_subscribe({config=0+,monmap=0+}) -- 0x7f407807c9c0 con 0x7f407807de50
2024-04-26T01:46:44.812 INFO:teuthology.orchestra.run.smithi121.stdout:/usr/bin/ceph: stderr
2024-04-26T01:46:43.495+0000 7f4077400700 1 --2- 172.21.15.121:0/302387014 >> [v2:172.21.15.121:3300/0,v1:172.21.15.121:6789/0] conn(0x7f407807de50 0x7f407807c300 secure :-1 s=READY pgs=26 cs=0 l=1 rev1=1 crypto rx=0x7f40680098a0 tx=0x7f4068009bb0 comp rx=0 tx=0).ready entity=mon.0 client_cookie=74cc0422291857e0 server_cookie=0 in_seq=0 out_seq=0
2024-04-26T01:46:44.812 INFO:teuthology.orchestra.run.smithi121.stdout:/usr/bin/ceph: stderr
2024-04-26T01:46:43.495+0000 7f4076000700 1 -- 172.21.15.121:0/302387014 <== mon.0 v2:172.21.15.121:3300/0 1 ==== mon_map magic: 0 ==== 205+0+0 (secure 0 0 0) 0x7f4068004160 con 0x7f407807de50
2024-04-26T01:46:44.813 INFO:teuthology.orchestra.run.smithi121.stdout:/usr/bin/ceph: stderr
2024-04-26T01:46:43.495+0000 7f4076000700 1 -- 172.21.15.121:0/302387014 <== mon.0 v2:172.21.15.121:3300/0 2 ==== config(26 keys) ==== 1070+0+0 (secure 0 0 0) 0x7f4068004300 con 0x7f407807de50
2024-04-26T01:46:44.813 INFO:teuthology.orchestra.run.smithi121.stdout:/usr/bin/ceph: stderr
2024-04-26T01:46:43.495+0000 7f4076000700 1 -- 172.21.15.121:0/302387014 <== mon.0 v2:172.21.15.121:3300/0 3 ==== mon_map magic: 0 ==== 205+0+0 (secure 0 0 0) 0x7f4068011af0 con 0x7f407807de50
2024-04-26T01:46:44.813 INFO:teuthology.orchestra.run.smithi121.stdout:/usr/bin/ceph: stderr
2024-04-26T01:46:43.496+0000 7f407e400700 1 -- 172.21.15.121:0/302387014 >> [v2:172.21.15.121:3300/0,v1:172.21.15.121:6789/0] conn(0x7f407807de50 msgr2=0x7f407807c300 secure :-1 s=STATE_CONNECTION_ESTABLISHED l=1).mark_down
2024-04-26T01:46:44.813 INFO:teuthology.orchestra.run.smithi121.stdout:/usr/bin/ceph: stderr
2024-04-26T01:46:43.496+0000 7f407e400700 1 --2- 172.21.15.121:0/302387014 >> [v2:172.21.15.121:3300/0,v1:172.21.15.121:6789/0] conn(0x7f407807de50 0x7f407807c300 secure :-1 s=READY pgs=26 cs=0 l=1 rev1=1 crypto rx=0x7f40680098a0 tx=0x7f4068009bb0 comp rx=0 tx=0).stop
2024-04-26T01:46:44.813 INFO:teuthology.orchestra.run.smithi121.stdout:/usr/bin/ceph: stderr
2024-04-26T01:46:43.496+0000 7f407e400700 1 -- 172.21.15.121:0/302387014 shutdown_connections
2024-04-26T01:46:44.813 INFO:teuthology.orchestra.run.smithi121.stdout:/usr/bin/ceph: stderr
2024-04-26T01:46:43.496+0000 7f407e400700 1 --2- 172.21.15.121:0/302387014 >> [v2:172.21.15.121:3300/0,v1:172.21.15.121:6789/0] conn(0x7f407807de50 0x7f407807c300 unknown :-1 s=CLOSED pgs=26 cs=0 l=1 rev1=1 crypto rx=0 tx=0 comp rx=0 tx=0).stop
2024-04-26T01:46:44.813 INFO:teuthology.orchestra.run.smithi121.stdout:/usr/bin/ceph: stderr
2024-04-26T01:46:43.496+0000 7f407e400700 1 -- 172.21.15.121:0/302387014 >> 172.21.15.121:0/302387014 conn(0x7f40781039f0 msgr2=0x7f4078105e10 unknown :-1 s=STATE_NONE l=0).mark_down
2024-04-26T01:46:44.813 INFO:teuthology.orchestra.run.smithi121.stdout:/usr/bin/ceph: stderr
2024-04-26T01:46:43.496+0000 7f407e400700 1 -- 172.21.15.121:0/302387014 shutdown_connections
2024-04-26T01:46:44.813 INFO:teuthology.orchestra.run.smithi121.stdout:/usr/bin/ceph: stderr
2024-04-26T01:46:43.496+0000 7f407e400700 1 -- 172.21.15.121:0/302387014 wait complete.
2024-04-26T01:46:44.813 INFO:teuthology.orchestra.run.smithi121.stdout:/usr/bin/ceph: stderr
2024-04-26T01:46:43.497+0000 7f407e400700 1 Processor -- start
2024-04-26T01:46:44.813 INFO:teuthology.orchestra.run.smithi121.stdout:/usr/bin/ceph: stderr
2024-04-26T01:46:43.497+0000 7f407e400700 1 -- start start
2024-04-26T01:46:44.813 INFO:teuthology.orchestra.run.smithi121.stdout:/usr/bin/ceph: stderr
2024-04-26T01:46:43.497+0000 7f407e400700 1 --2- >> [v2:172.21.15.121:3300/0,v1:172.21.15.121:6789/0] conn(0x7f407807de50 0x7f407819e540 unknown :-1 s=NONE pgs=0 cs=0 l=1 rev1=0 crypto rx=0 tx=0 comp rx=0 tx=0).connect
2024-04-26T01:46:44.813 INFO:teuthology.orchestra.run.smithi121.stdout:/usr/bin/ceph: stderr
2024-04-26T01:46:43.497+0000 7f407e400700 1 -- --> [v2:172.21.15.121:3300/0,v1:172.21.15.121:6789/0] -- mon_getmap magic: 0 -- 0x7f407810e960 con 0x7f407807de50
2024-04-26T01:46:44.813 INFO:teuthology.orchestra.run.smithi121.stdout:/usr/bin/ceph: stderr
2024-04-26T01:46:43.498+0000 7f4077400700 1 --2- >> [v2:172.21.15.121:3300/0,v1:172.21.15.121:6789/0] conn(0x7f407807de50 0x7f407819e540 unknown :-1 s=BANNER_CONNECTING pgs=0 cs=0 l=1 rev1=0 crypto rx=0 tx=0 comp rx=0 tx=0)._handle_peer_banner_payload supported=3 required=0
2024-04-26T01:46:44.814 INFO:teuthology.orchestra.run.smithi121.stdout:/usr/bin/ceph: stderr
2024-04-26T01:46:43.498+0000 7f4077400700 1 --2- >> [v2:172.21.15.121:3300/0,v1:172.21.15.121:6789/0] conn(0x7f407807de50 0x7f407819e540 unknown :-1 s=HELLO_CONNECTING pgs=0 cs=0 l=1 rev1=1 crypto rx=0 tx=0 comp rx=0 tx=0).handle_hello peer v2:172.21.15.121:3300/0 says I am v2:172.21.15.121:58778/0 (socket says 172.21.15.121:58778)
2024-04-26T01:46:44.814 INFO:teuthology.orchestra.run.smithi121.stdout:/usr/bin/ceph: stderr
2024-04-26T01:46:43.498+0000 7f4077400700 1 -- 172.21.15.121:0/1208151792 learned_addr learned my addr 172.21.15.121:0/1208151792 (peer_addr_for_me v2:172.21.15.121:0/0)
2024-04-26T01:46:44.814 INFO:teuthology.orchestra.run.smithi121.stdout:/usr/bin/ceph: stderr
2024-04-26T01:46:43.498+0000 7f4077400700 1 -- 172.21.15.121:0/1208151792 --> [v2:172.21.15.121:3300/0,v1:172.21.15.121:6789/0] -- mon_subscribe({config=0+,monmap=0+}) -- 0x7f407819ea80 con 0x7f407807de50
2024-04-26T01:46:44.814 INFO:teuthology.orchestra.run.smithi121.stdout:/usr/bin/ceph: stderr
2024-04-26T01:46:43.498+0000 7f4077400700 1 --2- 172.21.15.121:0/1208151792 >> [v2:172.21.15.121:3300/0,v1:172.21.15.121:6789/0] conn(0x7f407807de50 0x7f407819e540 secure :-1 s=READY pgs=27 cs=0 l=1 rev1=1 crypto rx=0x7f4068011ac0 tx=0x7f4068011ba0 comp rx=0 tx=0).ready entity=mon.0 client_cookie=0 server_cookie=0 in_seq=0 out_seq=0
2024-04-26T01:46:44.814 INFO:teuthology.orchestra.run.smithi121.stdout:/usr/bin/ceph: stderr
2024-04-26T01:46:43.499+0000 7f406fe00700 1 -- 172.21.15.121:0/1208151792 <== mon.0 v2:172.21.15.121:3300/0 1 ==== mon_map magic: 0 ==== 205+0+0 (secure 0 0 0) 0x7f4068003b20 con 0x7f407807de50
2024-04-26T01:46:44.814 INFO:teuthology.orchestra.run.smithi121.stdout:/usr/bin/ceph: stderr
2024-04-26T01:46:43.499+0000 7f407e400700 1 -- 172.21.15.121:0/1208151792 --> [v2:172.21.15.121:3300/0,v1:172.21.15.121:6789/0] -- mon_subscribe({mgrmap=0+}) -- 0x7f407819ed10 con 0x7f407807de50
2024-04-26T01:46:44.814 INFO:teuthology.orchestra.run.smithi121.stdout:/usr/bin/ceph: stderr
2024-04-26T01:46:43.499+0000 7f406fe00700 1 -- 172.21.15.121:0/1208151792 <== mon.0 v2:172.21.15.121:3300/0 2 ==== config(26 keys) ==== 1070+0+0 (secure 0 0 0) 0x7f406801a8c0 con 0x7f407807de50
2024-04-26T01:46:44.814 INFO:teuthology.orchestra.run.smithi121.stdout:/usr/bin/ceph: stderr
2024-04-26T01:46:43.499+0000 7f406fe00700 1 -- 172.21.15.121:0/1208151792 <== mon.0 v2:172.21.15.121:3300/0 3 ==== mon_map magic: 0 ==== 205+0+0 (secure 0 0 0) 0x7f40680248d0 con 0x7f407807de50
2024-04-26T01:46:44.814 INFO:teuthology.orchestra.run.smithi121.stdout:/usr/bin/ceph: stderr
2024-04-26T01:46:43.499+0000 7f407e400700 1 -- 172.21.15.121:0/1208151792 --> [v2:172.21.15.121:3300/0,v1:172.21.15.121:6789/0] -- mon_subscribe({osdmap=0}) -- 0x7f40781a1a00 con 0x7f407807de50
2024-04-26T01:46:44.814 INFO:teuthology.orchestra.run.smithi121.stdout:/usr/bin/ceph: stderr
2024-04-26T01:46:43.500+0000 7f406fe00700 1 -- 172.21.15.121:0/1208151792 <== mon.0 v2:172.21.15.121:3300/0 4 ==== mgrmap(e 5) ==== 46558+0+0 (secure 0 0 0) 0x7f4068022020 con 0x7f407807de50
2024-04-26T01:46:44.814 INFO:teuthology.orchestra.run.smithi121.stdout:/usr/bin/ceph: stderr
2024-04-26T01:46:43.500+0000 7f407e400700 1 -- 172.21.15.121:0/1208151792 --> [v2:172.21.15.121:3300/0,v1:172.21.15.121:6789/0] -- mon_command({"prefix": "get_command_descriptions"} v 0) -- 0x7f40780640a0 con 0x7f407807de50
2024-04-26T01:46:44.814 INFO:teuthology.orchestra.run.smithi121.stdout:/usr/bin/ceph: stderr
2024-04-26T01:46:43.500+0000 7f406fe00700 1 --2- 172.21.15.121:0/1208151792 >> [v2:172.21.15.121:6800/2395202909,v1:172.21.15.121:6801/2395202909] conn(0x7f405c039600 0x7f405c03bac0 unknown :-1 s=NONE pgs=0 cs=0 l=1 rev1=0 crypto rx=0 tx=0 comp rx=0 tx=0).connect
2024-04-26T01:46:44.814 INFO:teuthology.orchestra.run.smithi121.stdout:/usr/bin/ceph: stderr
2024-04-26T01:46:43.500+0000 7f406fe00700 1 -- 172.21.15.121:0/1208151792 <== mon.0 v2:172.21.15.121:3300/0 5 ==== osd_map(1..1 src has 1..1) ==== 725+0+0 (secure 0 0 0) 0x7f406804d560 con 0x7f407807de50
2024-04-26T01:46:44.815 INFO:teuthology.orchestra.run.smithi121.stdout:/usr/bin/ceph: stderr
2024-04-26T01:46:43.500+0000 7f4076a00700 1 -- 172.21.15.121:0/1208151792 >> [v2:172.21.15.121:6800/2395202909,v1:172.21.15.121:6801/2395202909] conn(0x7f405c039600 msgr2=0x7f405c03bac0 unknown :-1 s=STATE_CONNECTING_RE l=1).process reconnect failed to v2:172.21.15.121:6800/2395202909
2024-04-26T01:46:44.815 INFO:teuthology.orchestra.run.smithi121.stdout:/usr/bin/ceph: stderr
2024-04-26T01:46:43.501+0000 7f4076a00700 1 --2- 172.21.15.121:0/1208151792 >> [v2:172.21.15.121:6800/2395202909,v1:172.21.15.121:6801/2395202909] conn(0x7f405c039600 0x7f405c03bac0 unknown :-1 s=START_CONNECT pgs=0 cs=0 l=1 rev1=0 crypto rx=0 tx=0 comp rx=0 tx=0)._fault waiting 0.200000
2024-04-26T01:46:44.815 INFO:teuthology.orchestra.run.smithi121.stdout:/usr/bin/ceph: stderr
2024-04-26T01:46:43.506+0000 7f406fe00700 1 -- 172.21.15.121:0/1208151792 <== mon.0 v2:172.21.15.121:3300/0 6 ==== mon_command_ack([{"prefix": "get_command_descriptions"}]=0 v0) ==== 72+0+188370 (secure 0 0 0) 0x7f406802c3a0 con 0x7f407807de50
2024-04-26T01:46:44.815 INFO:teuthology.orchestra.run.smithi121.stdout:/usr/bin/ceph: stderr
2024-04-26T01:46:43.702+0000 7f4076a00700 1 -- 172.21.15.121:0/1208151792 >> [v2:172.21.15.121:6800/2395202909,v1:172.21.15.121:6801/2395202909] conn(0x7f405c039600 msgr2=0x7f405c03bac0 unknown :-1 s=STATE_CONNECTING_RE l=1).process reconnect failed to v2:172.21.15.121:6800/2395202909
2024-04-26T01:46:44.815 INFO:teuthology.orchestra.run.smithi121.stdout:/usr/bin/ceph: stderr
2024-04-26T01:46:43.702+0000 7f4076a00700 1 --2- 172.21.15.121:0/1208151792 >> [v2:172.21.15.121:6800/2395202909,v1:172.21.15.121:6801/2395202909] conn(0x7f405c039600 0x7f405c03bac0 unknown :-1 s=START_CONNECT pgs=0 cs=0 l=1 rev1=0 crypto rx=0 tx=0 comp rx=0 tx=0)._fault waiting 0.400000
2024-04-26T01:46:44.815 INFO:teuthology.orchestra.run.smithi121.stdout:/usr/bin/ceph: stderr
2024-04-26T01:46:43.825+0000 7f407e400700 1 -- 172.21.15.121:0/1208151792 --> [v2:172.21.15.121:3300/0,v1:172.21.15.121:6789/0] -- mon_command({"prefix": "mgr stat"} v 0) -- 0x7f40781a1bd0 con 0x7f407807de50
2024-04-26T01:46:44.815 INFO:teuthology.orchestra.run.smithi121.stdout:/usr/bin/ceph: stderr
2024-04-26T01:46:43.826+0000 7f406fe00700 1 -- 172.21.15.121:0/1208151792 <== mon.0 v2:172.21.15.121:3300/0 7 ==== mon_command_ack([{"prefix": "mgr stat"}]=0 v5) ==== 56+0+88 (secure 0 0 0) 0x7f40781a1bd0 con 0x7f407807de50
2024-04-26T01:46:44.815 INFO:teuthology.orchestra.run.smithi121.stdout:/usr/bin/ceph: stderr
2024-04-26T01:46:43.829+0000 7f407e400700 1 -- 172.21.15.121:0/1208151792 >> [v2:172.21.15.121:6800/2395202909,v1:172.21.15.121:6801/2395202909] conn(0x7f405c039600 msgr2=0x7f405c03bac0 unknown :-1 s=STATE_CONNECTING l=1).mark_down
2024-04-26T01:46:44.815 INFO:teuthology.orchestra.run.smithi121.stdout:/usr/bin/ceph: stderr
2024-04-26T01:46:43.829+0000 7f407e400700 1 --2- 172.21.15.121:0/1208151792 >> [v2:172.21.15.121:6800/2395202909,v1:172.21.15.121:6801/2395202909] conn(0x7f405c039600 0x7f405c03bac0 unknown :-1 s=START_CONNECT pgs=0 cs=0 l=1 rev1=0 crypto rx=0 tx=0 comp rx=0 tx=0).stop
2024-04-26T01:46:44.815 INFO:teuthology.orchestra.run.smithi121.stdout:/usr/bin/ceph: stderr
2024-04-26T01:46:43.829+0000 7f407e400700 1 -- 172.21.15.121:0/1208151792 >> [v2:172.21.15.121:3300/0,v1:172.21.15.121:6789/0] conn(0x7f407807de50 msgr2=0x7f407819e540 secure :-1 s=STATE_CONNECTION_ESTABLISHED l=1).mark_down
2024-04-26T01:46:44.815 INFO:teuthology.orchestra.run.smithi121.stdout:/usr/bin/ceph: stderr
2024-04-26T01:46:43.829+0000 7f407e400700 1 --2- 172.21.15.121:0/1208151792 >> [v2:172.21.15.121:3300/0,v1:172.21.15.121:6789/0] conn(0x7f407807de50 0x7f407819e540 secure :-1 s=READY pgs=27 cs=0 l=1 rev1=1 crypto rx=0x7f4068011ac0 tx=0x7f4068011ba0 comp rx=0 tx=0).stop
2024-04-26T01:46:44.815 INFO:teuthology.orchestra.run.smithi121.stdout:/usr/bin/ceph: stderr
2024-04-26T01:46:43.829+0000 7f407e400700 1 -- 172.21.15.121:0/1208151792 shutdown_connections
2024-04-26T01:46:44.815 INFO:teuthology.orchestra.run.smithi121.stdout:/usr/bin/ceph: stderr
2024-04-26T01:46:43.829+0000 7f407e400700 1 --2- 172.21.15.121:0/1208151792 >> [v2:172.21.15.121:6800/2395202909,v1:172.21.15.121:6801/2395202909] conn(0x7f405c039600 0x7f405c03bac0 unknown :-1 s=CLOSED pgs=0 cs=0 l=1 rev1=0 crypto rx=0 tx=0 comp rx=0 tx=0).stop
2024-04-26T01:46:44.815 INFO:teuthology.orchestra.run.smithi121.stdout:/usr/bin/ceph: stderr
2024-04-26T01:46:43.829+0000 7f407e400700 1 --2- 172.21.15.121:0/1208151792 >> [v2:172.21.15.121:3300/0,v1:172.21.15.121:6789/0] conn(0x7f407807de50 0x7f407819e540 unknown :-1 s=CLOSED pgs=27 cs=0 l=1 rev1=1 crypto rx=0 tx=0 comp rx=0 tx=0).stop
2024-04-26T01:46:44.816 INFO:teuthology.orchestra.run.smithi121.stdout:/usr/bin/ceph: stderr
2024-04-26T01:46:43.829+0000 7f407e400700 1 -- 172.21.15.121:0/1208151792 >> 172.21.15.121:0/1208151792 conn(0x7f40781039f0 msgr2=0x7f4078104580 unknown :-1 s=STATE_NONE l=0).mark_down
2024-04-26T01:46:44.816 INFO:teuthology.orchestra.run.smithi121.stdout:/usr/bin/ceph: stderr
2024-04-26T01:46:43.829+0000 7f407e400700 1 -- 172.21.15.121:0/1208151792 shutdown_connections
2024-04-26T01:46:44.816 INFO:teuthology.orchestra.run.smithi121.stdout:/usr/bin/ceph: stderr
2024-04-26T01:46:43.829+0000 7f407e400700 1 -- 172.21.15.121:0/1208151792 wait complete.
2024-04-26T01:46:44.816 INFO:teuthology.orchestra.run.smithi121.stdout:Waiting for the mgr to restart...
2024-04-26T01:46:44.816 INFO:teuthology.orchestra.run.smithi121.stdout:Waiting for mgr epoch 5...
2024-04-26T01:46:44.951 INFO:journalctl@ceph.mgr.x.smithi121.stdout:Apr 26 01:46:44 smithi121 ceph-8b8bef0a-036e-11ef-bc93-c7b262605968-mgr-x[28209]:
2024-04-26T01:46:44.666+0000 7f1f25ea0200 -1 mgr[py] Module telegraf has missing NOTIFY_TYPES member
2024-04-26T01:46:44.951 INFO:journalctl@ceph.mgr.x.smithi121.stdout:Apr 26 01:46:44 smithi121 ceph-8b8bef0a-036e-11ef-bc93-c7b262605968-mgr-x[28209]:
2024-04-26T01:46:44.911+0000 7f1f25ea0200 -1 mgr[py] Module osd_support has missing NOTIFY_TYPES member
2024-04-26T01:46:45.326 INFO:journalctl@ceph.mgr.x.smithi121.stdout:Apr 26 01:46:45 smithi121 ceph-8b8bef0a-036e-11ef-bc93-c7b262605968-mgr-x[28209]:
2024-04-26T01:46:45.146+0000 7f1f25ea0200 -1 mgr[py] Module iostat has missing NOTIFY_TYPES member
2024-04-26T01:46:45.653 INFO:journalctl@ceph.mgr.x.smithi121.stdout:Apr 26 01:46:45 smithi121 ceph-8b8bef0a-036e-11ef-bc93-c7b262605968-mgr-x[28209]:
2024-04-26T01:46:45.535+0000 7f1f25ea0200 -1 mgr[py] Module alerts has missing NOTIFY_TYPES member
2024-04-26T01:46:45.653 INFO:journalctl@ceph.mgr.x.smithi121.stdout:Apr 26 01:46:45 smithi121 ceph-8b8bef0a-036e-11ef-bc93-c7b262605968-mgr-x[28209]:
2024-04-26T01:46:45.654+0000 7f1f25ea0200 -1 mgr[py] Module selftest has missing NOTIFY_TYPES member
2024-04-26T01:46:45.950 INFO:journalctl@ceph.mgr.x.smithi121.stdout:Apr 26 01:46:45 smithi121 ceph-8b8bef0a-036e-11ef-bc93-c7b262605968-mgr-x[28209]:
2024-04-26T01:46:45.902+0000 7f1f25ea0200 -1 mgr[py] Module pg_autoscaler has missing NOTIFY_TYPES member
2024-04-26T01:46:46.450 INFO:journalctl@ceph.mgr.x.smithi121.stdout:Apr 26 01:46:46 smithi121 ceph-8b8bef0a-036e-11ef-bc93-c7b262605968-mgr-x[28209]:
2024-04-26T01:46:46.152+0000 7f1f25ea0200 -1 mgr[py] Module test_orchestrator has missing NOTIFY_TYPES member
2024-04-26T01:46:47.200 INFO:journalctl@ceph.mgr.x.smithi121.stdout:Apr 26 01:46:46 smithi121 ceph-8b8bef0a-036e-11ef-bc93-c7b262605968-mgr-x[28209]:
2024-04-26T01:46:46.917+0000 7f1f25ea0200 -1 mgr[py] Module rook has missing NOTIFY_TYPES member
2024-04-26T01:46:47.834 INFO:journalctl@ceph.mgr.x.smithi121.stdout:Apr 26 01:46:47 smithi121 ceph-8b8bef0a-036e-11ef-bc93-c7b262605968-mgr-x[28209]:
2024-04-26T01:46:47.454+0000 7f1f25ea0200 -1 mgr[py] Module volumes has missing NOTIFY_TYPES member
2024-04-26T01:46:47.835 INFO:journalctl@ceph.mgr.x.smithi121.stdout:Apr 26 01:46:47 smithi121 ceph-8b8bef0a-036e-11ef-bc93-c7b262605968-mgr-x[28209]:
2024-04-26T01:46:47.578+0000 7f1f25ea0200 -1 mgr[py] Module crash has missing NOTIFY_TYPES member
2024-04-26T01:46:47.835 INFO:journalctl@ceph.mgr.x.smithi121.stdout:Apr 26 01:46:47 smithi121 ceph-8b8bef0a-036e-11ef-bc93-c7b262605968-mgr-x[28209]:
2024-04-26T01:46:47.836+0000 7f1f25ea0200 -1 mgr[py] Module rgw has missing NOTIFY_TYPES member
2024-04-26T01:46:48.898 INFO:journalctl@ceph.mgr.x.smithi121.stdout:Apr 26 01:46:48 smithi121 ceph-8b8bef0a-036e-11ef-bc93-c7b262605968-mgr-x[28209]:
2024-04-26T01:46:48.466+0000 7f1f25ea0200 -1 mgr[py] Module prometheus has missing NOTIFY_TYPES member
2024-04-26T01:46:48.898 INFO:journalctl@ceph.mgr.x.smithi121.stdout:Apr 26 01:46:48 smithi121 ceph-8b8bef0a-036e-11ef-bc93-c7b262605968-mgr-x[28209]:
2024-04-26T01:46:48.587+0000 7f1f25ea0200 -1 mgr[py] Module devicehealth has missing NOTIFY_TYPES member
2024-04-26T01:46:48.898 INFO:journalctl@ceph.mgr.x.smithi121.stdout:Apr 26 01:46:48 smithi121 ceph-8b8bef0a-036e-11ef-bc93-c7b262605968-mgr-x[28209]:
2024-04-26T01:46:48.898+0000 7f1f25ea0200 -1 mgr[py] Module telemetry has missing NOTIFY_TYPES member
2024-04-26T01:46:49.194 INFO:journalctl@ceph.mgr.x.smithi121.stdout:Apr 26 01:46:49 smithi121 ceph-8b8bef0a-036e-11ef-bc93-c7b262605968-mgr-x[28209]:
2024-04-26T01:46:49.073+0000 7f1f25ea0200 -1 mgr[py] Module diskprediction_local has missing NOTIFY_TYPES member
2024-04-26T01:46:49.194 INFO:journalctl@ceph.mgr.x.smithi121.stdout:Apr 26 01:46:49 smithi121 ceph-8b8bef0a-036e-11ef-bc93-c7b262605968-mgr-x[28209]:
2024-04-26T01:46:49.195+0000 7f1f25ea0200 -1 mgr[py] Module osd_perf_query has missing NOTIFY_TYPES member
2024-04-26T01:46:49.450 INFO:journalctl@ceph.mgr.x.smithi121.stdout:Apr 26 01:46:49 smithi121 ceph-8b8bef0a-036e-11ef-bc93-c7b262605968-mgr-x[28209]:
2024-04-26T01:46:49.341+0000 7f1f25ea0200 -1 mgr[py] Module rbd_support has missing NOTIFY_TYPES member
2024-04-26T01:46:50.200 INFO:journalctl@ceph.mgr.x.smithi121.stdout:Apr 26 01:46:49 smithi121 ceph-8b8bef0a-036e-11ef-bc93-c7b262605968-mgr-x[28209]:
2024-04-26T01:46:49.701+0000 7f1f25ea0200 -1 mgr[py] Module zabbix has missing NOTIFY_TYPES member
2024-04-26T01:46:50.700 INFO:journalctl@ceph.mgr.x.smithi121.stdout:Apr 26 01:46:50 smithi121 ceph-8b8bef0a-036e-11ef-bc93-c7b262605968-mgr-x[28209]:
2024-04-26T01:46:50.441+0000 7f1f25ea0200 -1 mgr[py] Module status has missing NOTIFY_TYPES member
2024-04-26T01:46:51.071 INFO:journalctl@ceph.mgr.x.smithi121.stdout:Apr 26 01:46:50 smithi121 ceph-8b8bef0a-036e-11ef-bc93-c7b262605968-mgr-x[28209]:
2024-04-26T01:46:50.719+0000 7f1f25ea0200 -1 mgr[py] Module nfs has missing NOTIFY_TYPES member
2024-04-26T01:46:51.072 INFO:journalctl@ceph.mon.a.smithi121.stdout:Apr 26 01:46:50 smithi121 ceph-mon[27982]: Active manager daemon x restarted
2024-04-26T01:46:51.072 INFO:journalctl@ceph.mon.a.smithi121.stdout:Apr 26 01:46:50 smithi121 ceph-mon[27982]: Activating manager daemon x
2024-04-26T01:46:51.072 INFO:journalctl@ceph.mon.a.smithi121.stdout:Apr 26 01:46:50 smithi121 ceph-mon[27982]: osdmap e2: 0 total, 0 up, 0 in
2024-04-26T01:46:51.072 INFO:journalctl@ceph.mon.a.smithi121.stdout:Apr 26 01:46:50 smithi121 ceph-mon[27982]: mgrmap e6: x(active, starting, since 0.00388225s)
2024-04-26T01:46:51.072 INFO:journalctl@ceph.mon.a.smithi121.stdout:Apr 26 01:46:50 smithi121 ceph-mon[27982]: from='mgr.14120 172.21.15.121:0/1348352859' entity='mgr.x' cmd=[{"prefix": "mon metadata", "id": "a"}]: dispatch
2024-04-26T01:46:51.072 INFO:journalctl@ceph.mon.a.smithi121.stdout:Apr 26 01:46:50 smithi121 ceph-mon[27982]: from='mgr.14120 172.21.15.121:0/1348352859' entity='mgr.x' cmd=[{"prefix": "mgr metadata", "who": "x", "id": "x"}]: dispatch
2024-04-26T01:46:51.072 INFO:journalctl@ceph.mon.a.smithi121.stdout:Apr 26 01:46:50 smithi121 ceph-mon[27982]: from='mgr.14120 172.21.15.121:0/1348352859' entity='mgr.x' cmd=[{"prefix": "mds metadata"}]: dispatch
2024-04-26T01:46:51.072 INFO:journalctl@ceph.mon.a.smithi121.stdout:Apr 26 01:46:50 smithi121 ceph-mon[27982]: from='mgr.14120 172.21.15.121:0/1348352859' entity='mgr.x' cmd=[{"prefix": "osd metadata"}]: dispatch
2024-04-26T01:46:51.072 INFO:journalctl@ceph.mon.a.smithi121.stdout:Apr 26 01:46:50 smithi121 ceph-mon[27982]: from='mgr.14120 172.21.15.121:0/1348352859' entity='mgr.x' cmd=[{"prefix": "mon metadata"}]: dispatch
2024-04-26T01:46:51.073 INFO:journalctl@ceph.mon.a.smithi121.stdout:Apr 26 01:46:50 smithi121 ceph-mon[27982]: Manager daemon x is now available
2024-04-26T01:46:51.073 INFO:journalctl@ceph.mon.a.smithi121.stdout:Apr 26 01:46:50 smithi121 ceph-mon[27982]: from='mgr.14120 172.21.15.121:0/1348352859' entity='mgr.x'
2024-04-26T01:46:52.157 INFO:journalctl@ceph.mon.a.smithi121.stdout:Apr 26 01:46:51 smithi121 ceph-mon[27982]: Found migration_current of "None". Setting to last migration.
2024-04-26T01:46:52.157 INFO:journalctl@ceph.mon.a.smithi121.stdout:Apr 26 01:46:51 smithi121 ceph-mon[27982]: from='mgr.14120 172.21.15.121:0/1348352859' entity='mgr.x'
2024-04-26T01:46:52.158 INFO:journalctl@ceph.mon.a.smithi121.stdout:Apr 26 01:46:51 smithi121 ceph-mon[27982]: from='mgr.14120 172.21.15.121:0/1348352859' entity='mgr.x' cmd=[{"prefix": "config dump", "format": "json"}]: dispatch
2024-04-26T01:46:52.158 INFO:journalctl@ceph.mon.a.smithi121.stdout:Apr 26 01:46:51 smithi121 ceph-mon[27982]: from='mgr.14120 172.21.15.121:0/1348352859' entity='mgr.x' cmd=[{"prefix": "config dump", "format": "json"}]: dispatch
2024-04-26T01:46:52.158 INFO:journalctl@ceph.mon.a.smithi121.stdout:Apr 26 01:46:51 smithi121 ceph-mon[27982]: from='mgr.14120 172.21.15.121:0/1348352859' entity='mgr.x' cmd=[{"prefix":"config rm","who":"mgr","name":"mgr/rbd_support/x/mirror_snapshot_schedule"}]: dispatch
2024-04-26T01:46:52.158 INFO:journalctl@ceph.mon.a.smithi121.stdout:Apr 26 01:46:51 smithi121 ceph-mon[27982]: from='mgr.14120 172.21.15.121:0/1348352859' entity='mgr.x' cmd=[{"prefix":"config rm","who":"mgr","name":"mgr/rbd_support/x/trash_purge_schedule"}]: dispatch
2024-04-26T01:46:52.158 INFO:journalctl@ceph.mon.a.smithi121.stdout:Apr 26 01:46:51 smithi121 ceph-mon[27982]: from='mgr.14120 172.21.15.121:0/1348352859' entity='mgr.x'
2024-04-26T01:46:52.158 INFO:journalctl@ceph.mon.a.smithi121.stdout:Apr 26 01:46:51 smithi121 ceph-mon[27982]: from='mgr.14120 172.21.15.121:0/1348352859' entity='mgr.x'
2024-04-26T01:46:52.158 INFO:journalctl@ceph.mon.a.smithi121.stdout:Apr 26 01:46:51 smithi121 ceph-mon[27982]: from='mgr.14120 172.21.15.121:0/1348352859' entity='mgr.x' cmd=[{"prefix": "config dump", "format": "json"}]: dispatch
2024-04-26T01:46:52.158 INFO:journalctl@ceph.mon.a.smithi121.stdout:Apr 26 01:46:51 smithi121 ceph-mon[27982]: mgrmap e7: x(active, since 1.01308s)
2024-04-26T01:46:52.601 INFO:teuthology.orchestra.run.smithi121.stdout:/usr/bin/ceph: stdout {
2024-04-26T01:46:52.601 INFO:teuthology.orchestra.run.smithi121.stdout:/usr/bin/ceph: stdout "mgrmap_epoch": 7,
2024-04-26T01:46:52.601 INFO:teuthology.orchestra.run.smithi121.stdout:/usr/bin/ceph: stdout "initialized": true
2024-04-26T01:46:52.601 INFO:teuthology.orchestra.run.smithi121.stdout:/usr/bin/ceph: stdout }
2024-04-26T01:46:52.602 INFO:teuthology.orchestra.run.smithi121.stdout:/usr/bin/ceph: stderr
2024-04-26T01:46:45.469+0000 7f8dfda00700 1 Processor -- start
2024-04-26T01:46:52.602 INFO:teuthology.orchestra.run.smithi121.stdout:/usr/bin/ceph: stderr
2024-04-26T01:46:45.470+0000 7f8dfda00700 1 -- start start
2024-04-26T01:46:52.602 INFO:teuthology.orchestra.run.smithi121.stdout:/usr/bin/ceph: stderr
2024-04-26T01:46:45.470+0000 7f8dfda00700 1 --2- >> [v2:172.21.15.121:3300/0,v1:172.21.15.121:6789/0] conn(0x7f8df807dde0 0x7f8df807c2e0 unknown :-1 s=NONE pgs=0 cs=0 l=0 rev1=0 crypto rx=0 tx=0 comp rx=0 tx=0).connect
2024-04-26T01:46:52.602 INFO:teuthology.orchestra.run.smithi121.stdout:/usr/bin/ceph: stderr
2024-04-26T01:46:45.470+0000 7f8dfda00700 1 -- --> [v2:172.21.15.121:3300/0,v1:172.21.15.121:6789/0] -- mon_getmap magic: 0 -- 0x7f8df807c820 con 0x7f8df807dde0
2024-04-26T01:46:52.602 INFO:teuthology.orchestra.run.smithi121.stdout:/usr/bin/ceph: stderr
2024-04-26T01:46:45.470+0000 7f8df7e00700 1 --2- >> [v2:172.21.15.121:3300/0,v1:172.21.15.121:6789/0] conn(0x7f8df807dde0 0x7f8df807c2e0 unknown :-1 s=BANNER_CONNECTING pgs=0 cs=0 l=0 rev1=0 crypto rx=0 tx=0 comp rx=0 tx=0)._handle_peer_banner_payload supported=3 required=0
2024-04-26T01:46:52.602 INFO:teuthology.orchestra.run.smithi121.stdout:/usr/bin/ceph: stderr
2024-04-26T01:46:45.471+0000 7f8df7e00700 1 --2- >> [v2:172.21.15.121:3300/0,v1:172.21.15.121:6789/0] conn(0x7f8df807dde0 0x7f8df807c2e0 unknown :-1 s=HELLO_CONNECTING pgs=0 cs=0 l=0 rev1=1 crypto rx=0 tx=0 comp rx=0 tx=0).handle_hello peer v2:172.21.15.121:3300/0 says I am v2:172.21.15.121:58786/0 (socket says 172.21.15.121:58786)
2024-04-26T01:46:52.602 INFO:teuthology.orchestra.run.smithi121.stdout:/usr/bin/ceph: stderr
2024-04-26T01:46:45.471+0000 7f8df7e00700 1 -- 172.21.15.121:0/1074043007 learned_addr learned my addr 172.21.15.121:0/1074043007 (peer_addr_for_me v2:172.21.15.121:0/0)
2024-04-26T01:46:52.602 INFO:teuthology.orchestra.run.smithi121.stdout:/usr/bin/ceph: stderr
2024-04-26T01:46:45.471+0000 7f8df7e00700 1 -- 172.21.15.121:0/1074043007 --> [v2:172.21.15.121:3300/0,v1:172.21.15.121:6789/0] -- mon_subscribe({config=0+,monmap=0+}) -- 0x7f8df807c9a0 con 0x7f8df807dde0
2024-04-26T01:46:52.602 INFO:teuthology.orchestra.run.smithi121.stdout:/usr/bin/ceph: stderr
2024-04-26T01:46:45.471+0000 7f8df7e00700 1 --2- 172.21.15.121:0/1074043007 >> [v2:172.21.15.121:3300/0,v1:172.21.15.121:6789/0] conn(0x7f8df807dde0 0x7f8df807c2e0 secure :-1 s=READY pgs=28 cs=0 l=1 rev1=1 crypto rx=0x7f8de80098a0 tx=0x7f8de8009bb0 comp rx=0 tx=0).ready entity=mon.0 client_cookie=a56c12b11ed0b109 server_cookie=0 in_seq=0 out_seq=0
2024-04-26T01:46:52.602 INFO:teuthology.orchestra.run.smithi121.stdout:/usr/bin/ceph: stderr
2024-04-26T01:46:45.471+0000 7f8df6a00700 1 -- 172.21.15.121:0/1074043007 <== mon.0 v2:172.21.15.121:3300/0 1 ==== mon_map magic: 0 ==== 205+0+0 (secure 0 0 0) 0x7f8de8004160 con 0x7f8df807dde0
2024-04-26T01:46:52.602 INFO:teuthology.orchestra.run.smithi121.stdout:/usr/bin/ceph: stderr
2024-04-26T01:46:45.472+0000 7f8df6a00700 1 -- 172.21.15.121:0/1074043007 <== mon.0 v2:172.21.15.121:3300/0 2 ==== config(26 keys) ==== 1070+0+0 (secure 0 0 0) 0x7f8de8004300 con 0x7f8df807dde0
2024-04-26T01:46:52.602 INFO:teuthology.orchestra.run.smithi121.stdout:/usr/bin/ceph: stderr
2024-04-26T01:46:45.472+0000 7f8df6a00700 1 -- 172.21.15.121:0/1074043007 <== mon.0 v2:172.21.15.121:3300/0 3 ==== mon_map magic: 0 ==== 205+0+0 (secure 0 0 0) 0x7f8de8011af0 con 0x7f8df807dde0
2024-04-26T01:46:52.602 INFO:teuthology.orchestra.run.smithi121.stdout:/usr/bin/ceph: stderr
2024-04-26T01:46:45.472+0000 7f8dfda00700 1 -- 172.21.15.121:0/1074043007 >> [v2:172.21.15.121:3300/0,v1:172.21.15.121:6789/0] conn(0x7f8df807dde0 msgr2=0x7f8df807c2e0 secure :-1 s=STATE_CONNECTION_ESTABLISHED l=1).mark_down
2024-04-26T01:46:52.603 INFO:teuthology.orchestra.run.smithi121.stdout:/usr/bin/ceph: stderr
2024-04-26T01:46:45.472+0000 7f8dfda00700 1 --2- 172.21.15.121:0/1074043007 >> [v2:172.21.15.121:3300/0,v1:172.21.15.121:6789/0] conn(0x7f8df807dde0 0x7f8df807c2e0 secure :-1 s=READY pgs=28 cs=0 l=1 rev1=1 crypto rx=0x7f8de80098a0 tx=0x7f8de8009bb0 comp rx=0 tx=0).stop
2024-04-26T01:46:52.603 INFO:teuthology.orchestra.run.smithi121.stdout:/usr/bin/ceph: stderr
2024-04-26T01:46:45.473+0000 7f8dfda00700 1 -- 172.21.15.121:0/1074043007 shutdown_connections
2024-04-26T01:46:52.603 INFO:teuthology.orchestra.run.smithi121.stdout:/usr/bin/ceph: stderr
2024-04-26T01:46:45.473+0000 7f8dfda00700 1 --2- 172.21.15.121:0/1074043007 >> [v2:172.21.15.121:3300/0,v1:172.21.15.121:6789/0] conn(0x7f8df807dde0 0x7f8df807c2e0 unknown :-1 s=CLOSED pgs=28 cs=0 l=1 rev1=1 crypto rx=0 tx=0 comp rx=0 tx=0).stop
2024-04-26T01:46:52.603 INFO:teuthology.orchestra.run.smithi121.stdout:/usr/bin/ceph: stderr
2024-04-26T01:46:45.473+0000 7f8dfda00700 1 -- 172.21.15.121:0/1074043007 >> 172.21.15.121:0/1074043007 conn(0x7f8df8103870 msgr2=0x7f8df8105c90 unknown :-1 s=STATE_NONE l=0).mark_down
2024-04-26T01:46:52.603 INFO:teuthology.orchestra.run.smithi121.stdout:/usr/bin/ceph: stderr
2024-04-26T01:46:45.473+0000 7f8dfda00700 1 -- 172.21.15.121:0/1074043007 shutdown_connections
2024-04-26T01:46:52.603 INFO:teuthology.orchestra.run.smithi121.stdout:/usr/bin/ceph: stderr
2024-04-26T01:46:45.473+0000 7f8dfda00700 1 -- 172.21.15.121:0/1074043007 wait complete.
2024-04-26T01:46:52.603 INFO:teuthology.orchestra.run.smithi121.stdout:/usr/bin/ceph: stderr
2024-04-26T01:46:45.474+0000 7f8dfda00700 1 Processor -- start
2024-04-26T01:46:52.603 INFO:teuthology.orchestra.run.smithi121.stdout:/usr/bin/ceph: stderr
2024-04-26T01:46:45.474+0000 7f8dfda00700 1 -- start start
2024-04-26T01:46:52.603 INFO:teuthology.orchestra.run.smithi121.stdout:/usr/bin/ceph: stderr
2024-04-26T01:46:45.475+0000 7f8dfda00700 1 --2- >> [v2:172.21.15.121:3300/0,v1:172.21.15.121:6789/0] conn(0x7f8df807dde0 0x7f8df819e3f0 unknown :-1 s=NONE pgs=0 cs=0 l=1 rev1=0 crypto rx=0 tx=0 comp rx=0 tx=0).connect
2024-04-26T01:46:52.603 INFO:teuthology.orchestra.run.smithi121.stdout:/usr/bin/ceph: stderr
2024-04-26T01:46:45.475+0000 7f8dfda00700 1 -- --> [v2:172.21.15.121:3300/0,v1:172.21.15.121:6789/0] -- mon_getmap magic: 0 -- 0x7f8df810e7e0 con 0x7f8df807dde0
2024-04-26T01:46:52.603 INFO:teuthology.orchestra.run.smithi121.stdout:/usr/bin/ceph: stderr
2024-04-26T01:46:45.475+0000 7f8df7e00700 1 --2- >> [v2:172.21.15.121:3300/0,v1:172.21.15.121:6789/0] conn(0x7f8df807dde0 0x7f8df819e3f0 unknown :-1 s=BANNER_CONNECTING pgs=0 cs=0 l=1 rev1=0 crypto rx=0 tx=0 comp rx=0 tx=0)._handle_peer_banner_payload supported=3 required=0
2024-04-26T01:46:52.603 INFO:teuthology.orchestra.run.smithi121.stdout:/usr/bin/ceph: stderr
2024-04-26T01:46:45.475+0000 7f8df7e00700 1 --2- >> [v2:172.21.15.121:3300/0,v1:172.21.15.121:6789/0] conn(0x7f8df807dde0 0x7f8df819e3f0 unknown :-1 s=HELLO_CONNECTING pgs=0 cs=0 l=1 rev1=1 crypto rx=0 tx=0 comp rx=0 tx=0).handle_hello peer v2:172.21.15.121:3300/0 says I am v2:172.21.15.121:58798/0 (socket says 172.21.15.121:58798)
2024-04-26T01:46:52.608 INFO:teuthology.orchestra.run.smithi121.stdout:/usr/bin/ceph: stderr
2024-04-26T01:46:45.475+0000 7f8df7e00700 1 -- 172.21.15.121:0/1192088421 learned_addr learned my addr 172.21.15.121:0/1192088421 (peer_addr_for_me v2:172.21.15.121:0/0)
2024-04-26T01:46:52.608 INFO:teuthology.orchestra.run.smithi121.stdout:/usr/bin/ceph: stderr
2024-04-26T01:46:45.475+0000 7f8df7e00700 1 -- 172.21.15.121:0/1192088421 --> [v2:172.21.15.121:3300/0,v1:172.21.15.121:6789/0] -- mon_subscribe({config=0+,monmap=0+}) -- 0x7f8df819e930 con 0x7f8df807dde0
2024-04-26T01:46:52.608 INFO:teuthology.orchestra.run.smithi121.stdout:/usr/bin/ceph: stderr
2024-04-26T01:46:45.475+0000 7f8df7e00700 1 --2- 172.21.15.121:0/1192088421 >> [v2:172.21.15.121:3300/0,v1:172.21.15.121:6789/0] conn(0x7f8df807dde0 0x7f8df819e3f0 secure :-1 s=READY pgs=29 cs=0 l=1 rev1=1 crypto rx=0x7f8de8011ac0 tx=0x7f8de8011ba0 comp rx=0 tx=0).ready entity=mon.0 client_cookie=0 server_cookie=0 in_seq=0 out_seq=0
2024-04-26T01:46:52.608 INFO:teuthology.orchestra.run.smithi121.stdout:/usr/bin/ceph: stderr
2024-04-26T01:46:45.476+0000 7f8df4c00700 1 -- 172.21.15.121:0/1192088421 <== mon.0 v2:172.21.15.121:3300/0 1 ==== mon_map magic: 0 ==== 205+0+0 (secure 0 0 0) 0x7f8de8003970 con 0x7f8df807dde0
2024-04-26T01:46:52.608 INFO:teuthology.orchestra.run.smithi121.stdout:/usr/bin/ceph: stderr
2024-04-26T01:46:45.476+0000 7f8df4c00700 1 -- 172.21.15.121:0/1192088421 <== mon.0 v2:172.21.15.121:3300/0 2 ==== config(26 keys) ==== 1070+0+0 (secure 0 0 0) 0x7f8de8003b10 con 0x7f8df807dde0
2024-04-26T01:46:52.608 INFO:teuthology.orchestra.run.smithi121.stdout:/usr/bin/ceph: stderr
2024-04-26T01:46:45.476+0000 7f8df4c00700 1 -- 172.21.15.121:0/1192088421 <== mon.0 v2:172.21.15.121:3300/0 3 ==== mon_map magic: 0 ==== 205+0+0 (secure 0 0 0) 0x7f8de8024610 con 0x7f8df807dde0
2024-04-26T01:46:52.608 INFO:teuthology.orchestra.run.smithi121.stdout:/usr/bin/ceph: stderr
2024-04-26T01:46:45.476+0000 7f8dfda00700 1 -- 172.21.15.121:0/1192088421 --> [v2:172.21.15.121:3300/0,v1:172.21.15.121:6789/0] -- mon_subscribe({mgrmap=0+}) -- 0x7f8df819ebc0 con 0x7f8df807dde0
2024-04-26T01:46:52.608 INFO:teuthology.orchestra.run.smithi121.stdout:/usr/bin/ceph: stderr
2024-04-26T01:46:45.476+0000 7f8dfda00700 1 -- 172.21.15.121:0/1192088421 --> [v2:172.21.15.121:3300/0,v1:172.21.15.121:6789/0] -- mon_subscribe({osdmap=0}) -- 0x7f8df81a18b0 con 0x7f8df807dde0
2024-04-26T01:46:52.608 INFO:teuthology.orchestra.run.smithi121.stdout:/usr/bin/ceph: stderr
2024-04-26T01:46:45.477+0000 7f8df4c00700 1 -- 172.21.15.121:0/1192088421 <== mon.0 v2:172.21.15.121:3300/0 4 ==== mgrmap(e 5) ==== 46558+0+0 (secure 0 0 0) 0x7f8de801a9e0 con 0x7f8df807dde0
2024-04-26T01:46:52.608 INFO:teuthology.orchestra.run.smithi121.stdout:/usr/bin/ceph: stderr
2024-04-26T01:46:45.478+0000 7f8df4c00700 1 --2- 172.21.15.121:0/1192088421 >> [v2:172.21.15.121:6800/2395202909,v1:172.21.15.121:6801/2395202909] conn(0x7f8ddc039600 0x7f8ddc03bac0 unknown :-1 s=NONE pgs=0 cs=0 l=1 rev1=0 crypto rx=0 tx=0 comp rx=0 tx=0).connect
2024-04-26T01:46:52.608 INFO:teuthology.orchestra.run.smithi121.stdout:/usr/bin/ceph: stderr
2024-04-26T01:46:45.478+0000 7f8df4c00700 1 -- 172.21.15.121:0/1192088421 --> [v2:172.21.15.121:6800/2395202909,v1:172.21.15.121:6801/2395202909] -- command(tid 0: {"prefix": "get_command_descriptions"}) -- 0x7f8ddc03c1d0 con 0x7f8ddc039600
2024-04-26T01:46:52.608 INFO:teuthology.orchestra.run.smithi121.stdout:/usr/bin/ceph: stderr
2024-04-26T01:46:45.478+0000 7f8df4c00700 1 -- 172.21.15.121:0/1192088421 <== mon.0 v2:172.21.15.121:3300/0 5 ==== osd_map(1..1 src has 1..1) ==== 725+0+0 (secure 0 0 0) 0x7f8de804d8b0 con 0x7f8df807dde0
2024-04-26T01:46:52.608 INFO:teuthology.orchestra.run.smithi121.stdout:/usr/bin/ceph: stderr
2024-04-26T01:46:45.478+0000 7f8df7400700 1 -- 172.21.15.121:0/1192088421 >> [v2:172.21.15.121:6800/2395202909,v1:172.21.15.121:6801/2395202909] conn(0x7f8ddc039600 msgr2=0x7f8ddc03bac0 unknown :-1 s=STATE_CONNECTING_RE l=1).process reconnect failed to v2:172.21.15.121:6800/2395202909
2024-04-26T01:46:52.609 INFO:teuthology.orchestra.run.smithi121.stdout:/usr/bin/ceph: stderr
2024-04-26T01:46:45.478+0000 7f8df7400700 1 --2- 172.21.15.121:0/1192088421 >> [v2:172.21.15.121:6800/2395202909,v1:172.21.15.121:6801/2395202909] conn(0x7f8ddc039600 0x7f8ddc03bac0 unknown :-1 s=START_CONNECT pgs=0 cs=0 l=1 rev1=0 crypto rx=0 tx=0 comp rx=0 tx=0)._fault waiting 0.200000
2024-04-26T01:46:52.609 INFO:teuthology.orchestra.run.smithi121.stdout:/usr/bin/ceph: stderr
2024-04-26T01:46:45.679+0000 7f8df7400700 1 -- 172.21.15.121:0/1192088421 >> [v2:172.21.15.121:6800/2395202909,v1:172.21.15.121:6801/2395202909] conn(0x7f8ddc039600 msgr2=0x7f8ddc03bac0 unknown :-1 s=STATE_CONNECTING_RE l=1).process reconnect failed to v2:172.21.15.121:6800/2395202909
2024-04-26T01:46:52.609 INFO:teuthology.orchestra.run.smithi121.stdout:/usr/bin/ceph: stderr
2024-04-26T01:46:45.679+0000 7f8df7400700 1 --2- 172.21.15.121:0/1192088421 >> [v2:172.21.15.121:6800/2395202909,v1:172.21.15.121:6801/2395202909] conn(0x7f8ddc039600 0x7f8ddc03bac0 unknown :-1 s=START_CONNECT pgs=0 cs=0 l=1 rev1=0 crypto rx=0 tx=0 comp rx=0 tx=0)._fault waiting 0.400000
2024-04-26T01:46:52.609 INFO:teuthology.orchestra.run.smithi121.stdout:/usr/bin/ceph: stderr
2024-04-26T01:46:46.080+0000 7f8df7400700 1 -- 172.21.15.121:0/1192088421 >> [v2:172.21.15.121:6800/2395202909,v1:172.21.15.121:6801/2395202909] conn(0x7f8ddc039600 msgr2=0x7f8ddc03bac0 unknown :-1 s=STATE_CONNECTING_RE l=1).process reconnect failed to v2:172.21.15.121:6800/2395202909
2024-04-26T01:46:52.609 INFO:teuthology.orchestra.run.smithi121.stdout:/usr/bin/ceph: stderr
2024-04-26T01:46:46.080+0000 7f8df7400700 1 --2- 172.21.15.121:0/1192088421 >> [v2:172.21.15.121:6800/2395202909,v1:172.21.15.121:6801/2395202909] conn(0x7f8ddc039600 0x7f8ddc03bac0 unknown :-1 s=START_CONNECT pgs=0 cs=0 l=1 rev1=0 crypto rx=0 tx=0 comp rx=0 tx=0)._fault waiting 0.800000
2024-04-26T01:46:52.609 INFO:teuthology.orchestra.run.smithi121.stdout:/usr/bin/ceph: stderr
2024-04-26T01:46:46.881+0000 7f8df7400700 1 -- 172.21.15.121:0/1192088421 >> [v2:172.21.15.121:6800/2395202909,v1:172.21.15.121:6801/2395202909] conn(0x7f8ddc039600 msgr2=0x7f8ddc03bac0 unknown :-1 s=STATE_CONNECTING_RE l=1).process reconnect failed to v2:172.21.15.121:6800/2395202909
2024-04-26T01:46:52.609 INFO:teuthology.orchestra.run.smithi121.stdout:/usr/bin/ceph: stderr
2024-04-26T01:46:46.881+0000 7f8df7400700 1 --2- 172.21.15.121:0/1192088421 >> [v2:172.21.15.121:6800/2395202909,v1:172.21.15.121:6801/2395202909] conn(0x7f8ddc039600 0x7f8ddc03bac0 unknown :-1 s=START_CONNECT pgs=0 cs=0 l=1 rev1=0 crypto rx=0 tx=0 comp rx=0 tx=0)._fault waiting 1.600000
2024-04-26T01:46:52.609 INFO:teuthology.orchestra.run.smithi121.stdout:/usr/bin/ceph: stderr
2024-04-26T01:46:48.483+0000 7f8df7400700 1 -- 172.21.15.121:0/1192088421 >> [v2:172.21.15.121:6800/2395202909,v1:172.21.15.121:6801/2395202909] conn(0x7f8ddc039600 msgr2=0x7f8ddc03bac0 unknown :-1 s=STATE_CONNECTING_RE l=1).process reconnect failed to v2:172.21.15.121:6800/2395202909
2024-04-26T01:46:52.609 INFO:teuthology.orchestra.run.smithi121.stdout:/usr/bin/ceph: stderr
