2024-04-26T01:49:53.828+0000 7f4e94c00700 1 -- 172.21.15.26:0/475154524 <== mon.0 v2:172.21.15.26:3300/0 7 ==== mon_command_ack([{prefix=config set, name=mgr/dashboard/ssl_server_port}]=0 v8)=0 v8) ==== 130+0+0 (secure 0 0 0) 0x7f4e8800e260 con 0x7f4e9807dde0
2024-04-26T01:49:54.570 INFO:teuthology.orchestra.run.smithi026.stdout:/usr/bin/ceph: stderr
2024-04-26T01:49:53.831+0000 7f4e9d800700 1 -- 172.21.15.26:0/475154524 >> [v2:172.21.15.26:6800/317163159,v1:172.21.15.26:6801/317163159] conn(0x7f4e7c039600 msgr2=0x7f4e7c03bac0 secure :-1 s=STATE_CONNECTION_ESTABLISHED l=1).mark_down
2024-04-26T01:49:54.571 INFO:teuthology.orchestra.run.smithi026.stdout:/usr/bin/ceph: stderr
2024-04-26T01:49:53.831+0000 7f4e9d800700 1 --2- 172.21.15.26:0/475154524 >> [v2:172.21.15.26:6800/317163159,v1:172.21.15.26:6801/317163159] conn(0x7f4e7c039600 0x7f4e7c03bac0 secure :-1 s=READY pgs=15 cs=0 l=1 rev1=1 crypto rx=0x7f4e84006fd0 tx=0x7f4e84006e40 comp rx=0 tx=0).stop
2024-04-26T01:49:54.571 INFO:teuthology.orchestra.run.smithi026.stdout:/usr/bin/ceph: stderr
2024-04-26T01:49:53.831+0000 7f4e9d800700 1 -- 172.21.15.26:0/475154524 >> [v2:172.21.15.26:3300/0,v1:172.21.15.26:6789/0] conn(0x7f4e9807dde0 msgr2=0x7f4e9819e330 secure :-1 s=STATE_CONNECTION_ESTABLISHED l=1).mark_down
2024-04-26T01:49:54.571 INFO:teuthology.orchestra.run.smithi026.stdout:/usr/bin/ceph: stderr
2024-04-26T01:49:53.831+0000 7f4e9d800700 1 --2- 172.21.15.26:0/475154524 >> [v2:172.21.15.26:3300/0,v1:172.21.15.26:6789/0] conn(0x7f4e9807dde0 0x7f4e9819e330 secure :-1 s=READY pgs=54 cs=0 l=1 rev1=1 crypto rx=0x7f4e88000c00 tx=0x7f4e88011aa0 comp rx=0 tx=0).stop
2024-04-26T01:49:54.571 INFO:teuthology.orchestra.run.smithi026.stdout:/usr/bin/ceph: stderr
2024-04-26T01:49:53.831+0000 7f4e9d800700 1 -- 172.21.15.26:0/475154524 shutdown_connections
2024-04-26T01:49:54.571 INFO:teuthology.orchestra.run.smithi026.stdout:/usr/bin/ceph: stderr
2024-04-26T01:49:53.831+0000 7f4e9d800700 1 --2- 172.21.15.26:0/475154524 >> [v2:172.21.15.26:6800/317163159,v1:172.21.15.26:6801/317163159] conn(0x7f4e7c039600 0x7f4e7c03bac0 unknown :-1 s=CLOSED pgs=15 cs=0 l=1 rev1=1 crypto rx=0 tx=0 comp rx=0 tx=0).stop
2024-04-26T01:49:54.571 INFO:teuthology.orchestra.run.smithi026.stdout:/usr/bin/ceph: stderr
2024-04-26T01:49:53.831+0000 7f4e9d800700 1 --2- 172.21.15.26:0/475154524 >> [v2:172.21.15.26:3300/0,v1:172.21.15.26:6789/0] conn(0x7f4e9807dde0 0x7f4e9819e330 unknown :-1 s=CLOSED pgs=54 cs=0 l=1 rev1=1 crypto rx=0 tx=0 comp rx=0 tx=0).stop
2024-04-26T01:49:54.571 INFO:teuthology.orchestra.run.smithi026.stdout:/usr/bin/ceph: stderr
2024-04-26T01:49:53.831+0000 7f4e9d800700 1 -- 172.21.15.26:0/475154524 >> 172.21.15.26:0/475154524 conn(0x7f4e981039a0 msgr2=0x7f4e98104440 unknown :-1 s=STATE_NONE l=0).mark_down
2024-04-26T01:49:54.571 INFO:teuthology.orchestra.run.smithi026.stdout:/usr/bin/ceph: stderr
2024-04-26T01:49:53.832+0000 7f4e9d800700 1 -- 172.21.15.26:0/475154524 shutdown_connections
2024-04-26T01:49:54.571 INFO:teuthology.orchestra.run.smithi026.stdout:/usr/bin/ceph: stderr
2024-04-26T01:49:53.832+0000 7f4e9d800700 1 -- 172.21.15.26:0/475154524 wait complete.
2024-04-26T01:49:54.571 INFO:teuthology.orchestra.run.smithi026.stdout:Enabling the dashboard module...
2024-04-26T01:49:55.101 INFO:journalctl@ceph.mon.a.smithi026.stdout:Apr 26 01:49:54 smithi026 ceph-mon[28138]: pgmap v4: 0 pgs: ; 0 B data, 0 B used, 0 B / 0 B avail
2024-04-26T01:49:55.101 INFO:journalctl@ceph.mon.a.smithi026.stdout:Apr 26 01:49:54 smithi026 ceph-mon[28138]: from='client.? 172.21.15.26:0/475154524' entity='client.admin'
2024-04-26T01:49:56.478 INFO:journalctl@ceph.mgr.x.smithi026.stdout:Apr 26 01:49:56 smithi026 ceph-fd935b4c-036e-11ef-bc93-c7b262605968-mgr-x[28378]: ignoring --setuser ceph since I am not root
2024-04-26T01:49:56.478 INFO:journalctl@ceph.mgr.x.smithi026.stdout:Apr 26 01:49:56 smithi026 ceph-fd935b4c-036e-11ef-bc93-c7b262605968-mgr-x[28378]: ignoring --setgroup ceph since I am not root
2024-04-26T01:49:56.478 INFO:journalctl@ceph.mon.a.smithi026.stdout:Apr 26 01:49:56 smithi026 ceph-mon[28138]: from='mgr.14120 172.21.15.26:0/2626105970' entity='mgr.x'
2024-04-26T01:49:56.479 INFO:journalctl@ceph.mon.a.smithi026.stdout:Apr 26 01:49:56 smithi026 ceph-mon[28138]: from='client.? 172.21.15.26:0/4012614068' entity='client.admin' cmd=[{"prefix": "mgr module enable", "module": "dashboard"}]: dispatch
2024-04-26T01:49:56.799 INFO:journalctl@ceph.mgr.x.smithi026.stdout:Apr 26 01:49:56 smithi026 ceph-fd935b4c-036e-11ef-bc93-c7b262605968-mgr-x[28378]:
2024-04-26T01:49:56.539+0000 7f4163c63200 -1 mgr[py] Module balancer has missing NOTIFY_TYPES member
2024-04-26T01:49:56.799 INFO:journalctl@ceph.mgr.x.smithi026.stdout:Apr 26 01:49:56 smithi026 ceph-fd935b4c-036e-11ef-bc93-c7b262605968-mgr-x[28378]:
2024-04-26T01:49:56.799+0000 7f4163c63200 -1 mgr[py] Module orchestrator has missing NOTIFY_TYPES member
2024-04-26T01:49:57.041 INFO:teuthology.orchestra.run.smithi026.stdout:/usr/bin/ceph: stderr
2024-04-26T01:49:55.430+0000 7f04f9800700 1 Processor -- start
2024-04-26T01:49:57.041 INFO:teuthology.orchestra.run.smithi026.stdout:/usr/bin/ceph: stderr
2024-04-26T01:49:55.430+0000 7f04f9800700 1 -- start start
2024-04-26T01:49:57.041 INFO:teuthology.orchestra.run.smithi026.stdout:/usr/bin/ceph: stderr
2024-04-26T01:49:55.431+0000 7f04f9800700 1 --2- >> [v2:172.21.15.26:3300/0,v1:172.21.15.26:6789/0] conn(0x7f04f4108470 0x7f04f4108890 unknown :-1 s=NONE pgs=0 cs=0 l=0 rev1=0 crypto rx=0 tx=0 comp rx=0 tx=0).connect
2024-04-26T01:49:57.041 INFO:teuthology.orchestra.run.smithi026.stdout:/usr/bin/ceph: stderr
2024-04-26T01:49:55.431+0000 7f04f9800700 1 -- --> [v2:172.21.15.26:3300/0,v1:172.21.15.26:6789/0] -- mon_getmap magic: 0 -- 0x7f04f4108e60 con 0x7f04f4108470
2024-04-26T01:49:57.042 INFO:teuthology.orchestra.run.smithi026.stdout:/usr/bin/ceph: stderr
2024-04-26T01:49:55.431+0000 7f04f2a00700 1 --2- >> [v2:172.21.15.26:3300/0,v1:172.21.15.26:6789/0] conn(0x7f04f4108470 0x7f04f4108890 unknown :-1 s=BANNER_CONNECTING pgs=0 cs=0 l=0 rev1=0 crypto rx=0 tx=0 comp rx=0 tx=0)._handle_peer_banner_payload supported=3 required=0
2024-04-26T01:49:57.042 INFO:teuthology.orchestra.run.smithi026.stdout:/usr/bin/ceph: stderr
2024-04-26T01:49:55.431+0000 7f04f2a00700 1 --2- >> [v2:172.21.15.26:3300/0,v1:172.21.15.26:6789/0] conn(0x7f04f4108470 0x7f04f4108890 unknown :-1 s=HELLO_CONNECTING pgs=0 cs=0 l=0 rev1=1 crypto rx=0 tx=0 comp rx=0 tx=0).handle_hello peer v2:172.21.15.26:3300/0 says I am v2:172.21.15.26:40944/0 (socket says 172.21.15.26:40944)
2024-04-26T01:49:57.042 INFO:teuthology.orchestra.run.smithi026.stdout:/usr/bin/ceph: stderr
2024-04-26T01:49:55.431+0000 7f04f2a00700 1 -- 172.21.15.26:0/2162982690 learned_addr learned my addr 172.21.15.26:0/2162982690 (peer_addr_for_me v2:172.21.15.26:0/0)
2024-04-26T01:49:57.042 INFO:teuthology.orchestra.run.smithi026.stdout:/usr/bin/ceph: stderr
2024-04-26T01:49:55.432+0000 7f04f2a00700 1 -- 172.21.15.26:0/2162982690 --> [v2:172.21.15.26:3300/0,v1:172.21.15.26:6789/0] -- mon_subscribe({config=0+,monmap=0+}) -- 0x7f04f4109620 con 0x7f04f4108470
2024-04-26T01:49:57.042 INFO:teuthology.orchestra.run.smithi026.stdout:/usr/bin/ceph: stderr
2024-04-26T01:49:55.432+0000 7f04f2a00700 1 --2- 172.21.15.26:0/2162982690 >> [v2:172.21.15.26:3300/0,v1:172.21.15.26:6789/0] conn(0x7f04f4108470 0x7f04f4108890 secure :-1 s=READY pgs=55 cs=0 l=1 rev1=1 crypto rx=0x7f04e4009ab0 tx=0x7f04e4009dc0 comp rx=0 tx=0).ready entity=mon.0 client_cookie=f07179e0122ea385 server_cookie=0 in_seq=0 out_seq=0
2024-04-26T01:49:57.042 INFO:teuthology.orchestra.run.smithi026.stdout:/usr/bin/ceph: stderr
2024-04-26T01:49:55.432+0000 7f04f1600700 1 -- 172.21.15.26:0/2162982690 <== mon.0 v2:172.21.15.26:3300/0 1 ==== mon_map magic: 0 ==== 205+0+0 (secure 0 0 0) 0x7f04e4004160 con 0x7f04f4108470
2024-04-26T01:49:57.042 INFO:teuthology.orchestra.run.smithi026.stdout:/usr/bin/ceph: stderr
2024-04-26T01:49:55.433+0000 7f04f1600700 1 -- 172.21.15.26:0/2162982690 <== mon.0 v2:172.21.15.26:3300/0 2 ==== config(26 keys) ==== 1101+0+0 (secure 0 0 0) 0x7f04e400bc90 con 0x7f04f4108470
2024-04-26T01:49:57.042 INFO:teuthology.orchestra.run.smithi026.stdout:/usr/bin/ceph: stderr
2024-04-26T01:49:55.433+0000 7f04f1600700 1 -- 172.21.15.26:0/2162982690 <== mon.0 v2:172.21.15.26:3300/0 3 ==== mon_map magic: 0 ==== 205+0+0 (secure 0 0 0) 0x7f04e4003be0 con 0x7f04f4108470
2024-04-26T01:49:57.042 INFO:teuthology.orchestra.run.smithi026.stdout:/usr/bin/ceph: stderr
2024-04-26T01:49:55.433+0000 7f04f9800700 1 -- 172.21.15.26:0/2162982690 >> [v2:172.21.15.26:3300/0,v1:172.21.15.26:6789/0] conn(0x7f04f4108470 msgr2=0x7f04f4108890 secure :-1 s=STATE_CONNECTION_ESTABLISHED l=1).mark_down
2024-04-26T01:49:57.042 INFO:teuthology.orchestra.run.smithi026.stdout:/usr/bin/ceph: stderr
2024-04-26T01:49:55.433+0000 7f04f9800700 1 --2- 172.21.15.26:0/2162982690 >> [v2:172.21.15.26:3300/0,v1:172.21.15.26:6789/0] conn(0x7f04f4108470 0x7f04f4108890 secure :-1 s=READY pgs=55 cs=0 l=1 rev1=1 crypto rx=0x7f04e4009ab0 tx=0x7f04e4009dc0 comp rx=0 tx=0).stop
2024-04-26T01:49:57.042 INFO:teuthology.orchestra.run.smithi026.stdout:/usr/bin/ceph: stderr
2024-04-26T01:49:55.433+0000 7f04f9800700 1 -- 172.21.15.26:0/2162982690 shutdown_connections
2024-04-26T01:49:57.042 INFO:teuthology.orchestra.run.smithi026.stdout:/usr/bin/ceph: stderr
2024-04-26T01:49:55.433+0000 7f04f9800700 1 --2- 172.21.15.26:0/2162982690 >> [v2:172.21.15.26:3300/0,v1:172.21.15.26:6789/0] conn(0x7f04f4108470 0x7f04f4108890 unknown :-1 s=CLOSED pgs=55 cs=0 l=1 rev1=1 crypto rx=0 tx=0 comp rx=0 tx=0).stop
2024-04-26T01:49:57.042 INFO:teuthology.orchestra.run.smithi026.stdout:/usr/bin/ceph: stderr
2024-04-26T01:49:55.433+0000 7f04f9800700 1 -- 172.21.15.26:0/2162982690 >> 172.21.15.26:0/2162982690 conn(0x7f04f4103ab0 msgr2=0x7f04f4105ed0 unknown :-1 s=STATE_NONE l=0).mark_down
2024-04-26T01:49:57.042 INFO:teuthology.orchestra.run.smithi026.stdout:/usr/bin/ceph: stderr
2024-04-26T01:49:55.434+0000 7f04f9800700 1 -- 172.21.15.26:0/2162982690 shutdown_connections
2024-04-26T01:49:57.043 INFO:teuthology.orchestra.run.smithi026.stdout:/usr/bin/ceph: stderr
2024-04-26T01:49:55.434+0000 7f04f9800700 1 -- 172.21.15.26:0/2162982690 wait complete.
2024-04-26T01:49:57.043 INFO:teuthology.orchestra.run.smithi026.stdout:/usr/bin/ceph: stderr
2024-04-26T01:49:55.435+0000 7f04f9800700 1 Processor -- start
2024-04-26T01:49:57.043 INFO:teuthology.orchestra.run.smithi026.stdout:/usr/bin/ceph: stderr
2024-04-26T01:49:55.435+0000 7f04f9800700 1 -- start start
2024-04-26T01:49:57.043 INFO:teuthology.orchestra.run.smithi026.stdout:/usr/bin/ceph: stderr
2024-04-26T01:49:55.435+0000 7f04f9800700 1 --2- >> [v2:172.21.15.26:3300/0,v1:172.21.15.26:6789/0] conn(0x7f04f4108470 0x7f04f419e5c0 unknown :-1 s=NONE pgs=0 cs=0 l=1 rev1=0 crypto rx=0 tx=0 comp rx=0 tx=0).connect
2024-04-26T01:49:57.043 INFO:teuthology.orchestra.run.smithi026.stdout:/usr/bin/ceph: stderr
2024-04-26T01:49:55.435+0000 7f04f9800700 1 -- --> [v2:172.21.15.26:3300/0,v1:172.21.15.26:6789/0] -- mon_getmap magic: 0 -- 0x7f04f410c9d0 con 0x7f04f4108470
2024-04-26T01:49:57.043 INFO:teuthology.orchestra.run.smithi026.stdout:/usr/bin/ceph: stderr
2024-04-26T01:49:55.435+0000 7f04f2a00700 1 --2- >> [v2:172.21.15.26:3300/0,v1:172.21.15.26:6789/0] conn(0x7f04f4108470 0x7f04f419e5c0 unknown :-1 s=BANNER_CONNECTING pgs=0 cs=0 l=1 rev1=0 crypto rx=0 tx=0 comp rx=0 tx=0)._handle_peer_banner_payload supported=3 required=0
2024-04-26T01:49:57.043 INFO:teuthology.orchestra.run.smithi026.stdout:/usr/bin/ceph: stderr
2024-04-26T01:49:55.435+0000 7f04f2a00700 1 --2- >> [v2:172.21.15.26:3300/0,v1:172.21.15.26:6789/0] conn(0x7f04f4108470 0x7f04f419e5c0 unknown :-1 s=HELLO_CONNECTING pgs=0 cs=0 l=1 rev1=1 crypto rx=0 tx=0 comp rx=0 tx=0).handle_hello peer v2:172.21.15.26:3300/0 says I am v2:172.21.15.26:40948/0 (socket says 172.21.15.26:40948)
2024-04-26T01:49:57.045 INFO:teuthology.orchestra.run.smithi026.stdout:/usr/bin/ceph: stderr
2024-04-26T01:49:55.435+0000 7f04f2a00700 1 -- 172.21.15.26:0/4012614068 learned_addr learned my addr 172.21.15.26:0/4012614068 (peer_addr_for_me v2:172.21.15.26:0/0)
2024-04-26T01:49:57.045 INFO:teuthology.orchestra.run.smithi026.stdout:/usr/bin/ceph: stderr
2024-04-26T01:49:55.436+0000 7f04f2a00700 1 -- 172.21.15.26:0/4012614068 --> [v2:172.21.15.26:3300/0,v1:172.21.15.26:6789/0] -- mon_subscribe({config=0+,monmap=0+}) -- 0x7f04f419eb00 con 0x7f04f4108470
2024-04-26T01:49:57.045 INFO:teuthology.orchestra.run.smithi026.stdout:/usr/bin/ceph: stderr
2024-04-26T01:49:55.436+0000 7f04f2a00700 1 --2- 172.21.15.26:0/4012614068 >> [v2:172.21.15.26:3300/0,v1:172.21.15.26:6789/0] conn(0x7f04f4108470 0x7f04f419e5c0 secure :-1 s=READY pgs=56 cs=0 l=1 rev1=1 crypto rx=0x7f04e40038e0 tx=0x7f04e400bac0 comp rx=0 tx=0).ready entity=mon.0 client_cookie=0 server_cookie=0 in_seq=0 out_seq=0
2024-04-26T01:49:57.045 INFO:teuthology.orchestra.run.smithi026.stdout:/usr/bin/ceph: stderr
2024-04-26T01:49:55.436+0000 7f04eb400700 1 -- 172.21.15.26:0/4012614068 <== mon.0 v2:172.21.15.26:3300/0 1 ==== mon_map magic: 0 ==== 205+0+0 (secure 0 0 0) 0x7f04e40041d0 con 0x7f04f4108470
2024-04-26T01:49:57.045 INFO:teuthology.orchestra.run.smithi026.stdout:/usr/bin/ceph: stderr
2024-04-26T01:49:55.436+0000 7f04eb400700 1 -- 172.21.15.26:0/4012614068 <== mon.0 v2:172.21.15.26:3300/0 2 ==== config(26 keys) ==== 1101+0+0 (secure 0 0 0) 0x7f04e4004370 con 0x7f04f4108470
2024-04-26T01:49:57.045 INFO:teuthology.orchestra.run.smithi026.stdout:/usr/bin/ceph: stderr
2024-04-26T01:49:55.437+0000 7f04f9800700 1 -- 172.21.15.26:0/4012614068 --> [v2:172.21.15.26:3300/0,v1:172.21.15.26:6789/0] -- mon_subscribe({mgrmap=0+}) -- 0x7f04f419ed90 con 0x7f04f4108470
2024-04-26T01:49:57.045 INFO:teuthology.orchestra.run.smithi026.stdout:/usr/bin/ceph: stderr
2024-04-26T01:49:55.437+0000 7f04eb400700 1 -- 172.21.15.26:0/4012614068 <== mon.0 v2:172.21.15.26:3300/0 3 ==== mon_map magic: 0 ==== 205+0+0 (secure 0 0 0) 0x7f04e4011440 con 0x7f04f4108470
2024-04-26T01:49:57.045 INFO:teuthology.orchestra.run.smithi026.stdout:/usr/bin/ceph: stderr
2024-04-26T01:49:55.437+0000 7f04f9800700 1 -- 172.21.15.26:0/4012614068 --> [v2:172.21.15.26:3300/0,v1:172.21.15.26:6789/0] -- mon_subscribe({osdmap=0}) -- 0x7f04f41a1a80 con 0x7f04f4108470
2024-04-26T01:49:57.045 INFO:teuthology.orchestra.run.smithi026.stdout:/usr/bin/ceph: stderr
2024-04-26T01:49:55.438+0000 7f04eb400700 1 -- 172.21.15.26:0/4012614068 <== mon.0 v2:172.21.15.26:3300/0 4 ==== mgrmap(e 8) ==== 46558+0+0 (secure 0 0 0) 0x7f04e401b440 con 0x7f04f4108470
2024-04-26T01:49:57.046 INFO:teuthology.orchestra.run.smithi026.stdout:/usr/bin/ceph: stderr
2024-04-26T01:49:55.438+0000 7f04f9800700 1 -- 172.21.15.26:0/4012614068 --> [v2:172.21.15.26:3300/0,v1:172.21.15.26:6789/0] -- mon_command({"prefix": "get_command_descriptions"} v 0) -- 0x7f04f40640a0 con 0x7f04f4108470
2024-04-26T01:49:57.046 INFO:teuthology.orchestra.run.smithi026.stdout:/usr/bin/ceph: stderr
2024-04-26T01:49:55.438+0000 7f04eb400700 1 --2- 172.21.15.26:0/4012614068 >> [v2:172.21.15.26:6800/317163159,v1:172.21.15.26:6801/317163159] conn(0x7f04d8039600 0x7f04d803bac0 unknown :-1 s=NONE pgs=0 cs=0 l=1 rev1=0 crypto rx=0 tx=0 comp rx=0 tx=0).connect
2024-04-26T01:49:57.046 INFO:teuthology.orchestra.run.smithi026.stdout:/usr/bin/ceph: stderr
2024-04-26T01:49:55.438+0000 7f04eb400700 1 -- 172.21.15.26:0/4012614068 <== mon.0 v2:172.21.15.26:3300/0 5 ==== osd_map(2..2 src has 1..2) ==== 940+0+0 (secure 0 0 0) 0x7f04e404dd50 con 0x7f04f4108470
2024-04-26T01:49:57.046 INFO:teuthology.orchestra.run.smithi026.stdout:/usr/bin/ceph: stderr
2024-04-26T01:49:55.439+0000 7f04f2000700 1 --2- 172.21.15.26:0/4012614068 >> [v2:172.21.15.26:6800/317163159,v1:172.21.15.26:6801/317163159] conn(0x7f04d8039600 0x7f04d803bac0 unknown :-1 s=BANNER_CONNECTING pgs=0 cs=0 l=1 rev1=0 crypto rx=0 tx=0 comp rx=0 tx=0)._handle_peer_banner_payload supported=3 required=0
2024-04-26T01:49:57.046 INFO:teuthology.orchestra.run.smithi026.stdout:/usr/bin/ceph: stderr
2024-04-26T01:49:55.440+0000 7f04f2000700 1 --2- 172.21.15.26:0/4012614068 >> [v2:172.21.15.26:6800/317163159,v1:172.21.15.26:6801/317163159] conn(0x7f04d8039600 0x7f04d803bac0 secure :-1 s=READY pgs=16 cs=0 l=1 rev1=1 crypto rx=0x7f04e0006fd0 tx=0x7f04e0006e40 comp rx=0 tx=0).ready entity=mgr.14120 client_cookie=0 server_cookie=0 in_seq=0 out_seq=0
2024-04-26T01:49:57.046 INFO:teuthology.orchestra.run.smithi026.stdout:/usr/bin/ceph: stderr
2024-04-26T01:49:55.444+0000 7f04eb400700 1 -- 172.21.15.26:0/4012614068 <== mon.0 v2:172.21.15.26:3300/0 6 ==== mon_command_ack([{"prefix": "get_command_descriptions"}]=0 v0) ==== 72+0+188370 (secure 0 0 0) 0x7f04e401f030 con 0x7f04f4108470
2024-04-26T01:49:57.046 INFO:teuthology.orchestra.run.smithi026.stdout:/usr/bin/ceph: stderr
2024-04-26T01:49:55.739+0000 7f04f9800700 1 -- 172.21.15.26:0/4012614068 --> [v2:172.21.15.26:3300/0,v1:172.21.15.26:6789/0] -- mon_command({"prefix": "mgr module enable", "module": "dashboard"} v 0) -- 0x7f04f41a2030 con 0x7f04f4108470
2024-04-26T01:49:57.046 INFO:teuthology.orchestra.run.smithi026.stdout:/usr/bin/ceph: stderr
2024-04-26T01:49:56.207+0000 7f04eb400700 1 -- 172.21.15.26:0/4012614068 <== mon.0 v2:172.21.15.26:3300/0 7 ==== mon_command_ack([{"prefix": "mgr module enable", "module": "dashboard"}]=0 v9) ==== 88+0+0 (secure 0 0 0) 0x7f04e4004520 con 0x7f04f4108470
2024-04-26T01:49:57.046 INFO:teuthology.orchestra.run.smithi026.stdout:/usr/bin/ceph: stderr
2024-04-26T01:49:56.211+0000 7f04f9800700 1 -- 172.21.15.26:0/4012614068 >> [v2:172.21.15.26:6800/317163159,v1:172.21.15.26:6801/317163159] conn(0x7f04d8039600 msgr2=0x7f04d803bac0 secure :-1 s=STATE_CONNECTION_ESTABLISHED l=1).mark_down
2024-04-26T01:49:57.046 INFO:teuthology.orchestra.run.smithi026.stdout:/usr/bin/ceph: stderr
2024-04-26T01:49:56.211+0000 7f04f9800700 1 --2- 172.21.15.26:0/4012614068 >> [v2:172.21.15.26:6800/317163159,v1:172.21.15.26:6801/317163159] conn(0x7f04d8039600 0x7f04d803bac0 secure :-1 s=READY pgs=16 cs=0 l=1 rev1=1 crypto rx=0x7f04e0006fd0 tx=0x7f04e0006e40 comp rx=0 tx=0).stop
2024-04-26T01:49:57.046 INFO:teuthology.orchestra.run.smithi026.stdout:/usr/bin/ceph: stderr
2024-04-26T01:49:56.211+0000 7f04f9800700 1 -- 172.21.15.26:0/4012614068 >> [v2:172.21.15.26:3300/0,v1:172.21.15.26:6789/0] conn(0x7f04f4108470 msgr2=0x7f04f419e5c0 secure :-1 s=STATE_CONNECTION_ESTABLISHED l=1).mark_down
2024-04-26T01:49:57.046 INFO:teuthology.orchestra.run.smithi026.stdout:/usr/bin/ceph: stderr
2024-04-26T01:49:56.212+0000 7f04eb400700 1 -- 172.21.15.26:0/4012614068 <== mon.0 v2:172.21.15.26:3300/0 8 ==== mgrmap(e 9) ==== 46571+0+0 (secure 0 0 0) 0x7f04e401a3d0 con 0x7f04f4108470
2024-04-26T01:49:57.046 INFO:teuthology.orchestra.run.smithi026.stdout:/usr/bin/ceph: stderr
2024-04-26T01:49:56.212+0000 7f04f9800700 1 --2- 172.21.15.26:0/4012614068 >> [v2:172.21.15.26:3300/0,v1:172.21.15.26:6789/0] conn(0x7f04f4108470 0x7f04f419e5c0 secure :-1 s=READY pgs=56 cs=0 l=1 rev1=1 crypto rx=0x7f04e40038e0 tx=0x7f04e400bac0 comp rx=0 tx=0).stop
2024-04-26T01:49:57.046 INFO:teuthology.orchestra.run.smithi026.stdout:/usr/bin/ceph: stderr
2024-04-26T01:49:56.212+0000 7f04f9800700 1 -- 172.21.15.26:0/4012614068 shutdown_connections
2024-04-26T01:49:57.047 INFO:teuthology.orchestra.run.smithi026.stdout:/usr/bin/ceph: stderr
2024-04-26T01:49:56.212+0000 7f04f9800700 1 --2- 172.21.15.26:0/4012614068 >> [v2:172.21.15.26:6800/317163159,v1:172.21.15.26:6801/317163159] conn(0x7f04d8039600 0x7f04d803bac0 unknown :-1 s=CLOSED pgs=16 cs=0 l=1 rev1=1 crypto rx=0 tx=0 comp rx=0 tx=0).stop
2024-04-26T01:49:57.047 INFO:teuthology.orchestra.run.smithi026.stdout:/usr/bin/ceph: stderr
2024-04-26T01:49:56.212+0000 7f04f9800700 1 --2- 172.21.15.26:0/4012614068 >> [v2:172.21.15.26:3300/0,v1:172.21.15.26:6789/0] conn(0x7f04f4108470 0x7f04f419e5c0 unknown :-1 s=CLOSED pgs=56 cs=0 l=1 rev1=1 crypto rx=0 tx=0 comp rx=0 tx=0).stop
2024-04-26T01:49:57.047 INFO:teuthology.orchestra.run.smithi026.stdout:/usr/bin/ceph: stderr
2024-04-26T01:49:56.212+0000 7f04f9800700 1 -- 172.21.15.26:0/4012614068 >> 172.21.15.26:0/4012614068 conn(0x7f04f4103ab0 msgr2=0x7f04f4104610 unknown :-1 s=STATE_NONE l=0).mark_down
2024-04-26T01:49:57.047 INFO:teuthology.orchestra.run.smithi026.stdout:/usr/bin/ceph: stderr
2024-04-26T01:49:56.213+0000 7f04f9800700 1 -- 172.21.15.26:0/4012614068 shutdown_connections
2024-04-26T01:49:57.047 INFO:teuthology.orchestra.run.smithi026.stdout:/usr/bin/ceph: stderr
2024-04-26T01:49:56.213+0000 7f04f9800700 1 -- 172.21.15.26:0/4012614068 wait complete.
2024-04-26T01:49:57.178 INFO:journalctl@ceph.mgr.x.smithi026.stdout:Apr 26 01:49:56 smithi026 ceph-fd935b4c-036e-11ef-bc93-c7b262605968-mgr-x[28378]:
2024-04-26T01:49:56.943+0000 7f4163c63200 -1 mgr[py] Module snap_schedule has missing NOTIFY_TYPES member
2024-04-26T01:49:57.455 INFO:journalctl@ceph.mon.a.smithi026.stdout:Apr 26 01:49:57 smithi026 ceph-mon[28138]: from='client.? 172.21.15.26:0/4012614068' entity='client.admin' cmd='[{"prefix": "mgr module enable", "module": "dashboard"}]': finished
2024-04-26T01:49:57.455 INFO:journalctl@ceph.mon.a.smithi026.stdout:Apr 26 01:49:57 smithi026 ceph-mon[28138]: mgrmap e9: x(active, since 25s)
2024-04-26T01:49:57.455 INFO:journalctl@ceph.mgr.x.smithi026.stdout:Apr 26 01:49:57 smithi026 ceph-fd935b4c-036e-11ef-bc93-c7b262605968-mgr-x[28378]:
2024-04-26T01:49:57.370+0000 7f4163c63200 -1 mgr[py] Module progress has missing NOTIFY_TYPES member
2024-04-26T01:49:57.728 INFO:journalctl@ceph.mgr.x.smithi026.stdout:Apr 26 01:49:57 smithi026 ceph-fd935b4c-036e-11ef-bc93-c7b262605968-mgr-x[28378]:
2024-04-26T01:49:57.489+0000 7f4163c63200 -1 mgr[py] Module influx has missing NOTIFY_TYPES member
2024-04-26T01:49:58.478 INFO:journalctl@ceph.mon.a.smithi026.stdout:Apr 26 01:49:58 smithi026 ceph-mon[28138]: from='client.? 172.21.15.26:0/3601872444' entity='client.admin' cmd=[{"prefix": "mgr stat"}]: dispatch
2024-04-26T01:49:58.590 INFO:teuthology.orchestra.run.smithi026.stdout:/usr/bin/ceph: stdout {
2024-04-26T01:49:58.590 INFO:teuthology.orchestra.run.smithi026.stdout:/usr/bin/ceph: stdout "epoch": 9,
2024-04-26T01:49:58.591 INFO:teuthology.orchestra.run.smithi026.stdout:/usr/bin/ceph: stdout "available": true,
2024-04-26T01:49:58.591 INFO:teuthology.orchestra.run.smithi026.stdout:/usr/bin/ceph: stdout "active_name": "x",
2024-04-26T01:49:58.591 INFO:teuthology.orchestra.run.smithi026.stdout:/usr/bin/ceph: stdout "num_standby": 0
2024-04-26T01:49:58.591 INFO:teuthology.orchestra.run.smithi026.stdout:/usr/bin/ceph: stdout }
2024-04-26T01:49:58.591 INFO:teuthology.orchestra.run.smithi026.stdout:/usr/bin/ceph: stderr
2024-04-26T01:49:57.612+0000 7ff2d7e00700 1 Processor -- start
2024-04-26T01:49:58.591 INFO:teuthology.orchestra.run.smithi026.stdout:/usr/bin/ceph: stderr
2024-04-26T01:49:57.612+0000 7ff2d7e00700 1 -- start start
2024-04-26T01:49:58.591 INFO:teuthology.orchestra.run.smithi026.stdout:/usr/bin/ceph: stderr
2024-04-26T01:49:57.613+0000 7ff2d7e00700 1 --2- >> [v2:172.21.15.26:3300/0,v1:172.21.15.26:6789/0] conn(0x7ff2d8108db0 0x7ff2d810b1a0 unknown :-1 s=NONE pgs=0 cs=0 l=0 rev1=0 crypto rx=0 tx=0 comp rx=0 tx=0).connect
2024-04-26T01:49:58.594 INFO:teuthology.orchestra.run.smithi026.stdout:/usr/bin/ceph: stderr
2024-04-26T01:49:57.613+0000 7ff2d7e00700 1 -- --> [v2:172.21.15.26:3300/0,v1:172.21.15.26:6789/0] -- mon_getmap magic: 0 -- 0x7ff2d807be00 con 0x7ff2d8108db0
2024-04-26T01:49:58.595 INFO:teuthology.orchestra.run.smithi026.stdout:/usr/bin/ceph: stderr
2024-04-26T01:49:57.613+0000 7ff2d6a00700 1 --2- >> [v2:172.21.15.26:3300/0,v1:172.21.15.26:6789/0] conn(0x7ff2d8108db0 0x7ff2d810b1a0 unknown :-1 s=BANNER_CONNECTING pgs=0 cs=0 l=0 rev1=0 crypto rx=0 tx=0 comp rx=0 tx=0)._handle_peer_banner_payload supported=3 required=0
2024-04-26T01:49:58.595 INFO:teuthology.orchestra.run.smithi026.stdout:/usr/bin/ceph: stderr
2024-04-26T01:49:57.613+0000 7ff2d6a00700 1 --2- >> [v2:172.21.15.26:3300/0,v1:172.21.15.26:6789/0] conn(0x7ff2d8108db0 0x7ff2d810b1a0 unknown :-1 s=HELLO_CONNECTING pgs=0 cs=0 l=0 rev1=1 crypto rx=0 tx=0 comp rx=0 tx=0).handle_hello peer v2:172.21.15.26:3300/0 says I am v2:172.21.15.26:48076/0 (socket says 172.21.15.26:48076)
2024-04-26T01:49:58.595 INFO:teuthology.orchestra.run.smithi026.stdout:/usr/bin/ceph: stderr
2024-04-26T01:49:57.613+0000 7ff2d6a00700 1 -- 172.21.15.26:0/3560562217 learned_addr learned my addr 172.21.15.26:0/3560562217 (peer_addr_for_me v2:172.21.15.26:0/0)
2024-04-26T01:49:58.595 INFO:teuthology.orchestra.run.smithi026.stdout:/usr/bin/ceph: stderr
2024-04-26T01:49:57.614+0000 7ff2d6a00700 1 -- 172.21.15.26:0/3560562217 --> [v2:172.21.15.26:3300/0,v1:172.21.15.26:6789/0] -- mon_subscribe({config=0+,monmap=0+}) -- 0x7ff2d810b6e0 con 0x7ff2d8108db0
2024-04-26T01:49:58.595 INFO:teuthology.orchestra.run.smithi026.stdout:/usr/bin/ceph: stderr
2024-04-26T01:49:57.614+0000 7ff2d6a00700 1 --2- 172.21.15.26:0/3560562217 >> [v2:172.21.15.26:3300/0,v1:172.21.15.26:6789/0] conn(0x7ff2d8108db0 0x7ff2d810b1a0 secure :-1 s=READY pgs=59 cs=0 l=1 rev1=1 crypto rx=0x7ff2c80098a0 tx=0x7ff2c8009bb0 comp rx=0 tx=0).ready entity=mon.0 client_cookie=4d01f63643902332 server_cookie=0 in_seq=0 out_seq=0
2024-04-26T01:49:58.595 INFO:teuthology.orchestra.run.smithi026.stdout:/usr/bin/ceph: stderr
2024-04-26T01:49:57.614+0000 7ff2d6000700 1 -- 172.21.15.26:0/3560562217 <== mon.0 v2:172.21.15.26:3300/0 1 ==== mon_map magic: 0 ==== 205+0+0 (secure 0 0 0) 0x7ff2c8004160 con 0x7ff2d8108db0
2024-04-26T01:49:58.595 INFO:teuthology.orchestra.run.smithi026.stdout:/usr/bin/ceph: stderr
2024-04-26T01:49:57.614+0000 7ff2d6000700 1 -- 172.21.15.26:0/3560562217 <== mon.0 v2:172.21.15.26:3300/0 2 ==== config(26 keys) ==== 1101+0+0 (secure 0 0 0) 0x7ff2c8004300 con 0x7ff2d8108db0
2024-04-26T01:49:58.595 INFO:teuthology.orchestra.run.smithi026.stdout:/usr/bin/ceph: stderr
2024-04-26T01:49:57.614+0000 7ff2d6000700 1 -- 172.21.15.26:0/3560562217 <== mon.0 v2:172.21.15.26:3300/0 3 ==== mon_map magic: 0 ==== 205+0+0 (secure 0 0 0) 0x7ff2c8011a20 con 0x7ff2d8108db0
2024-04-26T01:49:58.595 INFO:teuthology.orchestra.run.smithi026.stdout:/usr/bin/ceph: stderr
2024-04-26T01:49:57.615+0000 7ff2d7e00700 1 -- 172.21.15.26:0/3560562217 >> [v2:172.21.15.26:3300/0,v1:172.21.15.26:6789/0] conn(0x7ff2d8108db0 msgr2=0x7ff2d810b1a0 secure :-1 s=STATE_CONNECTION_ESTABLISHED l=1).mark_down
2024-04-26T01:49:58.595 INFO:teuthology.orchestra.run.smithi026.stdout:/usr/bin/ceph: stderr
2024-04-26T01:49:57.615+0000 7ff2d7e00700 1 --2- 172.21.15.26:0/3560562217 >> [v2:172.21.15.26:3300/0,v1:172.21.15.26:6789/0] conn(0x7ff2d8108db0 0x7ff2d810b1a0 secure :-1 s=READY pgs=59 cs=0 l=1 rev1=1 crypto rx=0x7ff2c80098a0 tx=0x7ff2c8009bb0 comp rx=0 tx=0).stop
2024-04-26T01:49:58.595 INFO:teuthology.orchestra.run.smithi026.stdout:/usr/bin/ceph: stderr
2024-04-26T01:49:57.615+0000 7ff2d7e00700 1 -- 172.21.15.26:0/3560562217 shutdown_connections
2024-04-26T01:49:58.595 INFO:teuthology.orchestra.run.smithi026.stdout:/usr/bin/ceph: stderr
2024-04-26T01:49:57.615+0000 7ff2d7e00700 1 --2- 172.21.15.26:0/3560562217 >> [v2:172.21.15.26:3300/0,v1:172.21.15.26:6789/0] conn(0x7ff2d8108db0 0x7ff2d810b1a0 unknown :-1 s=CLOSED pgs=59 cs=0 l=1 rev1=1 crypto rx=0 tx=0 comp rx=0 tx=0).stop
2024-04-26T01:49:58.595 INFO:teuthology.orchestra.run.smithi026.stdout:/usr/bin/ceph: stderr
2024-04-26T01:49:57.615+0000 7ff2d7e00700 1 -- 172.21.15.26:0/3560562217 >> 172.21.15.26:0/3560562217 conn(0x7ff2d8102760 msgr2=0x7ff2d8104b80 unknown :-1 s=STATE_NONE l=0).mark_down
2024-04-26T01:49:58.596 INFO:teuthology.orchestra.run.smithi026.stdout:/usr/bin/ceph: stderr
2024-04-26T01:49:57.615+0000 7ff2d7e00700 1 -- 172.21.15.26:0/3560562217 shutdown_connections
2024-04-26T01:49:58.596 INFO:teuthology.orchestra.run.smithi026.stdout:/usr/bin/ceph: stderr
2024-04-26T01:49:57.615+0000 7ff2d7e00700 1 -- 172.21.15.26:0/3560562217 wait complete.
2024-04-26T01:49:58.596 INFO:teuthology.orchestra.run.smithi026.stdout:/usr/bin/ceph: stderr
2024-04-26T01:49:57.616+0000 7ff2d7e00700 1 Processor -- start
2024-04-26T01:49:58.596 INFO:teuthology.orchestra.run.smithi026.stdout:/usr/bin/ceph: stderr
2024-04-26T01:49:57.617+0000 7ff2d7e00700 1 -- start start
2024-04-26T01:49:58.596 INFO:teuthology.orchestra.run.smithi026.stdout:/usr/bin/ceph: stderr
2024-04-26T01:49:57.617+0000 7ff2d7e00700 1 --2- >> [v2:172.21.15.26:3300/0,v1:172.21.15.26:6789/0] conn(0x7ff2d8108db0 0x7ff2d819c1b0 unknown :-1 s=NONE pgs=0 cs=0 l=1 rev1=0 crypto rx=0 tx=0 comp rx=0 tx=0).connect
2024-04-26T01:49:58.596 INFO:teuthology.orchestra.run.smithi026.stdout:/usr/bin/ceph: stderr
2024-04-26T01:49:57.617+0000 7ff2d7e00700 1 -- --> [v2:172.21.15.26:3300/0,v1:172.21.15.26:6789/0] -- mon_getmap magic: 0 -- 0x7ff2d810c630 con 0x7ff2d8108db0
2024-04-26T01:49:58.596 INFO:teuthology.orchestra.run.smithi026.stdout:/usr/bin/ceph: stderr
2024-04-26T01:49:57.617+0000 7ff2d6a00700 1 --2- >> [v2:172.21.15.26:3300/0,v1:172.21.15.26:6789/0] conn(0x7ff2d8108db0 0x7ff2d819c1b0 unknown :-1 s=BANNER_CONNECTING pgs=0 cs=0 l=1 rev1=0 crypto rx=0 tx=0 comp rx=0 tx=0)._handle_peer_banner_payload supported=3 required=0
2024-04-26T01:49:58.596 INFO:teuthology.orchestra.run.smithi026.stdout:/usr/bin/ceph: stderr
2024-04-26T01:49:57.617+0000 7ff2d6a00700 1 --2- >> [v2:172.21.15.26:3300/0,v1:172.21.15.26:6789/0] conn(0x7ff2d8108db0 0x7ff2d819c1b0 unknown :-1 s=HELLO_CONNECTING pgs=0 cs=0 l=1 rev1=1 crypto rx=0 tx=0 comp rx=0 tx=0).handle_hello peer v2:172.21.15.26:3300/0 says I am v2:172.21.15.26:48078/0 (socket says 172.21.15.26:48078)
2024-04-26T01:49:58.596 INFO:teuthology.orchestra.run.smithi026.stdout:/usr/bin/ceph: stderr
2024-04-26T01:49:57.617+0000 7ff2d6a00700 1 -- 172.21.15.26:0/3601872444 learned_addr learned my addr 172.21.15.26:0/3601872444 (peer_addr_for_me v2:172.21.15.26:0/0)
2024-04-26T01:49:58.596 INFO:teuthology.orchestra.run.smithi026.stdout:/usr/bin/ceph: stderr
2024-04-26T01:49:57.617+0000 7ff2d6a00700 1 -- 172.21.15.26:0/3601872444 --> [v2:172.21.15.26:3300/0,v1:172.21.15.26:6789/0] -- mon_subscribe({config=0+,monmap=0+}) -- 0x7ff2d819c6f0 con 0x7ff2d8108db0
2024-04-26T01:49:58.596 INFO:teuthology.orchestra.run.smithi026.stdout:/usr/bin/ceph: stderr
2024-04-26T01:49:57.618+0000 7ff2d6a00700 1 --2- 172.21.15.26:0/3601872444 >> [v2:172.21.15.26:3300/0,v1:172.21.15.26:6789/0] conn(0x7ff2d8108db0 0x7ff2d819c1b0 secure :-1 s=READY pgs=60 cs=0 l=1 rev1=1 crypto rx=0x7ff2c80116e0 tx=0x7ff2c8011aa0 comp rx=0 tx=0).ready entity=mon.0 client_cookie=0 server_cookie=0 in_seq=0 out_seq=0
2024-04-26T01:49:58.596 INFO:teuthology.orchestra.run.smithi026.stdout:/usr/bin/ceph: stderr
2024-04-26T01:49:57.618+0000 7ff2cf400700 1 -- 172.21.15.26:0/3601872444 <== mon.0 v2:172.21.15.26:3300/0 1 ==== mon_map magic: 0 ==== 205+0+0 (secure 0 0 0) 0x7ff2c8003b20 con 0x7ff2d8108db0
2024-04-26T01:49:58.596 INFO:teuthology.orchestra.run.smithi026.stdout:/usr/bin/ceph: stderr
2024-04-26T01:49:57.618+0000 7ff2cf400700 1 -- 172.21.15.26:0/3601872444 <== mon.0 v2:172.21.15.26:3300/0 2 ==== config(26 keys) ==== 1101+0+0 (secure 0 0 0) 0x7ff2c801b8f0 con 0x7ff2d8108db0
2024-04-26T01:49:58.599 INFO:teuthology.orchestra.run.smithi026.stdout:/usr/bin/ceph: stderr
2024-04-26T01:49:57.618+0000 7ff2cf400700 1 -- 172.21.15.26:0/3601872444 <== mon.0 v2:172.21.15.26:3300/0 3 ==== mon_map magic: 0 ==== 205+0+0 (secure 0 0 0) 0x7ff2c80238c0 con 0x7ff2d8108db0
2024-04-26T01:49:58.600 INFO:teuthology.orchestra.run.smithi026.stdout:/usr/bin/ceph: stderr
2024-04-26T01:49:57.618+0000 7ff2d7e00700 1 -- 172.21.15.26:0/3601872444 --> [v2:172.21.15.26:3300/0,v1:172.21.15.26:6789/0] -- mon_subscribe({mgrmap=0+}) -- 0x7ff2d819c980 con 0x7ff2d8108db0
2024-04-26T01:49:58.600 INFO:teuthology.orchestra.run.smithi026.stdout:/usr/bin/ceph: stderr
2024-04-26T01:49:57.618+0000 7ff2d7e00700 1 -- 172.21.15.26:0/3601872444 --> [v2:172.21.15.26:3300/0,v1:172.21.15.26:6789/0] -- mon_subscribe({osdmap=0}) -- 0x7ff2d819f670 con 0x7ff2d8108db0
2024-04-26T01:49:58.600 INFO:teuthology.orchestra.run.smithi026.stdout:/usr/bin/ceph: stderr
2024-04-26T01:49:57.619+0000 7ff2cf400700 1 -- 172.21.15.26:0/3601872444 <== mon.0 v2:172.21.15.26:3300/0 4 ==== mgrmap(e 9) ==== 46571+0+0 (secure 0 0 0) 0x7ff2c801baa0 con 0x7ff2d8108db0
2024-04-26T01:49:58.600 INFO:teuthology.orchestra.run.smithi026.stdout:/usr/bin/ceph: stderr
2024-04-26T01:49:57.619+0000 7ff2d7e00700 1 -- 172.21.15.26:0/3601872444 --> [v2:172.21.15.26:3300/0,v1:172.21.15.26:6789/0] -- mon_command({"prefix": "get_command_descriptions"} v 0) -- 0x7ff2d80640a0 con 0x7ff2d8108db0
2024-04-26T01:49:58.600 INFO:teuthology.orchestra.run.smithi026.stdout:/usr/bin/ceph: stderr
2024-04-26T01:49:57.620+0000 7ff2cf400700 1 --2- 172.21.15.26:0/3601872444 >> [v2:172.21.15.26:6800/317163159,v1:172.21.15.26:6801/317163159] conn(0x7ff2bc039610 0x7ff2bc03bad0 unknown :-1 s=NONE pgs=0 cs=0 l=1 rev1=0 crypto rx=0 tx=0 comp rx=0 tx=0).connect
2024-04-26T01:49:58.600 INFO:teuthology.orchestra.run.smithi026.stdout:/usr/bin/ceph: stderr
2024-04-26T01:49:57.620+0000 7ff2cf400700 1 -- 172.21.15.26:0/3601872444 <== mon.0 v2:172.21.15.26:3300/0 5 ==== osd_map(2..2 src has 1..2) ==== 940+0+0 (secure 0 0 0) 0x7ff2c804e0f0 con 0x7ff2d8108db0
2024-04-26T01:49:58.600 INFO:teuthology.orchestra.run.smithi026.stdout:/usr/bin/ceph: stderr
2024-04-26T01:49:57.620+0000 7ff2cfe00700 1 -- 172.21.15.26:0/3601872444 >> [v2:172.21.15.26:6800/317163159,v1:172.21.15.26:6801/317163159] conn(0x7ff2bc039610 msgr2=0x7ff2bc03bad0 unknown :-1 s=STATE_CONNECTING_RE l=1).process reconnect failed to v2:172.21.15.26:6800/317163159
2024-04-26T01:49:58.600 INFO:teuthology.orchestra.run.smithi026.stdout:/usr/bin/ceph: stderr
2024-04-26T01:49:57.620+0000 7ff2cfe00700 1 --2- 172.21.15.26:0/3601872444 >> [v2:172.21.15.26:6800/317163159,v1:172.21.15.26:6801/317163159] conn(0x7ff2bc039610 0x7ff2bc03bad0 unknown :-1 s=START_CONNECT pgs=0 cs=0 l=1 rev1=0 crypto rx=0 tx=0 comp rx=0 tx=0)._fault waiting 0.200000
2024-04-26T01:49:58.600 INFO:teuthology.orchestra.run.smithi026.stdout:/usr/bin/ceph: stderr
2024-04-26T01:49:57.625+0000 7ff2cf400700 1 -- 172.21.15.26:0/3601872444 <== mon.0 v2:172.21.15.26:3300/0 6 ==== mon_command_ack([{"prefix": "get_command_descriptions"}]=0 v0) ==== 72+0+188370 (secure 0 0 0) 0x7ff2c801f030 con 0x7ff2d8108db0
2024-04-26T01:49:58.600 INFO:teuthology.orchestra.run.smithi026.stdout:/usr/bin/ceph: stderr
2024-04-26T01:49:57.821+0000 7ff2cfe00700 1 -- 172.21.15.26:0/3601872444 >> [v2:172.21.15.26:6800/317163159,v1:172.21.15.26:6801/317163159] conn(0x7ff2bc039610 msgr2=0x7ff2bc03bad0 unknown :-1 s=STATE_CONNECTING_RE l=1).process reconnect failed to v2:172.21.15.26:6800/317163159
2024-04-26T01:49:58.600 INFO:teuthology.orchestra.run.smithi026.stdout:/usr/bin/ceph: stderr
2024-04-26T01:49:57.821+0000 7ff2cfe00700 1 --2- 172.21.15.26:0/3601872444 >> [v2:172.21.15.26:6800/317163159,v1:172.21.15.26:6801/317163159] conn(0x7ff2bc039610 0x7ff2bc03bad0 unknown :-1 s=START_CONNECT pgs=0 cs=0 l=1 rev1=0 crypto rx=0 tx=0 comp rx=0 tx=0)._fault waiting 0.400000
2024-04-26T01:49:58.600 INFO:teuthology.orchestra.run.smithi026.stdout:/usr/bin/ceph: stderr
2024-04-26T01:49:57.915+0000 7ff2d7e00700 1 -- 172.21.15.26:0/3601872444 --> [v2:172.21.15.26:3300/0,v1:172.21.15.26:6789/0] -- mon_command({"prefix": "mgr stat"} v 0) -- 0x7ff2d819fc20 con 0x7ff2d8108db0
2024-04-26T01:49:58.600 INFO:teuthology.orchestra.run.smithi026.stdout:/usr/bin/ceph: stderr
2024-04-26T01:49:57.916+0000 7ff2cf400700 1 -- 172.21.15.26:0/3601872444 <== mon.0 v2:172.21.15.26:3300/0 7 ==== mon_command_ack([{"prefix": "mgr stat"}]=0 v9) ==== 56+0+88 (secure 0 0 0) 0x7ff2c801a3d0 con 0x7ff2d8108db0
2024-04-26T01:49:58.601 INFO:teuthology.orchestra.run.smithi026.stdout:/usr/bin/ceph: stderr
2024-04-26T01:49:57.919+0000 7ff2d7e00700 1 -- 172.21.15.26:0/3601872444 >> [v2:172.21.15.26:6800/317163159,v1:172.21.15.26:6801/317163159] conn(0x7ff2bc039610 msgr2=0x7ff2bc03bad0 unknown :-1 s=STATE_CONNECTING l=1).mark_down
2024-04-26T01:49:58.601 INFO:teuthology.orchestra.run.smithi026.stdout:/usr/bin/ceph: stderr
2024-04-26T01:49:57.919+0000 7ff2d7e00700 1 --2- 172.21.15.26:0/3601872444 >> [v2:172.21.15.26:6800/317163159,v1:172.21.15.26:6801/317163159] conn(0x7ff2bc039610 0x7ff2bc03bad0 unknown :-1 s=START_CONNECT pgs=0 cs=0 l=1 rev1=0 crypto rx=0 tx=0 comp rx=0 tx=0).stop
2024-04-26T01:49:58.601 INFO:teuthology.orchestra.run.smithi026.stdout:/usr/bin/ceph: stderr
2024-04-26T01:49:57.919+0000 7ff2d7e00700 1 -- 172.21.15.26:0/3601872444 >> [v2:172.21.15.26:3300/0,v1:172.21.15.26:6789/0] conn(0x7ff2d8108db0 msgr2=0x7ff2d819c1b0 secure :-1 s=STATE_CONNECTION_ESTABLISHED l=1).mark_down
2024-04-26T01:49:58.601 INFO:teuthology.orchestra.run.smithi026.stdout:/usr/bin/ceph: stderr
2024-04-26T01:49:57.919+0000 7ff2d7e00700 1 --2- 172.21.15.26:0/3601872444 >> [v2:172.21.15.26:3300/0,v1:172.21.15.26:6789/0] conn(0x7ff2d8108db0 0x7ff2d819c1b0 secure :-1 s=READY pgs=60 cs=0 l=1 rev1=1 crypto rx=0x7ff2c80116e0 tx=0x7ff2c8011aa0 comp rx=0 tx=0).stop
2024-04-26T01:49:58.601 INFO:teuthology.orchestra.run.smithi026.stdout:/usr/bin/ceph: stderr
2024-04-26T01:49:57.919+0000 7ff2d7e00700 1 -- 172.21.15.26:0/3601872444 shutdown_connections
2024-04-26T01:49:58.601 INFO:teuthology.orchestra.run.smithi026.stdout:/usr/bin/ceph: stderr
2024-04-26T01:49:57.919+0000 7ff2d7e00700 1 --2- 172.21.15.26:0/3601872444 >> [v2:172.21.15.26:6800/317163159,v1:172.21.15.26:6801/317163159] conn(0x7ff2bc039610 0x7ff2bc03bad0 unknown :-1 s=CLOSED pgs=0 cs=0 l=1 rev1=0 crypto rx=0 tx=0 comp rx=0 tx=0).stop
2024-04-26T01:49:58.601 INFO:teuthology.orchestra.run.smithi026.stdout:/usr/bin/ceph: stderr
2024-04-26T01:49:57.919+0000 7ff2d7e00700 1 --2- 172.21.15.26:0/3601872444 >> [v2:172.21.15.26:3300/0,v1:172.21.15.26:6789/0] conn(0x7ff2d8108db0 0x7ff2d819c1b0 unknown :-1 s=CLOSED pgs=60 cs=0 l=1 rev1=1 crypto rx=0 tx=0 comp rx=0 tx=0).stop
2024-04-26T01:49:58.601 INFO:teuthology.orchestra.run.smithi026.stdout:/usr/bin/ceph: stderr
2024-04-26T01:49:57.919+0000 7ff2d7e00700 1 -- 172.21.15.26:0/3601872444 >> 172.21.15.26:0/3601872444 conn(0x7ff2d8102760 msgr2=0x7ff2d8103230 unknown :-1 s=STATE_NONE l=0).mark_down
2024-04-26T01:49:58.601 INFO:teuthology.orchestra.run.smithi026.stdout:/usr/bin/ceph: stderr
2024-04-26T01:49:57.920+0000 7ff2d7e00700 1 -- 172.21.15.26:0/3601872444 shutdown_connections
2024-04-26T01:49:58.601 INFO:teuthology.orchestra.run.smithi026.stdout:/usr/bin/ceph: stderr
2024-04-26T01:49:57.920+0000 7ff2d7e00700 1 -- 172.21.15.26:0/3601872444 wait complete.
2024-04-26T01:49:58.601 INFO:teuthology.orchestra.run.smithi026.stdout:Waiting for the mgr to restart...
2024-04-26T01:49:58.601 INFO:teuthology.orchestra.run.smithi026.stdout:Waiting for mgr epoch 9...
2024-04-26T01:49:59.191 INFO:journalctl@ceph.mgr.x.smithi026.stdout:Apr 26 01:49:59 smithi026 ceph-fd935b4c-036e-11ef-bc93-c7b262605968-mgr-x[28378]:
2024-04-26T01:49:59.107+0000 7f4163c63200 -1 mgr[py] Module telegraf has missing NOTIFY_TYPES member
2024-04-26T01:49:59.478 INFO:journalctl@ceph.mgr.x.smithi026.stdout:Apr 26 01:49:59 smithi026 ceph-fd935b4c-036e-11ef-bc93-c7b262605968-mgr-x[28378]:
2024-04-26T01:49:59.348+0000 7f4163c63200 -1 mgr[py] Module osd_support has missing NOTIFY_TYPES member
2024-04-26T01:49:59.976 INFO:journalctl@ceph.mgr.x.smithi026.stdout:Apr 26 01:49:59 smithi026 ceph-fd935b4c-036e-11ef-bc93-c7b262605968-mgr-x[28378]:
2024-04-26T01:49:59.577+0000 7f4163c63200 -1 mgr[py] Module iostat has missing NOTIFY_TYPES member
2024-04-26T01:50:00.228 INFO:journalctl@ceph.mgr.x.smithi026.stdout:Apr 26 01:49:59 smithi026 ceph-fd935b4c-036e-11ef-bc93-c7b262605968-mgr-x[28378]:
2024-04-26T01:49:59.977+0000 7f4163c63200 -1 mgr[py] Module alerts has missing NOTIFY_TYPES member
2024-04-26T01:50:00.228 INFO:journalctl@ceph.mgr.x.smithi026.stdout:Apr 26 01:50:00 smithi026 ceph-fd935b4c-036e-11ef-bc93-c7b262605968-mgr-x[28378]:
2024-04-26T01:50:00.103+0000 7f4163c63200 -1 mgr[py] Module selftest has missing NOTIFY_TYPES member
2024-04-26T01:50:00.625 INFO:journalctl@ceph.mgr.x.smithi026.stdout:Apr 26 01:50:00 smithi026 ceph-fd935b4c-036e-11ef-bc93-c7b262605968-mgr-x[28378]:
2024-04-26T01:50:00.362+0000 7f4163c63200 -1 mgr[py] Module pg_autoscaler has missing NOTIFY_TYPES member
2024-04-26T01:50:00.625 INFO:journalctl@ceph.mgr.x.smithi026.stdout:Apr 26 01:50:00 smithi026 ceph-fd935b4c-036e-11ef-bc93-c7b262605968-mgr-x[28378]:
2024-04-26T01:50:00.626+0000 7f4163c63200 -1 mgr[py] Module test_orchestrator has missing NOTIFY_TYPES member
2024-04-26T01:50:01.728 INFO:journalctl@ceph.mgr.x.smithi026.stdout:Apr 26 01:50:01 smithi026 ceph-fd935b4c-036e-11ef-bc93-c7b262605968-mgr-x[28378]:
2024-04-26T01:50:01.437+0000 7f4163c63200 -1 mgr[py] Module rook has missing NOTIFY_TYPES member
2024-04-26T01:50:02.412 INFO:journalctl@ceph.mgr.x.smithi026.stdout:Apr 26 01:50:02 smithi026 ceph-fd935b4c-036e-11ef-bc93-c7b262605968-mgr-x[28378]:
2024-04-26T01:50:02.008+0000 7f4163c63200 -1 mgr[py] Module volumes has missing NOTIFY_TYPES member
2024-04-26T01:50:02.412 INFO:journalctl@ceph.mgr.x.smithi026.stdout:Apr 26 01:50:02 smithi026 ceph-fd935b4c-036e-11ef-bc93-c7b262605968-mgr-x[28378]:
2024-04-26T01:50:02.139+0000 7f4163c63200 -1 mgr[py] Module crash has missing NOTIFY_TYPES member
2024-04-26T01:50:02.728 INFO:journalctl@ceph.mgr.x.smithi026.stdout:Apr 26 01:50:02 smithi026 ceph-fd935b4c-036e-11ef-bc93-c7b262605968-mgr-x[28378]:
2024-04-26T01:50:02.412+0000 7f4163c63200 -1 mgr[py] Module rgw has missing NOTIFY_TYPES member
2024-04-26T01:50:03.478 INFO:journalctl@ceph.mgr.x.smithi026.stdout:Apr 26 01:50:03 smithi026 ceph-fd935b4c-036e-11ef-bc93-c7b262605968-mgr-x[28378]:
2024-04-26T01:50:03.083+0000 7f4163c63200 -1 mgr[py] Module prometheus has missing NOTIFY_TYPES member
2024-04-26T01:50:03.478 INFO:journalctl@ceph.mgr.x.smithi026.stdout:Apr 26 01:50:03 smithi026 ceph-fd935b4c-036e-11ef-bc93-c7b262605968-mgr-x[28378]:
2024-04-26T01:50:03.212+0000 7f4163c63200 -1 mgr[py] Module devicehealth has missing NOTIFY_TYPES member
2024-04-26T01:50:03.729 INFO:journalctl@ceph.mgr.x.smithi026.stdout:Apr 26 01:50:03 smithi026 ceph-fd935b4c-036e-11ef-bc93-c7b262605968-mgr-x[28378]:
2024-04-26T01:50:03.544+0000 7f4163c63200 -1 mgr[py] Module telemetry has missing NOTIFY_TYPES member
2024-04-26T01:50:04.022 INFO:journalctl@ceph.mgr.x.smithi026.stdout:Apr 26 01:50:03 smithi026 ceph-fd935b4c-036e-11ef-bc93-c7b262605968-mgr-x[28378]:
2024-04-26T01:50:03.730+0000 7f4163c63200 -1 mgr[py] Module diskprediction_local has missing NOTIFY_TYPES member
2024-04-26T01:50:04.022 INFO:journalctl@ceph.mgr.x.smithi026.stdout:Apr 26 01:50:03 smithi026 ceph-fd935b4c-036e-11ef-bc93-c7b262605968-mgr-x[28378]:
2024-04-26T01:50:03.862+0000 7f4163c63200 -1 mgr[py] Module osd_perf_query has missing NOTIFY_TYPES member
2024-04-26T01:50:04.395 INFO:journalctl@ceph.mgr.x.smithi026.stdout:Apr 26 01:50:04 smithi026 ceph-fd935b4c-036e-11ef-bc93-c7b262605968-mgr-x[28378]:
2024-04-26T01:50:04.020+0000 7f4163c63200 -1 mgr[py] Module rbd_support has missing NOTIFY_TYPES member
2024-04-26T01:50:04.728 INFO:journalctl@ceph.mgr.x.smithi026.stdout:Apr 26 01:50:04 smithi026 ceph-fd935b4c-036e-11ef-bc93-c7b262605968-mgr-x[28378]:
2024-04-26T01:50:04.396+0000 7f4163c63200 -1 mgr[py] Module zabbix has missing NOTIFY_TYPES member
2024-04-26T01:50:05.478 INFO:journalctl@ceph.mgr.x.smithi026.stdout:Apr 26 01:50:05 smithi026 ceph-fd935b4c-036e-11ef-bc93-c7b262605968-mgr-x[28378]:
2024-04-26T01:50:05.205+0000 7f4163c63200 -1 mgr[py] Module status has missing NOTIFY_TYPES member
2024-04-26T01:50:05.978 INFO:journalctl@ceph.mgr.x.smithi026.stdout:Apr 26 01:50:05 smithi026 ceph-fd935b4c-036e-11ef-bc93-c7b262605968-mgr-x[28378]:
2024-04-26T01:50:05.504+0000 7f4163c63200 -1 mgr[py] Module nfs has missing NOTIFY_TYPES member
2024-04-26T01:50:05.978 INFO:journalctl@ceph.mon.a.smithi026.stdout:Apr 26 01:50:05 smithi026 ceph-mon[28138]: Active manager daemon x restarted
2024-04-26T01:50:05.978 INFO:journalctl@ceph.mon.a.smithi026.stdout:Apr 26 01:50:05 smithi026 ceph-mon[28138]: Activating manager daemon x
2024-04-26T01:50:05.978 INFO:journalctl@ceph.mon.a.smithi026.stdout:Apr 26 01:50:05 smithi026 ceph-mon[28138]: osdmap e3: 0 total, 0 up, 0 in
2024-04-26T01:50:05.978 INFO:journalctl@ceph.mon.a.smithi026.stdout:Apr 26 01:50:05 smithi026 ceph-mon[28138]: mgrmap e10: x(active, starting, since 0.00572852s)
2024-04-26T01:50:05.978 INFO:journalctl@ceph.mon.a.smithi026.stdout:Apr 26 01:50:05 smithi026 ceph-mon[28138]: from='mgr.14152 172.21.15.26:0/3320856160' entity='mgr.x' cmd=[{"prefix": "mon metadata", "id": "a"}]: dispatch
2024-04-26T01:50:05.979 INFO:journalctl@ceph.mon.a.smithi026.stdout:Apr 26 01:50:05 smithi026 ceph-mon[28138]: from='mgr.14152 172.21.15.26:0/3320856160' entity='mgr.x' cmd=[{"prefix": "mgr metadata", "who": "x", "id": "x"}]: dispatch
2024-04-26T01:50:05.979 INFO:journalctl@ceph.mon.a.smithi026.stdout:Apr 26 01:50:05 smithi026 ceph-mon[28138]: from='mgr.14152 172.21.15.26:0/3320856160' entity='mgr.x' cmd=[{"prefix": "mds metadata"}]: dispatch
2024-04-26T01:50:05.979 INFO:journalctl@ceph.mon.a.smithi026.stdout:Apr 26 01:50:05 smithi026 ceph-mon[28138]: from='mgr.14152 172.21.15.26:0/3320856160' entity='mgr.x' cmd=[{"prefix": "osd metadata"}]: dispatch
2024-04-26T01:50:05.979 INFO:journalctl@ceph.mon.a.smithi026.stdout:Apr 26 01:50:05 smithi026 ceph-mon[28138]: from='mgr.14152 172.21.15.26:0/3320856160' entity='mgr.x' cmd=[{"prefix": "mon metadata"}]: dispatch
2024-04-26T01:50:05.979 INFO:journalctl@ceph.mon.a.smithi026.stdout:Apr 26 01:50:05 smithi026 ceph-mon[28138]: Manager daemon x is now available
2024-04-26T01:50:06.893 INFO:journalctl@ceph.mon.a.smithi026.stdout:Apr 26 01:50:06 smithi026 ceph-mon[28138]: from='mgr.14152 172.21.15.26:0/3320856160' entity='mgr.x' cmd=[{"prefix": "config dump", "format": "json"}]: dispatch
2024-04-26T01:50:06.893 INFO:journalctl@ceph.mon.a.smithi026.stdout:Apr 26 01:50:06 smithi026 ceph-mon[28138]: from='mgr.14152 172.21.15.26:0/3320856160' entity='mgr.x' cmd=[{"prefix":"config rm","who":"mgr","name":"mgr/rbd_support/x/mirror_snapshot_schedule"}]: dispatch
2024-04-26T01:50:06.893 INFO:journalctl@ceph.mon.a.smithi026.stdout:Apr 26 01:50:06 smithi026 ceph-mon[28138]: from='mgr.14152 172.21.15.26:0/3320856160' entity='mgr.x' cmd=[{"prefix":"config rm","who":"mgr","name":"mgr/rbd_support/x/trash_purge_schedule"}]: dispatch
2024-04-26T01:50:06.893 INFO:journalctl@ceph.mon.a.smithi026.stdout:Apr 26 01:50:06 smithi026 ceph-mon[28138]: [26/Apr/2024:01:50:06] ENGINE Bus STARTING
2024-04-26T01:50:06.893 INFO:journalctl@ceph.mon.a.smithi026.stdout:Apr 26 01:50:06 smithi026 ceph-mon[28138]: [26/Apr/2024:01:50:06] ENGINE Serving on http://172.21.15.26:8765
2024-04-26T01:50:06.894 INFO:journalctl@ceph.mon.a.smithi026.stdout:Apr 26 01:50:06 smithi026 ceph-mon[28138]: [26/Apr/2024:01:50:06] ENGINE Serving on https://172.21.15.26:7150
2024-04-26T01:50:06.894 INFO:journalctl@ceph.mon.a.smithi026.stdout:Apr 26 01:50:06 smithi026 ceph-mon[28138]: [26/Apr/2024:01:50:06] ENGINE Bus STARTED
2024-04-26T01:50:06.894 INFO:journalctl@ceph.mon.a.smithi026.stdout:Apr 26 01:50:06 smithi026 ceph-mon[28138]: mgrmap e11: x(active, since 1.01038s)
2024-04-26T01:50:07.978 INFO:journalctl@ceph.mon.a.smithi026.stdout:Apr 26 01:50:07 smithi026 ceph-mon[28138]: from='client.14156 -' entity='client.admin' cmd=[{"prefix": "get_command_descriptions"}]: dispatch
2024-04-26T01:50:07.978 INFO:journalctl@ceph.mon.a.smithi026.stdout:Apr 26 01:50:07 smithi026 ceph-mon[28138]: from='client.14156 -' entity='client.admin' cmd=[{"prefix": "mgr_status"}]: dispatch
2024-04-26T01:50:08.020 INFO:teuthology.orchestra.run.smithi026.stdout:/usr/bin/ceph: stdout {
2024-04-26T01:50:08.020 INFO:teuthology.orchestra.run.smithi026.stdout:/usr/bin/ceph: stdout "mgrmap_epoch": 11,
2024-04-26T01:50:08.020 INFO:teuthology.orchestra.run.smithi026.stdout:/usr/bin/ceph: stdout "initialized": true
2024-04-26T01:50:08.020 INFO:teuthology.orchestra.run.smithi026.stdout:/usr/bin/ceph: stdout }
2024-04-26T01:50:08.020 INFO:teuthology.orchestra.run.smithi026.stdout:/usr/bin/ceph: stderr
2024-04-26T01:49:59.192+0000 7fbd69e00700 1 Processor -- start
2024-04-26T01:50:08.020 INFO:teuthology.orchestra.run.smithi026.stdout:/usr/bin/ceph: stderr
2024-04-26T01:49:59.192+0000 7fbd69e00700 1 -- start start
2024-04-26T01:50:08.020 INFO:teuthology.orchestra.run.smithi026.stdout:/usr/bin/ceph: stderr
2024-04-26T01:49:59.192+0000 7fbd69e00700 1 --2- >> [v2:172.21.15.26:3300/0,v1:172.21.15.26:6789/0] conn(0x7fbd64108300 0x7fbd64108720 unknown :-1 s=NONE pgs=0 cs=0 l=0 rev1=0 crypto rx=0 tx=0 comp rx=0 tx=0).connect
2024-04-26T01:50:08.021 INFO:teuthology.orchestra.run.smithi026.stdout:/usr/bin/ceph: stderr
2024-04-26T01:49:59.192+0000 7fbd69e00700 1 -- --> [v2:172.21.15.26:3300/0,v1:172.21.15.26:6789/0] -- mon_getmap magic: 0 -- 0x7fbd64108cf0 con 0x7fbd64108300
2024-04-26T01:50:08.021 INFO:teuthology.orchestra.run.smithi026.stdout:/usr/bin/ceph: stderr
2024-04-26T01:49:59.193+0000 7fbd68a00700 1 --2- >> [v2:172.21.15.26:3300/0,v1:172.21.15.26:6789/0] conn(0x7fbd64108300 0x7fbd64108720 unknown :-1 s=BANNER_CONNECTING pgs=0 cs=0 l=0 rev1=0 crypto rx=0 tx=0 comp rx=0 tx=0)._handle_peer_banner_payload supported=3 required=0
2024-04-26T01:50:08.021 INFO:teuthology.orchestra.run.smithi026.stdout:/usr/bin/ceph: stderr
2024-04-26T01:49:59.193+0000 7fbd68a00700 1 --2- >> [v2:172.21.15.26:3300/0,v1:172.21.15.26:6789/0] conn(0x7fbd64108300 0x7fbd64108720 unknown :-1 s=HELLO_CONNECTING pgs=0 cs=0 l=0 rev1=1 crypto rx=0 tx=0 comp rx=0 tx=0).handle_hello peer v2:172.21.15.26:3300/0 says I am v2:172.21.15.26:48080/0 (socket says 172.21.15.26:48080)
2024-04-26T01:50:08.021 INFO:teuthology.orchestra.run.smithi026.stdout:/usr/bin/ceph: stderr
2024-04-26T01:49:59.193+0000 7fbd68a00700 1 -- 172.21.15.26:0/1100621957 learned_addr learned my addr 172.21.15.26:0/1100621957 (peer_addr_for_me v2:172.21.15.26:0/0)
