2024-04-26T01:50:08.021 INFO:teuthology.orchestra.run.smithi026.stdout:/usr/bin/ceph: stderr
2024-04-26T01:49:59.193+0000 7fbd68a00700 1 -- 172.21.15.26:0/1100621957 --> [v2:172.21.15.26:3300/0,v1:172.21.15.26:6789/0] -- mon_subscribe({config=0+,monmap=0+}) -- 0x7fbd64109460 con 0x7fbd64108300
2024-04-26T01:50:08.021 INFO:teuthology.orchestra.run.smithi026.stdout:/usr/bin/ceph: stderr
2024-04-26T01:49:59.194+0000 7fbd68a00700 1 --2- 172.21.15.26:0/1100621957 >> [v2:172.21.15.26:3300/0,v1:172.21.15.26:6789/0] conn(0x7fbd64108300 0x7fbd64108720 secure :-1 s=READY pgs=61 cs=0 l=1 rev1=1 crypto rx=0x7fbd580098a0 tx=0x7fbd58009bb0 comp rx=0 tx=0).ready entity=mon.0 client_cookie=3f5f2a34041bd4fb server_cookie=0 in_seq=0 out_seq=0
2024-04-26T01:50:08.021 INFO:teuthology.orchestra.run.smithi026.stdout:/usr/bin/ceph: stderr
2024-04-26T01:49:59.194+0000 7fbd63400700 1 -- 172.21.15.26:0/1100621957 <== mon.0 v2:172.21.15.26:3300/0 1 ==== mon_map magic: 0 ==== 205+0+0 (secure 0 0 0) 0x7fbd58004160 con 0x7fbd64108300
2024-04-26T01:50:08.021 INFO:teuthology.orchestra.run.smithi026.stdout:/usr/bin/ceph: stderr
2024-04-26T01:49:59.194+0000 7fbd63400700 1 -- 172.21.15.26:0/1100621957 <== mon.0 v2:172.21.15.26:3300/0 2 ==== config(26 keys) ==== 1101+0+0 (secure 0 0 0) 0x7fbd58004300 con 0x7fbd64108300
2024-04-26T01:50:08.021 INFO:teuthology.orchestra.run.smithi026.stdout:/usr/bin/ceph: stderr
2024-04-26T01:49:59.194+0000 7fbd63400700 1 -- 172.21.15.26:0/1100621957 <== mon.0 v2:172.21.15.26:3300/0 3 ==== mon_map magic: 0 ==== 205+0+0 (secure 0 0 0) 0x7fbd58011a20 con 0x7fbd64108300
2024-04-26T01:50:08.021 INFO:teuthology.orchestra.run.smithi026.stdout:/usr/bin/ceph: stderr
2024-04-26T01:49:59.195+0000 7fbd69e00700 1 -- 172.21.15.26:0/1100621957 >> [v2:172.21.15.26:3300/0,v1:172.21.15.26:6789/0] conn(0x7fbd64108300 msgr2=0x7fbd64108720 secure :-1 s=STATE_CONNECTION_ESTABLISHED l=1).mark_down
2024-04-26T01:50:08.021 INFO:teuthology.orchestra.run.smithi026.stdout:/usr/bin/ceph: stderr
2024-04-26T01:49:59.195+0000 7fbd69e00700 1 --2- 172.21.15.26:0/1100621957 >> [v2:172.21.15.26:3300/0,v1:172.21.15.26:6789/0] conn(0x7fbd64108300 0x7fbd64108720 secure :-1 s=READY pgs=61 cs=0 l=1 rev1=1 crypto rx=0x7fbd580098a0 tx=0x7fbd58009bb0 comp rx=0 tx=0).stop
2024-04-26T01:50:08.021 INFO:teuthology.orchestra.run.smithi026.stdout:/usr/bin/ceph: stderr
2024-04-26T01:49:59.195+0000 7fbd69e00700 1 -- 172.21.15.26:0/1100621957 shutdown_connections
2024-04-26T01:50:08.021 INFO:teuthology.orchestra.run.smithi026.stdout:/usr/bin/ceph: stderr
2024-04-26T01:49:59.195+0000 7fbd69e00700 1 --2- 172.21.15.26:0/1100621957 >> [v2:172.21.15.26:3300/0,v1:172.21.15.26:6789/0] conn(0x7fbd64108300 0x7fbd64108720 unknown :-1 s=CLOSED pgs=61 cs=0 l=1 rev1=1 crypto rx=0 tx=0 comp rx=0 tx=0).stop
2024-04-26T01:50:08.022 INFO:teuthology.orchestra.run.smithi026.stdout:/usr/bin/ceph: stderr
2024-04-26T01:49:59.195+0000 7fbd69e00700 1 -- 172.21.15.26:0/1100621957 >> 172.21.15.26:0/1100621957 conn(0x7fbd64103980 msgr2=0x7fbd64105da0 unknown :-1 s=STATE_NONE l=0).mark_down
2024-04-26T01:50:08.022 INFO:teuthology.orchestra.run.smithi026.stdout:/usr/bin/ceph: stderr
2024-04-26T01:49:59.195+0000 7fbd69e00700 1 -- 172.21.15.26:0/1100621957 shutdown_connections
2024-04-26T01:50:08.022 INFO:teuthology.orchestra.run.smithi026.stdout:/usr/bin/ceph: stderr
2024-04-26T01:49:59.195+0000 7fbd69e00700 1 -- 172.21.15.26:0/1100621957 wait complete.
2024-04-26T01:50:08.022 INFO:teuthology.orchestra.run.smithi026.stdout:/usr/bin/ceph: stderr
2024-04-26T01:49:59.196+0000 7fbd69e00700 1 Processor -- start
2024-04-26T01:50:08.022 INFO:teuthology.orchestra.run.smithi026.stdout:/usr/bin/ceph: stderr
2024-04-26T01:49:59.196+0000 7fbd69e00700 1 -- start start
2024-04-26T01:50:08.022 INFO:teuthology.orchestra.run.smithi026.stdout:/usr/bin/ceph: stderr
2024-04-26T01:49:59.197+0000 7fbd69e00700 1 --2- >> [v2:172.21.15.26:3300/0,v1:172.21.15.26:6789/0] conn(0x7fbd64108300 0x7fbd6419c190 unknown :-1 s=NONE pgs=0 cs=0 l=1 rev1=0 crypto rx=0 tx=0 comp rx=0 tx=0).connect
2024-04-26T01:50:08.022 INFO:teuthology.orchestra.run.smithi026.stdout:/usr/bin/ceph: stderr
2024-04-26T01:49:59.197+0000 7fbd69e00700 1 -- --> [v2:172.21.15.26:3300/0,v1:172.21.15.26:6789/0] -- mon_getmap magic: 0 -- 0x7fbd6410c810 con 0x7fbd64108300
2024-04-26T01:50:08.022 INFO:teuthology.orchestra.run.smithi026.stdout:/usr/bin/ceph: stderr
2024-04-26T01:49:59.197+0000 7fbd68a00700 1 --2- >> [v2:172.21.15.26:3300/0,v1:172.21.15.26:6789/0] conn(0x7fbd64108300 0x7fbd6419c190 unknown :-1 s=BANNER_CONNECTING pgs=0 cs=0 l=1 rev1=0 crypto rx=0 tx=0 comp rx=0 tx=0)._handle_peer_banner_payload supported=3 required=0
2024-04-26T01:50:08.022 INFO:teuthology.orchestra.run.smithi026.stdout:/usr/bin/ceph: stderr
2024-04-26T01:49:59.197+0000 7fbd68a00700 1 --2- >> [v2:172.21.15.26:3300/0,v1:172.21.15.26:6789/0] conn(0x7fbd64108300 0x7fbd6419c190 unknown :-1 s=HELLO_CONNECTING pgs=0 cs=0 l=1 rev1=1 crypto rx=0 tx=0 comp rx=0 tx=0).handle_hello peer v2:172.21.15.26:3300/0 says I am v2:172.21.15.26:48090/0 (socket says 172.21.15.26:48090)
2024-04-26T01:50:08.022 INFO:teuthology.orchestra.run.smithi026.stdout:/usr/bin/ceph: stderr
2024-04-26T01:49:59.197+0000 7fbd68a00700 1 -- 172.21.15.26:0/3507839615 learned_addr learned my addr 172.21.15.26:0/3507839615 (peer_addr_for_me v2:172.21.15.26:0/0)
2024-04-26T01:50:08.023 INFO:teuthology.orchestra.run.smithi026.stdout:/usr/bin/ceph: stderr
2024-04-26T01:49:59.197+0000 7fbd68a00700 1 -- 172.21.15.26:0/3507839615 --> [v2:172.21.15.26:3300/0,v1:172.21.15.26:6789/0] -- mon_subscribe({config=0+,monmap=0+}) -- 0x7fbd6419c6d0 con 0x7fbd64108300
2024-04-26T01:50:08.023 INFO:teuthology.orchestra.run.smithi026.stdout:/usr/bin/ceph: stderr
2024-04-26T01:49:59.198+0000 7fbd68a00700 1 --2- 172.21.15.26:0/3507839615 >> [v2:172.21.15.26:3300/0,v1:172.21.15.26:6789/0] conn(0x7fbd64108300 0x7fbd6419c190 secure :-1 s=READY pgs=62 cs=0 l=1 rev1=1 crypto rx=0x7fbd580116e0 tx=0x7fbd58011aa0 comp rx=0 tx=0).ready entity=mon.0 client_cookie=0 server_cookie=0 in_seq=0 out_seq=0
2024-04-26T01:50:08.023 INFO:teuthology.orchestra.run.smithi026.stdout:/usr/bin/ceph: stderr
2024-04-26T01:49:59.198+0000 7fbd61600700 1 -- 172.21.15.26:0/3507839615 <== mon.0 v2:172.21.15.26:3300/0 1 ==== mon_map magic: 0 ==== 205+0+0 (secure 0 0 0) 0x7fbd580039e0 con 0x7fbd64108300
2024-04-26T01:50:08.023 INFO:teuthology.orchestra.run.smithi026.stdout:/usr/bin/ceph: stderr
2024-04-26T01:49:59.198+0000 7fbd61600700 1 -- 172.21.15.26:0/3507839615 <== mon.0 v2:172.21.15.26:3300/0 2 ==== config(26 keys) ==== 1101+0+0 (secure 0 0 0) 0x7fbd5801b8f0 con 0x7fbd64108300
2024-04-26T01:50:08.023 INFO:teuthology.orchestra.run.smithi026.stdout:/usr/bin/ceph: stderr
2024-04-26T01:49:59.198+0000 7fbd69e00700 1 -- 172.21.15.26:0/3507839615 --> [v2:172.21.15.26:3300/0,v1:172.21.15.26:6789/0] -- mon_subscribe({mgrmap=0+}) -- 0x7fbd6419c960 con 0x7fbd64108300
2024-04-26T01:50:08.023 INFO:teuthology.orchestra.run.smithi026.stdout:/usr/bin/ceph: stderr
2024-04-26T01:49:59.198+0000 7fbd61600700 1 -- 172.21.15.26:0/3507839615 <== mon.0 v2:172.21.15.26:3300/0 3 ==== mon_map magic: 0 ==== 205+0+0 (secure 0 0 0) 0x7fbd58023760 con 0x7fbd64108300
2024-04-26T01:50:08.023 INFO:teuthology.orchestra.run.smithi026.stdout:/usr/bin/ceph: stderr
2024-04-26T01:49:59.198+0000 7fbd69e00700 1 -- 172.21.15.26:0/3507839615 --> [v2:172.21.15.26:3300/0,v1:172.21.15.26:6789/0] -- mon_subscribe({osdmap=0}) -- 0x7fbd6419f650 con 0x7fbd64108300
2024-04-26T01:50:08.023 INFO:teuthology.orchestra.run.smithi026.stdout:/usr/bin/ceph: stderr
2024-04-26T01:49:59.200+0000 7fbd61600700 1 -- 172.21.15.26:0/3507839615 <== mon.0 v2:172.21.15.26:3300/0 4 ==== mgrmap(e 9) ==== 46571+0+0 (secure 0 0 0) 0x7fbd5801b440 con 0x7fbd64108300
2024-04-26T01:50:08.023 INFO:teuthology.orchestra.run.smithi026.stdout:/usr/bin/ceph: stderr
2024-04-26T01:49:59.200+0000 7fbd61600700 1 --2- 172.21.15.26:0/3507839615 >> [v2:172.21.15.26:6800/317163159,v1:172.21.15.26:6801/317163159] conn(0x7fbd4c039610 0x7fbd4c03bad0 unknown :-1 s=NONE pgs=0 cs=0 l=1 rev1=0 crypto rx=0 tx=0 comp rx=0 tx=0).connect
2024-04-26T01:50:08.023 INFO:teuthology.orchestra.run.smithi026.stdout:/usr/bin/ceph: stderr
2024-04-26T01:49:59.200+0000 7fbd61600700 1 -- 172.21.15.26:0/3507839615 --> [v2:172.21.15.26:6800/317163159,v1:172.21.15.26:6801/317163159] -- command(tid 0: {"prefix": "get_command_descriptions"}) -- 0x7fbd4c03c1e0 con 0x7fbd4c039610
2024-04-26T01:50:08.023 INFO:teuthology.orchestra.run.smithi026.stdout:/usr/bin/ceph: stderr
2024-04-26T01:49:59.200+0000 7fbd61600700 1 -- 172.21.15.26:0/3507839615 <== mon.0 v2:172.21.15.26:3300/0 5 ==== osd_map(2..2 src has 1..2) ==== 940+0+0 (secure 0 0 0) 0x7fbd5804df90 con 0x7fbd64108300
2024-04-26T01:50:08.023 INFO:teuthology.orchestra.run.smithi026.stdout:/usr/bin/ceph: stderr
2024-04-26T01:49:59.200+0000 7fbd63e00700 1 -- 172.21.15.26:0/3507839615 >> [v2:172.21.15.26:6800/317163159,v1:172.21.15.26:6801/317163159] conn(0x7fbd4c039610 msgr2=0x7fbd4c03bad0 unknown :-1 s=STATE_CONNECTING_RE l=1).process reconnect failed to v2:172.21.15.26:6800/317163159
2024-04-26T01:50:08.024 INFO:teuthology.orchestra.run.smithi026.stdout:/usr/bin/ceph: stderr
2024-04-26T01:49:59.200+0000 7fbd63e00700 1 --2- 172.21.15.26:0/3507839615 >> [v2:172.21.15.26:6800/317163159,v1:172.21.15.26:6801/317163159] conn(0x7fbd4c039610 0x7fbd4c03bad0 unknown :-1 s=START_CONNECT pgs=0 cs=0 l=1 rev1=0 crypto rx=0 tx=0 comp rx=0 tx=0)._fault waiting 0.200000
2024-04-26T01:50:08.024 INFO:teuthology.orchestra.run.smithi026.stdout:/usr/bin/ceph: stderr
2024-04-26T01:49:59.401+0000 7fbd63e00700 1 -- 172.21.15.26:0/3507839615 >> [v2:172.21.15.26:6800/317163159,v1:172.21.15.26:6801/317163159] conn(0x7fbd4c039610 msgr2=0x7fbd4c03bad0 unknown :-1 s=STATE_CONNECTING_RE l=1).process reconnect failed to v2:172.21.15.26:6800/317163159
2024-04-26T01:50:08.024 INFO:teuthology.orchestra.run.smithi026.stdout:/usr/bin/ceph: stderr
2024-04-26T01:49:59.401+0000 7fbd63e00700 1 --2- 172.21.15.26:0/3507839615 >> [v2:172.21.15.26:6800/317163159,v1:172.21.15.26:6801/317163159] conn(0x7fbd4c039610 0x7fbd4c03bad0 unknown :-1 s=START_CONNECT pgs=0 cs=0 l=1 rev1=0 crypto rx=0 tx=0 comp rx=0 tx=0)._fault waiting 0.400000
2024-04-26T01:50:08.024 INFO:teuthology.orchestra.run.smithi026.stdout:/usr/bin/ceph: stderr
2024-04-26T01:49:59.802+0000 7fbd63e00700 1 -- 172.21.15.26:0/3507839615 >> [v2:172.21.15.26:6800/317163159,v1:172.21.15.26:6801/317163159] conn(0x7fbd4c039610 msgr2=0x7fbd4c03bad0 unknown :-1 s=STATE_CONNECTING_RE l=1).process reconnect failed to v2:172.21.15.26:6800/317163159
2024-04-26T01:50:08.024 INFO:teuthology.orchestra.run.smithi026.stdout:/usr/bin/ceph: stderr
2024-04-26T01:49:59.802+0000 7fbd63e00700 1 --2- 172.21.15.26:0/3507839615 >> [v2:172.21.15.26:6800/317163159,v1:172.21.15.26:6801/317163159] conn(0x7fbd4c039610 0x7fbd4c03bad0 unknown :-1 s=START_CONNECT pgs=0 cs=0 l=1 rev1=0 crypto rx=0 tx=0 comp rx=0 tx=0)._fault waiting 0.800000
2024-04-26T01:50:08.024 INFO:teuthology.orchestra.run.smithi026.stdout:/usr/bin/ceph: stderr
2024-04-26T01:50:00.603+0000 7fbd63e00700 1 -- 172.21.15.26:0/3507839615 >> [v2:172.21.15.26:6800/317163159,v1:172.21.15.26:6801/317163159] conn(0x7fbd4c039610 msgr2=0x7fbd4c03bad0 unknown :-1 s=STATE_CONNECTING_RE l=1).process reconnect failed to v2:172.21.15.26:6800/317163159
2024-04-26T01:50:08.024 INFO:teuthology.orchestra.run.smithi026.stdout:/usr/bin/ceph: stderr
2024-04-26T01:50:00.603+0000 7fbd63e00700 1 --2- 172.21.15.26:0/3507839615 >> [v2:172.21.15.26:6800/317163159,v1:172.21.15.26:6801/317163159] conn(0x7fbd4c039610 0x7fbd4c03bad0 unknown :-1 s=START_CONNECT pgs=0 cs=0 l=1 rev1=0 crypto rx=0 tx=0 comp rx=0 tx=0)._fault waiting 1.600000
2024-04-26T01:50:08.024 INFO:teuthology.orchestra.run.smithi026.stdout:/usr/bin/ceph: stderr
2024-04-26T01:50:02.205+0000 7fbd63e00700 1 -- 172.21.15.26:0/3507839615 >> [v2:172.21.15.26:6800/317163159,v1:172.21.15.26:6801/317163159] conn(0x7fbd4c039610 msgr2=0x7fbd4c03bad0 unknown :-1 s=STATE_CONNECTING_RE l=1).process reconnect failed to v2:172.21.15.26:6800/317163159
2024-04-26T01:50:08.024 INFO:teuthology.orchestra.run.smithi026.stdout:/usr/bin/ceph: stderr
2024-04-26T01:50:02.205+0000 7fbd63e00700 1 --2- 172.21.15.26:0/3507839615 >> [v2:172.21.15.26:6800/317163159,v1:172.21.15.26:6801/317163159] conn(0x7fbd4c039610 0x7fbd4c03bad0 unknown :-1 s=START_CONNECT pgs=0 cs=0 l=1 rev1=0 crypto rx=0 tx=0 comp rx=0 tx=0)._fault waiting 3.200000
2024-04-26T01:50:08.024 INFO:teuthology.orchestra.run.smithi026.stdout:/usr/bin/ceph: stderr
2024-04-26T01:50:05.409+0000 7fbd63e00700 1 -- 172.21.15.26:0/3507839615 >> [v2:172.21.15.26:6800/317163159,v1:172.21.15.26:6801/317163159] conn(0x7fbd4c039610 msgr2=0x7fbd4c03bad0 unknown :-1 s=STATE_CONNECTING_RE l=1).process reconnect failed to v2:172.21.15.26:6800/317163159
2024-04-26T01:50:08.024 INFO:teuthology.orchestra.run.smithi026.stdout:/usr/bin/ceph: stderr
2024-04-26T01:50:05.409+0000 7fbd63e00700 1 --2- 172.21.15.26:0/3507839615 >> [v2:172.21.15.26:6800/317163159,v1:172.21.15.26:6801/317163159] conn(0x7fbd4c039610 0x7fbd4c03bad0 unknown :-1 s=START_CONNECT pgs=0 cs=0 l=1 rev1=0 crypto rx=0 tx=0 comp rx=0 tx=0)._fault waiting 6.400000
2024-04-26T01:50:08.024 INFO:teuthology.orchestra.run.smithi026.stdout:/usr/bin/ceph: stderr
2024-04-26T01:50:05.512+0000 7fbd61600700 1 -- 172.21.15.26:0/3507839615 <== mon.0 v2:172.21.15.26:3300/0 6 ==== mgrmap(e 10) ==== 46338+0+0 (secure 0 0 0) 0x7fbd58023ca0 con 0x7fbd64108300
2024-04-26T01:50:08.025 INFO:teuthology.orchestra.run.smithi026.stdout:/usr/bin/ceph: stderr
2024-04-26T01:50:05.512+0000 7fbd61600700 1 -- 172.21.15.26:0/3507839615 >> [v2:172.21.15.26:6800/317163159,v1:172.21.15.26:6801/317163159] conn(0x7fbd4c039610 msgr2=0x7fbd4c03bad0 unknown :-1 s=STATE_CONNECTING l=1).mark_down
2024-04-26T01:50:08.025 INFO:teuthology.orchestra.run.smithi026.stdout:/usr/bin/ceph: stderr
2024-04-26T01:50:05.512+0000 7fbd61600700 1 --2- 172.21.15.26:0/3507839615 >> [v2:172.21.15.26:6800/317163159,v1:172.21.15.26:6801/317163159] conn(0x7fbd4c039610 0x7fbd4c03bad0 unknown :-1 s=START_CONNECT pgs=0 cs=0 l=1 rev1=0 crypto rx=0 tx=0 comp rx=0 tx=0).stop
2024-04-26T01:50:08.025 INFO:teuthology.orchestra.run.smithi026.stdout:/usr/bin/ceph: stderr
2024-04-26T01:50:06.515+0000 7fbd61600700 1 -- 172.21.15.26:0/3507839615 <== mon.0 v2:172.21.15.26:3300/0 7 ==== mgrmap(e 11) ==== 46465+0+0 (secure 0 0 0) 0x7fbd5800b930 con 0x7fbd64108300
2024-04-26T01:50:08.025 INFO:teuthology.orchestra.run.smithi026.stdout:/usr/bin/ceph: stderr
2024-04-26T01:50:06.516+0000 7fbd61600700 1 --2- 172.21.15.26:0/3507839615 >> [v2:172.21.15.26:6800/3490463755,v1:172.21.15.26:6801/3490463755] conn(0x7fbd4c03cff0 0x7fbd4c03f3e0 unknown :-1 s=NONE pgs=0 cs=0 l=1 rev1=0 crypto rx=0 tx=0 comp rx=0 tx=0).connect
2024-04-26T01:50:08.025 INFO:teuthology.orchestra.run.smithi026.stdout:/usr/bin/ceph: stderr
2024-04-26T01:50:06.516+0000 7fbd61600700 1 -- 172.21.15.26:0/3507839615 --> [v2:172.21.15.26:6800/3490463755,v1:172.21.15.26:6801/3490463755] -- command(tid 0: {"prefix": "get_command_descriptions"}) -- 0x7fbd5802de50 con 0x7fbd4c03cff0
2024-04-26T01:50:08.025 INFO:teuthology.orchestra.run.smithi026.stdout:/usr/bin/ceph: stderr
2024-04-26T01:50:06.517+0000 7fbd63e00700 1 --2- 172.21.15.26:0/3507839615 >> [v2:172.21.15.26:6800/3490463755,v1:172.21.15.26:6801/3490463755] conn(0x7fbd4c03cff0 0x7fbd4c03f3e0 unknown :-1 s=BANNER_CONNECTING pgs=0 cs=0 l=1 rev1=0 crypto rx=0 tx=0 comp rx=0 tx=0)._handle_peer_banner_payload supported=3 required=0
2024-04-26T01:50:08.025 INFO:teuthology.orchestra.run.smithi026.stdout:/usr/bin/ceph: stderr
2024-04-26T01:50:06.519+0000 7fbd63e00700 1 --2- 172.21.15.26:0/3507839615 >> [v2:172.21.15.26:6800/3490463755,v1:172.21.15.26:6801/3490463755] conn(0x7fbd4c03cff0 0x7fbd4c03f3e0 secure :-1 s=READY pgs=3 cs=0 l=1 rev1=1 crypto rx=0x7fbd50003a10 tx=0x7fbd50009270 comp rx=0 tx=0).ready entity=mgr.14152 client_cookie=0 server_cookie=0 in_seq=0 out_seq=0
2024-04-26T01:50:08.025 INFO:teuthology.orchestra.run.smithi026.stdout:/usr/bin/ceph: stderr
2024-04-26T01:50:06.520+0000 7fbd61600700 1 -- 172.21.15.26:0/3507839615 <== mgr.14152 v2:172.21.15.26:6800/3490463755 1 ==== command_reply(tid 0: 0 ) ==== 8+0+7774 (secure 0 0 0) 0x7fbd5802de50 con 0x7fbd4c03cff0
2024-04-26T01:50:08.025 INFO:teuthology.orchestra.run.smithi026.stdout:/usr/bin/ceph: stderr
2024-04-26T01:50:06.533+0000 7fbd69e00700 1 -- 172.21.15.26:0/3507839615 --> [v2:172.21.15.26:6800/3490463755,v1:172.21.15.26:6801/3490463755] -- command(tid 1: {"prefix": "mgr_status"}) -- 0x7fbd640640a0 con 0x7fbd4c03cff0
2024-04-26T01:50:08.025 INFO:teuthology.orchestra.run.smithi026.stdout:/usr/bin/ceph: stderr
2024-04-26T01:50:06.533+0000 7fbd61600700 1 -- 172.21.15.26:0/3507839615 <== mgr.14152 v2:172.21.15.26:6800/3490463755 2 ==== command_reply(tid 1: 0 ) ==== 8+0+52 (secure 0 0 0) 0x7fbd640640a0 con 0x7fbd4c03cff0
2024-04-26T01:50:08.025 INFO:teuthology.orchestra.run.smithi026.stdout:/usr/bin/ceph: stderr
2024-04-26T01:50:06.534+0000 7fbd69e00700 1 -- 172.21.15.26:0/3507839615 >> [v2:172.21.15.26:6800/3490463755,v1:172.21.15.26:6801/3490463755] conn(0x7fbd4c03cff0 msgr2=0x7fbd4c03f3e0 secure :-1 s=STATE_CONNECTION_ESTABLISHED l=1).mark_down
2024-04-26T01:50:08.025 INFO:teuthology.orchestra.run.smithi026.stdout:/usr/bin/ceph: stderr
2024-04-26T01:50:06.534+0000 7fbd69e00700 1 --2- 172.21.15.26:0/3507839615 >> [v2:172.21.15.26:6800/3490463755,v1:172.21.15.26:6801/3490463755] conn(0x7fbd4c03cff0 0x7fbd4c03f3e0 secure :-1 s=READY pgs=3 cs=0 l=1 rev1=1 crypto rx=0x7fbd50003a10 tx=0x7fbd50009270 comp rx=0 tx=0).stop
2024-04-26T01:50:08.026 INFO:teuthology.orchestra.run.smithi026.stdout:/usr/bin/ceph: stderr
2024-04-26T01:50:06.534+0000 7fbd69e00700 1 -- 172.21.15.26:0/3507839615 >> [v2:172.21.15.26:3300/0,v1:172.21.15.26:6789/0] conn(0x7fbd64108300 msgr2=0x7fbd6419c190 secure :-1 s=STATE_CONNECTION_ESTABLISHED l=1).mark_down
2024-04-26T01:50:08.026 INFO:teuthology.orchestra.run.smithi026.stdout:/usr/bin/ceph: stderr
2024-04-26T01:50:06.534+0000 7fbd69e00700 1 --2- 172.21.15.26:0/3507839615 >> [v2:172.21.15.26:3300/0,v1:172.21.15.26:6789/0] conn(0x7fbd64108300 0x7fbd6419c190 secure :-1 s=READY pgs=62 cs=0 l=1 rev1=1 crypto rx=0x7fbd580116e0 tx=0x7fbd58011aa0 comp rx=0 tx=0).stop
2024-04-26T01:50:08.026 INFO:teuthology.orchestra.run.smithi026.stdout:/usr/bin/ceph: stderr
2024-04-26T01:50:06.534+0000 7fbd69e00700 1 -- 172.21.15.26:0/3507839615 shutdown_connections
2024-04-26T01:50:08.026 INFO:teuthology.orchestra.run.smithi026.stdout:/usr/bin/ceph: stderr
2024-04-26T01:50:06.534+0000 7fbd69e00700 1 --2- 172.21.15.26:0/3507839615 >> [v2:172.21.15.26:6800/3490463755,v1:172.21.15.26:6801/3490463755] conn(0x7fbd4c03cff0 0x7fbd4c03f3e0 unknown :-1 s=CLOSED pgs=3 cs=0 l=1 rev1=1 crypto rx=0 tx=0 comp rx=0 tx=0).stop
2024-04-26T01:50:08.026 INFO:teuthology.orchestra.run.smithi026.stdout:/usr/bin/ceph: stderr
2024-04-26T01:50:06.534+0000 7fbd69e00700 1 --2- 172.21.15.26:0/3507839615 >> [v2:172.21.15.26:3300/0,v1:172.21.15.26:6789/0] conn(0x7fbd64108300 0x7fbd6419c190 unknown :-1 s=CLOSED pgs=62 cs=0 l=1 rev1=1 crypto rx=0 tx=0 comp rx=0 tx=0).stop
2024-04-26T01:50:08.026 INFO:teuthology.orchestra.run.smithi026.stdout:/usr/bin/ceph: stderr
2024-04-26T01:50:06.534+0000 7fbd69e00700 1 --2- 172.21.15.26:0/3507839615 >> [v2:172.21.15.26:6800/317163159,v1:172.21.15.26:6801/317163159] conn(0x7fbd4c039610 0x7fbd4c03bad0 unknown :-1 s=CLOSED pgs=0 cs=0 l=1 rev1=0 crypto rx=0 tx=0 comp rx=0 tx=0).stop
2024-04-26T01:50:08.026 INFO:teuthology.orchestra.run.smithi026.stdout:/usr/bin/ceph: stderr
2024-04-26T01:50:06.534+0000 7fbd69e00700 1 -- 172.21.15.26:0/3507839615 >> 172.21.15.26:0/3507839615 conn(0x7fbd64103980 msgr2=0x7fbd64104450 unknown :-1 s=STATE_NONE l=0).mark_down
2024-04-26T01:50:08.026 INFO:teuthology.orchestra.run.smithi026.stdout:/usr/bin/ceph: stderr
2024-04-26T01:50:06.535+0000 7fbd69e00700 1 -- 172.21.15.26:0/3507839615 shutdown_connections
2024-04-26T01:50:08.026 INFO:teuthology.orchestra.run.smithi026.stdout:/usr/bin/ceph: stderr
2024-04-26T01:50:06.535+0000 7fbd69e00700 1 -- 172.21.15.26:0/3507839615 wait complete.
2024-04-26T01:50:08.026 INFO:teuthology.orchestra.run.smithi026.stdout:mgr epoch 9 is available
2024-04-26T01:50:08.026 INFO:teuthology.orchestra.run.smithi026.stdout:Generating a dashboard self-signed certificate...
2024-04-26T01:50:08.628 INFO:journalctl@ceph.mon.a.smithi026.stdout:Apr 26 01:50:08 smithi026 ceph-mon[28138]: mgrmap e12: x(active, since 2s)
2024-04-26T01:50:08.628 INFO:journalctl@ceph.mon.a.smithi026.stdout:Apr 26 01:50:08 smithi026 ceph-mon[28138]: from='mgr.14152 172.21.15.26:0/3320856160' entity='mgr.x'
2024-04-26T01:50:09.845 INFO:teuthology.orchestra.run.smithi026.stdout:/usr/bin/ceph: stdout Self-signed certificate created
2024-04-26T01:50:09.845 INFO:teuthology.orchestra.run.smithi026.stdout:/usr/bin/ceph: stderr
2024-04-26T01:50:08.673+0000 7fbade800700 1 Processor -- start
2024-04-26T01:50:09.845 INFO:teuthology.orchestra.run.smithi026.stdout:/usr/bin/ceph: stderr
2024-04-26T01:50:08.673+0000 7fbade800700 1 -- start start
2024-04-26T01:50:09.845 INFO:teuthology.orchestra.run.smithi026.stdout:/usr/bin/ceph: stderr
2024-04-26T01:50:08.674+0000 7fbade800700 1 --2- >> [v2:172.21.15.26:3300/0,v1:172.21.15.26:6789/0] conn(0x7fbad8108ec0 0x7fbad810b2b0 unknown :-1 s=NONE pgs=0 cs=0 l=0 rev1=0 crypto rx=0 tx=0 comp rx=0 tx=0).connect
2024-04-26T01:50:09.845 INFO:teuthology.orchestra.run.smithi026.stdout:/usr/bin/ceph: stderr
2024-04-26T01:50:08.674+0000 7fbade800700 1 -- --> [v2:172.21.15.26:3300/0,v1:172.21.15.26:6789/0] -- mon_getmap magic: 0 -- 0x7fbad807be60 con 0x7fbad8108ec0
2024-04-26T01:50:09.845 INFO:teuthology.orchestra.run.smithi026.stdout:/usr/bin/ceph: stderr
2024-04-26T01:50:08.674+0000 7fbad7400700 1 --2- >> [v2:172.21.15.26:3300/0,v1:172.21.15.26:6789/0] conn(0x7fbad8108ec0 0x7fbad810b2b0 unknown :-1 s=BANNER_CONNECTING pgs=0 cs=0 l=0 rev1=0 crypto rx=0 tx=0 comp rx=0 tx=0)._handle_peer_banner_payload supported=3 required=0
2024-04-26T01:50:09.845 INFO:teuthology.orchestra.run.smithi026.stdout:/usr/bin/ceph: stderr
2024-04-26T01:50:08.675+0000 7fbad7400700 1 --2- >> [v2:172.21.15.26:3300/0,v1:172.21.15.26:6789/0] conn(0x7fbad8108ec0 0x7fbad810b2b0 unknown :-1 s=HELLO_CONNECTING pgs=0 cs=0 l=0 rev1=1 crypto rx=0 tx=0 comp rx=0 tx=0).handle_hello peer v2:172.21.15.26:3300/0 says I am v2:172.21.15.26:49538/0 (socket says 172.21.15.26:49538)
2024-04-26T01:50:09.845 INFO:teuthology.orchestra.run.smithi026.stdout:/usr/bin/ceph: stderr
2024-04-26T01:50:08.675+0000 7fbad7400700 1 -- 172.21.15.26:0/2346211768 learned_addr learned my addr 172.21.15.26:0/2346211768 (peer_addr_for_me v2:172.21.15.26:0/0)
2024-04-26T01:50:09.845 INFO:teuthology.orchestra.run.smithi026.stdout:/usr/bin/ceph: stderr
2024-04-26T01:50:08.675+0000 7fbad7400700 1 -- 172.21.15.26:0/2346211768 --> [v2:172.21.15.26:3300/0,v1:172.21.15.26:6789/0] -- mon_subscribe({config=0+,monmap=0+}) -- 0x7fbad810b7f0 con 0x7fbad8108ec0
2024-04-26T01:50:09.845 INFO:teuthology.orchestra.run.smithi026.stdout:/usr/bin/ceph: stderr
2024-04-26T01:50:08.675+0000 7fbad7400700 1 --2- 172.21.15.26:0/2346211768 >> [v2:172.21.15.26:3300/0,v1:172.21.15.26:6789/0] conn(0x7fbad8108ec0 0x7fbad810b2b0 secure :-1 s=READY pgs=70 cs=0 l=1 rev1=1 crypto rx=0x7fbac80098a0 tx=0x7fbac8009bb0 comp rx=0 tx=0).ready entity=mon.0 client_cookie=bf35b1b2bf76c811 server_cookie=0 in_seq=0 out_seq=0
2024-04-26T01:50:09.846 INFO:teuthology.orchestra.run.smithi026.stdout:/usr/bin/ceph: stderr
2024-04-26T01:50:08.676+0000 7fbad6000700 1 -- 172.21.15.26:0/2346211768 <== mon.0 v2:172.21.15.26:3300/0 1 ==== mon_map magic: 0 ==== 205+0+0 (secure 0 0 0) 0x7fbac8004160 con 0x7fbad8108ec0
2024-04-26T01:50:09.846 INFO:teuthology.orchestra.run.smithi026.stdout:/usr/bin/ceph: stderr
2024-04-26T01:50:08.676+0000 7fbad6000700 1 -- 172.21.15.26:0/2346211768 <== mon.0 v2:172.21.15.26:3300/0 2 ==== config(26 keys) ==== 1101+0+0 (secure 0 0 0) 0x7fbac8004300 con 0x7fbad8108ec0
2024-04-26T01:50:09.846 INFO:teuthology.orchestra.run.smithi026.stdout:/usr/bin/ceph: stderr
2024-04-26T01:50:08.676+0000 7fbad6000700 1 -- 172.21.15.26:0/2346211768 <== mon.0 v2:172.21.15.26:3300/0 3 ==== mon_map magic: 0 ==== 205+0+0 (secure 0 0 0) 0x7fbac8011a20 con 0x7fbad8108ec0
2024-04-26T01:50:09.846 INFO:teuthology.orchestra.run.smithi026.stdout:/usr/bin/ceph: stderr
2024-04-26T01:50:08.677+0000 7fbade800700 1 -- 172.21.15.26:0/2346211768 >> [v2:172.21.15.26:3300/0,v1:172.21.15.26:6789/0] conn(0x7fbad8108ec0 msgr2=0x7fbad810b2b0 secure :-1 s=STATE_CONNECTION_ESTABLISHED l=1).mark_down
2024-04-26T01:50:09.846 INFO:teuthology.orchestra.run.smithi026.stdout:/usr/bin/ceph: stderr
2024-04-26T01:50:08.677+0000 7fbade800700 1 --2- 172.21.15.26:0/2346211768 >> [v2:172.21.15.26:3300/0,v1:172.21.15.26:6789/0] conn(0x7fbad8108ec0 0x7fbad810b2b0 secure :-1 s=READY pgs=70 cs=0 l=1 rev1=1 crypto rx=0x7fbac80098a0 tx=0x7fbac8009bb0 comp rx=0 tx=0).stop
2024-04-26T01:50:09.846 INFO:teuthology.orchestra.run.smithi026.stdout:/usr/bin/ceph: stderr
2024-04-26T01:50:08.677+0000 7fbade800700 1 -- 172.21.15.26:0/2346211768 shutdown_connections
2024-04-26T01:50:09.846 INFO:teuthology.orchestra.run.smithi026.stdout:/usr/bin/ceph: stderr
2024-04-26T01:50:08.677+0000 7fbade800700 1 --2- 172.21.15.26:0/2346211768 >> [v2:172.21.15.26:3300/0,v1:172.21.15.26:6789/0] conn(0x7fbad8108ec0 0x7fbad810b2b0 unknown :-1 s=CLOSED pgs=70 cs=0 l=1 rev1=1 crypto rx=0 tx=0 comp rx=0 tx=0).stop
2024-04-26T01:50:09.846 INFO:teuthology.orchestra.run.smithi026.stdout:/usr/bin/ceph: stderr
2024-04-26T01:50:08.677+0000 7fbade800700 1 -- 172.21.15.26:0/2346211768 >> 172.21.15.26:0/2346211768 conn(0x7fbad8102910 msgr2=0x7fbad8104d30 unknown :-1 s=STATE_NONE l=0).mark_down
2024-04-26T01:50:09.846 INFO:teuthology.orchestra.run.smithi026.stdout:/usr/bin/ceph: stderr
2024-04-26T01:50:08.677+0000 7fbade800700 1 -- 172.21.15.26:0/2346211768 shutdown_connections
2024-04-26T01:50:09.846 INFO:teuthology.orchestra.run.smithi026.stdout:/usr/bin/ceph: stderr
2024-04-26T01:50:08.677+0000 7fbade800700 1 -- 172.21.15.26:0/2346211768 wait complete.
2024-04-26T01:50:09.846 INFO:teuthology.orchestra.run.smithi026.stdout:/usr/bin/ceph: stderr
2024-04-26T01:50:08.678+0000 7fbade800700 1 Processor -- start
2024-04-26T01:50:09.847 INFO:teuthology.orchestra.run.smithi026.stdout:/usr/bin/ceph: stderr
2024-04-26T01:50:08.678+0000 7fbade800700 1 -- start start
2024-04-26T01:50:09.847 INFO:teuthology.orchestra.run.smithi026.stdout:/usr/bin/ceph: stderr
2024-04-26T01:50:08.678+0000 7fbade800700 1 --2- >> [v2:172.21.15.26:3300/0,v1:172.21.15.26:6789/0] conn(0x7fbad8108ec0 0x7fbad8108740 unknown :-1 s=NONE pgs=0 cs=0 l=1 rev1=0 crypto rx=0 tx=0 comp rx=0 tx=0).connect
2024-04-26T01:50:09.847 INFO:teuthology.orchestra.run.smithi026.stdout:/usr/bin/ceph: stderr
2024-04-26T01:50:08.678+0000 7fbade800700 1 -- --> [v2:172.21.15.26:3300/0,v1:172.21.15.26:6789/0] -- mon_getmap magic: 0 -- 0x7fbad810c7a0 con 0x7fbad8108ec0
2024-04-26T01:50:09.847 INFO:teuthology.orchestra.run.smithi026.stdout:/usr/bin/ceph: stderr
2024-04-26T01:50:08.679+0000 7fbad7400700 1 --2- >> [v2:172.21.15.26:3300/0,v1:172.21.15.26:6789/0] conn(0x7fbad8108ec0 0x7fbad8108740 unknown :-1 s=BANNER_CONNECTING pgs=0 cs=0 l=1 rev1=0 crypto rx=0 tx=0 comp rx=0 tx=0)._handle_peer_banner_payload supported=3 required=0
2024-04-26T01:50:09.847 INFO:teuthology.orchestra.run.smithi026.stdout:/usr/bin/ceph: stderr
2024-04-26T01:50:08.679+0000 7fbad7400700 1 --2- >> [v2:172.21.15.26:3300/0,v1:172.21.15.26:6789/0] conn(0x7fbad8108ec0 0x7fbad8108740 unknown :-1 s=HELLO_CONNECTING pgs=0 cs=0 l=1 rev1=1 crypto rx=0 tx=0 comp rx=0 tx=0).handle_hello peer v2:172.21.15.26:3300/0 says I am v2:172.21.15.26:49554/0 (socket says 172.21.15.26:49554)
2024-04-26T01:50:09.847 INFO:teuthology.orchestra.run.smithi026.stdout:/usr/bin/ceph: stderr
2024-04-26T01:50:08.679+0000 7fbad7400700 1 -- 172.21.15.26:0/2976858821 learned_addr learned my addr 172.21.15.26:0/2976858821 (peer_addr_for_me v2:172.21.15.26:0/0)
2024-04-26T01:50:09.847 INFO:teuthology.orchestra.run.smithi026.stdout:/usr/bin/ceph: stderr
2024-04-26T01:50:08.679+0000 7fbad7400700 1 -- 172.21.15.26:0/2976858821 --> [v2:172.21.15.26:3300/0,v1:172.21.15.26:6789/0] -- mon_subscribe({config=0+,monmap=0+}) -- 0x7fbad8108c80 con 0x7fbad8108ec0
2024-04-26T01:50:09.847 INFO:teuthology.orchestra.run.smithi026.stdout:/usr/bin/ceph: stderr
2024-04-26T01:50:08.679+0000 7fbad7400700 1 --2- 172.21.15.26:0/2976858821 >> [v2:172.21.15.26:3300/0,v1:172.21.15.26:6789/0] conn(0x7fbad8108ec0 0x7fbad8108740 secure :-1 s=READY pgs=71 cs=0 l=1 rev1=1 crypto rx=0x7fbac80116e0 tx=0x7fbac8011aa0 comp rx=0 tx=0).ready entity=mon.0 client_cookie=0 server_cookie=0 in_seq=0 out_seq=0
2024-04-26T01:50:09.847 INFO:teuthology.orchestra.run.smithi026.stdout:/usr/bin/ceph: stderr
2024-04-26T01:50:08.680+0000 7fbacfe00700 1 -- 172.21.15.26:0/2976858821 <== mon.0 v2:172.21.15.26:3300/0 1 ==== mon_map magic: 0 ==== 205+0+0 (secure 0 0 0) 0x7fbac8003b20 con 0x7fbad8108ec0
2024-04-26T01:50:09.847 INFO:teuthology.orchestra.run.smithi026.stdout:/usr/bin/ceph: stderr
2024-04-26T01:50:08.680+0000 7fbacfe00700 1 -- 172.21.15.26:0/2976858821 <== mon.0 v2:172.21.15.26:3300/0 2 ==== config(26 keys) ==== 1101+0+0 (secure 0 0 0) 0x7fbac801b8f0 con 0x7fbad8108ec0
2024-04-26T01:50:09.847 INFO:teuthology.orchestra.run.smithi026.stdout:/usr/bin/ceph: stderr
2024-04-26T01:50:08.680+0000 7fbade800700 1 -- 172.21.15.26:0/2976858821 --> [v2:172.21.15.26:3300/0,v1:172.21.15.26:6789/0] -- mon_subscribe({mgrmap=0+}) -- 0x7fbad8106e70 con 0x7fbad8108ec0
2024-04-26T01:50:09.847 INFO:teuthology.orchestra.run.smithi026.stdout:/usr/bin/ceph: stderr
2024-04-26T01:50:08.680+0000 7fbacfe00700 1 -- 172.21.15.26:0/2976858821 <== mon.0 v2:172.21.15.26:3300/0 3 ==== mon_map magic: 0 ==== 205+0+0 (secure 0 0 0) 0x7fbac80238c0 con 0x7fbad8108ec0
2024-04-26T01:50:09.847 INFO:teuthology.orchestra.run.smithi026.stdout:/usr/bin/ceph: stderr
2024-04-26T01:50:08.680+0000 7fbade800700 1 -- 172.21.15.26:0/2976858821 --> [v2:172.21.15.26:3300/0,v1:172.21.15.26:6789/0] -- mon_subscribe({osdmap=0}) -- 0x7fbad81073b0 con 0x7fbad8108ec0
2024-04-26T01:50:09.847 INFO:teuthology.orchestra.run.smithi026.stdout:/usr/bin/ceph: stderr
2024-04-26T01:50:08.681+0000 7fbacfe00700 1 -- 172.21.15.26:0/2976858821 <== mon.0 v2:172.21.15.26:3300/0 4 ==== mgrmap(e 12) ==== 46571+0+0 (secure 0 0 0) 0x7fbac8023b70 con 0x7fbad8108ec0
2024-04-26T01:50:09.848 INFO:teuthology.orchestra.run.smithi026.stdout:/usr/bin/ceph: stderr
2024-04-26T01:50:08.681+0000 7fbade800700 1 -- 172.21.15.26:0/2976858821 --> [v2:172.21.15.26:3300/0,v1:172.21.15.26:6789/0] -- mon_command({"prefix": "get_command_descriptions"} v 0) -- 0x7fbad80640a0 con 0x7fbad8108ec0
2024-04-26T01:50:09.848 INFO:teuthology.orchestra.run.smithi026.stdout:/usr/bin/ceph: stderr
2024-04-26T01:50:08.682+0000 7fbacfe00700 1 --2- 172.21.15.26:0/2976858821 >> [v2:172.21.15.26:6800/3490463755,v1:172.21.15.26:6801/3490463755] conn(0x7fbabc0395b0 0x7fbabc03ba70 unknown :-1 s=NONE pgs=0 cs=0 l=1 rev1=0 crypto rx=0 tx=0 comp rx=0 tx=0).connect
2024-04-26T01:50:09.848 INFO:teuthology.orchestra.run.smithi026.stdout:/usr/bin/ceph: stderr
2024-04-26T01:50:08.682+0000 7fbacfe00700 1 -- 172.21.15.26:0/2976858821 <== mon.0 v2:172.21.15.26:3300/0 5 ==== osd_map(3..3 src has 1..3) ==== 1155+0+0 (secure 0 0 0) 0x7fbac804e230 con 0x7fbad8108ec0
2024-04-26T01:50:09.848 INFO:teuthology.orchestra.run.smithi026.stdout:/usr/bin/ceph: stderr
2024-04-26T01:50:08.682+0000 7fbad6a00700 1 --2- 172.21.15.26:0/2976858821 >> [v2:172.21.15.26:6800/3490463755,v1:172.21.15.26:6801/3490463755] conn(0x7fbabc0395b0 0x7fbabc03ba70 unknown :-1 s=BANNER_CONNECTING pgs=0 cs=0 l=1 rev1=0 crypto rx=0 tx=0 comp rx=0 tx=0)._handle_peer_banner_payload supported=3 required=0
2024-04-26T01:50:09.848 INFO:teuthology.orchestra.run.smithi026.stdout:/usr/bin/ceph: stderr
2024-04-26T01:50:08.683+0000 7fbad6a00700 1 --2- 172.21.15.26:0/2976858821 >> [v2:172.21.15.26:6800/3490463755,v1:172.21.15.26:6801/3490463755] conn(0x7fbabc0395b0 0x7fbabc03ba70 secure :-1 s=READY pgs=7 cs=0 l=1 rev1=1 crypto rx=0x7fbac4006fd0 tx=0x7fbac4006e40 comp rx=0 tx=0).ready entity=mgr.14152 client_cookie=0 server_cookie=0 in_seq=0 out_seq=0
2024-04-26T01:50:09.848 INFO:teuthology.orchestra.run.smithi026.stdout:/usr/bin/ceph: stderr
2024-04-26T01:50:08.688+0000 7fbacfe00700 1 -- 172.21.15.26:0/2976858821 <== mon.0 v2:172.21.15.26:3300/0 6 ==== mon_command_ack([{"prefix": "get_command_descriptions"}]=0 v0) ==== 72+0+188370 (secure 0 0 0) 0x7fbac801f030 con 0x7fbad8108ec0
2024-04-26T01:50:09.848 INFO:teuthology.orchestra.run.smithi026.stdout:/usr/bin/ceph: stderr
2024-04-26T01:50:08.924+0000 7fbade800700 1 -- 172.21.15.26:0/2976858821 --> [v2:172.21.15.26:6800/3490463755,v1:172.21.15.26:6801/3490463755] -- mgr_command(tid 0: {"prefix": "dashboard create-self-signed-cert", "target": ["mon-mgr", ""]}) -- 0x7fbad8107cc0 con 0x7fbabc0395b0
2024-04-26T01:50:09.848 INFO:teuthology.orchestra.run.smithi026.stdout:/usr/bin/ceph: stderr
2024-04-26T01:50:09.083+0000 7fbacfe00700 1 -- 172.21.15.26:0/2976858821 <== mgr.14152 v2:172.21.15.26:6800/3490463755 1 ==== mgr_command_reply(tid 0: 0 ) ==== 8+0+32 (secure 0 0 0) 0x7fbad8107cc0 con 0x7fbabc0395b0
2024-04-26T01:50:09.848 INFO:teuthology.orchestra.run.smithi026.stdout:/usr/bin/ceph: stderr
2024-04-26T01:50:09.086+0000 7fbade800700 1 -- 172.21.15.26:0/2976858821 >> [v2:172.21.15.26:6800/3490463755,v1:172.21.15.26:6801/3490463755] conn(0x7fbabc0395b0 msgr2=0x7fbabc03ba70 secure :-1 s=STATE_CONNECTION_ESTABLISHED l=1).mark_down
2024-04-26T01:50:09.848 INFO:teuthology.orchestra.run.smithi026.stdout:/usr/bin/ceph: stderr
2024-04-26T01:50:09.086+0000 7fbade800700 1 --2- 172.21.15.26:0/2976858821 >> [v2:172.21.15.26:6800/3490463755,v1:172.21.15.26:6801/3490463755] conn(0x7fbabc0395b0 0x7fbabc03ba70 secure :-1 s=READY pgs=7 cs=0 l=1 rev1=1 crypto rx=0x7fbac4006fd0 tx=0x7fbac4006e40 comp rx=0 tx=0).stop
2024-04-26T01:50:09.848 INFO:teuthology.orchestra.run.smithi026.stdout:/usr/bin/ceph: stderr
2024-04-26T01:50:09.086+0000 7fbade800700 1 -- 172.21.15.26:0/2976858821 >> [v2:172.21.15.26:3300/0,v1:172.21.15.26:6789/0] conn(0x7fbad8108ec0 msgr2=0x7fbad8108740 secure :-1 s=STATE_CONNECTION_ESTABLISHED l=1).mark_down
2024-04-26T01:50:09.848 INFO:teuthology.orchestra.run.smithi026.stdout:/usr/bin/ceph: stderr
2024-04-26T01:50:09.086+0000 7fbade800700 1 --2- 172.21.15.26:0/2976858821 >> [v2:172.21.15.26:3300/0,v1:172.21.15.26:6789/0] conn(0x7fbad8108ec0 0x7fbad8108740 secure :-1 s=READY pgs=71 cs=0 l=1 rev1=1 crypto rx=0x7fbac80116e0 tx=0x7fbac8011aa0 comp rx=0 tx=0).stop
2024-04-26T01:50:09.849 INFO:teuthology.orchestra.run.smithi026.stdout:/usr/bin/ceph: stderr
2024-04-26T01:50:09.086+0000 7fbade800700 1 -- 172.21.15.26:0/2976858821 shutdown_connections
2024-04-26T01:50:09.849 INFO:teuthology.orchestra.run.smithi026.stdout:/usr/bin/ceph: stderr
2024-04-26T01:50:09.086+0000 7fbade800700 1 --2- 172.21.15.26:0/2976858821 >> [v2:172.21.15.26:6800/3490463755,v1:172.21.15.26:6801/3490463755] conn(0x7fbabc0395b0 0x7fbabc03ba70 unknown :-1 s=CLOSED pgs=7 cs=0 l=1 rev1=1 crypto rx=0 tx=0 comp rx=0 tx=0).stop
2024-04-26T01:50:09.849 INFO:teuthology.orchestra.run.smithi026.stdout:/usr/bin/ceph: stderr
2024-04-26T01:50:09.086+0000 7fbade800700 1 --2- 172.21.15.26:0/2976858821 >> [v2:172.21.15.26:3300/0,v1:172.21.15.26:6789/0] conn(0x7fbad8108ec0 0x7fbad8108740 unknown :-1 s=CLOSED pgs=71 cs=0 l=1 rev1=1 crypto rx=0 tx=0 comp rx=0 tx=0).stop
2024-04-26T01:50:09.849 INFO:teuthology.orchestra.run.smithi026.stdout:/usr/bin/ceph: stderr
2024-04-26T01:50:09.086+0000 7fbade800700 1 -- 172.21.15.26:0/2976858821 >> 172.21.15.26:0/2976858821 conn(0x7fbad8102910 msgr2=0x7fbad8103420 unknown :-1 s=STATE_NONE l=0).mark_down
2024-04-26T01:50:09.849 INFO:teuthology.orchestra.run.smithi026.stdout:/usr/bin/ceph: stderr
2024-04-26T01:50:09.086+0000 7fbade800700 1 -- 172.21.15.26:0/2976858821 shutdown_connections
2024-04-26T01:50:09.849 INFO:teuthology.orchestra.run.smithi026.stdout:/usr/bin/ceph: stderr
2024-04-26T01:50:09.086+0000 7fbade800700 1 -- 172.21.15.26:0/2976858821 wait complete.
2024-04-26T01:50:09.849 INFO:teuthology.orchestra.run.smithi026.stdout:Creating initial admin user...
2024-04-26T01:50:10.228 INFO:journalctl@ceph.mon.a.smithi026.stdout:Apr 26 01:50:10 smithi026 ceph-mon[28138]: from='client.14164 -' entity='client.admin' cmd=[{"prefix": "dashboard create-self-signed-cert", "target": ["mon-mgr", ""]}]: dispatch
2024-04-26T01:50:10.228 INFO:journalctl@ceph.mon.a.smithi026.stdout:Apr 26 01:50:10 smithi026 ceph-mon[28138]: from='mgr.14152 172.21.15.26:0/3320856160' entity='mgr.x'
2024-04-26T01:50:10.228 INFO:journalctl@ceph.mon.a.smithi026.stdout:Apr 26 01:50:10 smithi026 ceph-mon[28138]: from='mgr.14152 172.21.15.26:0/3320856160' entity='mgr.x'
2024-04-26T01:50:11.478 INFO:journalctl@ceph.mon.a.smithi026.stdout:Apr 26 01:50:11 smithi026 ceph-mon[28138]: from='mgr.14152 172.21.15.26:0/3320856160' entity='mgr.x'
2024-04-26T01:50:11.478 INFO:journalctl@ceph.mon.a.smithi026.stdout:Apr 26 01:50:11 smithi026 ceph-mon[28138]: from='mgr.14152 172.21.15.26:0/3320856160' entity='mgr.x'
2024-04-26T01:50:12.356 INFO:journalctl@ceph.mon.a.smithi026.stdout:Apr 26 01:50:12 smithi026 ceph-mon[28138]: from='client.14166 -' entity='client.admin' cmd=[{"prefix": "dashboard ac-user-create", "username": "admin", "rolename": "administrator", "force_password": true, "pwd_update_required": true, "target": ["mon-mgr", ""]}]: dispatch
2024-04-26T01:50:12.800 INFO:teuthology.orchestra.run.smithi026.stdout:/usr/bin/ceph: stdout {"username": "admin", "password": "$2b$12$b786iYZJPmQjQDO80MKmoOIUOaK8mB6yah8gpgnRD5by5MZTcyqOq", "roles": ["administrator"], "name": null, "email": null, "lastUpdate": 1714096211, "enabled": true, "pwdExpirationDate": null, "pwdUpdateRequired": true}
2024-04-26T01:50:12.801 INFO:teuthology.orchestra.run.smithi026.stdout:/usr/bin/ceph: stderr
2024-04-26T01:50:10.571+0000 7fb272600700 1 Processor -- start
2024-04-26T01:50:12.801 INFO:teuthology.orchestra.run.smithi026.stdout:/usr/bin/ceph: stderr
2024-04-26T01:50:10.571+0000 7fb272600700 1 -- start start
2024-04-26T01:50:12.801 INFO:teuthology.orchestra.run.smithi026.stdout:/usr/bin/ceph: stderr
2024-04-26T01:50:10.571+0000 7fb272600700 1 --2- >> [v2:172.21.15.26:3300/0,v1:172.21.15.26:6789/0] conn(0x7fb26c07dea0 0x7fb26c07c350 unknown :-1 s=NONE pgs=0 cs=0 l=0 rev1=0 crypto rx=0 tx=0 comp rx=0 tx=0).connect
2024-04-26T01:50:12.801 INFO:teuthology.orchestra.run.smithi026.stdout:/usr/bin/ceph: stderr
2024-04-26T01:50:10.571+0000 7fb272600700 1 -- --> [v2:172.21.15.26:3300/0,v1:172.21.15.26:6789/0] -- mon_getmap magic: 0 -- 0x7fb26c07c920 con 0x7fb26c07dea0
2024-04-26T01:50:12.801 INFO:teuthology.orchestra.run.smithi026.stdout:/usr/bin/ceph: stderr
2024-04-26T01:50:10.572+0000 7fb26b400700 1 --2- >> [v2:172.21.15.26:3300/0,v1:172.21.15.26:6789/0] conn(0x7fb26c07dea0 0x7fb26c07c350 unknown :-1 s=BANNER_CONNECTING pgs=0 cs=0 l=0 rev1=0 crypto rx=0 tx=0 comp rx=0 tx=0)._handle_peer_banner_payload supported=3 required=0
2024-04-26T01:50:12.801 INFO:teuthology.orchestra.run.smithi026.stdout:/usr/bin/ceph: stderr
2024-04-26T01:50:10.572+0000 7fb26b400700 1 --2- >> [v2:172.21.15.26:3300/0,v1:172.21.15.26:6789/0] conn(0x7fb26c07dea0 0x7fb26c07c350 unknown :-1 s=HELLO_CONNECTING pgs=0 cs=0 l=0 rev1=1 crypto rx=0 tx=0 comp rx=0 tx=0).handle_hello peer v2:172.21.15.26:3300/0 says I am v2:172.21.15.26:49568/0 (socket says 172.21.15.26:49568)
2024-04-26T01:50:12.803 INFO:teuthology.orchestra.run.smithi026.stdout:/usr/bin/ceph: stderr
2024-04-26T01:50:10.572+0000 7fb26b400700 1 -- 172.21.15.26:0/139285716 learned_addr learned my addr 172.21.15.26:0/139285716 (peer_addr_for_me v2:172.21.15.26:0/0)
2024-04-26T01:50:12.804 INFO:teuthology.orchestra.run.smithi026.stdout:/usr/bin/ceph: stderr
2024-04-26T01:50:10.573+0000 7fb26b400700 1 -- 172.21.15.26:0/139285716 --> [v2:172.21.15.26:3300/0,v1:172.21.15.26:6789/0] -- mon_subscribe({config=0+,monmap=0+}) -- 0x7fb26c07caa0 con 0x7fb26c07dea0
2024-04-26T01:50:12.804 INFO:teuthology.orchestra.run.smithi026.stdout:/usr/bin/ceph: stderr
2024-04-26T01:50:10.573+0000 7fb26b400700 1 --2- 172.21.15.26:0/139285716 >> [v2:172.21.15.26:3300/0,v1:172.21.15.26:6789/0] conn(0x7fb26c07dea0 0x7fb26c07c350 secure :-1 s=READY pgs=72 cs=0 l=1 rev1=1 crypto rx=0x7fb25c0098a0 tx=0x7fb25c009bb0 comp rx=0 tx=0).ready entity=mon.0 client_cookie=526d31d0340f3145 server_cookie=0 in_seq=0 out_seq=0
2024-04-26T01:50:12.804 INFO:teuthology.orchestra.run.smithi026.stdout:/usr/bin/ceph: stderr
2024-04-26T01:50:10.573+0000 7fb26aa00700 1 -- 172.21.15.26:0/139285716 <== mon.0 v2:172.21.15.26:3300/0 1 ==== mon_map magic: 0 ==== 205+0+0 (secure 0 0 0) 0x7fb25c004160 con 0x7fb26c07dea0
2024-04-26T01:50:12.804 INFO:teuthology.orchestra.run.smithi026.stdout:/usr/bin/ceph: stderr
2024-04-26T01:50:10.573+0000 7fb26aa00700 1 -- 172.21.15.26:0/139285716 <== mon.0 v2:172.21.15.26:3300/0 2 ==== config(26 keys) ==== 1101+0+0 (secure 0 0 0) 0x7fb25c004300 con 0x7fb26c07dea0
2024-04-26T01:50:12.804 INFO:teuthology.orchestra.run.smithi026.stdout:/usr/bin/ceph: stderr
2024-04-26T01:50:10.574+0000 7fb26aa00700 1 -- 172.21.15.26:0/139285716 <== mon.0 v2:172.21.15.26:3300/0 3 ==== mon_map magic: 0 ==== 205+0+0 (secure 0 0 0) 0x7fb25c011a20 con 0x7fb26c07dea0
2024-04-26T01:50:12.804 INFO:teuthology.orchestra.run.smithi026.stdout:/usr/bin/ceph: stderr
2024-04-26T01:50:10.574+0000 7fb272600700 1 -- 172.21.15.26:0/139285716 >> [v2:172.21.15.26:3300/0,v1:172.21.15.26:6789/0] conn(0x7fb26c07dea0 msgr2=0x7fb26c07c350 secure :-1 s=STATE_CONNECTION_ESTABLISHED l=1).mark_down
2024-04-26T01:50:12.804 INFO:teuthology.orchestra.run.smithi026.stdout:/usr/bin/ceph: stderr
2024-04-26T01:50:10.574+0000 7fb272600700 1 --2- 172.21.15.26:0/139285716 >> [v2:172.21.15.26:3300/0,v1:172.21.15.26:6789/0] conn(0x7fb26c07dea0 0x7fb26c07c350 secure :-1 s=READY pgs=72 cs=0 l=1 rev1=1 crypto rx=0x7fb25c0098a0 tx=0x7fb25c009bb0 comp rx=0 tx=0).stop
2024-04-26T01:50:12.804 INFO:teuthology.orchestra.run.smithi026.stdout:/usr/bin/ceph: stderr
2024-04-26T01:50:10.575+0000 7fb272600700 1 -- 172.21.15.26:0/139285716 shutdown_connections
2024-04-26T01:50:12.804 INFO:teuthology.orchestra.run.smithi026.stdout:/usr/bin/ceph: stderr
2024-04-26T01:50:10.575+0000 7fb272600700 1 --2- 172.21.15.26:0/139285716 >> [v2:172.21.15.26:3300/0,v1:172.21.15.26:6789/0] conn(0x7fb26c07dea0 0x7fb26c07c350 unknown :-1 s=CLOSED pgs=72 cs=0 l=1 rev1=1 crypto rx=0 tx=0 comp rx=0 tx=0).stop
2024-04-26T01:50:12.804 INFO:teuthology.orchestra.run.smithi026.stdout:/usr/bin/ceph: stderr
2024-04-26T01:50:10.575+0000 7fb272600700 1 -- 172.21.15.26:0/139285716 >> 172.21.15.26:0/139285716 conn(0x7fb26c103a40 msgr2=0x7fb26c105e60 unknown :-1 s=STATE_NONE l=0).mark_down
2024-04-26T01:50:12.804 INFO:teuthology.orchestra.run.smithi026.stdout:/usr/bin/ceph: stderr
2024-04-26T01:50:10.575+0000 7fb272600700 1 -- 172.21.15.26:0/139285716 shutdown_connections
2024-04-26T01:50:12.804 INFO:teuthology.orchestra.run.smithi026.stdout:/usr/bin/ceph: stderr
2024-04-26T01:50:10.575+0000 7fb272600700 1 -- 172.21.15.26:0/139285716 wait complete.
2024-04-26T01:50:12.804 INFO:teuthology.orchestra.run.smithi026.stdout:/usr/bin/ceph: stderr
2024-04-26T01:50:10.576+0000 7fb272600700 1 Processor -- start
2024-04-26T01:50:12.805 INFO:teuthology.orchestra.run.smithi026.stdout:/usr/bin/ceph: stderr
2024-04-26T01:50:10.576+0000 7fb272600700 1 -- start start
2024-04-26T01:50:12.805 INFO:teuthology.orchestra.run.smithi026.stdout:/usr/bin/ceph: stderr
2024-04-26T01:50:10.576+0000 7fb272600700 1 --2- >> [v2:172.21.15.26:3300/0,v1:172.21.15.26:6789/0] conn(0x7fb26c07dea0 0x7fb26c1a28d0 unknown :-1 s=NONE pgs=0 cs=0 l=1 rev1=0 crypto rx=0 tx=0 comp rx=0 tx=0).connect
2024-04-26T01:50:12.805 INFO:teuthology.orchestra.run.smithi026.stdout:/usr/bin/ceph: stderr
2024-04-26T01:50:10.576+0000 7fb272600700 1 -- --> [v2:172.21.15.26:3300/0,v1:172.21.15.26:6789/0] -- mon_getmap magic: 0 -- 0x7fb26c10a5d0 con 0x7fb26c07dea0
2024-04-26T01:50:12.805 INFO:teuthology.orchestra.run.smithi026.stdout:/usr/bin/ceph: stderr
2024-04-26T01:50:10.577+0000 7fb26b400700 1 --2- >> [v2:172.21.15.26:3300/0,v1:172.21.15.26:6789/0] conn(0x7fb26c07dea0 0x7fb26c1a28d0 unknown :-1 s=BANNER_CONNECTING pgs=0 cs=0 l=1 rev1=0 crypto rx=0 tx=0 comp rx=0 tx=0)._handle_peer_banner_payload supported=3 required=0
2024-04-26T01:50:12.805 INFO:teuthology.orchestra.run.smithi026.stdout:/usr/bin/ceph: stderr
2024-04-26T01:50:10.577+0000 7fb26b400700 1 --2- >> [v2:172.21.15.26:3300/0,v1:172.21.15.26:6789/0] conn(0x7fb26c07dea0 0x7fb26c1a28d0 unknown :-1 s=HELLO_CONNECTING pgs=0 cs=0 l=1 rev1=1 crypto rx=0 tx=0 comp rx=0 tx=0).handle_hello peer v2:172.21.15.26:3300/0 says I am v2:172.21.15.26:49572/0 (socket says 172.21.15.26:49572)
2024-04-26T01:50:12.808 INFO:teuthology.orchestra.run.smithi026.stdout:/usr/bin/ceph: stderr
2024-04-26T01:50:10.577+0000 7fb26b400700 1 -- 172.21.15.26:0/3826201611 learned_addr learned my addr 172.21.15.26:0/3826201611 (peer_addr_for_me v2:172.21.15.26:0/0)
2024-04-26T01:50:12.808 INFO:teuthology.orchestra.run.smithi026.stdout:/usr/bin/ceph: stderr
2024-04-26T01:50:10.577+0000 7fb26b400700 1 -- 172.21.15.26:0/3826201611 --> [v2:172.21.15.26:3300/0,v1:172.21.15.26:6789/0] -- mon_subscribe({config=0+,monmap=0+}) -- 0x7fb26c1a2e10 con 0x7fb26c07dea0
2024-04-26T01:50:12.808 INFO:teuthology.orchestra.run.smithi026.stdout:/usr/bin/ceph: stderr
2024-04-26T01:50:10.578+0000 7fb26b400700 1 --2- 172.21.15.26:0/3826201611 >> [v2:172.21.15.26:3300/0,v1:172.21.15.26:6789/0] conn(0x7fb26c07dea0 0x7fb26c1a28d0 secure :-1 s=READY pgs=73 cs=0 l=1 rev1=1 crypto rx=0x7fb25c000c00 tx=0x7fb25c011aa0 comp rx=0 tx=0).ready entity=mon.0 client_cookie=0 server_cookie=0 in_seq=0 out_seq=0
2024-04-26T01:50:12.808 INFO:teuthology.orchestra.run.smithi026.stdout:/usr/bin/ceph: stderr
2024-04-26T01:50:10.578+0000 7fb268c00700 1 -- 172.21.15.26:0/3826201611 <== mon.0 v2:172.21.15.26:3300/0 1 ==== mon_map magic: 0 ==== 205+0+0 (secure 0 0 0) 0x7fb25c003aa0 con 0x7fb26c07dea0
2024-04-26T01:50:12.808 INFO:teuthology.orchestra.run.smithi026.stdout:/usr/bin/ceph: stderr
2024-04-26T01:50:10.578+0000 7fb268c00700 1 -- 172.21.15.26:0/3826201611 <== mon.0 v2:172.21.15.26:3300/0 2 ==== config(26 keys) ==== 1101+0+0 (secure 0 0 0) 0x7fb25c01b8f0 con 0x7fb26c07dea0
2024-04-26T01:50:12.808 INFO:teuthology.orchestra.run.smithi026.stdout:/usr/bin/ceph: stderr
2024-04-26T01:50:10.578+0000 7fb272600700 1 -- 172.21.15.26:0/3826201611 --> [v2:172.21.15.26:3300/0,v1:172.21.15.26:6789/0] -- mon_subscribe({mgrmap=0+}) -- 0x7fb26c1a30a0 con 0x7fb26c07dea0
2024-04-26T01:50:12.808 INFO:teuthology.orchestra.run.smithi026.stdout:/usr/bin/ceph: stderr
2024-04-26T01:50:10.578+0000 7fb268c00700 1 -- 172.21.15.26:0/3826201611 <== mon.0 v2:172.21.15.26:3300/0 3 ==== mon_map magic: 0 ==== 205+0+0 (secure 0 0 0) 0x7fb25c023870 con 0x7fb26c07dea0
2024-04-26T01:50:12.808 INFO:teuthology.orchestra.run.smithi026.stdout:/usr/bin/ceph: stderr
2024-04-26T01:50:10.578+0000 7fb272600700 1 -- 172.21.15.26:0/3826201611 --> [v2:172.21.15.26:3300/0,v1:172.21.15.26:6789/0] -- mon_subscribe({osdmap=0}) -- 0x7fb26c1a5d90 con 0x7fb26c07dea0
2024-04-26T01:50:12.808 INFO:teuthology.orchestra.run.smithi026.stdout:/usr/bin/ceph: stderr
2024-04-26T01:50:10.580+0000 7fb272600700 1 -- 172.21.15.26:0/3826201611 --> [v2:172.21.15.26:3300/0,v1:172.21.15.26:6789/0] -- mon_command({"prefix": "get_command_descriptions"} v 0) -- 0x7fb26c0640a0 con 0x7fb26c07dea0
2024-04-26T01:50:12.809 INFO:teuthology.orchestra.run.smithi026.stdout:/usr/bin/ceph: stderr
2024-04-26T01:50:10.580+0000 7fb268c00700 1 -- 172.21.15.26:0/3826201611 <== mon.0 v2:172.21.15.26:3300/0 4 ==== mgrmap(e 12) ==== 46571+0+0 (secure 0 0 0) 0x7fb25c01b440 con 0x7fb26c07dea0
2024-04-26T01:50:12.809 INFO:teuthology.orchestra.run.smithi026.stdout:/usr/bin/ceph: stderr
2024-04-26T01:50:10.581+0000 7fb268c00700 1 --2- 172.21.15.26:0/3826201611 >> [v2:172.21.15.26:6800/3490463755,v1:172.21.15.26:6801/3490463755] conn(0x7fb250039660 0x7fb25003bb20 unknown :-1 s=NONE pgs=0 cs=0 l=1 rev1=0 crypto rx=0 tx=0 comp rx=0 tx=0).connect
2024-04-26T01:50:12.809 INFO:teuthology.orchestra.run.smithi026.stdout:/usr/bin/ceph: stderr
2024-04-26T01:50:10.581+0000 7fb268c00700 1 -- 172.21.15.26:0/3826201611 <== mon.0 v2:172.21.15.26:3300/0 5 ==== osd_map(3..3 src has 1..3) ==== 1155+0+0 (secure 0 0 0) 0x7fb25c04dfe0 con 0x7fb26c07dea0
2024-04-26T01:50:12.809 INFO:teuthology.orchestra.run.smithi026.stdout:/usr/bin/ceph: stderr
2024-04-26T01:50:10.581+0000 7fb263e00700 1 --2- 172.21.15.26:0/3826201611 >> [v2:172.21.15.26:6800/3490463755,v1:172.21.15.26:6801/3490463755] conn(0x7fb250039660 0x7fb25003bb20 unknown :-1 s=BANNER_CONNECTING pgs=0 cs=0 l=1 rev1=0 crypto rx=0 tx=0 comp rx=0 tx=0)._handle_peer_banner_payload supported=3 required=0
2024-04-26T01:50:12.809 INFO:teuthology.orchestra.run.smithi026.stdout:/usr/bin/ceph: stderr
2024-04-26T01:50:10.582+0000 7fb263e00700 1 --2- 172.21.15.26:0/3826201611 >> [v2:172.21.15.26:6800/3490463755,v1:172.21.15.26:6801/3490463755] conn(0x7fb250039660 0x7fb25003bb20 secure :-1 s=READY pgs=8 cs=0 l=1 rev1=1 crypto rx=0x7fb254006fd0 tx=0x7fb254006e40 comp rx=0 tx=0).ready entity=mgr.14152 client_cookie=0 server_cookie=0 in_seq=0 out_seq=0
2024-04-26T01:50:12.809 INFO:teuthology.orchestra.run.smithi026.stdout:/usr/bin/ceph: stderr
2024-04-26T01:50:10.592+0000 7fb268c00700 1 -- 172.21.15.26:0/3826201611 <== mon.0 v2:172.21.15.26:3300/0 6 ==== mon_command_ack([{"prefix": "get_command_descriptions"}]=0 v0) ==== 72+0+188370 (secure 0 0 0) 0x7fb25c01f030 con 0x7fb26c07dea0
2024-04-26T01:50:12.809 INFO:teuthology.orchestra.run.smithi026.stdout:/usr/bin/ceph: stderr
