2024-04-26T11:16:05.576+0000 7f3a17400700 1 -- 172.21.15.44:0/3743509309 <== mon.0 v2:172.21.15.44:3300/0 2 ==== config(26 keys) ==== 1070+0+0 (secure 0 0 0) 0x7f3a0c004300 con 0x7f3a18108d00
2024-04-26T11:16:06.738 INFO:teuthology.orchestra.run.smithi044.stdout:/usr/bin/ceph: stderr
2024-04-26T11:16:05.576+0000 7f3a17400700 1 -- 172.21.15.44:0/3743509309 <== mon.0 v2:172.21.15.44:3300/0 3 ==== mon_map magic: 0 ==== 205+0+0 (secure 0 0 0) 0x7f3a0c011af0 con 0x7f3a18108d00
2024-04-26T11:16:06.738 INFO:teuthology.orchestra.run.smithi044.stdout:/usr/bin/ceph: stderr
2024-04-26T11:16:05.577+0000 7f3a1e400700 1 -- 172.21.15.44:0/3743509309 >> [v2:172.21.15.44:3300/0,v1:172.21.15.44:6789/0] conn(0x7f3a18108d00 msgr2=0x7f3a18109120 secure :-1 s=STATE_CONNECTION_ESTABLISHED l=1).mark_down
2024-04-26T11:16:06.738 INFO:teuthology.orchestra.run.smithi044.stdout:/usr/bin/ceph: stderr
2024-04-26T11:16:05.577+0000 7f3a1e400700 1 --2- 172.21.15.44:0/3743509309 >> [v2:172.21.15.44:3300/0,v1:172.21.15.44:6789/0] conn(0x7f3a18108d00 0x7f3a18109120 secure :-1 s=READY pgs=18 cs=0 l=1 rev1=1 crypto rx=0x7f3a0c0098a0 tx=0x7f3a0c009bb0 comp rx=0 tx=0).stop
2024-04-26T11:16:06.738 INFO:teuthology.orchestra.run.smithi044.stdout:/usr/bin/ceph: stderr
2024-04-26T11:16:05.577+0000 7f3a1e400700 1 -- 172.21.15.44:0/3743509309 shutdown_connections
2024-04-26T11:16:06.738 INFO:teuthology.orchestra.run.smithi044.stdout:/usr/bin/ceph: stderr
2024-04-26T11:16:05.577+0000 7f3a1e400700 1 --2- 172.21.15.44:0/3743509309 >> [v2:172.21.15.44:3300/0,v1:172.21.15.44:6789/0] conn(0x7f3a18108d00 0x7f3a18109120 unknown :-1 s=CLOSED pgs=18 cs=0 l=1 rev1=1 crypto rx=0 tx=0 comp rx=0 tx=0).stop
2024-04-26T11:16:06.738 INFO:teuthology.orchestra.run.smithi044.stdout:/usr/bin/ceph: stderr
2024-04-26T11:16:05.577+0000 7f3a1e400700 1 -- 172.21.15.44:0/3743509309 >> 172.21.15.44:0/3743509309 conn(0x7f3a18104300 msgr2=0x7f3a18106720 unknown :-1 s=STATE_NONE l=0).mark_down
2024-04-26T11:16:06.738 INFO:teuthology.orchestra.run.smithi044.stdout:/usr/bin/ceph: stderr
2024-04-26T11:16:05.577+0000 7f3a1e400700 1 -- 172.21.15.44:0/3743509309 shutdown_connections
2024-04-26T11:16:06.738 INFO:teuthology.orchestra.run.smithi044.stdout:/usr/bin/ceph: stderr
2024-04-26T11:16:05.577+0000 7f3a1e400700 1 -- 172.21.15.44:0/3743509309 wait complete.
2024-04-26T11:16:06.738 INFO:teuthology.orchestra.run.smithi044.stdout:/usr/bin/ceph: stderr
2024-04-26T11:16:05.578+0000 7f3a1e400700 1 Processor -- start
2024-04-26T11:16:06.738 INFO:teuthology.orchestra.run.smithi044.stdout:/usr/bin/ceph: stderr
2024-04-26T11:16:05.578+0000 7f3a1e400700 1 -- start start
2024-04-26T11:16:06.738 INFO:teuthology.orchestra.run.smithi044.stdout:/usr/bin/ceph: stderr
2024-04-26T11:16:05.579+0000 7f3a1e400700 1 --2- >> [v2:172.21.15.44:3300/0,v1:172.21.15.44:6789/0] conn(0x7f3a18108d00 0x7f3a1819ee10 unknown :-1 s=NONE pgs=0 cs=0 l=1 rev1=0 crypto rx=0 tx=0 comp rx=0 tx=0).connect
2024-04-26T11:16:06.738 INFO:teuthology.orchestra.run.smithi044.stdout:/usr/bin/ceph: stderr
2024-04-26T11:16:05.579+0000 7f3a1e400700 1 -- --> [v2:172.21.15.44:3300/0,v1:172.21.15.44:6789/0] -- mon_getmap magic: 0 -- 0x7f3a1810d210 con 0x7f3a18108d00
2024-04-26T11:16:06.739 INFO:teuthology.orchestra.run.smithi044.stdout:/usr/bin/ceph: stderr
2024-04-26T11:16:05.579+0000 7f3a1d000700 1 --2- >> [v2:172.21.15.44:3300/0,v1:172.21.15.44:6789/0] conn(0x7f3a18108d00 0x7f3a1819ee10 unknown :-1 s=BANNER_CONNECTING pgs=0 cs=0 l=1 rev1=0 crypto rx=0 tx=0 comp rx=0 tx=0)._handle_peer_banner_payload supported=3 required=0
2024-04-26T11:16:06.739 INFO:teuthology.orchestra.run.smithi044.stdout:/usr/bin/ceph: stderr
2024-04-26T11:16:05.579+0000 7f3a1d000700 1 --2- >> [v2:172.21.15.44:3300/0,v1:172.21.15.44:6789/0] conn(0x7f3a18108d00 0x7f3a1819ee10 unknown :-1 s=HELLO_CONNECTING pgs=0 cs=0 l=1 rev1=1 crypto rx=0 tx=0 comp rx=0 tx=0).handle_hello peer v2:172.21.15.44:3300/0 says I am v2:172.21.15.44:50374/0 (socket says 172.21.15.44:50374)
2024-04-26T11:16:06.739 INFO:teuthology.orchestra.run.smithi044.stdout:/usr/bin/ceph: stderr
2024-04-26T11:16:05.579+0000 7f3a1d000700 1 -- 172.21.15.44:0/548451552 learned_addr learned my addr 172.21.15.44:0/548451552 (peer_addr_for_me v2:172.21.15.44:0/0)
2024-04-26T11:16:06.739 INFO:teuthology.orchestra.run.smithi044.stdout:/usr/bin/ceph: stderr
2024-04-26T11:16:05.579+0000 7f3a1d000700 1 -- 172.21.15.44:0/548451552 --> [v2:172.21.15.44:3300/0,v1:172.21.15.44:6789/0] -- mon_subscribe({config=0+,monmap=0+}) -- 0x7f3a1819f350 con 0x7f3a18108d00
2024-04-26T11:16:06.739 INFO:teuthology.orchestra.run.smithi044.stdout:/usr/bin/ceph: stderr
2024-04-26T11:16:05.580+0000 7f3a1d000700 1 --2- 172.21.15.44:0/548451552 >> [v2:172.21.15.44:3300/0,v1:172.21.15.44:6789/0] conn(0x7f3a18108d00 0x7f3a1819ee10 secure :-1 s=READY pgs=19 cs=0 l=1 rev1=1 crypto rx=0x7f3a0c003f40 tx=0x7f3a0c011890 comp rx=0 tx=0).ready entity=mon.0 client_cookie=0 server_cookie=0 in_seq=0 out_seq=0
2024-04-26T11:16:06.739 INFO:teuthology.orchestra.run.smithi044.stdout:/usr/bin/ceph: stderr
2024-04-26T11:16:05.580+0000 7f3a15600700 1 -- 172.21.15.44:0/548451552 <== mon.0 v2:172.21.15.44:3300/0 1 ==== mon_map magic: 0 ==== 205+0+0 (secure 0 0 0) 0x7f3a0c0038b0 con 0x7f3a18108d00
2024-04-26T11:16:06.739 INFO:teuthology.orchestra.run.smithi044.stdout:/usr/bin/ceph: stderr
2024-04-26T11:16:05.580+0000 7f3a15600700 1 -- 172.21.15.44:0/548451552 <== mon.0 v2:172.21.15.44:3300/0 2 ==== config(26 keys) ==== 1070+0+0 (secure 0 0 0) 0x7f3a0c003a50 con 0x7f3a18108d00
2024-04-26T11:16:06.739 INFO:teuthology.orchestra.run.smithi044.stdout:/usr/bin/ceph: stderr
2024-04-26T11:16:05.580+0000 7f3a1e400700 1 -- 172.21.15.44:0/548451552 --> [v2:172.21.15.44:3300/0,v1:172.21.15.44:6789/0] -- mon_subscribe({mgrmap=0+}) -- 0x7f3a1819f5e0 con 0x7f3a18108d00
2024-04-26T11:16:06.739 INFO:teuthology.orchestra.run.smithi044.stdout:/usr/bin/ceph: stderr
2024-04-26T11:16:05.580+0000 7f3a15600700 1 -- 172.21.15.44:0/548451552 <== mon.0 v2:172.21.15.44:3300/0 3 ==== mon_map magic: 0 ==== 205+0+0 (secure 0 0 0) 0x7f3a0c01a5c0 con 0x7f3a18108d00
2024-04-26T11:16:06.739 INFO:teuthology.orchestra.run.smithi044.stdout:/usr/bin/ceph: stderr
2024-04-26T11:16:05.580+0000 7f3a1e400700 1 -- 172.21.15.44:0/548451552 --> [v2:172.21.15.44:3300/0,v1:172.21.15.44:6789/0] -- mon_subscribe({osdmap=0}) -- 0x7f3a181a22d0 con 0x7f3a18108d00
2024-04-26T11:16:06.739 INFO:teuthology.orchestra.run.smithi044.stdout:/usr/bin/ceph: stderr
2024-04-26T11:16:05.581+0000 7f3a15600700 1 -- 172.21.15.44:0/548451552 <== mon.0 v2:172.21.15.44:3300/0 4 ==== mgrmap(e 3) ==== 46441+0+0 (secure 0 0 0) 0x7f3a0c024430 con 0x7f3a18108d00
2024-04-26T11:16:06.739 INFO:teuthology.orchestra.run.smithi044.stdout:/usr/bin/ceph: stderr
2024-04-26T11:16:05.581+0000 7f3a1e400700 1 -- 172.21.15.44:0/548451552 --> [v2:172.21.15.44:3300/0,v1:172.21.15.44:6789/0] -- mon_command({"prefix": "get_command_descriptions"} v 0) -- 0x7f3a1806a560 con 0x7f3a18108d00
2024-04-26T11:16:06.739 INFO:teuthology.orchestra.run.smithi044.stdout:/usr/bin/ceph: stderr
2024-04-26T11:16:05.582+0000 7f3a15600700 1 --2- 172.21.15.44:0/548451552 >> [v2:172.21.15.44:6800/420582527,v1:172.21.15.44:6801/420582527] conn(0x7f3a000394a0 0x7f3a0003b960 unknown :-1 s=NONE pgs=0 cs=0 l=1 rev1=0 crypto rx=0 tx=0 comp rx=0 tx=0).connect
2024-04-26T11:16:06.739 INFO:teuthology.orchestra.run.smithi044.stdout:/usr/bin/ceph: stderr
2024-04-26T11:16:05.582+0000 7f3a15600700 1 -- 172.21.15.44:0/548451552 <== mon.0 v2:172.21.15.44:3300/0 5 ==== osd_map(1..1 src has 1..1) ==== 725+0+0 (secure 0 0 0) 0x7f3a0c04d820 con 0x7f3a18108d00
2024-04-26T11:16:06.740 INFO:teuthology.orchestra.run.smithi044.stdout:/usr/bin/ceph: stderr
2024-04-26T11:16:05.583+0000 7f3a17e00700 1 --2- 172.21.15.44:0/548451552 >> [v2:172.21.15.44:6800/420582527,v1:172.21.15.44:6801/420582527] conn(0x7f3a000394a0 0x7f3a0003b960 unknown :-1 s=BANNER_CONNECTING pgs=0 cs=0 l=1 rev1=0 crypto rx=0 tx=0 comp rx=0 tx=0)._handle_peer_banner_payload supported=3 required=0
2024-04-26T11:16:06.740 INFO:teuthology.orchestra.run.smithi044.stdout:/usr/bin/ceph: stderr
2024-04-26T11:16:05.583+0000 7f3a17e00700 1 --2- 172.21.15.44:0/548451552 >> [v2:172.21.15.44:6800/420582527,v1:172.21.15.44:6801/420582527] conn(0x7f3a000394a0 0x7f3a0003b960 secure :-1 s=READY pgs=6 cs=0 l=1 rev1=1 crypto rx=0x7f3a04006fd0 tx=0x7f3a04006e40 comp rx=0 tx=0).ready entity=mgr.14100 client_cookie=0 server_cookie=0 in_seq=0 out_seq=0
2024-04-26T11:16:06.740 INFO:teuthology.orchestra.run.smithi044.stdout:/usr/bin/ceph: stderr
2024-04-26T11:16:05.588+0000 7f3a15600700 1 -- 172.21.15.44:0/548451552 <== mon.0 v2:172.21.15.44:3300/0 6 ==== mon_command_ack([{"prefix": "get_command_descriptions"}]=0 v0) ==== 72+0+188370 (secure 0 0 0) 0x7f3a0c02d910 con 0x7f3a18108d00
2024-04-26T11:16:06.740 INFO:teuthology.orchestra.run.smithi044.stdout:/usr/bin/ceph: stderr
2024-04-26T11:16:05.778+0000 7f3a15600700 1 -- 172.21.15.44:0/548451552 <== mon.0 v2:172.21.15.44:3300/0 7 ==== mgrmap(e 4) ==== 46547+0+0 (secure 0 0 0) 0x7f3a0c02d3f0 con 0x7f3a18108d00
2024-04-26T11:16:06.740 INFO:teuthology.orchestra.run.smithi044.stdout:/usr/bin/ceph: stderr
2024-04-26T11:16:05.906+0000 7f3a1e400700 1 -- 172.21.15.44:0/548451552 --> [v2:172.21.15.44:3300/0,v1:172.21.15.44:6789/0] -- mon_command({"prefix": "status", "format": "json-pretty"} v 0) -- 0x7f3a181a24a0 con 0x7f3a18108d00
2024-04-26T11:16:06.740 INFO:teuthology.orchestra.run.smithi044.stdout:/usr/bin/ceph: stderr
2024-04-26T11:16:05.907+0000 7f3a15600700 1 -- 172.21.15.44:0/548451552 <== mon.0 v2:172.21.15.44:3300/0 8 ==== mon_command_ack([{"prefix": "status", "format": "json-pretty"}]=0 v0) ==== 79+0+1239 (secure 0 0 0) 0x7f3a181a24a0 con 0x7f3a18108d00
2024-04-26T11:16:06.740 INFO:teuthology.orchestra.run.smithi044.stdout:/usr/bin/ceph: stderr
2024-04-26T11:16:05.910+0000 7f3a1e400700 1 -- 172.21.15.44:0/548451552 >> [v2:172.21.15.44:6800/420582527,v1:172.21.15.44:6801/420582527] conn(0x7f3a000394a0 msgr2=0x7f3a0003b960 secure :-1 s=STATE_CONNECTION_ESTABLISHED l=1).mark_down
2024-04-26T11:16:06.740 INFO:teuthology.orchestra.run.smithi044.stdout:/usr/bin/ceph: stderr
2024-04-26T11:16:05.910+0000 7f3a1e400700 1 --2- 172.21.15.44:0/548451552 >> [v2:172.21.15.44:6800/420582527,v1:172.21.15.44:6801/420582527] conn(0x7f3a000394a0 0x7f3a0003b960 secure :-1 s=READY pgs=6 cs=0 l=1 rev1=1 crypto rx=0x7f3a04006fd0 tx=0x7f3a04006e40 comp rx=0 tx=0).stop
2024-04-26T11:16:06.740 INFO:teuthology.orchestra.run.smithi044.stdout:/usr/bin/ceph: stderr
2024-04-26T11:16:05.910+0000 7f3a1e400700 1 -- 172.21.15.44:0/548451552 >> [v2:172.21.15.44:3300/0,v1:172.21.15.44:6789/0] conn(0x7f3a18108d00 msgr2=0x7f3a1819ee10 secure :-1 s=STATE_CONNECTION_ESTABLISHED l=1).mark_down
2024-04-26T11:16:06.740 INFO:teuthology.orchestra.run.smithi044.stdout:/usr/bin/ceph: stderr
2024-04-26T11:16:05.910+0000 7f3a1e400700 1 --2- 172.21.15.44:0/548451552 >> [v2:172.21.15.44:3300/0,v1:172.21.15.44:6789/0] conn(0x7f3a18108d00 0x7f3a1819ee10 secure :-1 s=READY pgs=19 cs=0 l=1 rev1=1 crypto rx=0x7f3a0c003f40 tx=0x7f3a0c011890 comp rx=0 tx=0).stop
2024-04-26T11:16:06.740 INFO:teuthology.orchestra.run.smithi044.stdout:/usr/bin/ceph: stderr
2024-04-26T11:16:05.910+0000 7f3a1e400700 1 -- 172.21.15.44:0/548451552 shutdown_connections
2024-04-26T11:16:06.740 INFO:teuthology.orchestra.run.smithi044.stdout:/usr/bin/ceph: stderr
2024-04-26T11:16:05.910+0000 7f3a1e400700 1 --2- 172.21.15.44:0/548451552 >> [v2:172.21.15.44:6800/420582527,v1:172.21.15.44:6801/420582527] conn(0x7f3a000394a0 0x7f3a0003b960 unknown :-1 s=CLOSED pgs=6 cs=0 l=1 rev1=1 crypto rx=0 tx=0 comp rx=0 tx=0).stop
2024-04-26T11:16:06.740 INFO:teuthology.orchestra.run.smithi044.stdout:/usr/bin/ceph: stderr
2024-04-26T11:16:05.910+0000 7f3a1e400700 1 --2- 172.21.15.44:0/548451552 >> [v2:172.21.15.44:3300/0,v1:172.21.15.44:6789/0] conn(0x7f3a18108d00 0x7f3a1819ee10 unknown :-1 s=CLOSED pgs=19 cs=0 l=1 rev1=1 crypto rx=0 tx=0 comp rx=0 tx=0).stop
2024-04-26T11:16:06.740 INFO:teuthology.orchestra.run.smithi044.stdout:/usr/bin/ceph: stderr
2024-04-26T11:16:05.910+0000 7f3a1e400700 1 -- 172.21.15.44:0/548451552 >> 172.21.15.44:0/548451552 conn(0x7f3a18104300 msgr2=0x7f3a18104e70 unknown :-1 s=STATE_NONE l=0).mark_down
2024-04-26T11:16:06.741 INFO:teuthology.orchestra.run.smithi044.stdout:/usr/bin/ceph: stderr
2024-04-26T11:16:05.911+0000 7f3a1e400700 1 -- 172.21.15.44:0/548451552 shutdown_connections
2024-04-26T11:16:06.741 INFO:teuthology.orchestra.run.smithi044.stdout:/usr/bin/ceph: stderr
2024-04-26T11:16:05.911+0000 7f3a1e400700 1 -- 172.21.15.44:0/548451552 wait complete.
2024-04-26T11:16:06.741 INFO:teuthology.orchestra.run.smithi044.stdout:mgr is available
2024-04-26T11:16:07.081 INFO:journalctl@ceph.mon.a.smithi044.stdout:Apr 26 11:16:06 smithi044 ceph-mon[27763]: mgrmap e4: x(active, since 2s)
2024-04-26T11:16:07.081 INFO:journalctl@ceph.mon.a.smithi044.stdout:Apr 26 11:16:06 smithi044 ceph-mon[27763]: from='client.? 172.21.15.44:0/548451552' entity='client.admin' cmd=[{"prefix": "status", "format": "json-pretty"}]: dispatch
2024-04-26T11:16:07.984 INFO:journalctl@ceph.mon.a.smithi044.stdout:Apr 26 11:16:07 smithi044 ceph-mon[27763]: from='client.? 172.21.15.44:0/2700711566' entity='client.admin' cmd=[{"prefix": "config assimilate-conf"}]: dispatch
2024-04-26T11:16:08.278 INFO:teuthology.orchestra.run.smithi044.stdout:/usr/bin/ceph: stdout
2024-04-26T11:16:08.278 INFO:teuthology.orchestra.run.smithi044.stdout:/usr/bin/ceph: stdout [global]
2024-04-26T11:16:08.279 INFO:teuthology.orchestra.run.smithi044.stdout:/usr/bin/ceph: stdout fsid = 214e0844-03be-11ef-bc93-c7b262605968
2024-04-26T11:16:08.279 INFO:teuthology.orchestra.run.smithi044.stdout:/usr/bin/ceph: stdout mon_cluster_log_file_level = debug
2024-04-26T11:16:08.279 INFO:teuthology.orchestra.run.smithi044.stdout:/usr/bin/ceph: stdout mon_osd_allow_pg_remap = true
2024-04-26T11:16:08.279 INFO:teuthology.orchestra.run.smithi044.stdout:/usr/bin/ceph: stdout mon_osd_allow_primary_affinity = true
2024-04-26T11:16:08.279 INFO:teuthology.orchestra.run.smithi044.stdout:/usr/bin/ceph: stdout mon_warn_on_no_sortbitwise = false
2024-04-26T11:16:08.279 INFO:teuthology.orchestra.run.smithi044.stdout:/usr/bin/ceph: stdout osd_crush_chooseleaf_type = 0
2024-04-26T11:16:08.279 INFO:teuthology.orchestra.run.smithi044.stdout:/usr/bin/ceph: stdout
2024-04-26T11:16:08.279 INFO:teuthology.orchestra.run.smithi044.stdout:/usr/bin/ceph: stdout [mgr]
2024-04-26T11:16:08.279 INFO:teuthology.orchestra.run.smithi044.stdout:/usr/bin/ceph: stdout mgr/telemetry/nag = false
2024-04-26T11:16:08.279 INFO:teuthology.orchestra.run.smithi044.stdout:/usr/bin/ceph: stdout
2024-04-26T11:16:08.279 INFO:teuthology.orchestra.run.smithi044.stdout:/usr/bin/ceph: stdout [osd]
2024-04-26T11:16:08.279 INFO:teuthology.orchestra.run.smithi044.stdout:/usr/bin/ceph: stdout bdev_async_discard = True
2024-04-26T11:16:08.279 INFO:teuthology.orchestra.run.smithi044.stdout:/usr/bin/ceph: stdout mon_osd_backfillfull_ratio = 0.85
2024-04-26T11:16:08.279 INFO:teuthology.orchestra.run.smithi044.stdout:/usr/bin/ceph: stdout mon_osd_full_ratio = 0.9
2024-04-26T11:16:08.280 INFO:teuthology.orchestra.run.smithi044.stdout:/usr/bin/ceph: stdout mon_osd_nearfull_ratio = 0.8
2024-04-26T11:16:08.280 INFO:teuthology.orchestra.run.smithi044.stdout:/usr/bin/ceph: stdout osd_map_max_advance = 10
2024-04-26T11:16:08.280 INFO:teuthology.orchestra.run.smithi044.stdout:/usr/bin/ceph: stdout osd_sloppy_crc = true
2024-04-26T11:16:08.280 INFO:teuthology.orchestra.run.smithi044.stdout:/usr/bin/ceph: stderr
2024-04-26T11:16:07.378+0000 7f440ec00700 1 Processor -- start
2024-04-26T11:16:08.280 INFO:teuthology.orchestra.run.smithi044.stdout:/usr/bin/ceph: stderr
2024-04-26T11:16:07.378+0000 7f440ec00700 1 -- start start
2024-04-26T11:16:08.280 INFO:teuthology.orchestra.run.smithi044.stdout:/usr/bin/ceph: stderr
2024-04-26T11:16:07.379+0000 7f440ec00700 1 --2- >> [v2:172.21.15.44:3300/0,v1:172.21.15.44:6789/0] conn(0x7f440807f880 0x7f440807fca0 unknown :-1 s=NONE pgs=0 cs=0 l=0 rev1=0 crypto rx=0 tx=0 comp rx=0 tx=0).connect
2024-04-26T11:16:08.280 INFO:teuthology.orchestra.run.smithi044.stdout:/usr/bin/ceph: stderr
2024-04-26T11:16:07.379+0000 7f440ec00700 1 -- --> [v2:172.21.15.44:3300/0,v1:172.21.15.44:6789/0] -- mon_getmap magic: 0 -- 0x7f4408080270 con 0x7f440807f880
2024-04-26T11:16:08.280 INFO:teuthology.orchestra.run.smithi044.stdout:/usr/bin/ceph: stderr
2024-04-26T11:16:07.379+0000 7f4407e00700 1 --2- >> [v2:172.21.15.44:3300/0,v1:172.21.15.44:6789/0] conn(0x7f440807f880 0x7f440807fca0 unknown :-1 s=BANNER_CONNECTING pgs=0 cs=0 l=0 rev1=0 crypto rx=0 tx=0 comp rx=0 tx=0)._handle_peer_banner_payload supported=3 required=0
2024-04-26T11:16:08.280 INFO:teuthology.orchestra.run.smithi044.stdout:/usr/bin/ceph: stderr
2024-04-26T11:16:07.379+0000 7f4407e00700 1 --2- >> [v2:172.21.15.44:3300/0,v1:172.21.15.44:6789/0] conn(0x7f440807f880 0x7f440807fca0 unknown :-1 s=HELLO_CONNECTING pgs=0 cs=0 l=0 rev1=1 crypto rx=0 tx=0 comp rx=0 tx=0).handle_hello peer v2:172.21.15.44:3300/0 says I am v2:172.21.15.44:50384/0 (socket says 172.21.15.44:50384)
2024-04-26T11:16:08.280 INFO:teuthology.orchestra.run.smithi044.stdout:/usr/bin/ceph: stderr
2024-04-26T11:16:07.379+0000 7f4407e00700 1 -- 172.21.15.44:0/1266418909 learned_addr learned my addr 172.21.15.44:0/1266418909 (peer_addr_for_me v2:172.21.15.44:0/0)
2024-04-26T11:16:08.280 INFO:teuthology.orchestra.run.smithi044.stdout:/usr/bin/ceph: stderr
2024-04-26T11:16:07.380+0000 7f4407e00700 1 -- 172.21.15.44:0/1266418909 --> [v2:172.21.15.44:3300/0,v1:172.21.15.44:6789/0] -- mon_subscribe({config=0+,monmap=0+}) -- 0x7f4408080ad0 con 0x7f440807f880
2024-04-26T11:16:08.280 INFO:teuthology.orchestra.run.smithi044.stdout:/usr/bin/ceph: stderr
2024-04-26T11:16:07.380+0000 7f4407e00700 1 --2- 172.21.15.44:0/1266418909 >> [v2:172.21.15.44:3300/0,v1:172.21.15.44:6789/0] conn(0x7f440807f880 0x7f440807fca0 secure :-1 s=READY pgs=20 cs=0 l=1 rev1=1 crypto rx=0x7f43f80098a0 tx=0x7f43f8009bb0 comp rx=0 tx=0).ready entity=mon.0 client_cookie=e64b6a0a29138340 server_cookie=0 in_seq=0 out_seq=0
2024-04-26T11:16:08.280 INFO:teuthology.orchestra.run.smithi044.stdout:/usr/bin/ceph: stderr
2024-04-26T11:16:07.381+0000 7f4406a00700 1 -- 172.21.15.44:0/1266418909 <== mon.0 v2:172.21.15.44:3300/0 1 ==== mon_map magic: 0 ==== 205+0+0 (secure 0 0 0) 0x7f43f8004160 con 0x7f440807f880
2024-04-26T11:16:08.280 INFO:teuthology.orchestra.run.smithi044.stdout:/usr/bin/ceph: stderr
2024-04-26T11:16:07.381+0000 7f4406a00700 1 -- 172.21.15.44:0/1266418909 <== mon.0 v2:172.21.15.44:3300/0 2 ==== config(26 keys) ==== 1070+0+0 (secure 0 0 0) 0x7f43f8004300 con 0x7f440807f880
2024-04-26T11:16:08.281 INFO:teuthology.orchestra.run.smithi044.stdout:/usr/bin/ceph: stderr
2024-04-26T11:16:07.381+0000 7f4406a00700 1 -- 172.21.15.44:0/1266418909 <== mon.0 v2:172.21.15.44:3300/0 3 ==== mon_map magic: 0 ==== 205+0+0 (secure 0 0 0) 0x7f43f8011af0 con 0x7f440807f880
2024-04-26T11:16:08.281 INFO:teuthology.orchestra.run.smithi044.stdout:/usr/bin/ceph: stderr
2024-04-26T11:16:07.382+0000 7f440ec00700 1 -- 172.21.15.44:0/1266418909 >> [v2:172.21.15.44:3300/0,v1:172.21.15.44:6789/0] conn(0x7f440807f880 msgr2=0x7f440807fca0 secure :-1 s=STATE_CONNECTION_ESTABLISHED l=1).mark_down
2024-04-26T11:16:08.281 INFO:teuthology.orchestra.run.smithi044.stdout:/usr/bin/ceph: stderr
2024-04-26T11:16:07.382+0000 7f440ec00700 1 --2- 172.21.15.44:0/1266418909 >> [v2:172.21.15.44:3300/0,v1:172.21.15.44:6789/0] conn(0x7f440807f880 0x7f440807fca0 secure :-1 s=READY pgs=20 cs=0 l=1 rev1=1 crypto rx=0x7f43f80098a0 tx=0x7f43f8009bb0 comp rx=0 tx=0).stop
2024-04-26T11:16:08.281 INFO:teuthology.orchestra.run.smithi044.stdout:/usr/bin/ceph: stderr
2024-04-26T11:16:07.382+0000 7f440ec00700 1 -- 172.21.15.44:0/1266418909 shutdown_connections
2024-04-26T11:16:08.281 INFO:teuthology.orchestra.run.smithi044.stdout:/usr/bin/ceph: stderr
2024-04-26T11:16:07.382+0000 7f440ec00700 1 --2- 172.21.15.44:0/1266418909 >> [v2:172.21.15.44:3300/0,v1:172.21.15.44:6789/0] conn(0x7f440807f880 0x7f440807fca0 unknown :-1 s=CLOSED pgs=20 cs=0 l=1 rev1=1 crypto rx=0 tx=0 comp rx=0 tx=0).stop
2024-04-26T11:16:08.281 INFO:teuthology.orchestra.run.smithi044.stdout:/usr/bin/ceph: stderr
2024-04-26T11:16:07.382+0000 7f440ec00700 1 -- 172.21.15.44:0/1266418909 >> 172.21.15.44:0/1266418909 conn(0x7f440807e410 msgr2=0x7f440807e860 unknown :-1 s=STATE_NONE l=0).mark_down
2024-04-26T11:16:08.281 INFO:teuthology.orchestra.run.smithi044.stdout:/usr/bin/ceph: stderr
2024-04-26T11:16:07.382+0000 7f440ec00700 1 -- 172.21.15.44:0/1266418909 shutdown_connections
2024-04-26T11:16:08.281 INFO:teuthology.orchestra.run.smithi044.stdout:/usr/bin/ceph: stderr
2024-04-26T11:16:07.382+0000 7f440ec00700 1 -- 172.21.15.44:0/1266418909 wait complete.
2024-04-26T11:16:08.281 INFO:teuthology.orchestra.run.smithi044.stdout:/usr/bin/ceph: stderr
2024-04-26T11:16:07.383+0000 7f440ec00700 1 Processor -- start
2024-04-26T11:16:08.281 INFO:teuthology.orchestra.run.smithi044.stdout:/usr/bin/ceph: stderr
2024-04-26T11:16:07.383+0000 7f440ec00700 1 -- start start
2024-04-26T11:16:08.281 INFO:teuthology.orchestra.run.smithi044.stdout:/usr/bin/ceph: stderr
2024-04-26T11:16:07.383+0000 7f440ec00700 1 --2- >> [v2:172.21.15.44:3300/0,v1:172.21.15.44:6789/0] conn(0x7f440807f880 0x7f44081a33c0 unknown :-1 s=NONE pgs=0 cs=0 l=1 rev1=0 crypto rx=0 tx=0 comp rx=0 tx=0).connect
2024-04-26T11:16:08.281 INFO:teuthology.orchestra.run.smithi044.stdout:/usr/bin/ceph: stderr
2024-04-26T11:16:07.383+0000 7f440ec00700 1 -- --> [v2:172.21.15.44:3300/0,v1:172.21.15.44:6789/0] -- mon_getmap magic: 0 -- 0x7f4408081e90 con 0x7f440807f880
2024-04-26T11:16:08.281 INFO:teuthology.orchestra.run.smithi044.stdout:/usr/bin/ceph: stderr
2024-04-26T11:16:07.383+0000 7f4407e00700 1 --2- >> [v2:172.21.15.44:3300/0,v1:172.21.15.44:6789/0] conn(0x7f440807f880 0x7f44081a33c0 unknown :-1 s=BANNER_CONNECTING pgs=0 cs=0 l=1 rev1=0 crypto rx=0 tx=0 comp rx=0 tx=0)._handle_peer_banner_payload supported=3 required=0
2024-04-26T11:16:08.281 INFO:teuthology.orchestra.run.smithi044.stdout:/usr/bin/ceph: stderr
2024-04-26T11:16:07.384+0000 7f4407e00700 1 --2- >> [v2:172.21.15.44:3300/0,v1:172.21.15.44:6789/0] conn(0x7f440807f880 0x7f44081a33c0 unknown :-1 s=HELLO_CONNECTING pgs=0 cs=0 l=1 rev1=1 crypto rx=0 tx=0 comp rx=0 tx=0).handle_hello peer v2:172.21.15.44:3300/0 says I am v2:172.21.15.44:50396/0 (socket says 172.21.15.44:50396)
2024-04-26T11:16:08.281 INFO:teuthology.orchestra.run.smithi044.stdout:/usr/bin/ceph: stderr
2024-04-26T11:16:07.384+0000 7f4407e00700 1 -- 172.21.15.44:0/2700711566 learned_addr learned my addr 172.21.15.44:0/2700711566 (peer_addr_for_me v2:172.21.15.44:0/0)
2024-04-26T11:16:08.282 INFO:teuthology.orchestra.run.smithi044.stdout:/usr/bin/ceph: stderr
2024-04-26T11:16:07.384+0000 7f4407e00700 1 -- 172.21.15.44:0/2700711566 --> [v2:172.21.15.44:3300/0,v1:172.21.15.44:6789/0] -- mon_subscribe({config=0+,monmap=0+}) -- 0x7f44081a3900 con 0x7f440807f880
2024-04-26T11:16:08.282 INFO:teuthology.orchestra.run.smithi044.stdout:/usr/bin/ceph: stderr
2024-04-26T11:16:07.384+0000 7f4407e00700 1 --2- 172.21.15.44:0/2700711566 >> [v2:172.21.15.44:3300/0,v1:172.21.15.44:6789/0] conn(0x7f440807f880 0x7f44081a33c0 secure :-1 s=READY pgs=21 cs=0 l=1 rev1=1 crypto rx=0x7f43f8011ac0 tx=0x7f43f8011ba0 comp rx=0 tx=0).ready entity=mon.0 client_cookie=0 server_cookie=0 in_seq=0 out_seq=0
2024-04-26T11:16:08.282 INFO:teuthology.orchestra.run.smithi044.stdout:/usr/bin/ceph: stderr
2024-04-26T11:16:07.384+0000 7f4404c00700 1 -- 172.21.15.44:0/2700711566 <== mon.0 v2:172.21.15.44:3300/0 1 ==== mon_map magic: 0 ==== 205+0+0 (secure 0 0 0) 0x7f43f8003b20 con 0x7f440807f880
2024-04-26T11:16:08.282 INFO:teuthology.orchestra.run.smithi044.stdout:/usr/bin/ceph: stderr
2024-04-26T11:16:07.384+0000 7f4404c00700 1 -- 172.21.15.44:0/2700711566 <== mon.0 v2:172.21.15.44:3300/0 2 ==== config(26 keys) ==== 1070+0+0 (secure 0 0 0) 0x7f43f801a8c0 con 0x7f440807f880
2024-04-26T11:16:08.282 INFO:teuthology.orchestra.run.smithi044.stdout:/usr/bin/ceph: stderr
2024-04-26T11:16:07.385+0000 7f440ec00700 1 -- 172.21.15.44:0/2700711566 --> [v2:172.21.15.44:3300/0,v1:172.21.15.44:6789/0] -- mon_subscribe({mgrmap=0+}) -- 0x7f44081a3b90 con 0x7f440807f880
2024-04-26T11:16:08.282 INFO:teuthology.orchestra.run.smithi044.stdout:/usr/bin/ceph: stderr
2024-04-26T11:16:07.385+0000 7f4404c00700 1 -- 172.21.15.44:0/2700711566 <== mon.0 v2:172.21.15.44:3300/0 3 ==== mon_map magic: 0 ==== 205+0+0 (secure 0 0 0) 0x7f43f80248d0 con 0x7f440807f880
2024-04-26T11:16:08.282 INFO:teuthology.orchestra.run.smithi044.stdout:/usr/bin/ceph: stderr
2024-04-26T11:16:07.385+0000 7f440ec00700 1 -- 172.21.15.44:0/2700711566 --> [v2:172.21.15.44:3300/0,v1:172.21.15.44:6789/0] -- mon_subscribe({osdmap=0}) -- 0x7f44081a6880 con 0x7f440807f880
2024-04-26T11:16:08.282 INFO:teuthology.orchestra.run.smithi044.stdout:/usr/bin/ceph: stderr
2024-04-26T11:16:07.386+0000 7f4404c00700 1 -- 172.21.15.44:0/2700711566 <== mon.0 v2:172.21.15.44:3300/0 4 ==== mgrmap(e 4) ==== 46547+0+0 (secure 0 0 0) 0x7f43f8022020 con 0x7f440807f880
2024-04-26T11:16:08.282 INFO:teuthology.orchestra.run.smithi044.stdout:/usr/bin/ceph: stderr
2024-04-26T11:16:07.386+0000 7f440ec00700 1 -- 172.21.15.44:0/2700711566 --> [v2:172.21.15.44:3300/0,v1:172.21.15.44:6789/0] -- mon_command({"prefix": "get_command_descriptions"} v 0) -- 0x7f4408064a80 con 0x7f440807f880
2024-04-26T11:16:08.282 INFO:teuthology.orchestra.run.smithi044.stdout:/usr/bin/ceph: stderr
2024-04-26T11:16:07.386+0000 7f4404c00700 1 --2- 172.21.15.44:0/2700711566 >> [v2:172.21.15.44:6800/420582527,v1:172.21.15.44:6801/420582527] conn(0x7f43ec0395b0 0x7f43ec03ba70 unknown :-1 s=NONE pgs=0 cs=0 l=1 rev1=0 crypto rx=0 tx=0 comp rx=0 tx=0).connect
2024-04-26T11:16:08.282 INFO:teuthology.orchestra.run.smithi044.stdout:/usr/bin/ceph: stderr
2024-04-26T11:16:07.386+0000 7f4404c00700 1 -- 172.21.15.44:0/2700711566 <== mon.0 v2:172.21.15.44:3300/0 5 ==== osd_map(1..1 src has 1..1) ==== 725+0+0 (secure 0 0 0) 0x7f43f804d490 con 0x7f440807f880
2024-04-26T11:16:08.282 INFO:teuthology.orchestra.run.smithi044.stdout:/usr/bin/ceph: stderr
2024-04-26T11:16:07.386+0000 7f4407400700 1 --2- 172.21.15.44:0/2700711566 >> [v2:172.21.15.44:6800/420582527,v1:172.21.15.44:6801/420582527] conn(0x7f43ec0395b0 0x7f43ec03ba70 unknown :-1 s=BANNER_CONNECTING pgs=0 cs=0 l=1 rev1=0 crypto rx=0 tx=0 comp rx=0 tx=0)._handle_peer_banner_payload supported=3 required=0
2024-04-26T11:16:08.283 INFO:teuthology.orchestra.run.smithi044.stdout:/usr/bin/ceph: stderr
2024-04-26T11:16:07.387+0000 7f4407400700 1 --2- 172.21.15.44:0/2700711566 >> [v2:172.21.15.44:6800/420582527,v1:172.21.15.44:6801/420582527] conn(0x7f43ec0395b0 0x7f43ec03ba70 secure :-1 s=READY pgs=7 cs=0 l=1 rev1=1 crypto rx=0x7f43f4006fd0 tx=0x7f43f4006e40 comp rx=0 tx=0).ready entity=mgr.14100 client_cookie=0 server_cookie=0 in_seq=0 out_seq=0
2024-04-26T11:16:08.283 INFO:teuthology.orchestra.run.smithi044.stdout:/usr/bin/ceph: stderr
2024-04-26T11:16:07.392+0000 7f4404c00700 1 -- 172.21.15.44:0/2700711566 <== mon.0 v2:172.21.15.44:3300/0 6 ==== mon_command_ack([{"prefix": "get_command_descriptions"}]=0 v0) ==== 72+0+188370 (secure 0 0 0) 0x7f43f800f2e0 con 0x7f440807f880
2024-04-26T11:16:08.283 INFO:teuthology.orchestra.run.smithi044.stdout:/usr/bin/ceph: stderr
2024-04-26T11:16:07.611+0000 7f440ec00700 1 -- 172.21.15.44:0/2700711566 --> [v2:172.21.15.44:3300/0,v1:172.21.15.44:6789/0] -- mon_command({"prefix": "config assimilate-conf"} v 0) -- 0x7f44080008d0 con 0x7f440807f880
2024-04-26T11:16:08.283 INFO:teuthology.orchestra.run.smithi044.stdout:/usr/bin/ceph: stderr
2024-04-26T11:16:07.612+0000 7f4404c00700 1 -- 172.21.15.44:0/2700711566 <== mon.0 v2:172.21.15.44:3300/0 7 ==== mon_command_ack([{"prefix": "config assimilate-conf"}]=0 v3) ==== 70+0+436 (secure 0 0 0) 0x7f43f804d1f0 con 0x7f440807f880
2024-04-26T11:16:08.283 INFO:teuthology.orchestra.run.smithi044.stdout:/usr/bin/ceph: stderr
2024-04-26T11:16:07.615+0000 7f440ec00700 1 -- 172.21.15.44:0/2700711566 >> [v2:172.21.15.44:6800/420582527,v1:172.21.15.44:6801/420582527] conn(0x7f43ec0395b0 msgr2=0x7f43ec03ba70 secure :-1 s=STATE_CONNECTION_ESTABLISHED l=1).mark_down
2024-04-26T11:16:08.283 INFO:teuthology.orchestra.run.smithi044.stdout:/usr/bin/ceph: stderr
2024-04-26T11:16:07.615+0000 7f440ec00700 1 --2- 172.21.15.44:0/2700711566 >> [v2:172.21.15.44:6800/420582527,v1:172.21.15.44:6801/420582527] conn(0x7f43ec0395b0 0x7f43ec03ba70 secure :-1 s=READY pgs=7 cs=0 l=1 rev1=1 crypto rx=0x7f43f4006fd0 tx=0x7f43f4006e40 comp rx=0 tx=0).stop
2024-04-26T11:16:08.283 INFO:teuthology.orchestra.run.smithi044.stdout:/usr/bin/ceph: stderr
2024-04-26T11:16:07.615+0000 7f440ec00700 1 -- 172.21.15.44:0/2700711566 >> [v2:172.21.15.44:3300/0,v1:172.21.15.44:6789/0] conn(0x7f440807f880 msgr2=0x7f44081a33c0 secure :-1 s=STATE_CONNECTION_ESTABLISHED l=1).mark_down
2024-04-26T11:16:08.283 INFO:teuthology.orchestra.run.smithi044.stdout:/usr/bin/ceph: stderr
2024-04-26T11:16:07.615+0000 7f440ec00700 1 --2- 172.21.15.44:0/2700711566 >> [v2:172.21.15.44:3300/0,v1:172.21.15.44:6789/0] conn(0x7f440807f880 0x7f44081a33c0 secure :-1 s=READY pgs=21 cs=0 l=1 rev1=1 crypto rx=0x7f43f8011ac0 tx=0x7f43f8011ba0 comp rx=0 tx=0).stop
2024-04-26T11:16:08.283 INFO:teuthology.orchestra.run.smithi044.stdout:/usr/bin/ceph: stderr
2024-04-26T11:16:07.615+0000 7f440ec00700 1 -- 172.21.15.44:0/2700711566 shutdown_connections
2024-04-26T11:16:08.283 INFO:teuthology.orchestra.run.smithi044.stdout:/usr/bin/ceph: stderr
2024-04-26T11:16:07.615+0000 7f440ec00700 1 --2- 172.21.15.44:0/2700711566 >> [v2:172.21.15.44:6800/420582527,v1:172.21.15.44:6801/420582527] conn(0x7f43ec0395b0 0x7f43ec03ba70 unknown :-1 s=CLOSED pgs=7 cs=0 l=1 rev1=1 crypto rx=0 tx=0 comp rx=0 tx=0).stop
2024-04-26T11:16:08.283 INFO:teuthology.orchestra.run.smithi044.stdout:/usr/bin/ceph: stderr
2024-04-26T11:16:07.615+0000 7f440ec00700 1 --2- 172.21.15.44:0/2700711566 >> [v2:172.21.15.44:3300/0,v1:172.21.15.44:6789/0] conn(0x7f440807f880 0x7f44081a33c0 unknown :-1 s=CLOSED pgs=21 cs=0 l=1 rev1=1 crypto rx=0 tx=0 comp rx=0 tx=0).stop
2024-04-26T11:16:08.283 INFO:teuthology.orchestra.run.smithi044.stdout:/usr/bin/ceph: stderr
2024-04-26T11:16:07.615+0000 7f440ec00700 1 -- 172.21.15.44:0/2700711566 >> 172.21.15.44:0/2700711566 conn(0x7f440807e410 msgr2=0x7f4408199fd0 unknown :-1 s=STATE_NONE l=0).mark_down
2024-04-26T11:16:08.283 INFO:teuthology.orchestra.run.smithi044.stdout:/usr/bin/ceph: stderr
2024-04-26T11:16:07.615+0000 7f440ec00700 1 -- 172.21.15.44:0/2700711566 shutdown_connections
2024-04-26T11:16:08.283 INFO:teuthology.orchestra.run.smithi044.stdout:/usr/bin/ceph: stderr
2024-04-26T11:16:07.615+0000 7f440ec00700 1 -- 172.21.15.44:0/2700711566 wait complete.
2024-04-26T11:16:08.284 INFO:teuthology.orchestra.run.smithi044.stdout:Enabling cephadm module...
2024-04-26T11:16:09.505 INFO:journalctl@ceph.mon.a.smithi044.stdout:Apr 26 11:16:09 smithi044 ceph-mon[27763]: from='client.? 172.21.15.44:0/1255415074' entity='client.admin' cmd=[{"prefix": "mgr module enable", "module": "cephadm"}]: dispatch
2024-04-26T11:16:09.506 INFO:journalctl@ceph.mgr.x.smithi044.stdout:Apr 26 11:16:09 smithi044 ceph-214e0844-03be-11ef-bc93-c7b262605968-mgr-x[27990]: ignoring --setuser ceph since I am not root
2024-04-26T11:16:09.506 INFO:journalctl@ceph.mgr.x.smithi044.stdout:Apr 26 11:16:09 smithi044 ceph-214e0844-03be-11ef-bc93-c7b262605968-mgr-x[27990]: ignoring --setgroup ceph since I am not root
2024-04-26T11:16:09.781 INFO:journalctl@ceph.mgr.x.smithi044.stdout:Apr 26 11:16:09 smithi044 ceph-214e0844-03be-11ef-bc93-c7b262605968-mgr-x[27990]:
2024-04-26T11:16:09.526+0000 7f9d81eb7200 -1 mgr[py] Module balancer has missing NOTIFY_TYPES member
2024-04-26T11:16:09.781 INFO:journalctl@ceph.mgr.x.smithi044.stdout:Apr 26 11:16:09 smithi044 ceph-214e0844-03be-11ef-bc93-c7b262605968-mgr-x[27990]:
2024-04-26T11:16:09.777+0000 7f9d81eb7200 -1 mgr[py] Module orchestrator has missing NOTIFY_TYPES member
2024-04-26T11:16:10.029 INFO:teuthology.orchestra.run.smithi044.stdout:/usr/bin/ceph: stderr
2024-04-26T11:16:08.867+0000 7faaede00700 1 Processor -- start
2024-04-26T11:16:10.029 INFO:teuthology.orchestra.run.smithi044.stdout:/usr/bin/ceph: stderr
2024-04-26T11:16:08.868+0000 7faaede00700 1 -- start start
2024-04-26T11:16:10.029 INFO:teuthology.orchestra.run.smithi044.stdout:/usr/bin/ceph: stderr
2024-04-26T11:16:08.868+0000 7faaede00700 1 --2- >> [v2:172.21.15.44:3300/0,v1:172.21.15.44:6789/0] conn(0x7faae810fcf0 0x7faae81120e0 unknown :-1 s=NONE pgs=0 cs=0 l=0 rev1=0 crypto rx=0 tx=0 comp rx=0 tx=0).connect
2024-04-26T11:16:10.029 INFO:teuthology.orchestra.run.smithi044.stdout:/usr/bin/ceph: stderr
2024-04-26T11:16:08.868+0000 7faaede00700 1 -- --> [v2:172.21.15.44:3300/0,v1:172.21.15.44:6789/0] -- mon_getmap magic: 0 -- 0x7faae8112620 con 0x7faae810fcf0
2024-04-26T11:16:10.029 INFO:teuthology.orchestra.run.smithi044.stdout:/usr/bin/ceph: stderr
2024-04-26T11:16:08.869+0000 7faae6a00700 1 --2- >> [v2:172.21.15.44:3300/0,v1:172.21.15.44:6789/0] conn(0x7faae810fcf0 0x7faae81120e0 unknown :-1 s=BANNER_CONNECTING pgs=0 cs=0 l=0 rev1=0 crypto rx=0 tx=0 comp rx=0 tx=0)._handle_peer_banner_payload supported=3 required=0
2024-04-26T11:16:10.030 INFO:teuthology.orchestra.run.smithi044.stdout:/usr/bin/ceph: stderr
2024-04-26T11:16:08.869+0000 7faae6a00700 1 --2- >> [v2:172.21.15.44:3300/0,v1:172.21.15.44:6789/0] conn(0x7faae810fcf0 0x7faae81120e0 unknown :-1 s=HELLO_CONNECTING pgs=0 cs=0 l=0 rev1=1 crypto rx=0 tx=0 comp rx=0 tx=0).handle_hello peer v2:172.21.15.44:3300/0 says I am v2:172.21.15.44:34960/0 (socket says 172.21.15.44:34960)
2024-04-26T11:16:10.030 INFO:teuthology.orchestra.run.smithi044.stdout:/usr/bin/ceph: stderr
2024-04-26T11:16:08.869+0000 7faae6a00700 1 -- 172.21.15.44:0/3554625894 learned_addr learned my addr 172.21.15.44:0/3554625894 (peer_addr_for_me v2:172.21.15.44:0/0)
2024-04-26T11:16:10.030 INFO:teuthology.orchestra.run.smithi044.stdout:/usr/bin/ceph: stderr
2024-04-26T11:16:08.869+0000 7faae6a00700 1 -- 172.21.15.44:0/3554625894 --> [v2:172.21.15.44:3300/0,v1:172.21.15.44:6789/0] -- mon_subscribe({config=0+,monmap=0+}) -- 0x7faae81127a0 con 0x7faae810fcf0
2024-04-26T11:16:10.030 INFO:teuthology.orchestra.run.smithi044.stdout:/usr/bin/ceph: stderr
2024-04-26T11:16:08.869+0000 7faae6a00700 1 --2- 172.21.15.44:0/3554625894 >> [v2:172.21.15.44:3300/0,v1:172.21.15.44:6789/0] conn(0x7faae810fcf0 0x7faae81120e0 secure :-1 s=READY pgs=22 cs=0 l=1 rev1=1 crypto rx=0x7faad80098a0 tx=0x7faad8009bb0 comp rx=0 tx=0).ready entity=mon.0 client_cookie=f778a60245d7144 server_cookie=0 in_seq=0 out_seq=0
2024-04-26T11:16:10.030 INFO:teuthology.orchestra.run.smithi044.stdout:/usr/bin/ceph: stderr
2024-04-26T11:16:08.870+0000 7faae5600700 1 -- 172.21.15.44:0/3554625894 <== mon.0 v2:172.21.15.44:3300/0 1 ==== mon_map magic: 0 ==== 205+0+0 (secure 0 0 0) 0x7faad8004160 con 0x7faae810fcf0
2024-04-26T11:16:10.030 INFO:teuthology.orchestra.run.smithi044.stdout:/usr/bin/ceph: stderr
2024-04-26T11:16:08.870+0000 7faae5600700 1 -- 172.21.15.44:0/3554625894 <== mon.0 v2:172.21.15.44:3300/0 2 ==== config(26 keys) ==== 1070+0+0 (secure 0 0 0) 0x7faad8004300 con 0x7faae810fcf0
2024-04-26T11:16:10.030 INFO:teuthology.orchestra.run.smithi044.stdout:/usr/bin/ceph: stderr
2024-04-26T11:16:08.870+0000 7faae5600700 1 -- 172.21.15.44:0/3554625894 <== mon.0 v2:172.21.15.44:3300/0 3 ==== mon_map magic: 0 ==== 205+0+0 (secure 0 0 0) 0x7faad8011af0 con 0x7faae810fcf0
2024-04-26T11:16:10.030 INFO:teuthology.orchestra.run.smithi044.stdout:/usr/bin/ceph: stderr
2024-04-26T11:16:08.871+0000 7faaede00700 1 -- 172.21.15.44:0/3554625894 >> [v2:172.21.15.44:3300/0,v1:172.21.15.44:6789/0] conn(0x7faae810fcf0 msgr2=0x7faae81120e0 secure :-1 s=STATE_CONNECTION_ESTABLISHED l=1).mark_down
2024-04-26T11:16:10.030 INFO:teuthology.orchestra.run.smithi044.stdout:/usr/bin/ceph: stderr
2024-04-26T11:16:08.871+0000 7faaede00700 1 --2- 172.21.15.44:0/3554625894 >> [v2:172.21.15.44:3300/0,v1:172.21.15.44:6789/0] conn(0x7faae810fcf0 0x7faae81120e0 secure :-1 s=READY pgs=22 cs=0 l=1 rev1=1 crypto rx=0x7faad80098a0 tx=0x7faad8009bb0 comp rx=0 tx=0).stop
2024-04-26T11:16:10.030 INFO:teuthology.orchestra.run.smithi044.stdout:/usr/bin/ceph: stderr
2024-04-26T11:16:08.871+0000 7faaede00700 1 -- 172.21.15.44:0/3554625894 shutdown_connections
2024-04-26T11:16:10.030 INFO:teuthology.orchestra.run.smithi044.stdout:/usr/bin/ceph: stderr
2024-04-26T11:16:08.871+0000 7faaede00700 1 --2- 172.21.15.44:0/3554625894 >> [v2:172.21.15.44:3300/0,v1:172.21.15.44:6789/0] conn(0x7faae810fcf0 0x7faae81120e0 unknown :-1 s=CLOSED pgs=22 cs=0 l=1 rev1=1 crypto rx=0 tx=0 comp rx=0 tx=0).stop
2024-04-26T11:16:10.030 INFO:teuthology.orchestra.run.smithi044.stdout:/usr/bin/ceph: stderr
2024-04-26T11:16:08.871+0000 7faaede00700 1 -- 172.21.15.44:0/3554625894 >> 172.21.15.44:0/3554625894 conn(0x7faae807e410 msgr2=0x7faae8080870 unknown :-1 s=STATE_NONE l=0).mark_down
2024-04-26T11:16:10.030 INFO:teuthology.orchestra.run.smithi044.stdout:/usr/bin/ceph: stderr
2024-04-26T11:16:08.871+0000 7faaede00700 1 -- 172.21.15.44:0/3554625894 shutdown_connections
2024-04-26T11:16:10.031 INFO:teuthology.orchestra.run.smithi044.stdout:/usr/bin/ceph: stderr
2024-04-26T11:16:08.871+0000 7faaede00700 1 -- 172.21.15.44:0/3554625894 wait complete.
2024-04-26T11:16:10.031 INFO:teuthology.orchestra.run.smithi044.stdout:/usr/bin/ceph: stderr
2024-04-26T11:16:08.872+0000 7faaede00700 1 Processor -- start
2024-04-26T11:16:10.031 INFO:teuthology.orchestra.run.smithi044.stdout:/usr/bin/ceph: stderr
2024-04-26T11:16:08.872+0000 7faaede00700 1 -- start start
2024-04-26T11:16:10.031 INFO:teuthology.orchestra.run.smithi044.stdout:/usr/bin/ceph: stderr
2024-04-26T11:16:08.872+0000 7faaede00700 1 --2- >> [v2:172.21.15.44:3300/0,v1:172.21.15.44:6789/0] conn(0x7faae810fcf0 0x7faae81a3380 unknown :-1 s=NONE pgs=0 cs=0 l=1 rev1=0 crypto rx=0 tx=0 comp rx=0 tx=0).connect
2024-04-26T11:16:10.031 INFO:teuthology.orchestra.run.smithi044.stdout:/usr/bin/ceph: stderr
2024-04-26T11:16:08.873+0000 7faaede00700 1 -- --> [v2:172.21.15.44:3300/0,v1:172.21.15.44:6789/0] -- mon_getmap magic: 0 -- 0x7faae81137d0 con 0x7faae810fcf0
2024-04-26T11:16:10.031 INFO:teuthology.orchestra.run.smithi044.stdout:/usr/bin/ceph: stderr
2024-04-26T11:16:08.873+0000 7faae6a00700 1 --2- >> [v2:172.21.15.44:3300/0,v1:172.21.15.44:6789/0] conn(0x7faae810fcf0 0x7faae81a3380 unknown :-1 s=BANNER_CONNECTING pgs=0 cs=0 l=1 rev1=0 crypto rx=0 tx=0 comp rx=0 tx=0)._handle_peer_banner_payload supported=3 required=0
2024-04-26T11:16:10.031 INFO:teuthology.orchestra.run.smithi044.stdout:/usr/bin/ceph: stderr
2024-04-26T11:16:08.873+0000 7faae6a00700 1 --2- >> [v2:172.21.15.44:3300/0,v1:172.21.15.44:6789/0] conn(0x7faae810fcf0 0x7faae81a3380 unknown :-1 s=HELLO_CONNECTING pgs=0 cs=0 l=1 rev1=1 crypto rx=0 tx=0 comp rx=0 tx=0).handle_hello peer v2:172.21.15.44:3300/0 says I am v2:172.21.15.44:34968/0 (socket says 172.21.15.44:34968)
2024-04-26T11:16:10.031 INFO:teuthology.orchestra.run.smithi044.stdout:/usr/bin/ceph: stderr
2024-04-26T11:16:08.873+0000 7faae6a00700 1 -- 172.21.15.44:0/1255415074 learned_addr learned my addr 172.21.15.44:0/1255415074 (peer_addr_for_me v2:172.21.15.44:0/0)
2024-04-26T11:16:10.031 INFO:teuthology.orchestra.run.smithi044.stdout:/usr/bin/ceph: stderr
2024-04-26T11:16:08.873+0000 7faae6a00700 1 -- 172.21.15.44:0/1255415074 --> [v2:172.21.15.44:3300/0,v1:172.21.15.44:6789/0] -- mon_subscribe({config=0+,monmap=0+}) -- 0x7faae81a38c0 con 0x7faae810fcf0
2024-04-26T11:16:10.031 INFO:teuthology.orchestra.run.smithi044.stdout:/usr/bin/ceph: stderr
2024-04-26T11:16:08.873+0000 7faae6a00700 1 --2- 172.21.15.44:0/1255415074 >> [v2:172.21.15.44:3300/0,v1:172.21.15.44:6789/0] conn(0x7faae810fcf0 0x7faae81a3380 secure :-1 s=READY pgs=23 cs=0 l=1 rev1=1 crypto rx=0x7faad8011ac0 tx=0x7faad8011ba0 comp rx=0 tx=0).ready entity=mon.0 client_cookie=0 server_cookie=0 in_seq=0 out_seq=0
2024-04-26T11:16:10.031 INFO:teuthology.orchestra.run.smithi044.stdout:/usr/bin/ceph: stderr
2024-04-26T11:16:08.874+0000 7faaeca00700 1 -- 172.21.15.44:0/1255415074 <== mon.0 v2:172.21.15.44:3300/0 1 ==== mon_map magic: 0 ==== 205+0+0 (secure 0 0 0) 0x7faad8003b20 con 0x7faae810fcf0
2024-04-26T11:16:10.031 INFO:teuthology.orchestra.run.smithi044.stdout:/usr/bin/ceph: stderr
2024-04-26T11:16:08.874+0000 7faaeca00700 1 -- 172.21.15.44:0/1255415074 <== mon.0 v2:172.21.15.44:3300/0 2 ==== config(26 keys) ==== 1070+0+0 (secure 0 0 0) 0x7faad801a8c0 con 0x7faae810fcf0
2024-04-26T11:16:10.031 INFO:teuthology.orchestra.run.smithi044.stdout:/usr/bin/ceph: stderr
2024-04-26T11:16:08.874+0000 7faaeca00700 1 -- 172.21.15.44:0/1255415074 <== mon.0 v2:172.21.15.44:3300/0 3 ==== mon_map magic: 0 ==== 205+0+0 (secure 0 0 0) 0x7faad80248d0 con 0x7faae810fcf0
2024-04-26T11:16:10.031 INFO:teuthology.orchestra.run.smithi044.stdout:/usr/bin/ceph: stderr
2024-04-26T11:16:08.874+0000 7faaede00700 1 -- 172.21.15.44:0/1255415074 --> [v2:172.21.15.44:3300/0,v1:172.21.15.44:6789/0] -- mon_subscribe({mgrmap=0+}) -- 0x7faae81a3b50 con 0x7faae810fcf0
2024-04-26T11:16:10.031 INFO:teuthology.orchestra.run.smithi044.stdout:/usr/bin/ceph: stderr
2024-04-26T11:16:08.874+0000 7faaede00700 1 -- 172.21.15.44:0/1255415074 --> [v2:172.21.15.44:3300/0,v1:172.21.15.44:6789/0] -- mon_subscribe({osdmap=0}) -- 0x7faae81a6840 con 0x7faae810fcf0
2024-04-26T11:16:10.032 INFO:teuthology.orchestra.run.smithi044.stdout:/usr/bin/ceph: stderr
2024-04-26T11:16:08.875+0000 7faaeca00700 1 -- 172.21.15.44:0/1255415074 <== mon.0 v2:172.21.15.44:3300/0 4 ==== mgrmap(e 4) ==== 46547+0+0 (secure 0 0 0) 0x7faad8022020 con 0x7faae810fcf0
2024-04-26T11:16:10.032 INFO:teuthology.orchestra.run.smithi044.stdout:/usr/bin/ceph: stderr
2024-04-26T11:16:08.875+0000 7faaede00700 1 -- 172.21.15.44:0/1255415074 --> [v2:172.21.15.44:3300/0,v1:172.21.15.44:6789/0] -- mon_command({"prefix": "get_command_descriptions"} v 0) -- 0x7faae8064a80 con 0x7faae810fcf0
2024-04-26T11:16:10.032 INFO:teuthology.orchestra.run.smithi044.stdout:/usr/bin/ceph: stderr
2024-04-26T11:16:08.876+0000 7faaeca00700 1 --2- 172.21.15.44:0/1255415074 >> [v2:172.21.15.44:6800/420582527,v1:172.21.15.44:6801/420582527] conn(0x7faacc0395b0 0x7faacc03ba70 unknown :-1 s=NONE pgs=0 cs=0 l=1 rev1=0 crypto rx=0 tx=0 comp rx=0 tx=0).connect
2024-04-26T11:16:10.032 INFO:teuthology.orchestra.run.smithi044.stdout:/usr/bin/ceph: stderr
2024-04-26T11:16:08.876+0000 7faaeca00700 1 -- 172.21.15.44:0/1255415074 <== mon.0 v2:172.21.15.44:3300/0 5 ==== osd_map(1..1 src has 1..1) ==== 725+0+0 (secure 0 0 0) 0x7faad804d4b0 con 0x7faae810fcf0
2024-04-26T11:16:10.032 INFO:teuthology.orchestra.run.smithi044.stdout:/usr/bin/ceph: stderr
2024-04-26T11:16:08.876+0000 7faae6000700 1 --2- 172.21.15.44:0/1255415074 >> [v2:172.21.15.44:6800/420582527,v1:172.21.15.44:6801/420582527] conn(0x7faacc0395b0 0x7faacc03ba70 unknown :-1 s=BANNER_CONNECTING pgs=0 cs=0 l=1 rev1=0 crypto rx=0 tx=0 comp rx=0 tx=0)._handle_peer_banner_payload supported=3 required=0
2024-04-26T11:16:10.032 INFO:teuthology.orchestra.run.smithi044.stdout:/usr/bin/ceph: stderr
2024-04-26T11:16:08.877+0000 7faae6000700 1 --2- 172.21.15.44:0/1255415074 >> [v2:172.21.15.44:6800/420582527,v1:172.21.15.44:6801/420582527] conn(0x7faacc0395b0 0x7faacc03ba70 secure :-1 s=READY pgs=8 cs=0 l=1 rev1=1 crypto rx=0x7faad4006fd0 tx=0x7faad4006e40 comp rx=0 tx=0).ready entity=mgr.14100 client_cookie=0 server_cookie=0 in_seq=0 out_seq=0
2024-04-26T11:16:10.032 INFO:teuthology.orchestra.run.smithi044.stdout:/usr/bin/ceph: stderr
2024-04-26T11:16:08.881+0000 7faaeca00700 1 -- 172.21.15.44:0/1255415074 <== mon.0 v2:172.21.15.44:3300/0 6 ==== mon_command_ack([{"prefix": "get_command_descriptions"}]=0 v0) ==== 72+0+188370 (secure 0 0 0) 0x7faad801ab20 con 0x7faae810fcf0
2024-04-26T11:16:10.032 INFO:teuthology.orchestra.run.smithi044.stdout:/usr/bin/ceph: stderr
2024-04-26T11:16:09.176+0000 7faaede00700 1 -- 172.21.15.44:0/1255415074 --> [v2:172.21.15.44:3300/0,v1:172.21.15.44:6789/0] -- mon_command({"prefix": "mgr module enable", "module": "cephadm"} v 0) -- 0x7faae81a6a10 con 0x7faae810fcf0
2024-04-26T11:16:10.032 INFO:teuthology.orchestra.run.smithi044.stdout:/usr/bin/ceph: stderr
2024-04-26T11:16:09.230+0000 7faaeca00700 1 -- 172.21.15.44:0/1255415074 <== mon.0 v2:172.21.15.44:3300/0 7 ==== mon_command_ack([{"prefix": "mgr module enable", "module": "cephadm"}]=0 v5) ==== 86+0+0 (secure 0 0 0) 0x7faae81a6a10 con 0x7faae810fcf0
2024-04-26T11:16:10.032 INFO:teuthology.orchestra.run.smithi044.stdout:/usr/bin/ceph: stderr
2024-04-26T11:16:09.232+0000 7faaeca00700 1 -- 172.21.15.44:0/1255415074 <== mon.0 v2:172.21.15.44:3300/0 8 ==== mgrmap(e 5) ==== 46558+0+0 (secure 0 0 0) 0x7faad802d3f0 con 0x7faae810fcf0
2024-04-26T11:16:10.032 INFO:teuthology.orchestra.run.smithi044.stdout:/usr/bin/ceph: stderr
2024-04-26T11:16:09.234+0000 7faaede00700 1 -- 172.21.15.44:0/1255415074 >> [v2:172.21.15.44:6800/420582527,v1:172.21.15.44:6801/420582527] conn(0x7faacc0395b0 msgr2=0x7faacc03ba70 secure :-1 s=STATE_CONNECTION_ESTABLISHED l=1).mark_down
2024-04-26T11:16:10.032 INFO:teuthology.orchestra.run.smithi044.stdout:/usr/bin/ceph: stderr
2024-04-26T11:16:09.234+0000 7faaede00700 1 --2- 172.21.15.44:0/1255415074 >> [v2:172.21.15.44:6800/420582527,v1:172.21.15.44:6801/420582527] conn(0x7faacc0395b0 0x7faacc03ba70 secure :-1 s=READY pgs=8 cs=0 l=1 rev1=1 crypto rx=0x7faad4006fd0 tx=0x7faad4006e40 comp rx=0 tx=0).stop
2024-04-26T11:16:10.032 INFO:teuthology.orchestra.run.smithi044.stdout:/usr/bin/ceph: stderr
2024-04-26T11:16:09.234+0000 7faaede00700 1 -- 172.21.15.44:0/1255415074 >> [v2:172.21.15.44:3300/0,v1:172.21.15.44:6789/0] conn(0x7faae810fcf0 msgr2=0x7faae81a3380 secure :-1 s=STATE_CONNECTION_ESTABLISHED l=1).mark_down
2024-04-26T11:16:10.033 INFO:teuthology.orchestra.run.smithi044.stdout:/usr/bin/ceph: stderr
2024-04-26T11:16:09.234+0000 7faaede00700 1 --2- 172.21.15.44:0/1255415074 >> [v2:172.21.15.44:3300/0,v1:172.21.15.44:6789/0] conn(0x7faae810fcf0 0x7faae81a3380 secure :-1 s=READY pgs=23 cs=0 l=1 rev1=1 crypto rx=0x7faad8011ac0 tx=0x7faad8011ba0 comp rx=0 tx=0).stop
2024-04-26T11:16:10.033 INFO:teuthology.orchestra.run.smithi044.stdout:/usr/bin/ceph: stderr
2024-04-26T11:16:09.234+0000 7faaede00700 1 -- 172.21.15.44:0/1255415074 shutdown_connections
2024-04-26T11:16:10.033 INFO:teuthology.orchestra.run.smithi044.stdout:/usr/bin/ceph: stderr
2024-04-26T11:16:09.234+0000 7faaede00700 1 --2- 172.21.15.44:0/1255415074 >> [v2:172.21.15.44:6800/420582527,v1:172.21.15.44:6801/420582527] conn(0x7faacc0395b0 0x7faacc03ba70 unknown :-1 s=CLOSED pgs=8 cs=0 l=1 rev1=1 crypto rx=0 tx=0 comp rx=0 tx=0).stop
2024-04-26T11:16:10.033 INFO:teuthology.orchestra.run.smithi044.stdout:/usr/bin/ceph: stderr
2024-04-26T11:16:09.234+0000 7faaede00700 1 --2- 172.21.15.44:0/1255415074 >> [v2:172.21.15.44:3300/0,v1:172.21.15.44:6789/0] conn(0x7faae810fcf0 0x7faae81a3380 unknown :-1 s=CLOSED pgs=23 cs=0 l=1 rev1=1 crypto rx=0 tx=0 comp rx=0 tx=0).stop
2024-04-26T11:16:10.033 INFO:teuthology.orchestra.run.smithi044.stdout:/usr/bin/ceph: stderr
2024-04-26T11:16:09.234+0000 7faaede00700 1 -- 172.21.15.44:0/1255415074 >> 172.21.15.44:0/1255415074 conn(0x7faae807e410 msgr2=0x7faae807eef0 unknown :-1 s=STATE_NONE l=0).mark_down
2024-04-26T11:16:10.033 INFO:teuthology.orchestra.run.smithi044.stdout:/usr/bin/ceph: stderr
2024-04-26T11:16:09.234+0000 7faaede00700 1 -- 172.21.15.44:0/1255415074 shutdown_connections
2024-04-26T11:16:10.033 INFO:teuthology.orchestra.run.smithi044.stdout:/usr/bin/ceph: stderr
2024-04-26T11:16:09.234+0000 7faaede00700 1 -- 172.21.15.44:0/1255415074 wait complete.
2024-04-26T11:16:10.182 INFO:journalctl@ceph.mgr.x.smithi044.stdout:Apr 26 11:16:09 smithi044 ceph-214e0844-03be-11ef-bc93-c7b262605968-mgr-x[27990]:
2024-04-26T11:16:09.913+0000 7f9d81eb7200 -1 mgr[py] Module snap_schedule has missing NOTIFY_TYPES member
2024-04-26T11:16:10.438 INFO:journalctl@ceph.mon.a.smithi044.stdout:Apr 26 11:16:10 smithi044 ceph-mon[27763]: from='client.? 172.21.15.44:0/1255415074' entity='client.admin' cmd='[{"prefix": "mgr module enable", "module": "cephadm"}]': finished
2024-04-26T11:16:10.438 INFO:journalctl@ceph.mon.a.smithi044.stdout:Apr 26 11:16:10 smithi044 ceph-mon[27763]: mgrmap e5: x(active, since 5s)
2024-04-26T11:16:10.438 INFO:journalctl@ceph.mgr.x.smithi044.stdout:Apr 26 11:16:10 smithi044 ceph-214e0844-03be-11ef-bc93-c7b262605968-mgr-x[27990]:
2024-04-26T11:16:10.336+0000 7f9d81eb7200 -1 mgr[py] Module progress has missing NOTIFY_TYPES member
2024-04-26T11:16:10.755 INFO:journalctl@ceph.mgr.x.smithi044.stdout:Apr 26 11:16:10 smithi044 ceph-214e0844-03be-11ef-bc93-c7b262605968-mgr-x[27990]:
2024-04-26T11:16:10.458+0000 7f9d81eb7200 -1 mgr[py] Module influx has missing NOTIFY_TYPES member
2024-04-26T11:16:11.505 INFO:journalctl@ceph.mon.a.smithi044.stdout:Apr 26 11:16:11 smithi044 ceph-mon[27763]: from='client.? 172.21.15.44:0/4041360690' entity='client.admin' cmd=[{"prefix": "mgr stat"}]: dispatch
2024-04-26T11:16:11.642 INFO:teuthology.orchestra.run.smithi044.stdout:/usr/bin/ceph: stdout {
2024-04-26T11:16:11.642 INFO:teuthology.orchestra.run.smithi044.stdout:/usr/bin/ceph: stdout "epoch": 5,
2024-04-26T11:16:11.642 INFO:teuthology.orchestra.run.smithi044.stdout:/usr/bin/ceph: stdout "available": true,
2024-04-26T11:16:11.642 INFO:teuthology.orchestra.run.smithi044.stdout:/usr/bin/ceph: stdout "active_name": "x",
2024-04-26T11:16:11.642 INFO:teuthology.orchestra.run.smithi044.stdout:/usr/bin/ceph: stdout "num_standby": 0
2024-04-26T11:16:11.642 INFO:teuthology.orchestra.run.smithi044.stdout:/usr/bin/ceph: stdout }
2024-04-26T11:16:11.642 INFO:teuthology.orchestra.run.smithi044.stdout:/usr/bin/ceph: stderr
2024-04-26T11:16:10.599+0000 7f2903200700 1 Processor -- start
