2024-04-26T11:16:20.664+0000 7f85b6a00700 1 --2- >> [v2:172.21.15.44:3300/0,v1:172.21.15.44:6789/0] conn(0x7f85b8109960 0x7f85b810bd50 unknown :-1 s=BANNER_CONNECTING pgs=0 cs=0 l=0 rev1=0 crypto rx=0 tx=0 comp rx=0 tx=0)._handle_peer_banner_payload supported=3 required=0
2024-04-26T11:16:21.494 INFO:teuthology.orchestra.run.smithi044.stdout:/usr/bin/ceph: stderr
2024-04-26T11:16:20.664+0000 7f85b6a00700 1 --2- >> [v2:172.21.15.44:3300/0,v1:172.21.15.44:6789/0] conn(0x7f85b8109960 0x7f85b810bd50 unknown :-1 s=HELLO_CONNECTING pgs=0 cs=0 l=0 rev1=1 crypto rx=0 tx=0 comp rx=0 tx=0).handle_hello peer v2:172.21.15.44:3300/0 says I am v2:172.21.15.44:54154/0 (socket says 172.21.15.44:54154)
2024-04-26T11:16:21.494 INFO:teuthology.orchestra.run.smithi044.stdout:/usr/bin/ceph: stderr
2024-04-26T11:16:20.664+0000 7f85b6a00700 1 -- 172.21.15.44:0/1542442717 learned_addr learned my addr 172.21.15.44:0/1542442717 (peer_addr_for_me v2:172.21.15.44:0/0)
2024-04-26T11:16:21.499 INFO:teuthology.orchestra.run.smithi044.stdout:/usr/bin/ceph: stderr
2024-04-26T11:16:20.664+0000 7f85b6a00700 1 -- 172.21.15.44:0/1542442717 --> [v2:172.21.15.44:3300/0,v1:172.21.15.44:6789/0] -- mon_subscribe({config=0+,monmap=0+}) -- 0x7f85b810c290 con 0x7f85b8109960
2024-04-26T11:16:21.499 INFO:teuthology.orchestra.run.smithi044.stdout:/usr/bin/ceph: stderr
2024-04-26T11:16:20.665+0000 7f85b6a00700 1 --2- 172.21.15.44:0/1542442717 >> [v2:172.21.15.44:3300/0,v1:172.21.15.44:6789/0] conn(0x7f85b8109960 0x7f85b810bd50 secure :-1 s=READY pgs=37 cs=0 l=1 rev1=1 crypto rx=0x7f85a80098a0 tx=0x7f85a8009bb0 comp rx=0 tx=0).ready entity=mon.0 client_cookie=606b775add2704c server_cookie=0 in_seq=0 out_seq=0
2024-04-26T11:16:21.499 INFO:teuthology.orchestra.run.smithi044.stdout:/usr/bin/ceph: stderr
2024-04-26T11:16:20.665+0000 7f85b5600700 1 -- 172.21.15.44:0/1542442717 <== mon.0 v2:172.21.15.44:3300/0 1 ==== mon_map magic: 0 ==== 205+0+0 (secure 0 0 0) 0x7f85a8004160 con 0x7f85b8109960
2024-04-26T11:16:21.499 INFO:teuthology.orchestra.run.smithi044.stdout:/usr/bin/ceph: stderr
2024-04-26T11:16:20.665+0000 7f85b5600700 1 -- 172.21.15.44:0/1542442717 <== mon.0 v2:172.21.15.44:3300/0 2 ==== config(26 keys) ==== 1070+0+0 (secure 0 0 0) 0x7f85a8004300 con 0x7f85b8109960
2024-04-26T11:16:21.499 INFO:teuthology.orchestra.run.smithi044.stdout:/usr/bin/ceph: stderr
2024-04-26T11:16:20.665+0000 7f85b5600700 1 -- 172.21.15.44:0/1542442717 <== mon.0 v2:172.21.15.44:3300/0 3 ==== mon_map magic: 0 ==== 205+0+0 (secure 0 0 0) 0x7f85a8011af0 con 0x7f85b8109960
2024-04-26T11:16:21.500 INFO:teuthology.orchestra.run.smithi044.stdout:/usr/bin/ceph: stderr
2024-04-26T11:16:20.666+0000 7f85bde00700 1 -- 172.21.15.44:0/1542442717 >> [v2:172.21.15.44:3300/0,v1:172.21.15.44:6789/0] conn(0x7f85b8109960 msgr2=0x7f85b810bd50 secure :-1 s=STATE_CONNECTION_ESTABLISHED l=1).mark_down
2024-04-26T11:16:21.500 INFO:teuthology.orchestra.run.smithi044.stdout:/usr/bin/ceph: stderr
2024-04-26T11:16:20.666+0000 7f85bde00700 1 --2- 172.21.15.44:0/1542442717 >> [v2:172.21.15.44:3300/0,v1:172.21.15.44:6789/0] conn(0x7f85b8109960 0x7f85b810bd50 secure :-1 s=READY pgs=37 cs=0 l=1 rev1=1 crypto rx=0x7f85a80098a0 tx=0x7f85a8009bb0 comp rx=0 tx=0).stop
2024-04-26T11:16:21.500 INFO:teuthology.orchestra.run.smithi044.stdout:/usr/bin/ceph: stderr
2024-04-26T11:16:20.666+0000 7f85bde00700 1 -- 172.21.15.44:0/1542442717 shutdown_connections
2024-04-26T11:16:21.500 INFO:teuthology.orchestra.run.smithi044.stdout:/usr/bin/ceph: stderr
2024-04-26T11:16:20.666+0000 7f85bde00700 1 --2- 172.21.15.44:0/1542442717 >> [v2:172.21.15.44:3300/0,v1:172.21.15.44:6789/0] conn(0x7f85b8109960 0x7f85b810bd50 unknown :-1 s=CLOSED pgs=37 cs=0 l=1 rev1=1 crypto rx=0 tx=0 comp rx=0 tx=0).stop
2024-04-26T11:16:21.500 INFO:teuthology.orchestra.run.smithi044.stdout:/usr/bin/ceph: stderr
2024-04-26T11:16:20.666+0000 7f85bde00700 1 -- 172.21.15.44:0/1542442717 >> 172.21.15.44:0/1542442717 conn(0x7f85b8103310 msgr2=0x7f85b8105770 unknown :-1 s=STATE_NONE l=0).mark_down
2024-04-26T11:16:21.500 INFO:teuthology.orchestra.run.smithi044.stdout:/usr/bin/ceph: stderr
2024-04-26T11:16:20.666+0000 7f85bde00700 1 -- 172.21.15.44:0/1542442717 shutdown_connections
2024-04-26T11:16:21.500 INFO:teuthology.orchestra.run.smithi044.stdout:/usr/bin/ceph: stderr
2024-04-26T11:16:20.666+0000 7f85bde00700 1 -- 172.21.15.44:0/1542442717 wait complete.
2024-04-26T11:16:21.500 INFO:teuthology.orchestra.run.smithi044.stdout:/usr/bin/ceph: stderr
2024-04-26T11:16:20.667+0000 7f85bde00700 1 Processor -- start
2024-04-26T11:16:21.500 INFO:teuthology.orchestra.run.smithi044.stdout:/usr/bin/ceph: stderr
2024-04-26T11:16:20.667+0000 7f85bde00700 1 -- start start
2024-04-26T11:16:21.500 INFO:teuthology.orchestra.run.smithi044.stdout:/usr/bin/ceph: stderr
2024-04-26T11:16:20.668+0000 7f85bde00700 1 --2- >> [v2:172.21.15.44:3300/0,v1:172.21.15.44:6789/0] conn(0x7f85b8109960 0x7f85b819cda0 unknown :-1 s=NONE pgs=0 cs=0 l=1 rev1=0 crypto rx=0 tx=0 comp rx=0 tx=0).connect
2024-04-26T11:16:21.500 INFO:teuthology.orchestra.run.smithi044.stdout:/usr/bin/ceph: stderr
2024-04-26T11:16:20.668+0000 7f85bde00700 1 -- --> [v2:172.21.15.44:3300/0,v1:172.21.15.44:6789/0] -- mon_getmap magic: 0 -- 0x7f85b810d200 con 0x7f85b8109960
2024-04-26T11:16:21.500 INFO:teuthology.orchestra.run.smithi044.stdout:/usr/bin/ceph: stderr
2024-04-26T11:16:20.668+0000 7f85b6a00700 1 --2- >> [v2:172.21.15.44:3300/0,v1:172.21.15.44:6789/0] conn(0x7f85b8109960 0x7f85b819cda0 unknown :-1 s=BANNER_CONNECTING pgs=0 cs=0 l=1 rev1=0 crypto rx=0 tx=0 comp rx=0 tx=0)._handle_peer_banner_payload supported=3 required=0
2024-04-26T11:16:21.500 INFO:teuthology.orchestra.run.smithi044.stdout:/usr/bin/ceph: stderr
2024-04-26T11:16:20.668+0000 7f85b6a00700 1 --2- >> [v2:172.21.15.44:3300/0,v1:172.21.15.44:6789/0] conn(0x7f85b8109960 0x7f85b819cda0 unknown :-1 s=HELLO_CONNECTING pgs=0 cs=0 l=1 rev1=1 crypto rx=0 tx=0 comp rx=0 tx=0).handle_hello peer v2:172.21.15.44:3300/0 says I am v2:172.21.15.44:54168/0 (socket says 172.21.15.44:54168)
2024-04-26T11:16:21.500 INFO:teuthology.orchestra.run.smithi044.stdout:/usr/bin/ceph: stderr
2024-04-26T11:16:20.668+0000 7f85b6a00700 1 -- 172.21.15.44:0/3366594976 learned_addr learned my addr 172.21.15.44:0/3366594976 (peer_addr_for_me v2:172.21.15.44:0/0)
2024-04-26T11:16:21.501 INFO:teuthology.orchestra.run.smithi044.stdout:/usr/bin/ceph: stderr
2024-04-26T11:16:20.668+0000 7f85b6a00700 1 -- 172.21.15.44:0/3366594976 --> [v2:172.21.15.44:3300/0,v1:172.21.15.44:6789/0] -- mon_subscribe({config=0+,monmap=0+}) -- 0x7f85b819d2e0 con 0x7f85b8109960
2024-04-26T11:16:21.501 INFO:teuthology.orchestra.run.smithi044.stdout:/usr/bin/ceph: stderr
2024-04-26T11:16:20.669+0000 7f85b6a00700 1 --2- 172.21.15.44:0/3366594976 >> [v2:172.21.15.44:3300/0,v1:172.21.15.44:6789/0] conn(0x7f85b8109960 0x7f85b819cda0 secure :-1 s=READY pgs=38 cs=0 l=1 rev1=1 crypto rx=0x7f85a8011ac0 tx=0x7f85a8011ba0 comp rx=0 tx=0).ready entity=mon.0 client_cookie=0 server_cookie=0 in_seq=0 out_seq=0
2024-04-26T11:16:21.501 INFO:teuthology.orchestra.run.smithi044.stdout:/usr/bin/ceph: stderr
2024-04-26T11:16:20.669+0000 7f85bca00700 1 -- 172.21.15.44:0/3366594976 <== mon.0 v2:172.21.15.44:3300/0 1 ==== mon_map magic: 0 ==== 205+0+0 (secure 0 0 0) 0x7f85a8003b20 con 0x7f85b8109960
2024-04-26T11:16:21.501 INFO:teuthology.orchestra.run.smithi044.stdout:/usr/bin/ceph: stderr
2024-04-26T11:16:20.669+0000 7f85bca00700 1 -- 172.21.15.44:0/3366594976 <== mon.0 v2:172.21.15.44:3300/0 2 ==== config(26 keys) ==== 1070+0+0 (secure 0 0 0) 0x7f85a801a8c0 con 0x7f85b8109960
2024-04-26T11:16:21.501 INFO:teuthology.orchestra.run.smithi044.stdout:/usr/bin/ceph: stderr
2024-04-26T11:16:20.669+0000 7f85bde00700 1 -- 172.21.15.44:0/3366594976 --> [v2:172.21.15.44:3300/0,v1:172.21.15.44:6789/0] -- mon_subscribe({mgrmap=0+}) -- 0x7f85b819d570 con 0x7f85b8109960
2024-04-26T11:16:21.501 INFO:teuthology.orchestra.run.smithi044.stdout:/usr/bin/ceph: stderr
2024-04-26T11:16:20.669+0000 7f85bca00700 1 -- 172.21.15.44:0/3366594976 <== mon.0 v2:172.21.15.44:3300/0 3 ==== mon_map magic: 0 ==== 205+0+0 (secure 0 0 0) 0x7f85a80248d0 con 0x7f85b8109960
2024-04-26T11:16:21.501 INFO:teuthology.orchestra.run.smithi044.stdout:/usr/bin/ceph: stderr
2024-04-26T11:16:20.669+0000 7f85bde00700 1 -- 172.21.15.44:0/3366594976 --> [v2:172.21.15.44:3300/0,v1:172.21.15.44:6789/0] -- mon_subscribe({osdmap=0}) -- 0x7f85b81a0260 con 0x7f85b8109960
2024-04-26T11:16:21.501 INFO:teuthology.orchestra.run.smithi044.stdout:/usr/bin/ceph: stderr
2024-04-26T11:16:20.671+0000 7f85bca00700 1 -- 172.21.15.44:0/3366594976 <== mon.0 v2:172.21.15.44:3300/0 4 ==== mgrmap(e 8) ==== 46558+0+0 (secure 0 0 0) 0x7f85a8022020 con 0x7f85b8109960
2024-04-26T11:16:21.501 INFO:teuthology.orchestra.run.smithi044.stdout:/usr/bin/ceph: stderr
2024-04-26T11:16:20.671+0000 7f85bde00700 1 -- 172.21.15.44:0/3366594976 --> [v2:172.21.15.44:3300/0,v1:172.21.15.44:6789/0] -- mon_command({"prefix": "get_command_descriptions"} v 0) -- 0x7f85b8064a80 con 0x7f85b8109960
2024-04-26T11:16:21.501 INFO:teuthology.orchestra.run.smithi044.stdout:/usr/bin/ceph: stderr
2024-04-26T11:16:20.671+0000 7f85bca00700 1 --2- 172.21.15.44:0/3366594976 >> [v2:172.21.15.44:6800/4066341171,v1:172.21.15.44:6801/4066341171] conn(0x7f859c039600 0x7f859c03bac0 unknown :-1 s=NONE pgs=0 cs=0 l=1 rev1=0 crypto rx=0 tx=0 comp rx=0 tx=0).connect
2024-04-26T11:16:21.501 INFO:teuthology.orchestra.run.smithi044.stdout:/usr/bin/ceph: stderr
2024-04-26T11:16:20.671+0000 7f85bca00700 1 -- 172.21.15.44:0/3366594976 <== mon.0 v2:172.21.15.44:3300/0 5 ==== osd_map(2..2 src has 1..2) ==== 940+0+0 (secure 0 0 0) 0x7f85a804d8f0 con 0x7f85b8109960
2024-04-26T11:16:21.501 INFO:teuthology.orchestra.run.smithi044.stdout:/usr/bin/ceph: stderr
2024-04-26T11:16:20.671+0000 7f85b6000700 1 --2- 172.21.15.44:0/3366594976 >> [v2:172.21.15.44:6800/4066341171,v1:172.21.15.44:6801/4066341171] conn(0x7f859c039600 0x7f859c03bac0 unknown :-1 s=BANNER_CONNECTING pgs=0 cs=0 l=1 rev1=0 crypto rx=0 tx=0 comp rx=0 tx=0)._handle_peer_banner_payload supported=3 required=0
2024-04-26T11:16:21.501 INFO:teuthology.orchestra.run.smithi044.stdout:/usr/bin/ceph: stderr
2024-04-26T11:16:20.672+0000 7f85b6000700 1 --2- 172.21.15.44:0/3366594976 >> [v2:172.21.15.44:6800/4066341171,v1:172.21.15.44:6801/4066341171] conn(0x7f859c039600 0x7f859c03bac0 secure :-1 s=READY pgs=7 cs=0 l=1 rev1=1 crypto rx=0x7f85a4006fd0 tx=0x7f85a4006e40 comp rx=0 tx=0).ready entity=mgr.14120 client_cookie=0 server_cookie=0 in_seq=0 out_seq=0
2024-04-26T11:16:21.501 INFO:teuthology.orchestra.run.smithi044.stdout:/usr/bin/ceph: stderr
2024-04-26T11:16:20.677+0000 7f85bca00700 1 -- 172.21.15.44:0/3366594976 <== mon.0 v2:172.21.15.44:3300/0 6 ==== mon_command_ack([{"prefix": "get_command_descriptions"}]=0 v0) ==== 72+0+188370 (secure 0 0 0) 0x7f85a801ab20 con 0x7f85b8109960
2024-04-26T11:16:21.501 INFO:teuthology.orchestra.run.smithi044.stdout:/usr/bin/ceph: stderr
2024-04-26T11:16:20.927+0000 7f85bde00700 1 -- 172.21.15.44:0/3366594976 --> [v2:172.21.15.44:6800/4066341171,v1:172.21.15.44:6801/4066341171] -- mgr_command(tid 0: {"prefix": "orch set backend", "module_name": "cephadm", "target": ["mon-mgr", ""]}) -- 0x7f85b8104580 con 0x7f859c039600
2024-04-26T11:16:21.502 INFO:teuthology.orchestra.run.smithi044.stdout:/usr/bin/ceph: stderr
2024-04-26T11:16:20.936+0000 7f85bca00700 1 -- 172.21.15.44:0/3366594976 <== mgr.14120 v2:172.21.15.44:6800/4066341171 1 ==== mgr_command_reply(tid 0: 0 ) ==== 8+0+0 (secure 0 0 0) 0x7f85b8104580 con 0x7f859c039600
2024-04-26T11:16:21.502 INFO:teuthology.orchestra.run.smithi044.stdout:/usr/bin/ceph: stderr
2024-04-26T11:16:20.940+0000 7f85bde00700 1 -- 172.21.15.44:0/3366594976 >> [v2:172.21.15.44:6800/4066341171,v1:172.21.15.44:6801/4066341171] conn(0x7f859c039600 msgr2=0x7f859c03bac0 secure :-1 s=STATE_CONNECTION_ESTABLISHED l=1).mark_down
2024-04-26T11:16:21.502 INFO:teuthology.orchestra.run.smithi044.stdout:/usr/bin/ceph: stderr
2024-04-26T11:16:20.940+0000 7f85bde00700 1 --2- 172.21.15.44:0/3366594976 >> [v2:172.21.15.44:6800/4066341171,v1:172.21.15.44:6801/4066341171] conn(0x7f859c039600 0x7f859c03bac0 secure :-1 s=READY pgs=7 cs=0 l=1 rev1=1 crypto rx=0x7f85a4006fd0 tx=0x7f85a4006e40 comp rx=0 tx=0).stop
2024-04-26T11:16:21.502 INFO:teuthology.orchestra.run.smithi044.stdout:/usr/bin/ceph: stderr
2024-04-26T11:16:20.940+0000 7f85bde00700 1 -- 172.21.15.44:0/3366594976 >> [v2:172.21.15.44:3300/0,v1:172.21.15.44:6789/0] conn(0x7f85b8109960 msgr2=0x7f85b819cda0 secure :-1 s=STATE_CONNECTION_ESTABLISHED l=1).mark_down
2024-04-26T11:16:21.502 INFO:teuthology.orchestra.run.smithi044.stdout:/usr/bin/ceph: stderr
2024-04-26T11:16:20.940+0000 7f85bde00700 1 --2- 172.21.15.44:0/3366594976 >> [v2:172.21.15.44:3300/0,v1:172.21.15.44:6789/0] conn(0x7f85b8109960 0x7f85b819cda0 secure :-1 s=READY pgs=38 cs=0 l=1 rev1=1 crypto rx=0x7f85a8011ac0 tx=0x7f85a8011ba0 comp rx=0 tx=0).stop
2024-04-26T11:16:21.502 INFO:teuthology.orchestra.run.smithi044.stdout:/usr/bin/ceph: stderr
2024-04-26T11:16:20.940+0000 7f85bde00700 1 -- 172.21.15.44:0/3366594976 shutdown_connections
2024-04-26T11:16:21.502 INFO:teuthology.orchestra.run.smithi044.stdout:/usr/bin/ceph: stderr
2024-04-26T11:16:20.940+0000 7f85bde00700 1 --2- 172.21.15.44:0/3366594976 >> [v2:172.21.15.44:6800/4066341171,v1:172.21.15.44:6801/4066341171] conn(0x7f859c039600 0x7f859c03bac0 unknown :-1 s=CLOSED pgs=7 cs=0 l=1 rev1=1 crypto rx=0 tx=0 comp rx=0 tx=0).stop
2024-04-26T11:16:21.502 INFO:teuthology.orchestra.run.smithi044.stdout:/usr/bin/ceph: stderr
2024-04-26T11:16:20.940+0000 7f85bde00700 1 --2- 172.21.15.44:0/3366594976 >> [v2:172.21.15.44:3300/0,v1:172.21.15.44:6789/0] conn(0x7f85b8109960 0x7f85b819cda0 unknown :-1 s=CLOSED pgs=38 cs=0 l=1 rev1=1 crypto rx=0 tx=0 comp rx=0 tx=0).stop
2024-04-26T11:16:21.502 INFO:teuthology.orchestra.run.smithi044.stdout:/usr/bin/ceph: stderr
2024-04-26T11:16:20.940+0000 7f85bde00700 1 -- 172.21.15.44:0/3366594976 >> 172.21.15.44:0/3366594976 conn(0x7f85b8103310 msgr2=0x7f85b8103e70 unknown :-1 s=STATE_NONE l=0).mark_down
2024-04-26T11:16:21.502 INFO:teuthology.orchestra.run.smithi044.stdout:/usr/bin/ceph: stderr
2024-04-26T11:16:20.940+0000 7f85bde00700 1 -- 172.21.15.44:0/3366594976 shutdown_connections
2024-04-26T11:16:21.502 INFO:teuthology.orchestra.run.smithi044.stdout:/usr/bin/ceph: stderr
2024-04-26T11:16:20.941+0000 7f85bde00700 1 -- 172.21.15.44:0/3366594976 wait complete.
2024-04-26T11:16:21.755 INFO:journalctl@ceph.mon.a.smithi044.stdout:Apr 26 11:16:21 smithi044 ceph-mon[27763]: mgrmap e8: x(active, since 2s)
2024-04-26T11:16:21.756 INFO:journalctl@ceph.mon.a.smithi044.stdout:Apr 26 11:16:21 smithi044 ceph-mon[27763]: from='client.14132 -' entity='client.admin' cmd=[{"prefix": "orch set backend", "module_name": "cephadm", "target": ["mon-mgr", ""]}]: dispatch
2024-04-26T11:16:21.756 INFO:journalctl@ceph.mon.a.smithi044.stdout:Apr 26 11:16:21 smithi044 ceph-mon[27763]: from='mgr.14120 172.21.15.44:0/3815537518' entity='mgr.x'
2024-04-26T11:16:21.756 INFO:journalctl@ceph.mon.a.smithi044.stdout:Apr 26 11:16:21 smithi044 ceph-mon[27763]: from='mgr.14120 172.21.15.44:0/3815537518' entity='mgr.x' cmd=[{"prefix": "config dump", "format": "json"}]: dispatch
2024-04-26T11:16:23.055 INFO:teuthology.orchestra.run.smithi044.stdout:/usr/bin/ceph: stdout value unchanged
2024-04-26T11:16:23.055 INFO:teuthology.orchestra.run.smithi044.stdout:/usr/bin/ceph: stderr
2024-04-26T11:16:22.106+0000 7f50ccc00700 1 Processor -- start
2024-04-26T11:16:23.055 INFO:teuthology.orchestra.run.smithi044.stdout:/usr/bin/ceph: stderr
2024-04-26T11:16:22.106+0000 7f50ccc00700 1 -- start start
2024-04-26T11:16:23.056 INFO:teuthology.orchestra.run.smithi044.stdout:/usr/bin/ceph: stderr
2024-04-26T11:16:22.107+0000 7f50ccc00700 1 --2- >> [v2:172.21.15.44:3300/0,v1:172.21.15.44:6789/0] conn(0x7f50c810fcf0 0x7f50c81120e0 unknown :-1 s=NONE pgs=0 cs=0 l=0 rev1=0 crypto rx=0 tx=0 comp rx=0 tx=0).connect
2024-04-26T11:16:23.056 INFO:teuthology.orchestra.run.smithi044.stdout:/usr/bin/ceph: stderr
2024-04-26T11:16:22.107+0000 7f50ccc00700 1 -- --> [v2:172.21.15.44:3300/0,v1:172.21.15.44:6789/0] -- mon_getmap magic: 0 -- 0x7f50c8112620 con 0x7f50c810fcf0
2024-04-26T11:16:23.056 INFO:teuthology.orchestra.run.smithi044.stdout:/usr/bin/ceph: stderr
2024-04-26T11:16:22.107+0000 7f50c5e00700 1 --2- >> [v2:172.21.15.44:3300/0,v1:172.21.15.44:6789/0] conn(0x7f50c810fcf0 0x7f50c81120e0 unknown :-1 s=BANNER_CONNECTING pgs=0 cs=0 l=0 rev1=0 crypto rx=0 tx=0 comp rx=0 tx=0)._handle_peer_banner_payload supported=3 required=0
2024-04-26T11:16:23.058 INFO:teuthology.orchestra.run.smithi044.stdout:/usr/bin/ceph: stderr
2024-04-26T11:16:22.107+0000 7f50c5e00700 1 --2- >> [v2:172.21.15.44:3300/0,v1:172.21.15.44:6789/0] conn(0x7f50c810fcf0 0x7f50c81120e0 unknown :-1 s=HELLO_CONNECTING pgs=0 cs=0 l=0 rev1=1 crypto rx=0 tx=0 comp rx=0 tx=0).handle_hello peer v2:172.21.15.44:3300/0 says I am v2:172.21.15.44:54170/0 (socket says 172.21.15.44:54170)
2024-04-26T11:16:23.058 INFO:teuthology.orchestra.run.smithi044.stdout:/usr/bin/ceph: stderr
2024-04-26T11:16:22.107+0000 7f50c5e00700 1 -- 172.21.15.44:0/2026974747 learned_addr learned my addr 172.21.15.44:0/2026974747 (peer_addr_for_me v2:172.21.15.44:0/0)
2024-04-26T11:16:23.058 INFO:teuthology.orchestra.run.smithi044.stdout:/usr/bin/ceph: stderr
2024-04-26T11:16:22.108+0000 7f50c5e00700 1 -- 172.21.15.44:0/2026974747 --> [v2:172.21.15.44:3300/0,v1:172.21.15.44:6789/0] -- mon_subscribe({config=0+,monmap=0+}) -- 0x7f50c81127a0 con 0x7f50c810fcf0
2024-04-26T11:16:23.058 INFO:teuthology.orchestra.run.smithi044.stdout:/usr/bin/ceph: stderr
2024-04-26T11:16:22.108+0000 7f50c5e00700 1 --2- 172.21.15.44:0/2026974747 >> [v2:172.21.15.44:3300/0,v1:172.21.15.44:6789/0] conn(0x7f50c810fcf0 0x7f50c81120e0 secure :-1 s=READY pgs=39 cs=0 l=1 rev1=1 crypto rx=0x7f50b80098a0 tx=0x7f50b8009bb0 comp rx=0 tx=0).ready entity=mon.0 client_cookie=8186ed50fc735cd2 server_cookie=0 in_seq=0 out_seq=0
2024-04-26T11:16:23.058 INFO:teuthology.orchestra.run.smithi044.stdout:/usr/bin/ceph: stderr
2024-04-26T11:16:22.108+0000 7f50c5400700 1 -- 172.21.15.44:0/2026974747 <== mon.0 v2:172.21.15.44:3300/0 1 ==== mon_map magic: 0 ==== 205+0+0 (secure 0 0 0) 0x7f50b8004160 con 0x7f50c810fcf0
2024-04-26T11:16:23.058 INFO:teuthology.orchestra.run.smithi044.stdout:/usr/bin/ceph: stderr
2024-04-26T11:16:22.108+0000 7f50c5400700 1 -- 172.21.15.44:0/2026974747 <== mon.0 v2:172.21.15.44:3300/0 2 ==== config(26 keys) ==== 1070+0+0 (secure 0 0 0) 0x7f50b8004300 con 0x7f50c810fcf0
2024-04-26T11:16:23.058 INFO:teuthology.orchestra.run.smithi044.stdout:/usr/bin/ceph: stderr
2024-04-26T11:16:22.108+0000 7f50c5400700 1 -- 172.21.15.44:0/2026974747 <== mon.0 v2:172.21.15.44:3300/0 3 ==== mon_map magic: 0 ==== 205+0+0 (secure 0 0 0) 0x7f50b8011af0 con 0x7f50c810fcf0
2024-04-26T11:16:23.058 INFO:teuthology.orchestra.run.smithi044.stdout:/usr/bin/ceph: stderr
2024-04-26T11:16:22.109+0000 7f50ccc00700 1 -- 172.21.15.44:0/2026974747 >> [v2:172.21.15.44:3300/0,v1:172.21.15.44:6789/0] conn(0x7f50c810fcf0 msgr2=0x7f50c81120e0 secure :-1 s=STATE_CONNECTION_ESTABLISHED l=1).mark_down
2024-04-26T11:16:23.058 INFO:teuthology.orchestra.run.smithi044.stdout:/usr/bin/ceph: stderr
2024-04-26T11:16:22.109+0000 7f50ccc00700 1 --2- 172.21.15.44:0/2026974747 >> [v2:172.21.15.44:3300/0,v1:172.21.15.44:6789/0] conn(0x7f50c810fcf0 0x7f50c81120e0 secure :-1 s=READY pgs=39 cs=0 l=1 rev1=1 crypto rx=0x7f50b80098a0 tx=0x7f50b8009bb0 comp rx=0 tx=0).stop
2024-04-26T11:16:23.058 INFO:teuthology.orchestra.run.smithi044.stdout:/usr/bin/ceph: stderr
2024-04-26T11:16:22.109+0000 7f50ccc00700 1 -- 172.21.15.44:0/2026974747 shutdown_connections
2024-04-26T11:16:23.059 INFO:teuthology.orchestra.run.smithi044.stdout:/usr/bin/ceph: stderr
2024-04-26T11:16:22.109+0000 7f50ccc00700 1 --2- 172.21.15.44:0/2026974747 >> [v2:172.21.15.44:3300/0,v1:172.21.15.44:6789/0] conn(0x7f50c810fcf0 0x7f50c81120e0 unknown :-1 s=CLOSED pgs=39 cs=0 l=1 rev1=1 crypto rx=0 tx=0 comp rx=0 tx=0).stop
2024-04-26T11:16:23.059 INFO:teuthology.orchestra.run.smithi044.stdout:/usr/bin/ceph: stderr
2024-04-26T11:16:22.109+0000 7f50ccc00700 1 -- 172.21.15.44:0/2026974747 >> 172.21.15.44:0/2026974747 conn(0x7f50c807e410 msgr2=0x7f50c8080870 unknown :-1 s=STATE_NONE l=0).mark_down
2024-04-26T11:16:23.059 INFO:teuthology.orchestra.run.smithi044.stdout:/usr/bin/ceph: stderr
2024-04-26T11:16:22.109+0000 7f50ccc00700 1 -- 172.21.15.44:0/2026974747 shutdown_connections
2024-04-26T11:16:23.059 INFO:teuthology.orchestra.run.smithi044.stdout:/usr/bin/ceph: stderr
2024-04-26T11:16:22.109+0000 7f50ccc00700 1 -- 172.21.15.44:0/2026974747 wait complete.
2024-04-26T11:16:23.059 INFO:teuthology.orchestra.run.smithi044.stdout:/usr/bin/ceph: stderr
2024-04-26T11:16:22.110+0000 7f50ccc00700 1 Processor -- start
2024-04-26T11:16:23.059 INFO:teuthology.orchestra.run.smithi044.stdout:/usr/bin/ceph: stderr
2024-04-26T11:16:22.111+0000 7f50ccc00700 1 -- start start
2024-04-26T11:16:23.059 INFO:teuthology.orchestra.run.smithi044.stdout:/usr/bin/ceph: stderr
2024-04-26T11:16:22.111+0000 7f50ccc00700 1 --2- >> [v2:172.21.15.44:3300/0,v1:172.21.15.44:6789/0] conn(0x7f50c810fcf0 0x7f50c81a3380 unknown :-1 s=NONE pgs=0 cs=0 l=1 rev1=0 crypto rx=0 tx=0 comp rx=0 tx=0).connect
2024-04-26T11:16:23.059 INFO:teuthology.orchestra.run.smithi044.stdout:/usr/bin/ceph: stderr
2024-04-26T11:16:22.111+0000 7f50ccc00700 1 -- --> [v2:172.21.15.44:3300/0,v1:172.21.15.44:6789/0] -- mon_getmap magic: 0 -- 0x7f50c81137d0 con 0x7f50c810fcf0
2024-04-26T11:16:23.062 INFO:teuthology.orchestra.run.smithi044.stdout:/usr/bin/ceph: stderr
2024-04-26T11:16:22.111+0000 7f50c5e00700 1 --2- >> [v2:172.21.15.44:3300/0,v1:172.21.15.44:6789/0] conn(0x7f50c810fcf0 0x7f50c81a3380 unknown :-1 s=BANNER_CONNECTING pgs=0 cs=0 l=1 rev1=0 crypto rx=0 tx=0 comp rx=0 tx=0)._handle_peer_banner_payload supported=3 required=0
2024-04-26T11:16:23.062 INFO:teuthology.orchestra.run.smithi044.stdout:/usr/bin/ceph: stderr
2024-04-26T11:16:22.111+0000 7f50c5e00700 1 --2- >> [v2:172.21.15.44:3300/0,v1:172.21.15.44:6789/0] conn(0x7f50c810fcf0 0x7f50c81a3380 unknown :-1 s=HELLO_CONNECTING pgs=0 cs=0 l=1 rev1=1 crypto rx=0 tx=0 comp rx=0 tx=0).handle_hello peer v2:172.21.15.44:3300/0 says I am v2:172.21.15.44:54172/0 (socket says 172.21.15.44:54172)
2024-04-26T11:16:23.062 INFO:teuthology.orchestra.run.smithi044.stdout:/usr/bin/ceph: stderr
2024-04-26T11:16:22.111+0000 7f50c5e00700 1 -- 172.21.15.44:0/3266999079 learned_addr learned my addr 172.21.15.44:0/3266999079 (peer_addr_for_me v2:172.21.15.44:0/0)
2024-04-26T11:16:23.062 INFO:teuthology.orchestra.run.smithi044.stdout:/usr/bin/ceph: stderr
2024-04-26T11:16:22.112+0000 7f50c5e00700 1 -- 172.21.15.44:0/3266999079 --> [v2:172.21.15.44:3300/0,v1:172.21.15.44:6789/0] -- mon_subscribe({config=0+,monmap=0+}) -- 0x7f50c81a38c0 con 0x7f50c810fcf0
2024-04-26T11:16:23.063 INFO:teuthology.orchestra.run.smithi044.stdout:/usr/bin/ceph: stderr
2024-04-26T11:16:22.112+0000 7f50c5e00700 1 --2- 172.21.15.44:0/3266999079 >> [v2:172.21.15.44:3300/0,v1:172.21.15.44:6789/0] conn(0x7f50c810fcf0 0x7f50c81a3380 secure :-1 s=READY pgs=40 cs=0 l=1 rev1=1 crypto rx=0x7f50b8011ac0 tx=0x7f50b8011ba0 comp rx=0 tx=0).ready entity=mon.0 client_cookie=0 server_cookie=0 in_seq=0 out_seq=0
2024-04-26T11:16:23.063 INFO:teuthology.orchestra.run.smithi044.stdout:/usr/bin/ceph: stderr
2024-04-26T11:16:22.112+0000 7f50bea00700 1 -- 172.21.15.44:0/3266999079 <== mon.0 v2:172.21.15.44:3300/0 1 ==== mon_map magic: 0 ==== 205+0+0 (secure 0 0 0) 0x7f50b8003b20 con 0x7f50c810fcf0
2024-04-26T11:16:23.063 INFO:teuthology.orchestra.run.smithi044.stdout:/usr/bin/ceph: stderr
2024-04-26T11:16:22.112+0000 7f50bea00700 1 -- 172.21.15.44:0/3266999079 <== mon.0 v2:172.21.15.44:3300/0 2 ==== config(26 keys) ==== 1070+0+0 (secure 0 0 0) 0x7f50b801a8c0 con 0x7f50c810fcf0
2024-04-26T11:16:23.063 INFO:teuthology.orchestra.run.smithi044.stdout:/usr/bin/ceph: stderr
2024-04-26T11:16:22.112+0000 7f50ccc00700 1 -- 172.21.15.44:0/3266999079 --> [v2:172.21.15.44:3300/0,v1:172.21.15.44:6789/0] -- mon_subscribe({mgrmap=0+}) -- 0x7f50c81a3b50 con 0x7f50c810fcf0
2024-04-26T11:16:23.063 INFO:teuthology.orchestra.run.smithi044.stdout:/usr/bin/ceph: stderr
2024-04-26T11:16:22.112+0000 7f50bea00700 1 -- 172.21.15.44:0/3266999079 <== mon.0 v2:172.21.15.44:3300/0 3 ==== mon_map magic: 0 ==== 205+0+0 (secure 0 0 0) 0x7f50b80248d0 con 0x7f50c810fcf0
2024-04-26T11:16:23.063 INFO:teuthology.orchestra.run.smithi044.stdout:/usr/bin/ceph: stderr
2024-04-26T11:16:22.112+0000 7f50ccc00700 1 -- 172.21.15.44:0/3266999079 --> [v2:172.21.15.44:3300/0,v1:172.21.15.44:6789/0] -- mon_subscribe({osdmap=0}) -- 0x7f50c81a6840 con 0x7f50c810fcf0
2024-04-26T11:16:23.063 INFO:teuthology.orchestra.run.smithi044.stdout:/usr/bin/ceph: stderr
2024-04-26T11:16:22.113+0000 7f50bea00700 1 -- 172.21.15.44:0/3266999079 <== mon.0 v2:172.21.15.44:3300/0 4 ==== mgrmap(e 8) ==== 46558+0+0 (secure 0 0 0) 0x7f50b8022020 con 0x7f50c810fcf0
2024-04-26T11:16:23.063 INFO:teuthology.orchestra.run.smithi044.stdout:/usr/bin/ceph: stderr
2024-04-26T11:16:22.113+0000 7f50ccc00700 1 -- 172.21.15.44:0/3266999079 --> [v2:172.21.15.44:3300/0,v1:172.21.15.44:6789/0] -- mon_command({"prefix": "get_command_descriptions"} v 0) -- 0x7f50c806a560 con 0x7f50c810fcf0
2024-04-26T11:16:23.063 INFO:teuthology.orchestra.run.smithi044.stdout:/usr/bin/ceph: stderr
2024-04-26T11:16:22.114+0000 7f50bea00700 1 --2- 172.21.15.44:0/3266999079 >> [v2:172.21.15.44:6800/4066341171,v1:172.21.15.44:6801/4066341171] conn(0x7f50ac039600 0x7f50ac03bac0 unknown :-1 s=NONE pgs=0 cs=0 l=1 rev1=0 crypto rx=0 tx=0 comp rx=0 tx=0).connect
2024-04-26T11:16:23.063 INFO:teuthology.orchestra.run.smithi044.stdout:/usr/bin/ceph: stderr
2024-04-26T11:16:22.114+0000 7f50bea00700 1 -- 172.21.15.44:0/3266999079 <== mon.0 v2:172.21.15.44:3300/0 5 ==== osd_map(2..2 src has 1..2) ==== 940+0+0 (secure 0 0 0) 0x7f50b804d8f0 con 0x7f50c810fcf0
2024-04-26T11:16:23.063 INFO:teuthology.orchestra.run.smithi044.stdout:/usr/bin/ceph: stderr
2024-04-26T11:16:22.114+0000 7f50bfe00700 1 --2- 172.21.15.44:0/3266999079 >> [v2:172.21.15.44:6800/4066341171,v1:172.21.15.44:6801/4066341171] conn(0x7f50ac039600 0x7f50ac03bac0 unknown :-1 s=BANNER_CONNECTING pgs=0 cs=0 l=1 rev1=0 crypto rx=0 tx=0 comp rx=0 tx=0)._handle_peer_banner_payload supported=3 required=0
2024-04-26T11:16:23.063 INFO:teuthology.orchestra.run.smithi044.stdout:/usr/bin/ceph: stderr
2024-04-26T11:16:22.115+0000 7f50bfe00700 1 --2- 172.21.15.44:0/3266999079 >> [v2:172.21.15.44:6800/4066341171,v1:172.21.15.44:6801/4066341171] conn(0x7f50ac039600 0x7f50ac03bac0 secure :-1 s=READY pgs=8 cs=0 l=1 rev1=1 crypto rx=0x7f50b0006fd0 tx=0x7f50b0006e40 comp rx=0 tx=0).ready entity=mgr.14120 client_cookie=0 server_cookie=0 in_seq=0 out_seq=0
2024-04-26T11:16:23.063 INFO:teuthology.orchestra.run.smithi044.stdout:/usr/bin/ceph: stderr
2024-04-26T11:16:22.120+0000 7f50bea00700 1 -- 172.21.15.44:0/3266999079 <== mon.0 v2:172.21.15.44:3300/0 6 ==== mon_command_ack([{"prefix": "get_command_descriptions"}]=0 v0) ==== 72+0+188370 (secure 0 0 0) 0x7f50b801ab20 con 0x7f50c810fcf0
2024-04-26T11:16:23.064 INFO:teuthology.orchestra.run.smithi044.stdout:/usr/bin/ceph: stderr
2024-04-26T11:16:22.353+0000 7f50ccc00700 1 -- 172.21.15.44:0/3266999079 --> [v2:172.21.15.44:6800/4066341171,v1:172.21.15.44:6801/4066341171] -- mgr_command(tid 0: {"prefix": "cephadm set-user", "user": "root", "target": ["mon-mgr", ""]}) -- 0x7f50c807f600 con 0x7f50ac039600
2024-04-26T11:16:23.064 INFO:teuthology.orchestra.run.smithi044.stdout:/usr/bin/ceph: stderr
2024-04-26T11:16:22.354+0000 7f50bea00700 1 -- 172.21.15.44:0/3266999079 <== mgr.14120 v2:172.21.15.44:6800/4066341171 1 ==== mgr_command_reply(tid 0: 0 ) ==== 8+0+16 (secure 0 0 0) 0x7f50c807f600 con 0x7f50ac039600
2024-04-26T11:16:23.064 INFO:teuthology.orchestra.run.smithi044.stdout:/usr/bin/ceph: stderr
2024-04-26T11:16:22.357+0000 7f50ccc00700 1 -- 172.21.15.44:0/3266999079 >> [v2:172.21.15.44:6800/4066341171,v1:172.21.15.44:6801/4066341171] conn(0x7f50ac039600 msgr2=0x7f50ac03bac0 secure :-1 s=STATE_CONNECTION_ESTABLISHED l=1).mark_down
2024-04-26T11:16:23.064 INFO:teuthology.orchestra.run.smithi044.stdout:/usr/bin/ceph: stderr
2024-04-26T11:16:22.357+0000 7f50ccc00700 1 --2- 172.21.15.44:0/3266999079 >> [v2:172.21.15.44:6800/4066341171,v1:172.21.15.44:6801/4066341171] conn(0x7f50ac039600 0x7f50ac03bac0 secure :-1 s=READY pgs=8 cs=0 l=1 rev1=1 crypto rx=0x7f50b0006fd0 tx=0x7f50b0006e40 comp rx=0 tx=0).stop
2024-04-26T11:16:23.064 INFO:teuthology.orchestra.run.smithi044.stdout:/usr/bin/ceph: stderr
2024-04-26T11:16:22.357+0000 7f50ccc00700 1 -- 172.21.15.44:0/3266999079 >> [v2:172.21.15.44:3300/0,v1:172.21.15.44:6789/0] conn(0x7f50c810fcf0 msgr2=0x7f50c81a3380 secure :-1 s=STATE_CONNECTION_ESTABLISHED l=1).mark_down
2024-04-26T11:16:23.064 INFO:teuthology.orchestra.run.smithi044.stdout:/usr/bin/ceph: stderr
2024-04-26T11:16:22.357+0000 7f50ccc00700 1 --2- 172.21.15.44:0/3266999079 >> [v2:172.21.15.44:3300/0,v1:172.21.15.44:6789/0] conn(0x7f50c810fcf0 0x7f50c81a3380 secure :-1 s=READY pgs=40 cs=0 l=1 rev1=1 crypto rx=0x7f50b8011ac0 tx=0x7f50b8011ba0 comp rx=0 tx=0).stop
2024-04-26T11:16:23.064 INFO:teuthology.orchestra.run.smithi044.stdout:/usr/bin/ceph: stderr
2024-04-26T11:16:22.357+0000 7f50ccc00700 1 -- 172.21.15.44:0/3266999079 shutdown_connections
2024-04-26T11:16:23.064 INFO:teuthology.orchestra.run.smithi044.stdout:/usr/bin/ceph: stderr
2024-04-26T11:16:22.357+0000 7f50ccc00700 1 --2- 172.21.15.44:0/3266999079 >> [v2:172.21.15.44:6800/4066341171,v1:172.21.15.44:6801/4066341171] conn(0x7f50ac039600 0x7f50ac03bac0 unknown :-1 s=CLOSED pgs=8 cs=0 l=1 rev1=1 crypto rx=0 tx=0 comp rx=0 tx=0).stop
2024-04-26T11:16:23.064 INFO:teuthology.orchestra.run.smithi044.stdout:/usr/bin/ceph: stderr
2024-04-26T11:16:22.357+0000 7f50ccc00700 1 --2- 172.21.15.44:0/3266999079 >> [v2:172.21.15.44:3300/0,v1:172.21.15.44:6789/0] conn(0x7f50c810fcf0 0x7f50c81a3380 unknown :-1 s=CLOSED pgs=40 cs=0 l=1 rev1=1 crypto rx=0 tx=0 comp rx=0 tx=0).stop
2024-04-26T11:16:23.064 INFO:teuthology.orchestra.run.smithi044.stdout:/usr/bin/ceph: stderr
2024-04-26T11:16:22.357+0000 7f50ccc00700 1 -- 172.21.15.44:0/3266999079 >> 172.21.15.44:0/3266999079 conn(0x7f50c807e410 msgr2=0x7f50c807eef0 unknown :-1 s=STATE_NONE l=0).mark_down
2024-04-26T11:16:23.065 INFO:teuthology.orchestra.run.smithi044.stdout:/usr/bin/ceph: stderr
2024-04-26T11:16:22.358+0000 7f50ccc00700 1 -- 172.21.15.44:0/3266999079 shutdown_connections
2024-04-26T11:16:23.065 INFO:teuthology.orchestra.run.smithi044.stdout:/usr/bin/ceph: stderr
2024-04-26T11:16:22.358+0000 7f50ccc00700 1 -- 172.21.15.44:0/3266999079 wait complete.
2024-04-26T11:16:23.065 INFO:teuthology.orchestra.run.smithi044.stdout:Generating ssh key...
2024-04-26T11:16:23.619 INFO:journalctl@ceph.mon.a.smithi044.stdout:Apr 26 11:16:23 smithi044 ceph-mon[27763]: from='client.14134 -' entity='client.admin' cmd=[{"prefix": "cephadm set-user", "user": "root", "target": ["mon-mgr", ""]}]: dispatch
2024-04-26T11:16:24.506 INFO:journalctl@ceph.mgr.x.smithi044.stdout:Apr 26 11:16:24 smithi044 ceph-214e0844-03be-11ef-bc93-c7b262605968-mgr-x[27990]: Generating public/private rsa key pair.
2024-04-26T11:16:24.507 INFO:journalctl@ceph.mgr.x.smithi044.stdout:Apr 26 11:16:24 smithi044 ceph-214e0844-03be-11ef-bc93-c7b262605968-mgr-x[27990]: Your identification has been saved in /tmp/tmpib033sg2/key.
2024-04-26T11:16:24.507 INFO:journalctl@ceph.mgr.x.smithi044.stdout:Apr 26 11:16:24 smithi044 ceph-214e0844-03be-11ef-bc93-c7b262605968-mgr-x[27990]: Your public key has been saved in /tmp/tmpib033sg2/key.pub.
2024-04-26T11:16:24.507 INFO:journalctl@ceph.mgr.x.smithi044.stdout:Apr 26 11:16:24 smithi044 ceph-214e0844-03be-11ef-bc93-c7b262605968-mgr-x[27990]: The key fingerprint is:
2024-04-26T11:16:24.507 INFO:journalctl@ceph.mgr.x.smithi044.stdout:Apr 26 11:16:24 smithi044 ceph-214e0844-03be-11ef-bc93-c7b262605968-mgr-x[27990]: SHA256:ZA8m6/jHBv/Zjey+ckCp146JrlqCMOTrAnuRgCdoTrQ ceph-214e0844-03be-11ef-bc93-c7b262605968
2024-04-26T11:16:24.507 INFO:journalctl@ceph.mgr.x.smithi044.stdout:Apr 26 11:16:24 smithi044 ceph-214e0844-03be-11ef-bc93-c7b262605968-mgr-x[27990]: The key's randomart image is:
2024-04-26T11:16:24.507 INFO:journalctl@ceph.mgr.x.smithi044.stdout:Apr 26 11:16:24 smithi044 ceph-214e0844-03be-11ef-bc93-c7b262605968-mgr-x[27990]: +---[RSA 3072]----+
2024-04-26T11:16:24.507 INFO:journalctl@ceph.mgr.x.smithi044.stdout:Apr 26 11:16:24 smithi044 ceph-214e0844-03be-11ef-bc93-c7b262605968-mgr-x[27990]: | |
2024-04-26T11:16:24.507 INFO:journalctl@ceph.mgr.x.smithi044.stdout:Apr 26 11:16:24 smithi044 ceph-214e0844-03be-11ef-bc93-c7b262605968-mgr-x[27990]: | . |
2024-04-26T11:16:24.507 INFO:journalctl@ceph.mgr.x.smithi044.stdout:Apr 26 11:16:24 smithi044 ceph-214e0844-03be-11ef-bc93-c7b262605968-mgr-x[27990]: |+.. . = . |
2024-04-26T11:16:24.507 INFO:journalctl@ceph.mgr.x.smithi044.stdout:Apr 26 11:16:24 smithi044 ceph-214e0844-03be-11ef-bc93-c7b262605968-mgr-x[27990]: |BE. * oo |
2024-04-26T11:16:24.507 INFO:journalctl@ceph.mgr.x.smithi044.stdout:Apr 26 11:16:24 smithi044 ceph-214e0844-03be-11ef-bc93-c7b262605968-mgr-x[27990]: |*= . . So.. |
2024-04-26T11:16:24.507 INFO:journalctl@ceph.mgr.x.smithi044.stdout:Apr 26 11:16:24 smithi044 ceph-214e0844-03be-11ef-bc93-c7b262605968-mgr-x[27990]: |.++. o. . o . |
2024-04-26T11:16:24.507 INFO:journalctl@ceph.mgr.x.smithi044.stdout:Apr 26 11:16:24 smithi044 ceph-214e0844-03be-11ef-bc93-c7b262605968-mgr-x[27990]: |.o..o o+ o = |
2024-04-26T11:16:24.507 INFO:journalctl@ceph.mgr.x.smithi044.stdout:Apr 26 11:16:24 smithi044 ceph-214e0844-03be-11ef-bc93-c7b262605968-mgr-x[27990]: |+ . + * ++oo |
2024-04-26T11:16:24.508 INFO:journalctl@ceph.mgr.x.smithi044.stdout:Apr 26 11:16:24 smithi044 ceph-214e0844-03be-11ef-bc93-c7b262605968-mgr-x[27990]: |.o ..o=..o=B.. |
2024-04-26T11:16:24.508 INFO:journalctl@ceph.mgr.x.smithi044.stdout:Apr 26 11:16:24 smithi044 ceph-214e0844-03be-11ef-bc93-c7b262605968-mgr-x[27990]: +----[SHA256]-----+
2024-04-26T11:16:24.947 INFO:teuthology.orchestra.run.smithi044.stdout:/usr/bin/ceph: stderr
2024-04-26T11:16:23.675+0000 7f67b0000700 1 Processor -- start
2024-04-26T11:16:24.948 INFO:teuthology.orchestra.run.smithi044.stdout:/usr/bin/ceph: stderr
2024-04-26T11:16:23.675+0000 7f67b0000700 1 -- start start
2024-04-26T11:16:24.948 INFO:teuthology.orchestra.run.smithi044.stdout:/usr/bin/ceph: stderr
2024-04-26T11:16:23.675+0000 7f67b0000700 1 --2- >> [v2:172.21.15.44:3300/0,v1:172.21.15.44:6789/0] conn(0x7f67a810b060 0x7f67a810b480 unknown :-1 s=NONE pgs=0 cs=0 l=0 rev1=0 crypto rx=0 tx=0 comp rx=0 tx=0).connect
2024-04-26T11:16:24.948 INFO:teuthology.orchestra.run.smithi044.stdout:/usr/bin/ceph: stderr
2024-04-26T11:16:23.675+0000 7f67b0000700 1 -- --> [v2:172.21.15.44:3300/0,v1:172.21.15.44:6789/0] -- mon_getmap magic: 0 -- 0x7f67a810ba50 con 0x7f67a810b060
2024-04-26T11:16:24.948 INFO:teuthology.orchestra.run.smithi044.stdout:/usr/bin/ceph: stderr
2024-04-26T11:16:23.676+0000 7f67ad600700 1 --2- >> [v2:172.21.15.44:3300/0,v1:172.21.15.44:6789/0] conn(0x7f67a810b060 0x7f67a810b480 unknown :-1 s=BANNER_CONNECTING pgs=0 cs=0 l=0 rev1=0 crypto rx=0 tx=0 comp rx=0 tx=0)._handle_peer_banner_payload supported=3 required=0
2024-04-26T11:16:24.948 INFO:teuthology.orchestra.run.smithi044.stdout:/usr/bin/ceph: stderr
2024-04-26T11:16:23.676+0000 7f67ad600700 1 --2- >> [v2:172.21.15.44:3300/0,v1:172.21.15.44:6789/0] conn(0x7f67a810b060 0x7f67a810b480 unknown :-1 s=HELLO_CONNECTING pgs=0 cs=0 l=0 rev1=1 crypto rx=0 tx=0 comp rx=0 tx=0).handle_hello peer v2:172.21.15.44:3300/0 says I am v2:172.21.15.44:54178/0 (socket says 172.21.15.44:54178)
2024-04-26T11:16:24.952 INFO:teuthology.orchestra.run.smithi044.stdout:/usr/bin/ceph: stderr
2024-04-26T11:16:23.676+0000 7f67ad600700 1 -- 172.21.15.44:0/2585548993 learned_addr learned my addr 172.21.15.44:0/2585548993 (peer_addr_for_me v2:172.21.15.44:0/0)
2024-04-26T11:16:24.952 INFO:teuthology.orchestra.run.smithi044.stdout:/usr/bin/ceph: stderr
2024-04-26T11:16:23.676+0000 7f67ad600700 1 -- 172.21.15.44:0/2585548993 --> [v2:172.21.15.44:3300/0,v1:172.21.15.44:6789/0] -- mon_subscribe({config=0+,monmap=0+}) -- 0x7f67a810c260 con 0x7f67a810b060
2024-04-26T11:16:24.952 INFO:teuthology.orchestra.run.smithi044.stdout:/usr/bin/ceph: stderr
2024-04-26T11:16:23.677+0000 7f67ad600700 1 --2- 172.21.15.44:0/2585548993 >> [v2:172.21.15.44:3300/0,v1:172.21.15.44:6789/0] conn(0x7f67a810b060 0x7f67a810b480 secure :-1 s=READY pgs=41 cs=0 l=1 rev1=1 crypto rx=0x7f679c0098a0 tx=0x7f679c009bb0 comp rx=0 tx=0).ready entity=mon.0 client_cookie=7ec414647b1f1cd3 server_cookie=0 in_seq=0 out_seq=0
2024-04-26T11:16:24.952 INFO:teuthology.orchestra.run.smithi044.stdout:/usr/bin/ceph: stderr
2024-04-26T11:16:23.677+0000 7f67a7e00700 1 -- 172.21.15.44:0/2585548993 <== mon.0 v2:172.21.15.44:3300/0 1 ==== mon_map magic: 0 ==== 205+0+0 (secure 0 0 0) 0x7f679c004160 con 0x7f67a810b060
2024-04-26T11:16:24.953 INFO:teuthology.orchestra.run.smithi044.stdout:/usr/bin/ceph: stderr
2024-04-26T11:16:23.677+0000 7f67a7e00700 1 -- 172.21.15.44:0/2585548993 <== mon.0 v2:172.21.15.44:3300/0 2 ==== config(26 keys) ==== 1070+0+0 (secure 0 0 0) 0x7f679c004300 con 0x7f67a810b060
2024-04-26T11:16:24.953 INFO:teuthology.orchestra.run.smithi044.stdout:/usr/bin/ceph: stderr
2024-04-26T11:16:23.677+0000 7f67a7e00700 1 -- 172.21.15.44:0/2585548993 <== mon.0 v2:172.21.15.44:3300/0 3 ==== mon_map magic: 0 ==== 205+0+0 (secure 0 0 0) 0x7f679c011af0 con 0x7f67a810b060
2024-04-26T11:16:24.953 INFO:teuthology.orchestra.run.smithi044.stdout:/usr/bin/ceph: stderr
2024-04-26T11:16:23.678+0000 7f67b0000700 1 -- 172.21.15.44:0/2585548993 >> [v2:172.21.15.44:3300/0,v1:172.21.15.44:6789/0] conn(0x7f67a810b060 msgr2=0x7f67a810b480 secure :-1 s=STATE_CONNECTION_ESTABLISHED l=1).mark_down
2024-04-26T11:16:24.953 INFO:teuthology.orchestra.run.smithi044.stdout:/usr/bin/ceph: stderr
2024-04-26T11:16:23.678+0000 7f67b0000700 1 --2- 172.21.15.44:0/2585548993 >> [v2:172.21.15.44:3300/0,v1:172.21.15.44:6789/0] conn(0x7f67a810b060 0x7f67a810b480 secure :-1 s=READY pgs=41 cs=0 l=1 rev1=1 crypto rx=0x7f679c0098a0 tx=0x7f679c009bb0 comp rx=0 tx=0).stop
2024-04-26T11:16:24.953 INFO:teuthology.orchestra.run.smithi044.stdout:/usr/bin/ceph: stderr
2024-04-26T11:16:23.678+0000 7f67b0000700 1 -- 172.21.15.44:0/2585548993 shutdown_connections
2024-04-26T11:16:24.953 INFO:teuthology.orchestra.run.smithi044.stdout:/usr/bin/ceph: stderr
2024-04-26T11:16:23.678+0000 7f67b0000700 1 --2- 172.21.15.44:0/2585548993 >> [v2:172.21.15.44:3300/0,v1:172.21.15.44:6789/0] conn(0x7f67a810b060 0x7f67a810b480 unknown :-1 s=CLOSED pgs=41 cs=0 l=1 rev1=1 crypto rx=0 tx=0 comp rx=0 tx=0).stop
2024-04-26T11:16:24.953 INFO:teuthology.orchestra.run.smithi044.stdout:/usr/bin/ceph: stderr
2024-04-26T11:16:23.678+0000 7f67b0000700 1 -- 172.21.15.44:0/2585548993 >> 172.21.15.44:0/2585548993 conn(0x7f67a807e410 msgr2=0x7f67a807e860 unknown :-1 s=STATE_NONE l=0).mark_down
2024-04-26T11:16:24.953 INFO:teuthology.orchestra.run.smithi044.stdout:/usr/bin/ceph: stderr
2024-04-26T11:16:23.678+0000 7f67b0000700 1 -- 172.21.15.44:0/2585548993 shutdown_connections
2024-04-26T11:16:24.953 INFO:teuthology.orchestra.run.smithi044.stdout:/usr/bin/ceph: stderr
2024-04-26T11:16:23.678+0000 7f67b0000700 1 -- 172.21.15.44:0/2585548993 wait complete.
2024-04-26T11:16:24.953 INFO:teuthology.orchestra.run.smithi044.stdout:/usr/bin/ceph: stderr
2024-04-26T11:16:23.679+0000 7f67b0000700 1 Processor -- start
2024-04-26T11:16:24.953 INFO:teuthology.orchestra.run.smithi044.stdout:/usr/bin/ceph: stderr
2024-04-26T11:16:23.680+0000 7f67b0000700 1 -- start start
2024-04-26T11:16:24.953 INFO:teuthology.orchestra.run.smithi044.stdout:/usr/bin/ceph: stderr
2024-04-26T11:16:23.680+0000 7f67b0000700 1 --2- >> [v2:172.21.15.44:3300/0,v1:172.21.15.44:6789/0] conn(0x7f67a810b060 0x7f67a819efd0 unknown :-1 s=NONE pgs=0 cs=0 l=1 rev1=0 crypto rx=0 tx=0 comp rx=0 tx=0).connect
2024-04-26T11:16:24.953 INFO:teuthology.orchestra.run.smithi044.stdout:/usr/bin/ceph: stderr
2024-04-26T11:16:23.680+0000 7f67b0000700 1 -- --> [v2:172.21.15.44:3300/0,v1:172.21.15.44:6789/0] -- mon_getmap magic: 0 -- 0x7f67a810f610 con 0x7f67a810b060
2024-04-26T11:16:24.953 INFO:teuthology.orchestra.run.smithi044.stdout:/usr/bin/ceph: stderr
2024-04-26T11:16:23.680+0000 7f67ad600700 1 --2- >> [v2:172.21.15.44:3300/0,v1:172.21.15.44:6789/0] conn(0x7f67a810b060 0x7f67a819efd0 unknown :-1 s=BANNER_CONNECTING pgs=0 cs=0 l=1 rev1=0 crypto rx=0 tx=0 comp rx=0 tx=0)._handle_peer_banner_payload supported=3 required=0
2024-04-26T11:16:24.954 INFO:teuthology.orchestra.run.smithi044.stdout:/usr/bin/ceph: stderr
2024-04-26T11:16:23.680+0000 7f67ad600700 1 --2- >> [v2:172.21.15.44:3300/0,v1:172.21.15.44:6789/0] conn(0x7f67a810b060 0x7f67a819efd0 unknown :-1 s=HELLO_CONNECTING pgs=0 cs=0 l=1 rev1=1 crypto rx=0 tx=0 comp rx=0 tx=0).handle_hello peer v2:172.21.15.44:3300/0 says I am v2:172.21.15.44:54180/0 (socket says 172.21.15.44:54180)
2024-04-26T11:16:24.954 INFO:teuthology.orchestra.run.smithi044.stdout:/usr/bin/ceph: stderr
2024-04-26T11:16:23.680+0000 7f67ad600700 1 -- 172.21.15.44:0/2852575978 learned_addr learned my addr 172.21.15.44:0/2852575978 (peer_addr_for_me v2:172.21.15.44:0/0)
2024-04-26T11:16:24.954 INFO:teuthology.orchestra.run.smithi044.stdout:/usr/bin/ceph: stderr
2024-04-26T11:16:23.681+0000 7f67ad600700 1 -- 172.21.15.44:0/2852575978 --> [v2:172.21.15.44:3300/0,v1:172.21.15.44:6789/0] -- mon_subscribe({config=0+,monmap=0+}) -- 0x7f67a819f510 con 0x7f67a810b060
2024-04-26T11:16:24.954 INFO:teuthology.orchestra.run.smithi044.stdout:/usr/bin/ceph: stderr
2024-04-26T11:16:23.681+0000 7f67ad600700 1 --2- 172.21.15.44:0/2852575978 >> [v2:172.21.15.44:3300/0,v1:172.21.15.44:6789/0] conn(0x7f67a810b060 0x7f67a819efd0 secure :-1 s=READY pgs=42 cs=0 l=1 rev1=1 crypto rx=0x7f679c000c00 tx=0x7f679c011b70 comp rx=0 tx=0).ready entity=mon.0 client_cookie=0 server_cookie=0 in_seq=0 out_seq=0
2024-04-26T11:16:24.954 INFO:teuthology.orchestra.run.smithi044.stdout:/usr/bin/ceph: stderr
2024-04-26T11:16:23.681+0000 7f67a6000700 1 -- 172.21.15.44:0/2852575978 <== mon.0 v2:172.21.15.44:3300/0 1 ==== mon_map magic: 0 ==== 205+0+0 (secure 0 0 0) 0x7f679c003b20 con 0x7f67a810b060
2024-04-26T11:16:24.954 INFO:teuthology.orchestra.run.smithi044.stdout:/usr/bin/ceph: stderr
2024-04-26T11:16:23.681+0000 7f67a6000700 1 -- 172.21.15.44:0/2852575978 <== mon.0 v2:172.21.15.44:3300/0 2 ==== config(26 keys) ==== 1070+0+0 (secure 0 0 0) 0x7f679c01a8c0 con 0x7f67a810b060
2024-04-26T11:16:24.954 INFO:teuthology.orchestra.run.smithi044.stdout:/usr/bin/ceph: stderr
2024-04-26T11:16:23.681+0000 7f67a6000700 1 -- 172.21.15.44:0/2852575978 <== mon.0 v2:172.21.15.44:3300/0 3 ==== mon_map magic: 0 ==== 205+0+0 (secure 0 0 0) 0x7f679c024940 con 0x7f67a810b060
2024-04-26T11:16:24.954 INFO:teuthology.orchestra.run.smithi044.stdout:/usr/bin/ceph: stderr
2024-04-26T11:16:23.681+0000 7f67b0000700 1 -- 172.21.15.44:0/2852575978 --> [v2:172.21.15.44:3300/0,v1:172.21.15.44:6789/0] -- mon_subscribe({mgrmap=0+}) -- 0x7f67a819f7a0 con 0x7f67a810b060
2024-04-26T11:16:24.954 INFO:teuthology.orchestra.run.smithi044.stdout:/usr/bin/ceph: stderr
2024-04-26T11:16:23.681+0000 7f67b0000700 1 -- 172.21.15.44:0/2852575978 --> [v2:172.21.15.44:3300/0,v1:172.21.15.44:6789/0] -- mon_subscribe({osdmap=0}) -- 0x7f67a81a2490 con 0x7f67a810b060
2024-04-26T11:16:24.954 INFO:teuthology.orchestra.run.smithi044.stdout:/usr/bin/ceph: stderr
2024-04-26T11:16:23.682+0000 7f67b0000700 1 -- 172.21.15.44:0/2852575978 --> [v2:172.21.15.44:3300/0,v1:172.21.15.44:6789/0] -- mon_command({"prefix": "get_command_descriptions"} v 0) -- 0x7f67a8064a80 con 0x7f67a810b060
2024-04-26T11:16:24.954 INFO:teuthology.orchestra.run.smithi044.stdout:/usr/bin/ceph: stderr
2024-04-26T11:16:23.682+0000 7f67a6000700 1 -- 172.21.15.44:0/2852575978 <== mon.0 v2:172.21.15.44:3300/0 4 ==== mgrmap(e 8) ==== 46558+0+0 (secure 0 0 0) 0x7f679c022020 con 0x7f67a810b060
2024-04-26T11:16:24.954 INFO:teuthology.orchestra.run.smithi044.stdout:/usr/bin/ceph: stderr
2024-04-26T11:16:23.683+0000 7f67a6000700 1 --2- 172.21.15.44:0/2852575978 >> [v2:172.21.15.44:6800/4066341171,v1:172.21.15.44:6801/4066341171] conn(0x7f6790039600 0x7f679003bac0 unknown :-1 s=NONE pgs=0 cs=0 l=1 rev1=0 crypto rx=0 tx=0 comp rx=0 tx=0).connect
2024-04-26T11:16:24.954 INFO:teuthology.orchestra.run.smithi044.stdout:/usr/bin/ceph: stderr
2024-04-26T11:16:23.683+0000 7f67a6000700 1 -- 172.21.15.44:0/2852575978 <== mon.0 v2:172.21.15.44:3300/0 5 ==== osd_map(2..2 src has 1..2) ==== 940+0+0 (secure 0 0 0) 0x7f679c04d8a0 con 0x7f67a810b060
2024-04-26T11:16:24.954 INFO:teuthology.orchestra.run.smithi044.stdout:/usr/bin/ceph: stderr
2024-04-26T11:16:23.683+0000 7f67acc00700 1 --2- 172.21.15.44:0/2852575978 >> [v2:172.21.15.44:6800/4066341171,v1:172.21.15.44:6801/4066341171] conn(0x7f6790039600 0x7f679003bac0 unknown :-1 s=BANNER_CONNECTING pgs=0 cs=0 l=1 rev1=0 crypto rx=0 tx=0 comp rx=0 tx=0)._handle_peer_banner_payload supported=3 required=0
2024-04-26T11:16:24.955 INFO:teuthology.orchestra.run.smithi044.stdout:/usr/bin/ceph: stderr
2024-04-26T11:16:23.684+0000 7f67acc00700 1 --2- 172.21.15.44:0/2852575978 >> [v2:172.21.15.44:6800/4066341171,v1:172.21.15.44:6801/4066341171] conn(0x7f6790039600 0x7f679003bac0 secure :-1 s=READY pgs=9 cs=0 l=1 rev1=1 crypto rx=0x7f6794006fd0 tx=0x7f6794006e40 comp rx=0 tx=0).ready entity=mgr.14120 client_cookie=0 server_cookie=0 in_seq=0 out_seq=0
2024-04-26T11:16:24.955 INFO:teuthology.orchestra.run.smithi044.stdout:/usr/bin/ceph: stderr
2024-04-26T11:16:23.688+0000 7f67a6000700 1 -- 172.21.15.44:0/2852575978 <== mon.0 v2:172.21.15.44:3300/0 6 ==== mon_command_ack([{"prefix": "get_command_descriptions"}]=0 v0) ==== 72+0+188370 (secure 0 0 0) 0x7f679c00be50 con 0x7f67a810b060
2024-04-26T11:16:24.955 INFO:teuthology.orchestra.run.smithi044.stdout:/usr/bin/ceph: stderr
2024-04-26T11:16:23.918+0000 7f67b0000700 1 -- 172.21.15.44:0/2852575978 --> [v2:172.21.15.44:6800/4066341171,v1:172.21.15.44:6801/4066341171] -- mgr_command(tid 0: {"prefix": "cephadm generate-key", "target": ["mon-mgr", ""]}) -- 0x7f67a8108c20 con 0x7f6790039600
2024-04-26T11:16:24.955 INFO:teuthology.orchestra.run.smithi044.stdout:/usr/bin/ceph: stderr
2024-04-26T11:16:24.224+0000 7f67a6000700 1 -- 172.21.15.44:0/2852575978 <== mgr.14120 v2:172.21.15.44:6800/4066341171 1 ==== mgr_command_reply(tid 0: 0 ) ==== 8+0+0 (secure 0 0 0) 0x7f67a8108c20 con 0x7f6790039600
2024-04-26T11:16:24.955 INFO:teuthology.orchestra.run.smithi044.stdout:/usr/bin/ceph: stderr
2024-04-26T11:16:24.229+0000 7f67b0000700 1 -- 172.21.15.44:0/2852575978 >> [v2:172.21.15.44:6800/4066341171,v1:172.21.15.44:6801/4066341171] conn(0x7f6790039600 msgr2=0x7f679003bac0 secure :-1 s=STATE_CONNECTION_ESTABLISHED l=1).mark_down
2024-04-26T11:16:24.955 INFO:teuthology.orchestra.run.smithi044.stdout:/usr/bin/ceph: stderr
2024-04-26T11:16:24.229+0000 7f67b0000700 1 --2- 172.21.15.44:0/2852575978 >> [v2:172.21.15.44:6800/4066341171,v1:172.21.15.44:6801/4066341171] conn(0x7f6790039600 0x7f679003bac0 secure :-1 s=READY pgs=9 cs=0 l=1 rev1=1 crypto rx=0x7f6794006fd0 tx=0x7f6794006e40 comp rx=0 tx=0).stop
2024-04-26T11:16:24.955 INFO:teuthology.orchestra.run.smithi044.stdout:/usr/bin/ceph: stderr
2024-04-26T11:16:24.229+0000 7f67b0000700 1 -- 172.21.15.44:0/2852575978 >> [v2:172.21.15.44:3300/0,v1:172.21.15.44:6789/0] conn(0x7f67a810b060 msgr2=0x7f67a819efd0 secure :-1 s=STATE_CONNECTION_ESTABLISHED l=1).mark_down
2024-04-26T11:16:24.956 INFO:teuthology.orchestra.run.smithi044.stdout:/usr/bin/ceph: stderr
2024-04-26T11:16:24.229+0000 7f67b0000700 1 --2- 172.21.15.44:0/2852575978 >> [v2:172.21.15.44:3300/0,v1:172.21.15.44:6789/0] conn(0x7f67a810b060 0x7f67a819efd0 secure :-1 s=READY pgs=42 cs=0 l=1 rev1=1 crypto rx=0x7f679c000c00 tx=0x7f679c011b70 comp rx=0 tx=0).stop
2024-04-26T11:16:24.956 INFO:teuthology.orchestra.run.smithi044.stdout:/usr/bin/ceph: stderr
2024-04-26T11:16:24.229+0000 7f67b0000700 1 -- 172.21.15.44:0/2852575978 shutdown_connections
2024-04-26T11:16:24.956 INFO:teuthology.orchestra.run.smithi044.stdout:/usr/bin/ceph: stderr
2024-04-26T11:16:24.229+0000 7f67b0000700 1 --2- 172.21.15.44:0/2852575978 >> [v2:172.21.15.44:6800/4066341171,v1:172.21.15.44:6801/4066341171] conn(0x7f6790039600 0x7f679003bac0 unknown :-1 s=CLOSED pgs=9 cs=0 l=1 rev1=1 crypto rx=0 tx=0 comp rx=0 tx=0).stop
2024-04-26T11:16:24.956 INFO:teuthology.orchestra.run.smithi044.stdout:/usr/bin/ceph: stderr
2024-04-26T11:16:24.229+0000 7f67b0000700 1 --2- 172.21.15.44:0/2852575978 >> [v2:172.21.15.44:3300/0,v1:172.21.15.44:6789/0] conn(0x7f67a810b060 0x7f67a819efd0 unknown :-1 s=CLOSED pgs=42 cs=0 l=1 rev1=1 crypto rx=0 tx=0 comp rx=0 tx=0).stop
2024-04-26T11:16:24.956 INFO:teuthology.orchestra.run.smithi044.stdout:/usr/bin/ceph: stderr
2024-04-26T11:16:24.229+0000 7f67b0000700 1 -- 172.21.15.44:0/2852575978 >> 172.21.15.44:0/2852575978 conn(0x7f67a807e410 msgr2=0x7f67a8108510 unknown :-1 s=STATE_NONE l=0).mark_down
2024-04-26T11:16:24.956 INFO:teuthology.orchestra.run.smithi044.stdout:/usr/bin/ceph: stderr
2024-04-26T11:16:24.229+0000 7f67b0000700 1 -- 172.21.15.44:0/2852575978 shutdown_connections
2024-04-26T11:16:24.956 INFO:teuthology.orchestra.run.smithi044.stdout:/usr/bin/ceph: stderr
2024-04-26T11:16:24.229+0000 7f67b0000700 1 -- 172.21.15.44:0/2852575978 wait complete.
2024-04-26T11:16:25.501 INFO:journalctl@ceph.mon.a.smithi044.stdout:Apr 26 11:16:25 smithi044 ceph-mon[27763]: from='client.14136 -' entity='client.admin' cmd=[{"prefix": "cephadm generate-key", "target": ["mon-mgr", ""]}]: dispatch
2024-04-26T11:16:25.501 INFO:journalctl@ceph.mon.a.smithi044.stdout:Apr 26 11:16:25 smithi044 ceph-mon[27763]: Generating ssh key...
