2024-04-26T11:16:25.501 INFO:journalctl@ceph.mon.a.smithi044.stdout:Apr 26 11:16:25 smithi044 ceph-mon[27763]: from='mgr.14120 172.21.15.44:0/3815537518' entity='mgr.x'
2024-04-26T11:16:25.501 INFO:journalctl@ceph.mon.a.smithi044.stdout:Apr 26 11:16:25 smithi044 ceph-mon[27763]: from='mgr.14120 172.21.15.44:0/3815537518' entity='mgr.x'
2024-04-26T11:16:26.397 INFO:teuthology.orchestra.run.smithi044.stdout:/usr/bin/ceph: stdout ssh-rsa AAAAB3NzaC1yc2EAAAADAQABAAABgQDCFCKXgez4IGVhJknzZjMz5RwN4m1BTegkfYDL6wqEfVKCZ87uskPJmBHzDCpaU8BjV9nSTFKi562KtI8LmCq01D3w0mrzBpNh5COKu4ZxgoLRSwPsn5mCD9nz/+qerzdo+xVV8t1LDTgkweouEQ+LphUFovdMIZl8J/uMJCuuXHyPK2+OsXiBr500DNXUS2rcKA+43BxZ6NNLQSHA0Gq1ZsDU+WxiBekc66rq/rSzL4mya2rt/TZaNiWpAxMvt6T11n7V/UfBDMq6dNtVcYfzbG93/rOiba3xmTAmZQ3h4YtF/Z46nLSWK48wn42UN1s9pnf+QbzkWo+hjh/ujIScpvoSrwfy3NI6ZEZl7PxVZRsVfI7rW4oMizYvQ2hBgbCW7BHTKj0gCxt87IfrU1IF81Q2lCzSJV/QCD7QwYBp4VveFxqAbZMeM6qE95JCXOspCCdbZuLPrX1IzpZg7s+RSMhg2wPsSi+A+oxgJMsHtmiCNmb1YjBUD75ZG/eIc5M= ceph-214e0844-03be-11ef-bc93-c7b262605968
2024-04-26T11:16:26.397 INFO:teuthology.orchestra.run.smithi044.stdout:/usr/bin/ceph: stderr
2024-04-26T11:16:25.550+0000 7ff4dca00700 1 Processor -- start
2024-04-26T11:16:26.397 INFO:teuthology.orchestra.run.smithi044.stdout:/usr/bin/ceph: stderr
2024-04-26T11:16:25.550+0000 7ff4dca00700 1 -- start start
2024-04-26T11:16:26.397 INFO:teuthology.orchestra.run.smithi044.stdout:/usr/bin/ceph: stderr
2024-04-26T11:16:25.550+0000 7ff4dca00700 1 --2- >> [v2:172.21.15.44:3300/0,v1:172.21.15.44:6789/0] conn(0x7ff4d810b060 0x7ff4d810b480 unknown :-1 s=NONE pgs=0 cs=0 l=0 rev1=0 crypto rx=0 tx=0 comp rx=0 tx=0).connect
2024-04-26T11:16:26.397 INFO:teuthology.orchestra.run.smithi044.stdout:/usr/bin/ceph: stderr
2024-04-26T11:16:25.550+0000 7ff4dca00700 1 -- --> [v2:172.21.15.44:3300/0,v1:172.21.15.44:6789/0] -- mon_getmap magic: 0 -- 0x7ff4d810ba50 con 0x7ff4d810b060
2024-04-26T11:16:26.398 INFO:teuthology.orchestra.run.smithi044.stdout:/usr/bin/ceph: stderr
2024-04-26T11:16:25.551+0000 7ff4d5e00700 1 --2- >> [v2:172.21.15.44:3300/0,v1:172.21.15.44:6789/0] conn(0x7ff4d810b060 0x7ff4d810b480 unknown :-1 s=BANNER_CONNECTING pgs=0 cs=0 l=0 rev1=0 crypto rx=0 tx=0 comp rx=0 tx=0)._handle_peer_banner_payload supported=3 required=0
2024-04-26T11:16:26.399 INFO:teuthology.orchestra.run.smithi044.stdout:/usr/bin/ceph: stderr
2024-04-26T11:16:25.551+0000 7ff4d5e00700 1 --2- >> [v2:172.21.15.44:3300/0,v1:172.21.15.44:6789/0] conn(0x7ff4d810b060 0x7ff4d810b480 unknown :-1 s=HELLO_CONNECTING pgs=0 cs=0 l=0 rev1=1 crypto rx=0 tx=0 comp rx=0 tx=0).handle_hello peer v2:172.21.15.44:3300/0 says I am v2:172.21.15.44:54194/0 (socket says 172.21.15.44:54194)
2024-04-26T11:16:26.399 INFO:teuthology.orchestra.run.smithi044.stdout:/usr/bin/ceph: stderr
2024-04-26T11:16:25.551+0000 7ff4d5e00700 1 -- 172.21.15.44:0/2181445152 learned_addr learned my addr 172.21.15.44:0/2181445152 (peer_addr_for_me v2:172.21.15.44:0/0)
2024-04-26T11:16:26.400 INFO:teuthology.orchestra.run.smithi044.stdout:/usr/bin/ceph: stderr
2024-04-26T11:16:25.551+0000 7ff4d5e00700 1 -- 172.21.15.44:0/2181445152 --> [v2:172.21.15.44:3300/0,v1:172.21.15.44:6789/0] -- mon_subscribe({config=0+,monmap=0+}) -- 0x7ff4d810c260 con 0x7ff4d810b060
2024-04-26T11:16:26.400 INFO:teuthology.orchestra.run.smithi044.stdout:/usr/bin/ceph: stderr
2024-04-26T11:16:25.552+0000 7ff4d5e00700 1 --2- 172.21.15.44:0/2181445152 >> [v2:172.21.15.44:3300/0,v1:172.21.15.44:6789/0] conn(0x7ff4d810b060 0x7ff4d810b480 secure :-1 s=READY pgs=43 cs=0 l=1 rev1=1 crypto rx=0x7ff4c80098a0 tx=0x7ff4c8009bb0 comp rx=0 tx=0).ready entity=mon.0 client_cookie=2e07d40c4fc663a1 server_cookie=0 in_seq=0 out_seq=0
2024-04-26T11:16:26.400 INFO:teuthology.orchestra.run.smithi044.stdout:/usr/bin/ceph: stderr
2024-04-26T11:16:25.552+0000 7ff4d5400700 1 -- 172.21.15.44:0/2181445152 <== mon.0 v2:172.21.15.44:3300/0 1 ==== mon_map magic: 0 ==== 205+0+0 (secure 0 0 0) 0x7ff4c8004160 con 0x7ff4d810b060
2024-04-26T11:16:26.400 INFO:teuthology.orchestra.run.smithi044.stdout:/usr/bin/ceph: stderr
2024-04-26T11:16:25.552+0000 7ff4d5400700 1 -- 172.21.15.44:0/2181445152 <== mon.0 v2:172.21.15.44:3300/0 2 ==== config(26 keys) ==== 1070+0+0 (secure 0 0 0) 0x7ff4c8004300 con 0x7ff4d810b060
2024-04-26T11:16:26.400 INFO:teuthology.orchestra.run.smithi044.stdout:/usr/bin/ceph: stderr
2024-04-26T11:16:25.552+0000 7ff4d5400700 1 -- 172.21.15.44:0/2181445152 <== mon.0 v2:172.21.15.44:3300/0 3 ==== mon_map magic: 0 ==== 205+0+0 (secure 0 0 0) 0x7ff4c8011af0 con 0x7ff4d810b060
2024-04-26T11:16:26.400 INFO:teuthology.orchestra.run.smithi044.stdout:/usr/bin/ceph: stderr
2024-04-26T11:16:25.553+0000 7ff4dca00700 1 -- 172.21.15.44:0/2181445152 >> [v2:172.21.15.44:3300/0,v1:172.21.15.44:6789/0] conn(0x7ff4d810b060 msgr2=0x7ff4d810b480 secure :-1 s=STATE_CONNECTION_ESTABLISHED l=1).mark_down
2024-04-26T11:16:26.400 INFO:teuthology.orchestra.run.smithi044.stdout:/usr/bin/ceph: stderr
2024-04-26T11:16:25.553+0000 7ff4dca00700 1 --2- 172.21.15.44:0/2181445152 >> [v2:172.21.15.44:3300/0,v1:172.21.15.44:6789/0] conn(0x7ff4d810b060 0x7ff4d810b480 secure :-1 s=READY pgs=43 cs=0 l=1 rev1=1 crypto rx=0x7ff4c80098a0 tx=0x7ff4c8009bb0 comp rx=0 tx=0).stop
2024-04-26T11:16:26.400 INFO:teuthology.orchestra.run.smithi044.stdout:/usr/bin/ceph: stderr
2024-04-26T11:16:25.553+0000 7ff4dca00700 1 -- 172.21.15.44:0/2181445152 shutdown_connections
2024-04-26T11:16:26.400 INFO:teuthology.orchestra.run.smithi044.stdout:/usr/bin/ceph: stderr
2024-04-26T11:16:25.553+0000 7ff4dca00700 1 --2- 172.21.15.44:0/2181445152 >> [v2:172.21.15.44:3300/0,v1:172.21.15.44:6789/0] conn(0x7ff4d810b060 0x7ff4d810b480 unknown :-1 s=CLOSED pgs=43 cs=0 l=1 rev1=1 crypto rx=0 tx=0 comp rx=0 tx=0).stop
2024-04-26T11:16:26.400 INFO:teuthology.orchestra.run.smithi044.stdout:/usr/bin/ceph: stderr
2024-04-26T11:16:25.553+0000 7ff4dca00700 1 -- 172.21.15.44:0/2181445152 >> 172.21.15.44:0/2181445152 conn(0x7ff4d807e410 msgr2=0x7ff4d807e860 unknown :-1 s=STATE_NONE l=0).mark_down
2024-04-26T11:16:26.400 INFO:teuthology.orchestra.run.smithi044.stdout:/usr/bin/ceph: stderr
2024-04-26T11:16:25.553+0000 7ff4dca00700 1 -- 172.21.15.44:0/2181445152 shutdown_connections
2024-04-26T11:16:26.400 INFO:teuthology.orchestra.run.smithi044.stdout:/usr/bin/ceph: stderr
2024-04-26T11:16:25.553+0000 7ff4dca00700 1 -- 172.21.15.44:0/2181445152 wait complete.
2024-04-26T11:16:26.400 INFO:teuthology.orchestra.run.smithi044.stdout:/usr/bin/ceph: stderr
2024-04-26T11:16:25.555+0000 7ff4dca00700 1 Processor -- start
2024-04-26T11:16:26.401 INFO:teuthology.orchestra.run.smithi044.stdout:/usr/bin/ceph: stderr
2024-04-26T11:16:25.555+0000 7ff4dca00700 1 -- start start
2024-04-26T11:16:26.401 INFO:teuthology.orchestra.run.smithi044.stdout:/usr/bin/ceph: stderr
2024-04-26T11:16:25.555+0000 7ff4dca00700 1 --2- >> [v2:172.21.15.44:3300/0,v1:172.21.15.44:6789/0] conn(0x7ff4d810b060 0x7ff4d819efd0 unknown :-1 s=NONE pgs=0 cs=0 l=1 rev1=0 crypto rx=0 tx=0 comp rx=0 tx=0).connect
2024-04-26T11:16:26.404 INFO:teuthology.orchestra.run.smithi044.stdout:/usr/bin/ceph: stderr
2024-04-26T11:16:25.555+0000 7ff4dca00700 1 -- --> [v2:172.21.15.44:3300/0,v1:172.21.15.44:6789/0] -- mon_getmap magic: 0 -- 0x7ff4d810f610 con 0x7ff4d810b060
2024-04-26T11:16:26.404 INFO:teuthology.orchestra.run.smithi044.stdout:/usr/bin/ceph: stderr
2024-04-26T11:16:25.555+0000 7ff4d5e00700 1 --2- >> [v2:172.21.15.44:3300/0,v1:172.21.15.44:6789/0] conn(0x7ff4d810b060 0x7ff4d819efd0 unknown :-1 s=BANNER_CONNECTING pgs=0 cs=0 l=1 rev1=0 crypto rx=0 tx=0 comp rx=0 tx=0)._handle_peer_banner_payload supported=3 required=0
2024-04-26T11:16:26.404 INFO:teuthology.orchestra.run.smithi044.stdout:/usr/bin/ceph: stderr
2024-04-26T11:16:25.555+0000 7ff4d5e00700 1 --2- >> [v2:172.21.15.44:3300/0,v1:172.21.15.44:6789/0] conn(0x7ff4d810b060 0x7ff4d819efd0 unknown :-1 s=HELLO_CONNECTING pgs=0 cs=0 l=1 rev1=1 crypto rx=0 tx=0 comp rx=0 tx=0).handle_hello peer v2:172.21.15.44:3300/0 says I am v2:172.21.15.44:54208/0 (socket says 172.21.15.44:54208)
2024-04-26T11:16:26.404 INFO:teuthology.orchestra.run.smithi044.stdout:/usr/bin/ceph: stderr
2024-04-26T11:16:25.555+0000 7ff4d5e00700 1 -- 172.21.15.44:0/1419351983 learned_addr learned my addr 172.21.15.44:0/1419351983 (peer_addr_for_me v2:172.21.15.44:0/0)
2024-04-26T11:16:26.404 INFO:teuthology.orchestra.run.smithi044.stdout:/usr/bin/ceph: stderr
2024-04-26T11:16:25.556+0000 7ff4d5e00700 1 -- 172.21.15.44:0/1419351983 --> [v2:172.21.15.44:3300/0,v1:172.21.15.44:6789/0] -- mon_subscribe({config=0+,monmap=0+}) -- 0x7ff4d819f510 con 0x7ff4d810b060
2024-04-26T11:16:26.404 INFO:teuthology.orchestra.run.smithi044.stdout:/usr/bin/ceph: stderr
2024-04-26T11:16:25.556+0000 7ff4d5e00700 1 --2- 172.21.15.44:0/1419351983 >> [v2:172.21.15.44:3300/0,v1:172.21.15.44:6789/0] conn(0x7ff4d810b060 0x7ff4d819efd0 secure :-1 s=READY pgs=44 cs=0 l=1 rev1=1 crypto rx=0x7ff4c8000c00 tx=0x7ff4c8011b70 comp rx=0 tx=0).ready entity=mon.0 client_cookie=0 server_cookie=0 in_seq=0 out_seq=0
2024-04-26T11:16:26.404 INFO:teuthology.orchestra.run.smithi044.stdout:/usr/bin/ceph: stderr
2024-04-26T11:16:25.556+0000 7ff4cea00700 1 -- 172.21.15.44:0/1419351983 <== mon.0 v2:172.21.15.44:3300/0 1 ==== mon_map magic: 0 ==== 205+0+0 (secure 0 0 0) 0x7ff4c8003b20 con 0x7ff4d810b060
2024-04-26T11:16:26.404 INFO:teuthology.orchestra.run.smithi044.stdout:/usr/bin/ceph: stderr
2024-04-26T11:16:25.557+0000 7ff4cea00700 1 -- 172.21.15.44:0/1419351983 <== mon.0 v2:172.21.15.44:3300/0 2 ==== config(26 keys) ==== 1070+0+0 (secure 0 0 0) 0x7ff4c801a8c0 con 0x7ff4d810b060
2024-04-26T11:16:26.404 INFO:teuthology.orchestra.run.smithi044.stdout:/usr/bin/ceph: stderr
2024-04-26T11:16:25.557+0000 7ff4cea00700 1 -- 172.21.15.44:0/1419351983 <== mon.0 v2:172.21.15.44:3300/0 3 ==== mon_map magic: 0 ==== 205+0+0 (secure 0 0 0) 0x7ff4c8024940 con 0x7ff4d810b060
2024-04-26T11:16:26.404 INFO:teuthology.orchestra.run.smithi044.stdout:/usr/bin/ceph: stderr
2024-04-26T11:16:25.557+0000 7ff4dca00700 1 -- 172.21.15.44:0/1419351983 --> [v2:172.21.15.44:3300/0,v1:172.21.15.44:6789/0] -- mon_subscribe({mgrmap=0+}) -- 0x7ff4d819f7a0 con 0x7ff4d810b060
2024-04-26T11:16:26.405 INFO:teuthology.orchestra.run.smithi044.stdout:/usr/bin/ceph: stderr
2024-04-26T11:16:25.557+0000 7ff4dca00700 1 -- 172.21.15.44:0/1419351983 --> [v2:172.21.15.44:3300/0,v1:172.21.15.44:6789/0] -- mon_subscribe({osdmap=0}) -- 0x7ff4d81a2490 con 0x7ff4d810b060
2024-04-26T11:16:26.405 INFO:teuthology.orchestra.run.smithi044.stdout:/usr/bin/ceph: stderr
2024-04-26T11:16:25.558+0000 7ff4dca00700 1 -- 172.21.15.44:0/1419351983 --> [v2:172.21.15.44:3300/0,v1:172.21.15.44:6789/0] -- mon_command({"prefix": "get_command_descriptions"} v 0) -- 0x7ff4d8064a80 con 0x7ff4d810b060
2024-04-26T11:16:26.405 INFO:teuthology.orchestra.run.smithi044.stdout:/usr/bin/ceph: stderr
2024-04-26T11:16:25.558+0000 7ff4cea00700 1 -- 172.21.15.44:0/1419351983 <== mon.0 v2:172.21.15.44:3300/0 4 ==== mgrmap(e 8) ==== 46558+0+0 (secure 0 0 0) 0x7ff4c8022020 con 0x7ff4d810b060
2024-04-26T11:16:26.405 INFO:teuthology.orchestra.run.smithi044.stdout:/usr/bin/ceph: stderr
2024-04-26T11:16:25.558+0000 7ff4cea00700 1 --2- 172.21.15.44:0/1419351983 >> [v2:172.21.15.44:6800/4066341171,v1:172.21.15.44:6801/4066341171] conn(0x7ff4bc039600 0x7ff4bc03bac0 unknown :-1 s=NONE pgs=0 cs=0 l=1 rev1=0 crypto rx=0 tx=0 comp rx=0 tx=0).connect
2024-04-26T11:16:26.405 INFO:teuthology.orchestra.run.smithi044.stdout:/usr/bin/ceph: stderr
2024-04-26T11:16:25.558+0000 7ff4cea00700 1 -- 172.21.15.44:0/1419351983 <== mon.0 v2:172.21.15.44:3300/0 5 ==== osd_map(2..2 src has 1..2) ==== 940+0+0 (secure 0 0 0) 0x7ff4c804d8a0 con 0x7ff4d810b060
2024-04-26T11:16:26.405 INFO:teuthology.orchestra.run.smithi044.stdout:/usr/bin/ceph: stderr
2024-04-26T11:16:25.559+0000 7ff4cfe00700 1 --2- 172.21.15.44:0/1419351983 >> [v2:172.21.15.44:6800/4066341171,v1:172.21.15.44:6801/4066341171] conn(0x7ff4bc039600 0x7ff4bc03bac0 unknown :-1 s=BANNER_CONNECTING pgs=0 cs=0 l=1 rev1=0 crypto rx=0 tx=0 comp rx=0 tx=0)._handle_peer_banner_payload supported=3 required=0
2024-04-26T11:16:26.405 INFO:teuthology.orchestra.run.smithi044.stdout:/usr/bin/ceph: stderr
2024-04-26T11:16:25.560+0000 7ff4cfe00700 1 --2- 172.21.15.44:0/1419351983 >> [v2:172.21.15.44:6800/4066341171,v1:172.21.15.44:6801/4066341171] conn(0x7ff4bc039600 0x7ff4bc03bac0 secure :-1 s=READY pgs=10 cs=0 l=1 rev1=1 crypto rx=0x7ff4c0006fd0 tx=0x7ff4c0006e40 comp rx=0 tx=0).ready entity=mgr.14120 client_cookie=0 server_cookie=0 in_seq=0 out_seq=0
2024-04-26T11:16:26.405 INFO:teuthology.orchestra.run.smithi044.stdout:/usr/bin/ceph: stderr
2024-04-26T11:16:25.564+0000 7ff4cea00700 1 -- 172.21.15.44:0/1419351983 <== mon.0 v2:172.21.15.44:3300/0 6 ==== mon_command_ack([{"prefix": "get_command_descriptions"}]=0 v0) ==== 72+0+188370 (secure 0 0 0) 0x7ff4c800be50 con 0x7ff4d810b060
2024-04-26T11:16:26.405 INFO:teuthology.orchestra.run.smithi044.stdout:/usr/bin/ceph: stderr
2024-04-26T11:16:25.802+0000 7ff4dca00700 1 -- 172.21.15.44:0/1419351983 --> [v2:172.21.15.44:6800/4066341171,v1:172.21.15.44:6801/4066341171] -- mgr_command(tid 0: {"prefix": "cephadm get-pub-key", "target": ["mon-mgr", ""]}) -- 0x7ff4d8108c20 con 0x7ff4bc039600
2024-04-26T11:16:26.405 INFO:teuthology.orchestra.run.smithi044.stdout:/usr/bin/ceph: stderr
2024-04-26T11:16:25.804+0000 7ff4cea00700 1 -- 172.21.15.44:0/1419351983 <== mgr.14120 v2:172.21.15.44:6800/4066341171 1 ==== mgr_command_reply(tid 0: 0 ) ==== 8+0+595 (secure 0 0 0) 0x7ff4d8108c20 con 0x7ff4bc039600
2024-04-26T11:16:26.405 INFO:teuthology.orchestra.run.smithi044.stdout:/usr/bin/ceph: stderr
2024-04-26T11:16:25.807+0000 7ff4dca00700 1 -- 172.21.15.44:0/1419351983 >> [v2:172.21.15.44:6800/4066341171,v1:172.21.15.44:6801/4066341171] conn(0x7ff4bc039600 msgr2=0x7ff4bc03bac0 secure :-1 s=STATE_CONNECTION_ESTABLISHED l=1).mark_down
2024-04-26T11:16:26.405 INFO:teuthology.orchestra.run.smithi044.stdout:/usr/bin/ceph: stderr
2024-04-26T11:16:25.807+0000 7ff4dca00700 1 --2- 172.21.15.44:0/1419351983 >> [v2:172.21.15.44:6800/4066341171,v1:172.21.15.44:6801/4066341171] conn(0x7ff4bc039600 0x7ff4bc03bac0 secure :-1 s=READY pgs=10 cs=0 l=1 rev1=1 crypto rx=0x7ff4c0006fd0 tx=0x7ff4c0006e40 comp rx=0 tx=0).stop
2024-04-26T11:16:26.405 INFO:teuthology.orchestra.run.smithi044.stdout:/usr/bin/ceph: stderr
2024-04-26T11:16:25.807+0000 7ff4dca00700 1 -- 172.21.15.44:0/1419351983 >> [v2:172.21.15.44:3300/0,v1:172.21.15.44:6789/0] conn(0x7ff4d810b060 msgr2=0x7ff4d819efd0 secure :-1 s=STATE_CONNECTION_ESTABLISHED l=1).mark_down
2024-04-26T11:16:26.405 INFO:teuthology.orchestra.run.smithi044.stdout:/usr/bin/ceph: stderr
2024-04-26T11:16:25.807+0000 7ff4dca00700 1 --2- 172.21.15.44:0/1419351983 >> [v2:172.21.15.44:3300/0,v1:172.21.15.44:6789/0] conn(0x7ff4d810b060 0x7ff4d819efd0 secure :-1 s=READY pgs=44 cs=0 l=1 rev1=1 crypto rx=0x7ff4c8000c00 tx=0x7ff4c8011b70 comp rx=0 tx=0).stop
2024-04-26T11:16:26.405 INFO:teuthology.orchestra.run.smithi044.stdout:/usr/bin/ceph: stderr
2024-04-26T11:16:25.807+0000 7ff4dca00700 1 -- 172.21.15.44:0/1419351983 shutdown_connections
2024-04-26T11:16:26.406 INFO:teuthology.orchestra.run.smithi044.stdout:/usr/bin/ceph: stderr
2024-04-26T11:16:25.807+0000 7ff4dca00700 1 --2- 172.21.15.44:0/1419351983 >> [v2:172.21.15.44:6800/4066341171,v1:172.21.15.44:6801/4066341171] conn(0x7ff4bc039600 0x7ff4bc03bac0 unknown :-1 s=CLOSED pgs=10 cs=0 l=1 rev1=1 crypto rx=0 tx=0 comp rx=0 tx=0).stop
2024-04-26T11:16:26.406 INFO:teuthology.orchestra.run.smithi044.stdout:/usr/bin/ceph: stderr
2024-04-26T11:16:25.807+0000 7ff4dca00700 1 --2- 172.21.15.44:0/1419351983 >> [v2:172.21.15.44:3300/0,v1:172.21.15.44:6789/0] conn(0x7ff4d810b060 0x7ff4d819efd0 unknown :-1 s=CLOSED pgs=44 cs=0 l=1 rev1=1 crypto rx=0 tx=0 comp rx=0 tx=0).stop
2024-04-26T11:16:26.406 INFO:teuthology.orchestra.run.smithi044.stdout:/usr/bin/ceph: stderr
2024-04-26T11:16:25.807+0000 7ff4dca00700 1 -- 172.21.15.44:0/1419351983 >> 172.21.15.44:0/1419351983 conn(0x7ff4d807e410 msgr2=0x7ff4d8108510 unknown :-1 s=STATE_NONE l=0).mark_down
2024-04-26T11:16:26.406 INFO:teuthology.orchestra.run.smithi044.stdout:/usr/bin/ceph: stderr
2024-04-26T11:16:25.807+0000 7ff4dca00700 1 -- 172.21.15.44:0/1419351983 shutdown_connections
2024-04-26T11:16:26.406 INFO:teuthology.orchestra.run.smithi044.stdout:/usr/bin/ceph: stderr
2024-04-26T11:16:25.807+0000 7ff4dca00700 1 -- 172.21.15.44:0/1419351983 wait complete.
2024-04-26T11:16:26.406 INFO:teuthology.orchestra.run.smithi044.stdout:Wrote public SSH key to /home/ubuntu/cephtest/ceph.pub
2024-04-26T11:16:26.406 INFO:teuthology.orchestra.run.smithi044.stdout:Adding key to root@localhost authorized_keys...
2024-04-26T11:16:26.410 INFO:teuthology.orchestra.run.smithi044.stdout:Adding host smithi044...
2024-04-26T11:16:26.714 INFO:journalctl@ceph.mon.a.smithi044.stdout:Apr 26 11:16:26 smithi044 ceph-mon[27763]: from='client.14138 -' entity='client.admin' cmd=[{"prefix": "cephadm get-pub-key", "target": ["mon-mgr", ""]}]: dispatch
2024-04-26T11:16:27.710 INFO:journalctl@ceph.mon.a.smithi044.stdout:Apr 26 11:16:27 smithi044 ceph-mon[27763]: from='client.14140 -' entity='client.admin' cmd=[{"prefix": "orch host add", "hostname": "smithi044", "addr": "172.21.15.44", "target": ["mon-mgr", ""]}]: dispatch
2024-04-26T11:16:29.575 INFO:journalctl@ceph.mon.a.smithi044.stdout:Apr 26 11:16:29 smithi044 ceph-mon[27763]: Deploying cephadm binary to smithi044
2024-04-26T11:16:34.333 INFO:teuthology.orchestra.run.smithi044.stdout:/usr/bin/ceph: stdout Added host 'smithi044' with addr '172.21.15.44'
2024-04-26T11:16:34.333 INFO:teuthology.orchestra.run.smithi044.stdout:/usr/bin/ceph: stderr
2024-04-26T11:16:27.026+0000 7fe7bce00700 1 Processor -- start
2024-04-26T11:16:34.333 INFO:teuthology.orchestra.run.smithi044.stdout:/usr/bin/ceph: stderr
2024-04-26T11:16:27.026+0000 7fe7bce00700 1 -- start start
2024-04-26T11:16:34.334 INFO:teuthology.orchestra.run.smithi044.stdout:/usr/bin/ceph: stderr
2024-04-26T11:16:27.026+0000 7fe7bce00700 1 --2- >> [v2:172.21.15.44:3300/0,v1:172.21.15.44:6789/0] conn(0x7fe7b810fcf0 0x7fe7b81120e0 unknown :-1 s=NONE pgs=0 cs=0 l=0 rev1=0 crypto rx=0 tx=0 comp rx=0 tx=0).connect
2024-04-26T11:16:34.334 INFO:teuthology.orchestra.run.smithi044.stdout:/usr/bin/ceph: stderr
2024-04-26T11:16:27.026+0000 7fe7bce00700 1 -- --> [v2:172.21.15.44:3300/0,v1:172.21.15.44:6789/0] -- mon_getmap magic: 0 -- 0x7fe7b8112620 con 0x7fe7b810fcf0
2024-04-26T11:16:34.334 INFO:teuthology.orchestra.run.smithi044.stdout:/usr/bin/ceph: stderr
2024-04-26T11:16:27.027+0000 7fe7b5e00700 1 --2- >> [v2:172.21.15.44:3300/0,v1:172.21.15.44:6789/0] conn(0x7fe7b810fcf0 0x7fe7b81120e0 unknown :-1 s=BANNER_CONNECTING pgs=0 cs=0 l=0 rev1=0 crypto rx=0 tx=0 comp rx=0 tx=0)._handle_peer_banner_payload supported=3 required=0
2024-04-26T11:16:34.334 INFO:teuthology.orchestra.run.smithi044.stdout:/usr/bin/ceph: stderr
2024-04-26T11:16:27.027+0000 7fe7b5e00700 1 --2- >> [v2:172.21.15.44:3300/0,v1:172.21.15.44:6789/0] conn(0x7fe7b810fcf0 0x7fe7b81120e0 unknown :-1 s=HELLO_CONNECTING pgs=0 cs=0 l=0 rev1=1 crypto rx=0 tx=0 comp rx=0 tx=0).handle_hello peer v2:172.21.15.44:3300/0 says I am v2:172.21.15.44:54224/0 (socket says 172.21.15.44:54224)
2024-04-26T11:16:34.334 INFO:teuthology.orchestra.run.smithi044.stdout:/usr/bin/ceph: stderr
2024-04-26T11:16:27.027+0000 7fe7b5e00700 1 -- 172.21.15.44:0/1266354129 learned_addr learned my addr 172.21.15.44:0/1266354129 (peer_addr_for_me v2:172.21.15.44:0/0)
2024-04-26T11:16:34.334 INFO:teuthology.orchestra.run.smithi044.stdout:/usr/bin/ceph: stderr
2024-04-26T11:16:27.027+0000 7fe7b5e00700 1 -- 172.21.15.44:0/1266354129 --> [v2:172.21.15.44:3300/0,v1:172.21.15.44:6789/0] -- mon_subscribe({config=0+,monmap=0+}) -- 0x7fe7b81127a0 con 0x7fe7b810fcf0
2024-04-26T11:16:34.334 INFO:teuthology.orchestra.run.smithi044.stdout:/usr/bin/ceph: stderr
2024-04-26T11:16:27.028+0000 7fe7b5e00700 1 --2- 172.21.15.44:0/1266354129 >> [v2:172.21.15.44:3300/0,v1:172.21.15.44:6789/0] conn(0x7fe7b810fcf0 0x7fe7b81120e0 secure :-1 s=READY pgs=45 cs=0 l=1 rev1=1 crypto rx=0x7fe7a8009e80 tx=0x7fe7a800b330 comp rx=0 tx=0).ready entity=mon.0 client_cookie=24548a064311a04c server_cookie=0 in_seq=0 out_seq=0
2024-04-26T11:16:34.334 INFO:teuthology.orchestra.run.smithi044.stdout:/usr/bin/ceph: stderr
2024-04-26T11:16:27.028+0000 7fe7b5400700 1 -- 172.21.15.44:0/1266354129 <== mon.0 v2:172.21.15.44:3300/0 1 ==== mon_map magic: 0 ==== 205+0+0 (secure 0 0 0) 0x7fe7a8017070 con 0x7fe7b810fcf0
2024-04-26T11:16:34.334 INFO:teuthology.orchestra.run.smithi044.stdout:/usr/bin/ceph: stderr
2024-04-26T11:16:27.028+0000 7fe7b5400700 1 -- 172.21.15.44:0/1266354129 <== mon.0 v2:172.21.15.44:3300/0 2 ==== config(26 keys) ==== 1070+0+0 (secure 0 0 0) 0x7fe7a800b8c0 con 0x7fe7b810fcf0
2024-04-26T11:16:34.334 INFO:teuthology.orchestra.run.smithi044.stdout:/usr/bin/ceph: stderr
2024-04-26T11:16:27.028+0000 7fe7b5400700 1 -- 172.21.15.44:0/1266354129 <== mon.0 v2:172.21.15.44:3300/0 3 ==== mon_map magic: 0 ==== 205+0+0 (secure 0 0 0) 0x7fe7a8004490 con 0x7fe7b810fcf0
2024-04-26T11:16:34.334 INFO:teuthology.orchestra.run.smithi044.stdout:/usr/bin/ceph: stderr
2024-04-26T11:16:27.028+0000 7fe7bce00700 1 -- 172.21.15.44:0/1266354129 >> [v2:172.21.15.44:3300/0,v1:172.21.15.44:6789/0] conn(0x7fe7b810fcf0 msgr2=0x7fe7b81120e0 secure :-1 s=STATE_CONNECTION_ESTABLISHED l=1).mark_down
2024-04-26T11:16:34.334 INFO:teuthology.orchestra.run.smithi044.stdout:/usr/bin/ceph: stderr
2024-04-26T11:16:27.028+0000 7fe7bce00700 1 --2- 172.21.15.44:0/1266354129 >> [v2:172.21.15.44:3300/0,v1:172.21.15.44:6789/0] conn(0x7fe7b810fcf0 0x7fe7b81120e0 secure :-1 s=READY pgs=45 cs=0 l=1 rev1=1 crypto rx=0x7fe7a8009e80 tx=0x7fe7a800b330 comp rx=0 tx=0).stop
2024-04-26T11:16:34.335 INFO:teuthology.orchestra.run.smithi044.stdout:/usr/bin/ceph: stderr
2024-04-26T11:16:27.029+0000 7fe7bce00700 1 -- 172.21.15.44:0/1266354129 shutdown_connections
2024-04-26T11:16:34.335 INFO:teuthology.orchestra.run.smithi044.stdout:/usr/bin/ceph: stderr
2024-04-26T11:16:27.029+0000 7fe7bce00700 1 --2- 172.21.15.44:0/1266354129 >> [v2:172.21.15.44:3300/0,v1:172.21.15.44:6789/0] conn(0x7fe7b810fcf0 0x7fe7b81120e0 unknown :-1 s=CLOSED pgs=45 cs=0 l=1 rev1=1 crypto rx=0 tx=0 comp rx=0 tx=0).stop
2024-04-26T11:16:34.335 INFO:teuthology.orchestra.run.smithi044.stdout:/usr/bin/ceph: stderr
2024-04-26T11:16:27.029+0000 7fe7bce00700 1 -- 172.21.15.44:0/1266354129 >> 172.21.15.44:0/1266354129 conn(0x7fe7b807e410 msgr2=0x7fe7b8080870 unknown :-1 s=STATE_NONE l=0).mark_down
2024-04-26T11:16:34.335 INFO:teuthology.orchestra.run.smithi044.stdout:/usr/bin/ceph: stderr
2024-04-26T11:16:27.029+0000 7fe7bce00700 1 -- 172.21.15.44:0/1266354129 shutdown_connections
2024-04-26T11:16:34.335 INFO:teuthology.orchestra.run.smithi044.stdout:/usr/bin/ceph: stderr
2024-04-26T11:16:27.029+0000 7fe7bce00700 1 -- 172.21.15.44:0/1266354129 wait complete.
2024-04-26T11:16:34.335 INFO:teuthology.orchestra.run.smithi044.stdout:/usr/bin/ceph: stderr
2024-04-26T11:16:27.030+0000 7fe7bce00700 1 Processor -- start
2024-04-26T11:16:34.335 INFO:teuthology.orchestra.run.smithi044.stdout:/usr/bin/ceph: stderr
2024-04-26T11:16:27.030+0000 7fe7bce00700 1 -- start start
2024-04-26T11:16:34.335 INFO:teuthology.orchestra.run.smithi044.stdout:/usr/bin/ceph: stderr
2024-04-26T11:16:27.031+0000 7fe7bce00700 1 --2- >> [v2:172.21.15.44:3300/0,v1:172.21.15.44:6789/0] conn(0x7fe7b810fcf0 0x7fe7b81a3310 unknown :-1 s=NONE pgs=0 cs=0 l=1 rev1=0 crypto rx=0 tx=0 comp rx=0 tx=0).connect
2024-04-26T11:16:34.335 INFO:teuthology.orchestra.run.smithi044.stdout:/usr/bin/ceph: stderr
2024-04-26T11:16:27.031+0000 7fe7bce00700 1 -- --> [v2:172.21.15.44:3300/0,v1:172.21.15.44:6789/0] -- mon_getmap magic: 0 -- 0x7fe7b81137d0 con 0x7fe7b810fcf0
2024-04-26T11:16:34.335 INFO:teuthology.orchestra.run.smithi044.stdout:/usr/bin/ceph: stderr
2024-04-26T11:16:27.031+0000 7fe7b5e00700 1 --2- >> [v2:172.21.15.44:3300/0,v1:172.21.15.44:6789/0] conn(0x7fe7b810fcf0 0x7fe7b81a3310 unknown :-1 s=BANNER_CONNECTING pgs=0 cs=0 l=1 rev1=0 crypto rx=0 tx=0 comp rx=0 tx=0)._handle_peer_banner_payload supported=3 required=0
2024-04-26T11:16:34.335 INFO:teuthology.orchestra.run.smithi044.stdout:/usr/bin/ceph: stderr
2024-04-26T11:16:27.031+0000 7fe7b5e00700 1 --2- >> [v2:172.21.15.44:3300/0,v1:172.21.15.44:6789/0] conn(0x7fe7b810fcf0 0x7fe7b81a3310 unknown :-1 s=HELLO_CONNECTING pgs=0 cs=0 l=1 rev1=1 crypto rx=0 tx=0 comp rx=0 tx=0).handle_hello peer v2:172.21.15.44:3300/0 says I am v2:172.21.15.44:54230/0 (socket says 172.21.15.44:54230)
2024-04-26T11:16:34.335 INFO:teuthology.orchestra.run.smithi044.stdout:/usr/bin/ceph: stderr
2024-04-26T11:16:27.031+0000 7fe7b5e00700 1 -- 172.21.15.44:0/3984887351 learned_addr learned my addr 172.21.15.44:0/3984887351 (peer_addr_for_me v2:172.21.15.44:0/0)
2024-04-26T11:16:34.335 INFO:teuthology.orchestra.run.smithi044.stdout:/usr/bin/ceph: stderr
2024-04-26T11:16:27.031+0000 7fe7b5e00700 1 -- 172.21.15.44:0/3984887351 --> [v2:172.21.15.44:3300/0,v1:172.21.15.44:6789/0] -- mon_subscribe({config=0+,monmap=0+}) -- 0x7fe7b81a3850 con 0x7fe7b810fcf0
2024-04-26T11:16:34.335 INFO:teuthology.orchestra.run.smithi044.stdout:/usr/bin/ceph: stderr
2024-04-26T11:16:27.032+0000 7fe7b5e00700 1 --2- 172.21.15.44:0/3984887351 >> [v2:172.21.15.44:3300/0,v1:172.21.15.44:6789/0] conn(0x7fe7b810fcf0 0x7fe7b81a3310 secure :-1 s=READY pgs=46 cs=0 l=1 rev1=1 crypto rx=0x7fe7a800b7b0 tx=0x7fe7a800be90 comp rx=0 tx=0).ready entity=mon.0 client_cookie=0 server_cookie=0 in_seq=0 out_seq=0
2024-04-26T11:16:34.337 INFO:teuthology.orchestra.run.smithi044.stdout:/usr/bin/ceph: stderr
2024-04-26T11:16:27.032+0000 7fe7af400700 1 -- 172.21.15.44:0/3984887351 <== mon.0 v2:172.21.15.44:3300/0 1 ==== mon_map magic: 0 ==== 205+0+0 (secure 0 0 0) 0x7fe7a8020020 con 0x7fe7b810fcf0
2024-04-26T11:16:34.337 INFO:teuthology.orchestra.run.smithi044.stdout:/usr/bin/ceph: stderr
2024-04-26T11:16:27.032+0000 7fe7af400700 1 -- 172.21.15.44:0/3984887351 <== mon.0 v2:172.21.15.44:3300/0 2 ==== config(26 keys) ==== 1070+0+0 (secure 0 0 0) 0x7fe7a8003d10 con 0x7fe7b810fcf0
2024-04-26T11:16:34.337 INFO:teuthology.orchestra.run.smithi044.stdout:/usr/bin/ceph: stderr
2024-04-26T11:16:27.032+0000 7fe7af400700 1 -- 172.21.15.44:0/3984887351 <== mon.0 v2:172.21.15.44:3300/0 3 ==== mon_map magic: 0 ==== 205+0+0 (secure 0 0 0) 0x7fe7a8017040 con 0x7fe7b810fcf0
2024-04-26T11:16:34.338 INFO:teuthology.orchestra.run.smithi044.stdout:/usr/bin/ceph: stderr
2024-04-26T11:16:27.032+0000 7fe7bce00700 1 -- 172.21.15.44:0/3984887351 --> [v2:172.21.15.44:3300/0,v1:172.21.15.44:6789/0] -- mon_subscribe({mgrmap=0+}) -- 0x7fe7b81a3ae0 con 0x7fe7b810fcf0
2024-04-26T11:16:34.338 INFO:teuthology.orchestra.run.smithi044.stdout:/usr/bin/ceph: stderr
2024-04-26T11:16:27.032+0000 7fe7bce00700 1 -- 172.21.15.44:0/3984887351 --> [v2:172.21.15.44:3300/0,v1:172.21.15.44:6789/0] -- mon_subscribe({osdmap=0}) -- 0x7fe7b81a67d0 con 0x7fe7b810fcf0
2024-04-26T11:16:34.338 INFO:teuthology.orchestra.run.smithi044.stdout:/usr/bin/ceph: stderr
2024-04-26T11:16:27.033+0000 7fe7af400700 1 -- 172.21.15.44:0/3984887351 <== mon.0 v2:172.21.15.44:3300/0 4 ==== mgrmap(e 8) ==== 46558+0+0 (secure 0 0 0) 0x7fe7a8023020 con 0x7fe7b810fcf0
2024-04-26T11:16:34.338 INFO:teuthology.orchestra.run.smithi044.stdout:/usr/bin/ceph: stderr
2024-04-26T11:16:27.033+0000 7fe7bce00700 1 -- 172.21.15.44:0/3984887351 --> [v2:172.21.15.44:3300/0,v1:172.21.15.44:6789/0] -- mon_command({"prefix": "get_command_descriptions"} v 0) -- 0x7fe7b8064a80 con 0x7fe7b810fcf0
2024-04-26T11:16:34.338 INFO:teuthology.orchestra.run.smithi044.stdout:/usr/bin/ceph: stderr
2024-04-26T11:16:27.034+0000 7fe7af400700 1 --2- 172.21.15.44:0/3984887351 >> [v2:172.21.15.44:6800/4066341171,v1:172.21.15.44:6801/4066341171] conn(0x7fe79c039600 0x7fe79c03bac0 unknown :-1 s=NONE pgs=0 cs=0 l=1 rev1=0 crypto rx=0 tx=0 comp rx=0 tx=0).connect
2024-04-26T11:16:34.339 INFO:teuthology.orchestra.run.smithi044.stdout:/usr/bin/ceph: stderr
2024-04-26T11:16:27.034+0000 7fe7af400700 1 -- 172.21.15.44:0/3984887351 <== mon.0 v2:172.21.15.44:3300/0 5 ==== osd_map(2..2 src has 1..2) ==== 940+0+0 (secure 0 0 0) 0x7fe7a800f050 con 0x7fe7b810fcf0
2024-04-26T11:16:34.339 INFO:teuthology.orchestra.run.smithi044.stdout:/usr/bin/ceph: stderr
2024-04-26T11:16:27.034+0000 7fe7ad400700 1 --2- 172.21.15.44:0/3984887351 >> [v2:172.21.15.44:6800/4066341171,v1:172.21.15.44:6801/4066341171] conn(0x7fe79c039600 0x7fe79c03bac0 unknown :-1 s=BANNER_CONNECTING pgs=0 cs=0 l=1 rev1=0 crypto rx=0 tx=0 comp rx=0 tx=0)._handle_peer_banner_payload supported=3 required=0
2024-04-26T11:16:34.339 INFO:teuthology.orchestra.run.smithi044.stdout:/usr/bin/ceph: stderr
2024-04-26T11:16:27.035+0000 7fe7ad400700 1 --2- 172.21.15.44:0/3984887351 >> [v2:172.21.15.44:6800/4066341171,v1:172.21.15.44:6801/4066341171] conn(0x7fe79c039600 0x7fe79c03bac0 secure :-1 s=READY pgs=11 cs=0 l=1 rev1=1 crypto rx=0x7fe7a0006fd0 tx=0x7fe7a0006e40 comp rx=0 tx=0).ready entity=mgr.14120 client_cookie=0 server_cookie=0 in_seq=0 out_seq=0
2024-04-26T11:16:34.339 INFO:teuthology.orchestra.run.smithi044.stdout:/usr/bin/ceph: stderr
2024-04-26T11:16:27.039+0000 7fe7af400700 1 -- 172.21.15.44:0/3984887351 <== mon.0 v2:172.21.15.44:3300/0 6 ==== mon_command_ack([{"prefix": "get_command_descriptions"}]=0 v0) ==== 72+0+188370 (secure 0 0 0) 0x7fe7a802a020 con 0x7fe7b810fcf0
2024-04-26T11:16:34.339 INFO:teuthology.orchestra.run.smithi044.stdout:/usr/bin/ceph: stderr
2024-04-26T11:16:27.272+0000 7fe7bce00700 1 -- 172.21.15.44:0/3984887351 --> [v2:172.21.15.44:6800/4066341171,v1:172.21.15.44:6801/4066341171] -- mgr_command(tid 0: {"prefix": "orch host add", "hostname": "smithi044", "addr": "172.21.15.44", "target": ["mon-mgr", ""]}) -- 0x7fe7b807f5a0 con 0x7fe79c039600
2024-04-26T11:16:34.339 INFO:teuthology.orchestra.run.smithi044.stdout:/usr/bin/ceph: stderr
2024-04-26T11:16:33.663+0000 7fe7af400700 1 -- 172.21.15.44:0/3984887351 <== mgr.14120 v2:172.21.15.44:6800/4066341171 1 ==== mgr_command_reply(tid 0: 0 ) ==== 8+0+48 (secure 0 0 0) 0x7fe7b807f5a0 con 0x7fe79c039600
2024-04-26T11:16:34.339 INFO:teuthology.orchestra.run.smithi044.stdout:/usr/bin/ceph: stderr
2024-04-26T11:16:33.667+0000 7fe7bce00700 1 -- 172.21.15.44:0/3984887351 >> [v2:172.21.15.44:6800/4066341171,v1:172.21.15.44:6801/4066341171] conn(0x7fe79c039600 msgr2=0x7fe79c03bac0 secure :-1 s=STATE_CONNECTION_ESTABLISHED l=1).mark_down
2024-04-26T11:16:34.339 INFO:teuthology.orchestra.run.smithi044.stdout:/usr/bin/ceph: stderr
2024-04-26T11:16:33.667+0000 7fe7bce00700 1 --2- 172.21.15.44:0/3984887351 >> [v2:172.21.15.44:6800/4066341171,v1:172.21.15.44:6801/4066341171] conn(0x7fe79c039600 0x7fe79c03bac0 secure :-1 s=READY pgs=11 cs=0 l=1 rev1=1 crypto rx=0x7fe7a0006fd0 tx=0x7fe7a0006e40 comp rx=0 tx=0).stop
2024-04-26T11:16:34.339 INFO:teuthology.orchestra.run.smithi044.stdout:/usr/bin/ceph: stderr
2024-04-26T11:16:33.667+0000 7fe7bce00700 1 -- 172.21.15.44:0/3984887351 >> [v2:172.21.15.44:3300/0,v1:172.21.15.44:6789/0] conn(0x7fe7b810fcf0 msgr2=0x7fe7b81a3310 secure :-1 s=STATE_CONNECTION_ESTABLISHED l=1).mark_down
2024-04-26T11:16:34.340 INFO:teuthology.orchestra.run.smithi044.stdout:/usr/bin/ceph: stderr
2024-04-26T11:16:33.667+0000 7fe7bce00700 1 --2- 172.21.15.44:0/3984887351 >> [v2:172.21.15.44:3300/0,v1:172.21.15.44:6789/0] conn(0x7fe7b810fcf0 0x7fe7b81a3310 secure :-1 s=READY pgs=46 cs=0 l=1 rev1=1 crypto rx=0x7fe7a800b7b0 tx=0x7fe7a800be90 comp rx=0 tx=0).stop
2024-04-26T11:16:34.340 INFO:teuthology.orchestra.run.smithi044.stdout:/usr/bin/ceph: stderr
2024-04-26T11:16:33.667+0000 7fe7bce00700 1 -- 172.21.15.44:0/3984887351 shutdown_connections
2024-04-26T11:16:34.340 INFO:teuthology.orchestra.run.smithi044.stdout:/usr/bin/ceph: stderr
2024-04-26T11:16:33.667+0000 7fe7bce00700 1 --2- 172.21.15.44:0/3984887351 >> [v2:172.21.15.44:6800/4066341171,v1:172.21.15.44:6801/4066341171] conn(0x7fe79c039600 0x7fe79c03bac0 unknown :-1 s=CLOSED pgs=11 cs=0 l=1 rev1=1 crypto rx=0 tx=0 comp rx=0 tx=0).stop
2024-04-26T11:16:34.340 INFO:teuthology.orchestra.run.smithi044.stdout:/usr/bin/ceph: stderr
2024-04-26T11:16:33.667+0000 7fe7bce00700 1 --2- 172.21.15.44:0/3984887351 >> [v2:172.21.15.44:3300/0,v1:172.21.15.44:6789/0] conn(0x7fe7b810fcf0 0x7fe7b81a3310 unknown :-1 s=CLOSED pgs=46 cs=0 l=1 rev1=1 crypto rx=0 tx=0 comp rx=0 tx=0).stop
2024-04-26T11:16:34.340 INFO:teuthology.orchestra.run.smithi044.stdout:/usr/bin/ceph: stderr
2024-04-26T11:16:33.667+0000 7fe7bce00700 1 -- 172.21.15.44:0/3984887351 >> 172.21.15.44:0/3984887351 conn(0x7fe7b807e410 msgr2=0x7fe7b807ee90 unknown :-1 s=STATE_NONE l=0).mark_down
2024-04-26T11:16:34.340 INFO:teuthology.orchestra.run.smithi044.stdout:/usr/bin/ceph: stderr
2024-04-26T11:16:33.668+0000 7fe7bce00700 1 -- 172.21.15.44:0/3984887351 shutdown_connections
2024-04-26T11:16:34.340 INFO:teuthology.orchestra.run.smithi044.stdout:/usr/bin/ceph: stderr
2024-04-26T11:16:33.668+0000 7fe7bce00700 1 -- 172.21.15.44:0/3984887351 wait complete.
2024-04-26T11:16:34.340 INFO:teuthology.orchestra.run.smithi044.stdout:Deploying unmanaged mon service...
2024-04-26T11:16:34.953 INFO:journalctl@ceph.mon.a.smithi044.stdout:Apr 26 11:16:34 smithi044 ceph-mon[27763]: from='mgr.14120 172.21.15.44:0/3815537518' entity='mgr.x'
2024-04-26T11:16:34.953 INFO:journalctl@ceph.mon.a.smithi044.stdout:Apr 26 11:16:34 smithi044 ceph-mon[27763]: Added host smithi044
2024-04-26T11:16:34.954 INFO:journalctl@ceph.mon.a.smithi044.stdout:Apr 26 11:16:34 smithi044 ceph-mon[27763]: from='mgr.14120 172.21.15.44:0/3815537518' entity='mgr.x' cmd=[{"prefix": "config dump", "format": "json"}]: dispatch
2024-04-26T11:16:36.389 INFO:journalctl@ceph.mon.a.smithi044.stdout:Apr 26 11:16:36 smithi044 ceph-mon[27763]: from='client.14142 -' entity='client.admin' cmd=[{"prefix": "orch apply", "service_type": "mon", "unmanaged": true, "target": ["mon-mgr", ""]}]: dispatch
2024-04-26T11:16:36.389 INFO:journalctl@ceph.mon.a.smithi044.stdout:Apr 26 11:16:36 smithi044 ceph-mon[27763]: Saving service mon spec with placement count:5
2024-04-26T11:16:36.389 INFO:journalctl@ceph.mon.a.smithi044.stdout:Apr 26 11:16:36 smithi044 ceph-mon[27763]: from='mgr.14120 172.21.15.44:0/3815537518' entity='mgr.x'
2024-04-26T11:16:36.401 INFO:teuthology.orchestra.run.smithi044.stdout:/usr/bin/ceph: stdout Scheduled mon update...
2024-04-26T11:16:36.402 INFO:teuthology.orchestra.run.smithi044.stdout:/usr/bin/ceph: stderr
2024-04-26T11:16:34.951+0000 7fc2db400700 1 Processor -- start
2024-04-26T11:16:36.402 INFO:teuthology.orchestra.run.smithi044.stdout:/usr/bin/ceph: stderr
2024-04-26T11:16:34.951+0000 7fc2db400700 1 -- start start
2024-04-26T11:16:36.403 INFO:teuthology.orchestra.run.smithi044.stdout:/usr/bin/ceph: stderr
2024-04-26T11:16:34.952+0000 7fc2db400700 1 --2- >> [v2:172.21.15.44:3300/0,v1:172.21.15.44:6789/0] conn(0x7fc2d41099c0 0x7fc2d410bdb0 unknown :-1 s=NONE pgs=0 cs=0 l=0 rev1=0 crypto rx=0 tx=0 comp rx=0 tx=0).connect
2024-04-26T11:16:36.403 INFO:teuthology.orchestra.run.smithi044.stdout:/usr/bin/ceph: stderr
2024-04-26T11:16:34.952+0000 7fc2db400700 1 -- --> [v2:172.21.15.44:3300/0,v1:172.21.15.44:6789/0] -- mon_getmap magic: 0 -- 0x7fc2d407ce50 con 0x7fc2d41099c0
2024-04-26T11:16:36.403 INFO:teuthology.orchestra.run.smithi044.stdout:/usr/bin/ceph: stderr
2024-04-26T11:16:34.952+0000 7fc2d8a00700 1 --2- >> [v2:172.21.15.44:3300/0,v1:172.21.15.44:6789/0] conn(0x7fc2d41099c0 0x7fc2d410bdb0 unknown :-1 s=BANNER_CONNECTING pgs=0 cs=0 l=0 rev1=0 crypto rx=0 tx=0 comp rx=0 tx=0)._handle_peer_banner_payload supported=3 required=0
2024-04-26T11:16:36.405 INFO:teuthology.orchestra.run.smithi044.stdout:/usr/bin/ceph: stderr
2024-04-26T11:16:34.952+0000 7fc2d8a00700 1 --2- >> [v2:172.21.15.44:3300/0,v1:172.21.15.44:6789/0] conn(0x7fc2d41099c0 0x7fc2d410bdb0 unknown :-1 s=HELLO_CONNECTING pgs=0 cs=0 l=0 rev1=1 crypto rx=0 tx=0 comp rx=0 tx=0).handle_hello peer v2:172.21.15.44:3300/0 says I am v2:172.21.15.44:48552/0 (socket says 172.21.15.44:48552)
2024-04-26T11:16:36.405 INFO:teuthology.orchestra.run.smithi044.stdout:/usr/bin/ceph: stderr
2024-04-26T11:16:34.952+0000 7fc2d8a00700 1 -- 172.21.15.44:0/1686978395 learned_addr learned my addr 172.21.15.44:0/1686978395 (peer_addr_for_me v2:172.21.15.44:0/0)
2024-04-26T11:16:36.406 INFO:teuthology.orchestra.run.smithi044.stdout:/usr/bin/ceph: stderr
2024-04-26T11:16:34.953+0000 7fc2d8a00700 1 -- 172.21.15.44:0/1686978395 --> [v2:172.21.15.44:3300/0,v1:172.21.15.44:6789/0] -- mon_subscribe({config=0+,monmap=0+}) -- 0x7fc2d410c2f0 con 0x7fc2d41099c0
2024-04-26T11:16:36.406 INFO:teuthology.orchestra.run.smithi044.stdout:/usr/bin/ceph: stderr
2024-04-26T11:16:34.953+0000 7fc2d8a00700 1 --2- 172.21.15.44:0/1686978395 >> [v2:172.21.15.44:3300/0,v1:172.21.15.44:6789/0] conn(0x7fc2d41099c0 0x7fc2d410bdb0 secure :-1 s=READY pgs=47 cs=0 l=1 rev1=1 crypto rx=0x7fc2c80098a0 tx=0x7fc2c8009bb0 comp rx=0 tx=0).ready entity=mon.0 client_cookie=a611aec38d8d468c server_cookie=0 in_seq=0 out_seq=0
2024-04-26T11:16:36.406 INFO:teuthology.orchestra.run.smithi044.stdout:/usr/bin/ceph: stderr
2024-04-26T11:16:34.953+0000 7fc2d3400700 1 -- 172.21.15.44:0/1686978395 <== mon.0 v2:172.21.15.44:3300/0 1 ==== mon_map magic: 0 ==== 205+0+0 (secure 0 0 0) 0x7fc2c8004160 con 0x7fc2d41099c0
2024-04-26T11:16:36.406 INFO:teuthology.orchestra.run.smithi044.stdout:/usr/bin/ceph: stderr
2024-04-26T11:16:34.954+0000 7fc2d3400700 1 -- 172.21.15.44:0/1686978395 <== mon.0 v2:172.21.15.44:3300/0 2 ==== config(26 keys) ==== 1070+0+0 (secure 0 0 0) 0x7fc2c8004300 con 0x7fc2d41099c0
2024-04-26T11:16:36.406 INFO:teuthology.orchestra.run.smithi044.stdout:/usr/bin/ceph: stderr
2024-04-26T11:16:34.954+0000 7fc2d3400700 1 -- 172.21.15.44:0/1686978395 <== mon.0 v2:172.21.15.44:3300/0 3 ==== mon_map magic: 0 ==== 205+0+0 (secure 0 0 0) 0x7fc2c8011af0 con 0x7fc2d41099c0
2024-04-26T11:16:36.406 INFO:teuthology.orchestra.run.smithi044.stdout:/usr/bin/ceph: stderr
2024-04-26T11:16:34.954+0000 7fc2db400700 1 -- 172.21.15.44:0/1686978395 >> [v2:172.21.15.44:3300/0,v1:172.21.15.44:6789/0] conn(0x7fc2d41099c0 msgr2=0x7fc2d410bdb0 secure :-1 s=STATE_CONNECTION_ESTABLISHED l=1).mark_down
2024-04-26T11:16:36.406 INFO:teuthology.orchestra.run.smithi044.stdout:/usr/bin/ceph: stderr
2024-04-26T11:16:34.954+0000 7fc2db400700 1 --2- 172.21.15.44:0/1686978395 >> [v2:172.21.15.44:3300/0,v1:172.21.15.44:6789/0] conn(0x7fc2d41099c0 0x7fc2d410bdb0 secure :-1 s=READY pgs=47 cs=0 l=1 rev1=1 crypto rx=0x7fc2c80098a0 tx=0x7fc2c8009bb0 comp rx=0 tx=0).stop
2024-04-26T11:16:36.406 INFO:teuthology.orchestra.run.smithi044.stdout:/usr/bin/ceph: stderr
2024-04-26T11:16:34.954+0000 7fc2db400700 1 -- 172.21.15.44:0/1686978395 shutdown_connections
2024-04-26T11:16:36.406 INFO:teuthology.orchestra.run.smithi044.stdout:/usr/bin/ceph: stderr
2024-04-26T11:16:34.954+0000 7fc2db400700 1 --2- 172.21.15.44:0/1686978395 >> [v2:172.21.15.44:3300/0,v1:172.21.15.44:6789/0] conn(0x7fc2d41099c0 0x7fc2d410bdb0 unknown :-1 s=CLOSED pgs=47 cs=0 l=1 rev1=1 crypto rx=0 tx=0 comp rx=0 tx=0).stop
2024-04-26T11:16:36.406 INFO:teuthology.orchestra.run.smithi044.stdout:/usr/bin/ceph: stderr
2024-04-26T11:16:34.954+0000 7fc2db400700 1 -- 172.21.15.44:0/1686978395 >> 172.21.15.44:0/1686978395 conn(0x7fc2d41033f0 msgr2=0x7fc2d4105810 unknown :-1 s=STATE_NONE l=0).mark_down
2024-04-26T11:16:36.406 INFO:teuthology.orchestra.run.smithi044.stdout:/usr/bin/ceph: stderr
2024-04-26T11:16:34.954+0000 7fc2db400700 1 -- 172.21.15.44:0/1686978395 shutdown_connections
2024-04-26T11:16:36.406 INFO:teuthology.orchestra.run.smithi044.stdout:/usr/bin/ceph: stderr
2024-04-26T11:16:34.955+0000 7fc2db400700 1 -- 172.21.15.44:0/1686978395 wait complete.
2024-04-26T11:16:36.406 INFO:teuthology.orchestra.run.smithi044.stdout:/usr/bin/ceph: stderr
2024-04-26T11:16:34.955+0000 7fc2db400700 1 Processor -- start
2024-04-26T11:16:36.407 INFO:teuthology.orchestra.run.smithi044.stdout:/usr/bin/ceph: stderr
2024-04-26T11:16:34.956+0000 7fc2db400700 1 -- start start
2024-04-26T11:16:36.407 INFO:teuthology.orchestra.run.smithi044.stdout:/usr/bin/ceph: stderr
2024-04-26T11:16:34.956+0000 7fc2db400700 1 --2- >> [v2:172.21.15.44:3300/0,v1:172.21.15.44:6789/0] conn(0x7fc2d41099c0 0x7fc2d419f080 unknown :-1 s=NONE pgs=0 cs=0 l=1 rev1=0 crypto rx=0 tx=0 comp rx=0 tx=0).connect
2024-04-26T11:16:36.407 INFO:teuthology.orchestra.run.smithi044.stdout:/usr/bin/ceph: stderr
2024-04-26T11:16:34.956+0000 7fc2db400700 1 -- --> [v2:172.21.15.44:3300/0,v1:172.21.15.44:6789/0] -- mon_getmap magic: 0 -- 0x7fc2d410d250 con 0x7fc2d41099c0
2024-04-26T11:16:36.407 INFO:teuthology.orchestra.run.smithi044.stdout:/usr/bin/ceph: stderr
2024-04-26T11:16:34.956+0000 7fc2d8a00700 1 --2- >> [v2:172.21.15.44:3300/0,v1:172.21.15.44:6789/0] conn(0x7fc2d41099c0 0x7fc2d419f080 unknown :-1 s=BANNER_CONNECTING pgs=0 cs=0 l=1 rev1=0 crypto rx=0 tx=0 comp rx=0 tx=0)._handle_peer_banner_payload supported=3 required=0
2024-04-26T11:16:36.407 INFO:teuthology.orchestra.run.smithi044.stdout:/usr/bin/ceph: stderr
2024-04-26T11:16:34.956+0000 7fc2d8a00700 1 --2- >> [v2:172.21.15.44:3300/0,v1:172.21.15.44:6789/0] conn(0x7fc2d41099c0 0x7fc2d419f080 unknown :-1 s=HELLO_CONNECTING pgs=0 cs=0 l=1 rev1=1 crypto rx=0 tx=0 comp rx=0 tx=0).handle_hello peer v2:172.21.15.44:3300/0 says I am v2:172.21.15.44:48564/0 (socket says 172.21.15.44:48564)
2024-04-26T11:16:36.407 INFO:teuthology.orchestra.run.smithi044.stdout:/usr/bin/ceph: stderr
2024-04-26T11:16:34.956+0000 7fc2d8a00700 1 -- 172.21.15.44:0/4009708128 learned_addr learned my addr 172.21.15.44:0/4009708128 (peer_addr_for_me v2:172.21.15.44:0/0)
2024-04-26T11:16:36.410 INFO:teuthology.orchestra.run.smithi044.stdout:/usr/bin/ceph: stderr
2024-04-26T11:16:34.957+0000 7fc2d8a00700 1 -- 172.21.15.44:0/4009708128 --> [v2:172.21.15.44:3300/0,v1:172.21.15.44:6789/0] -- mon_subscribe({config=0+,monmap=0+}) -- 0x7fc2d419f5c0 con 0x7fc2d41099c0
2024-04-26T11:16:36.410 INFO:teuthology.orchestra.run.smithi044.stdout:/usr/bin/ceph: stderr
2024-04-26T11:16:34.957+0000 7fc2d8a00700 1 --2- 172.21.15.44:0/4009708128 >> [v2:172.21.15.44:3300/0,v1:172.21.15.44:6789/0] conn(0x7fc2d41099c0 0x7fc2d419f080 secure :-1 s=READY pgs=48 cs=0 l=1 rev1=1 crypto rx=0x7fc2c8011ac0 tx=0x7fc2c8011ba0 comp rx=0 tx=0).ready entity=mon.0 client_cookie=0 server_cookie=0 in_seq=0 out_seq=0
2024-04-26T11:16:36.410 INFO:teuthology.orchestra.run.smithi044.stdout:/usr/bin/ceph: stderr
2024-04-26T11:16:34.957+0000 7fc2d1600700 1 -- 172.21.15.44:0/4009708128 <== mon.0 v2:172.21.15.44:3300/0 1 ==== mon_map magic: 0 ==== 205+0+0 (secure 0 0 0) 0x7fc2c8003970 con 0x7fc2d41099c0
2024-04-26T11:16:36.410 INFO:teuthology.orchestra.run.smithi044.stdout:/usr/bin/ceph: stderr
2024-04-26T11:16:34.957+0000 7fc2d1600700 1 -- 172.21.15.44:0/4009708128 <== mon.0 v2:172.21.15.44:3300/0 2 ==== config(26 keys) ==== 1070+0+0 (secure 0 0 0) 0x7fc2c8003b10 con 0x7fc2d41099c0
2024-04-26T11:16:36.410 INFO:teuthology.orchestra.run.smithi044.stdout:/usr/bin/ceph: stderr
2024-04-26T11:16:34.957+0000 7fc2db400700 1 -- 172.21.15.44:0/4009708128 --> [v2:172.21.15.44:3300/0,v1:172.21.15.44:6789/0] -- mon_subscribe({mgrmap=0+}) -- 0x7fc2d419f850 con 0x7fc2d41099c0
2024-04-26T11:16:36.410 INFO:teuthology.orchestra.run.smithi044.stdout:/usr/bin/ceph: stderr
2024-04-26T11:16:34.957+0000 7fc2d1600700 1 -- 172.21.15.44:0/4009708128 <== mon.0 v2:172.21.15.44:3300/0 3 ==== mon_map magic: 0 ==== 205+0+0 (secure 0 0 0) 0x7fc2c8024610 con 0x7fc2d41099c0
2024-04-26T11:16:36.410 INFO:teuthology.orchestra.run.smithi044.stdout:/usr/bin/ceph: stderr
2024-04-26T11:16:34.957+0000 7fc2db400700 1 -- 172.21.15.44:0/4009708128 --> [v2:172.21.15.44:3300/0,v1:172.21.15.44:6789/0] -- mon_subscribe({osdmap=0}) -- 0x7fc2d41a2540 con 0x7fc2d41099c0
2024-04-26T11:16:36.410 INFO:teuthology.orchestra.run.smithi044.stdout:/usr/bin/ceph: stderr
2024-04-26T11:16:34.959+0000 7fc2d1600700 1 -- 172.21.15.44:0/4009708128 <== mon.0 v2:172.21.15.44:3300/0 4 ==== mgrmap(e 8) ==== 46558+0+0 (secure 0 0 0) 0x7fc2c801a430 con 0x7fc2d41099c0
2024-04-26T11:16:36.410 INFO:teuthology.orchestra.run.smithi044.stdout:/usr/bin/ceph: stderr
2024-04-26T11:16:34.959+0000 7fc2db400700 1 -- 172.21.15.44:0/4009708128 --> [v2:172.21.15.44:3300/0,v1:172.21.15.44:6789/0] -- mon_command({"prefix": "get_command_descriptions"} v 0) -- 0x7fc2d4064a80 con 0x7fc2d41099c0
2024-04-26T11:16:36.411 INFO:teuthology.orchestra.run.smithi044.stdout:/usr/bin/ceph: stderr
2024-04-26T11:16:34.959+0000 7fc2d1600700 1 --2- 172.21.15.44:0/4009708128 >> [v2:172.21.15.44:6800/4066341171,v1:172.21.15.44:6801/4066341171] conn(0x7fc2bc039600 0x7fc2bc03bac0 unknown :-1 s=NONE pgs=0 cs=0 l=1 rev1=0 crypto rx=0 tx=0 comp rx=0 tx=0).connect
2024-04-26T11:16:36.411 INFO:teuthology.orchestra.run.smithi044.stdout:/usr/bin/ceph: stderr
2024-04-26T11:16:34.959+0000 7fc2d1600700 1 -- 172.21.15.44:0/4009708128 <== mon.0 v2:172.21.15.44:3300/0 5 ==== osd_map(2..2 src has 1..2) ==== 940+0+0 (secure 0 0 0) 0x7fc2c804d8d0 con 0x7fc2d41099c0
2024-04-26T11:16:36.411 INFO:teuthology.orchestra.run.smithi044.stdout:/usr/bin/ceph: stderr
2024-04-26T11:16:34.960+0000 7fc2d3e00700 1 --2- 172.21.15.44:0/4009708128 >> [v2:172.21.15.44:6800/4066341171,v1:172.21.15.44:6801/4066341171] conn(0x7fc2bc039600 0x7fc2bc03bac0 unknown :-1 s=BANNER_CONNECTING pgs=0 cs=0 l=1 rev1=0 crypto rx=0 tx=0 comp rx=0 tx=0)._handle_peer_banner_payload supported=3 required=0
2024-04-26T11:16:36.411 INFO:teuthology.orchestra.run.smithi044.stdout:/usr/bin/ceph: stderr
2024-04-26T11:16:34.960+0000 7fc2d3e00700 1 --2- 172.21.15.44:0/4009708128 >> [v2:172.21.15.44:6800/4066341171,v1:172.21.15.44:6801/4066341171] conn(0x7fc2bc039600 0x7fc2bc03bac0 secure :-1 s=READY pgs=12 cs=0 l=1 rev1=1 crypto rx=0x7fc2c0006fd0 tx=0x7fc2c0006e40 comp rx=0 tx=0).ready entity=mgr.14120 client_cookie=0 server_cookie=0 in_seq=0 out_seq=0
2024-04-26T11:16:36.411 INFO:teuthology.orchestra.run.smithi044.stdout:/usr/bin/ceph: stderr
2024-04-26T11:16:34.965+0000 7fc2d1600700 1 -- 172.21.15.44:0/4009708128 <== mon.0 v2:172.21.15.44:3300/0 6 ==== mon_command_ack([{"prefix": "get_command_descriptions"}]=0 v0) ==== 72+0+188370 (secure 0 0 0) 0x7fc2c8016260 con 0x7fc2d41099c0
2024-04-26T11:16:36.411 INFO:teuthology.orchestra.run.smithi044.stdout:/usr/bin/ceph: stderr
2024-04-26T11:16:35.232+0000 7fc2db400700 1 -- 172.21.15.44:0/4009708128 --> [v2:172.21.15.44:6800/4066341171,v1:172.21.15.44:6801/4066341171] -- mgr_command(tid 0: {"prefix": "orch apply", "service_type": "mon", "unmanaged": true, "target": ["mon-mgr", ""]}) -- 0x7fc2d41045b0 con 0x7fc2bc039600
2024-04-26T11:16:36.411 INFO:teuthology.orchestra.run.smithi044.stdout:/usr/bin/ceph: stderr
2024-04-26T11:16:35.239+0000 7fc2d1600700 1 -- 172.21.15.44:0/4009708128 <== mgr.14120 v2:172.21.15.44:6800/4066341171 1 ==== mgr_command_reply(tid 0: 0 ) ==== 8+0+24 (secure 0 0 0) 0x7fc2d41045b0 con 0x7fc2bc039600
2024-04-26T11:16:36.411 INFO:teuthology.orchestra.run.smithi044.stdout:/usr/bin/ceph: stderr
2024-04-26T11:16:35.241+0000 7fc2db400700 1 -- 172.21.15.44:0/4009708128 >> [v2:172.21.15.44:6800/4066341171,v1:172.21.15.44:6801/4066341171] conn(0x7fc2bc039600 msgr2=0x7fc2bc03bac0 secure :-1 s=STATE_CONNECTION_ESTABLISHED l=1).mark_down
2024-04-26T11:16:36.411 INFO:teuthology.orchestra.run.smithi044.stdout:/usr/bin/ceph: stderr
2024-04-26T11:16:35.241+0000 7fc2db400700 1 --2- 172.21.15.44:0/4009708128 >> [v2:172.21.15.44:6800/4066341171,v1:172.21.15.44:6801/4066341171] conn(0x7fc2bc039600 0x7fc2bc03bac0 secure :-1 s=READY pgs=12 cs=0 l=1 rev1=1 crypto rx=0x7fc2c0006fd0 tx=0x7fc2c0006e40 comp rx=0 tx=0).stop
2024-04-26T11:16:36.411 INFO:teuthology.orchestra.run.smithi044.stdout:/usr/bin/ceph: stderr
2024-04-26T11:16:35.241+0000 7fc2db400700 1 -- 172.21.15.44:0/4009708128 >> [v2:172.21.15.44:3300/0,v1:172.21.15.44:6789/0] conn(0x7fc2d41099c0 msgr2=0x7fc2d419f080 secure :-1 s=STATE_CONNECTION_ESTABLISHED l=1).mark_down
2024-04-26T11:16:36.411 INFO:teuthology.orchestra.run.smithi044.stdout:/usr/bin/ceph: stderr
2024-04-26T11:16:35.241+0000 7fc2db400700 1 --2- 172.21.15.44:0/4009708128 >> [v2:172.21.15.44:3300/0,v1:172.21.15.44:6789/0] conn(0x7fc2d41099c0 0x7fc2d419f080 secure :-1 s=READY pgs=48 cs=0 l=1 rev1=1 crypto rx=0x7fc2c8011ac0 tx=0x7fc2c8011ba0 comp rx=0 tx=0).stop
2024-04-26T11:16:36.411 INFO:teuthology.orchestra.run.smithi044.stdout:/usr/bin/ceph: stderr
2024-04-26T11:16:35.241+0000 7fc2db400700 1 -- 172.21.15.44:0/4009708128 shutdown_connections
2024-04-26T11:16:36.412 INFO:teuthology.orchestra.run.smithi044.stdout:/usr/bin/ceph: stderr
2024-04-26T11:16:35.241+0000 7fc2db400700 1 --2- 172.21.15.44:0/4009708128 >> [v2:172.21.15.44:6800/4066341171,v1:172.21.15.44:6801/4066341171] conn(0x7fc2bc039600 0x7fc2bc03bac0 unknown :-1 s=CLOSED pgs=12 cs=0 l=1 rev1=1 crypto rx=0 tx=0 comp rx=0 tx=0).stop
2024-04-26T11:16:36.412 INFO:teuthology.orchestra.run.smithi044.stdout:/usr/bin/ceph: stderr
2024-04-26T11:16:35.241+0000 7fc2db400700 1 --2- 172.21.15.44:0/4009708128 >> [v2:172.21.15.44:3300/0,v1:172.21.15.44:6789/0] conn(0x7fc2d41099c0 0x7fc2d419f080 unknown :-1 s=CLOSED pgs=48 cs=0 l=1 rev1=1 crypto rx=0 tx=0 comp rx=0 tx=0).stop
2024-04-26T11:16:36.412 INFO:teuthology.orchestra.run.smithi044.stdout:/usr/bin/ceph: stderr
2024-04-26T11:16:35.241+0000 7fc2db400700 1 -- 172.21.15.44:0/4009708128 >> 172.21.15.44:0/4009708128 conn(0x7fc2d41033f0 msgr2=0x7fc2d4103ea0 unknown :-1 s=STATE_NONE l=0).mark_down
2024-04-26T11:16:36.412 INFO:teuthology.orchestra.run.smithi044.stdout:/usr/bin/ceph: stderr
2024-04-26T11:16:35.242+0000 7fc2db400700 1 -- 172.21.15.44:0/4009708128 shutdown_connections
2024-04-26T11:16:36.412 INFO:teuthology.orchestra.run.smithi044.stdout:/usr/bin/ceph: stderr
2024-04-26T11:16:35.242+0000 7fc2db400700 1 -- 172.21.15.44:0/4009708128 wait complete.
2024-04-26T11:16:36.412 INFO:teuthology.orchestra.run.smithi044.stdout:Deploying unmanaged mgr service...
