2024-04-26T11:17:44.725+0000 7f5874a00700 1 --2- >> [v2:172.21.15.33:3300/0,v1:172.21.15.33:6789/0] conn(0x7f587010fcf0 0x7f58701120e0 unknown :-1 s=NONE pgs=0 cs=0 l=0 rev1=0 crypto rx=0 tx=0 comp rx=0 tx=0).connect
2024-04-26T11:17:45.639 INFO:teuthology.orchestra.run.smithi033.stdout:/usr/bin/ceph: stderr
2024-04-26T11:17:44.725+0000 7f5874a00700 1 -- --> [v2:172.21.15.33:3300/0,v1:172.21.15.33:6789/0] -- mon_getmap magic: 0 -- 0x7f5870112620 con 0x7f587010fcf0
2024-04-26T11:17:45.639 INFO:teuthology.orchestra.run.smithi033.stdout:/usr/bin/ceph: stderr
2024-04-26T11:17:44.725+0000 7f586de00700 1 --2- >> [v2:172.21.15.33:3300/0,v1:172.21.15.33:6789/0] conn(0x7f587010fcf0 0x7f58701120e0 unknown :-1 s=BANNER_CONNECTING pgs=0 cs=0 l=0 rev1=0 crypto rx=0 tx=0 comp rx=0 tx=0)._handle_peer_banner_payload supported=3 required=0
2024-04-26T11:17:45.639 INFO:teuthology.orchestra.run.smithi033.stdout:/usr/bin/ceph: stderr
2024-04-26T11:17:44.725+0000 7f586de00700 1 --2- >> [v2:172.21.15.33:3300/0,v1:172.21.15.33:6789/0] conn(0x7f587010fcf0 0x7f58701120e0 unknown :-1 s=HELLO_CONNECTING pgs=0 cs=0 l=0 rev1=1 crypto rx=0 tx=0 comp rx=0 tx=0).handle_hello peer v2:172.21.15.33:3300/0 says I am v2:172.21.15.33:38542/0 (socket says 172.21.15.33:38542)
2024-04-26T11:17:45.639 INFO:teuthology.orchestra.run.smithi033.stdout:/usr/bin/ceph: stderr
2024-04-26T11:17:44.726+0000 7f586de00700 1 -- 172.21.15.33:0/602765281 learned_addr learned my addr 172.21.15.33:0/602765281 (peer_addr_for_me v2:172.21.15.33:0/0)
2024-04-26T11:17:45.639 INFO:teuthology.orchestra.run.smithi033.stdout:/usr/bin/ceph: stderr
2024-04-26T11:17:44.726+0000 7f586de00700 1 -- 172.21.15.33:0/602765281 --> [v2:172.21.15.33:3300/0,v1:172.21.15.33:6789/0] -- mon_subscribe({config=0+,monmap=0+}) -- 0x7f58701127a0 con 0x7f587010fcf0
2024-04-26T11:17:45.639 INFO:teuthology.orchestra.run.smithi033.stdout:/usr/bin/ceph: stderr
2024-04-26T11:17:44.726+0000 7f586de00700 1 --2- 172.21.15.33:0/602765281 >> [v2:172.21.15.33:3300/0,v1:172.21.15.33:6789/0] conn(0x7f587010fcf0 0x7f58701120e0 secure :-1 s=READY pgs=37 cs=0 l=1 rev1=1 crypto rx=0x7f58600098a0 tx=0x7f5860009bb0 comp rx=0 tx=0).ready entity=mon.0 client_cookie=aa95e243021e6c89 server_cookie=0 in_seq=0 out_seq=0
2024-04-26T11:17:45.639 INFO:teuthology.orchestra.run.smithi033.stdout:/usr/bin/ceph: stderr
2024-04-26T11:17:44.726+0000 7f586ca00700 1 -- 172.21.15.33:0/602765281 <== mon.0 v2:172.21.15.33:3300/0 1 ==== mon_map magic: 0 ==== 205+0+0 (secure 0 0 0) 0x7f5860004160 con 0x7f587010fcf0
2024-04-26T11:17:45.639 INFO:teuthology.orchestra.run.smithi033.stdout:/usr/bin/ceph: stderr
2024-04-26T11:17:44.727+0000 7f586ca00700 1 -- 172.21.15.33:0/602765281 <== mon.0 v2:172.21.15.33:3300/0 2 ==== config(26 keys) ==== 1070+0+0 (secure 0 0 0) 0x7f5860004300 con 0x7f587010fcf0
2024-04-26T11:17:45.639 INFO:teuthology.orchestra.run.smithi033.stdout:/usr/bin/ceph: stderr
2024-04-26T11:17:44.727+0000 7f586ca00700 1 -- 172.21.15.33:0/602765281 <== mon.0 v2:172.21.15.33:3300/0 3 ==== mon_map magic: 0 ==== 205+0+0 (secure 0 0 0) 0x7f5860011af0 con 0x7f587010fcf0
2024-04-26T11:17:45.639 INFO:teuthology.orchestra.run.smithi033.stdout:/usr/bin/ceph: stderr
2024-04-26T11:17:44.727+0000 7f5874a00700 1 -- 172.21.15.33:0/602765281 >> [v2:172.21.15.33:3300/0,v1:172.21.15.33:6789/0] conn(0x7f587010fcf0 msgr2=0x7f58701120e0 secure :-1 s=STATE_CONNECTION_ESTABLISHED l=1).mark_down
2024-04-26T11:17:45.639 INFO:teuthology.orchestra.run.smithi033.stdout:/usr/bin/ceph: stderr
2024-04-26T11:17:44.727+0000 7f5874a00700 1 --2- 172.21.15.33:0/602765281 >> [v2:172.21.15.33:3300/0,v1:172.21.15.33:6789/0] conn(0x7f587010fcf0 0x7f58701120e0 secure :-1 s=READY pgs=37 cs=0 l=1 rev1=1 crypto rx=0x7f58600098a0 tx=0x7f5860009bb0 comp rx=0 tx=0).stop
2024-04-26T11:17:45.639 INFO:teuthology.orchestra.run.smithi033.stdout:/usr/bin/ceph: stderr
2024-04-26T11:17:44.727+0000 7f5874a00700 1 -- 172.21.15.33:0/602765281 shutdown_connections
2024-04-26T11:17:45.639 INFO:teuthology.orchestra.run.smithi033.stdout:/usr/bin/ceph: stderr
2024-04-26T11:17:44.727+0000 7f5874a00700 1 --2- 172.21.15.33:0/602765281 >> [v2:172.21.15.33:3300/0,v1:172.21.15.33:6789/0] conn(0x7f587010fcf0 0x7f58701120e0 unknown :-1 s=CLOSED pgs=37 cs=0 l=1 rev1=1 crypto rx=0 tx=0 comp rx=0 tx=0).stop
2024-04-26T11:17:45.640 INFO:teuthology.orchestra.run.smithi033.stdout:/usr/bin/ceph: stderr
2024-04-26T11:17:44.727+0000 7f5874a00700 1 -- 172.21.15.33:0/602765281 >> 172.21.15.33:0/602765281 conn(0x7f587007e300 msgr2=0x7f5870080760 unknown :-1 s=STATE_NONE l=0).mark_down
2024-04-26T11:17:45.640 INFO:teuthology.orchestra.run.smithi033.stdout:/usr/bin/ceph: stderr
2024-04-26T11:17:44.727+0000 7f5874a00700 1 -- 172.21.15.33:0/602765281 shutdown_connections
2024-04-26T11:17:45.640 INFO:teuthology.orchestra.run.smithi033.stdout:/usr/bin/ceph: stderr
2024-04-26T11:17:44.727+0000 7f5874a00700 1 -- 172.21.15.33:0/602765281 wait complete.
2024-04-26T11:17:45.640 INFO:teuthology.orchestra.run.smithi033.stdout:/usr/bin/ceph: stderr
2024-04-26T11:17:44.728+0000 7f5874a00700 1 Processor -- start
2024-04-26T11:17:45.640 INFO:teuthology.orchestra.run.smithi033.stdout:/usr/bin/ceph: stderr
2024-04-26T11:17:44.729+0000 7f5874a00700 1 -- start start
2024-04-26T11:17:45.640 INFO:teuthology.orchestra.run.smithi033.stdout:/usr/bin/ceph: stderr
2024-04-26T11:17:44.729+0000 7f5874a00700 1 --2- >> [v2:172.21.15.33:3300/0,v1:172.21.15.33:6789/0] conn(0x7f587010fcf0 0x7f58701a3350 unknown :-1 s=NONE pgs=0 cs=0 l=1 rev1=0 crypto rx=0 tx=0 comp rx=0 tx=0).connect
2024-04-26T11:17:45.640 INFO:teuthology.orchestra.run.smithi033.stdout:/usr/bin/ceph: stderr
2024-04-26T11:17:44.729+0000 7f5874a00700 1 -- --> [v2:172.21.15.33:3300/0,v1:172.21.15.33:6789/0] -- mon_getmap magic: 0 -- 0x7f5870113700 con 0x7f587010fcf0
2024-04-26T11:17:45.640 INFO:teuthology.orchestra.run.smithi033.stdout:/usr/bin/ceph: stderr
2024-04-26T11:17:44.729+0000 7f586de00700 1 --2- >> [v2:172.21.15.33:3300/0,v1:172.21.15.33:6789/0] conn(0x7f587010fcf0 0x7f58701a3350 unknown :-1 s=BANNER_CONNECTING pgs=0 cs=0 l=1 rev1=0 crypto rx=0 tx=0 comp rx=0 tx=0)._handle_peer_banner_payload supported=3 required=0
2024-04-26T11:17:45.640 INFO:teuthology.orchestra.run.smithi033.stdout:/usr/bin/ceph: stderr
2024-04-26T11:17:44.729+0000 7f586de00700 1 --2- >> [v2:172.21.15.33:3300/0,v1:172.21.15.33:6789/0] conn(0x7f587010fcf0 0x7f58701a3350 unknown :-1 s=HELLO_CONNECTING pgs=0 cs=0 l=1 rev1=1 crypto rx=0 tx=0 comp rx=0 tx=0).handle_hello peer v2:172.21.15.33:3300/0 says I am v2:172.21.15.33:38552/0 (socket says 172.21.15.33:38552)
2024-04-26T11:17:45.641 INFO:teuthology.orchestra.run.smithi033.stdout:/usr/bin/ceph: stderr
2024-04-26T11:17:44.729+0000 7f586de00700 1 -- 172.21.15.33:0/1722134824 learned_addr learned my addr 172.21.15.33:0/1722134824 (peer_addr_for_me v2:172.21.15.33:0/0)
2024-04-26T11:17:45.641 INFO:teuthology.orchestra.run.smithi033.stdout:/usr/bin/ceph: stderr
2024-04-26T11:17:44.729+0000 7f586de00700 1 -- 172.21.15.33:0/1722134824 --> [v2:172.21.15.33:3300/0,v1:172.21.15.33:6789/0] -- mon_subscribe({config=0+,monmap=0+}) -- 0x7f58701a3890 con 0x7f587010fcf0
2024-04-26T11:17:45.641 INFO:teuthology.orchestra.run.smithi033.stdout:/usr/bin/ceph: stderr
2024-04-26T11:17:44.730+0000 7f586de00700 1 --2- 172.21.15.33:0/1722134824 >> [v2:172.21.15.33:3300/0,v1:172.21.15.33:6789/0] conn(0x7f587010fcf0 0x7f58701a3350 secure :-1 s=READY pgs=38 cs=0 l=1 rev1=1 crypto rx=0x7f5860011ac0 tx=0x7f5860011ba0 comp rx=0 tx=0).ready entity=mon.0 client_cookie=0 server_cookie=0 in_seq=0 out_seq=0
2024-04-26T11:17:45.641 INFO:teuthology.orchestra.run.smithi033.stdout:/usr/bin/ceph: stderr
2024-04-26T11:17:44.730+0000 7f5866a00700 1 -- 172.21.15.33:0/1722134824 <== mon.0 v2:172.21.15.33:3300/0 1 ==== mon_map magic: 0 ==== 205+0+0 (secure 0 0 0) 0x7f5860003970 con 0x7f587010fcf0
2024-04-26T11:17:45.641 INFO:teuthology.orchestra.run.smithi033.stdout:/usr/bin/ceph: stderr
2024-04-26T11:17:44.730+0000 7f5866a00700 1 -- 172.21.15.33:0/1722134824 <== mon.0 v2:172.21.15.33:3300/0 2 ==== config(26 keys) ==== 1070+0+0 (secure 0 0 0) 0x7f5860003b10 con 0x7f587010fcf0
2024-04-26T11:17:45.641 INFO:teuthology.orchestra.run.smithi033.stdout:/usr/bin/ceph: stderr
2024-04-26T11:17:44.730+0000 7f5874a00700 1 -- 172.21.15.33:0/1722134824 --> [v2:172.21.15.33:3300/0,v1:172.21.15.33:6789/0] -- mon_subscribe({mgrmap=0+}) -- 0x7f58701a3b20 con 0x7f587010fcf0
2024-04-26T11:17:45.641 INFO:teuthology.orchestra.run.smithi033.stdout:/usr/bin/ceph: stderr
2024-04-26T11:17:44.730+0000 7f5874a00700 1 -- 172.21.15.33:0/1722134824 --> [v2:172.21.15.33:3300/0,v1:172.21.15.33:6789/0] -- mon_subscribe({osdmap=0}) -- 0x7f58701a67c0 con 0x7f587010fcf0
2024-04-26T11:17:45.643 INFO:teuthology.orchestra.run.smithi033.stdout:/usr/bin/ceph: stderr
2024-04-26T11:17:44.731+0000 7f5866a00700 1 -- 172.21.15.33:0/1722134824 <== mon.0 v2:172.21.15.33:3300/0 3 ==== mon_map magic: 0 ==== 205+0+0 (secure 0 0 0) 0x7f5860024610 con 0x7f587010fcf0
2024-04-26T11:17:45.644 INFO:teuthology.orchestra.run.smithi033.stdout:/usr/bin/ceph: stderr
2024-04-26T11:17:44.732+0000 7f5866a00700 1 -- 172.21.15.33:0/1722134824 <== mon.0 v2:172.21.15.33:3300/0 4 ==== mgrmap(e 8) ==== 46558+0+0 (secure 0 0 0) 0x7f5860024860 con 0x7f587010fcf0
2024-04-26T11:17:45.644 INFO:teuthology.orchestra.run.smithi033.stdout:/usr/bin/ceph: stderr
2024-04-26T11:17:44.732+0000 7f5874a00700 1 -- 172.21.15.33:0/1722134824 --> [v2:172.21.15.33:3300/0,v1:172.21.15.33:6789/0] -- mon_command({"prefix": "get_command_descriptions"} v 0) -- 0x7f5850005360 con 0x7f587010fcf0
2024-04-26T11:17:45.644 INFO:teuthology.orchestra.run.smithi033.stdout:/usr/bin/ceph: stderr
2024-04-26T11:17:44.732+0000 7f5866a00700 1 --2- 172.21.15.33:0/1722134824 >> [v2:172.21.15.33:6800/334919779,v1:172.21.15.33:6801/334919779] conn(0x7f5854039600 0x7f585403bac0 unknown :-1 s=NONE pgs=0 cs=0 l=1 rev1=0 crypto rx=0 tx=0 comp rx=0 tx=0).connect
2024-04-26T11:17:45.644 INFO:teuthology.orchestra.run.smithi033.stdout:/usr/bin/ceph: stderr
2024-04-26T11:17:44.732+0000 7f5866a00700 1 -- 172.21.15.33:0/1722134824 <== mon.0 v2:172.21.15.33:3300/0 5 ==== osd_map(2..2 src has 1..2) ==== 940+0+0 (secure 0 0 0) 0x7f586004d940 con 0x7f587010fcf0
2024-04-26T11:17:45.644 INFO:teuthology.orchestra.run.smithi033.stdout:/usr/bin/ceph: stderr
2024-04-26T11:17:44.732+0000 7f586d400700 1 --2- 172.21.15.33:0/1722134824 >> [v2:172.21.15.33:6800/334919779,v1:172.21.15.33:6801/334919779] conn(0x7f5854039600 0x7f585403bac0 unknown :-1 s=BANNER_CONNECTING pgs=0 cs=0 l=1 rev1=0 crypto rx=0 tx=0 comp rx=0 tx=0)._handle_peer_banner_payload supported=3 required=0
2024-04-26T11:17:45.644 INFO:teuthology.orchestra.run.smithi033.stdout:/usr/bin/ceph: stderr
2024-04-26T11:17:44.733+0000 7f586d400700 1 --2- 172.21.15.33:0/1722134824 >> [v2:172.21.15.33:6800/334919779,v1:172.21.15.33:6801/334919779] conn(0x7f5854039600 0x7f585403bac0 secure :-1 s=READY pgs=7 cs=0 l=1 rev1=1 crypto rx=0x7f585c006fd0 tx=0x7f585c006e40 comp rx=0 tx=0).ready entity=mgr.14120 client_cookie=0 server_cookie=0 in_seq=0 out_seq=0
2024-04-26T11:17:45.644 INFO:teuthology.orchestra.run.smithi033.stdout:/usr/bin/ceph: stderr
2024-04-26T11:17:44.738+0000 7f5866a00700 1 -- 172.21.15.33:0/1722134824 <== mon.0 v2:172.21.15.33:3300/0 6 ==== mon_command_ack([{"prefix": "get_command_descriptions"}]=0 v0) ==== 72+0+188370 (secure 0 0 0) 0x7f58600172b0 con 0x7f587010fcf0
2024-04-26T11:17:45.644 INFO:teuthology.orchestra.run.smithi033.stdout:/usr/bin/ceph: stderr
2024-04-26T11:17:44.983+0000 7f5874a00700 1 -- 172.21.15.33:0/1722134824 --> [v2:172.21.15.33:6800/334919779,v1:172.21.15.33:6801/334919779] -- mgr_command(tid 0: {"prefix": "orch set backend", "module_name": "cephadm", "target": ["mon-mgr", ""]}) -- 0x7f5850000bf0 con 0x7f5854039600
2024-04-26T11:17:45.644 INFO:teuthology.orchestra.run.smithi033.stdout:/usr/bin/ceph: stderr
2024-04-26T11:17:44.992+0000 7f5866a00700 1 -- 172.21.15.33:0/1722134824 <== mgr.14120 v2:172.21.15.33:6800/334919779 1 ==== mgr_command_reply(tid 0: 0 ) ==== 8+0+0 (secure 0 0 0) 0x7f5850000bf0 con 0x7f5854039600
2024-04-26T11:17:45.644 INFO:teuthology.orchestra.run.smithi033.stdout:/usr/bin/ceph: stderr
2024-04-26T11:17:44.995+0000 7f5874a00700 1 -- 172.21.15.33:0/1722134824 >> [v2:172.21.15.33:6800/334919779,v1:172.21.15.33:6801/334919779] conn(0x7f5854039600 msgr2=0x7f585403bac0 secure :-1 s=STATE_CONNECTION_ESTABLISHED l=1).mark_down
2024-04-26T11:17:45.644 INFO:teuthology.orchestra.run.smithi033.stdout:/usr/bin/ceph: stderr
2024-04-26T11:17:44.995+0000 7f5874a00700 1 --2- 172.21.15.33:0/1722134824 >> [v2:172.21.15.33:6800/334919779,v1:172.21.15.33:6801/334919779] conn(0x7f5854039600 0x7f585403bac0 secure :-1 s=READY pgs=7 cs=0 l=1 rev1=1 crypto rx=0x7f585c006fd0 tx=0x7f585c006e40 comp rx=0 tx=0).stop
2024-04-26T11:17:45.645 INFO:teuthology.orchestra.run.smithi033.stdout:/usr/bin/ceph: stderr
2024-04-26T11:17:44.995+0000 7f5874a00700 1 -- 172.21.15.33:0/1722134824 >> [v2:172.21.15.33:3300/0,v1:172.21.15.33:6789/0] conn(0x7f587010fcf0 msgr2=0x7f58701a3350 secure :-1 s=STATE_CONNECTION_ESTABLISHED l=1).mark_down
2024-04-26T11:17:45.645 INFO:teuthology.orchestra.run.smithi033.stdout:/usr/bin/ceph: stderr
2024-04-26T11:17:44.995+0000 7f5874a00700 1 --2- 172.21.15.33:0/1722134824 >> [v2:172.21.15.33:3300/0,v1:172.21.15.33:6789/0] conn(0x7f587010fcf0 0x7f58701a3350 secure :-1 s=READY pgs=38 cs=0 l=1 rev1=1 crypto rx=0x7f5860011ac0 tx=0x7f5860011ba0 comp rx=0 tx=0).stop
2024-04-26T11:17:45.645 INFO:teuthology.orchestra.run.smithi033.stdout:/usr/bin/ceph: stderr
2024-04-26T11:17:44.995+0000 7f5874a00700 1 -- 172.21.15.33:0/1722134824 shutdown_connections
2024-04-26T11:17:45.645 INFO:teuthology.orchestra.run.smithi033.stdout:/usr/bin/ceph: stderr
2024-04-26T11:17:44.995+0000 7f5874a00700 1 --2- 172.21.15.33:0/1722134824 >> [v2:172.21.15.33:6800/334919779,v1:172.21.15.33:6801/334919779] conn(0x7f5854039600 0x7f585403bac0 unknown :-1 s=CLOSED pgs=7 cs=0 l=1 rev1=1 crypto rx=0 tx=0 comp rx=0 tx=0).stop
2024-04-26T11:17:45.645 INFO:teuthology.orchestra.run.smithi033.stdout:/usr/bin/ceph: stderr
2024-04-26T11:17:44.995+0000 7f5874a00700 1 --2- 172.21.15.33:0/1722134824 >> [v2:172.21.15.33:3300/0,v1:172.21.15.33:6789/0] conn(0x7f587010fcf0 0x7f58701a3350 unknown :-1 s=CLOSED pgs=38 cs=0 l=1 rev1=1 crypto rx=0 tx=0 comp rx=0 tx=0).stop
2024-04-26T11:17:45.645 INFO:teuthology.orchestra.run.smithi033.stdout:/usr/bin/ceph: stderr
2024-04-26T11:17:44.995+0000 7f5874a00700 1 -- 172.21.15.33:0/1722134824 >> 172.21.15.33:0/1722134824 conn(0x7f587007e300 msgr2=0x7f587007ee80 unknown :-1 s=STATE_NONE l=0).mark_down
2024-04-26T11:17:45.645 INFO:teuthology.orchestra.run.smithi033.stdout:/usr/bin/ceph: stderr
2024-04-26T11:17:44.995+0000 7f5874a00700 1 -- 172.21.15.33:0/1722134824 shutdown_connections
2024-04-26T11:17:45.645 INFO:teuthology.orchestra.run.smithi033.stdout:/usr/bin/ceph: stderr
2024-04-26T11:17:44.996+0000 7f5874a00700 1 -- 172.21.15.33:0/1722134824 wait complete.
2024-04-26T11:17:47.106 INFO:teuthology.orchestra.run.smithi033.stdout:/usr/bin/ceph: stdout value unchanged
2024-04-26T11:17:47.106 INFO:teuthology.orchestra.run.smithi033.stdout:/usr/bin/ceph: stderr
2024-04-26T11:17:46.241+0000 7f5c1ba00700 1 Processor -- start
2024-04-26T11:17:47.106 INFO:teuthology.orchestra.run.smithi033.stdout:/usr/bin/ceph: stderr
2024-04-26T11:17:46.241+0000 7f5c1ba00700 1 -- start start
2024-04-26T11:17:47.106 INFO:teuthology.orchestra.run.smithi033.stdout:/usr/bin/ceph: stderr
2024-04-26T11:17:46.242+0000 7f5c1ba00700 1 --2- >> [v2:172.21.15.33:3300/0,v1:172.21.15.33:6789/0] conn(0x7f5c1410af80 0x7f5c1410b3a0 unknown :-1 s=NONE pgs=0 cs=0 l=0 rev1=0 crypto rx=0 tx=0 comp rx=0 tx=0).connect
2024-04-26T11:17:47.106 INFO:teuthology.orchestra.run.smithi033.stdout:/usr/bin/ceph: stderr
2024-04-26T11:17:46.242+0000 7f5c1ba00700 1 -- --> [v2:172.21.15.33:3300/0,v1:172.21.15.33:6789/0] -- mon_getmap magic: 0 -- 0x7f5c1410b8e0 con 0x7f5c1410af80
2024-04-26T11:17:47.106 INFO:teuthology.orchestra.run.smithi033.stdout:/usr/bin/ceph: stderr
2024-04-26T11:17:46.242+0000 7f5c19000700 1 --2- >> [v2:172.21.15.33:3300/0,v1:172.21.15.33:6789/0] conn(0x7f5c1410af80 0x7f5c1410b3a0 unknown :-1 s=BANNER_CONNECTING pgs=0 cs=0 l=0 rev1=0 crypto rx=0 tx=0 comp rx=0 tx=0)._handle_peer_banner_payload supported=3 required=0
2024-04-26T11:17:47.106 INFO:teuthology.orchestra.run.smithi033.stdout:/usr/bin/ceph: stderr
2024-04-26T11:17:46.242+0000 7f5c19000700 1 --2- >> [v2:172.21.15.33:3300/0,v1:172.21.15.33:6789/0] conn(0x7f5c1410af80 0x7f5c1410b3a0 unknown :-1 s=HELLO_CONNECTING pgs=0 cs=0 l=0 rev1=1 crypto rx=0 tx=0 comp rx=0 tx=0).handle_hello peer v2:172.21.15.33:3300/0 says I am v2:172.21.15.33:38560/0 (socket says 172.21.15.33:38560)
2024-04-26T11:17:47.106 INFO:teuthology.orchestra.run.smithi033.stdout:/usr/bin/ceph: stderr
2024-04-26T11:17:46.242+0000 7f5c19000700 1 -- 172.21.15.33:0/4276846669 learned_addr learned my addr 172.21.15.33:0/4276846669 (peer_addr_for_me v2:172.21.15.33:0/0)
2024-04-26T11:17:47.106 INFO:teuthology.orchestra.run.smithi033.stdout:/usr/bin/ceph: stderr
2024-04-26T11:17:46.243+0000 7f5c19000700 1 -- 172.21.15.33:0/4276846669 --> [v2:172.21.15.33:3300/0,v1:172.21.15.33:6789/0] -- mon_subscribe({config=0+,monmap=0+}) -- 0x7f5c1410c090 con 0x7f5c1410af80
2024-04-26T11:17:47.106 INFO:teuthology.orchestra.run.smithi033.stdout:/usr/bin/ceph: stderr
2024-04-26T11:17:46.243+0000 7f5c19000700 1 --2- 172.21.15.33:0/4276846669 >> [v2:172.21.15.33:3300/0,v1:172.21.15.33:6789/0] conn(0x7f5c1410af80 0x7f5c1410b3a0 secure :-1 s=READY pgs=39 cs=0 l=1 rev1=1 crypto rx=0x7f5c080098a0 tx=0x7f5c08009bb0 comp rx=0 tx=0).ready entity=mon.0 client_cookie=7ae3f560ac775757 server_cookie=0 in_seq=0 out_seq=0
2024-04-26T11:17:47.107 INFO:teuthology.orchestra.run.smithi033.stdout:/usr/bin/ceph: stderr
2024-04-26T11:17:46.243+0000 7f5c13400700 1 -- 172.21.15.33:0/4276846669 <== mon.0 v2:172.21.15.33:3300/0 1 ==== mon_map magic: 0 ==== 205+0+0 (secure 0 0 0) 0x7f5c08004160 con 0x7f5c1410af80
2024-04-26T11:17:47.107 INFO:teuthology.orchestra.run.smithi033.stdout:/usr/bin/ceph: stderr
2024-04-26T11:17:46.243+0000 7f5c13400700 1 -- 172.21.15.33:0/4276846669 <== mon.0 v2:172.21.15.33:3300/0 2 ==== config(26 keys) ==== 1070+0+0 (secure 0 0 0) 0x7f5c08004300 con 0x7f5c1410af80
2024-04-26T11:17:47.107 INFO:teuthology.orchestra.run.smithi033.stdout:/usr/bin/ceph: stderr
2024-04-26T11:17:46.243+0000 7f5c13400700 1 -- 172.21.15.33:0/4276846669 <== mon.0 v2:172.21.15.33:3300/0 3 ==== mon_map magic: 0 ==== 205+0+0 (secure 0 0 0) 0x7f5c08011af0 con 0x7f5c1410af80
2024-04-26T11:17:47.107 INFO:teuthology.orchestra.run.smithi033.stdout:/usr/bin/ceph: stderr
2024-04-26T11:17:46.244+0000 7f5c1ba00700 1 -- 172.21.15.33:0/4276846669 >> [v2:172.21.15.33:3300/0,v1:172.21.15.33:6789/0] conn(0x7f5c1410af80 msgr2=0x7f5c1410b3a0 secure :-1 s=STATE_CONNECTION_ESTABLISHED l=1).mark_down
2024-04-26T11:17:47.107 INFO:teuthology.orchestra.run.smithi033.stdout:/usr/bin/ceph: stderr
2024-04-26T11:17:46.244+0000 7f5c1ba00700 1 --2- 172.21.15.33:0/4276846669 >> [v2:172.21.15.33:3300/0,v1:172.21.15.33:6789/0] conn(0x7f5c1410af80 0x7f5c1410b3a0 secure :-1 s=READY pgs=39 cs=0 l=1 rev1=1 crypto rx=0x7f5c080098a0 tx=0x7f5c08009bb0 comp rx=0 tx=0).stop
2024-04-26T11:17:47.107 INFO:teuthology.orchestra.run.smithi033.stdout:/usr/bin/ceph: stderr
2024-04-26T11:17:46.244+0000 7f5c1ba00700 1 -- 172.21.15.33:0/4276846669 shutdown_connections
2024-04-26T11:17:47.107 INFO:teuthology.orchestra.run.smithi033.stdout:/usr/bin/ceph: stderr
2024-04-26T11:17:46.244+0000 7f5c1ba00700 1 --2- 172.21.15.33:0/4276846669 >> [v2:172.21.15.33:3300/0,v1:172.21.15.33:6789/0] conn(0x7f5c1410af80 0x7f5c1410b3a0 unknown :-1 s=CLOSED pgs=39 cs=0 l=1 rev1=1 crypto rx=0 tx=0 comp rx=0 tx=0).stop
2024-04-26T11:17:47.107 INFO:teuthology.orchestra.run.smithi033.stdout:/usr/bin/ceph: stderr
2024-04-26T11:17:46.244+0000 7f5c1ba00700 1 -- 172.21.15.33:0/4276846669 >> 172.21.15.33:0/4276846669 conn(0x7f5c1407e320 msgr2=0x7f5c1407e770 unknown :-1 s=STATE_NONE l=0).mark_down
2024-04-26T11:17:47.107 INFO:teuthology.orchestra.run.smithi033.stdout:/usr/bin/ceph: stderr
2024-04-26T11:17:46.244+0000 7f5c1ba00700 1 -- 172.21.15.33:0/4276846669 shutdown_connections
2024-04-26T11:17:47.107 INFO:teuthology.orchestra.run.smithi033.stdout:/usr/bin/ceph: stderr
2024-04-26T11:17:46.244+0000 7f5c1ba00700 1 -- 172.21.15.33:0/4276846669 wait complete.
2024-04-26T11:17:47.107 INFO:teuthology.orchestra.run.smithi033.stdout:/usr/bin/ceph: stderr
2024-04-26T11:17:46.245+0000 7f5c1ba00700 1 Processor -- start
2024-04-26T11:17:47.107 INFO:teuthology.orchestra.run.smithi033.stdout:/usr/bin/ceph: stderr
2024-04-26T11:17:46.246+0000 7f5c1ba00700 1 -- start start
2024-04-26T11:17:47.107 INFO:teuthology.orchestra.run.smithi033.stdout:/usr/bin/ceph: stderr
2024-04-26T11:17:46.246+0000 7f5c1ba00700 1 --2- >> [v2:172.21.15.33:3300/0,v1:172.21.15.33:6789/0] conn(0x7f5c1410af80 0x7f5c1419ee70 unknown :-1 s=NONE pgs=0 cs=0 l=1 rev1=0 crypto rx=0 tx=0 comp rx=0 tx=0).connect
2024-04-26T11:17:47.108 INFO:teuthology.orchestra.run.smithi033.stdout:/usr/bin/ceph: stderr
2024-04-26T11:17:46.246+0000 7f5c1ba00700 1 -- --> [v2:172.21.15.33:3300/0,v1:172.21.15.33:6789/0] -- mon_getmap magic: 0 -- 0x7f5c1410f4d0 con 0x7f5c1410af80
2024-04-26T11:17:47.108 INFO:teuthology.orchestra.run.smithi033.stdout:/usr/bin/ceph: stderr
2024-04-26T11:17:46.246+0000 7f5c19000700 1 --2- >> [v2:172.21.15.33:3300/0,v1:172.21.15.33:6789/0] conn(0x7f5c1410af80 0x7f5c1419ee70 unknown :-1 s=BANNER_CONNECTING pgs=0 cs=0 l=1 rev1=0 crypto rx=0 tx=0 comp rx=0 tx=0)._handle_peer_banner_payload supported=3 required=0
2024-04-26T11:17:47.108 INFO:teuthology.orchestra.run.smithi033.stdout:/usr/bin/ceph: stderr
2024-04-26T11:17:46.246+0000 7f5c19000700 1 --2- >> [v2:172.21.15.33:3300/0,v1:172.21.15.33:6789/0] conn(0x7f5c1410af80 0x7f5c1419ee70 unknown :-1 s=HELLO_CONNECTING pgs=0 cs=0 l=1 rev1=1 crypto rx=0 tx=0 comp rx=0 tx=0).handle_hello peer v2:172.21.15.33:3300/0 says I am v2:172.21.15.33:38568/0 (socket says 172.21.15.33:38568)
2024-04-26T11:17:47.108 INFO:teuthology.orchestra.run.smithi033.stdout:/usr/bin/ceph: stderr
2024-04-26T11:17:46.246+0000 7f5c19000700 1 -- 172.21.15.33:0/2092550581 learned_addr learned my addr 172.21.15.33:0/2092550581 (peer_addr_for_me v2:172.21.15.33:0/0)
2024-04-26T11:17:47.108 INFO:teuthology.orchestra.run.smithi033.stdout:/usr/bin/ceph: stderr
2024-04-26T11:17:46.247+0000 7f5c19000700 1 -- 172.21.15.33:0/2092550581 --> [v2:172.21.15.33:3300/0,v1:172.21.15.33:6789/0] -- mon_subscribe({config=0+,monmap=0+}) -- 0x7f5c1419f3b0 con 0x7f5c1410af80
2024-04-26T11:17:47.108 INFO:teuthology.orchestra.run.smithi033.stdout:/usr/bin/ceph: stderr
2024-04-26T11:17:46.247+0000 7f5c19000700 1 --2- 172.21.15.33:0/2092550581 >> [v2:172.21.15.33:3300/0,v1:172.21.15.33:6789/0] conn(0x7f5c1410af80 0x7f5c1419ee70 secure :-1 s=READY pgs=40 cs=0 l=1 rev1=1 crypto rx=0x7f5c08011ac0 tx=0x7f5c08011ba0 comp rx=0 tx=0).ready entity=mon.0 client_cookie=0 server_cookie=0 in_seq=0 out_seq=0
2024-04-26T11:17:47.108 INFO:teuthology.orchestra.run.smithi033.stdout:/usr/bin/ceph: stderr
2024-04-26T11:17:46.247+0000 7f5c11600700 1 -- 172.21.15.33:0/2092550581 <== mon.0 v2:172.21.15.33:3300/0 1 ==== mon_map magic: 0 ==== 205+0+0 (secure 0 0 0) 0x7f5c08003b20 con 0x7f5c1410af80
2024-04-26T11:17:47.108 INFO:teuthology.orchestra.run.smithi033.stdout:/usr/bin/ceph: stderr
2024-04-26T11:17:46.247+0000 7f5c11600700 1 -- 172.21.15.33:0/2092550581 <== mon.0 v2:172.21.15.33:3300/0 2 ==== config(26 keys) ==== 1070+0+0 (secure 0 0 0) 0x7f5c0801a8c0 con 0x7f5c1410af80
2024-04-26T11:17:47.108 INFO:teuthology.orchestra.run.smithi033.stdout:/usr/bin/ceph: stderr
2024-04-26T11:17:46.247+0000 7f5c11600700 1 -- 172.21.15.33:0/2092550581 <== mon.0 v2:172.21.15.33:3300/0 3 ==== mon_map magic: 0 ==== 205+0+0 (secure 0 0 0) 0x7f5c080248d0 con 0x7f5c1410af80
2024-04-26T11:17:47.108 INFO:teuthology.orchestra.run.smithi033.stdout:/usr/bin/ceph: stderr
2024-04-26T11:17:46.247+0000 7f5c1ba00700 1 -- 172.21.15.33:0/2092550581 --> [v2:172.21.15.33:3300/0,v1:172.21.15.33:6789/0] -- mon_subscribe({mgrmap=0+}) -- 0x7f5c1419f640 con 0x7f5c1410af80
2024-04-26T11:17:47.108 INFO:teuthology.orchestra.run.smithi033.stdout:/usr/bin/ceph: stderr
2024-04-26T11:17:46.248+0000 7f5c1ba00700 1 -- 172.21.15.33:0/2092550581 --> [v2:172.21.15.33:3300/0,v1:172.21.15.33:6789/0] -- mon_subscribe({osdmap=0}) -- 0x7f5c141a2330 con 0x7f5c1410af80
2024-04-26T11:17:47.108 INFO:teuthology.orchestra.run.smithi033.stdout:/usr/bin/ceph: stderr
2024-04-26T11:17:46.249+0000 7f5c11600700 1 -- 172.21.15.33:0/2092550581 <== mon.0 v2:172.21.15.33:3300/0 4 ==== mgrmap(e 8) ==== 46558+0+0 (secure 0 0 0) 0x7f5c08022020 con 0x7f5c1410af80
2024-04-26T11:17:47.108 INFO:teuthology.orchestra.run.smithi033.stdout:/usr/bin/ceph: stderr
2024-04-26T11:17:46.249+0000 7f5c1ba00700 1 -- 172.21.15.33:0/2092550581 --> [v2:172.21.15.33:3300/0,v1:172.21.15.33:6789/0] -- mon_command({"prefix": "get_command_descriptions"} v 0) -- 0x7f5c1406a530 con 0x7f5c1410af80
2024-04-26T11:17:47.109 INFO:teuthology.orchestra.run.smithi033.stdout:/usr/bin/ceph: stderr
2024-04-26T11:17:46.249+0000 7f5c11600700 1 --2- 172.21.15.33:0/2092550581 >> [v2:172.21.15.33:6800/334919779,v1:172.21.15.33:6801/334919779] conn(0x7f5bfc039600 0x7f5bfc03bac0 unknown :-1 s=NONE pgs=0 cs=0 l=1 rev1=0 crypto rx=0 tx=0 comp rx=0 tx=0).connect
2024-04-26T11:17:47.109 INFO:teuthology.orchestra.run.smithi033.stdout:/usr/bin/ceph: stderr
2024-04-26T11:17:46.249+0000 7f5c11600700 1 -- 172.21.15.33:0/2092550581 <== mon.0 v2:172.21.15.33:3300/0 5 ==== osd_map(2..2 src has 1..2) ==== 940+0+0 (secure 0 0 0) 0x7f5c0804d900 con 0x7f5c1410af80
2024-04-26T11:17:47.109 INFO:teuthology.orchestra.run.smithi033.stdout:/usr/bin/ceph: stderr
2024-04-26T11:17:46.249+0000 7f5c13e00700 1 --2- 172.21.15.33:0/2092550581 >> [v2:172.21.15.33:6800/334919779,v1:172.21.15.33:6801/334919779] conn(0x7f5bfc039600 0x7f5bfc03bac0 unknown :-1 s=BANNER_CONNECTING pgs=0 cs=0 l=1 rev1=0 crypto rx=0 tx=0 comp rx=0 tx=0)._handle_peer_banner_payload supported=3 required=0
2024-04-26T11:17:47.109 INFO:teuthology.orchestra.run.smithi033.stdout:/usr/bin/ceph: stderr
2024-04-26T11:17:46.250+0000 7f5c13e00700 1 --2- 172.21.15.33:0/2092550581 >> [v2:172.21.15.33:6800/334919779,v1:172.21.15.33:6801/334919779] conn(0x7f5bfc039600 0x7f5bfc03bac0 secure :-1 s=READY pgs=8 cs=0 l=1 rev1=1 crypto rx=0x7f5c04006fd0 tx=0x7f5c04006e40 comp rx=0 tx=0).ready entity=mgr.14120 client_cookie=0 server_cookie=0 in_seq=0 out_seq=0
2024-04-26T11:17:47.109 INFO:teuthology.orchestra.run.smithi033.stdout:/usr/bin/ceph: stderr
2024-04-26T11:17:46.256+0000 7f5c11600700 1 -- 172.21.15.33:0/2092550581 <== mon.0 v2:172.21.15.33:3300/0 6 ==== mon_command_ack([{"prefix": "get_command_descriptions"}]=0 v0) ==== 72+0+188370 (secure 0 0 0) 0x7f5c0801ab20 con 0x7f5c1410af80
2024-04-26T11:17:47.109 INFO:teuthology.orchestra.run.smithi033.stdout:/usr/bin/ceph: stderr
2024-04-26T11:17:46.491+0000 7f5c1ba00700 1 -- 172.21.15.33:0/2092550581 --> [v2:172.21.15.33:6800/334919779,v1:172.21.15.33:6801/334919779] -- mgr_command(tid 0: {"prefix": "cephadm set-user", "user": "root", "target": ["mon-mgr", ""]}) -- 0x7f5c14108b90 con 0x7f5bfc039600
2024-04-26T11:17:47.109 INFO:teuthology.orchestra.run.smithi033.stdout:/usr/bin/ceph: stderr
2024-04-26T11:17:46.492+0000 7f5c11600700 1 -- 172.21.15.33:0/2092550581 <== mgr.14120 v2:172.21.15.33:6800/334919779 1 ==== mgr_command_reply(tid 0: 0 ) ==== 8+0+16 (secure 0 0 0) 0x7f5c14108b90 con 0x7f5bfc039600
2024-04-26T11:17:47.109 INFO:teuthology.orchestra.run.smithi033.stdout:/usr/bin/ceph: stderr
2024-04-26T11:17:46.495+0000 7f5c1ba00700 1 -- 172.21.15.33:0/2092550581 >> [v2:172.21.15.33:6800/334919779,v1:172.21.15.33:6801/334919779] conn(0x7f5bfc039600 msgr2=0x7f5bfc03bac0 secure :-1 s=STATE_CONNECTION_ESTABLISHED l=1).mark_down
2024-04-26T11:17:47.109 INFO:teuthology.orchestra.run.smithi033.stdout:/usr/bin/ceph: stderr
2024-04-26T11:17:46.495+0000 7f5c1ba00700 1 --2- 172.21.15.33:0/2092550581 >> [v2:172.21.15.33:6800/334919779,v1:172.21.15.33:6801/334919779] conn(0x7f5bfc039600 0x7f5bfc03bac0 secure :-1 s=READY pgs=8 cs=0 l=1 rev1=1 crypto rx=0x7f5c04006fd0 tx=0x7f5c04006e40 comp rx=0 tx=0).stop
2024-04-26T11:17:47.109 INFO:teuthology.orchestra.run.smithi033.stdout:/usr/bin/ceph: stderr
2024-04-26T11:17:46.495+0000 7f5c1ba00700 1 -- 172.21.15.33:0/2092550581 >> [v2:172.21.15.33:3300/0,v1:172.21.15.33:6789/0] conn(0x7f5c1410af80 msgr2=0x7f5c1419ee70 secure :-1 s=STATE_CONNECTION_ESTABLISHED l=1).mark_down
2024-04-26T11:17:47.109 INFO:teuthology.orchestra.run.smithi033.stdout:/usr/bin/ceph: stderr
2024-04-26T11:17:46.495+0000 7f5c1ba00700 1 --2- 172.21.15.33:0/2092550581 >> [v2:172.21.15.33:3300/0,v1:172.21.15.33:6789/0] conn(0x7f5c1410af80 0x7f5c1419ee70 secure :-1 s=READY pgs=40 cs=0 l=1 rev1=1 crypto rx=0x7f5c08011ac0 tx=0x7f5c08011ba0 comp rx=0 tx=0).stop
2024-04-26T11:17:47.109 INFO:teuthology.orchestra.run.smithi033.stdout:/usr/bin/ceph: stderr
2024-04-26T11:17:46.496+0000 7f5c1ba00700 1 -- 172.21.15.33:0/2092550581 shutdown_connections
2024-04-26T11:17:47.109 INFO:teuthology.orchestra.run.smithi033.stdout:/usr/bin/ceph: stderr
2024-04-26T11:17:46.496+0000 7f5c1ba00700 1 --2- 172.21.15.33:0/2092550581 >> [v2:172.21.15.33:6800/334919779,v1:172.21.15.33:6801/334919779] conn(0x7f5bfc039600 0x7f5bfc03bac0 unknown :-1 s=CLOSED pgs=8 cs=0 l=1 rev1=1 crypto rx=0 tx=0 comp rx=0 tx=0).stop
2024-04-26T11:17:47.109 INFO:teuthology.orchestra.run.smithi033.stdout:/usr/bin/ceph: stderr
2024-04-26T11:17:46.496+0000 7f5c1ba00700 1 --2- 172.21.15.33:0/2092550581 >> [v2:172.21.15.33:3300/0,v1:172.21.15.33:6789/0] conn(0x7f5c1410af80 0x7f5c1419ee70 unknown :-1 s=CLOSED pgs=40 cs=0 l=1 rev1=1 crypto rx=0 tx=0 comp rx=0 tx=0).stop
2024-04-26T11:17:47.110 INFO:teuthology.orchestra.run.smithi033.stdout:/usr/bin/ceph: stderr
2024-04-26T11:17:46.496+0000 7f5c1ba00700 1 -- 172.21.15.33:0/2092550581 >> 172.21.15.33:0/2092550581 conn(0x7f5c1407e320 msgr2=0x7f5c14108480 unknown :-1 s=STATE_NONE l=0).mark_down
2024-04-26T11:17:47.110 INFO:teuthology.orchestra.run.smithi033.stdout:/usr/bin/ceph: stderr
2024-04-26T11:17:46.496+0000 7f5c1ba00700 1 -- 172.21.15.33:0/2092550581 shutdown_connections
2024-04-26T11:17:47.110 INFO:teuthology.orchestra.run.smithi033.stdout:/usr/bin/ceph: stderr
2024-04-26T11:17:46.496+0000 7f5c1ba00700 1 -- 172.21.15.33:0/2092550581 wait complete.
2024-04-26T11:17:47.110 INFO:teuthology.orchestra.run.smithi033.stdout:Generating ssh key...
2024-04-26T11:17:47.676 INFO:journalctl@ceph.mon.a.smithi033.stdout:Apr 26 11:17:47 smithi033 ceph-mon[27845]: from='client.14134 -' entity='client.admin' cmd=[{"prefix": "cephadm set-user", "user": "root", "target": ["mon-mgr", ""]}]: dispatch
2024-04-26T11:17:48.885 INFO:journalctl@ceph.mon.a.smithi033.stdout:Apr 26 11:17:48 smithi033 ceph-mon[27845]: from='client.14136 -' entity='client.admin' cmd=[{"prefix": "cephadm generate-key", "target": ["mon-mgr", ""]}]: dispatch
2024-04-26T11:17:48.885 INFO:journalctl@ceph.mon.a.smithi033.stdout:Apr 26 11:17:48 smithi033 ceph-mon[27845]: Generating ssh key...
2024-04-26T11:17:49.177 INFO:journalctl@ceph.mgr.x.smithi033.stdout:Apr 26 11:17:48 smithi033 ceph-5cc7f146-03be-11ef-bc93-c7b262605968-mgr-x[28082]: Generating public/private rsa key pair.
2024-04-26T11:17:49.178 INFO:journalctl@ceph.mgr.x.smithi033.stdout:Apr 26 11:17:48 smithi033 ceph-5cc7f146-03be-11ef-bc93-c7b262605968-mgr-x[28082]: Your identification has been saved in /tmp/tmp4sb3rehy/key.
2024-04-26T11:17:49.178 INFO:journalctl@ceph.mgr.x.smithi033.stdout:Apr 26 11:17:48 smithi033 ceph-5cc7f146-03be-11ef-bc93-c7b262605968-mgr-x[28082]: Your public key has been saved in /tmp/tmp4sb3rehy/key.pub.
2024-04-26T11:17:49.178 INFO:journalctl@ceph.mgr.x.smithi033.stdout:Apr 26 11:17:48 smithi033 ceph-5cc7f146-03be-11ef-bc93-c7b262605968-mgr-x[28082]: The key fingerprint is:
2024-04-26T11:17:49.178 INFO:journalctl@ceph.mgr.x.smithi033.stdout:Apr 26 11:17:48 smithi033 ceph-5cc7f146-03be-11ef-bc93-c7b262605968-mgr-x[28082]: SHA256:iJ9cRA4l1DyvZKyK0RubHJNBIyjs/pOine8yver3vSg ceph-5cc7f146-03be-11ef-bc93-c7b262605968
2024-04-26T11:17:49.178 INFO:journalctl@ceph.mgr.x.smithi033.stdout:Apr 26 11:17:48 smithi033 ceph-5cc7f146-03be-11ef-bc93-c7b262605968-mgr-x[28082]: The key's randomart image is:
2024-04-26T11:17:49.179 INFO:journalctl@ceph.mgr.x.smithi033.stdout:Apr 26 11:17:48 smithi033 ceph-5cc7f146-03be-11ef-bc93-c7b262605968-mgr-x[28082]: +---[RSA 3072]----+
2024-04-26T11:17:49.179 INFO:journalctl@ceph.mgr.x.smithi033.stdout:Apr 26 11:17:48 smithi033 ceph-5cc7f146-03be-11ef-bc93-c7b262605968-mgr-x[28082]: |.. .++o |
2024-04-26T11:17:49.179 INFO:journalctl@ceph.mgr.x.smithi033.stdout:Apr 26 11:17:48 smithi033 ceph-5cc7f146-03be-11ef-bc93-c7b262605968-mgr-x[28082]: |o.. o =+ |
2024-04-26T11:17:49.179 INFO:journalctl@ceph.mgr.x.smithi033.stdout:Apr 26 11:17:48 smithi033 ceph-5cc7f146-03be-11ef-bc93-c7b262605968-mgr-x[28082]: |o o . .oo |
2024-04-26T11:17:49.179 INFO:journalctl@ceph.mgr.x.smithi033.stdout:Apr 26 11:17:48 smithi033 ceph-5cc7f146-03be-11ef-bc93-c7b262605968-mgr-x[28082]: | . .. o+ . |
2024-04-26T11:17:49.179 INFO:journalctl@ceph.mgr.x.smithi033.stdout:Apr 26 11:17:48 smithi033 ceph-5cc7f146-03be-11ef-bc93-c7b262605968-mgr-x[28082]: |. ..o.+S. |
2024-04-26T11:17:49.180 INFO:journalctl@ceph.mgr.x.smithi033.stdout:Apr 26 11:17:48 smithi033 ceph-5cc7f146-03be-11ef-bc93-c7b262605968-mgr-x[28082]: | .. *o.o. |
2024-04-26T11:17:49.180 INFO:journalctl@ceph.mgr.x.smithi033.stdout:Apr 26 11:17:48 smithi033 ceph-5cc7f146-03be-11ef-bc93-c7b262605968-mgr-x[28082]: | .=.O+ |
2024-04-26T11:17:49.180 INFO:journalctl@ceph.mgr.x.smithi033.stdout:Apr 26 11:17:48 smithi033 ceph-5cc7f146-03be-11ef-bc93-c7b262605968-mgr-x[28082]: | o+=E o |
2024-04-26T11:17:49.180 INFO:journalctl@ceph.mgr.x.smithi033.stdout:Apr 26 11:17:48 smithi033 ceph-5cc7f146-03be-11ef-bc93-c7b262605968-mgr-x[28082]: |o.*B=+o o. |
2024-04-26T11:17:49.180 INFO:journalctl@ceph.mgr.x.smithi033.stdout:Apr 26 11:17:48 smithi033 ceph-5cc7f146-03be-11ef-bc93-c7b262605968-mgr-x[28082]: +----[SHA256]-----+
2024-04-26T11:17:49.586 INFO:teuthology.orchestra.run.smithi033.stdout:/usr/bin/ceph: stderr
2024-04-26T11:17:47.686+0000 7f5e0fa00700 1 Processor -- start
2024-04-26T11:17:49.587 INFO:teuthology.orchestra.run.smithi033.stdout:/usr/bin/ceph: stderr
2024-04-26T11:17:47.687+0000 7f5e0fa00700 1 -- start start
2024-04-26T11:17:49.587 INFO:teuthology.orchestra.run.smithi033.stdout:/usr/bin/ceph: stderr
2024-04-26T11:17:47.687+0000 7f5e0fa00700 1 --2- >> [v2:172.21.15.33:3300/0,v1:172.21.15.33:6789/0] conn(0x7f5e08108d40 0x7f5e08109160 unknown :-1 s=NONE pgs=0 cs=0 l=0 rev1=0 crypto rx=0 tx=0 comp rx=0 tx=0).connect
2024-04-26T11:17:49.587 INFO:teuthology.orchestra.run.smithi033.stdout:/usr/bin/ceph: stderr
2024-04-26T11:17:47.687+0000 7f5e0fa00700 1 -- --> [v2:172.21.15.33:3300/0,v1:172.21.15.33:6789/0] -- mon_getmap magic: 0 -- 0x7f5e08109730 con 0x7f5e08108d40
2024-04-26T11:17:49.587 INFO:teuthology.orchestra.run.smithi033.stdout:/usr/bin/ceph: stderr
2024-04-26T11:17:47.688+0000 7f5e0d000700 1 --2- >> [v2:172.21.15.33:3300/0,v1:172.21.15.33:6789/0] conn(0x7f5e08108d40 0x7f5e08109160 unknown :-1 s=BANNER_CONNECTING pgs=0 cs=0 l=0 rev1=0 crypto rx=0 tx=0 comp rx=0 tx=0)._handle_peer_banner_payload supported=3 required=0
2024-04-26T11:17:49.587 INFO:teuthology.orchestra.run.smithi033.stdout:/usr/bin/ceph: stderr
2024-04-26T11:17:47.688+0000 7f5e0d000700 1 --2- >> [v2:172.21.15.33:3300/0,v1:172.21.15.33:6789/0] conn(0x7f5e08108d40 0x7f5e08109160 unknown :-1 s=HELLO_CONNECTING pgs=0 cs=0 l=0 rev1=1 crypto rx=0 tx=0 comp rx=0 tx=0).handle_hello peer v2:172.21.15.33:3300/0 says I am v2:172.21.15.33:38570/0 (socket says 172.21.15.33:38570)
2024-04-26T11:17:49.587 INFO:teuthology.orchestra.run.smithi033.stdout:/usr/bin/ceph: stderr
2024-04-26T11:17:47.688+0000 7f5e0d000700 1 -- 172.21.15.33:0/664740103 learned_addr learned my addr 172.21.15.33:0/664740103 (peer_addr_for_me v2:172.21.15.33:0/0)
2024-04-26T11:17:49.587 INFO:teuthology.orchestra.run.smithi033.stdout:/usr/bin/ceph: stderr
2024-04-26T11:17:47.688+0000 7f5e0d000700 1 -- 172.21.15.33:0/664740103 --> [v2:172.21.15.33:3300/0,v1:172.21.15.33:6789/0] -- mon_subscribe({config=0+,monmap=0+}) -- 0x7f5e08109ef0 con 0x7f5e08108d40
2024-04-26T11:17:49.591 INFO:teuthology.orchestra.run.smithi033.stdout:/usr/bin/ceph: stderr
2024-04-26T11:17:47.689+0000 7f5e0d000700 1 --2- 172.21.15.33:0/664740103 >> [v2:172.21.15.33:3300/0,v1:172.21.15.33:6789/0] conn(0x7f5e08108d40 0x7f5e08109160 secure :-1 s=READY pgs=41 cs=0 l=1 rev1=1 crypto rx=0x7f5dfc0098a0 tx=0x7f5dfc009bb0 comp rx=0 tx=0).ready entity=mon.0 client_cookie=2c7dde44c51ffe3c server_cookie=0 in_seq=0 out_seq=0
2024-04-26T11:17:49.591 INFO:teuthology.orchestra.run.smithi033.stdout:/usr/bin/ceph: stderr
2024-04-26T11:17:47.689+0000 7f5e07400700 1 -- 172.21.15.33:0/664740103 <== mon.0 v2:172.21.15.33:3300/0 1 ==== mon_map magic: 0 ==== 205+0+0 (secure 0 0 0) 0x7f5dfc004160 con 0x7f5e08108d40
2024-04-26T11:17:49.591 INFO:teuthology.orchestra.run.smithi033.stdout:/usr/bin/ceph: stderr
2024-04-26T11:17:47.689+0000 7f5e07400700 1 -- 172.21.15.33:0/664740103 <== mon.0 v2:172.21.15.33:3300/0 2 ==== config(26 keys) ==== 1070+0+0 (secure 0 0 0) 0x7f5dfc004300 con 0x7f5e08108d40
2024-04-26T11:17:49.591 INFO:teuthology.orchestra.run.smithi033.stdout:/usr/bin/ceph: stderr
2024-04-26T11:17:47.689+0000 7f5e07400700 1 -- 172.21.15.33:0/664740103 <== mon.0 v2:172.21.15.33:3300/0 3 ==== mon_map magic: 0 ==== 205+0+0 (secure 0 0 0) 0x7f5dfc011af0 con 0x7f5e08108d40
2024-04-26T11:17:49.591 INFO:teuthology.orchestra.run.smithi033.stdout:/usr/bin/ceph: stderr
2024-04-26T11:17:47.690+0000 7f5e0fa00700 1 -- 172.21.15.33:0/664740103 >> [v2:172.21.15.33:3300/0,v1:172.21.15.33:6789/0] conn(0x7f5e08108d40 msgr2=0x7f5e08109160 secure :-1 s=STATE_CONNECTION_ESTABLISHED l=1).mark_down
2024-04-26T11:17:49.591 INFO:teuthology.orchestra.run.smithi033.stdout:/usr/bin/ceph: stderr
2024-04-26T11:17:47.690+0000 7f5e0fa00700 1 --2- 172.21.15.33:0/664740103 >> [v2:172.21.15.33:3300/0,v1:172.21.15.33:6789/0] conn(0x7f5e08108d40 0x7f5e08109160 secure :-1 s=READY pgs=41 cs=0 l=1 rev1=1 crypto rx=0x7f5dfc0098a0 tx=0x7f5dfc009bb0 comp rx=0 tx=0).stop
2024-04-26T11:17:49.592 INFO:teuthology.orchestra.run.smithi033.stdout:/usr/bin/ceph: stderr
2024-04-26T11:17:47.690+0000 7f5e0fa00700 1 -- 172.21.15.33:0/664740103 shutdown_connections
2024-04-26T11:17:49.592 INFO:teuthology.orchestra.run.smithi033.stdout:/usr/bin/ceph: stderr
2024-04-26T11:17:47.690+0000 7f5e0fa00700 1 --2- 172.21.15.33:0/664740103 >> [v2:172.21.15.33:3300/0,v1:172.21.15.33:6789/0] conn(0x7f5e08108d40 0x7f5e08109160 unknown :-1 s=CLOSED pgs=41 cs=0 l=1 rev1=1 crypto rx=0 tx=0 comp rx=0 tx=0).stop
2024-04-26T11:17:49.592 INFO:teuthology.orchestra.run.smithi033.stdout:/usr/bin/ceph: stderr
2024-04-26T11:17:47.690+0000 7f5e0fa00700 1 -- 172.21.15.33:0/664740103 >> 172.21.15.33:0/664740103 conn(0x7f5e08104300 msgr2=0x7f5e08106720 unknown :-1 s=STATE_NONE l=0).mark_down
2024-04-26T11:17:49.592 INFO:teuthology.orchestra.run.smithi033.stdout:/usr/bin/ceph: stderr
2024-04-26T11:17:47.690+0000 7f5e0fa00700 1 -- 172.21.15.33:0/664740103 shutdown_connections
2024-04-26T11:17:49.592 INFO:teuthology.orchestra.run.smithi033.stdout:/usr/bin/ceph: stderr
2024-04-26T11:17:47.690+0000 7f5e0fa00700 1 -- 172.21.15.33:0/664740103 wait complete.
2024-04-26T11:17:49.592 INFO:teuthology.orchestra.run.smithi033.stdout:/usr/bin/ceph: stderr
2024-04-26T11:17:47.691+0000 7f5e0fa00700 1 Processor -- start
2024-04-26T11:17:49.592 INFO:teuthology.orchestra.run.smithi033.stdout:/usr/bin/ceph: stderr
2024-04-26T11:17:47.692+0000 7f5e0fa00700 1 -- start start
2024-04-26T11:17:49.592 INFO:teuthology.orchestra.run.smithi033.stdout:/usr/bin/ceph: stderr
2024-04-26T11:17:47.692+0000 7f5e0fa00700 1 --2- >> [v2:172.21.15.33:3300/0,v1:172.21.15.33:6789/0] conn(0x7f5e08108d40 0x7f5e0819cca0 unknown :-1 s=NONE pgs=0 cs=0 l=1 rev1=0 crypto rx=0 tx=0 comp rx=0 tx=0).connect
2024-04-26T11:17:49.592 INFO:teuthology.orchestra.run.smithi033.stdout:/usr/bin/ceph: stderr
2024-04-26T11:17:47.692+0000 7f5e0fa00700 1 -- --> [v2:172.21.15.33:3300/0,v1:172.21.15.33:6789/0] -- mon_getmap magic: 0 -- 0x7f5e0810d2a0 con 0x7f5e08108d40
2024-04-26T11:17:49.592 INFO:teuthology.orchestra.run.smithi033.stdout:/usr/bin/ceph: stderr
2024-04-26T11:17:47.692+0000 7f5e0d000700 1 --2- >> [v2:172.21.15.33:3300/0,v1:172.21.15.33:6789/0] conn(0x7f5e08108d40 0x7f5e0819cca0 unknown :-1 s=BANNER_CONNECTING pgs=0 cs=0 l=1 rev1=0 crypto rx=0 tx=0 comp rx=0 tx=0)._handle_peer_banner_payload supported=3 required=0
2024-04-26T11:17:49.592 INFO:teuthology.orchestra.run.smithi033.stdout:/usr/bin/ceph: stderr
2024-04-26T11:17:47.692+0000 7f5e0d000700 1 --2- >> [v2:172.21.15.33:3300/0,v1:172.21.15.33:6789/0] conn(0x7f5e08108d40 0x7f5e0819cca0 unknown :-1 s=HELLO_CONNECTING pgs=0 cs=0 l=1 rev1=1 crypto rx=0 tx=0 comp rx=0 tx=0).handle_hello peer v2:172.21.15.33:3300/0 says I am v2:172.21.15.33:38586/0 (socket says 172.21.15.33:38586)
2024-04-26T11:17:49.592 INFO:teuthology.orchestra.run.smithi033.stdout:/usr/bin/ceph: stderr
2024-04-26T11:17:47.692+0000 7f5e0d000700 1 -- 172.21.15.33:0/2415489743 learned_addr learned my addr 172.21.15.33:0/2415489743 (peer_addr_for_me v2:172.21.15.33:0/0)
2024-04-26T11:17:49.592 INFO:teuthology.orchestra.run.smithi033.stdout:/usr/bin/ceph: stderr
2024-04-26T11:17:47.693+0000 7f5e0d000700 1 -- 172.21.15.33:0/2415489743 --> [v2:172.21.15.33:3300/0,v1:172.21.15.33:6789/0] -- mon_subscribe({config=0+,monmap=0+}) -- 0x7f5e0819d1e0 con 0x7f5e08108d40
2024-04-26T11:17:49.592 INFO:teuthology.orchestra.run.smithi033.stdout:/usr/bin/ceph: stderr
2024-04-26T11:17:47.693+0000 7f5e0d000700 1 --2- 172.21.15.33:0/2415489743 >> [v2:172.21.15.33:3300/0,v1:172.21.15.33:6789/0] conn(0x7f5e08108d40 0x7f5e0819cca0 secure :-1 s=READY pgs=42 cs=0 l=1 rev1=1 crypto rx=0x7f5dfc003f40 tx=0x7f5dfc011890 comp rx=0 tx=0).ready entity=mon.0 client_cookie=0 server_cookie=0 in_seq=0 out_seq=0
2024-04-26T11:17:49.593 INFO:teuthology.orchestra.run.smithi033.stdout:/usr/bin/ceph: stderr
2024-04-26T11:17:47.693+0000 7f5e05600700 1 -- 172.21.15.33:0/2415489743 <== mon.0 v2:172.21.15.33:3300/0 1 ==== mon_map magic: 0 ==== 205+0+0 (secure 0 0 0) 0x7f5dfc0038b0 con 0x7f5e08108d40
2024-04-26T11:17:49.593 INFO:teuthology.orchestra.run.smithi033.stdout:/usr/bin/ceph: stderr
2024-04-26T11:17:47.694+0000 7f5e05600700 1 -- 172.21.15.33:0/2415489743 <== mon.0 v2:172.21.15.33:3300/0 2 ==== config(26 keys) ==== 1070+0+0 (secure 0 0 0) 0x7f5dfc003a50 con 0x7f5e08108d40
2024-04-26T11:17:49.593 INFO:teuthology.orchestra.run.smithi033.stdout:/usr/bin/ceph: stderr
2024-04-26T11:17:47.694+0000 7f5e05600700 1 -- 172.21.15.33:0/2415489743 <== mon.0 v2:172.21.15.33:3300/0 3 ==== mon_map magic: 0 ==== 205+0+0 (secure 0 0 0) 0x7f5dfc01a5c0 con 0x7f5e08108d40
2024-04-26T11:17:49.593 INFO:teuthology.orchestra.run.smithi033.stdout:/usr/bin/ceph: stderr
2024-04-26T11:17:47.694+0000 7f5e0fa00700 1 -- 172.21.15.33:0/2415489743 --> [v2:172.21.15.33:3300/0,v1:172.21.15.33:6789/0] -- mon_subscribe({mgrmap=0+}) -- 0x7f5e0819d470 con 0x7f5e08108d40
2024-04-26T11:17:49.593 INFO:teuthology.orchestra.run.smithi033.stdout:/usr/bin/ceph: stderr
2024-04-26T11:17:47.694+0000 7f5e0fa00700 1 -- 172.21.15.33:0/2415489743 --> [v2:172.21.15.33:3300/0,v1:172.21.15.33:6789/0] -- mon_subscribe({osdmap=0}) -- 0x7f5e081a0160 con 0x7f5e08108d40
2024-04-26T11:17:49.593 INFO:teuthology.orchestra.run.smithi033.stdout:/usr/bin/ceph: stderr
2024-04-26T11:17:47.695+0000 7f5e05600700 1 -- 172.21.15.33:0/2415489743 <== mon.0 v2:172.21.15.33:3300/0 4 ==== mgrmap(e 8) ==== 46558+0+0 (secure 0 0 0) 0x7f5dfc024430 con 0x7f5e08108d40
2024-04-26T11:17:49.593 INFO:teuthology.orchestra.run.smithi033.stdout:/usr/bin/ceph: stderr
2024-04-26T11:17:47.695+0000 7f5e0fa00700 1 -- 172.21.15.33:0/2415489743 --> [v2:172.21.15.33:3300/0,v1:172.21.15.33:6789/0] -- mon_command({"prefix": "get_command_descriptions"} v 0) -- 0x7f5e08064a80 con 0x7f5e08108d40
2024-04-26T11:17:49.593 INFO:teuthology.orchestra.run.smithi033.stdout:/usr/bin/ceph: stderr
2024-04-26T11:17:47.696+0000 7f5e05600700 1 --2- 172.21.15.33:0/2415489743 >> [v2:172.21.15.33:6800/334919779,v1:172.21.15.33:6801/334919779] conn(0x7f5df00395b0 0x7f5df003ba70 unknown :-1 s=NONE pgs=0 cs=0 l=1 rev1=0 crypto rx=0 tx=0 comp rx=0 tx=0).connect
2024-04-26T11:17:49.593 INFO:teuthology.orchestra.run.smithi033.stdout:/usr/bin/ceph: stderr
2024-04-26T11:17:47.696+0000 7f5e05600700 1 -- 172.21.15.33:0/2415489743 <== mon.0 v2:172.21.15.33:3300/0 5 ==== osd_map(2..2 src has 1..2) ==== 940+0+0 (secure 0 0 0) 0x7f5dfc04db50 con 0x7f5e08108d40
2024-04-26T11:17:49.593 INFO:teuthology.orchestra.run.smithi033.stdout:/usr/bin/ceph: stderr
2024-04-26T11:17:47.696+0000 7f5e07e00700 1 --2- 172.21.15.33:0/2415489743 >> [v2:172.21.15.33:6800/334919779,v1:172.21.15.33:6801/334919779] conn(0x7f5df00395b0 0x7f5df003ba70 unknown :-1 s=BANNER_CONNECTING pgs=0 cs=0 l=1 rev1=0 crypto rx=0 tx=0 comp rx=0 tx=0)._handle_peer_banner_payload supported=3 required=0
2024-04-26T11:17:49.593 INFO:teuthology.orchestra.run.smithi033.stdout:/usr/bin/ceph: stderr
2024-04-26T11:17:47.697+0000 7f5e07e00700 1 --2- 172.21.15.33:0/2415489743 >> [v2:172.21.15.33:6800/334919779,v1:172.21.15.33:6801/334919779] conn(0x7f5df00395b0 0x7f5df003ba70 secure :-1 s=READY pgs=9 cs=0 l=1 rev1=1 crypto rx=0x7f5df4006fd0 tx=0x7f5df4006e40 comp rx=0 tx=0).ready entity=mgr.14120 client_cookie=0 server_cookie=0 in_seq=0 out_seq=0
2024-04-26T11:17:49.594 INFO:teuthology.orchestra.run.smithi033.stdout:/usr/bin/ceph: stderr
2024-04-26T11:17:47.701+0000 7f5e05600700 1 -- 172.21.15.33:0/2415489743 <== mon.0 v2:172.21.15.33:3300/0 6 ==== mon_command_ack([{"prefix": "get_command_descriptions"}]=0 v0) ==== 72+0+188370 (secure 0 0 0) 0x7f5dfc02cc00 con 0x7f5e08108d40
2024-04-26T11:17:49.594 INFO:teuthology.orchestra.run.smithi033.stdout:/usr/bin/ceph: stderr
2024-04-26T11:17:47.934+0000 7f5e0fa00700 1 -- 172.21.15.33:0/2415489743 --> [v2:172.21.15.33:6800/334919779,v1:172.21.15.33:6801/334919779] -- mgr_command(tid 0: {"prefix": "cephadm generate-key", "target": ["mon-mgr", ""]}) -- 0x7f5e081055c0 con 0x7f5df00395b0
2024-04-26T11:17:49.594 INFO:teuthology.orchestra.run.smithi033.stdout:/usr/bin/ceph: stderr
2024-04-26T11:17:48.896+0000 7f5e05600700 1 -- 172.21.15.33:0/2415489743 <== mgr.14120 v2:172.21.15.33:6800/334919779 1 ==== mgr_command_reply(tid 0: 0 ) ==== 8+0+0 (secure 0 0 0) 0x7f5e081055c0 con 0x7f5df00395b0
2024-04-26T11:17:49.594 INFO:teuthology.orchestra.run.smithi033.stdout:/usr/bin/ceph: stderr
2024-04-26T11:17:48.899+0000 7f5e0fa00700 1 -- 172.21.15.33:0/2415489743 >> [v2:172.21.15.33:6800/334919779,v1:172.21.15.33:6801/334919779] conn(0x7f5df00395b0 msgr2=0x7f5df003ba70 secure :-1 s=STATE_CONNECTION_ESTABLISHED l=1).mark_down
2024-04-26T11:17:49.595 INFO:teuthology.orchestra.run.smithi033.stdout:/usr/bin/ceph: stderr
2024-04-26T11:17:48.899+0000 7f5e0fa00700 1 --2- 172.21.15.33:0/2415489743 >> [v2:172.21.15.33:6800/334919779,v1:172.21.15.33:6801/334919779] conn(0x7f5df00395b0 0x7f5df003ba70 secure :-1 s=READY pgs=9 cs=0 l=1 rev1=1 crypto rx=0x7f5df4006fd0 tx=0x7f5df4006e40 comp rx=0 tx=0).stop
2024-04-26T11:17:49.595 INFO:teuthology.orchestra.run.smithi033.stdout:/usr/bin/ceph: stderr
2024-04-26T11:17:48.899+0000 7f5e0fa00700 1 -- 172.21.15.33:0/2415489743 >> [v2:172.21.15.33:3300/0,v1:172.21.15.33:6789/0] conn(0x7f5e08108d40 msgr2=0x7f5e0819cca0 secure :-1 s=STATE_CONNECTION_ESTABLISHED l=1).mark_down
2024-04-26T11:17:49.595 INFO:teuthology.orchestra.run.smithi033.stdout:/usr/bin/ceph: stderr
2024-04-26T11:17:48.899+0000 7f5e0fa00700 1 --2- 172.21.15.33:0/2415489743 >> [v2:172.21.15.33:3300/0,v1:172.21.15.33:6789/0] conn(0x7f5e08108d40 0x7f5e0819cca0 secure :-1 s=READY pgs=42 cs=0 l=1 rev1=1 crypto rx=0x7f5dfc003f40 tx=0x7f5dfc011890 comp rx=0 tx=0).stop
2024-04-26T11:17:49.595 INFO:teuthology.orchestra.run.smithi033.stdout:/usr/bin/ceph: stderr
2024-04-26T11:17:48.899+0000 7f5e0fa00700 1 -- 172.21.15.33:0/2415489743 shutdown_connections
2024-04-26T11:17:49.595 INFO:teuthology.orchestra.run.smithi033.stdout:/usr/bin/ceph: stderr
2024-04-26T11:17:48.899+0000 7f5e0fa00700 1 --2- 172.21.15.33:0/2415489743 >> [v2:172.21.15.33:6800/334919779,v1:172.21.15.33:6801/334919779] conn(0x7f5df00395b0 0x7f5df003ba70 unknown :-1 s=CLOSED pgs=9 cs=0 l=1 rev1=1 crypto rx=0 tx=0 comp rx=0 tx=0).stop
2024-04-26T11:17:49.595 INFO:teuthology.orchestra.run.smithi033.stdout:/usr/bin/ceph: stderr
2024-04-26T11:17:48.899+0000 7f5e0fa00700 1 --2- 172.21.15.33:0/2415489743 >> [v2:172.21.15.33:3300/0,v1:172.21.15.33:6789/0] conn(0x7f5e08108d40 0x7f5e0819cca0 unknown :-1 s=CLOSED pgs=42 cs=0 l=1 rev1=1 crypto rx=0 tx=0 comp rx=0 tx=0).stop
2024-04-26T11:17:49.595 INFO:teuthology.orchestra.run.smithi033.stdout:/usr/bin/ceph: stderr
2024-04-26T11:17:48.899+0000 7f5e0fa00700 1 -- 172.21.15.33:0/2415489743 >> 172.21.15.33:0/2415489743 conn(0x7f5e08104300 msgr2=0x7f5e08104eb0 unknown :-1 s=STATE_NONE l=0).mark_down
2024-04-26T11:17:49.596 INFO:teuthology.orchestra.run.smithi033.stdout:/usr/bin/ceph: stderr
2024-04-26T11:17:48.899+0000 7f5e0fa00700 1 -- 172.21.15.33:0/2415489743 shutdown_connections
2024-04-26T11:17:49.596 INFO:teuthology.orchestra.run.smithi033.stdout:/usr/bin/ceph: stderr
2024-04-26T11:17:48.899+0000 7f5e0fa00700 1 -- 172.21.15.33:0/2415489743 wait complete.
2024-04-26T11:17:50.177 INFO:journalctl@ceph.mon.a.smithi033.stdout:Apr 26 11:17:49 smithi033 ceph-mon[27845]: from='mgr.14120 172.21.15.33:0/3030394715' entity='mgr.x'
2024-04-26T11:17:50.177 INFO:journalctl@ceph.mon.a.smithi033.stdout:Apr 26 11:17:49 smithi033 ceph-mon[27845]: from='mgr.14120 172.21.15.33:0/3030394715' entity='mgr.x'
