2024-04-26T11:17:51.188 INFO:teuthology.orchestra.run.smithi033.stdout:/usr/bin/ceph: stdout ssh-rsa AAAAB3NzaC1yc2EAAAADAQABAAABgQCweyW5HCAjZMykYNqx62yDDB1HRB+Ki/g0trwk11T6XN+wG9P0ZbNqJQXWSp1uVzjtFayvRJ4axyYSJqRcqur2dpjv/8+ACAPWrDIkSaFB3hKakn5xPUVcs9GZ7qMZer+WEPfcKYQ/+z68XOwdkFFuvYe07IPnNUNVM2/LsoA1b/HAZ4g7pE3lk57ICRaPyNFA9Qw3TmUQGWjU3pZYjmt0j0bDbqp0PdYzjFb4f+35Jfcbb1uSQ1cpnGCzuq3QEIaxjA7AlqkXV4DpHkvUIztv3Yi/oR2Eqb/Sb/SaDVsCLA44inepIv/KTKcpqi3GvBa8GqARuBa8RJUub0lLYpjbtTnmgci1C/NkIKrSCM7UL41bKE8ZWdD0+7Yr/MsRNqwg5GdnPqunyix6ZSGNt3kLV5wLJzEfRwE++n2cEJod3GjyUMWNvgnlUYbQQCdADpdPG+n/1L8nC+XgdaSItmN0hIV7U/s0d4bYhoMCN6DjJ5TdmuM6rVRkbRsEhN52V0c= ceph-5cc7f146-03be-11ef-bc93-c7b262605968
2024-04-26T11:17:51.188 INFO:teuthology.orchestra.run.smithi033.stdout:/usr/bin/ceph: stderr
2024-04-26T11:17:50.234+0000 7f3e2ac00700 1 Processor -- start
2024-04-26T11:17:51.188 INFO:teuthology.orchestra.run.smithi033.stdout:/usr/bin/ceph: stderr
2024-04-26T11:17:50.235+0000 7f3e2ac00700 1 -- start start
2024-04-26T11:17:51.188 INFO:teuthology.orchestra.run.smithi033.stdout:/usr/bin/ceph: stderr
2024-04-26T11:17:50.235+0000 7f3e2ac00700 1 --2- >> [v2:172.21.15.33:3300/0,v1:172.21.15.33:6789/0] conn(0x7f3e2410af60 0x7f3e2410b380 unknown :-1 s=NONE pgs=0 cs=0 l=0 rev1=0 crypto rx=0 tx=0 comp rx=0 tx=0).connect
2024-04-26T11:17:51.189 INFO:teuthology.orchestra.run.smithi033.stdout:/usr/bin/ceph: stderr
2024-04-26T11:17:50.235+0000 7f3e2ac00700 1 -- --> [v2:172.21.15.33:3300/0,v1:172.21.15.33:6789/0] -- mon_getmap magic: 0 -- 0x7f3e2410b8c0 con 0x7f3e2410af60
2024-04-26T11:17:51.189 INFO:teuthology.orchestra.run.smithi033.stdout:/usr/bin/ceph: stderr
2024-04-26T11:17:50.235+0000 7f3e23e00700 1 --2- >> [v2:172.21.15.33:3300/0,v1:172.21.15.33:6789/0] conn(0x7f3e2410af60 0x7f3e2410b380 unknown :-1 s=BANNER_CONNECTING pgs=0 cs=0 l=0 rev1=0 crypto rx=0 tx=0 comp rx=0 tx=0)._handle_peer_banner_payload supported=3 required=0
2024-04-26T11:17:51.189 INFO:teuthology.orchestra.run.smithi033.stdout:/usr/bin/ceph: stderr
2024-04-26T11:17:50.235+0000 7f3e23e00700 1 --2- >> [v2:172.21.15.33:3300/0,v1:172.21.15.33:6789/0] conn(0x7f3e2410af60 0x7f3e2410b380 unknown :-1 s=HELLO_CONNECTING pgs=0 cs=0 l=0 rev1=1 crypto rx=0 tx=0 comp rx=0 tx=0).handle_hello peer v2:172.21.15.33:3300/0 says I am v2:172.21.15.33:50714/0 (socket says 172.21.15.33:50714)
2024-04-26T11:17:51.189 INFO:teuthology.orchestra.run.smithi033.stdout:/usr/bin/ceph: stderr
2024-04-26T11:17:50.235+0000 7f3e23e00700 1 -- 172.21.15.33:0/73564204 learned_addr learned my addr 172.21.15.33:0/73564204 (peer_addr_for_me v2:172.21.15.33:0/0)
2024-04-26T11:17:51.189 INFO:teuthology.orchestra.run.smithi033.stdout:/usr/bin/ceph: stderr
2024-04-26T11:17:50.236+0000 7f3e23e00700 1 -- 172.21.15.33:0/73564204 --> [v2:172.21.15.33:3300/0,v1:172.21.15.33:6789/0] -- mon_subscribe({config=0+,monmap=0+}) -- 0x7f3e2410c070 con 0x7f3e2410af60
2024-04-26T11:17:51.189 INFO:teuthology.orchestra.run.smithi033.stdout:/usr/bin/ceph: stderr
2024-04-26T11:17:50.236+0000 7f3e23e00700 1 --2- 172.21.15.33:0/73564204 >> [v2:172.21.15.33:3300/0,v1:172.21.15.33:6789/0] conn(0x7f3e2410af60 0x7f3e2410b380 secure :-1 s=READY pgs=43 cs=0 l=1 rev1=1 crypto rx=0x7f3e140098a0 tx=0x7f3e14009bb0 comp rx=0 tx=0).ready entity=mon.0 client_cookie=90e82f6e33655ffa server_cookie=0 in_seq=0 out_seq=0
2024-04-26T11:17:51.189 INFO:teuthology.orchestra.run.smithi033.stdout:/usr/bin/ceph: stderr
2024-04-26T11:17:50.237+0000 7f3e22a00700 1 -- 172.21.15.33:0/73564204 <== mon.0 v2:172.21.15.33:3300/0 1 ==== mon_map magic: 0 ==== 205+0+0 (secure 0 0 0) 0x7f3e14004160 con 0x7f3e2410af60
2024-04-26T11:17:51.189 INFO:teuthology.orchestra.run.smithi033.stdout:/usr/bin/ceph: stderr
2024-04-26T11:17:50.237+0000 7f3e22a00700 1 -- 172.21.15.33:0/73564204 <== mon.0 v2:172.21.15.33:3300/0 2 ==== config(26 keys) ==== 1070+0+0 (secure 0 0 0) 0x7f3e14004300 con 0x7f3e2410af60
2024-04-26T11:17:51.189 INFO:teuthology.orchestra.run.smithi033.stdout:/usr/bin/ceph: stderr
2024-04-26T11:17:50.237+0000 7f3e22a00700 1 -- 172.21.15.33:0/73564204 <== mon.0 v2:172.21.15.33:3300/0 3 ==== mon_map magic: 0 ==== 205+0+0 (secure 0 0 0) 0x7f3e14011af0 con 0x7f3e2410af60
2024-04-26T11:17:51.189 INFO:teuthology.orchestra.run.smithi033.stdout:/usr/bin/ceph: stderr
2024-04-26T11:17:50.237+0000 7f3e2ac00700 1 -- 172.21.15.33:0/73564204 >> [v2:172.21.15.33:3300/0,v1:172.21.15.33:6789/0] conn(0x7f3e2410af60 msgr2=0x7f3e2410b380 secure :-1 s=STATE_CONNECTION_ESTABLISHED l=1).mark_down
2024-04-26T11:17:51.189 INFO:teuthology.orchestra.run.smithi033.stdout:/usr/bin/ceph: stderr
2024-04-26T11:17:50.237+0000 7f3e2ac00700 1 --2- 172.21.15.33:0/73564204 >> [v2:172.21.15.33:3300/0,v1:172.21.15.33:6789/0] conn(0x7f3e2410af60 0x7f3e2410b380 secure :-1 s=READY pgs=43 cs=0 l=1 rev1=1 crypto rx=0x7f3e140098a0 tx=0x7f3e14009bb0 comp rx=0 tx=0).stop
2024-04-26T11:17:51.189 INFO:teuthology.orchestra.run.smithi033.stdout:/usr/bin/ceph: stderr
2024-04-26T11:17:50.237+0000 7f3e2ac00700 1 -- 172.21.15.33:0/73564204 shutdown_connections
2024-04-26T11:17:51.189 INFO:teuthology.orchestra.run.smithi033.stdout:/usr/bin/ceph: stderr
2024-04-26T11:17:50.237+0000 7f3e2ac00700 1 --2- 172.21.15.33:0/73564204 >> [v2:172.21.15.33:3300/0,v1:172.21.15.33:6789/0] conn(0x7f3e2410af60 0x7f3e2410b380 unknown :-1 s=CLOSED pgs=43 cs=0 l=1 rev1=1 crypto rx=0 tx=0 comp rx=0 tx=0).stop
2024-04-26T11:17:51.190 INFO:teuthology.orchestra.run.smithi033.stdout:/usr/bin/ceph: stderr
2024-04-26T11:17:50.238+0000 7f3e2ac00700 1 -- 172.21.15.33:0/73564204 >> 172.21.15.33:0/73564204 conn(0x7f3e2407e350 msgr2=0x7f3e2407e760 unknown :-1 s=STATE_NONE l=0).mark_down
2024-04-26T11:17:51.190 INFO:teuthology.orchestra.run.smithi033.stdout:/usr/bin/ceph: stderr
2024-04-26T11:17:50.238+0000 7f3e2ac00700 1 -- 172.21.15.33:0/73564204 shutdown_connections
2024-04-26T11:17:51.190 INFO:teuthology.orchestra.run.smithi033.stdout:/usr/bin/ceph: stderr
2024-04-26T11:17:50.238+0000 7f3e2ac00700 1 -- 172.21.15.33:0/73564204 wait complete.
2024-04-26T11:17:51.190 INFO:teuthology.orchestra.run.smithi033.stdout:/usr/bin/ceph: stderr
2024-04-26T11:17:50.239+0000 7f3e2ac00700 1 Processor -- start
2024-04-26T11:17:51.190 INFO:teuthology.orchestra.run.smithi033.stdout:/usr/bin/ceph: stderr
2024-04-26T11:17:50.239+0000 7f3e2ac00700 1 -- start start
2024-04-26T11:17:51.190 INFO:teuthology.orchestra.run.smithi033.stdout:/usr/bin/ceph: stderr
2024-04-26T11:17:50.240+0000 7f3e2ac00700 1 --2- >> [v2:172.21.15.33:3300/0,v1:172.21.15.33:6789/0] conn(0x7f3e2410af60 0x7f3e2419ee60 unknown :-1 s=NONE pgs=0 cs=0 l=1 rev1=0 crypto rx=0 tx=0 comp rx=0 tx=0).connect
2024-04-26T11:17:51.190 INFO:teuthology.orchestra.run.smithi033.stdout:/usr/bin/ceph: stderr
2024-04-26T11:17:50.240+0000 7f3e2ac00700 1 -- --> [v2:172.21.15.33:3300/0,v1:172.21.15.33:6789/0] -- mon_getmap magic: 0 -- 0x7f3e2410f4b0 con 0x7f3e2410af60
2024-04-26T11:17:51.190 INFO:teuthology.orchestra.run.smithi033.stdout:/usr/bin/ceph: stderr
2024-04-26T11:17:50.240+0000 7f3e23e00700 1 --2- >> [v2:172.21.15.33:3300/0,v1:172.21.15.33:6789/0] conn(0x7f3e2410af60 0x7f3e2419ee60 unknown :-1 s=BANNER_CONNECTING pgs=0 cs=0 l=1 rev1=0 crypto rx=0 tx=0 comp rx=0 tx=0)._handle_peer_banner_payload supported=3 required=0
2024-04-26T11:17:51.190 INFO:teuthology.orchestra.run.smithi033.stdout:/usr/bin/ceph: stderr
2024-04-26T11:17:50.240+0000 7f3e23e00700 1 --2- >> [v2:172.21.15.33:3300/0,v1:172.21.15.33:6789/0] conn(0x7f3e2410af60 0x7f3e2419ee60 unknown :-1 s=HELLO_CONNECTING pgs=0 cs=0 l=1 rev1=1 crypto rx=0 tx=0 comp rx=0 tx=0).handle_hello peer v2:172.21.15.33:3300/0 says I am v2:172.21.15.33:50726/0 (socket says 172.21.15.33:50726)
2024-04-26T11:17:51.190 INFO:teuthology.orchestra.run.smithi033.stdout:/usr/bin/ceph: stderr
2024-04-26T11:17:50.240+0000 7f3e23e00700 1 -- 172.21.15.33:0/3289535260 learned_addr learned my addr 172.21.15.33:0/3289535260 (peer_addr_for_me v2:172.21.15.33:0/0)
2024-04-26T11:17:51.190 INFO:teuthology.orchestra.run.smithi033.stdout:/usr/bin/ceph: stderr
2024-04-26T11:17:50.240+0000 7f3e23e00700 1 -- 172.21.15.33:0/3289535260 --> [v2:172.21.15.33:3300/0,v1:172.21.15.33:6789/0] -- mon_subscribe({config=0+,monmap=0+}) -- 0x7f3e2419f3a0 con 0x7f3e2410af60
2024-04-26T11:17:51.190 INFO:teuthology.orchestra.run.smithi033.stdout:/usr/bin/ceph: stderr
2024-04-26T11:17:50.241+0000 7f3e23e00700 1 --2- 172.21.15.33:0/3289535260 >> [v2:172.21.15.33:3300/0,v1:172.21.15.33:6789/0] conn(0x7f3e2410af60 0x7f3e2419ee60 secure :-1 s=READY pgs=44 cs=0 l=1 rev1=1 crypto rx=0x7f3e14011ac0 tx=0x7f3e14011ba0 comp rx=0 tx=0).ready entity=mon.0 client_cookie=0 server_cookie=0 in_seq=0 out_seq=0
2024-04-26T11:17:51.191 INFO:teuthology.orchestra.run.smithi033.stdout:/usr/bin/ceph: stderr
2024-04-26T11:17:50.241+0000 7f3e20c00700 1 -- 172.21.15.33:0/3289535260 <== mon.0 v2:172.21.15.33:3300/0 1 ==== mon_map magic: 0 ==== 205+0+0 (secure 0 0 0) 0x7f3e14003b20 con 0x7f3e2410af60
2024-04-26T11:17:51.191 INFO:teuthology.orchestra.run.smithi033.stdout:/usr/bin/ceph: stderr
2024-04-26T11:17:50.241+0000 7f3e20c00700 1 -- 172.21.15.33:0/3289535260 <== mon.0 v2:172.21.15.33:3300/0 2 ==== config(26 keys) ==== 1070+0+0 (secure 0 0 0) 0x7f3e1401a8c0 con 0x7f3e2410af60
2024-04-26T11:17:51.191 INFO:teuthology.orchestra.run.smithi033.stdout:/usr/bin/ceph: stderr
2024-04-26T11:17:50.241+0000 7f3e2ac00700 1 -- 172.21.15.33:0/3289535260 --> [v2:172.21.15.33:3300/0,v1:172.21.15.33:6789/0] -- mon_subscribe({mgrmap=0+}) -- 0x7f3e2419f630 con 0x7f3e2410af60
2024-04-26T11:17:51.191 INFO:teuthology.orchestra.run.smithi033.stdout:/usr/bin/ceph: stderr
2024-04-26T11:17:50.241+0000 7f3e20c00700 1 -- 172.21.15.33:0/3289535260 <== mon.0 v2:172.21.15.33:3300/0 3 ==== mon_map magic: 0 ==== 205+0+0 (secure 0 0 0) 0x7f3e140248d0 con 0x7f3e2410af60
2024-04-26T11:17:51.191 INFO:teuthology.orchestra.run.smithi033.stdout:/usr/bin/ceph: stderr
2024-04-26T11:17:50.241+0000 7f3e2ac00700 1 -- 172.21.15.33:0/3289535260 --> [v2:172.21.15.33:3300/0,v1:172.21.15.33:6789/0] -- mon_subscribe({osdmap=0}) -- 0x7f3e241a2320 con 0x7f3e2410af60
2024-04-26T11:17:51.191 INFO:teuthology.orchestra.run.smithi033.stdout:/usr/bin/ceph: stderr
2024-04-26T11:17:50.242+0000 7f3e20c00700 1 -- 172.21.15.33:0/3289535260 <== mon.0 v2:172.21.15.33:3300/0 4 ==== mgrmap(e 8) ==== 46558+0+0 (secure 0 0 0) 0x7f3e14022020 con 0x7f3e2410af60
2024-04-26T11:17:51.191 INFO:teuthology.orchestra.run.smithi033.stdout:/usr/bin/ceph: stderr
2024-04-26T11:17:50.243+0000 7f3e2ac00700 1 -- 172.21.15.33:0/3289535260 --> [v2:172.21.15.33:3300/0,v1:172.21.15.33:6789/0] -- mon_command({"prefix": "get_command_descriptions"} v 0) -- 0x7f3e24064a80 con 0x7f3e2410af60
2024-04-26T11:17:51.191 INFO:teuthology.orchestra.run.smithi033.stdout:/usr/bin/ceph: stderr
2024-04-26T11:17:50.243+0000 7f3e20c00700 1 --2- 172.21.15.33:0/3289535260 >> [v2:172.21.15.33:6800/334919779,v1:172.21.15.33:6801/334919779] conn(0x7f3e08039600 0x7f3e0803bac0 unknown :-1 s=NONE pgs=0 cs=0 l=1 rev1=0 crypto rx=0 tx=0 comp rx=0 tx=0).connect
2024-04-26T11:17:51.191 INFO:teuthology.orchestra.run.smithi033.stdout:/usr/bin/ceph: stderr
2024-04-26T11:17:50.243+0000 7f3e20c00700 1 -- 172.21.15.33:0/3289535260 <== mon.0 v2:172.21.15.33:3300/0 5 ==== osd_map(2..2 src has 1..2) ==== 940+0+0 (secure 0 0 0) 0x7f3e1404d900 con 0x7f3e2410af60
2024-04-26T11:17:51.191 INFO:teuthology.orchestra.run.smithi033.stdout:/usr/bin/ceph: stderr
2024-04-26T11:17:50.243+0000 7f3e23400700 1 --2- 172.21.15.33:0/3289535260 >> [v2:172.21.15.33:6800/334919779,v1:172.21.15.33:6801/334919779] conn(0x7f3e08039600 0x7f3e0803bac0 unknown :-1 s=BANNER_CONNECTING pgs=0 cs=0 l=1 rev1=0 crypto rx=0 tx=0 comp rx=0 tx=0)._handle_peer_banner_payload supported=3 required=0
2024-04-26T11:17:51.191 INFO:teuthology.orchestra.run.smithi033.stdout:/usr/bin/ceph: stderr
2024-04-26T11:17:50.244+0000 7f3e23400700 1 --2- 172.21.15.33:0/3289535260 >> [v2:172.21.15.33:6800/334919779,v1:172.21.15.33:6801/334919779] conn(0x7f3e08039600 0x7f3e0803bac0 secure :-1 s=READY pgs=10 cs=0 l=1 rev1=1 crypto rx=0x7f3e10006fd0 tx=0x7f3e10006e40 comp rx=0 tx=0).ready entity=mgr.14120 client_cookie=0 server_cookie=0 in_seq=0 out_seq=0
2024-04-26T11:17:51.191 INFO:teuthology.orchestra.run.smithi033.stdout:/usr/bin/ceph: stderr
2024-04-26T11:17:50.248+0000 7f3e20c00700 1 -- 172.21.15.33:0/3289535260 <== mon.0 v2:172.21.15.33:3300/0 6 ==== mon_command_ack([{"prefix": "get_command_descriptions"}]=0 v0) ==== 72+0+188370 (secure 0 0 0) 0x7f3e1400f2e0 con 0x7f3e2410af60
2024-04-26T11:17:51.192 INFO:teuthology.orchestra.run.smithi033.stdout:/usr/bin/ceph: stderr
2024-04-26T11:17:50.480+0000 7f3e2ac00700 1 -- 172.21.15.33:0/3289535260 --> [v2:172.21.15.33:6800/334919779,v1:172.21.15.33:6801/334919779] -- mgr_command(tid 0: {"prefix": "cephadm get-pub-key", "target": ["mon-mgr", ""]}) -- 0x7f3e24108b70 con 0x7f3e08039600
2024-04-26T11:17:51.192 INFO:teuthology.orchestra.run.smithi033.stdout:/usr/bin/ceph: stderr
2024-04-26T11:17:50.481+0000 7f3e20c00700 1 -- 172.21.15.33:0/3289535260 <== mgr.14120 v2:172.21.15.33:6800/334919779 1 ==== mgr_command_reply(tid 0: 0 ) ==== 8+0+595 (secure 0 0 0) 0x7f3e24108b70 con 0x7f3e08039600
2024-04-26T11:17:51.192 INFO:teuthology.orchestra.run.smithi033.stdout:/usr/bin/ceph: stderr
2024-04-26T11:17:50.485+0000 7f3e2ac00700 1 -- 172.21.15.33:0/3289535260 >> [v2:172.21.15.33:6800/334919779,v1:172.21.15.33:6801/334919779] conn(0x7f3e08039600 msgr2=0x7f3e0803bac0 secure :-1 s=STATE_CONNECTION_ESTABLISHED l=1).mark_down
2024-04-26T11:17:51.192 INFO:teuthology.orchestra.run.smithi033.stdout:/usr/bin/ceph: stderr
2024-04-26T11:17:50.485+0000 7f3e2ac00700 1 --2- 172.21.15.33:0/3289535260 >> [v2:172.21.15.33:6800/334919779,v1:172.21.15.33:6801/334919779] conn(0x7f3e08039600 0x7f3e0803bac0 secure :-1 s=READY pgs=10 cs=0 l=1 rev1=1 crypto rx=0x7f3e10006fd0 tx=0x7f3e10006e40 comp rx=0 tx=0).stop
2024-04-26T11:17:51.192 INFO:teuthology.orchestra.run.smithi033.stdout:/usr/bin/ceph: stderr
2024-04-26T11:17:50.485+0000 7f3e2ac00700 1 -- 172.21.15.33:0/3289535260 >> [v2:172.21.15.33:3300/0,v1:172.21.15.33:6789/0] conn(0x7f3e2410af60 msgr2=0x7f3e2419ee60 secure :-1 s=STATE_CONNECTION_ESTABLISHED l=1).mark_down
2024-04-26T11:17:51.192 INFO:teuthology.orchestra.run.smithi033.stdout:/usr/bin/ceph: stderr
2024-04-26T11:17:50.485+0000 7f3e2ac00700 1 --2- 172.21.15.33:0/3289535260 >> [v2:172.21.15.33:3300/0,v1:172.21.15.33:6789/0] conn(0x7f3e2410af60 0x7f3e2419ee60 secure :-1 s=READY pgs=44 cs=0 l=1 rev1=1 crypto rx=0x7f3e14011ac0 tx=0x7f3e14011ba0 comp rx=0 tx=0).stop
2024-04-26T11:17:51.192 INFO:teuthology.orchestra.run.smithi033.stdout:/usr/bin/ceph: stderr
2024-04-26T11:17:50.485+0000 7f3e2ac00700 1 -- 172.21.15.33:0/3289535260 shutdown_connections
2024-04-26T11:17:51.192 INFO:teuthology.orchestra.run.smithi033.stdout:/usr/bin/ceph: stderr
2024-04-26T11:17:50.485+0000 7f3e2ac00700 1 --2- 172.21.15.33:0/3289535260 >> [v2:172.21.15.33:6800/334919779,v1:172.21.15.33:6801/334919779] conn(0x7f3e08039600 0x7f3e0803bac0 unknown :-1 s=CLOSED pgs=10 cs=0 l=1 rev1=1 crypto rx=0 tx=0 comp rx=0 tx=0).stop
2024-04-26T11:17:51.192 INFO:teuthology.orchestra.run.smithi033.stdout:/usr/bin/ceph: stderr
2024-04-26T11:17:50.485+0000 7f3e2ac00700 1 --2- 172.21.15.33:0/3289535260 >> [v2:172.21.15.33:3300/0,v1:172.21.15.33:6789/0] conn(0x7f3e2410af60 0x7f3e2419ee60 unknown :-1 s=CLOSED pgs=44 cs=0 l=1 rev1=1 crypto rx=0 tx=0 comp rx=0 tx=0).stop
2024-04-26T11:17:51.192 INFO:teuthology.orchestra.run.smithi033.stdout:/usr/bin/ceph: stderr
2024-04-26T11:17:50.485+0000 7f3e2ac00700 1 -- 172.21.15.33:0/3289535260 >> 172.21.15.33:0/3289535260 conn(0x7f3e2407e350 msgr2=0x7f3e24108460 unknown :-1 s=STATE_NONE l=0).mark_down
2024-04-26T11:17:51.192 INFO:teuthology.orchestra.run.smithi033.stdout:/usr/bin/ceph: stderr
2024-04-26T11:17:50.485+0000 7f3e2ac00700 1 -- 172.21.15.33:0/3289535260 shutdown_connections
2024-04-26T11:17:51.193 INFO:teuthology.orchestra.run.smithi033.stdout:/usr/bin/ceph: stderr
2024-04-26T11:17:50.485+0000 7f3e2ac00700 1 -- 172.21.15.33:0/3289535260 wait complete.
2024-04-26T11:17:51.193 INFO:teuthology.orchestra.run.smithi033.stdout:Wrote public SSH key to /home/ubuntu/cephtest/ceph.pub
2024-04-26T11:17:51.193 INFO:teuthology.orchestra.run.smithi033.stdout:Adding key to root@localhost authorized_keys...
2024-04-26T11:17:51.198 INFO:teuthology.orchestra.run.smithi033.stdout:Adding host smithi033...
2024-04-26T11:17:51.796 INFO:journalctl@ceph.mon.a.smithi033.stdout:Apr 26 11:17:51 smithi033 ceph-mon[27845]: from='client.14138 -' entity='client.admin' cmd=[{"prefix": "cephadm get-pub-key", "target": ["mon-mgr", ""]}]: dispatch
2024-04-26T11:17:52.733 INFO:journalctl@ceph.mon.a.smithi033.stdout:Apr 26 11:17:52 smithi033 ceph-mon[27845]: from='client.14140 -' entity='client.admin' cmd=[{"prefix": "orch host add", "hostname": "smithi033", "addr": "172.21.15.33", "target": ["mon-mgr", ""]}]: dispatch
2024-04-26T11:17:53.666 INFO:journalctl@ceph.mon.a.smithi033.stdout:Apr 26 11:17:53 smithi033 ceph-mon[27845]: Deploying cephadm binary to smithi033
2024-04-26T11:17:59.338 INFO:teuthology.orchestra.run.smithi033.stdout:/usr/bin/ceph: stdout Added host 'smithi033' with addr '172.21.15.33'
2024-04-26T11:17:59.338 INFO:teuthology.orchestra.run.smithi033.stdout:/usr/bin/ceph: stderr
2024-04-26T11:17:51.792+0000 7f5300c00700 1 Processor -- start
2024-04-26T11:17:59.339 INFO:teuthology.orchestra.run.smithi033.stdout:/usr/bin/ceph: stderr
2024-04-26T11:17:51.793+0000 7f5300c00700 1 -- start start
2024-04-26T11:17:59.339 INFO:teuthology.orchestra.run.smithi033.stdout:/usr/bin/ceph: stderr
2024-04-26T11:17:51.793+0000 7f5300c00700 1 --2- >> [v2:172.21.15.33:3300/0,v1:172.21.15.33:6789/0] conn(0x7f52fc108e20 0x7f52fc109240 unknown :-1 s=NONE pgs=0 cs=0 l=0 rev1=0 crypto rx=0 tx=0 comp rx=0 tx=0).connect
2024-04-26T11:17:59.339 INFO:teuthology.orchestra.run.smithi033.stdout:/usr/bin/ceph: stderr
2024-04-26T11:17:51.793+0000 7f5300c00700 1 -- --> [v2:172.21.15.33:3300/0,v1:172.21.15.33:6789/0] -- mon_getmap magic: 0 -- 0x7f52fc109810 con 0x7f52fc108e20
2024-04-26T11:17:59.339 INFO:teuthology.orchestra.run.smithi033.stdout:/usr/bin/ceph: stderr
2024-04-26T11:17:51.794+0000 7f52f9e00700 1 --2- >> [v2:172.21.15.33:3300/0,v1:172.21.15.33:6789/0] conn(0x7f52fc108e20 0x7f52fc109240 unknown :-1 s=BANNER_CONNECTING pgs=0 cs=0 l=0 rev1=0 crypto rx=0 tx=0 comp rx=0 tx=0)._handle_peer_banner_payload supported=3 required=0
2024-04-26T11:17:59.339 INFO:teuthology.orchestra.run.smithi033.stdout:/usr/bin/ceph: stderr
2024-04-26T11:17:51.794+0000 7f52f9e00700 1 --2- >> [v2:172.21.15.33:3300/0,v1:172.21.15.33:6789/0] conn(0x7f52fc108e20 0x7f52fc109240 unknown :-1 s=HELLO_CONNECTING pgs=0 cs=0 l=0 rev1=1 crypto rx=0 tx=0 comp rx=0 tx=0).handle_hello peer v2:172.21.15.33:3300/0 says I am v2:172.21.15.33:50742/0 (socket says 172.21.15.33:50742)
2024-04-26T11:17:59.339 INFO:teuthology.orchestra.run.smithi033.stdout:/usr/bin/ceph: stderr
2024-04-26T11:17:51.794+0000 7f52f9e00700 1 -- 172.21.15.33:0/1267492990 learned_addr learned my addr 172.21.15.33:0/1267492990 (peer_addr_for_me v2:172.21.15.33:0/0)
2024-04-26T11:17:59.339 INFO:teuthology.orchestra.run.smithi033.stdout:/usr/bin/ceph: stderr
2024-04-26T11:17:51.794+0000 7f52f9e00700 1 -- 172.21.15.33:0/1267492990 --> [v2:172.21.15.33:3300/0,v1:172.21.15.33:6789/0] -- mon_subscribe({config=0+,monmap=0+}) -- 0x7f52fc109f80 con 0x7f52fc108e20
2024-04-26T11:17:59.339 INFO:teuthology.orchestra.run.smithi033.stdout:/usr/bin/ceph: stderr
2024-04-26T11:17:51.795+0000 7f52f9e00700 1 --2- 172.21.15.33:0/1267492990 >> [v2:172.21.15.33:3300/0,v1:172.21.15.33:6789/0] conn(0x7f52fc108e20 0x7f52fc109240 secure :-1 s=READY pgs=45 cs=0 l=1 rev1=1 crypto rx=0x7f52ec009e80 tx=0x7f52ec00b330 comp rx=0 tx=0).ready entity=mon.0 client_cookie=639efce6a760bc8f server_cookie=0 in_seq=0 out_seq=0
2024-04-26T11:17:59.339 INFO:teuthology.orchestra.run.smithi033.stdout:/usr/bin/ceph: stderr
2024-04-26T11:17:51.795+0000 7f52f8a00700 1 -- 172.21.15.33:0/1267492990 <== mon.0 v2:172.21.15.33:3300/0 1 ==== mon_map magic: 0 ==== 205+0+0 (secure 0 0 0) 0x7f52ec017070 con 0x7f52fc108e20
2024-04-26T11:17:59.339 INFO:teuthology.orchestra.run.smithi033.stdout:/usr/bin/ceph: stderr
2024-04-26T11:17:51.795+0000 7f52f8a00700 1 -- 172.21.15.33:0/1267492990 <== mon.0 v2:172.21.15.33:3300/0 2 ==== config(26 keys) ==== 1070+0+0 (secure 0 0 0) 0x7f52ec00b8c0 con 0x7f52fc108e20
2024-04-26T11:17:59.339 INFO:teuthology.orchestra.run.smithi033.stdout:/usr/bin/ceph: stderr
2024-04-26T11:17:51.795+0000 7f52f8a00700 1 -- 172.21.15.33:0/1267492990 <== mon.0 v2:172.21.15.33:3300/0 3 ==== mon_map magic: 0 ==== 205+0+0 (secure 0 0 0) 0x7f52ec004490 con 0x7f52fc108e20
2024-04-26T11:17:59.344 INFO:teuthology.orchestra.run.smithi033.stdout:/usr/bin/ceph: stderr
2024-04-26T11:17:51.796+0000 7f5300c00700 1 -- 172.21.15.33:0/1267492990 >> [v2:172.21.15.33:3300/0,v1:172.21.15.33:6789/0] conn(0x7f52fc108e20 msgr2=0x7f52fc109240 secure :-1 s=STATE_CONNECTION_ESTABLISHED l=1).mark_down
2024-04-26T11:17:59.344 INFO:teuthology.orchestra.run.smithi033.stdout:/usr/bin/ceph: stderr
2024-04-26T11:17:51.796+0000 7f5300c00700 1 --2- 172.21.15.33:0/1267492990 >> [v2:172.21.15.33:3300/0,v1:172.21.15.33:6789/0] conn(0x7f52fc108e20 0x7f52fc109240 secure :-1 s=READY pgs=45 cs=0 l=1 rev1=1 crypto rx=0x7f52ec009e80 tx=0x7f52ec00b330 comp rx=0 tx=0).stop
2024-04-26T11:17:59.344 INFO:teuthology.orchestra.run.smithi033.stdout:/usr/bin/ceph: stderr
2024-04-26T11:17:51.796+0000 7f5300c00700 1 -- 172.21.15.33:0/1267492990 shutdown_connections
2024-04-26T11:17:59.344 INFO:teuthology.orchestra.run.smithi033.stdout:/usr/bin/ceph: stderr
2024-04-26T11:17:51.796+0000 7f5300c00700 1 --2- 172.21.15.33:0/1267492990 >> [v2:172.21.15.33:3300/0,v1:172.21.15.33:6789/0] conn(0x7f52fc108e20 0x7f52fc109240 unknown :-1 s=CLOSED pgs=45 cs=0 l=1 rev1=1 crypto rx=0 tx=0 comp rx=0 tx=0).stop
2024-04-26T11:17:59.344 INFO:teuthology.orchestra.run.smithi033.stdout:/usr/bin/ceph: stderr
2024-04-26T11:17:51.796+0000 7f5300c00700 1 -- 172.21.15.33:0/1267492990 >> 172.21.15.33:0/1267492990 conn(0x7f52fc104400 msgr2=0x7f52fc106820 unknown :-1 s=STATE_NONE l=0).mark_down
2024-04-26T11:17:59.344 INFO:teuthology.orchestra.run.smithi033.stdout:/usr/bin/ceph: stderr
2024-04-26T11:17:51.796+0000 7f5300c00700 1 -- 172.21.15.33:0/1267492990 shutdown_connections
2024-04-26T11:17:59.344 INFO:teuthology.orchestra.run.smithi033.stdout:/usr/bin/ceph: stderr
2024-04-26T11:17:51.796+0000 7f5300c00700 1 -- 172.21.15.33:0/1267492990 wait complete.
2024-04-26T11:17:59.344 INFO:teuthology.orchestra.run.smithi033.stdout:/usr/bin/ceph: stderr
2024-04-26T11:17:51.797+0000 7f5300c00700 1 Processor -- start
2024-04-26T11:17:59.344 INFO:teuthology.orchestra.run.smithi033.stdout:/usr/bin/ceph: stderr
2024-04-26T11:17:51.797+0000 7f5300c00700 1 -- start start
2024-04-26T11:17:59.345 INFO:teuthology.orchestra.run.smithi033.stdout:/usr/bin/ceph: stderr
2024-04-26T11:17:51.798+0000 7f5300c00700 1 --2- >> [v2:172.21.15.33:3300/0,v1:172.21.15.33:6789/0] conn(0x7f52fc108e20 0x7f52fc07eb90 unknown :-1 s=NONE pgs=0 cs=0 l=1 rev1=0 crypto rx=0 tx=0 comp rx=0 tx=0).connect
2024-04-26T11:17:59.345 INFO:teuthology.orchestra.run.smithi033.stdout:/usr/bin/ceph: stderr
2024-04-26T11:17:51.798+0000 7f5300c00700 1 -- --> [v2:172.21.15.33:3300/0,v1:172.21.15.33:6789/0] -- mon_getmap magic: 0 -- 0x7f52fc10d330 con 0x7f52fc108e20
2024-04-26T11:17:59.345 INFO:teuthology.orchestra.run.smithi033.stdout:/usr/bin/ceph: stderr
2024-04-26T11:17:51.798+0000 7f52f9e00700 1 --2- >> [v2:172.21.15.33:3300/0,v1:172.21.15.33:6789/0] conn(0x7f52fc108e20 0x7f52fc07eb90 unknown :-1 s=BANNER_CONNECTING pgs=0 cs=0 l=1 rev1=0 crypto rx=0 tx=0 comp rx=0 tx=0)._handle_peer_banner_payload supported=3 required=0
2024-04-26T11:17:59.345 INFO:teuthology.orchestra.run.smithi033.stdout:/usr/bin/ceph: stderr
2024-04-26T11:17:51.798+0000 7f52f9e00700 1 --2- >> [v2:172.21.15.33:3300/0,v1:172.21.15.33:6789/0] conn(0x7f52fc108e20 0x7f52fc07eb90 unknown :-1 s=HELLO_CONNECTING pgs=0 cs=0 l=1 rev1=1 crypto rx=0 tx=0 comp rx=0 tx=0).handle_hello peer v2:172.21.15.33:3300/0 says I am v2:172.21.15.33:50748/0 (socket says 172.21.15.33:50748)
2024-04-26T11:17:59.345 INFO:teuthology.orchestra.run.smithi033.stdout:/usr/bin/ceph: stderr
2024-04-26T11:17:51.798+0000 7f52f9e00700 1 -- 172.21.15.33:0/3243605513 learned_addr learned my addr 172.21.15.33:0/3243605513 (peer_addr_for_me v2:172.21.15.33:0/0)
2024-04-26T11:17:59.345 INFO:teuthology.orchestra.run.smithi033.stdout:/usr/bin/ceph: stderr
2024-04-26T11:17:51.798+0000 7f52f9e00700 1 -- 172.21.15.33:0/3243605513 --> [v2:172.21.15.33:3300/0,v1:172.21.15.33:6789/0] -- mon_subscribe({config=0+,monmap=0+}) -- 0x7f52fc07f0d0 con 0x7f52fc108e20
2024-04-26T11:17:59.345 INFO:teuthology.orchestra.run.smithi033.stdout:/usr/bin/ceph: stderr
2024-04-26T11:17:51.799+0000 7f52f9e00700 1 --2- 172.21.15.33:0/3243605513 >> [v2:172.21.15.33:3300/0,v1:172.21.15.33:6789/0] conn(0x7f52fc108e20 0x7f52fc07eb90 secure :-1 s=READY pgs=46 cs=0 l=1 rev1=1 crypto rx=0x7f52ec00b7b0 tx=0x7f52ec00be20 comp rx=0 tx=0).ready entity=mon.0 client_cookie=0 server_cookie=0 in_seq=0 out_seq=0
2024-04-26T11:17:59.345 INFO:teuthology.orchestra.run.smithi033.stdout:/usr/bin/ceph: stderr
2024-04-26T11:17:51.799+0000 7f52f2a00700 1 -- 172.21.15.33:0/3243605513 <== mon.0 v2:172.21.15.33:3300/0 1 ==== mon_map magic: 0 ==== 205+0+0 (secure 0 0 0) 0x7f52ec020020 con 0x7f52fc108e20
2024-04-26T11:17:59.345 INFO:teuthology.orchestra.run.smithi033.stdout:/usr/bin/ceph: stderr
2024-04-26T11:17:51.799+0000 7f52f2a00700 1 -- 172.21.15.33:0/3243605513 <== mon.0 v2:172.21.15.33:3300/0 2 ==== config(26 keys) ==== 1070+0+0 (secure 0 0 0) 0x7f52ec012430 con 0x7f52fc108e20
2024-04-26T11:17:59.345 INFO:teuthology.orchestra.run.smithi033.stdout:/usr/bin/ceph: stderr
2024-04-26T11:17:51.799+0000 7f52f2a00700 1 -- 172.21.15.33:0/3243605513 <== mon.0 v2:172.21.15.33:3300/0 3 ==== mon_map magic: 0 ==== 205+0+0 (secure 0 0 0) 0x7f52ec017040 con 0x7f52fc108e20
2024-04-26T11:17:59.345 INFO:teuthology.orchestra.run.smithi033.stdout:/usr/bin/ceph: stderr
2024-04-26T11:17:51.799+0000 7f5300c00700 1 -- 172.21.15.33:0/3243605513 --> [v2:172.21.15.33:3300/0,v1:172.21.15.33:6789/0] -- mon_subscribe({mgrmap=0+}) -- 0x7f52fc07d2c0 con 0x7f52fc108e20
2024-04-26T11:17:59.345 INFO:teuthology.orchestra.run.smithi033.stdout:/usr/bin/ceph: stderr
2024-04-26T11:17:51.799+0000 7f5300c00700 1 -- 172.21.15.33:0/3243605513 --> [v2:172.21.15.33:3300/0,v1:172.21.15.33:6789/0] -- mon_subscribe({osdmap=0}) -- 0x7f52fc07d800 con 0x7f52fc108e20
2024-04-26T11:17:59.345 INFO:teuthology.orchestra.run.smithi033.stdout:/usr/bin/ceph: stderr
2024-04-26T11:17:51.800+0000 7f52f2a00700 1 -- 172.21.15.33:0/3243605513 <== mon.0 v2:172.21.15.33:3300/0 4 ==== mgrmap(e 8) ==== 46558+0+0 (secure 0 0 0) 0x7f52ec023020 con 0x7f52fc108e20
2024-04-26T11:17:59.346 INFO:teuthology.orchestra.run.smithi033.stdout:/usr/bin/ceph: stderr
2024-04-26T11:17:51.800+0000 7f5300c00700 1 -- 172.21.15.33:0/3243605513 --> [v2:172.21.15.33:3300/0,v1:172.21.15.33:6789/0] -- mon_command({"prefix": "get_command_descriptions"} v 0) -- 0x7f52fc064a80 con 0x7f52fc108e20
2024-04-26T11:17:59.346 INFO:teuthology.orchestra.run.smithi033.stdout:/usr/bin/ceph: stderr
2024-04-26T11:17:51.801+0000 7f52f2a00700 1 --2- 172.21.15.33:0/3243605513 >> [v2:172.21.15.33:6800/334919779,v1:172.21.15.33:6801/334919779] conn(0x7f52e00395b0 0x7f52e003ba70 unknown :-1 s=NONE pgs=0 cs=0 l=1 rev1=0 crypto rx=0 tx=0 comp rx=0 tx=0).connect
2024-04-26T11:17:59.346 INFO:teuthology.orchestra.run.smithi033.stdout:/usr/bin/ceph: stderr
2024-04-26T11:17:51.801+0000 7f52f2a00700 1 -- 172.21.15.33:0/3243605513 <== mon.0 v2:172.21.15.33:3300/0 5 ==== osd_map(2..2 src has 1..2) ==== 940+0+0 (secure 0 0 0) 0x7f52ec00f050 con 0x7f52fc108e20
2024-04-26T11:17:59.346 INFO:teuthology.orchestra.run.smithi033.stdout:/usr/bin/ceph: stderr
2024-04-26T11:17:51.801+0000 7f52f9400700 1 --2- 172.21.15.33:0/3243605513 >> [v2:172.21.15.33:6800/334919779,v1:172.21.15.33:6801/334919779] conn(0x7f52e00395b0 0x7f52e003ba70 unknown :-1 s=BANNER_CONNECTING pgs=0 cs=0 l=1 rev1=0 crypto rx=0 tx=0 comp rx=0 tx=0)._handle_peer_banner_payload supported=3 required=0
2024-04-26T11:17:59.346 INFO:teuthology.orchestra.run.smithi033.stdout:/usr/bin/ceph: stderr
2024-04-26T11:17:51.802+0000 7f52f9400700 1 --2- 172.21.15.33:0/3243605513 >> [v2:172.21.15.33:6800/334919779,v1:172.21.15.33:6801/334919779] conn(0x7f52e00395b0 0x7f52e003ba70 secure :-1 s=READY pgs=11 cs=0 l=1 rev1=1 crypto rx=0x7f52e8006fd0 tx=0x7f52e8006e40 comp rx=0 tx=0).ready entity=mgr.14120 client_cookie=0 server_cookie=0 in_seq=0 out_seq=0
2024-04-26T11:17:59.346 INFO:teuthology.orchestra.run.smithi033.stdout:/usr/bin/ceph: stderr
2024-04-26T11:17:51.807+0000 7f52f2a00700 1 -- 172.21.15.33:0/3243605513 <== mon.0 v2:172.21.15.33:3300/0 6 ==== mon_command_ack([{"prefix": "get_command_descriptions"}]=0 v0) ==== 72+0+188370 (secure 0 0 0) 0x7f52ec02a020 con 0x7f52fc108e20
2024-04-26T11:17:59.346 INFO:teuthology.orchestra.run.smithi033.stdout:/usr/bin/ceph: stderr
2024-04-26T11:17:52.042+0000 7f5300c00700 1 -- 172.21.15.33:0/3243605513 --> [v2:172.21.15.33:6800/334919779,v1:172.21.15.33:6801/334919779] -- mgr_command(tid 0: {"prefix": "orch host add", "hostname": "smithi033", "addr": "172.21.15.33", "target": ["mon-mgr", ""]}) -- 0x7f52fc105600 con 0x7f52e00395b0
2024-04-26T11:17:59.346 INFO:teuthology.orchestra.run.smithi033.stdout:/usr/bin/ceph: stderr
2024-04-26T11:17:58.593+0000 7f52f2a00700 1 -- 172.21.15.33:0/3243605513 <== mgr.14120 v2:172.21.15.33:6800/334919779 1 ==== mgr_command_reply(tid 0: 0 ) ==== 8+0+48 (secure 0 0 0) 0x7f52fc105600 con 0x7f52e00395b0
2024-04-26T11:17:59.346 INFO:teuthology.orchestra.run.smithi033.stdout:/usr/bin/ceph: stderr
2024-04-26T11:17:58.597+0000 7f5300c00700 1 -- 172.21.15.33:0/3243605513 >> [v2:172.21.15.33:6800/334919779,v1:172.21.15.33:6801/334919779] conn(0x7f52e00395b0 msgr2=0x7f52e003ba70 secure :-1 s=STATE_CONNECTION_ESTABLISHED l=1).mark_down
2024-04-26T11:17:59.346 INFO:teuthology.orchestra.run.smithi033.stdout:/usr/bin/ceph: stderr
2024-04-26T11:17:58.597+0000 7f5300c00700 1 --2- 172.21.15.33:0/3243605513 >> [v2:172.21.15.33:6800/334919779,v1:172.21.15.33:6801/334919779] conn(0x7f52e00395b0 0x7f52e003ba70 secure :-1 s=READY pgs=11 cs=0 l=1 rev1=1 crypto rx=0x7f52e8006fd0 tx=0x7f52e8006e40 comp rx=0 tx=0).stop
2024-04-26T11:17:59.346 INFO:teuthology.orchestra.run.smithi033.stdout:/usr/bin/ceph: stderr
2024-04-26T11:17:58.597+0000 7f5300c00700 1 -- 172.21.15.33:0/3243605513 >> [v2:172.21.15.33:3300/0,v1:172.21.15.33:6789/0] conn(0x7f52fc108e20 msgr2=0x7f52fc07eb90 secure :-1 s=STATE_CONNECTION_ESTABLISHED l=1).mark_down
2024-04-26T11:17:59.346 INFO:teuthology.orchestra.run.smithi033.stdout:/usr/bin/ceph: stderr
2024-04-26T11:17:58.597+0000 7f5300c00700 1 --2- 172.21.15.33:0/3243605513 >> [v2:172.21.15.33:3300/0,v1:172.21.15.33:6789/0] conn(0x7f52fc108e20 0x7f52fc07eb90 secure :-1 s=READY pgs=46 cs=0 l=1 rev1=1 crypto rx=0x7f52ec00b7b0 tx=0x7f52ec00be20 comp rx=0 tx=0).stop
2024-04-26T11:17:59.346 INFO:teuthology.orchestra.run.smithi033.stdout:/usr/bin/ceph: stderr
2024-04-26T11:17:58.597+0000 7f5300c00700 1 -- 172.21.15.33:0/3243605513 shutdown_connections
2024-04-26T11:17:59.347 INFO:teuthology.orchestra.run.smithi033.stdout:/usr/bin/ceph: stderr
2024-04-26T11:17:58.597+0000 7f5300c00700 1 --2- 172.21.15.33:0/3243605513 >> [v2:172.21.15.33:6800/334919779,v1:172.21.15.33:6801/334919779] conn(0x7f52e00395b0 0x7f52e003ba70 unknown :-1 s=CLOSED pgs=11 cs=0 l=1 rev1=1 crypto rx=0 tx=0 comp rx=0 tx=0).stop
2024-04-26T11:17:59.347 INFO:teuthology.orchestra.run.smithi033.stdout:/usr/bin/ceph: stderr
2024-04-26T11:17:58.597+0000 7f5300c00700 1 --2- 172.21.15.33:0/3243605513 >> [v2:172.21.15.33:3300/0,v1:172.21.15.33:6789/0] conn(0x7f52fc108e20 0x7f52fc07eb90 unknown :-1 s=CLOSED pgs=46 cs=0 l=1 rev1=1 crypto rx=0 tx=0 comp rx=0 tx=0).stop
2024-04-26T11:17:59.347 INFO:teuthology.orchestra.run.smithi033.stdout:/usr/bin/ceph: stderr
2024-04-26T11:17:58.597+0000 7f5300c00700 1 -- 172.21.15.33:0/3243605513 >> 172.21.15.33:0/3243605513 conn(0x7f52fc104400 msgr2=0x7f52fc104ef0 unknown :-1 s=STATE_NONE l=0).mark_down
2024-04-26T11:17:59.347 INFO:teuthology.orchestra.run.smithi033.stdout:/usr/bin/ceph: stderr
2024-04-26T11:17:58.598+0000 7f5300c00700 1 -- 172.21.15.33:0/3243605513 shutdown_connections
2024-04-26T11:17:59.347 INFO:teuthology.orchestra.run.smithi033.stdout:/usr/bin/ceph: stderr
2024-04-26T11:17:58.598+0000 7f5300c00700 1 -- 172.21.15.33:0/3243605513 wait complete.
2024-04-26T11:17:59.347 INFO:teuthology.orchestra.run.smithi033.stdout:Deploying unmanaged mon service...
2024-04-26T11:17:59.928 INFO:journalctl@ceph.mon.a.smithi033.stdout:Apr 26 11:17:59 smithi033 ceph-mon[27845]: from='mgr.14120 172.21.15.33:0/3030394715' entity='mgr.x'
2024-04-26T11:17:59.929 INFO:journalctl@ceph.mon.a.smithi033.stdout:Apr 26 11:17:59 smithi033 ceph-mon[27845]: Added host smithi033
2024-04-26T11:17:59.929 INFO:journalctl@ceph.mon.a.smithi033.stdout:Apr 26 11:17:59 smithi033 ceph-mon[27845]: from='mgr.14120 172.21.15.33:0/3030394715' entity='mgr.x' cmd=[{"prefix": "config dump", "format": "json"}]: dispatch
2024-04-26T11:18:01.563 INFO:journalctl@ceph.mon.a.smithi033.stdout:Apr 26 11:18:01 smithi033 ceph-mon[27845]: from='client.14142 -' entity='client.admin' cmd=[{"prefix": "orch apply", "service_type": "mon", "unmanaged": true, "target": ["mon-mgr", ""]}]: dispatch
2024-04-26T11:18:01.563 INFO:journalctl@ceph.mon.a.smithi033.stdout:Apr 26 11:18:01 smithi033 ceph-mon[27845]: Saving service mon spec with placement count:5
2024-04-26T11:18:01.564 INFO:journalctl@ceph.mon.a.smithi033.stdout:Apr 26 11:18:01 smithi033 ceph-mon[27845]: from='mgr.14120 172.21.15.33:0/3030394715' entity='mgr.x'
2024-04-26T11:18:01.958 INFO:teuthology.orchestra.run.smithi033.stdout:/usr/bin/ceph: stdout Scheduled mon update...
2024-04-26T11:18:01.958 INFO:teuthology.orchestra.run.smithi033.stdout:/usr/bin/ceph: stderr
2024-04-26T11:18:00.001+0000 7f8917200700 1 Processor -- start
2024-04-26T11:18:01.958 INFO:teuthology.orchestra.run.smithi033.stdout:/usr/bin/ceph: stderr
2024-04-26T11:18:00.001+0000 7f8917200700 1 -- start start
2024-04-26T11:18:01.958 INFO:teuthology.orchestra.run.smithi033.stdout:/usr/bin/ceph: stderr
2024-04-26T11:18:00.002+0000 7f8917200700 1 --2- >> [v2:172.21.15.33:3300/0,v1:172.21.15.33:6789/0] conn(0x7f891807f880 0x7f891807fca0 unknown :-1 s=NONE pgs=0 cs=0 l=0 rev1=0 crypto rx=0 tx=0 comp rx=0 tx=0).connect
2024-04-26T11:18:01.958 INFO:teuthology.orchestra.run.smithi033.stdout:/usr/bin/ceph: stderr
2024-04-26T11:18:00.002+0000 7f8917200700 1 -- --> [v2:172.21.15.33:3300/0,v1:172.21.15.33:6789/0] -- mon_getmap magic: 0 -- 0x7f8918080270 con 0x7f891807f880
2024-04-26T11:18:01.958 INFO:teuthology.orchestra.run.smithi033.stdout:/usr/bin/ceph: stderr
2024-04-26T11:18:00.002+0000 7f8915e00700 1 --2- >> [v2:172.21.15.33:3300/0,v1:172.21.15.33:6789/0] conn(0x7f891807f880 0x7f891807fca0 unknown :-1 s=BANNER_CONNECTING pgs=0 cs=0 l=0 rev1=0 crypto rx=0 tx=0 comp rx=0 tx=0)._handle_peer_banner_payload supported=3 required=0
2024-04-26T11:18:01.958 INFO:teuthology.orchestra.run.smithi033.stdout:/usr/bin/ceph: stderr
2024-04-26T11:18:00.002+0000 7f8915e00700 1 --2- >> [v2:172.21.15.33:3300/0,v1:172.21.15.33:6789/0] conn(0x7f891807f880 0x7f891807fca0 unknown :-1 s=HELLO_CONNECTING pgs=0 cs=0 l=0 rev1=1 crypto rx=0 tx=0 comp rx=0 tx=0).handle_hello peer v2:172.21.15.33:3300/0 says I am v2:172.21.15.33:41256/0 (socket says 172.21.15.33:41256)
2024-04-26T11:18:01.958 INFO:teuthology.orchestra.run.smithi033.stdout:/usr/bin/ceph: stderr
2024-04-26T11:18:00.002+0000 7f8915e00700 1 -- 172.21.15.33:0/1957692205 learned_addr learned my addr 172.21.15.33:0/1957692205 (peer_addr_for_me v2:172.21.15.33:0/0)
2024-04-26T11:18:01.958 INFO:teuthology.orchestra.run.smithi033.stdout:/usr/bin/ceph: stderr
2024-04-26T11:18:00.003+0000 7f8915e00700 1 -- 172.21.15.33:0/1957692205 --> [v2:172.21.15.33:3300/0,v1:172.21.15.33:6789/0] -- mon_subscribe({config=0+,monmap=0+}) -- 0x7f8918080ad0 con 0x7f891807f880
2024-04-26T11:18:01.959 INFO:teuthology.orchestra.run.smithi033.stdout:/usr/bin/ceph: stderr
2024-04-26T11:18:00.003+0000 7f8915e00700 1 --2- 172.21.15.33:0/1957692205 >> [v2:172.21.15.33:3300/0,v1:172.21.15.33:6789/0] conn(0x7f891807f880 0x7f891807fca0 secure :-1 s=READY pgs=47 cs=0 l=1 rev1=1 crypto rx=0x7f89080098a0 tx=0x7f8908009bb0 comp rx=0 tx=0).ready entity=mon.0 client_cookie=6ade14218880ac0c server_cookie=0 in_seq=0 out_seq=0
2024-04-26T11:18:01.959 INFO:teuthology.orchestra.run.smithi033.stdout:/usr/bin/ceph: stderr
2024-04-26T11:18:00.003+0000 7f8914a00700 1 -- 172.21.15.33:0/1957692205 <== mon.0 v2:172.21.15.33:3300/0 1 ==== mon_map magic: 0 ==== 205+0+0 (secure 0 0 0) 0x7f8908004160 con 0x7f891807f880
2024-04-26T11:18:01.959 INFO:teuthology.orchestra.run.smithi033.stdout:/usr/bin/ceph: stderr
2024-04-26T11:18:00.003+0000 7f8914a00700 1 -- 172.21.15.33:0/1957692205 <== mon.0 v2:172.21.15.33:3300/0 2 ==== config(26 keys) ==== 1070+0+0 (secure 0 0 0) 0x7f8908004300 con 0x7f891807f880
2024-04-26T11:18:01.959 INFO:teuthology.orchestra.run.smithi033.stdout:/usr/bin/ceph: stderr
2024-04-26T11:18:00.003+0000 7f8914a00700 1 -- 172.21.15.33:0/1957692205 <== mon.0 v2:172.21.15.33:3300/0 3 ==== mon_map magic: 0 ==== 205+0+0 (secure 0 0 0) 0x7f8908011af0 con 0x7f891807f880
2024-04-26T11:18:01.959 INFO:teuthology.orchestra.run.smithi033.stdout:/usr/bin/ceph: stderr
2024-04-26T11:18:00.004+0000 7f8917200700 1 -- 172.21.15.33:0/1957692205 >> [v2:172.21.15.33:3300/0,v1:172.21.15.33:6789/0] conn(0x7f891807f880 msgr2=0x7f891807fca0 secure :-1 s=STATE_CONNECTION_ESTABLISHED l=1).mark_down
2024-04-26T11:18:01.959 INFO:teuthology.orchestra.run.smithi033.stdout:/usr/bin/ceph: stderr
2024-04-26T11:18:00.004+0000 7f8917200700 1 --2- 172.21.15.33:0/1957692205 >> [v2:172.21.15.33:3300/0,v1:172.21.15.33:6789/0] conn(0x7f891807f880 0x7f891807fca0 secure :-1 s=READY pgs=47 cs=0 l=1 rev1=1 crypto rx=0x7f89080098a0 tx=0x7f8908009bb0 comp rx=0 tx=0).stop
2024-04-26T11:18:01.959 INFO:teuthology.orchestra.run.smithi033.stdout:/usr/bin/ceph: stderr
2024-04-26T11:18:00.004+0000 7f8917200700 1 -- 172.21.15.33:0/1957692205 shutdown_connections
2024-04-26T11:18:01.959 INFO:teuthology.orchestra.run.smithi033.stdout:/usr/bin/ceph: stderr
2024-04-26T11:18:00.004+0000 7f8917200700 1 --2- 172.21.15.33:0/1957692205 >> [v2:172.21.15.33:3300/0,v1:172.21.15.33:6789/0] conn(0x7f891807f880 0x7f891807fca0 unknown :-1 s=CLOSED pgs=47 cs=0 l=1 rev1=1 crypto rx=0 tx=0 comp rx=0 tx=0).stop
2024-04-26T11:18:01.959 INFO:teuthology.orchestra.run.smithi033.stdout:/usr/bin/ceph: stderr
2024-04-26T11:18:00.004+0000 7f8917200700 1 -- 172.21.15.33:0/1957692205 >> 172.21.15.33:0/1957692205 conn(0x7f891807e210 msgr2=0x7f891807e640 unknown :-1 s=STATE_NONE l=0).mark_down
2024-04-26T11:18:01.959 INFO:teuthology.orchestra.run.smithi033.stdout:/usr/bin/ceph: stderr
2024-04-26T11:18:00.004+0000 7f8917200700 1 -- 172.21.15.33:0/1957692205 shutdown_connections
2024-04-26T11:18:01.959 INFO:teuthology.orchestra.run.smithi033.stdout:/usr/bin/ceph: stderr
2024-04-26T11:18:00.004+0000 7f8917200700 1 -- 172.21.15.33:0/1957692205 wait complete.
2024-04-26T11:18:01.959 INFO:teuthology.orchestra.run.smithi033.stdout:/usr/bin/ceph: stderr
2024-04-26T11:18:00.005+0000 7f8917200700 1 Processor -- start
2024-04-26T11:18:01.960 INFO:teuthology.orchestra.run.smithi033.stdout:/usr/bin/ceph: stderr
2024-04-26T11:18:00.006+0000 7f8917200700 1 -- start start
2024-04-26T11:18:01.960 INFO:teuthology.orchestra.run.smithi033.stdout:/usr/bin/ceph: stderr
2024-04-26T11:18:00.006+0000 7f8917200700 1 --2- >> [v2:172.21.15.33:3300/0,v1:172.21.15.33:6789/0] conn(0x7f891807f880 0x7f89181a3210 unknown :-1 s=NONE pgs=0 cs=0 l=1 rev1=0 crypto rx=0 tx=0 comp rx=0 tx=0).connect
2024-04-26T11:18:01.960 INFO:teuthology.orchestra.run.smithi033.stdout:/usr/bin/ceph: stderr
2024-04-26T11:18:00.006+0000 7f8917200700 1 -- --> [v2:172.21.15.33:3300/0,v1:172.21.15.33:6789/0] -- mon_getmap magic: 0 -- 0x7f8918081e90 con 0x7f891807f880
2024-04-26T11:18:01.960 INFO:teuthology.orchestra.run.smithi033.stdout:/usr/bin/ceph: stderr
2024-04-26T11:18:00.006+0000 7f8915e00700 1 --2- >> [v2:172.21.15.33:3300/0,v1:172.21.15.33:6789/0] conn(0x7f891807f880 0x7f89181a3210 unknown :-1 s=BANNER_CONNECTING pgs=0 cs=0 l=1 rev1=0 crypto rx=0 tx=0 comp rx=0 tx=0)._handle_peer_banner_payload supported=3 required=0
2024-04-26T11:18:01.960 INFO:teuthology.orchestra.run.smithi033.stdout:/usr/bin/ceph: stderr
2024-04-26T11:18:00.006+0000 7f8915e00700 1 --2- >> [v2:172.21.15.33:3300/0,v1:172.21.15.33:6789/0] conn(0x7f891807f880 0x7f89181a3210 unknown :-1 s=HELLO_CONNECTING pgs=0 cs=0 l=1 rev1=1 crypto rx=0 tx=0 comp rx=0 tx=0).handle_hello peer v2:172.21.15.33:3300/0 says I am v2:172.21.15.33:41258/0 (socket says 172.21.15.33:41258)
2024-04-26T11:18:01.960 INFO:teuthology.orchestra.run.smithi033.stdout:/usr/bin/ceph: stderr
2024-04-26T11:18:00.006+0000 7f8915e00700 1 -- 172.21.15.33:0/13038449 learned_addr learned my addr 172.21.15.33:0/13038449 (peer_addr_for_me v2:172.21.15.33:0/0)
2024-04-26T11:18:01.960 INFO:teuthology.orchestra.run.smithi033.stdout:/usr/bin/ceph: stderr
2024-04-26T11:18:00.007+0000 7f8915e00700 1 -- 172.21.15.33:0/13038449 --> [v2:172.21.15.33:3300/0,v1:172.21.15.33:6789/0] -- mon_subscribe({config=0+,monmap=0+}) -- 0x7f89181a3750 con 0x7f891807f880
2024-04-26T11:18:01.960 INFO:teuthology.orchestra.run.smithi033.stdout:/usr/bin/ceph: stderr
2024-04-26T11:18:00.007+0000 7f8915e00700 1 --2- 172.21.15.33:0/13038449 >> [v2:172.21.15.33:3300/0,v1:172.21.15.33:6789/0] conn(0x7f891807f880 0x7f89181a3210 secure :-1 s=READY pgs=48 cs=0 l=1 rev1=1 crypto rx=0x7f8908011ac0 tx=0x7f8908011ba0 comp rx=0 tx=0).ready entity=mon.0 client_cookie=0 server_cookie=0 in_seq=0 out_seq=0
2024-04-26T11:18:01.960 INFO:teuthology.orchestra.run.smithi033.stdout:/usr/bin/ceph: stderr
2024-04-26T11:18:00.007+0000 7f890ea00700 1 -- 172.21.15.33:0/13038449 <== mon.0 v2:172.21.15.33:3300/0 1 ==== mon_map magic: 0 ==== 205+0+0 (secure 0 0 0) 0x7f8908003970 con 0x7f891807f880
2024-04-26T11:18:01.960 INFO:teuthology.orchestra.run.smithi033.stdout:/usr/bin/ceph: stderr
2024-04-26T11:18:00.007+0000 7f890ea00700 1 -- 172.21.15.33:0/13038449 <== mon.0 v2:172.21.15.33:3300/0 2 ==== config(26 keys) ==== 1070+0+0 (secure 0 0 0) 0x7f8908003b10 con 0x7f891807f880
2024-04-26T11:18:01.961 INFO:teuthology.orchestra.run.smithi033.stdout:/usr/bin/ceph: stderr
2024-04-26T11:18:00.007+0000 7f8917200700 1 -- 172.21.15.33:0/13038449 --> [v2:172.21.15.33:3300/0,v1:172.21.15.33:6789/0] -- mon_subscribe({mgrmap=0+}) -- 0x7f89181a39e0 con 0x7f891807f880
2024-04-26T11:18:01.961 INFO:teuthology.orchestra.run.smithi033.stdout:/usr/bin/ceph: stderr
2024-04-26T11:18:00.007+0000 7f890ea00700 1 -- 172.21.15.33:0/13038449 <== mon.0 v2:172.21.15.33:3300/0 3 ==== mon_map magic: 0 ==== 205+0+0 (secure 0 0 0) 0x7f8908024610 con 0x7f891807f880
2024-04-26T11:18:01.961 INFO:teuthology.orchestra.run.smithi033.stdout:/usr/bin/ceph: stderr
2024-04-26T11:18:00.008+0000 7f8917200700 1 -- 172.21.15.33:0/13038449 --> [v2:172.21.15.33:3300/0,v1:172.21.15.33:6789/0] -- mon_subscribe({osdmap=0}) -- 0x7f89181a66d0 con 0x7f891807f880
2024-04-26T11:18:01.961 INFO:teuthology.orchestra.run.smithi033.stdout:/usr/bin/ceph: stderr
2024-04-26T11:18:00.009+0000 7f890ea00700 1 -- 172.21.15.33:0/13038449 <== mon.0 v2:172.21.15.33:3300/0 4 ==== mgrmap(e 8) ==== 46558+0+0 (secure 0 0 0) 0x7f890801a9e0 con 0x7f891807f880
2024-04-26T11:18:01.961 INFO:teuthology.orchestra.run.smithi033.stdout:/usr/bin/ceph: stderr
2024-04-26T11:18:00.009+0000 7f8917200700 1 -- 172.21.15.33:0/13038449 --> [v2:172.21.15.33:3300/0,v1:172.21.15.33:6789/0] -- mon_command({"prefix": "get_command_descriptions"} v 0) -- 0x7f891806a530 con 0x7f891807f880
2024-04-26T11:18:01.961 INFO:teuthology.orchestra.run.smithi033.stdout:/usr/bin/ceph: stderr
2024-04-26T11:18:00.009+0000 7f890ea00700 1 --2- 172.21.15.33:0/13038449 >> [v2:172.21.15.33:6800/334919779,v1:172.21.15.33:6801/334919779] conn(0x7f88fc039600 0x7f88fc03bac0 unknown :-1 s=NONE pgs=0 cs=0 l=1 rev1=0 crypto rx=0 tx=0 comp rx=0 tx=0).connect
2024-04-26T11:18:01.961 INFO:teuthology.orchestra.run.smithi033.stdout:/usr/bin/ceph: stderr
2024-04-26T11:18:00.009+0000 7f890ea00700 1 -- 172.21.15.33:0/13038449 <== mon.0 v2:172.21.15.33:3300/0 5 ==== osd_map(2..2 src has 1..2) ==== 940+0+0 (secure 0 0 0) 0x7f890804d980 con 0x7f891807f880
2024-04-26T11:18:01.961 INFO:teuthology.orchestra.run.smithi033.stdout:/usr/bin/ceph: stderr
2024-04-26T11:18:00.009+0000 7f8915400700 1 --2- 172.21.15.33:0/13038449 >> [v2:172.21.15.33:6800/334919779,v1:172.21.15.33:6801/334919779] conn(0x7f88fc039600 0x7f88fc03bac0 unknown :-1 s=BANNER_CONNECTING pgs=0 cs=0 l=1 rev1=0 crypto rx=0 tx=0 comp rx=0 tx=0)._handle_peer_banner_payload supported=3 required=0
2024-04-26T11:18:01.961 INFO:teuthology.orchestra.run.smithi033.stdout:/usr/bin/ceph: stderr
2024-04-26T11:18:00.010+0000 7f8915400700 1 --2- 172.21.15.33:0/13038449 >> [v2:172.21.15.33:6800/334919779,v1:172.21.15.33:6801/334919779] conn(0x7f88fc039600 0x7f88fc03bac0 secure :-1 s=READY pgs=12 cs=0 l=1 rev1=1 crypto rx=0x7f8904006fd0 tx=0x7f8904006e40 comp rx=0 tx=0).ready entity=mgr.14120 client_cookie=0 server_cookie=0 in_seq=0 out_seq=0
2024-04-26T11:18:01.961 INFO:teuthology.orchestra.run.smithi033.stdout:/usr/bin/ceph: stderr
2024-04-26T11:18:00.015+0000 7f890ea00700 1 -- 172.21.15.33:0/13038449 <== mon.0 v2:172.21.15.33:3300/0 6 ==== mon_command_ack([{"prefix": "get_command_descriptions"}]=0 v0) ==== 72+0+188370 (secure 0 0 0) 0x7f890804d2d0 con 0x7f891807f880
2024-04-26T11:18:01.961 INFO:teuthology.orchestra.run.smithi033.stdout:/usr/bin/ceph: stderr
2024-04-26T11:18:00.276+0000 7f8917200700 1 -- 172.21.15.33:0/13038449 --> [v2:172.21.15.33:6800/334919779,v1:172.21.15.33:6801/334919779] -- mgr_command(tid 0: {"prefix": "orch apply", "service_type": "mon", "unmanaged": true, "target": ["mon-mgr", ""]}) -- 0x7f891802e740 con 0x7f88fc039600
2024-04-26T11:18:01.962 INFO:teuthology.orchestra.run.smithi033.stdout:/usr/bin/ceph: stderr
2024-04-26T11:18:00.286+0000 7f890ea00700 1 -- 172.21.15.33:0/13038449 <== mgr.14120 v2:172.21.15.33:6800/334919779 1 ==== mgr_command_reply(tid 0: 0 ) ==== 8+0+24 (secure 0 0 0) 0x7f891802e740 con 0x7f88fc039600
2024-04-26T11:18:01.962 INFO:teuthology.orchestra.run.smithi033.stdout:/usr/bin/ceph: stderr
2024-04-26T11:18:00.289+0000 7f8917200700 1 -- 172.21.15.33:0/13038449 >> [v2:172.21.15.33:6800/334919779,v1:172.21.15.33:6801/334919779] conn(0x7f88fc039600 msgr2=0x7f88fc03bac0 secure :-1 s=STATE_CONNECTION_ESTABLISHED l=1).mark_down
2024-04-26T11:18:01.962 INFO:teuthology.orchestra.run.smithi033.stdout:/usr/bin/ceph: stderr
2024-04-26T11:18:00.289+0000 7f8917200700 1 --2- 172.21.15.33:0/13038449 >> [v2:172.21.15.33:6800/334919779,v1:172.21.15.33:6801/334919779] conn(0x7f88fc039600 0x7f88fc03bac0 secure :-1 s=READY pgs=12 cs=0 l=1 rev1=1 crypto rx=0x7f8904006fd0 tx=0x7f8904006e40 comp rx=0 tx=0).stop
2024-04-26T11:18:01.962 INFO:teuthology.orchestra.run.smithi033.stdout:/usr/bin/ceph: stderr
2024-04-26T11:18:00.289+0000 7f8917200700 1 -- 172.21.15.33:0/13038449 >> [v2:172.21.15.33:3300/0,v1:172.21.15.33:6789/0] conn(0x7f891807f880 msgr2=0x7f89181a3210 secure :-1 s=STATE_CONNECTION_ESTABLISHED l=1).mark_down
2024-04-26T11:18:01.962 INFO:teuthology.orchestra.run.smithi033.stdout:/usr/bin/ceph: stderr
2024-04-26T11:18:00.289+0000 7f8917200700 1 --2- 172.21.15.33:0/13038449 >> [v2:172.21.15.33:3300/0,v1:172.21.15.33:6789/0] conn(0x7f891807f880 0x7f89181a3210 secure :-1 s=READY pgs=48 cs=0 l=1 rev1=1 crypto rx=0x7f8908011ac0 tx=0x7f8908011ba0 comp rx=0 tx=0).stop
2024-04-26T11:18:01.962 INFO:teuthology.orchestra.run.smithi033.stdout:/usr/bin/ceph: stderr
2024-04-26T11:18:00.289+0000 7f8917200700 1 -- 172.21.15.33:0/13038449 shutdown_connections
2024-04-26T11:18:01.962 INFO:teuthology.orchestra.run.smithi033.stdout:/usr/bin/ceph: stderr
2024-04-26T11:18:00.289+0000 7f8917200700 1 --2- 172.21.15.33:0/13038449 >> [v2:172.21.15.33:6800/334919779,v1:172.21.15.33:6801/334919779] conn(0x7f88fc039600 0x7f88fc03bac0 unknown :-1 s=CLOSED pgs=12 cs=0 l=1 rev1=1 crypto rx=0 tx=0 comp rx=0 tx=0).stop
2024-04-26T11:18:01.962 INFO:teuthology.orchestra.run.smithi033.stdout:/usr/bin/ceph: stderr
2024-04-26T11:18:00.289+0000 7f8917200700 1 --2- 172.21.15.33:0/13038449 >> [v2:172.21.15.33:3300/0,v1:172.21.15.33:6789/0] conn(0x7f891807f880 0x7f89181a3210 unknown :-1 s=CLOSED pgs=48 cs=0 l=1 rev1=1 crypto rx=0 tx=0 comp rx=0 tx=0).stop
2024-04-26T11:18:01.962 INFO:teuthology.orchestra.run.smithi033.stdout:/usr/bin/ceph: stderr
2024-04-26T11:18:00.289+0000 7f8917200700 1 -- 172.21.15.33:0/13038449 >> 172.21.15.33:0/13038449 conn(0x7f891807e210 msgr2=0x7f8918199e80 unknown :-1 s=STATE_NONE l=0).mark_down
2024-04-26T11:18:01.962 INFO:teuthology.orchestra.run.smithi033.stdout:/usr/bin/ceph: stderr
2024-04-26T11:18:00.289+0000 7f8917200700 1 -- 172.21.15.33:0/13038449 shutdown_connections
2024-04-26T11:18:01.962 INFO:teuthology.orchestra.run.smithi033.stdout:/usr/bin/ceph: stderr
2024-04-26T11:18:00.289+0000 7f8917200700 1 -- 172.21.15.33:0/13038449 wait complete.
2024-04-26T11:18:01.963 INFO:teuthology.orchestra.run.smithi033.stdout:Deploying unmanaged mgr service...
2024-04-26T11:18:02.799 INFO:journalctl@ceph.mon.a.smithi033.stdout:Apr 26 11:18:02 smithi033 ceph-mon[27845]: from='mgr.14120 172.21.15.33:0/3030394715' entity='mgr.x'
2024-04-26T11:18:03.478 INFO:teuthology.orchestra.run.smithi033.stdout:/usr/bin/ceph: stdout Scheduled mgr update...
2024-04-26T11:18:03.478 INFO:teuthology.orchestra.run.smithi033.stdout:/usr/bin/ceph: stderr
2024-04-26T11:18:02.533+0000 7f6eba600700 1 Processor -- start
