2024-04-26T17:43:27.796+0000 7f20fdd9b700 1 --2- 172.21.15.6:0/1316780184 >> [v2:172.21.15.6:6800/12455523,v1:172.21.15.6:6801/12455523] conn(0x7f20e80395b0 0x7f20e803ba70 unknown :-1 s=START_CONNECT pgs=0 cs=0 l=1 rev1=0 crypto rx=0 tx=0 comp rx=0 tx=0)._fault waiting 3.200000
2024-04-26T17:43:30.902 INFO:teuthology.orchestra.run.smithi006.stdout:/usr/bin/ceph: stderr
2024-04-26T17:43:29.296+0000 7f20ef7fe700 1 -- 172.21.15.6:0/1316780184 <== mon.0 v2:172.21.15.6:3300/0 6 ==== mgrmap(e 6) ==== 46325+0+0 (secure 0 0 0) 0x7f20f402d910 con 0x7f21001098f0
2024-04-26T17:43:30.902 INFO:teuthology.orchestra.run.smithi006.stdout:/usr/bin/ceph: stderr
2024-04-26T17:43:29.296+0000 7f20ef7fe700 1 -- 172.21.15.6:0/1316780184 >> [v2:172.21.15.6:6800/12455523,v1:172.21.15.6:6801/12455523] conn(0x7f20e80395b0 msgr2=0x7f20e803ba70 unknown :-1 s=STATE_CONNECTING l=1).mark_down
2024-04-26T17:43:30.902 INFO:teuthology.orchestra.run.smithi006.stdout:/usr/bin/ceph: stderr
2024-04-26T17:43:29.296+0000 7f20ef7fe700 1 --2- 172.21.15.6:0/1316780184 >> [v2:172.21.15.6:6800/12455523,v1:172.21.15.6:6801/12455523] conn(0x7f20e80395b0 0x7f20e803ba70 unknown :-1 s=START_CONNECT pgs=0 cs=0 l=1 rev1=0 crypto rx=0 tx=0 comp rx=0 tx=0).stop
2024-04-26T17:43:30.902 INFO:teuthology.orchestra.run.smithi006.stdout:/usr/bin/ceph: stderr
2024-04-26T17:43:30.297+0000 7f20ef7fe700 1 -- 172.21.15.6:0/1316780184 <== mon.0 v2:172.21.15.6:3300/0 7 ==== mgrmap(e 7) ==== 46452+0+0 (secure 0 0 0) 0x7f20f404f4c0 con 0x7f21001098f0
2024-04-26T17:43:30.902 INFO:teuthology.orchestra.run.smithi006.stdout:/usr/bin/ceph: stderr
2024-04-26T17:43:30.297+0000 7f20ef7fe700 1 --2- 172.21.15.6:0/1316780184 >> [v2:172.21.15.6:6800/578012205,v1:172.21.15.6:6801/578012205] conn(0x7f20e803ccb0 0x7f20e803f0a0 unknown :-1 s=NONE pgs=0 cs=0 l=1 rev1=0 crypto rx=0 tx=0 comp rx=0 tx=0).connect
2024-04-26T17:43:30.903 INFO:teuthology.orchestra.run.smithi006.stdout:/usr/bin/ceph: stderr
2024-04-26T17:43:30.297+0000 7f20ef7fe700 1 -- 172.21.15.6:0/1316780184 --> [v2:172.21.15.6:6800/578012205,v1:172.21.15.6:6801/578012205] -- command(tid 0: {"prefix": "get_command_descriptions"}) -- 0x7f20f4012ea0 con 0x7f20e803ccb0
2024-04-26T17:43:30.903 INFO:teuthology.orchestra.run.smithi006.stdout:/usr/bin/ceph: stderr
2024-04-26T17:43:30.297+0000 7f20fdd9b700 1 --2- 172.21.15.6:0/1316780184 >> [v2:172.21.15.6:6800/578012205,v1:172.21.15.6:6801/578012205] conn(0x7f20e803ccb0 0x7f20e803f0a0 unknown :-1 s=BANNER_CONNECTING pgs=0 cs=0 l=1 rev1=0 crypto rx=0 tx=0 comp rx=0 tx=0)._handle_peer_banner_payload supported=3 required=0
2024-04-26T17:43:30.903 INFO:teuthology.orchestra.run.smithi006.stdout:/usr/bin/ceph: stderr
2024-04-26T17:43:30.298+0000 7f20fdd9b700 1 --2- 172.21.15.6:0/1316780184 >> [v2:172.21.15.6:6800/578012205,v1:172.21.15.6:6801/578012205] conn(0x7f20e803ccb0 0x7f20e803f0a0 secure :-1 s=READY pgs=2 cs=0 l=1 rev1=1 crypto rx=0x7f20f0003a10 tx=0x7f20f0009290 comp rx=0 tx=0).ready entity=mgr.14120 client_cookie=0 server_cookie=0 in_seq=0 out_seq=0
2024-04-26T17:43:30.903 INFO:teuthology.orchestra.run.smithi006.stdout:/usr/bin/ceph: stderr
2024-04-26T17:43:30.299+0000 7f20ef7fe700 1 -- 172.21.15.6:0/1316780184 <== mgr.14120 v2:172.21.15.6:6800/578012205 1 ==== command_reply(tid 0: 0 ) ==== 8+0+9564 (secure 0 0 0) 0x7f20f4012ea0 con 0x7f20e803ccb0
2024-04-26T17:43:30.903 INFO:teuthology.orchestra.run.smithi006.stdout:/usr/bin/ceph: stderr
2024-04-26T17:43:30.307+0000 7f2104b1d700 1 -- 172.21.15.6:0/1316780184 --> [v2:172.21.15.6:6800/578012205,v1:172.21.15.6:6801/578012205] -- command(tid 1: {"prefix": "mgr_status"}) -- 0x7f20e0002840 con 0x7f20e803ccb0
2024-04-26T17:43:30.903 INFO:teuthology.orchestra.run.smithi006.stdout:/usr/bin/ceph: stderr
2024-04-26T17:43:30.307+0000 7f20ef7fe700 1 -- 172.21.15.6:0/1316780184 <== mgr.14120 v2:172.21.15.6:6800/578012205 2 ==== command_reply(tid 1: 0 ) ==== 8+0+51 (secure 0 0 0) 0x7f20e0002840 con 0x7f20e803ccb0
2024-04-26T17:43:30.903 INFO:teuthology.orchestra.run.smithi006.stdout:/usr/bin/ceph: stderr
2024-04-26T17:43:30.308+0000 7f2104b1d700 1 -- 172.21.15.6:0/1316780184 >> [v2:172.21.15.6:6800/578012205,v1:172.21.15.6:6801/578012205] conn(0x7f20e803ccb0 msgr2=0x7f20e803f0a0 secure :-1 s=STATE_CONNECTION_ESTABLISHED l=1).mark_down
2024-04-26T17:43:30.903 INFO:teuthology.orchestra.run.smithi006.stdout:/usr/bin/ceph: stderr
2024-04-26T17:43:30.308+0000 7f2104b1d700 1 --2- 172.21.15.6:0/1316780184 >> [v2:172.21.15.6:6800/578012205,v1:172.21.15.6:6801/578012205] conn(0x7f20e803ccb0 0x7f20e803f0a0 secure :-1 s=READY pgs=2 cs=0 l=1 rev1=1 crypto rx=0x7f20f0003a10 tx=0x7f20f0009290 comp rx=0 tx=0).stop
2024-04-26T17:43:30.903 INFO:teuthology.orchestra.run.smithi006.stdout:/usr/bin/ceph: stderr
2024-04-26T17:43:30.308+0000 7f2104b1d700 1 -- 172.21.15.6:0/1316780184 >> [v2:172.21.15.6:3300/0,v1:172.21.15.6:6789/0] conn(0x7f21001098f0 msgr2=0x7f210019ce20 secure :-1 s=STATE_CONNECTION_ESTABLISHED l=1).mark_down
2024-04-26T17:43:30.903 INFO:teuthology.orchestra.run.smithi006.stdout:/usr/bin/ceph: stderr
2024-04-26T17:43:30.308+0000 7f2104b1d700 1 --2- 172.21.15.6:0/1316780184 >> [v2:172.21.15.6:3300/0,v1:172.21.15.6:6789/0] conn(0x7f21001098f0 0x7f210019ce20 secure :-1 s=READY pgs=29 cs=0 l=1 rev1=1 crypto rx=0x7f20f4011ac0 tx=0x7f20f4011ba0 comp rx=0 tx=0).stop
2024-04-26T17:43:30.903 INFO:teuthology.orchestra.run.smithi006.stdout:/usr/bin/ceph: stderr
2024-04-26T17:43:30.308+0000 7f2104b1d700 1 -- 172.21.15.6:0/1316780184 shutdown_connections
2024-04-26T17:43:30.903 INFO:teuthology.orchestra.run.smithi006.stdout:/usr/bin/ceph: stderr
2024-04-26T17:43:30.308+0000 7f2104b1d700 1 --2- 172.21.15.6:0/1316780184 >> [v2:172.21.15.6:6800/578012205,v1:172.21.15.6:6801/578012205] conn(0x7f20e803ccb0 0x7f20e803f0a0 unknown :-1 s=CLOSED pgs=2 cs=0 l=1 rev1=1 crypto rx=0 tx=0 comp rx=0 tx=0).stop
2024-04-26T17:43:30.904 INFO:teuthology.orchestra.run.smithi006.stdout:/usr/bin/ceph: stderr
2024-04-26T17:43:30.308+0000 7f2104b1d700 1 --2- 172.21.15.6:0/1316780184 >> [v2:172.21.15.6:3300/0,v1:172.21.15.6:6789/0] conn(0x7f21001098f0 0x7f210019ce20 unknown :-1 s=CLOSED pgs=29 cs=0 l=1 rev1=1 crypto rx=0 tx=0 comp rx=0 tx=0).stop
2024-04-26T17:43:30.904 INFO:teuthology.orchestra.run.smithi006.stdout:/usr/bin/ceph: stderr
2024-04-26T17:43:30.308+0000 7f2104b1d700 1 --2- 172.21.15.6:0/1316780184 >> [v2:172.21.15.6:6800/12455523,v1:172.21.15.6:6801/12455523] conn(0x7f20e80395b0 0x7f20e803ba70 unknown :-1 s=CLOSED pgs=0 cs=0 l=1 rev1=0 crypto rx=0 tx=0 comp rx=0 tx=0).stop
2024-04-26T17:43:30.904 INFO:teuthology.orchestra.run.smithi006.stdout:/usr/bin/ceph: stderr
2024-04-26T17:43:30.308+0000 7f2104b1d700 1 -- 172.21.15.6:0/1316780184 >> 172.21.15.6:0/1316780184 conn(0x7f2100103320 msgr2=0x7f2100103ed0 unknown :-1 s=STATE_NONE l=0).mark_down
2024-04-26T17:43:30.904 INFO:teuthology.orchestra.run.smithi006.stdout:/usr/bin/ceph: stderr
2024-04-26T17:43:30.308+0000 7f2104b1d700 1 -- 172.21.15.6:0/1316780184 shutdown_connections
2024-04-26T17:43:30.904 INFO:teuthology.orchestra.run.smithi006.stdout:/usr/bin/ceph: stderr
2024-04-26T17:43:30.308+0000 7f2104b1d700 1 -- 172.21.15.6:0/1316780184 wait complete.
2024-04-26T17:43:30.904 INFO:teuthology.orchestra.run.smithi006.stdout:mgr epoch 5 is available
2024-04-26T17:43:30.904 INFO:teuthology.orchestra.run.smithi006.stdout:Setting orchestrator backend to cephadm...
2024-04-26T17:43:31.402 INFO:journalctl@ceph.mon.a.smithi006.stdout:Apr 26 17:43:31 smithi006 ceph-mon[29154]: from='client.14124 -' entity='client.admin' cmd=[{"prefix": "get_command_descriptions"}]: dispatch
2024-04-26T17:43:31.402 INFO:journalctl@ceph.mon.a.smithi006.stdout:Apr 26 17:43:31 smithi006 ceph-mon[29154]: from='client.14124 -' entity='client.admin' cmd=[{"prefix": "mgr_status"}]: dispatch
2024-04-26T17:43:32.185 INFO:teuthology.orchestra.run.smithi006.stdout:/usr/bin/ceph: stderr
2024-04-26T17:43:31.319+0000 7f1a8d39e700 1 Processor -- start
2024-04-26T17:43:32.185 INFO:teuthology.orchestra.run.smithi006.stdout:/usr/bin/ceph: stderr
2024-04-26T17:43:31.319+0000 7f1a8d39e700 1 -- start start
2024-04-26T17:43:32.185 INFO:teuthology.orchestra.run.smithi006.stdout:/usr/bin/ceph: stderr
2024-04-26T17:43:31.319+0000 7f1a8d39e700 1 --2- >> [v2:172.21.15.6:3300/0,v1:172.21.15.6:6789/0] conn(0x7f1a88107150 0x7f1a88107570 unknown :-1 s=NONE pgs=0 cs=0 l=0 rev1=0 crypto rx=0 tx=0 comp rx=0 tx=0).connect
2024-04-26T17:43:32.185 INFO:teuthology.orchestra.run.smithi006.stdout:/usr/bin/ceph: stderr
2024-04-26T17:43:31.319+0000 7f1a8d39e700 1 -- --> [v2:172.21.15.6:3300/0,v1:172.21.15.6:6789/0] -- mon_getmap magic: 0 -- 0x7f1a88107b40 con 0x7f1a88107150
2024-04-26T17:43:32.186 INFO:teuthology.orchestra.run.smithi006.stdout:/usr/bin/ceph: stderr
2024-04-26T17:43:31.319+0000 7f1a86ffd700 1 --2- >> [v2:172.21.15.6:3300/0,v1:172.21.15.6:6789/0] conn(0x7f1a88107150 0x7f1a88107570 unknown :-1 s=BANNER_CONNECTING pgs=0 cs=0 l=0 rev1=0 crypto rx=0 tx=0 comp rx=0 tx=0)._handle_peer_banner_payload supported=3 required=0
2024-04-26T17:43:32.186 INFO:teuthology.orchestra.run.smithi006.stdout:/usr/bin/ceph: stderr
2024-04-26T17:43:31.319+0000 7f1a86ffd700 1 --2- >> [v2:172.21.15.6:3300/0,v1:172.21.15.6:6789/0] conn(0x7f1a88107150 0x7f1a88107570 unknown :-1 s=HELLO_CONNECTING pgs=0 cs=0 l=0 rev1=1 crypto rx=0 tx=0 comp rx=0 tx=0).handle_hello peer v2:172.21.15.6:3300/0 says I am v2:172.21.15.6:56778/0 (socket says 172.21.15.6:56778)
2024-04-26T17:43:32.186 INFO:teuthology.orchestra.run.smithi006.stdout:/usr/bin/ceph: stderr
2024-04-26T17:43:31.319+0000 7f1a86ffd700 1 -- 172.21.15.6:0/3223079448 learned_addr learned my addr 172.21.15.6:0/3223079448 (peer_addr_for_me v2:172.21.15.6:0/0)
2024-04-26T17:43:32.186 INFO:teuthology.orchestra.run.smithi006.stdout:/usr/bin/ceph: stderr
2024-04-26T17:43:31.320+0000 7f1a86ffd700 1 -- 172.21.15.6:0/3223079448 --> [v2:172.21.15.6:3300/0,v1:172.21.15.6:6789/0] -- mon_subscribe({config=0+,monmap=0+}) -- 0x7f1a8810a130 con 0x7f1a88107150
2024-04-26T17:43:32.186 INFO:teuthology.orchestra.run.smithi006.stdout:/usr/bin/ceph: stderr
2024-04-26T17:43:31.320+0000 7f1a86ffd700 1 --2- 172.21.15.6:0/3223079448 >> [v2:172.21.15.6:3300/0,v1:172.21.15.6:6789/0] conn(0x7f1a88107150 0x7f1a88107570 secure :-1 s=READY pgs=37 cs=0 l=1 rev1=1 crypto rx=0x7f1a700098a0 tx=0x7f1a70009bb0 comp rx=0 tx=0).ready entity=mon.0 client_cookie=b83e7ea0bcdfc7b8 server_cookie=0 in_seq=0 out_seq=0
2024-04-26T17:43:32.186 INFO:teuthology.orchestra.run.smithi006.stdout:/usr/bin/ceph: stderr
2024-04-26T17:43:31.320+0000 7f1a85ffb700 1 -- 172.21.15.6:0/3223079448 <== mon.0 v2:172.21.15.6:3300/0 1 ==== mon_map magic: 0 ==== 205+0+0 (secure 0 0 0) 0x7f1a70004160 con 0x7f1a88107150
2024-04-26T17:43:32.186 INFO:teuthology.orchestra.run.smithi006.stdout:/usr/bin/ceph: stderr
2024-04-26T17:43:31.320+0000 7f1a85ffb700 1 -- 172.21.15.6:0/3223079448 <== mon.0 v2:172.21.15.6:3300/0 2 ==== config(26 keys) ==== 1070+0+0 (secure 0 0 0) 0x7f1a70004300 con 0x7f1a88107150
2024-04-26T17:43:32.186 INFO:teuthology.orchestra.run.smithi006.stdout:/usr/bin/ceph: stderr
2024-04-26T17:43:31.320+0000 7f1a85ffb700 1 -- 172.21.15.6:0/3223079448 <== mon.0 v2:172.21.15.6:3300/0 3 ==== mon_map magic: 0 ==== 205+0+0 (secure 0 0 0) 0x7f1a70011af0 con 0x7f1a88107150
2024-04-26T17:43:32.186 INFO:teuthology.orchestra.run.smithi006.stdout:/usr/bin/ceph: stderr
2024-04-26T17:43:31.320+0000 7f1a8d39e700 1 -- 172.21.15.6:0/3223079448 >> [v2:172.21.15.6:3300/0,v1:172.21.15.6:6789/0] conn(0x7f1a88107150 msgr2=0x7f1a88107570 secure :-1 s=STATE_CONNECTION_ESTABLISHED l=1).mark_down
2024-04-26T17:43:32.186 INFO:teuthology.orchestra.run.smithi006.stdout:/usr/bin/ceph: stderr
2024-04-26T17:43:31.320+0000 7f1a8d39e700 1 --2- 172.21.15.6:0/3223079448 >> [v2:172.21.15.6:3300/0,v1:172.21.15.6:6789/0] conn(0x7f1a88107150 0x7f1a88107570 secure :-1 s=READY pgs=37 cs=0 l=1 rev1=1 crypto rx=0x7f1a700098a0 tx=0x7f1a70009bb0 comp rx=0 tx=0).stop
2024-04-26T17:43:32.186 INFO:teuthology.orchestra.run.smithi006.stdout:/usr/bin/ceph: stderr
2024-04-26T17:43:31.320+0000 7f1a8d39e700 1 -- 172.21.15.6:0/3223079448 shutdown_connections
2024-04-26T17:43:32.186 INFO:teuthology.orchestra.run.smithi006.stdout:/usr/bin/ceph: stderr
2024-04-26T17:43:31.320+0000 7f1a8d39e700 1 --2- 172.21.15.6:0/3223079448 >> [v2:172.21.15.6:3300/0,v1:172.21.15.6:6789/0] conn(0x7f1a88107150 0x7f1a88107570 unknown :-1 s=CLOSED pgs=37 cs=0 l=1 rev1=1 crypto rx=0 tx=0 comp rx=0 tx=0).stop
2024-04-26T17:43:32.187 INFO:teuthology.orchestra.run.smithi006.stdout:/usr/bin/ceph: stderr
2024-04-26T17:43:31.320+0000 7f1a8d39e700 1 -- 172.21.15.6:0/3223079448 >> 172.21.15.6:0/3223079448 conn(0x7f1a88102b70 msgr2=0x7f1a88104f90 unknown :-1 s=STATE_NONE l=0).mark_down
2024-04-26T17:43:32.187 INFO:teuthology.orchestra.run.smithi006.stdout:/usr/bin/ceph: stderr
2024-04-26T17:43:31.321+0000 7f1a8d39e700 1 -- 172.21.15.6:0/3223079448 shutdown_connections
2024-04-26T17:43:32.187 INFO:teuthology.orchestra.run.smithi006.stdout:/usr/bin/ceph: stderr
2024-04-26T17:43:31.321+0000 7f1a8d39e700 1 -- 172.21.15.6:0/3223079448 wait complete.
2024-04-26T17:43:32.187 INFO:teuthology.orchestra.run.smithi006.stdout:/usr/bin/ceph: stderr
2024-04-26T17:43:31.321+0000 7f1a8d39e700 1 Processor -- start
2024-04-26T17:43:32.187 INFO:teuthology.orchestra.run.smithi006.stdout:/usr/bin/ceph: stderr
2024-04-26T17:43:31.321+0000 7f1a8d39e700 1 -- start start
2024-04-26T17:43:32.187 INFO:teuthology.orchestra.run.smithi006.stdout:/usr/bin/ceph: stderr
2024-04-26T17:43:31.321+0000 7f1a8d39e700 1 --2- >> [v2:172.21.15.6:3300/0,v1:172.21.15.6:6789/0] conn(0x7f1a88107150 0x7f1a881099b0 unknown :-1 s=NONE pgs=0 cs=0 l=1 rev1=0 crypto rx=0 tx=0 comp rx=0 tx=0).connect
2024-04-26T17:43:32.187 INFO:teuthology.orchestra.run.smithi006.stdout:/usr/bin/ceph: stderr
2024-04-26T17:43:31.321+0000 7f1a8d39e700 1 -- --> [v2:172.21.15.6:3300/0,v1:172.21.15.6:6789/0] -- mon_getmap magic: 0 -- 0x7f1a8810d4e0 con 0x7f1a88107150
2024-04-26T17:43:32.187 INFO:teuthology.orchestra.run.smithi006.stdout:/usr/bin/ceph: stderr
2024-04-26T17:43:31.322+0000 7f1a86ffd700 1 --2- >> [v2:172.21.15.6:3300/0,v1:172.21.15.6:6789/0] conn(0x7f1a88107150 0x7f1a881099b0 unknown :-1 s=BANNER_CONNECTING pgs=0 cs=0 l=1 rev1=0 crypto rx=0 tx=0 comp rx=0 tx=0)._handle_peer_banner_payload supported=3 required=0
2024-04-26T17:43:32.187 INFO:teuthology.orchestra.run.smithi006.stdout:/usr/bin/ceph: stderr
2024-04-26T17:43:31.322+0000 7f1a86ffd700 1 --2- >> [v2:172.21.15.6:3300/0,v1:172.21.15.6:6789/0] conn(0x7f1a88107150 0x7f1a881099b0 unknown :-1 s=HELLO_CONNECTING pgs=0 cs=0 l=1 rev1=1 crypto rx=0 tx=0 comp rx=0 tx=0).handle_hello peer v2:172.21.15.6:3300/0 says I am v2:172.21.15.6:56792/0 (socket says 172.21.15.6:56792)
2024-04-26T17:43:32.187 INFO:teuthology.orchestra.run.smithi006.stdout:/usr/bin/ceph: stderr
2024-04-26T17:43:31.322+0000 7f1a86ffd700 1 -- 172.21.15.6:0/451350857 learned_addr learned my addr 172.21.15.6:0/451350857 (peer_addr_for_me v2:172.21.15.6:0/0)
2024-04-26T17:43:32.187 INFO:teuthology.orchestra.run.smithi006.stdout:/usr/bin/ceph: stderr
2024-04-26T17:43:31.322+0000 7f1a86ffd700 1 -- 172.21.15.6:0/451350857 --> [v2:172.21.15.6:3300/0,v1:172.21.15.6:6789/0] -- mon_subscribe({config=0+,monmap=0+}) -- 0x7f1a88109ef0 con 0x7f1a88107150
2024-04-26T17:43:32.187 INFO:teuthology.orchestra.run.smithi006.stdout:/usr/bin/ceph: stderr
2024-04-26T17:43:31.322+0000 7f1a86ffd700 1 --2- 172.21.15.6:0/451350857 >> [v2:172.21.15.6:3300/0,v1:172.21.15.6:6789/0] conn(0x7f1a88107150 0x7f1a881099b0 secure :-1 s=READY pgs=38 cs=0 l=1 rev1=1 crypto rx=0x7f1a70000c00 tx=0x7f1a70011b70 comp rx=0 tx=0).ready entity=mon.0 client_cookie=0 server_cookie=0 in_seq=0 out_seq=0
2024-04-26T17:43:32.187 INFO:teuthology.orchestra.run.smithi006.stdout:/usr/bin/ceph: stderr
2024-04-26T17:43:31.322+0000 7f1a7ffff700 1 -- 172.21.15.6:0/451350857 <== mon.0 v2:172.21.15.6:3300/0 1 ==== mon_map magic: 0 ==== 205+0+0 (secure 0 0 0) 0x7f1a70003b20 con 0x7f1a88107150
2024-04-26T17:43:32.187 INFO:teuthology.orchestra.run.smithi006.stdout:/usr/bin/ceph: stderr
2024-04-26T17:43:31.322+0000 7f1a7ffff700 1 -- 172.21.15.6:0/451350857 <== mon.0 v2:172.21.15.6:3300/0 2 ==== config(26 keys) ==== 1070+0+0 (secure 0 0 0) 0x7f1a7001a8c0 con 0x7f1a88107150
2024-04-26T17:43:32.188 INFO:teuthology.orchestra.run.smithi006.stdout:/usr/bin/ceph: stderr
2024-04-26T17:43:31.322+0000 7f1a8d39e700 1 -- 172.21.15.6:0/451350857 --> [v2:172.21.15.6:3300/0,v1:172.21.15.6:6789/0] -- mon_subscribe({mgrmap=0+}) -- 0x7f1a881080e0 con 0x7f1a88107150
2024-04-26T17:43:32.188 INFO:teuthology.orchestra.run.smithi006.stdout:/usr/bin/ceph: stderr
2024-04-26T17:43:31.322+0000 7f1a7ffff700 1 -- 172.21.15.6:0/451350857 <== mon.0 v2:172.21.15.6:3300/0 3 ==== mon_map magic: 0 ==== 205+0+0 (secure 0 0 0) 0x7f1a70024940 con 0x7f1a88107150
2024-04-26T17:43:32.188 INFO:teuthology.orchestra.run.smithi006.stdout:/usr/bin/ceph: stderr
2024-04-26T17:43:31.322+0000 7f1a8d39e700 1 -- 172.21.15.6:0/451350857 --> [v2:172.21.15.6:3300/0,v1:172.21.15.6:6789/0] -- mon_subscribe({osdmap=0}) -- 0x7f1a88108620 con 0x7f1a88107150
2024-04-26T17:43:32.188 INFO:teuthology.orchestra.run.smithi006.stdout:/usr/bin/ceph: stderr
2024-04-26T17:43:31.323+0000 7f1a7ffff700 1 -- 172.21.15.6:0/451350857 <== mon.0 v2:172.21.15.6:3300/0 4 ==== mgrmap(e 7) ==== 46452+0+0 (secure 0 0 0) 0x7f1a70022020 con 0x7f1a88107150
2024-04-26T17:43:32.188 INFO:teuthology.orchestra.run.smithi006.stdout:/usr/bin/ceph: stderr
2024-04-26T17:43:31.323+0000 7f1a7ffff700 1 --2- 172.21.15.6:0/451350857 >> [v2:172.21.15.6:6800/578012205,v1:172.21.15.6:6801/578012205] conn(0x7f1a74039490 0x7f1a7403b950 unknown :-1 s=NONE pgs=0 cs=0 l=1 rev1=0 crypto rx=0 tx=0 comp rx=0 tx=0).connect
2024-04-26T17:43:32.188 INFO:teuthology.orchestra.run.smithi006.stdout:/usr/bin/ceph: stderr
2024-04-26T17:43:31.323+0000 7f1a7ffff700 1 -- 172.21.15.6:0/451350857 <== mon.0 v2:172.21.15.6:3300/0 5 ==== osd_map(2..2 src has 1..2) ==== 940+0+0 (secure 0 0 0) 0x7f1a7004d680 con 0x7f1a88107150
2024-04-26T17:43:32.188 INFO:teuthology.orchestra.run.smithi006.stdout:/usr/bin/ceph: stderr
2024-04-26T17:43:31.323+0000 7f1a867fc700 1 --2- 172.21.15.6:0/451350857 >> [v2:172.21.15.6:6800/578012205,v1:172.21.15.6:6801/578012205] conn(0x7f1a74039490 0x7f1a7403b950 unknown :-1 s=BANNER_CONNECTING pgs=0 cs=0 l=1 rev1=0 crypto rx=0 tx=0 comp rx=0 tx=0)._handle_peer_banner_payload supported=3 required=0
2024-04-26T17:43:32.188 INFO:teuthology.orchestra.run.smithi006.stdout:/usr/bin/ceph: stderr
2024-04-26T17:43:31.323+0000 7f1a8d39e700 1 -- 172.21.15.6:0/451350857 --> [v2:172.21.15.6:3300/0,v1:172.21.15.6:6789/0] -- mon_command({"prefix": "get_command_descriptions"} v 0) -- 0x7f1a88064a80 con 0x7f1a88107150
2024-04-26T17:43:32.188 INFO:teuthology.orchestra.run.smithi006.stdout:/usr/bin/ceph: stderr
2024-04-26T17:43:31.324+0000 7f1a867fc700 1 --2- 172.21.15.6:0/451350857 >> [v2:172.21.15.6:6800/578012205,v1:172.21.15.6:6801/578012205] conn(0x7f1a74039490 0x7f1a7403b950 secure :-1 s=READY pgs=7 cs=0 l=1 rev1=1 crypto rx=0x7f1a78006fd0 tx=0x7f1a78006e40 comp rx=0 tx=0).ready entity=mgr.14120 client_cookie=0 server_cookie=0 in_seq=0 out_seq=0
2024-04-26T17:43:32.188 INFO:teuthology.orchestra.run.smithi006.stdout:/usr/bin/ceph: stderr
2024-04-26T17:43:31.329+0000 7f1a7ffff700 1 -- 172.21.15.6:0/451350857 <== mon.0 v2:172.21.15.6:3300/0 6 ==== mon_command_ack([{"prefix": "get_command_descriptions"}]=0 v0) ==== 72+0+188370 (secure 0 0 0) 0x7f1a70021d80 con 0x7f1a88107150
2024-04-26T17:43:32.188 INFO:teuthology.orchestra.run.smithi006.stdout:/usr/bin/ceph: stderr
2024-04-26T17:43:31.349+0000 7f1a7ffff700 1 -- 172.21.15.6:0/451350857 <== mon.0 v2:172.21.15.6:3300/0 7 ==== mgrmap(e 8) ==== 46558+0+0 (secure 0 0 0) 0x7f1a7002dc90 con 0x7f1a88107150
2024-04-26T17:43:32.188 INFO:teuthology.orchestra.run.smithi006.stdout:/usr/bin/ceph: stderr
2024-04-26T17:43:31.575+0000 7f1a8d39e700 1 -- 172.21.15.6:0/451350857 --> [v2:172.21.15.6:6800/578012205,v1:172.21.15.6:6801/578012205] -- mgr_command(tid 0: {"prefix": "orch set backend", "module_name": "cephadm", "target": ["mon-mgr", ""]}) -- 0x7f1a88108f50 con 0x7f1a74039490
2024-04-26T17:43:32.188 INFO:teuthology.orchestra.run.smithi006.stdout:/usr/bin/ceph: stderr
2024-04-26T17:43:31.580+0000 7f1a7ffff700 1 -- 172.21.15.6:0/451350857 <== mgr.14120 v2:172.21.15.6:6800/578012205 1 ==== mgr_command_reply(tid 0: 0 ) ==== 8+0+0 (secure 0 0 0) 0x7f1a88108f50 con 0x7f1a74039490
2024-04-26T17:43:32.189 INFO:teuthology.orchestra.run.smithi006.stdout:/usr/bin/ceph: stderr
2024-04-26T17:43:31.582+0000 7f1a8d39e700 1 -- 172.21.15.6:0/451350857 >> [v2:172.21.15.6:6800/578012205,v1:172.21.15.6:6801/578012205] conn(0x7f1a74039490 msgr2=0x7f1a7403b950 secure :-1 s=STATE_CONNECTION_ESTABLISHED l=1).mark_down
2024-04-26T17:43:32.189 INFO:teuthology.orchestra.run.smithi006.stdout:/usr/bin/ceph: stderr
2024-04-26T17:43:31.582+0000 7f1a8d39e700 1 --2- 172.21.15.6:0/451350857 >> [v2:172.21.15.6:6800/578012205,v1:172.21.15.6:6801/578012205] conn(0x7f1a74039490 0x7f1a7403b950 secure :-1 s=READY pgs=7 cs=0 l=1 rev1=1 crypto rx=0x7f1a78006fd0 tx=0x7f1a78006e40 comp rx=0 tx=0).stop
2024-04-26T17:43:32.189 INFO:teuthology.orchestra.run.smithi006.stdout:/usr/bin/ceph: stderr
2024-04-26T17:43:31.582+0000 7f1a8d39e700 1 -- 172.21.15.6:0/451350857 >> [v2:172.21.15.6:3300/0,v1:172.21.15.6:6789/0] conn(0x7f1a88107150 msgr2=0x7f1a881099b0 secure :-1 s=STATE_CONNECTION_ESTABLISHED l=1).mark_down
2024-04-26T17:43:32.189 INFO:teuthology.orchestra.run.smithi006.stdout:/usr/bin/ceph: stderr
2024-04-26T17:43:31.582+0000 7f1a8d39e700 1 --2- 172.21.15.6:0/451350857 >> [v2:172.21.15.6:3300/0,v1:172.21.15.6:6789/0] conn(0x7f1a88107150 0x7f1a881099b0 secure :-1 s=READY pgs=38 cs=0 l=1 rev1=1 crypto rx=0x7f1a70000c00 tx=0x7f1a70011b70 comp rx=0 tx=0).stop
2024-04-26T17:43:32.189 INFO:teuthology.orchestra.run.smithi006.stdout:/usr/bin/ceph: stderr
2024-04-26T17:43:31.582+0000 7f1a8d39e700 1 -- 172.21.15.6:0/451350857 shutdown_connections
2024-04-26T17:43:32.189 INFO:teuthology.orchestra.run.smithi006.stdout:/usr/bin/ceph: stderr
2024-04-26T17:43:31.582+0000 7f1a8d39e700 1 --2- 172.21.15.6:0/451350857 >> [v2:172.21.15.6:6800/578012205,v1:172.21.15.6:6801/578012205] conn(0x7f1a74039490 0x7f1a7403b950 unknown :-1 s=CLOSED pgs=7 cs=0 l=1 rev1=1 crypto rx=0 tx=0 comp rx=0 tx=0).stop
2024-04-26T17:43:32.189 INFO:teuthology.orchestra.run.smithi006.stdout:/usr/bin/ceph: stderr
2024-04-26T17:43:31.582+0000 7f1a8d39e700 1 --2- 172.21.15.6:0/451350857 >> [v2:172.21.15.6:3300/0,v1:172.21.15.6:6789/0] conn(0x7f1a88107150 0x7f1a881099b0 unknown :-1 s=CLOSED pgs=38 cs=0 l=1 rev1=1 crypto rx=0 tx=0 comp rx=0 tx=0).stop
2024-04-26T17:43:32.189 INFO:teuthology.orchestra.run.smithi006.stdout:/usr/bin/ceph: stderr
2024-04-26T17:43:31.582+0000 7f1a8d39e700 1 -- 172.21.15.6:0/451350857 >> 172.21.15.6:0/451350857 conn(0x7f1a88102b70 msgr2=0x7f1a881035c0 unknown :-1 s=STATE_NONE l=0).mark_down
2024-04-26T17:43:32.189 INFO:teuthology.orchestra.run.smithi006.stdout:/usr/bin/ceph: stderr
2024-04-26T17:43:31.582+0000 7f1a8d39e700 1 -- 172.21.15.6:0/451350857 shutdown_connections
2024-04-26T17:43:32.189 INFO:teuthology.orchestra.run.smithi006.stdout:/usr/bin/ceph: stderr
2024-04-26T17:43:31.582+0000 7f1a8d39e700 1 -- 172.21.15.6:0/451350857 wait complete.
2024-04-26T17:43:32.506 INFO:journalctl@ceph.mon.a.smithi006.stdout:Apr 26 17:43:32 smithi006 ceph-mon[29154]: mgrmap e8: x(active, since 2s)
2024-04-26T17:43:32.506 INFO:journalctl@ceph.mon.a.smithi006.stdout:Apr 26 17:43:32 smithi006 ceph-mon[29154]: from='client.14132 -' entity='client.admin' cmd=[{"prefix": "orch set backend", "module_name": "cephadm", "target": ["mon-mgr", ""]}]: dispatch
2024-04-26T17:43:32.506 INFO:journalctl@ceph.mon.a.smithi006.stdout:Apr 26 17:43:32 smithi006 ceph-mon[29154]: from='mgr.14120 172.21.15.6:0/2230589376' entity='mgr.x'
2024-04-26T17:43:32.506 INFO:journalctl@ceph.mon.a.smithi006.stdout:Apr 26 17:43:32 smithi006 ceph-mon[29154]: from='mgr.14120 172.21.15.6:0/2230589376' entity='mgr.x' cmd=[{"prefix": "config dump", "format": "json"}]: dispatch
2024-04-26T17:43:32.506 INFO:journalctl@ceph.mon.a.smithi006.stdout:Apr 26 17:43:32 smithi006 ceph-mon[29154]: [26/Apr/2024:17:43:32] ENGINE Bus STARTING
2024-04-26T17:43:32.506 INFO:journalctl@ceph.mon.a.smithi006.stdout:Apr 26 17:43:32 smithi006 ceph-mon[29154]: [26/Apr/2024:17:43:32] ENGINE Serving on https://172.21.15.6:7150
2024-04-26T17:43:32.506 INFO:journalctl@ceph.mon.a.smithi006.stdout:Apr 26 17:43:32 smithi006 ceph-mon[29154]: from='mgr.14120 172.21.15.6:0/2230589376' entity='mgr.x' cmd=[{"prefix": "config dump", "format": "json"}]: dispatch
2024-04-26T17:43:33.378 INFO:teuthology.orchestra.run.smithi006.stdout:/usr/bin/ceph: stdout value unchanged
2024-04-26T17:43:33.385 INFO:teuthology.orchestra.run.smithi006.stdout:/usr/bin/ceph: stderr
2024-04-26T17:43:32.609+0000 7f46a3ab1700 1 Processor -- start
2024-04-26T17:43:33.385 INFO:teuthology.orchestra.run.smithi006.stdout:/usr/bin/ceph: stderr
2024-04-26T17:43:32.609+0000 7f46a3ab1700 1 -- start start
2024-04-26T17:43:33.385 INFO:teuthology.orchestra.run.smithi006.stdout:/usr/bin/ceph: stderr
2024-04-26T17:43:32.610+0000 7f46a3ab1700 1 --2- >> [v2:172.21.15.6:3300/0,v1:172.21.15.6:6789/0] conn(0x7f469c109930 0x7f469c10bd20 unknown :-1 s=NONE pgs=0 cs=0 l=0 rev1=0 crypto rx=0 tx=0 comp rx=0 tx=0).connect
2024-04-26T17:43:33.385 INFO:teuthology.orchestra.run.smithi006.stdout:/usr/bin/ceph: stderr
2024-04-26T17:43:32.610+0000 7f46a3ab1700 1 -- --> [v2:172.21.15.6:3300/0,v1:172.21.15.6:6789/0] -- mon_getmap magic: 0 -- 0x7f469c07ced0 con 0x7f469c109930
2024-04-26T17:43:33.385 INFO:teuthology.orchestra.run.smithi006.stdout:/usr/bin/ceph: stderr
2024-04-26T17:43:32.610+0000 7f46a184d700 1 --2- >> [v2:172.21.15.6:3300/0,v1:172.21.15.6:6789/0] conn(0x7f469c109930 0x7f469c10bd20 unknown :-1 s=BANNER_CONNECTING pgs=0 cs=0 l=0 rev1=0 crypto rx=0 tx=0 comp rx=0 tx=0)._handle_peer_banner_payload supported=3 required=0
2024-04-26T17:43:33.385 INFO:teuthology.orchestra.run.smithi006.stdout:/usr/bin/ceph: stderr
2024-04-26T17:43:32.610+0000 7f46a184d700 1 --2- >> [v2:172.21.15.6:3300/0,v1:172.21.15.6:6789/0] conn(0x7f469c109930 0x7f469c10bd20 unknown :-1 s=HELLO_CONNECTING pgs=0 cs=0 l=0 rev1=1 crypto rx=0 tx=0 comp rx=0 tx=0).handle_hello peer v2:172.21.15.6:3300/0 says I am v2:172.21.15.6:56804/0 (socket says 172.21.15.6:56804)
2024-04-26T17:43:33.385 INFO:teuthology.orchestra.run.smithi006.stdout:/usr/bin/ceph: stderr
2024-04-26T17:43:32.610+0000 7f46a184d700 1 -- 172.21.15.6:0/369155419 learned_addr learned my addr 172.21.15.6:0/369155419 (peer_addr_for_me v2:172.21.15.6:0/0)
2024-04-26T17:43:33.385 INFO:teuthology.orchestra.run.smithi006.stdout:/usr/bin/ceph: stderr
2024-04-26T17:43:32.610+0000 7f46a184d700 1 -- 172.21.15.6:0/369155419 --> [v2:172.21.15.6:3300/0,v1:172.21.15.6:6789/0] -- mon_subscribe({config=0+,monmap=0+}) -- 0x7f469c10c260 con 0x7f469c109930
2024-04-26T17:43:33.385 INFO:teuthology.orchestra.run.smithi006.stdout:/usr/bin/ceph: stderr
2024-04-26T17:43:32.610+0000 7f46a184d700 1 --2- 172.21.15.6:0/369155419 >> [v2:172.21.15.6:3300/0,v1:172.21.15.6:6789/0] conn(0x7f469c109930 0x7f469c10bd20 secure :-1 s=READY pgs=39 cs=0 l=1 rev1=1 crypto rx=0x7f46980098a0 tx=0x7f4698009bb0 comp rx=0 tx=0).ready entity=mon.0 client_cookie=9e36d7f14c5d6e24 server_cookie=0 in_seq=0 out_seq=0
2024-04-26T17:43:33.385 INFO:teuthology.orchestra.run.smithi006.stdout:/usr/bin/ceph: stderr
2024-04-26T17:43:32.610+0000 7f46a084b700 1 -- 172.21.15.6:0/369155419 <== mon.0 v2:172.21.15.6:3300/0 1 ==== mon_map magic: 0 ==== 205+0+0 (secure 0 0 0) 0x7f4698004160 con 0x7f469c109930
2024-04-26T17:43:33.385 INFO:teuthology.orchestra.run.smithi006.stdout:/usr/bin/ceph: stderr
2024-04-26T17:43:32.610+0000 7f46a084b700 1 -- 172.21.15.6:0/369155419 <== mon.0 v2:172.21.15.6:3300/0 2 ==== config(26 keys) ==== 1070+0+0 (secure 0 0 0) 0x7f4698004300 con 0x7f469c109930
2024-04-26T17:43:33.386 INFO:teuthology.orchestra.run.smithi006.stdout:/usr/bin/ceph: stderr
2024-04-26T17:43:32.610+0000 7f46a084b700 1 -- 172.21.15.6:0/369155419 <== mon.0 v2:172.21.15.6:3300/0 3 ==== mon_map magic: 0 ==== 205+0+0 (secure 0 0 0) 0x7f4698011af0 con 0x7f469c109930
2024-04-26T17:43:33.386 INFO:teuthology.orchestra.run.smithi006.stdout:/usr/bin/ceph: stderr
2024-04-26T17:43:32.611+0000 7f46a3ab1700 1 -- 172.21.15.6:0/369155419 >> [v2:172.21.15.6:3300/0,v1:172.21.15.6:6789/0] conn(0x7f469c109930 msgr2=0x7f469c10bd20 secure :-1 s=STATE_CONNECTION_ESTABLISHED l=1).mark_down
2024-04-26T17:43:33.386 INFO:teuthology.orchestra.run.smithi006.stdout:/usr/bin/ceph: stderr
2024-04-26T17:43:32.611+0000 7f46a3ab1700 1 --2- 172.21.15.6:0/369155419 >> [v2:172.21.15.6:3300/0,v1:172.21.15.6:6789/0] conn(0x7f469c109930 0x7f469c10bd20 secure :-1 s=READY pgs=39 cs=0 l=1 rev1=1 crypto rx=0x7f46980098a0 tx=0x7f4698009bb0 comp rx=0 tx=0).stop
2024-04-26T17:43:33.386 INFO:teuthology.orchestra.run.smithi006.stdout:/usr/bin/ceph: stderr
2024-04-26T17:43:32.611+0000 7f46a3ab1700 1 -- 172.21.15.6:0/369155419 shutdown_connections
2024-04-26T17:43:33.386 INFO:teuthology.orchestra.run.smithi006.stdout:/usr/bin/ceph: stderr
2024-04-26T17:43:32.611+0000 7f46a3ab1700 1 --2- 172.21.15.6:0/369155419 >> [v2:172.21.15.6:3300/0,v1:172.21.15.6:6789/0] conn(0x7f469c109930 0x7f469c10bd20 unknown :-1 s=CLOSED pgs=39 cs=0 l=1 rev1=1 crypto rx=0 tx=0 comp rx=0 tx=0).stop
2024-04-26T17:43:33.386 INFO:teuthology.orchestra.run.smithi006.stdout:/usr/bin/ceph: stderr
2024-04-26T17:43:32.611+0000 7f46a3ab1700 1 -- 172.21.15.6:0/369155419 >> 172.21.15.6:0/369155419 conn(0x7f469c103360 msgr2=0x7f469c1057a0 unknown :-1 s=STATE_NONE l=0).mark_down
2024-04-26T17:43:33.386 INFO:teuthology.orchestra.run.smithi006.stdout:/usr/bin/ceph: stderr
2024-04-26T17:43:32.611+0000 7f46a3ab1700 1 -- 172.21.15.6:0/369155419 shutdown_connections
2024-04-26T17:43:33.386 INFO:teuthology.orchestra.run.smithi006.stdout:/usr/bin/ceph: stderr
2024-04-26T17:43:32.611+0000 7f46a3ab1700 1 -- 172.21.15.6:0/369155419 wait complete.
2024-04-26T17:43:33.386 INFO:teuthology.orchestra.run.smithi006.stdout:/usr/bin/ceph: stderr
2024-04-26T17:43:32.612+0000 7f46a3ab1700 1 Processor -- start
2024-04-26T17:43:33.386 INFO:teuthology.orchestra.run.smithi006.stdout:/usr/bin/ceph: stderr
2024-04-26T17:43:32.612+0000 7f46a3ab1700 1 -- start start
2024-04-26T17:43:33.387 INFO:teuthology.orchestra.run.smithi006.stdout:/usr/bin/ceph: stderr
2024-04-26T17:43:32.612+0000 7f46a3ab1700 1 --2- >> [v2:172.21.15.6:3300/0,v1:172.21.15.6:6789/0] conn(0x7f469c109930 0x7f469c19ce10 unknown :-1 s=NONE pgs=0 cs=0 l=1 rev1=0 crypto rx=0 tx=0 comp rx=0 tx=0).connect
2024-04-26T17:43:33.387 INFO:teuthology.orchestra.run.smithi006.stdout:/usr/bin/ceph: stderr
2024-04-26T17:43:32.612+0000 7f46a3ab1700 1 -- --> [v2:172.21.15.6:3300/0,v1:172.21.15.6:6789/0] -- mon_getmap magic: 0 -- 0x7f469c10d230 con 0x7f469c109930
2024-04-26T17:43:33.387 INFO:teuthology.orchestra.run.smithi006.stdout:/usr/bin/ceph: stderr
2024-04-26T17:43:32.612+0000 7f46a184d700 1 --2- >> [v2:172.21.15.6:3300/0,v1:172.21.15.6:6789/0] conn(0x7f469c109930 0x7f469c19ce10 unknown :-1 s=BANNER_CONNECTING pgs=0 cs=0 l=1 rev1=0 crypto rx=0 tx=0 comp rx=0 tx=0)._handle_peer_banner_payload supported=3 required=0
2024-04-26T17:43:33.387 INFO:teuthology.orchestra.run.smithi006.stdout:/usr/bin/ceph: stderr
2024-04-26T17:43:32.612+0000 7f46a184d700 1 --2- >> [v2:172.21.15.6:3300/0,v1:172.21.15.6:6789/0] conn(0x7f469c109930 0x7f469c19ce10 unknown :-1 s=HELLO_CONNECTING pgs=0 cs=0 l=1 rev1=1 crypto rx=0 tx=0 comp rx=0 tx=0).handle_hello peer v2:172.21.15.6:3300/0 says I am v2:172.21.15.6:56818/0 (socket says 172.21.15.6:56818)
2024-04-26T17:43:33.387 INFO:teuthology.orchestra.run.smithi006.stdout:/usr/bin/ceph: stderr
2024-04-26T17:43:32.612+0000 7f46a184d700 1 -- 172.21.15.6:0/3297484511 learned_addr learned my addr 172.21.15.6:0/3297484511 (peer_addr_for_me v2:172.21.15.6:0/0)
2024-04-26T17:43:33.387 INFO:teuthology.orchestra.run.smithi006.stdout:/usr/bin/ceph: stderr
2024-04-26T17:43:32.612+0000 7f46a184d700 1 -- 172.21.15.6:0/3297484511 --> [v2:172.21.15.6:3300/0,v1:172.21.15.6:6789/0] -- mon_subscribe({config=0+,monmap=0+}) -- 0x7f469c19d350 con 0x7f469c109930
2024-04-26T17:43:33.387 INFO:teuthology.orchestra.run.smithi006.stdout:/usr/bin/ceph: stderr
2024-04-26T17:43:32.612+0000 7f46a184d700 1 --2- 172.21.15.6:0/3297484511 >> [v2:172.21.15.6:3300/0,v1:172.21.15.6:6789/0] conn(0x7f469c109930 0x7f469c19ce10 secure :-1 s=READY pgs=40 cs=0 l=1 rev1=1 crypto rx=0x7f4698011ac0 tx=0x7f4698011ba0 comp rx=0 tx=0).ready entity=mon.0 client_cookie=0 server_cookie=0 in_seq=0 out_seq=0
2024-04-26T17:43:33.387 INFO:teuthology.orchestra.run.smithi006.stdout:/usr/bin/ceph: stderr
2024-04-26T17:43:32.613+0000 7f468effd700 1 -- 172.21.15.6:0/3297484511 <== mon.0 v2:172.21.15.6:3300/0 1 ==== mon_map magic: 0 ==== 205+0+0 (secure 0 0 0) 0x7f4698003970 con 0x7f469c109930
2024-04-26T17:43:33.387 INFO:teuthology.orchestra.run.smithi006.stdout:/usr/bin/ceph: stderr
2024-04-26T17:43:32.613+0000 7f468effd700 1 -- 172.21.15.6:0/3297484511 <== mon.0 v2:172.21.15.6:3300/0 2 ==== config(26 keys) ==== 1070+0+0 (secure 0 0 0) 0x7f4698003b10 con 0x7f469c109930
2024-04-26T17:43:33.387 INFO:teuthology.orchestra.run.smithi006.stdout:/usr/bin/ceph: stderr
2024-04-26T17:43:32.613+0000 7f468effd700 1 -- 172.21.15.6:0/3297484511 <== mon.0 v2:172.21.15.6:3300/0 3 ==== mon_map magic: 0 ==== 205+0+0 (secure 0 0 0) 0x7f4698024610 con 0x7f469c109930
2024-04-26T17:43:33.387 INFO:teuthology.orchestra.run.smithi006.stdout:/usr/bin/ceph: stderr
2024-04-26T17:43:32.613+0000 7f46a3ab1700 1 -- 172.21.15.6:0/3297484511 --> [v2:172.21.15.6:3300/0,v1:172.21.15.6:6789/0] -- mon_subscribe({mgrmap=0+}) -- 0x7f469c19d5e0 con 0x7f469c109930
2024-04-26T17:43:33.387 INFO:teuthology.orchestra.run.smithi006.stdout:/usr/bin/ceph: stderr
2024-04-26T17:43:32.613+0000 7f46a3ab1700 1 -- 172.21.15.6:0/3297484511 --> [v2:172.21.15.6:3300/0,v1:172.21.15.6:6789/0] -- mon_subscribe({osdmap=0}) -- 0x7f469c1a02d0 con 0x7f469c109930
2024-04-26T17:43:33.387 INFO:teuthology.orchestra.run.smithi006.stdout:/usr/bin/ceph: stderr
2024-04-26T17:43:32.613+0000 7f468effd700 1 -- 172.21.15.6:0/3297484511 <== mon.0 v2:172.21.15.6:3300/0 4 ==== mgrmap(e 8) ==== 46558+0+0 (secure 0 0 0) 0x7f4698024840 con 0x7f469c109930
2024-04-26T17:43:33.388 INFO:teuthology.orchestra.run.smithi006.stdout:/usr/bin/ceph: stderr
2024-04-26T17:43:32.614+0000 7f46a3ab1700 1 -- 172.21.15.6:0/3297484511 --> [v2:172.21.15.6:3300/0,v1:172.21.15.6:6789/0] -- mon_command({"prefix": "get_command_descriptions"} v 0) -- 0x7f469c06a560 con 0x7f469c109930
2024-04-26T17:43:33.388 INFO:teuthology.orchestra.run.smithi006.stdout:/usr/bin/ceph: stderr
2024-04-26T17:43:32.614+0000 7f468effd700 1 --2- 172.21.15.6:0/3297484511 >> [v2:172.21.15.6:6800/578012205,v1:172.21.15.6:6801/578012205] conn(0x7f4688039600 0x7f468803bac0 unknown :-1 s=NONE pgs=0 cs=0 l=1 rev1=0 crypto rx=0 tx=0 comp rx=0 tx=0).connect
2024-04-26T17:43:33.388 INFO:teuthology.orchestra.run.smithi006.stdout:/usr/bin/ceph: stderr
2024-04-26T17:43:32.614+0000 7f468effd700 1 -- 172.21.15.6:0/3297484511 <== mon.0 v2:172.21.15.6:3300/0 5 ==== osd_map(2..2 src has 1..2) ==== 940+0+0 (secure 0 0 0) 0x7f469804d8c0 con 0x7f469c109930
2024-04-26T17:43:33.388 INFO:teuthology.orchestra.run.smithi006.stdout:/usr/bin/ceph: stderr
2024-04-26T17:43:32.614+0000 7f46a104c700 1 --2- 172.21.15.6:0/3297484511 >> [v2:172.21.15.6:6800/578012205,v1:172.21.15.6:6801/578012205] conn(0x7f4688039600 0x7f468803bac0 unknown :-1 s=BANNER_CONNECTING pgs=0 cs=0 l=1 rev1=0 crypto rx=0 tx=0 comp rx=0 tx=0)._handle_peer_banner_payload supported=3 required=0
2024-04-26T17:43:33.388 INFO:teuthology.orchestra.run.smithi006.stdout:/usr/bin/ceph: stderr
2024-04-26T17:43:32.614+0000 7f46a104c700 1 --2- 172.21.15.6:0/3297484511 >> [v2:172.21.15.6:6800/578012205,v1:172.21.15.6:6801/578012205] conn(0x7f4688039600 0x7f468803bac0 secure :-1 s=READY pgs=8 cs=0 l=1 rev1=1 crypto rx=0x7f4690006fd0 tx=0x7f4690006e40 comp rx=0 tx=0).ready entity=mgr.14120 client_cookie=0 server_cookie=0 in_seq=0 out_seq=0
2024-04-26T17:43:33.388 INFO:teuthology.orchestra.run.smithi006.stdout:/usr/bin/ceph: stderr
2024-04-26T17:43:32.619+0000 7f468effd700 1 -- 172.21.15.6:0/3297484511 <== mon.0 v2:172.21.15.6:3300/0 6 ==== mon_command_ack([{"prefix": "get_command_descriptions"}]=0 v0) ==== 72+0+188370 (secure 0 0 0) 0x7f469802ddb0 con 0x7f469c109930
2024-04-26T17:43:33.388 INFO:teuthology.orchestra.run.smithi006.stdout:/usr/bin/ceph: stderr
2024-04-26T17:43:32.834+0000 7f46a3ab1700 1 -- 172.21.15.6:0/3297484511 --> [v2:172.21.15.6:6800/578012205,v1:172.21.15.6:6801/578012205] -- mgr_command(tid 0: {"prefix": "cephadm set-user", "user": "root", "target": ["mon-mgr", ""]}) -- 0x7f469c1045b0 con 0x7f4688039600
2024-04-26T17:43:33.388 INFO:teuthology.orchestra.run.smithi006.stdout:/usr/bin/ceph: stderr
2024-04-26T17:43:32.835+0000 7f468effd700 1 -- 172.21.15.6:0/3297484511 <== mgr.14120 v2:172.21.15.6:6800/578012205 1 ==== mgr_command_reply(tid 0: 0 ) ==== 8+0+16 (secure 0 0 0) 0x7f469c1045b0 con 0x7f4688039600
2024-04-26T17:43:33.388 INFO:teuthology.orchestra.run.smithi006.stdout:/usr/bin/ceph: stderr
2024-04-26T17:43:32.837+0000 7f46a3ab1700 1 -- 172.21.15.6:0/3297484511 >> [v2:172.21.15.6:6800/578012205,v1:172.21.15.6:6801/578012205] conn(0x7f4688039600 msgr2=0x7f468803bac0 secure :-1 s=STATE_CONNECTION_ESTABLISHED l=1).mark_down
2024-04-26T17:43:33.388 INFO:teuthology.orchestra.run.smithi006.stdout:/usr/bin/ceph: stderr
2024-04-26T17:43:32.838+0000 7f46a3ab1700 1 --2- 172.21.15.6:0/3297484511 >> [v2:172.21.15.6:6800/578012205,v1:172.21.15.6:6801/578012205] conn(0x7f4688039600 0x7f468803bac0 secure :-1 s=READY pgs=8 cs=0 l=1 rev1=1 crypto rx=0x7f4690006fd0 tx=0x7f4690006e40 comp rx=0 tx=0).stop
2024-04-26T17:43:33.388 INFO:teuthology.orchestra.run.smithi006.stdout:/usr/bin/ceph: stderr
2024-04-26T17:43:32.838+0000 7f46a3ab1700 1 -- 172.21.15.6:0/3297484511 >> [v2:172.21.15.6:3300/0,v1:172.21.15.6:6789/0] conn(0x7f469c109930 msgr2=0x7f469c19ce10 secure :-1 s=STATE_CONNECTION_ESTABLISHED l=1).mark_down
2024-04-26T17:43:33.388 INFO:teuthology.orchestra.run.smithi006.stdout:/usr/bin/ceph: stderr
2024-04-26T17:43:32.838+0000 7f46a3ab1700 1 --2- 172.21.15.6:0/3297484511 >> [v2:172.21.15.6:3300/0,v1:172.21.15.6:6789/0] conn(0x7f469c109930 0x7f469c19ce10 secure :-1 s=READY pgs=40 cs=0 l=1 rev1=1 crypto rx=0x7f4698011ac0 tx=0x7f4698011ba0 comp rx=0 tx=0).stop
2024-04-26T17:43:33.388 INFO:teuthology.orchestra.run.smithi006.stdout:/usr/bin/ceph: stderr
2024-04-26T17:43:32.838+0000 7f46a3ab1700 1 -- 172.21.15.6:0/3297484511 shutdown_connections
2024-04-26T17:43:33.388 INFO:teuthology.orchestra.run.smithi006.stdout:/usr/bin/ceph: stderr
2024-04-26T17:43:32.838+0000 7f46a3ab1700 1 --2- 172.21.15.6:0/3297484511 >> [v2:172.21.15.6:6800/578012205,v1:172.21.15.6:6801/578012205] conn(0x7f4688039600 0x7f468803bac0 unknown :-1 s=CLOSED pgs=8 cs=0 l=1 rev1=1 crypto rx=0 tx=0 comp rx=0 tx=0).stop
2024-04-26T17:43:33.389 INFO:teuthology.orchestra.run.smithi006.stdout:/usr/bin/ceph: stderr
2024-04-26T17:43:32.838+0000 7f46a3ab1700 1 --2- 172.21.15.6:0/3297484511 >> [v2:172.21.15.6:3300/0,v1:172.21.15.6:6789/0] conn(0x7f469c109930 0x7f469c19ce10 unknown :-1 s=CLOSED pgs=40 cs=0 l=1 rev1=1 crypto rx=0 tx=0 comp rx=0 tx=0).stop
2024-04-26T17:43:33.389 INFO:teuthology.orchestra.run.smithi006.stdout:/usr/bin/ceph: stderr
2024-04-26T17:43:32.838+0000 7f46a3ab1700 1 -- 172.21.15.6:0/3297484511 >> 172.21.15.6:0/3297484511 conn(0x7f469c103360 msgr2=0x7f469c103ea0 unknown :-1 s=STATE_NONE l=0).mark_down
2024-04-26T17:43:33.389 INFO:teuthology.orchestra.run.smithi006.stdout:/usr/bin/ceph: stderr
2024-04-26T17:43:32.838+0000 7f46a3ab1700 1 -- 172.21.15.6:0/3297484511 shutdown_connections
2024-04-26T17:43:33.389 INFO:teuthology.orchestra.run.smithi006.stdout:/usr/bin/ceph: stderr
2024-04-26T17:43:32.838+0000 7f46a3ab1700 1 -- 172.21.15.6:0/3297484511 wait complete.
2024-04-26T17:43:33.389 INFO:teuthology.orchestra.run.smithi006.stdout:Generating ssh key...
2024-04-26T17:43:33.402 INFO:journalctl@ceph.mon.a.smithi006.stdout:Apr 26 17:43:33 smithi006 ceph-mon[29154]: [26/Apr/2024:17:43:32] ENGINE Serving on http://172.21.15.6:8765
2024-04-26T17:43:33.402 INFO:journalctl@ceph.mon.a.smithi006.stdout:Apr 26 17:43:33 smithi006 ceph-mon[29154]: [26/Apr/2024:17:43:32] ENGINE Bus STARTED
2024-04-26T17:43:33.402 INFO:journalctl@ceph.mon.a.smithi006.stdout:Apr 26 17:43:33 smithi006 ceph-mon[29154]: from='client.14134 -' entity='client.admin' cmd=[{"prefix": "cephadm set-user", "user": "root", "target": ["mon-mgr", ""]}]: dispatch
2024-04-26T17:43:34.403 INFO:journalctl@ceph.mgr.x.smithi006.stdout:Apr 26 17:43:34 smithi006 ceph-47701b6c-03f4-11ef-bc93-c7b262605968-mgr-x[29386]: Generating public/private rsa key pair.
2024-04-26T17:43:34.403 INFO:journalctl@ceph.mgr.x.smithi006.stdout:Apr 26 17:43:34 smithi006 ceph-47701b6c-03f4-11ef-bc93-c7b262605968-mgr-x[29386]: Your identification has been saved in /tmp/tmpzor8_kx2/key.
2024-04-26T17:43:34.403 INFO:journalctl@ceph.mgr.x.smithi006.stdout:Apr 26 17:43:34 smithi006 ceph-47701b6c-03f4-11ef-bc93-c7b262605968-mgr-x[29386]: Your public key has been saved in /tmp/tmpzor8_kx2/key.pub.
2024-04-26T17:43:34.403 INFO:journalctl@ceph.mgr.x.smithi006.stdout:Apr 26 17:43:34 smithi006 ceph-47701b6c-03f4-11ef-bc93-c7b262605968-mgr-x[29386]: The key fingerprint is:
2024-04-26T17:43:34.403 INFO:journalctl@ceph.mgr.x.smithi006.stdout:Apr 26 17:43:34 smithi006 ceph-47701b6c-03f4-11ef-bc93-c7b262605968-mgr-x[29386]: SHA256:GHU3QZhuEgl9r/NgHrx8ZNDhymAlaZusCE4u6tjPNPc ceph-47701b6c-03f4-11ef-bc93-c7b262605968
2024-04-26T17:43:34.403 INFO:journalctl@ceph.mgr.x.smithi006.stdout:Apr 26 17:43:34 smithi006 ceph-47701b6c-03f4-11ef-bc93-c7b262605968-mgr-x[29386]: The key's randomart image is:
2024-04-26T17:43:34.403 INFO:journalctl@ceph.mgr.x.smithi006.stdout:Apr 26 17:43:34 smithi006 ceph-47701b6c-03f4-11ef-bc93-c7b262605968-mgr-x[29386]: +---[RSA 3072]----+
2024-04-26T17:43:34.403 INFO:journalctl@ceph.mgr.x.smithi006.stdout:Apr 26 17:43:34 smithi006 ceph-47701b6c-03f4-11ef-bc93-c7b262605968-mgr-x[29386]: | .o.o.+=. |
2024-04-26T17:43:34.403 INFO:journalctl@ceph.mgr.x.smithi006.stdout:Apr 26 17:43:34 smithi006 ceph-47701b6c-03f4-11ef-bc93-c7b262605968-mgr-x[29386]: | .B.=... |
2024-04-26T17:43:34.403 INFO:journalctl@ceph.mgr.x.smithi006.stdout:Apr 26 17:43:34 smithi006 ceph-47701b6c-03f4-11ef-bc93-c7b262605968-mgr-x[29386]: | .o O + . |
2024-04-26T17:43:34.404 INFO:journalctl@ceph.mgr.x.smithi006.stdout:Apr 26 17:43:34 smithi006 ceph-47701b6c-03f4-11ef-bc93-c7b262605968-mgr-x[29386]: | o oB + + |
2024-04-26T17:43:34.404 INFO:journalctl@ceph.mgr.x.smithi006.stdout:Apr 26 17:43:34 smithi006 ceph-47701b6c-03f4-11ef-bc93-c7b262605968-mgr-x[29386]: | + . ..oS* + |
2024-04-26T17:43:34.404 INFO:journalctl@ceph.mgr.x.smithi006.stdout:Apr 26 17:43:34 smithi006 ceph-47701b6c-03f4-11ef-bc93-c7b262605968-mgr-x[29386]: |. o . . X o |
2024-04-26T17:43:34.404 INFO:journalctl@ceph.mgr.x.smithi006.stdout:Apr 26 17:43:34 smithi006 ceph-47701b6c-03f4-11ef-bc93-c7b262605968-mgr-x[29386]: |.. o . + O |
2024-04-26T17:43:34.404 INFO:journalctl@ceph.mgr.x.smithi006.stdout:Apr 26 17:43:34 smithi006 ceph-47701b6c-03f4-11ef-bc93-c7b262605968-mgr-x[29386]: |o. o o . + o |
2024-04-26T17:43:34.404 INFO:journalctl@ceph.mgr.x.smithi006.stdout:Apr 26 17:43:34 smithi006 ceph-47701b6c-03f4-11ef-bc93-c7b262605968-mgr-x[29386]: |o...o E . |
2024-04-26T17:43:34.404 INFO:journalctl@ceph.mgr.x.smithi006.stdout:Apr 26 17:43:34 smithi006 ceph-47701b6c-03f4-11ef-bc93-c7b262605968-mgr-x[29386]: +----[SHA256]-----+
2024-04-26T17:43:34.782 INFO:teuthology.orchestra.run.smithi006.stdout:/usr/bin/ceph: stderr
2024-04-26T17:43:33.797+0000 7f72f3c04700 1 Processor -- start
2024-04-26T17:43:34.782 INFO:teuthology.orchestra.run.smithi006.stdout:/usr/bin/ceph: stderr
2024-04-26T17:43:33.797+0000 7f72f3c04700 1 -- start start
2024-04-26T17:43:34.782 INFO:teuthology.orchestra.run.smithi006.stdout:/usr/bin/ceph: stderr
2024-04-26T17:43:33.797+0000 7f72f3c04700 1 --2- >> [v2:172.21.15.6:3300/0,v1:172.21.15.6:6789/0] conn(0x7f72ec107d90 0x7f72ec1081b0 unknown :-1 s=NONE pgs=0 cs=0 l=0 rev1=0 crypto rx=0 tx=0 comp rx=0 tx=0).connect
2024-04-26T17:43:34.782 INFO:teuthology.orchestra.run.smithi006.stdout:/usr/bin/ceph: stderr
2024-04-26T17:43:33.797+0000 7f72f3c04700 1 -- --> [v2:172.21.15.6:3300/0,v1:172.21.15.6:6789/0] -- mon_getmap magic: 0 -- 0x7f72ec108780 con 0x7f72ec107d90
2024-04-26T17:43:34.782 INFO:teuthology.orchestra.run.smithi006.stdout:/usr/bin/ceph: stderr
2024-04-26T17:43:33.797+0000 7f72f19a0700 1 --2- >> [v2:172.21.15.6:3300/0,v1:172.21.15.6:6789/0] conn(0x7f72ec107d90 0x7f72ec1081b0 unknown :-1 s=BANNER_CONNECTING pgs=0 cs=0 l=0 rev1=0 crypto rx=0 tx=0 comp rx=0 tx=0)._handle_peer_banner_payload supported=3 required=0
2024-04-26T17:43:34.782 INFO:teuthology.orchestra.run.smithi006.stdout:/usr/bin/ceph: stderr
2024-04-26T17:43:33.797+0000 7f72f19a0700 1 --2- >> [v2:172.21.15.6:3300/0,v1:172.21.15.6:6789/0] conn(0x7f72ec107d90 0x7f72ec1081b0 unknown :-1 s=HELLO_CONNECTING pgs=0 cs=0 l=0 rev1=1 crypto rx=0 tx=0 comp rx=0 tx=0).handle_hello peer v2:172.21.15.6:3300/0 says I am v2:172.21.15.6:56820/0 (socket says 172.21.15.6:56820)
2024-04-26T17:43:34.783 INFO:teuthology.orchestra.run.smithi006.stdout:/usr/bin/ceph: stderr
2024-04-26T17:43:33.797+0000 7f72f19a0700 1 -- 172.21.15.6:0/1051280248 learned_addr learned my addr 172.21.15.6:0/1051280248 (peer_addr_for_me v2:172.21.15.6:0/0)
2024-04-26T17:43:34.783 INFO:teuthology.orchestra.run.smithi006.stdout:/usr/bin/ceph: stderr
2024-04-26T17:43:33.798+0000 7f72f19a0700 1 -- 172.21.15.6:0/1051280248 --> [v2:172.21.15.6:3300/0,v1:172.21.15.6:6789/0] -- mon_subscribe({config=0+,monmap=0+}) -- 0x7f72ec108f90 con 0x7f72ec107d90
2024-04-26T17:43:34.783 INFO:teuthology.orchestra.run.smithi006.stdout:/usr/bin/ceph: stderr
2024-04-26T17:43:33.798+0000 7f72f19a0700 1 --2- 172.21.15.6:0/1051280248 >> [v2:172.21.15.6:3300/0,v1:172.21.15.6:6789/0] conn(0x7f72ec107d90 0x7f72ec1081b0 secure :-1 s=READY pgs=41 cs=0 l=1 rev1=1 crypto rx=0x7f72e80098a0 tx=0x7f72e8009bb0 comp rx=0 tx=0).ready entity=mon.0 client_cookie=f2b25a14ebaa9427 server_cookie=0 in_seq=0 out_seq=0
2024-04-26T17:43:34.783 INFO:teuthology.orchestra.run.smithi006.stdout:/usr/bin/ceph: stderr
2024-04-26T17:43:33.798+0000 7f72f099e700 1 -- 172.21.15.6:0/1051280248 <== mon.0 v2:172.21.15.6:3300/0 1 ==== mon_map magic: 0 ==== 205+0+0 (secure 0 0 0) 0x7f72e8004160 con 0x7f72ec107d90
2024-04-26T17:43:34.783 INFO:teuthology.orchestra.run.smithi006.stdout:/usr/bin/ceph: stderr
2024-04-26T17:43:33.798+0000 7f72f099e700 1 -- 172.21.15.6:0/1051280248 <== mon.0 v2:172.21.15.6:3300/0 2 ==== config(26 keys) ==== 1070+0+0 (secure 0 0 0) 0x7f72e8004300 con 0x7f72ec107d90
2024-04-26T17:43:34.783 INFO:teuthology.orchestra.run.smithi006.stdout:/usr/bin/ceph: stderr
2024-04-26T17:43:33.798+0000 7f72f099e700 1 -- 172.21.15.6:0/1051280248 <== mon.0 v2:172.21.15.6:3300/0 3 ==== mon_map magic: 0 ==== 205+0+0 (secure 0 0 0) 0x7f72e8011af0 con 0x7f72ec107d90
2024-04-26T17:43:34.783 INFO:teuthology.orchestra.run.smithi006.stdout:/usr/bin/ceph: stderr
2024-04-26T17:43:33.799+0000 7f72f3c04700 1 -- 172.21.15.6:0/1051280248 >> [v2:172.21.15.6:3300/0,v1:172.21.15.6:6789/0] conn(0x7f72ec107d90 msgr2=0x7f72ec1081b0 secure :-1 s=STATE_CONNECTION_ESTABLISHED l=1).mark_down
2024-04-26T17:43:34.783 INFO:teuthology.orchestra.run.smithi006.stdout:/usr/bin/ceph: stderr
2024-04-26T17:43:33.799+0000 7f72f3c04700 1 --2- 172.21.15.6:0/1051280248 >> [v2:172.21.15.6:3300/0,v1:172.21.15.6:6789/0] conn(0x7f72ec107d90 0x7f72ec1081b0 secure :-1 s=READY pgs=41 cs=0 l=1 rev1=1 crypto rx=0x7f72e80098a0 tx=0x7f72e8009bb0 comp rx=0 tx=0).stop
2024-04-26T17:43:34.783 INFO:teuthology.orchestra.run.smithi006.stdout:/usr/bin/ceph: stderr
2024-04-26T17:43:33.799+0000 7f72f3c04700 1 -- 172.21.15.6:0/1051280248 shutdown_connections
2024-04-26T17:43:34.783 INFO:teuthology.orchestra.run.smithi006.stdout:/usr/bin/ceph: stderr
2024-04-26T17:43:33.799+0000 7f72f3c04700 1 --2- 172.21.15.6:0/1051280248 >> [v2:172.21.15.6:3300/0,v1:172.21.15.6:6789/0] conn(0x7f72ec107d90 0x7f72ec1081b0 unknown :-1 s=CLOSED pgs=41 cs=0 l=1 rev1=1 crypto rx=0 tx=0 comp rx=0 tx=0).stop
2024-04-26T17:43:34.783 INFO:teuthology.orchestra.run.smithi006.stdout:/usr/bin/ceph: stderr
2024-04-26T17:43:33.799+0000 7f72f3c04700 1 -- 172.21.15.6:0/1051280248 >> 172.21.15.6:0/1051280248 conn(0x7f72ec103370 msgr2=0x7f72ec105790 unknown :-1 s=STATE_NONE l=0).mark_down
2024-04-26T17:43:34.784 INFO:teuthology.orchestra.run.smithi006.stdout:/usr/bin/ceph: stderr
2024-04-26T17:43:33.799+0000 7f72f3c04700 1 -- 172.21.15.6:0/1051280248 shutdown_connections
2024-04-26T17:43:34.784 INFO:teuthology.orchestra.run.smithi006.stdout:/usr/bin/ceph: stderr
2024-04-26T17:43:33.799+0000 7f72f3c04700 1 -- 172.21.15.6:0/1051280248 wait complete.
2024-04-26T17:43:34.784 INFO:teuthology.orchestra.run.smithi006.stdout:/usr/bin/ceph: stderr
2024-04-26T17:43:33.800+0000 7f72f3c04700 1 Processor -- start
2024-04-26T17:43:34.784 INFO:teuthology.orchestra.run.smithi006.stdout:/usr/bin/ceph: stderr
2024-04-26T17:43:33.800+0000 7f72f3c04700 1 -- start start
2024-04-26T17:43:34.784 INFO:teuthology.orchestra.run.smithi006.stdout:/usr/bin/ceph: stderr
2024-04-26T17:43:33.800+0000 7f72f3c04700 1 --2- >> [v2:172.21.15.6:3300/0,v1:172.21.15.6:6789/0] conn(0x7f72ec107d90 0x7f72ec19ce90 unknown :-1 s=NONE pgs=0 cs=0 l=1 rev1=0 crypto rx=0 tx=0 comp rx=0 tx=0).connect
2024-04-26T17:43:34.784 INFO:teuthology.orchestra.run.smithi006.stdout:/usr/bin/ceph: stderr
2024-04-26T17:43:33.800+0000 7f72f3c04700 1 -- --> [v2:172.21.15.6:3300/0,v1:172.21.15.6:6789/0] -- mon_getmap magic: 0 -- 0x7f72ec10c340 con 0x7f72ec107d90
