2024-04-26T17:45:23.996 INFO:teuthology.orchestra.run.smithi031.stdout:/usr/bin/ceph: stderr
2024-04-26T17:45:23.331+0000 7f73b5ffb700 1 -- 172.21.15.31:0/2937585477 <== mgr.14118 v2:172.21.15.31:6800/153341213 1 ==== mgr_command_reply(tid 0: 0 ) ==== 8+0+0 (secure 0 0 0) 0x7f73b8105660 con 0x7f73a8039430
2024-04-26T17:45:23.996 INFO:teuthology.orchestra.run.smithi031.stdout:/usr/bin/ceph: stderr
2024-04-26T17:45:23.333+0000 7f73befac700 1 -- 172.21.15.31:0/2937585477 >> [v2:172.21.15.31:6800/153341213,v1:172.21.15.31:6801/153341213] conn(0x7f73a8039430 msgr2=0x7f73a803b8f0 secure :-1 s=STATE_CONNECTION_ESTABLISHED l=1).mark_down
2024-04-26T17:45:23.996 INFO:teuthology.orchestra.run.smithi031.stdout:/usr/bin/ceph: stderr
2024-04-26T17:45:23.333+0000 7f73befac700 1 --2- 172.21.15.31:0/2937585477 >> [v2:172.21.15.31:6800/153341213,v1:172.21.15.31:6801/153341213] conn(0x7f73a8039430 0x7f73a803b8f0 secure :-1 s=READY pgs=7 cs=0 l=1 rev1=1 crypto rx=0x7f73a4006fd0 tx=0x7f73a4006e40 comp rx=0 tx=0).stop
2024-04-26T17:45:23.996 INFO:teuthology.orchestra.run.smithi031.stdout:/usr/bin/ceph: stderr
2024-04-26T17:45:23.333+0000 7f73befac700 1 -- 172.21.15.31:0/2937585477 >> [v2:172.21.15.31:3300/0,v1:172.21.15.31:6789/0] conn(0x7f73b807ee00 msgr2=0x7f73b819eee0 secure :-1 s=STATE_CONNECTION_ESTABLISHED l=1).mark_down
2024-04-26T17:45:23.996 INFO:teuthology.orchestra.run.smithi031.stdout:/usr/bin/ceph: stderr
2024-04-26T17:45:23.333+0000 7f73befac700 1 --2- 172.21.15.31:0/2937585477 >> [v2:172.21.15.31:3300/0,v1:172.21.15.31:6789/0] conn(0x7f73b807ee00 0x7f73b819eee0 secure :-1 s=READY pgs=36 cs=0 l=1 rev1=1 crypto rx=0x7f73ac009fb0 tx=0x7f73ac011940 comp rx=0 tx=0).stop
2024-04-26T17:45:23.996 INFO:teuthology.orchestra.run.smithi031.stdout:/usr/bin/ceph: stderr
2024-04-26T17:45:23.333+0000 7f73befac700 1 -- 172.21.15.31:0/2937585477 shutdown_connections
2024-04-26T17:45:23.996 INFO:teuthology.orchestra.run.smithi031.stdout:/usr/bin/ceph: stderr
2024-04-26T17:45:23.333+0000 7f73befac700 1 --2- 172.21.15.31:0/2937585477 >> [v2:172.21.15.31:6800/153341213,v1:172.21.15.31:6801/153341213] conn(0x7f73a8039430 0x7f73a803b8f0 unknown :-1 s=CLOSED pgs=7 cs=0 l=1 rev1=1 crypto rx=0 tx=0 comp rx=0 tx=0).stop
2024-04-26T17:45:23.996 INFO:teuthology.orchestra.run.smithi031.stdout:/usr/bin/ceph: stderr
2024-04-26T17:45:23.333+0000 7f73befac700 1 --2- 172.21.15.31:0/2937585477 >> [v2:172.21.15.31:3300/0,v1:172.21.15.31:6789/0] conn(0x7f73b807ee00 0x7f73b819eee0 unknown :-1 s=CLOSED pgs=36 cs=0 l=1 rev1=1 crypto rx=0 tx=0 comp rx=0 tx=0).stop
2024-04-26T17:45:23.996 INFO:teuthology.orchestra.run.smithi031.stdout:/usr/bin/ceph: stderr
2024-04-26T17:45:23.333+0000 7f73befac700 1 -- 172.21.15.31:0/2937585477 >> 172.21.15.31:0/2937585477 conn(0x7f73b81043c0 msgr2=0x7f73b8104f50 unknown :-1 s=STATE_NONE l=0).mark_down
2024-04-26T17:45:23.996 INFO:teuthology.orchestra.run.smithi031.stdout:/usr/bin/ceph: stderr
2024-04-26T17:45:23.333+0000 7f73befac700 1 -- 172.21.15.31:0/2937585477 shutdown_connections
2024-04-26T17:45:23.996 INFO:teuthology.orchestra.run.smithi031.stdout:/usr/bin/ceph: stderr
2024-04-26T17:45:23.334+0000 7f73befac700 1 -- 172.21.15.31:0/2937585477 wait complete.
2024-04-26T17:45:24.278 INFO:journalctl@ceph.mon.a.smithi031.stdout:Apr 26 17:45:24 smithi031 ceph-mon[29164]: mgrmap e8: x(active, since 2s)
2024-04-26T17:45:24.278 INFO:journalctl@ceph.mon.a.smithi031.stdout:Apr 26 17:45:24 smithi031 ceph-mon[29164]: from='client.14130 -' entity='client.admin' cmd=[{"prefix": "orch set backend", "module_name": "cephadm", "target": ["mon-mgr", ""]}]: dispatch
2024-04-26T17:45:24.278 INFO:journalctl@ceph.mon.a.smithi031.stdout:Apr 26 17:45:24 smithi031 ceph-mon[29164]: from='mgr.14118 172.21.15.31:0/733593669' entity='mgr.x'
2024-04-26T17:45:24.278 INFO:journalctl@ceph.mon.a.smithi031.stdout:Apr 26 17:45:24 smithi031 ceph-mon[29164]: from='mgr.14118 172.21.15.31:0/733593669' entity='mgr.x' cmd=[{"prefix": "config dump", "format": "json"}]: dispatch
2024-04-26T17:45:25.214 INFO:journalctl@ceph.mon.a.smithi031.stdout:Apr 26 17:45:25 smithi031 ceph-mon[29164]: from='client.14132 -' entity='client.admin' cmd=[{"prefix": "cephadm set-user", "user": "root", "target": ["mon-mgr", ""]}]: dispatch
2024-04-26T17:45:25.222 INFO:teuthology.orchestra.run.smithi031.stdout:/usr/bin/ceph: stdout value unchanged
2024-04-26T17:45:25.222 INFO:teuthology.orchestra.run.smithi031.stdout:/usr/bin/ceph: stderr
2024-04-26T17:45:24.386+0000 7f9893e38700 1 Processor -- start
2024-04-26T17:45:25.222 INFO:teuthology.orchestra.run.smithi031.stdout:/usr/bin/ceph: stderr
2024-04-26T17:45:24.386+0000 7f9893e38700 1 -- start start
2024-04-26T17:45:25.223 INFO:teuthology.orchestra.run.smithi031.stdout:/usr/bin/ceph: stderr
2024-04-26T17:45:24.386+0000 7f9893e38700 1 --2- >> [v2:172.21.15.31:3300/0,v1:172.21.15.31:6789/0] conn(0x7f988c07ee00 0x7f988c07d300 unknown :-1 s=NONE pgs=0 cs=0 l=0 rev1=0 crypto rx=0 tx=0 comp rx=0 tx=0).connect
2024-04-26T17:45:25.223 INFO:teuthology.orchestra.run.smithi031.stdout:/usr/bin/ceph: stderr
2024-04-26T17:45:24.386+0000 7f9893e38700 1 -- --> [v2:172.21.15.31:3300/0,v1:172.21.15.31:6789/0] -- mon_getmap magic: 0 -- 0x7f988c07d840 con 0x7f988c07ee00
2024-04-26T17:45:25.223 INFO:teuthology.orchestra.run.smithi031.stdout:/usr/bin/ceph: stderr
2024-04-26T17:45:24.386+0000 7f9891bd4700 1 --2- >> [v2:172.21.15.31:3300/0,v1:172.21.15.31:6789/0] conn(0x7f988c07ee00 0x7f988c07d300 unknown :-1 s=BANNER_CONNECTING pgs=0 cs=0 l=0 rev1=0 crypto rx=0 tx=0 comp rx=0 tx=0)._handle_peer_banner_payload supported=3 required=0
2024-04-26T17:45:25.223 INFO:teuthology.orchestra.run.smithi031.stdout:/usr/bin/ceph: stderr
2024-04-26T17:45:24.386+0000 7f9891bd4700 1 --2- >> [v2:172.21.15.31:3300/0,v1:172.21.15.31:6789/0] conn(0x7f988c07ee00 0x7f988c07d300 unknown :-1 s=HELLO_CONNECTING pgs=0 cs=0 l=0 rev1=1 crypto rx=0 tx=0 comp rx=0 tx=0).handle_hello peer v2:172.21.15.31:3300/0 says I am v2:172.21.15.31:54996/0 (socket says 172.21.15.31:54996)
2024-04-26T17:45:25.223 INFO:teuthology.orchestra.run.smithi031.stdout:/usr/bin/ceph: stderr
2024-04-26T17:45:24.386+0000 7f9891bd4700 1 -- 172.21.15.31:0/1143800075 learned_addr learned my addr 172.21.15.31:0/1143800075 (peer_addr_for_me v2:172.21.15.31:0/0)
2024-04-26T17:45:25.223 INFO:teuthology.orchestra.run.smithi031.stdout:/usr/bin/ceph: stderr
2024-04-26T17:45:24.386+0000 7f9891bd4700 1 -- 172.21.15.31:0/1143800075 --> [v2:172.21.15.31:3300/0,v1:172.21.15.31:6789/0] -- mon_subscribe({config=0+,monmap=0+}) -- 0x7f988c07d9c0 con 0x7f988c07ee00
2024-04-26T17:45:25.223 INFO:teuthology.orchestra.run.smithi031.stdout:/usr/bin/ceph: stderr
2024-04-26T17:45:24.387+0000 7f9891bd4700 1 --2- 172.21.15.31:0/1143800075 >> [v2:172.21.15.31:3300/0,v1:172.21.15.31:6789/0] conn(0x7f988c07ee00 0x7f988c07d300 secure :-1 s=READY pgs=37 cs=0 l=1 rev1=1 crypto rx=0x7f98880098a0 tx=0x7f9888009bb0 comp rx=0 tx=0).ready entity=mon.0 client_cookie=b6764064c125148c server_cookie=0 in_seq=0 out_seq=0
2024-04-26T17:45:25.223 INFO:teuthology.orchestra.run.smithi031.stdout:/usr/bin/ceph: stderr
2024-04-26T17:45:24.387+0000 7f9890bd2700 1 -- 172.21.15.31:0/1143800075 <== mon.0 v2:172.21.15.31:3300/0 1 ==== mon_map magic: 0 ==== 205+0+0 (secure 0 0 0) 0x7f9888004160 con 0x7f988c07ee00
2024-04-26T17:45:25.223 INFO:teuthology.orchestra.run.smithi031.stdout:/usr/bin/ceph: stderr
2024-04-26T17:45:24.387+0000 7f9890bd2700 1 -- 172.21.15.31:0/1143800075 <== mon.0 v2:172.21.15.31:3300/0 2 ==== config(26 keys) ==== 1070+0+0 (secure 0 0 0) 0x7f9888004300 con 0x7f988c07ee00
2024-04-26T17:45:25.224 INFO:teuthology.orchestra.run.smithi031.stdout:/usr/bin/ceph: stderr
2024-04-26T17:45:24.387+0000 7f9890bd2700 1 -- 172.21.15.31:0/1143800075 <== mon.0 v2:172.21.15.31:3300/0 3 ==== mon_map magic: 0 ==== 205+0+0 (secure 0 0 0) 0x7f9888011af0 con 0x7f988c07ee00
2024-04-26T17:45:25.224 INFO:teuthology.orchestra.run.smithi031.stdout:/usr/bin/ceph: stderr
2024-04-26T17:45:24.387+0000 7f9893e38700 1 -- 172.21.15.31:0/1143800075 >> [v2:172.21.15.31:3300/0,v1:172.21.15.31:6789/0] conn(0x7f988c07ee00 msgr2=0x7f988c07d300 secure :-1 s=STATE_CONNECTION_ESTABLISHED l=1).mark_down
2024-04-26T17:45:25.224 INFO:teuthology.orchestra.run.smithi031.stdout:/usr/bin/ceph: stderr
2024-04-26T17:45:24.387+0000 7f9893e38700 1 --2- 172.21.15.31:0/1143800075 >> [v2:172.21.15.31:3300/0,v1:172.21.15.31:6789/0] conn(0x7f988c07ee00 0x7f988c07d300 secure :-1 s=READY pgs=37 cs=0 l=1 rev1=1 crypto rx=0x7f98880098a0 tx=0x7f9888009bb0 comp rx=0 tx=0).stop
2024-04-26T17:45:25.224 INFO:teuthology.orchestra.run.smithi031.stdout:/usr/bin/ceph: stderr
2024-04-26T17:45:24.388+0000 7f9893e38700 1 -- 172.21.15.31:0/1143800075 shutdown_connections
2024-04-26T17:45:25.224 INFO:teuthology.orchestra.run.smithi031.stdout:/usr/bin/ceph: stderr
2024-04-26T17:45:24.388+0000 7f9893e38700 1 --2- 172.21.15.31:0/1143800075 >> [v2:172.21.15.31:3300/0,v1:172.21.15.31:6789/0] conn(0x7f988c07ee00 0x7f988c07d300 unknown :-1 s=CLOSED pgs=37 cs=0 l=1 rev1=1 crypto rx=0 tx=0 comp rx=0 tx=0).stop
2024-04-26T17:45:25.224 INFO:teuthology.orchestra.run.smithi031.stdout:/usr/bin/ceph: stderr
2024-04-26T17:45:24.388+0000 7f9893e38700 1 -- 172.21.15.31:0/1143800075 >> 172.21.15.31:0/1143800075 conn(0x7f988c104310 msgr2=0x7f988c106750 unknown :-1 s=STATE_NONE l=0).mark_down
2024-04-26T17:45:25.224 INFO:teuthology.orchestra.run.smithi031.stdout:/usr/bin/ceph: stderr
2024-04-26T17:45:24.388+0000 7f9893e38700 1 -- 172.21.15.31:0/1143800075 shutdown_connections
2024-04-26T17:45:25.224 INFO:teuthology.orchestra.run.smithi031.stdout:/usr/bin/ceph: stderr
2024-04-26T17:45:24.388+0000 7f9893e38700 1 -- 172.21.15.31:0/1143800075 wait complete.
2024-04-26T17:45:25.224 INFO:teuthology.orchestra.run.smithi031.stdout:/usr/bin/ceph: stderr
2024-04-26T17:45:24.388+0000 7f9893e38700 1 Processor -- start
2024-04-26T17:45:25.224 INFO:teuthology.orchestra.run.smithi031.stdout:/usr/bin/ceph: stderr
2024-04-26T17:45:24.388+0000 7f9893e38700 1 -- start start
2024-04-26T17:45:25.224 INFO:teuthology.orchestra.run.smithi031.stdout:/usr/bin/ceph: stderr
2024-04-26T17:45:24.388+0000 7f9893e38700 1 --2- >> [v2:172.21.15.31:3300/0,v1:172.21.15.31:6789/0] conn(0x7f988c07ee00 0x7f988c19ee30 unknown :-1 s=NONE pgs=0 cs=0 l=1 rev1=0 crypto rx=0 tx=0 comp rx=0 tx=0).connect
2024-04-26T17:45:25.224 INFO:teuthology.orchestra.run.smithi031.stdout:/usr/bin/ceph: stderr
2024-04-26T17:45:24.388+0000 7f9893e38700 1 -- --> [v2:172.21.15.31:3300/0,v1:172.21.15.31:6789/0] -- mon_getmap magic: 0 -- 0x7f988c10f280 con 0x7f988c07ee00
2024-04-26T17:45:25.225 INFO:teuthology.orchestra.run.smithi031.stdout:/usr/bin/ceph: stderr
2024-04-26T17:45:24.389+0000 7f9891bd4700 1 --2- >> [v2:172.21.15.31:3300/0,v1:172.21.15.31:6789/0] conn(0x7f988c07ee00 0x7f988c19ee30 unknown :-1 s=BANNER_CONNECTING pgs=0 cs=0 l=1 rev1=0 crypto rx=0 tx=0 comp rx=0 tx=0)._handle_peer_banner_payload supported=3 required=0
2024-04-26T17:45:25.225 INFO:teuthology.orchestra.run.smithi031.stdout:/usr/bin/ceph: stderr
2024-04-26T17:45:24.389+0000 7f9891bd4700 1 --2- >> [v2:172.21.15.31:3300/0,v1:172.21.15.31:6789/0] conn(0x7f988c07ee00 0x7f988c19ee30 unknown :-1 s=HELLO_CONNECTING pgs=0 cs=0 l=1 rev1=1 crypto rx=0 tx=0 comp rx=0 tx=0).handle_hello peer v2:172.21.15.31:3300/0 says I am v2:172.21.15.31:55004/0 (socket says 172.21.15.31:55004)
2024-04-26T17:45:25.225 INFO:teuthology.orchestra.run.smithi031.stdout:/usr/bin/ceph: stderr
2024-04-26T17:45:24.389+0000 7f9891bd4700 1 -- 172.21.15.31:0/535029122 learned_addr learned my addr 172.21.15.31:0/535029122 (peer_addr_for_me v2:172.21.15.31:0/0)
2024-04-26T17:45:25.225 INFO:teuthology.orchestra.run.smithi031.stdout:/usr/bin/ceph: stderr
2024-04-26T17:45:24.389+0000 7f9891bd4700 1 -- 172.21.15.31:0/535029122 --> [v2:172.21.15.31:3300/0,v1:172.21.15.31:6789/0] -- mon_subscribe({config=0+,monmap=0+}) -- 0x7f988c19f370 con 0x7f988c07ee00
2024-04-26T17:45:25.225 INFO:teuthology.orchestra.run.smithi031.stdout:/usr/bin/ceph: stderr
2024-04-26T17:45:24.389+0000 7f9891bd4700 1 --2- 172.21.15.31:0/535029122 >> [v2:172.21.15.31:3300/0,v1:172.21.15.31:6789/0] conn(0x7f988c07ee00 0x7f988c19ee30 secure :-1 s=READY pgs=38 cs=0 l=1 rev1=1 crypto rx=0x7f9888011ac0 tx=0x7f9888011ba0 comp rx=0 tx=0).ready entity=mon.0 client_cookie=0 server_cookie=0 in_seq=0 out_seq=0
2024-04-26T17:45:25.225 INFO:teuthology.orchestra.run.smithi031.stdout:/usr/bin/ceph: stderr
2024-04-26T17:45:24.389+0000 7f9882ffd700 1 -- 172.21.15.31:0/535029122 <== mon.0 v2:172.21.15.31:3300/0 1 ==== mon_map magic: 0 ==== 205+0+0 (secure 0 0 0) 0x7f9888003b20 con 0x7f988c07ee00
2024-04-26T17:45:25.225 INFO:teuthology.orchestra.run.smithi031.stdout:/usr/bin/ceph: stderr
2024-04-26T17:45:24.389+0000 7f9882ffd700 1 -- 172.21.15.31:0/535029122 <== mon.0 v2:172.21.15.31:3300/0 2 ==== config(26 keys) ==== 1070+0+0 (secure 0 0 0) 0x7f988801a8c0 con 0x7f988c07ee00
2024-04-26T17:45:25.225 INFO:teuthology.orchestra.run.smithi031.stdout:/usr/bin/ceph: stderr
2024-04-26T17:45:24.389+0000 7f9893e38700 1 -- 172.21.15.31:0/535029122 --> [v2:172.21.15.31:3300/0,v1:172.21.15.31:6789/0] -- mon_subscribe({mgrmap=0+}) -- 0x7f988c19f600 con 0x7f988c07ee00
2024-04-26T17:45:25.225 INFO:teuthology.orchestra.run.smithi031.stdout:/usr/bin/ceph: stderr
2024-04-26T17:45:24.389+0000 7f9882ffd700 1 -- 172.21.15.31:0/535029122 <== mon.0 v2:172.21.15.31:3300/0 3 ==== mon_map magic: 0 ==== 205+0+0 (secure 0 0 0) 0x7f98880248d0 con 0x7f988c07ee00
2024-04-26T17:45:25.225 INFO:teuthology.orchestra.run.smithi031.stdout:/usr/bin/ceph: stderr
2024-04-26T17:45:24.389+0000 7f9893e38700 1 -- 172.21.15.31:0/535029122 --> [v2:172.21.15.31:3300/0,v1:172.21.15.31:6789/0] -- mon_subscribe({osdmap=0}) -- 0x7f988c1a22f0 con 0x7f988c07ee00
2024-04-26T17:45:25.225 INFO:teuthology.orchestra.run.smithi031.stdout:/usr/bin/ceph: stderr
2024-04-26T17:45:24.390+0000 7f9882ffd700 1 -- 172.21.15.31:0/535029122 <== mon.0 v2:172.21.15.31:3300/0 4 ==== mgrmap(e 8) ==== 46558+0+0 (secure 0 0 0) 0x7f9888022020 con 0x7f988c07ee00
2024-04-26T17:45:25.226 INFO:teuthology.orchestra.run.smithi031.stdout:/usr/bin/ceph: stderr
2024-04-26T17:45:24.390+0000 7f9893e38700 1 -- 172.21.15.31:0/535029122 --> [v2:172.21.15.31:3300/0,v1:172.21.15.31:6789/0] -- mon_command({"prefix": "get_command_descriptions"} v 0) -- 0x7f988c06a530 con 0x7f988c07ee00
2024-04-26T17:45:25.226 INFO:teuthology.orchestra.run.smithi031.stdout:/usr/bin/ceph: stderr
2024-04-26T17:45:24.390+0000 7f9882ffd700 1 --2- 172.21.15.31:0/535029122 >> [v2:172.21.15.31:6800/153341213,v1:172.21.15.31:6801/153341213] conn(0x7f98780395b0 0x7f987803ba70 unknown :-1 s=NONE pgs=0 cs=0 l=1 rev1=0 crypto rx=0 tx=0 comp rx=0 tx=0).connect
2024-04-26T17:45:25.226 INFO:teuthology.orchestra.run.smithi031.stdout:/usr/bin/ceph: stderr
2024-04-26T17:45:24.390+0000 7f9882ffd700 1 -- 172.21.15.31:0/535029122 <== mon.0 v2:172.21.15.31:3300/0 5 ==== osd_map(2..2 src has 1..2) ==== 940+0+0 (secure 0 0 0) 0x7f988804d850 con 0x7f988c07ee00
2024-04-26T17:45:25.226 INFO:teuthology.orchestra.run.smithi031.stdout:/usr/bin/ceph: stderr
2024-04-26T17:45:24.390+0000 7f98913d3700 1 --2- 172.21.15.31:0/535029122 >> [v2:172.21.15.31:6800/153341213,v1:172.21.15.31:6801/153341213] conn(0x7f98780395b0 0x7f987803ba70 unknown :-1 s=BANNER_CONNECTING pgs=0 cs=0 l=1 rev1=0 crypto rx=0 tx=0 comp rx=0 tx=0)._handle_peer_banner_payload supported=3 required=0
2024-04-26T17:45:25.226 INFO:teuthology.orchestra.run.smithi031.stdout:/usr/bin/ceph: stderr
2024-04-26T17:45:24.391+0000 7f98913d3700 1 --2- 172.21.15.31:0/535029122 >> [v2:172.21.15.31:6800/153341213,v1:172.21.15.31:6801/153341213] conn(0x7f98780395b0 0x7f987803ba70 secure :-1 s=READY pgs=8 cs=0 l=1 rev1=1 crypto rx=0x7f987c006fd0 tx=0x7f987c006e40 comp rx=0 tx=0).ready entity=mgr.14118 client_cookie=0 server_cookie=0 in_seq=0 out_seq=0
2024-04-26T17:45:25.226 INFO:teuthology.orchestra.run.smithi031.stdout:/usr/bin/ceph: stderr
2024-04-26T17:45:24.396+0000 7f9882ffd700 1 -- 172.21.15.31:0/535029122 <== mon.0 v2:172.21.15.31:3300/0 6 ==== mon_command_ack([{"prefix": "get_command_descriptions"}]=0 v0) ==== 72+0+188370 (secure 0 0 0) 0x7f988800f2e0 con 0x7f988c07ee00
2024-04-26T17:45:25.226 INFO:teuthology.orchestra.run.smithi031.stdout:/usr/bin/ceph: stderr
2024-04-26T17:45:24.605+0000 7f9893e38700 1 -- 172.21.15.31:0/535029122 --> [v2:172.21.15.31:6800/153341213,v1:172.21.15.31:6801/153341213] -- mgr_command(tid 0: {"prefix": "cephadm set-user", "user": "root", "target": ["mon-mgr", ""]}) -- 0x7f988c105600 con 0x7f98780395b0
2024-04-26T17:45:25.226 INFO:teuthology.orchestra.run.smithi031.stdout:/usr/bin/ceph: stderr
2024-04-26T17:45:24.606+0000 7f9882ffd700 1 -- 172.21.15.31:0/535029122 <== mgr.14118 v2:172.21.15.31:6800/153341213 1 ==== mgr_command_reply(tid 0: 0 ) ==== 8+0+16 (secure 0 0 0) 0x7f988c105600 con 0x7f98780395b0
2024-04-26T17:45:25.226 INFO:teuthology.orchestra.run.smithi031.stdout:/usr/bin/ceph: stderr
2024-04-26T17:45:24.608+0000 7f9893e38700 1 -- 172.21.15.31:0/535029122 >> [v2:172.21.15.31:6800/153341213,v1:172.21.15.31:6801/153341213] conn(0x7f98780395b0 msgr2=0x7f987803ba70 secure :-1 s=STATE_CONNECTION_ESTABLISHED l=1).mark_down
2024-04-26T17:45:25.226 INFO:teuthology.orchestra.run.smithi031.stdout:/usr/bin/ceph: stderr
2024-04-26T17:45:24.608+0000 7f9893e38700 1 --2- 172.21.15.31:0/535029122 >> [v2:172.21.15.31:6800/153341213,v1:172.21.15.31:6801/153341213] conn(0x7f98780395b0 0x7f987803ba70 secure :-1 s=READY pgs=8 cs=0 l=1 rev1=1 crypto rx=0x7f987c006fd0 tx=0x7f987c006e40 comp rx=0 tx=0).stop
2024-04-26T17:45:25.226 INFO:teuthology.orchestra.run.smithi031.stdout:/usr/bin/ceph: stderr
2024-04-26T17:45:24.608+0000 7f9893e38700 1 -- 172.21.15.31:0/535029122 >> [v2:172.21.15.31:3300/0,v1:172.21.15.31:6789/0] conn(0x7f988c07ee00 msgr2=0x7f988c19ee30 secure :-1 s=STATE_CONNECTION_ESTABLISHED l=1).mark_down
2024-04-26T17:45:25.226 INFO:teuthology.orchestra.run.smithi031.stdout:/usr/bin/ceph: stderr
2024-04-26T17:45:24.608+0000 7f9893e38700 1 --2- 172.21.15.31:0/535029122 >> [v2:172.21.15.31:3300/0,v1:172.21.15.31:6789/0] conn(0x7f988c07ee00 0x7f988c19ee30 secure :-1 s=READY pgs=38 cs=0 l=1 rev1=1 crypto rx=0x7f9888011ac0 tx=0x7f9888011ba0 comp rx=0 tx=0).stop
2024-04-26T17:45:25.226 INFO:teuthology.orchestra.run.smithi031.stdout:/usr/bin/ceph: stderr
2024-04-26T17:45:24.608+0000 7f9893e38700 1 -- 172.21.15.31:0/535029122 shutdown_connections
2024-04-26T17:45:25.227 INFO:teuthology.orchestra.run.smithi031.stdout:/usr/bin/ceph: stderr
2024-04-26T17:45:24.608+0000 7f9893e38700 1 --2- 172.21.15.31:0/535029122 >> [v2:172.21.15.31:6800/153341213,v1:172.21.15.31:6801/153341213] conn(0x7f98780395b0 0x7f987803ba70 unknown :-1 s=CLOSED pgs=8 cs=0 l=1 rev1=1 crypto rx=0 tx=0 comp rx=0 tx=0).stop
2024-04-26T17:45:25.227 INFO:teuthology.orchestra.run.smithi031.stdout:/usr/bin/ceph: stderr
2024-04-26T17:45:24.608+0000 7f9893e38700 1 --2- 172.21.15.31:0/535029122 >> [v2:172.21.15.31:3300/0,v1:172.21.15.31:6789/0] conn(0x7f988c07ee00 0x7f988c19ee30 unknown :-1 s=CLOSED pgs=38 cs=0 l=1 rev1=1 crypto rx=0 tx=0 comp rx=0 tx=0).stop
2024-04-26T17:45:25.227 INFO:teuthology.orchestra.run.smithi031.stdout:/usr/bin/ceph: stderr
2024-04-26T17:45:24.608+0000 7f9893e38700 1 -- 172.21.15.31:0/535029122 >> 172.21.15.31:0/535029122 conn(0x7f988c104310 msgr2=0x7f988c104ef0 unknown :-1 s=STATE_NONE l=0).mark_down
2024-04-26T17:45:25.227 INFO:teuthology.orchestra.run.smithi031.stdout:/usr/bin/ceph: stderr
2024-04-26T17:45:24.608+0000 7f9893e38700 1 -- 172.21.15.31:0/535029122 shutdown_connections
2024-04-26T17:45:25.227 INFO:teuthology.orchestra.run.smithi031.stdout:/usr/bin/ceph: stderr
2024-04-26T17:45:24.608+0000 7f9893e38700 1 -- 172.21.15.31:0/535029122 wait complete.
2024-04-26T17:45:25.227 INFO:teuthology.orchestra.run.smithi031.stdout:Generating ssh key...
2024-04-26T17:45:26.560 INFO:journalctl@ceph.mon.a.smithi031.stdout:Apr 26 17:45:26 smithi031 ceph-mon[29164]: from='client.14134 -' entity='client.admin' cmd=[{"prefix": "cephadm generate-key", "target": ["mon-mgr", ""]}]: dispatch
2024-04-26T17:45:26.560 INFO:journalctl@ceph.mon.a.smithi031.stdout:Apr 26 17:45:26 smithi031 ceph-mon[29164]: Generating ssh key...
2024-04-26T17:45:26.560 INFO:journalctl@ceph.mgr.x.smithi031.stdout:Apr 26 17:45:26 smithi031 ceph-7e53e050-03f4-11ef-bc93-c7b262605968-mgr-x[29395]: Generating public/private rsa key pair.
2024-04-26T17:45:26.560 INFO:journalctl@ceph.mgr.x.smithi031.stdout:Apr 26 17:45:26 smithi031 ceph-7e53e050-03f4-11ef-bc93-c7b262605968-mgr-x[29395]: Your identification has been saved in /tmp/tmpdql8gg26/key.
2024-04-26T17:45:26.560 INFO:journalctl@ceph.mgr.x.smithi031.stdout:Apr 26 17:45:26 smithi031 ceph-7e53e050-03f4-11ef-bc93-c7b262605968-mgr-x[29395]: Your public key has been saved in /tmp/tmpdql8gg26/key.pub.
2024-04-26T17:45:26.560 INFO:journalctl@ceph.mgr.x.smithi031.stdout:Apr 26 17:45:26 smithi031 ceph-7e53e050-03f4-11ef-bc93-c7b262605968-mgr-x[29395]: The key fingerprint is:
2024-04-26T17:45:26.560 INFO:journalctl@ceph.mgr.x.smithi031.stdout:Apr 26 17:45:26 smithi031 ceph-7e53e050-03f4-11ef-bc93-c7b262605968-mgr-x[29395]: SHA256:dVUg3DD1jHuaPBKDd3/QweNp2nmWpliA3W2UmsJ0C+4 ceph-7e53e050-03f4-11ef-bc93-c7b262605968
2024-04-26T17:45:26.560 INFO:journalctl@ceph.mgr.x.smithi031.stdout:Apr 26 17:45:26 smithi031 ceph-7e53e050-03f4-11ef-bc93-c7b262605968-mgr-x[29395]: The key's randomart image is:
2024-04-26T17:45:26.560 INFO:journalctl@ceph.mgr.x.smithi031.stdout:Apr 26 17:45:26 smithi031 ceph-7e53e050-03f4-11ef-bc93-c7b262605968-mgr-x[29395]: +---[RSA 3072]----+
2024-04-26T17:45:26.561 INFO:journalctl@ceph.mgr.x.smithi031.stdout:Apr 26 17:45:26 smithi031 ceph-7e53e050-03f4-11ef-bc93-c7b262605968-mgr-x[29395]: | .+++o.|
2024-04-26T17:45:26.561 INFO:journalctl@ceph.mgr.x.smithi031.stdout:Apr 26 17:45:26 smithi031 ceph-7e53e050-03f4-11ef-bc93-c7b262605968-mgr-x[29395]: | .+o+.|
2024-04-26T17:45:26.561 INFO:journalctl@ceph.mgr.x.smithi031.stdout:Apr 26 17:45:26 smithi031 ceph-7e53e050-03f4-11ef-bc93-c7b262605968-mgr-x[29395]: | .o...*o|
2024-04-26T17:45:26.561 INFO:journalctl@ceph.mgr.x.smithi031.stdout:Apr 26 17:45:26 smithi031 ceph-7e53e050-03f4-11ef-bc93-c7b262605968-mgr-x[29395]: | .*o+ Bo+|
2024-04-26T17:45:26.561 INFO:journalctl@ceph.mgr.x.smithi031.stdout:Apr 26 17:45:26 smithi031 ceph-7e53e050-03f4-11ef-bc93-c7b262605968-mgr-x[29395]: | S..*+=+*o|
2024-04-26T17:45:26.561 INFO:journalctl@ceph.mgr.x.smithi031.stdout:Apr 26 17:45:26 smithi031 ceph-7e53e050-03f4-11ef-bc93-c7b262605968-mgr-x[29395]: | ..o==*o|
2024-04-26T17:45:26.561 INFO:journalctl@ceph.mgr.x.smithi031.stdout:Apr 26 17:45:26 smithi031 ceph-7e53e050-03f4-11ef-bc93-c7b262605968-mgr-x[29395]: | E.o===|
2024-04-26T17:45:26.561 INFO:journalctl@ceph.mgr.x.smithi031.stdout:Apr 26 17:45:26 smithi031 ceph-7e53e050-03f4-11ef-bc93-c7b262605968-mgr-x[29395]: | o.ooo|
2024-04-26T17:45:26.561 INFO:journalctl@ceph.mgr.x.smithi031.stdout:Apr 26 17:45:26 smithi031 ceph-7e53e050-03f4-11ef-bc93-c7b262605968-mgr-x[29395]: | . . |
2024-04-26T17:45:26.561 INFO:journalctl@ceph.mgr.x.smithi031.stdout:Apr 26 17:45:26 smithi031 ceph-7e53e050-03f4-11ef-bc93-c7b262605968-mgr-x[29395]: +----[SHA256]-----+
2024-04-26T17:45:26.837 INFO:teuthology.orchestra.run.smithi031.stdout:/usr/bin/ceph: stderr
2024-04-26T17:45:25.652+0000 7f6c92377700 1 Processor -- start
2024-04-26T17:45:26.837 INFO:teuthology.orchestra.run.smithi031.stdout:/usr/bin/ceph: stderr
2024-04-26T17:45:25.652+0000 7f6c92377700 1 -- start start
2024-04-26T17:45:26.837 INFO:teuthology.orchestra.run.smithi031.stdout:/usr/bin/ceph: stderr
2024-04-26T17:45:25.652+0000 7f6c92377700 1 --2- >> [v2:172.21.15.31:3300/0,v1:172.21.15.31:6789/0] conn(0x7f6c8c107c70 0x7f6c8c108090 unknown :-1 s=NONE pgs=0 cs=0 l=0 rev1=0 crypto rx=0 tx=0 comp rx=0 tx=0).connect
2024-04-26T17:45:26.837 INFO:teuthology.orchestra.run.smithi031.stdout:/usr/bin/ceph: stderr
2024-04-26T17:45:25.652+0000 7f6c92377700 1 -- --> [v2:172.21.15.31:3300/0,v1:172.21.15.31:6789/0] -- mon_getmap magic: 0 -- 0x7f6c8c108660 con 0x7f6c8c107c70
2024-04-26T17:45:26.837 INFO:teuthology.orchestra.run.smithi031.stdout:/usr/bin/ceph: stderr
2024-04-26T17:45:25.652+0000 7f6c8bfff700 1 --2- >> [v2:172.21.15.31:3300/0,v1:172.21.15.31:6789/0] conn(0x7f6c8c107c70 0x7f6c8c108090 unknown :-1 s=BANNER_CONNECTING pgs=0 cs=0 l=0 rev1=0 crypto rx=0 tx=0 comp rx=0 tx=0)._handle_peer_banner_payload supported=3 required=0
2024-04-26T17:45:26.837 INFO:teuthology.orchestra.run.smithi031.stdout:/usr/bin/ceph: stderr
2024-04-26T17:45:25.652+0000 7f6c8bfff700 1 --2- >> [v2:172.21.15.31:3300/0,v1:172.21.15.31:6789/0] conn(0x7f6c8c107c70 0x7f6c8c108090 unknown :-1 s=HELLO_CONNECTING pgs=0 cs=0 l=0 rev1=1 crypto rx=0 tx=0 comp rx=0 tx=0).handle_hello peer v2:172.21.15.31:3300/0 says I am v2:172.21.15.31:53696/0 (socket says 172.21.15.31:53696)
2024-04-26T17:45:26.837 INFO:teuthology.orchestra.run.smithi031.stdout:/usr/bin/ceph: stderr
2024-04-26T17:45:25.652+0000 7f6c8bfff700 1 -- 172.21.15.31:0/2121786639 learned_addr learned my addr 172.21.15.31:0/2121786639 (peer_addr_for_me v2:172.21.15.31:0/0)
2024-04-26T17:45:26.838 INFO:teuthology.orchestra.run.smithi031.stdout:/usr/bin/ceph: stderr
2024-04-26T17:45:25.652+0000 7f6c8bfff700 1 -- 172.21.15.31:0/2121786639 --> [v2:172.21.15.31:3300/0,v1:172.21.15.31:6789/0] -- mon_subscribe({config=0+,monmap=0+}) -- 0x7f6c8c108e70 con 0x7f6c8c107c70
2024-04-26T17:45:26.838 INFO:teuthology.orchestra.run.smithi031.stdout:/usr/bin/ceph: stderr
2024-04-26T17:45:25.653+0000 7f6c8bfff700 1 --2- 172.21.15.31:0/2121786639 >> [v2:172.21.15.31:3300/0,v1:172.21.15.31:6789/0] conn(0x7f6c8c107c70 0x7f6c8c108090 secure :-1 s=READY pgs=39 cs=0 l=1 rev1=1 crypto rx=0x7f6c7c0098a0 tx=0x7f6c7c009bb0 comp rx=0 tx=0).ready entity=mon.0 client_cookie=b48b9b72a0e94cfb server_cookie=0 in_seq=0 out_seq=0
2024-04-26T17:45:26.838 INFO:teuthology.orchestra.run.smithi031.stdout:/usr/bin/ceph: stderr
2024-04-26T17:45:25.653+0000 7f6c8affd700 1 -- 172.21.15.31:0/2121786639 <== mon.0 v2:172.21.15.31:3300/0 1 ==== mon_map magic: 0 ==== 205+0+0 (secure 0 0 0) 0x7f6c7c004160 con 0x7f6c8c107c70
2024-04-26T17:45:26.838 INFO:teuthology.orchestra.run.smithi031.stdout:/usr/bin/ceph: stderr
2024-04-26T17:45:25.653+0000 7f6c8affd700 1 -- 172.21.15.31:0/2121786639 <== mon.0 v2:172.21.15.31:3300/0 2 ==== config(26 keys) ==== 1070+0+0 (secure 0 0 0) 0x7f6c7c004300 con 0x7f6c8c107c70
2024-04-26T17:45:26.838 INFO:teuthology.orchestra.run.smithi031.stdout:/usr/bin/ceph: stderr
2024-04-26T17:45:25.653+0000 7f6c8affd700 1 -- 172.21.15.31:0/2121786639 <== mon.0 v2:172.21.15.31:3300/0 3 ==== mon_map magic: 0 ==== 205+0+0 (secure 0 0 0) 0x7f6c7c011af0 con 0x7f6c8c107c70
2024-04-26T17:45:26.838 INFO:teuthology.orchestra.run.smithi031.stdout:/usr/bin/ceph: stderr
2024-04-26T17:45:25.653+0000 7f6c92377700 1 -- 172.21.15.31:0/2121786639 >> [v2:172.21.15.31:3300/0,v1:172.21.15.31:6789/0] conn(0x7f6c8c107c70 msgr2=0x7f6c8c108090 secure :-1 s=STATE_CONNECTION_ESTABLISHED l=1).mark_down
2024-04-26T17:45:26.838 INFO:teuthology.orchestra.run.smithi031.stdout:/usr/bin/ceph: stderr
2024-04-26T17:45:25.653+0000 7f6c92377700 1 --2- 172.21.15.31:0/2121786639 >> [v2:172.21.15.31:3300/0,v1:172.21.15.31:6789/0] conn(0x7f6c8c107c70 0x7f6c8c108090 secure :-1 s=READY pgs=39 cs=0 l=1 rev1=1 crypto rx=0x7f6c7c0098a0 tx=0x7f6c7c009bb0 comp rx=0 tx=0).stop
2024-04-26T17:45:26.838 INFO:teuthology.orchestra.run.smithi031.stdout:/usr/bin/ceph: stderr
2024-04-26T17:45:25.653+0000 7f6c92377700 1 -- 172.21.15.31:0/2121786639 shutdown_connections
2024-04-26T17:45:26.838 INFO:teuthology.orchestra.run.smithi031.stdout:/usr/bin/ceph: stderr
2024-04-26T17:45:25.653+0000 7f6c92377700 1 --2- 172.21.15.31:0/2121786639 >> [v2:172.21.15.31:3300/0,v1:172.21.15.31:6789/0] conn(0x7f6c8c107c70 0x7f6c8c108090 unknown :-1 s=CLOSED pgs=39 cs=0 l=1 rev1=1 crypto rx=0 tx=0 comp rx=0 tx=0).stop
2024-04-26T17:45:26.838 INFO:teuthology.orchestra.run.smithi031.stdout:/usr/bin/ceph: stderr
2024-04-26T17:45:25.653+0000 7f6c92377700 1 -- 172.21.15.31:0/2121786639 >> 172.21.15.31:0/2121786639 conn(0x7f6c8c103230 msgr2=0x7f6c8c105650 unknown :-1 s=STATE_NONE l=0).mark_down
2024-04-26T17:45:26.838 INFO:teuthology.orchestra.run.smithi031.stdout:/usr/bin/ceph: stderr
2024-04-26T17:45:25.654+0000 7f6c92377700 1 -- 172.21.15.31:0/2121786639 shutdown_connections
2024-04-26T17:45:26.838 INFO:teuthology.orchestra.run.smithi031.stdout:/usr/bin/ceph: stderr
2024-04-26T17:45:25.654+0000 7f6c92377700 1 -- 172.21.15.31:0/2121786639 wait complete.
2024-04-26T17:45:26.839 INFO:teuthology.orchestra.run.smithi031.stdout:/usr/bin/ceph: stderr
2024-04-26T17:45:25.654+0000 7f6c92377700 1 Processor -- start
2024-04-26T17:45:26.839 INFO:teuthology.orchestra.run.smithi031.stdout:/usr/bin/ceph: stderr
2024-04-26T17:45:25.654+0000 7f6c92377700 1 -- start start
2024-04-26T17:45:26.839 INFO:teuthology.orchestra.run.smithi031.stdout:/usr/bin/ceph: stderr
2024-04-26T17:45:25.655+0000 7f6c92377700 1 --2- >> [v2:172.21.15.31:3300/0,v1:172.21.15.31:6789/0] conn(0x7f6c8c107c70 0x7f6c8c192de0 unknown :-1 s=NONE pgs=0 cs=0 l=1 rev1=0 crypto rx=0 tx=0 comp rx=0 tx=0).connect
2024-04-26T17:45:26.839 INFO:teuthology.orchestra.run.smithi031.stdout:/usr/bin/ceph: stderr
2024-04-26T17:45:25.655+0000 7f6c92377700 1 -- --> [v2:172.21.15.31:3300/0,v1:172.21.15.31:6789/0] -- mon_getmap magic: 0 -- 0x7f6c8c10c220 con 0x7f6c8c107c70
2024-04-26T17:45:26.839 INFO:teuthology.orchestra.run.smithi031.stdout:/usr/bin/ceph: stderr
2024-04-26T17:45:25.655+0000 7f6c8bfff700 1 --2- >> [v2:172.21.15.31:3300/0,v1:172.21.15.31:6789/0] conn(0x7f6c8c107c70 0x7f6c8c192de0 unknown :-1 s=BANNER_CONNECTING pgs=0 cs=0 l=1 rev1=0 crypto rx=0 tx=0 comp rx=0 tx=0)._handle_peer_banner_payload supported=3 required=0
2024-04-26T17:45:26.839 INFO:teuthology.orchestra.run.smithi031.stdout:/usr/bin/ceph: stderr
2024-04-26T17:45:25.655+0000 7f6c8bfff700 1 --2- >> [v2:172.21.15.31:3300/0,v1:172.21.15.31:6789/0] conn(0x7f6c8c107c70 0x7f6c8c192de0 unknown :-1 s=HELLO_CONNECTING pgs=0 cs=0 l=1 rev1=1 crypto rx=0 tx=0 comp rx=0 tx=0).handle_hello peer v2:172.21.15.31:3300/0 says I am v2:172.21.15.31:53708/0 (socket says 172.21.15.31:53708)
2024-04-26T17:45:26.839 INFO:teuthology.orchestra.run.smithi031.stdout:/usr/bin/ceph: stderr
2024-04-26T17:45:25.655+0000 7f6c8bfff700 1 -- 172.21.15.31:0/3954544253 learned_addr learned my addr 172.21.15.31:0/3954544253 (peer_addr_for_me v2:172.21.15.31:0/0)
2024-04-26T17:45:26.839 INFO:teuthology.orchestra.run.smithi031.stdout:/usr/bin/ceph: stderr
2024-04-26T17:45:25.655+0000 7f6c8bfff700 1 -- 172.21.15.31:0/3954544253 --> [v2:172.21.15.31:3300/0,v1:172.21.15.31:6789/0] -- mon_subscribe({config=0+,monmap=0+}) -- 0x7f6c8c193320 con 0x7f6c8c107c70
2024-04-26T17:45:26.839 INFO:teuthology.orchestra.run.smithi031.stdout:/usr/bin/ceph: stderr
2024-04-26T17:45:25.655+0000 7f6c8bfff700 1 --2- 172.21.15.31:0/3954544253 >> [v2:172.21.15.31:3300/0,v1:172.21.15.31:6789/0] conn(0x7f6c8c107c70 0x7f6c8c192de0 secure :-1 s=READY pgs=40 cs=0 l=1 rev1=1 crypto rx=0x7f6c7c0117b0 tx=0x7f6c7c011b70 comp rx=0 tx=0).ready entity=mon.0 client_cookie=0 server_cookie=0 in_seq=0 out_seq=0
2024-04-26T17:45:26.839 INFO:teuthology.orchestra.run.smithi031.stdout:/usr/bin/ceph: stderr
2024-04-26T17:45:25.655+0000 7f6c897fa700 1 -- 172.21.15.31:0/3954544253 <== mon.0 v2:172.21.15.31:3300/0 1 ==== mon_map magic: 0 ==== 205+0+0 (secure 0 0 0) 0x7f6c7c003af0 con 0x7f6c8c107c70
2024-04-26T17:45:26.839 INFO:teuthology.orchestra.run.smithi031.stdout:/usr/bin/ceph: stderr
2024-04-26T17:45:25.655+0000 7f6c92377700 1 -- 172.21.15.31:0/3954544253 --> [v2:172.21.15.31:3300/0,v1:172.21.15.31:6789/0] -- mon_subscribe({mgrmap=0+}) -- 0x7f6c8c191510 con 0x7f6c8c107c70
2024-04-26T17:45:26.839 INFO:teuthology.orchestra.run.smithi031.stdout:/usr/bin/ceph: stderr
2024-04-26T17:45:25.655+0000 7f6c897fa700 1 -- 172.21.15.31:0/3954544253 <== mon.0 v2:172.21.15.31:3300/0 2 ==== config(26 keys) ==== 1070+0+0 (secure 0 0 0) 0x7f6c7c020070 con 0x7f6c8c107c70
2024-04-26T17:45:26.839 INFO:teuthology.orchestra.run.smithi031.stdout:/usr/bin/ceph: stderr
2024-04-26T17:45:25.655+0000 7f6c897fa700 1 -- 172.21.15.31:0/3954544253 <== mon.0 v2:172.21.15.31:3300/0 3 ==== mon_map magic: 0 ==== 205+0+0 (secure 0 0 0) 0x7f6c7c019630 con 0x7f6c8c107c70
2024-04-26T17:45:26.840 INFO:teuthology.orchestra.run.smithi031.stdout:/usr/bin/ceph: stderr
2024-04-26T17:45:25.656+0000 7f6c92377700 1 -- 172.21.15.31:0/3954544253 --> [v2:172.21.15.31:3300/0,v1:172.21.15.31:6789/0] -- mon_subscribe({osdmap=0}) -- 0x7f6c8c191a50 con 0x7f6c8c107c70
2024-04-26T17:45:26.840 INFO:teuthology.orchestra.run.smithi031.stdout:/usr/bin/ceph: stderr
2024-04-26T17:45:25.656+0000 7f6c897fa700 1 -- 172.21.15.31:0/3954544253 <== mon.0 v2:172.21.15.31:3300/0 4 ==== mgrmap(e 8) ==== 46558+0+0 (secure 0 0 0) 0x7f6c7c0198f0 con 0x7f6c8c107c70
2024-04-26T17:45:26.840 INFO:teuthology.orchestra.run.smithi031.stdout:/usr/bin/ceph: stderr
2024-04-26T17:45:25.656+0000 7f6c92377700 1 -- 172.21.15.31:0/3954544253 --> [v2:172.21.15.31:3300/0,v1:172.21.15.31:6789/0] -- mon_command({"prefix": "get_command_descriptions"} v 0) -- 0x7f6c8c064a80 con 0x7f6c8c107c70
2024-04-26T17:45:26.840 INFO:teuthology.orchestra.run.smithi031.stdout:/usr/bin/ceph: stderr
2024-04-26T17:45:25.657+0000 7f6c897fa700 1 --2- 172.21.15.31:0/3954544253 >> [v2:172.21.15.31:6800/153341213,v1:172.21.15.31:6801/153341213] conn(0x7f6c740395b0 0x7f6c7403ba70 unknown :-1 s=NONE pgs=0 cs=0 l=1 rev1=0 crypto rx=0 tx=0 comp rx=0 tx=0).connect
2024-04-26T17:45:26.840 INFO:teuthology.orchestra.run.smithi031.stdout:/usr/bin/ceph: stderr
2024-04-26T17:45:25.657+0000 7f6c897fa700 1 -- 172.21.15.31:0/3954544253 <== mon.0 v2:172.21.15.31:3300/0 5 ==== osd_map(2..2 src has 1..2) ==== 940+0+0 (secure 0 0 0) 0x7f6c7c04dcc0 con 0x7f6c8c107c70
2024-04-26T17:45:26.840 INFO:teuthology.orchestra.run.smithi031.stdout:/usr/bin/ceph: stderr
2024-04-26T17:45:25.657+0000 7f6c8b7fe700 1 --2- 172.21.15.31:0/3954544253 >> [v2:172.21.15.31:6800/153341213,v1:172.21.15.31:6801/153341213] conn(0x7f6c740395b0 0x7f6c7403ba70 unknown :-1 s=BANNER_CONNECTING pgs=0 cs=0 l=1 rev1=0 crypto rx=0 tx=0 comp rx=0 tx=0)._handle_peer_banner_payload supported=3 required=0
2024-04-26T17:45:26.840 INFO:teuthology.orchestra.run.smithi031.stdout:/usr/bin/ceph: stderr
2024-04-26T17:45:25.657+0000 7f6c8b7fe700 1 --2- 172.21.15.31:0/3954544253 >> [v2:172.21.15.31:6800/153341213,v1:172.21.15.31:6801/153341213] conn(0x7f6c740395b0 0x7f6c7403ba70 secure :-1 s=READY pgs=9 cs=0 l=1 rev1=1 crypto rx=0x7f6c80006fd0 tx=0x7f6c80006e40 comp rx=0 tx=0).ready entity=mgr.14118 client_cookie=0 server_cookie=0 in_seq=0 out_seq=0
2024-04-26T17:45:26.840 INFO:teuthology.orchestra.run.smithi031.stdout:/usr/bin/ceph: stderr
2024-04-26T17:45:25.662+0000 7f6c897fa700 1 -- 172.21.15.31:0/3954544253 <== mon.0 v2:172.21.15.31:3300/0 6 ==== mon_command_ack([{"prefix": "get_command_descriptions"}]=0 v0) ==== 72+0+188370 (secure 0 0 0) 0x7f6c7c023370 con 0x7f6c8c107c70
2024-04-26T17:45:26.840 INFO:teuthology.orchestra.run.smithi031.stdout:/usr/bin/ceph: stderr
2024-04-26T17:45:25.869+0000 7f6c92377700 1 -- 172.21.15.31:0/3954544253 --> [v2:172.21.15.31:6800/153341213,v1:172.21.15.31:6801/153341213] -- mgr_command(tid 0: {"prefix": "cephadm generate-key", "target": ["mon-mgr", ""]}) -- 0x7f6c8c196bd0 con 0x7f6c740395b0
2024-04-26T17:45:26.840 INFO:teuthology.orchestra.run.smithi031.stdout:/usr/bin/ceph: stderr
2024-04-26T17:45:26.332+0000 7f6c897fa700 1 -- 172.21.15.31:0/3954544253 <== mgr.14118 v2:172.21.15.31:6800/153341213 1 ==== mgr_command_reply(tid 0: 0 ) ==== 8+0+0 (secure 0 0 0) 0x7f6c8c196bd0 con 0x7f6c740395b0
2024-04-26T17:45:26.840 INFO:teuthology.orchestra.run.smithi031.stdout:/usr/bin/ceph: stderr
2024-04-26T17:45:26.334+0000 7f6c92377700 1 -- 172.21.15.31:0/3954544253 >> [v2:172.21.15.31:6800/153341213,v1:172.21.15.31:6801/153341213] conn(0x7f6c740395b0 msgr2=0x7f6c7403ba70 secure :-1 s=STATE_CONNECTION_ESTABLISHED l=1).mark_down
2024-04-26T17:45:26.840 INFO:teuthology.orchestra.run.smithi031.stdout:/usr/bin/ceph: stderr
2024-04-26T17:45:26.334+0000 7f6c92377700 1 --2- 172.21.15.31:0/3954544253 >> [v2:172.21.15.31:6800/153341213,v1:172.21.15.31:6801/153341213] conn(0x7f6c740395b0 0x7f6c7403ba70 secure :-1 s=READY pgs=9 cs=0 l=1 rev1=1 crypto rx=0x7f6c80006fd0 tx=0x7f6c80006e40 comp rx=0 tx=0).stop
2024-04-26T17:45:26.840 INFO:teuthology.orchestra.run.smithi031.stdout:/usr/bin/ceph: stderr
2024-04-26T17:45:26.334+0000 7f6c92377700 1 -- 172.21.15.31:0/3954544253 >> [v2:172.21.15.31:3300/0,v1:172.21.15.31:6789/0] conn(0x7f6c8c107c70 msgr2=0x7f6c8c192de0 secure :-1 s=STATE_CONNECTION_ESTABLISHED l=1).mark_down
2024-04-26T17:45:26.841 INFO:teuthology.orchestra.run.smithi031.stdout:/usr/bin/ceph: stderr
2024-04-26T17:45:26.334+0000 7f6c92377700 1 --2- 172.21.15.31:0/3954544253 >> [v2:172.21.15.31:3300/0,v1:172.21.15.31:6789/0] conn(0x7f6c8c107c70 0x7f6c8c192de0 secure :-1 s=READY pgs=40 cs=0 l=1 rev1=1 crypto rx=0x7f6c7c0117b0 tx=0x7f6c7c011b70 comp rx=0 tx=0).stop
2024-04-26T17:45:26.841 INFO:teuthology.orchestra.run.smithi031.stdout:/usr/bin/ceph: stderr
2024-04-26T17:45:26.334+0000 7f6c92377700 1 -- 172.21.15.31:0/3954544253 shutdown_connections
2024-04-26T17:45:26.841 INFO:teuthology.orchestra.run.smithi031.stdout:/usr/bin/ceph: stderr
2024-04-26T17:45:26.334+0000 7f6c92377700 1 --2- 172.21.15.31:0/3954544253 >> [v2:172.21.15.31:6800/153341213,v1:172.21.15.31:6801/153341213] conn(0x7f6c740395b0 0x7f6c7403ba70 unknown :-1 s=CLOSED pgs=9 cs=0 l=1 rev1=1 crypto rx=0 tx=0 comp rx=0 tx=0).stop
2024-04-26T17:45:26.841 INFO:teuthology.orchestra.run.smithi031.stdout:/usr/bin/ceph: stderr
2024-04-26T17:45:26.334+0000 7f6c92377700 1 --2- 172.21.15.31:0/3954544253 >> [v2:172.21.15.31:3300/0,v1:172.21.15.31:6789/0] conn(0x7f6c8c107c70 0x7f6c8c192de0 unknown :-1 s=CLOSED pgs=40 cs=0 l=1 rev1=1 crypto rx=0 tx=0 comp rx=0 tx=0).stop
2024-04-26T17:45:26.841 INFO:teuthology.orchestra.run.smithi031.stdout:/usr/bin/ceph: stderr
2024-04-26T17:45:26.334+0000 7f6c92377700 1 -- 172.21.15.31:0/3954544253 >> 172.21.15.31:0/3954544253 conn(0x7f6c8c103230 msgr2=0x7f6c8c104170 unknown :-1 s=STATE_NONE l=0).mark_down
2024-04-26T17:45:26.841 INFO:teuthology.orchestra.run.smithi031.stdout:/usr/bin/ceph: stderr
2024-04-26T17:45:26.334+0000 7f6c92377700 1 -- 172.21.15.31:0/3954544253 shutdown_connections
2024-04-26T17:45:26.841 INFO:teuthology.orchestra.run.smithi031.stdout:/usr/bin/ceph: stderr
2024-04-26T17:45:26.334+0000 7f6c92377700 1 -- 172.21.15.31:0/3954544253 wait complete.
2024-04-26T17:45:27.559 INFO:journalctl@ceph.mon.a.smithi031.stdout:Apr 26 17:45:27 smithi031 ceph-mon[29164]: from='mgr.14118 172.21.15.31:0/733593669' entity='mgr.x'
2024-04-26T17:45:27.559 INFO:journalctl@ceph.mon.a.smithi031.stdout:Apr 26 17:45:27 smithi031 ceph-mon[29164]: from='mgr.14118 172.21.15.31:0/733593669' entity='mgr.x'
2024-04-26T17:45:28.028 INFO:teuthology.orchestra.run.smithi031.stdout:/usr/bin/ceph: stdout ssh-rsa AAAAB3NzaC1yc2EAAAADAQABAAABgQCu+NEeVJmhwe7hcSYRp4pMsWBs7o6C9+QTkNP4fbnQExDeY/OTVmIni1bcxbzMUptWE3ZBNOgC93mqeAfSms6AaqGxFhdxQei7I6+IPNoKU2O9ry2g8Db4Qwz0OIUJUDLuISMJj8El8+EfPfAvhSdLIdJ7sj3eQwVpZDxp7X7t0P4e5OaxOON21wh2/RPltchW9JsjG0HZrcH0Yv7q/mkJz1jgzcp7imaBurMZ+bgrkEg/n1k+J/dzEHXJZRlBM/nyd9vbSBCTrmqhf6xtuRicjjXH+n2f6NfbFtfcM4bUMLz7D5qLzC2kVKIu1mIUtbiyXiHipgZ3AJwqL86b+k8mxrw30uLExiyWeEXQKnAmOAmwq7umn9lxkZk0oQ4ZEK74c+9mxWLke1c/MitDCGMGopF3/RL0AbwpFLcpV/ga1My7Dvs5eW+EHV9Ks+i4v82V+R3KCGquk1vxEFJ2fxlCAVI61gvw5JC2L3Cis1Rg6Cc/BodMs46Zrl4xnytlHds= ceph-7e53e050-03f4-11ef-bc93-c7b262605968
2024-04-26T17:45:28.028 INFO:teuthology.orchestra.run.smithi031.stdout:/usr/bin/ceph: stderr
2024-04-26T17:45:27.236+0000 7f9acc791700 1 Processor -- start
2024-04-26T17:45:28.028 INFO:teuthology.orchestra.run.smithi031.stdout:/usr/bin/ceph: stderr
2024-04-26T17:45:27.236+0000 7f9acc791700 1 -- start start
2024-04-26T17:45:28.029 INFO:teuthology.orchestra.run.smithi031.stdout:/usr/bin/ceph: stderr
2024-04-26T17:45:27.236+0000 7f9acc791700 1 --2- >> [v2:172.21.15.31:3300/0,v1:172.21.15.31:6789/0] conn(0x7f9ac4108e00 0x7f9ac4109220 unknown :-1 s=NONE pgs=0 cs=0 l=0 rev1=0 crypto rx=0 tx=0 comp rx=0 tx=0).connect
2024-04-26T17:45:28.029 INFO:teuthology.orchestra.run.smithi031.stdout:/usr/bin/ceph: stderr
2024-04-26T17:45:27.236+0000 7f9acc791700 1 -- --> [v2:172.21.15.31:3300/0,v1:172.21.15.31:6789/0] -- mon_getmap magic: 0 -- 0x7f9ac41097f0 con 0x7f9ac4108e00
2024-04-26T17:45:28.029 INFO:teuthology.orchestra.run.smithi031.stdout:/usr/bin/ceph: stderr
2024-04-26T17:45:27.237+0000 7f9aca52d700 1 --2- >> [v2:172.21.15.31:3300/0,v1:172.21.15.31:6789/0] conn(0x7f9ac4108e00 0x7f9ac4109220 unknown :-1 s=BANNER_CONNECTING pgs=0 cs=0 l=0 rev1=0 crypto rx=0 tx=0 comp rx=0 tx=0)._handle_peer_banner_payload supported=3 required=0
2024-04-26T17:45:28.029 INFO:teuthology.orchestra.run.smithi031.stdout:/usr/bin/ceph: stderr
2024-04-26T17:45:27.237+0000 7f9aca52d700 1 --2- >> [v2:172.21.15.31:3300/0,v1:172.21.15.31:6789/0] conn(0x7f9ac4108e00 0x7f9ac4109220 unknown :-1 s=HELLO_CONNECTING pgs=0 cs=0 l=0 rev1=1 crypto rx=0 tx=0 comp rx=0 tx=0).handle_hello peer v2:172.21.15.31:3300/0 says I am v2:172.21.15.31:53712/0 (socket says 172.21.15.31:53712)
2024-04-26T17:45:28.029 INFO:teuthology.orchestra.run.smithi031.stdout:/usr/bin/ceph: stderr
2024-04-26T17:45:27.237+0000 7f9aca52d700 1 -- 172.21.15.31:0/2036822417 learned_addr learned my addr 172.21.15.31:0/2036822417 (peer_addr_for_me v2:172.21.15.31:0/0)
2024-04-26T17:45:28.029 INFO:teuthology.orchestra.run.smithi031.stdout:/usr/bin/ceph: stderr
2024-04-26T17:45:27.237+0000 7f9aca52d700 1 -- 172.21.15.31:0/2036822417 --> [v2:172.21.15.31:3300/0,v1:172.21.15.31:6789/0] -- mon_subscribe({config=0+,monmap=0+}) -- 0x7f9ac4109f60 con 0x7f9ac4108e00
2024-04-26T17:45:28.029 INFO:teuthology.orchestra.run.smithi031.stdout:/usr/bin/ceph: stderr
2024-04-26T17:45:27.237+0000 7f9aca52d700 1 --2- 172.21.15.31:0/2036822417 >> [v2:172.21.15.31:3300/0,v1:172.21.15.31:6789/0] conn(0x7f9ac4108e00 0x7f9ac4109220 secure :-1 s=READY pgs=41 cs=0 l=1 rev1=1 crypto rx=0x7f9ab4009e80 tx=0x7f9ab400b330 comp rx=0 tx=0).ready entity=mon.0 client_cookie=2d329445f27fe34 server_cookie=0 in_seq=0 out_seq=0
2024-04-26T17:45:28.029 INFO:teuthology.orchestra.run.smithi031.stdout:/usr/bin/ceph: stderr
2024-04-26T17:45:27.237+0000 7f9ac952b700 1 -- 172.21.15.31:0/2036822417 <== mon.0 v2:172.21.15.31:3300/0 1 ==== mon_map magic: 0 ==== 205+0+0 (secure 0 0 0) 0x7f9ab4017070 con 0x7f9ac4108e00
2024-04-26T17:45:28.029 INFO:teuthology.orchestra.run.smithi031.stdout:/usr/bin/ceph: stderr
2024-04-26T17:45:27.237+0000 7f9ac952b700 1 -- 172.21.15.31:0/2036822417 <== mon.0 v2:172.21.15.31:3300/0 2 ==== config(26 keys) ==== 1070+0+0 (secure 0 0 0) 0x7f9ab400b8c0 con 0x7f9ac4108e00
2024-04-26T17:45:28.029 INFO:teuthology.orchestra.run.smithi031.stdout:/usr/bin/ceph: stderr
2024-04-26T17:45:27.237+0000 7f9ac952b700 1 -- 172.21.15.31:0/2036822417 <== mon.0 v2:172.21.15.31:3300/0 3 ==== mon_map magic: 0 ==== 205+0+0 (secure 0 0 0) 0x7f9ab4004490 con 0x7f9ac4108e00
2024-04-26T17:45:28.029 INFO:teuthology.orchestra.run.smithi031.stdout:/usr/bin/ceph: stderr
2024-04-26T17:45:27.238+0000 7f9acc791700 1 -- 172.21.15.31:0/2036822417 >> [v2:172.21.15.31:3300/0,v1:172.21.15.31:6789/0] conn(0x7f9ac4108e00 msgr2=0x7f9ac4109220 secure :-1 s=STATE_CONNECTION_ESTABLISHED l=1).mark_down
2024-04-26T17:45:28.029 INFO:teuthology.orchestra.run.smithi031.stdout:/usr/bin/ceph: stderr
2024-04-26T17:45:27.238+0000 7f9acc791700 1 --2- 172.21.15.31:0/2036822417 >> [v2:172.21.15.31:3300/0,v1:172.21.15.31:6789/0] conn(0x7f9ac4108e00 0x7f9ac4109220 secure :-1 s=READY pgs=41 cs=0 l=1 rev1=1 crypto rx=0x7f9ab4009e80 tx=0x7f9ab400b330 comp rx=0 tx=0).stop
2024-04-26T17:45:28.030 INFO:teuthology.orchestra.run.smithi031.stdout:/usr/bin/ceph: stderr
2024-04-26T17:45:27.238+0000 7f9acc791700 1 -- 172.21.15.31:0/2036822417 shutdown_connections
2024-04-26T17:45:28.030 INFO:teuthology.orchestra.run.smithi031.stdout:/usr/bin/ceph: stderr
2024-04-26T17:45:27.238+0000 7f9acc791700 1 --2- 172.21.15.31:0/2036822417 >> [v2:172.21.15.31:3300/0,v1:172.21.15.31:6789/0] conn(0x7f9ac4108e00 0x7f9ac4109220 unknown :-1 s=CLOSED pgs=41 cs=0 l=1 rev1=1 crypto rx=0 tx=0 comp rx=0 tx=0).stop
2024-04-26T17:45:28.030 INFO:teuthology.orchestra.run.smithi031.stdout:/usr/bin/ceph: stderr
2024-04-26T17:45:27.238+0000 7f9acc791700 1 -- 172.21.15.31:0/2036822417 >> 172.21.15.31:0/2036822417 conn(0x7f9ac41043c0 msgr2=0x7f9ac41067e0 unknown :-1 s=STATE_NONE l=0).mark_down
2024-04-26T17:45:28.030 INFO:teuthology.orchestra.run.smithi031.stdout:/usr/bin/ceph: stderr
2024-04-26T17:45:27.238+0000 7f9acc791700 1 -- 172.21.15.31:0/2036822417 shutdown_connections
2024-04-26T17:45:28.030 INFO:teuthology.orchestra.run.smithi031.stdout:/usr/bin/ceph: stderr
2024-04-26T17:45:27.238+0000 7f9acc791700 1 -- 172.21.15.31:0/2036822417 wait complete.
2024-04-26T17:45:28.030 INFO:teuthology.orchestra.run.smithi031.stdout:/usr/bin/ceph: stderr
2024-04-26T17:45:27.238+0000 7f9acc791700 1 Processor -- start
2024-04-26T17:45:28.030 INFO:teuthology.orchestra.run.smithi031.stdout:/usr/bin/ceph: stderr
2024-04-26T17:45:27.239+0000 7f9acc791700 1 -- start start
2024-04-26T17:45:28.030 INFO:teuthology.orchestra.run.smithi031.stdout:/usr/bin/ceph: stderr
2024-04-26T17:45:27.239+0000 7f9acc791700 1 --2- >> [v2:172.21.15.31:3300/0,v1:172.21.15.31:6789/0] conn(0x7f9ac4108e00 0x7f9ac419ccb0 unknown :-1 s=NONE pgs=0 cs=0 l=1 rev1=0 crypto rx=0 tx=0 comp rx=0 tx=0).connect
2024-04-26T17:45:28.030 INFO:teuthology.orchestra.run.smithi031.stdout:/usr/bin/ceph: stderr
2024-04-26T17:45:27.239+0000 7f9acc791700 1 -- --> [v2:172.21.15.31:3300/0,v1:172.21.15.31:6789/0] -- mon_getmap magic: 0 -- 0x7f9ac410d310 con 0x7f9ac4108e00
2024-04-26T17:45:28.030 INFO:teuthology.orchestra.run.smithi031.stdout:/usr/bin/ceph: stderr
2024-04-26T17:45:27.239+0000 7f9aca52d700 1 --2- >> [v2:172.21.15.31:3300/0,v1:172.21.15.31:6789/0] conn(0x7f9ac4108e00 0x7f9ac419ccb0 unknown :-1 s=BANNER_CONNECTING pgs=0 cs=0 l=1 rev1=0 crypto rx=0 tx=0 comp rx=0 tx=0)._handle_peer_banner_payload supported=3 required=0
2024-04-26T17:45:28.030 INFO:teuthology.orchestra.run.smithi031.stdout:/usr/bin/ceph: stderr
2024-04-26T17:45:27.239+0000 7f9aca52d700 1 --2- >> [v2:172.21.15.31:3300/0,v1:172.21.15.31:6789/0] conn(0x7f9ac4108e00 0x7f9ac419ccb0 unknown :-1 s=HELLO_CONNECTING pgs=0 cs=0 l=1 rev1=1 crypto rx=0 tx=0 comp rx=0 tx=0).handle_hello peer v2:172.21.15.31:3300/0 says I am v2:172.21.15.31:53728/0 (socket says 172.21.15.31:53728)
2024-04-26T17:45:28.031 INFO:teuthology.orchestra.run.smithi031.stdout:/usr/bin/ceph: stderr
2024-04-26T17:45:27.239+0000 7f9aca52d700 1 -- 172.21.15.31:0/2876968350 learned_addr learned my addr 172.21.15.31:0/2876968350 (peer_addr_for_me v2:172.21.15.31:0/0)
2024-04-26T17:45:28.031 INFO:teuthology.orchestra.run.smithi031.stdout:/usr/bin/ceph: stderr
2024-04-26T17:45:27.239+0000 7f9aca52d700 1 -- 172.21.15.31:0/2876968350 --> [v2:172.21.15.31:3300/0,v1:172.21.15.31:6789/0] -- mon_subscribe({config=0+,monmap=0+}) -- 0x7f9ac419d1f0 con 0x7f9ac4108e00
2024-04-26T17:45:28.031 INFO:teuthology.orchestra.run.smithi031.stdout:/usr/bin/ceph: stderr
2024-04-26T17:45:27.239+0000 7f9aca52d700 1 --2- 172.21.15.31:0/2876968350 >> [v2:172.21.15.31:3300/0,v1:172.21.15.31:6789/0] conn(0x7f9ac4108e00 0x7f9ac419ccb0 secure :-1 s=READY pgs=42 cs=0 l=1 rev1=1 crypto rx=0x7f9ab4004a60 tx=0x7f9ab400bd50 comp rx=0 tx=0).ready entity=mon.0 client_cookie=0 server_cookie=0 in_seq=0 out_seq=0
2024-04-26T17:45:28.031 INFO:teuthology.orchestra.run.smithi031.stdout:/usr/bin/ceph: stderr
2024-04-26T17:45:27.239+0000 7f9ac37fe700 1 -- 172.21.15.31:0/2876968350 <== mon.0 v2:172.21.15.31:3300/0 1 ==== mon_map magic: 0 ==== 205+0+0 (secure 0 0 0) 0x7f9ab4020020 con 0x7f9ac4108e00
2024-04-26T17:45:28.031 INFO:teuthology.orchestra.run.smithi031.stdout:/usr/bin/ceph: stderr
2024-04-26T17:45:27.239+0000 7f9ac37fe700 1 -- 172.21.15.31:0/2876968350 <== mon.0 v2:172.21.15.31:3300/0 2 ==== config(26 keys) ==== 1070+0+0 (secure 0 0 0) 0x7f9ab4012430 con 0x7f9ac4108e00
2024-04-26T17:45:28.031 INFO:teuthology.orchestra.run.smithi031.stdout:/usr/bin/ceph: stderr
2024-04-26T17:45:27.239+0000 7f9acc791700 1 -- 172.21.15.31:0/2876968350 --> [v2:172.21.15.31:3300/0,v1:172.21.15.31:6789/0] -- mon_subscribe({mgrmap=0+}) -- 0x7f9ac419d480 con 0x7f9ac4108e00
2024-04-26T17:45:28.031 INFO:teuthology.orchestra.run.smithi031.stdout:/usr/bin/ceph: stderr
2024-04-26T17:45:27.239+0000 7f9ac37fe700 1 -- 172.21.15.31:0/2876968350 <== mon.0 v2:172.21.15.31:3300/0 3 ==== mon_map magic: 0 ==== 205+0+0 (secure 0 0 0) 0x7f9ab4017040 con 0x7f9ac4108e00
2024-04-26T17:45:28.031 INFO:teuthology.orchestra.run.smithi031.stdout:/usr/bin/ceph: stderr
2024-04-26T17:45:27.239+0000 7f9acc791700 1 -- 172.21.15.31:0/2876968350 --> [v2:172.21.15.31:3300/0,v1:172.21.15.31:6789/0] -- mon_subscribe({osdmap=0}) -- 0x7f9ac41a0170 con 0x7f9ac4108e00
2024-04-26T17:45:28.031 INFO:teuthology.orchestra.run.smithi031.stdout:/usr/bin/ceph: stderr
2024-04-26T17:45:27.240+0000 7f9ac37fe700 1 -- 172.21.15.31:0/2876968350 <== mon.0 v2:172.21.15.31:3300/0 4 ==== mgrmap(e 8) ==== 46558+0+0 (secure 0 0 0) 0x7f9ab4023020 con 0x7f9ac4108e00
2024-04-26T17:45:28.031 INFO:teuthology.orchestra.run.smithi031.stdout:/usr/bin/ceph: stderr
2024-04-26T17:45:27.240+0000 7f9acc791700 1 -- 172.21.15.31:0/2876968350 --> [v2:172.21.15.31:3300/0,v1:172.21.15.31:6789/0] -- mon_command({"prefix": "get_command_descriptions"} v 0) -- 0x7f9ac4064a80 con 0x7f9ac4108e00
2024-04-26T17:45:28.032 INFO:teuthology.orchestra.run.smithi031.stdout:/usr/bin/ceph: stderr
2024-04-26T17:45:27.241+0000 7f9ac37fe700 1 --2- 172.21.15.31:0/2876968350 >> [v2:172.21.15.31:6800/153341213,v1:172.21.15.31:6801/153341213] conn(0x7f9aac0395b0 0x7f9aac03ba70 unknown :-1 s=NONE pgs=0 cs=0 l=1 rev1=0 crypto rx=0 tx=0 comp rx=0 tx=0).connect
