2024-04-26T18:13:52.536+0000 7fc20121a200 -1 mgr[py] Module pg_autoscaler has missing NOTIFY_TYPES member
2024-04-26T18:13:52.982 INFO:journalctl@ceph.mgr.x.smithi037.stdout:Apr 26 18:13:52 smithi037 ceph-755ef512-03f8-11ef-bc93-c7b262605968-mgr-x[29402]:
2024-04-26T18:13:52.738+0000 7fc20121a200 -1 mgr[py] Module test_orchestrator has missing NOTIFY_TYPES member
2024-04-26T18:13:53.482 INFO:journalctl@ceph.mgr.x.smithi037.stdout:Apr 26 18:13:53 smithi037 ceph-755ef512-03f8-11ef-bc93-c7b262605968-mgr-x[29402]:
2024-04-26T18:13:53.363+0000 7fc20121a200 -1 mgr[py] Module rook has missing NOTIFY_TYPES member
2024-04-26T18:13:54.119 INFO:journalctl@ceph.mgr.x.smithi037.stdout:Apr 26 18:13:53 smithi037 ceph-755ef512-03f8-11ef-bc93-c7b262605968-mgr-x[29402]:
2024-04-26T18:13:53.805+0000 7fc20121a200 -1 mgr[py] Module volumes has missing NOTIFY_TYPES member
2024-04-26T18:13:54.119 INFO:journalctl@ceph.mgr.x.smithi037.stdout:Apr 26 18:13:53 smithi037 ceph-755ef512-03f8-11ef-bc93-c7b262605968-mgr-x[29402]:
2024-04-26T18:13:53.906+0000 7fc20121a200 -1 mgr[py] Module crash has missing NOTIFY_TYPES member
2024-04-26T18:13:54.119 INFO:journalctl@ceph.mgr.x.smithi037.stdout:Apr 26 18:13:54 smithi037 ceph-755ef512-03f8-11ef-bc93-c7b262605968-mgr-x[29402]:
2024-04-26T18:13:54.119+0000 7fc20121a200 -1 mgr[py] Module rgw has missing NOTIFY_TYPES member
2024-04-26T18:13:54.982 INFO:journalctl@ceph.mgr.x.smithi037.stdout:Apr 26 18:13:54 smithi037 ceph-755ef512-03f8-11ef-bc93-c7b262605968-mgr-x[29402]:
2024-04-26T18:13:54.687+0000 7fc20121a200 -1 mgr[py] Module prometheus has missing NOTIFY_TYPES member
2024-04-26T18:13:54.982 INFO:journalctl@ceph.mgr.x.smithi037.stdout:Apr 26 18:13:54 smithi037 ceph-755ef512-03f8-11ef-bc93-c7b262605968-mgr-x[29402]:
2024-04-26T18:13:54.784+0000 7fc20121a200 -1 mgr[py] Module devicehealth has missing NOTIFY_TYPES member
2024-04-26T18:13:55.402 INFO:journalctl@ceph.mgr.x.smithi037.stdout:Apr 26 18:13:55 smithi037 ceph-755ef512-03f8-11ef-bc93-c7b262605968-mgr-x[29402]:
2024-04-26T18:13:55.042+0000 7fc20121a200 -1 mgr[py] Module telemetry has missing NOTIFY_TYPES member
2024-04-26T18:13:55.402 INFO:journalctl@ceph.mgr.x.smithi037.stdout:Apr 26 18:13:55 smithi037 ceph-755ef512-03f8-11ef-bc93-c7b262605968-mgr-x[29402]:
2024-04-26T18:13:55.181+0000 7fc20121a200 -1 mgr[py] Module diskprediction_local has missing NOTIFY_TYPES member
2024-04-26T18:13:55.402 INFO:journalctl@ceph.mgr.x.smithi037.stdout:Apr 26 18:13:55 smithi037 ceph-755ef512-03f8-11ef-bc93-c7b262605968-mgr-x[29402]:
2024-04-26T18:13:55.281+0000 7fc20121a200 -1 mgr[py] Module osd_perf_query has missing NOTIFY_TYPES member
2024-04-26T18:13:55.403 INFO:journalctl@ceph.mgr.x.smithi037.stdout:Apr 26 18:13:55 smithi037 ceph-755ef512-03f8-11ef-bc93-c7b262605968-mgr-x[29402]:
2024-04-26T18:13:55.402+0000 7fc20121a200 -1 mgr[py] Module rbd_support has missing NOTIFY_TYPES member
2024-04-26T18:13:55.982 INFO:journalctl@ceph.mgr.x.smithi037.stdout:Apr 26 18:13:55 smithi037 ceph-755ef512-03f8-11ef-bc93-c7b262605968-mgr-x[29402]:
2024-04-26T18:13:55.715+0000 7fc20121a200 -1 mgr[py] Module zabbix has missing NOTIFY_TYPES member
2024-04-26T18:13:56.626 INFO:journalctl@ceph.mgr.x.smithi037.stdout:Apr 26 18:13:56 smithi037 ceph-755ef512-03f8-11ef-bc93-c7b262605968-mgr-x[29402]:
2024-04-26T18:13:56.345+0000 7fc20121a200 -1 mgr[py] Module status has missing NOTIFY_TYPES member
2024-04-26T18:13:56.626 INFO:journalctl@ceph.mgr.x.smithi037.stdout:Apr 26 18:13:56 smithi037 ceph-755ef512-03f8-11ef-bc93-c7b262605968-mgr-x[29402]:
2024-04-26T18:13:56.572+0000 7fc20121a200 -1 mgr[py] Module nfs has missing NOTIFY_TYPES member
2024-04-26T18:13:56.897 INFO:journalctl@ceph.mon.a.smithi037.stdout:Apr 26 18:13:56 smithi037 ceph-mon[29171]: Active manager daemon x restarted
2024-04-26T18:13:56.897 INFO:journalctl@ceph.mon.a.smithi037.stdout:Apr 26 18:13:56 smithi037 ceph-mon[29171]: Activating manager daemon x
2024-04-26T18:13:56.898 INFO:journalctl@ceph.mon.a.smithi037.stdout:Apr 26 18:13:56 smithi037 ceph-mon[29171]: osdmap e3: 0 total, 0 up, 0 in
2024-04-26T18:13:56.898 INFO:journalctl@ceph.mon.a.smithi037.stdout:Apr 26 18:13:56 smithi037 ceph-mon[29171]: mgrmap e10: x(active, starting, since 0.00366927s)
2024-04-26T18:13:56.898 INFO:journalctl@ceph.mon.a.smithi037.stdout:Apr 26 18:13:56 smithi037 ceph-mon[29171]: from='mgr.14152 172.21.15.37:0/1883497091' entity='mgr.x' cmd=[{"prefix": "mon metadata", "id": "a"}]: dispatch
2024-04-26T18:13:56.898 INFO:journalctl@ceph.mon.a.smithi037.stdout:Apr 26 18:13:56 smithi037 ceph-mon[29171]: from='mgr.14152 172.21.15.37:0/1883497091' entity='mgr.x' cmd=[{"prefix": "mgr metadata", "who": "x", "id": "x"}]: dispatch
2024-04-26T18:13:56.898 INFO:journalctl@ceph.mon.a.smithi037.stdout:Apr 26 18:13:56 smithi037 ceph-mon[29171]: from='mgr.14152 172.21.15.37:0/1883497091' entity='mgr.x' cmd=[{"prefix": "mds metadata"}]: dispatch
2024-04-26T18:13:56.898 INFO:journalctl@ceph.mon.a.smithi037.stdout:Apr 26 18:13:56 smithi037 ceph-mon[29171]: from='mgr.14152 172.21.15.37:0/1883497091' entity='mgr.x' cmd=[{"prefix": "osd metadata"}]: dispatch
2024-04-26T18:13:56.898 INFO:journalctl@ceph.mon.a.smithi037.stdout:Apr 26 18:13:56 smithi037 ceph-mon[29171]: from='mgr.14152 172.21.15.37:0/1883497091' entity='mgr.x' cmd=[{"prefix": "mon metadata"}]: dispatch
2024-04-26T18:13:56.898 INFO:journalctl@ceph.mon.a.smithi037.stdout:Apr 26 18:13:56 smithi037 ceph-mon[29171]: Manager daemon x is now available
2024-04-26T18:13:56.898 INFO:journalctl@ceph.mon.a.smithi037.stdout:Apr 26 18:13:56 smithi037 ceph-mon[29171]: from='mgr.14152 172.21.15.37:0/1883497091' entity='mgr.x' cmd=[{"prefix": "config dump", "format": "json"}]: dispatch
2024-04-26T18:13:57.947 INFO:journalctl@ceph.mon.a.smithi037.stdout:Apr 26 18:13:57 smithi037 ceph-mon[29171]: from='mgr.14152 172.21.15.37:0/1883497091' entity='mgr.x' cmd=[{"prefix":"config rm","who":"mgr","name":"mgr/rbd_support/x/mirror_snapshot_schedule"}]: dispatch
2024-04-26T18:13:57.947 INFO:journalctl@ceph.mon.a.smithi037.stdout:Apr 26 18:13:57 smithi037 ceph-mon[29171]: from='mgr.14152 172.21.15.37:0/1883497091' entity='mgr.x' cmd=[{"prefix":"config rm","who":"mgr","name":"mgr/rbd_support/x/trash_purge_schedule"}]: dispatch
2024-04-26T18:13:57.947 INFO:journalctl@ceph.mon.a.smithi037.stdout:Apr 26 18:13:57 smithi037 ceph-mon[29171]: [26/Apr/2024:18:13:56] ENGINE Bus STARTING
2024-04-26T18:13:57.947 INFO:journalctl@ceph.mon.a.smithi037.stdout:Apr 26 18:13:57 smithi037 ceph-mon[29171]: [26/Apr/2024:18:13:57] ENGINE Serving on http://172.21.15.37:8765
2024-04-26T18:13:57.947 INFO:journalctl@ceph.mon.a.smithi037.stdout:Apr 26 18:13:57 smithi037 ceph-mon[29171]: [26/Apr/2024:18:13:57] ENGINE Serving on https://172.21.15.37:7150
2024-04-26T18:13:57.947 INFO:journalctl@ceph.mon.a.smithi037.stdout:Apr 26 18:13:57 smithi037 ceph-mon[29171]: [26/Apr/2024:18:13:57] ENGINE Bus STARTED
2024-04-26T18:13:57.948 INFO:journalctl@ceph.mon.a.smithi037.stdout:Apr 26 18:13:57 smithi037 ceph-mon[29171]: mgrmap e11: x(active, since 1.00587s)
2024-04-26T18:13:58.217 INFO:teuthology.orchestra.run.smithi037.stdout:/usr/bin/ceph: stdout {
2024-04-26T18:13:58.226 INFO:teuthology.orchestra.run.smithi037.stdout:/usr/bin/ceph: stdout "mgrmap_epoch": 11,
2024-04-26T18:13:58.226 INFO:teuthology.orchestra.run.smithi037.stdout:/usr/bin/ceph: stdout "initialized": true
2024-04-26T18:13:58.226 INFO:teuthology.orchestra.run.smithi037.stdout:/usr/bin/ceph: stdout }
2024-04-26T18:13:58.226 INFO:teuthology.orchestra.run.smithi037.stdout:/usr/bin/ceph: stderr
2024-04-26T18:13:51.737+0000 7f4cb1fb9700 1 Processor -- start
2024-04-26T18:13:58.226 INFO:teuthology.orchestra.run.smithi037.stdout:/usr/bin/ceph: stderr
2024-04-26T18:13:51.737+0000 7f4cb1fb9700 1 -- start start
2024-04-26T18:13:58.226 INFO:teuthology.orchestra.run.smithi037.stdout:/usr/bin/ceph: stderr
2024-04-26T18:13:51.737+0000 7f4cb1fb9700 1 --2- >> [v2:172.21.15.37:3300/0,v1:172.21.15.37:6789/0] conn(0x7f4cac109a40 0x7f4cac10be30 unknown :-1 s=NONE pgs=0 cs=0 l=0 rev1=0 crypto rx=0 tx=0 comp rx=0 tx=0).connect
2024-04-26T18:13:58.226 INFO:teuthology.orchestra.run.smithi037.stdout:/usr/bin/ceph: stderr
2024-04-26T18:13:51.737+0000 7f4cb1fb9700 1 -- --> [v2:172.21.15.37:3300/0,v1:172.21.15.37:6789/0] -- mon_getmap magic: 0 -- 0x7f4cac07ce60 con 0x7f4cac109a40
2024-04-26T18:13:58.226 INFO:teuthology.orchestra.run.smithi037.stdout:/usr/bin/ceph: stderr
2024-04-26T18:13:51.737+0000 7f4cab7fe700 1 --2- >> [v2:172.21.15.37:3300/0,v1:172.21.15.37:6789/0] conn(0x7f4cac109a40 0x7f4cac10be30 unknown :-1 s=BANNER_CONNECTING pgs=0 cs=0 l=0 rev1=0 crypto rx=0 tx=0 comp rx=0 tx=0)._handle_peer_banner_payload supported=3 required=0
2024-04-26T18:13:58.226 INFO:teuthology.orchestra.run.smithi037.stdout:/usr/bin/ceph: stderr
2024-04-26T18:13:51.737+0000 7f4cab7fe700 1 --2- >> [v2:172.21.15.37:3300/0,v1:172.21.15.37:6789/0] conn(0x7f4cac109a40 0x7f4cac10be30 unknown :-1 s=HELLO_CONNECTING pgs=0 cs=0 l=0 rev1=1 crypto rx=0 tx=0 comp rx=0 tx=0).handle_hello peer v2:172.21.15.37:3300/0 says I am v2:172.21.15.37:43732/0 (socket says 172.21.15.37:43732)
2024-04-26T18:13:58.226 INFO:teuthology.orchestra.run.smithi037.stdout:/usr/bin/ceph: stderr
2024-04-26T18:13:51.737+0000 7f4cab7fe700 1 -- 172.21.15.37:0/3769934481 learned_addr learned my addr 172.21.15.37:0/3769934481 (peer_addr_for_me v2:172.21.15.37:0/0)
2024-04-26T18:13:58.226 INFO:teuthology.orchestra.run.smithi037.stdout:/usr/bin/ceph: stderr
2024-04-26T18:13:51.737+0000 7f4cab7fe700 1 -- 172.21.15.37:0/3769934481 --> [v2:172.21.15.37:3300/0,v1:172.21.15.37:6789/0] -- mon_subscribe({config=0+,monmap=0+}) -- 0x7f4cac10c370 con 0x7f4cac109a40
2024-04-26T18:13:58.227 INFO:teuthology.orchestra.run.smithi037.stdout:/usr/bin/ceph: stderr
2024-04-26T18:13:51.738+0000 7f4cab7fe700 1 --2- 172.21.15.37:0/3769934481 >> [v2:172.21.15.37:3300/0,v1:172.21.15.37:6789/0] conn(0x7f4cac109a40 0x7f4cac10be30 secure :-1 s=READY pgs=61 cs=0 l=1 rev1=1 crypto rx=0x7f4c9c0098a0 tx=0x7f4c9c009bb0 comp rx=0 tx=0).ready entity=mon.0 client_cookie=a18c6df38ede15c9 server_cookie=0 in_seq=0 out_seq=0
2024-04-26T18:13:58.227 INFO:teuthology.orchestra.run.smithi037.stdout:/usr/bin/ceph: stderr
2024-04-26T18:13:51.738+0000 7f4caa7fc700 1 -- 172.21.15.37:0/3769934481 <== mon.0 v2:172.21.15.37:3300/0 1 ==== mon_map magic: 0 ==== 205+0+0 (secure 0 0 0) 0x7f4c9c004160 con 0x7f4cac109a40
2024-04-26T18:13:58.227 INFO:teuthology.orchestra.run.smithi037.stdout:/usr/bin/ceph: stderr
2024-04-26T18:13:51.738+0000 7f4caa7fc700 1 -- 172.21.15.37:0/3769934481 <== mon.0 v2:172.21.15.37:3300/0 2 ==== config(26 keys) ==== 1101+0+0 (secure 0 0 0) 0x7f4c9c004300 con 0x7f4cac109a40
2024-04-26T18:13:58.227 INFO:teuthology.orchestra.run.smithi037.stdout:/usr/bin/ceph: stderr
2024-04-26T18:13:51.738+0000 7f4caa7fc700 1 -- 172.21.15.37:0/3769934481 <== mon.0 v2:172.21.15.37:3300/0 3 ==== mon_map magic: 0 ==== 205+0+0 (secure 0 0 0) 0x7f4c9c011a20 con 0x7f4cac109a40
2024-04-26T18:13:58.227 INFO:teuthology.orchestra.run.smithi037.stdout:/usr/bin/ceph: stderr
2024-04-26T18:13:51.738+0000 7f4cb1fb9700 1 -- 172.21.15.37:0/3769934481 >> [v2:172.21.15.37:3300/0,v1:172.21.15.37:6789/0] conn(0x7f4cac109a40 msgr2=0x7f4cac10be30 secure :-1 s=STATE_CONNECTION_ESTABLISHED l=1).mark_down
2024-04-26T18:13:58.227 INFO:teuthology.orchestra.run.smithi037.stdout:/usr/bin/ceph: stderr
2024-04-26T18:13:51.738+0000 7f4cb1fb9700 1 --2- 172.21.15.37:0/3769934481 >> [v2:172.21.15.37:3300/0,v1:172.21.15.37:6789/0] conn(0x7f4cac109a40 0x7f4cac10be30 secure :-1 s=READY pgs=61 cs=0 l=1 rev1=1 crypto rx=0x7f4c9c0098a0 tx=0x7f4c9c009bb0 comp rx=0 tx=0).stop
2024-04-26T18:13:58.227 INFO:teuthology.orchestra.run.smithi037.stdout:/usr/bin/ceph: stderr
2024-04-26T18:13:51.738+0000 7f4cb1fb9700 1 -- 172.21.15.37:0/3769934481 shutdown_connections
2024-04-26T18:13:58.227 INFO:teuthology.orchestra.run.smithi037.stdout:/usr/bin/ceph: stderr
2024-04-26T18:13:51.738+0000 7f4cb1fb9700 1 --2- 172.21.15.37:0/3769934481 >> [v2:172.21.15.37:3300/0,v1:172.21.15.37:6789/0] conn(0x7f4cac109a40 0x7f4cac10be30 unknown :-1 s=CLOSED pgs=61 cs=0 l=1 rev1=1 crypto rx=0 tx=0 comp rx=0 tx=0).stop
2024-04-26T18:13:58.227 INFO:teuthology.orchestra.run.smithi037.stdout:/usr/bin/ceph: stderr
2024-04-26T18:13:51.738+0000 7f4cb1fb9700 1 -- 172.21.15.37:0/3769934481 >> 172.21.15.37:0/3769934481 conn(0x7f4cac103450 msgr2=0x7f4cac105870 unknown :-1 s=STATE_NONE l=0).mark_down
2024-04-26T18:13:58.227 INFO:teuthology.orchestra.run.smithi037.stdout:/usr/bin/ceph: stderr
2024-04-26T18:13:51.739+0000 7f4cb1fb9700 1 -- 172.21.15.37:0/3769934481 shutdown_connections
2024-04-26T18:13:58.227 INFO:teuthology.orchestra.run.smithi037.stdout:/usr/bin/ceph: stderr
2024-04-26T18:13:51.739+0000 7f4cb1fb9700 1 -- 172.21.15.37:0/3769934481 wait complete.
2024-04-26T18:13:58.227 INFO:teuthology.orchestra.run.smithi037.stdout:/usr/bin/ceph: stderr
2024-04-26T18:13:51.739+0000 7f4cb1fb9700 1 Processor -- start
2024-04-26T18:13:58.228 INFO:teuthology.orchestra.run.smithi037.stdout:/usr/bin/ceph: stderr
2024-04-26T18:13:51.739+0000 7f4cb1fb9700 1 -- start start
2024-04-26T18:13:58.228 INFO:teuthology.orchestra.run.smithi037.stdout:/usr/bin/ceph: stderr
2024-04-26T18:13:51.739+0000 7f4cb1fb9700 1 --2- >> [v2:172.21.15.37:3300/0,v1:172.21.15.37:6789/0] conn(0x7f4cac109a40 0x7f4cac19f060 unknown :-1 s=NONE pgs=0 cs=0 l=1 rev1=0 crypto rx=0 tx=0 comp rx=0 tx=0).connect
2024-04-26T18:13:58.228 INFO:teuthology.orchestra.run.smithi037.stdout:/usr/bin/ceph: stderr
2024-04-26T18:13:51.740+0000 7f4cb1fb9700 1 -- --> [v2:172.21.15.37:3300/0,v1:172.21.15.37:6789/0] -- mon_getmap magic: 0 -- 0x7f4cac10d370 con 0x7f4cac109a40
2024-04-26T18:13:58.228 INFO:teuthology.orchestra.run.smithi037.stdout:/usr/bin/ceph: stderr
2024-04-26T18:13:51.740+0000 7f4cab7fe700 1 --2- >> [v2:172.21.15.37:3300/0,v1:172.21.15.37:6789/0] conn(0x7f4cac109a40 0x7f4cac19f060 unknown :-1 s=BANNER_CONNECTING pgs=0 cs=0 l=1 rev1=0 crypto rx=0 tx=0 comp rx=0 tx=0)._handle_peer_banner_payload supported=3 required=0
2024-04-26T18:13:58.228 INFO:teuthology.orchestra.run.smithi037.stdout:/usr/bin/ceph: stderr
2024-04-26T18:13:51.740+0000 7f4cab7fe700 1 --2- >> [v2:172.21.15.37:3300/0,v1:172.21.15.37:6789/0] conn(0x7f4cac109a40 0x7f4cac19f060 unknown :-1 s=HELLO_CONNECTING pgs=0 cs=0 l=1 rev1=1 crypto rx=0 tx=0 comp rx=0 tx=0).handle_hello peer v2:172.21.15.37:3300/0 says I am v2:172.21.15.37:43742/0 (socket says 172.21.15.37:43742)
2024-04-26T18:13:58.228 INFO:teuthology.orchestra.run.smithi037.stdout:/usr/bin/ceph: stderr
2024-04-26T18:13:51.740+0000 7f4cab7fe700 1 -- 172.21.15.37:0/729237308 learned_addr learned my addr 172.21.15.37:0/729237308 (peer_addr_for_me v2:172.21.15.37:0/0)
2024-04-26T18:13:58.228 INFO:teuthology.orchestra.run.smithi037.stdout:/usr/bin/ceph: stderr
2024-04-26T18:13:51.740+0000 7f4cab7fe700 1 -- 172.21.15.37:0/729237308 --> [v2:172.21.15.37:3300/0,v1:172.21.15.37:6789/0] -- mon_subscribe({config=0+,monmap=0+}) -- 0x7f4cac19f5a0 con 0x7f4cac109a40
2024-04-26T18:13:58.228 INFO:teuthology.orchestra.run.smithi037.stdout:/usr/bin/ceph: stderr
2024-04-26T18:13:51.740+0000 7f4cab7fe700 1 --2- 172.21.15.37:0/729237308 >> [v2:172.21.15.37:3300/0,v1:172.21.15.37:6789/0] conn(0x7f4cac109a40 0x7f4cac19f060 secure :-1 s=READY pgs=62 cs=0 l=1 rev1=1 crypto rx=0x7f4c9c000c00 tx=0x7f4c9c011aa0 comp rx=0 tx=0).ready entity=mon.0 client_cookie=0 server_cookie=0 in_seq=0 out_seq=0
2024-04-26T18:13:58.228 INFO:teuthology.orchestra.run.smithi037.stdout:/usr/bin/ceph: stderr
2024-04-26T18:13:51.740+0000 7f4ca8ff9700 1 -- 172.21.15.37:0/729237308 <== mon.0 v2:172.21.15.37:3300/0 1 ==== mon_map magic: 0 ==== 205+0+0 (secure 0 0 0) 0x7f4c9c003aa0 con 0x7f4cac109a40
2024-04-26T18:13:58.228 INFO:teuthology.orchestra.run.smithi037.stdout:/usr/bin/ceph: stderr
2024-04-26T18:13:51.740+0000 7f4ca8ff9700 1 -- 172.21.15.37:0/729237308 <== mon.0 v2:172.21.15.37:3300/0 2 ==== config(26 keys) ==== 1101+0+0 (secure 0 0 0) 0x7f4c9c01b8f0 con 0x7f4cac109a40
2024-04-26T18:13:58.228 INFO:teuthology.orchestra.run.smithi037.stdout:/usr/bin/ceph: stderr
2024-04-26T18:13:51.740+0000 7f4cb1fb9700 1 -- 172.21.15.37:0/729237308 --> [v2:172.21.15.37:3300/0,v1:172.21.15.37:6789/0] -- mon_subscribe({mgrmap=0+}) -- 0x7f4cac19f830 con 0x7f4cac109a40
2024-04-26T18:13:58.228 INFO:teuthology.orchestra.run.smithi037.stdout:/usr/bin/ceph: stderr
2024-04-26T18:13:51.740+0000 7f4ca8ff9700 1 -- 172.21.15.37:0/729237308 <== mon.0 v2:172.21.15.37:3300/0 3 ==== mon_map magic: 0 ==== 205+0+0 (secure 0 0 0) 0x7f4c9c023870 con 0x7f4cac109a40
2024-04-26T18:13:58.228 INFO:teuthology.orchestra.run.smithi037.stdout:/usr/bin/ceph: stderr
2024-04-26T18:13:51.740+0000 7f4cb1fb9700 1 -- 172.21.15.37:0/729237308 --> [v2:172.21.15.37:3300/0,v1:172.21.15.37:6789/0] -- mon_subscribe({osdmap=0}) -- 0x7f4cac1a2520 con 0x7f4cac109a40
2024-04-26T18:13:58.229 INFO:teuthology.orchestra.run.smithi037.stdout:/usr/bin/ceph: stderr
2024-04-26T18:13:51.741+0000 7f4ca8ff9700 1 -- 172.21.15.37:0/729237308 <== mon.0 v2:172.21.15.37:3300/0 4 ==== mgrmap(e 9) ==== 46571+0+0 (secure 0 0 0) 0x7f4c9c023b70 con 0x7f4cac109a40
2024-04-26T18:13:58.229 INFO:teuthology.orchestra.run.smithi037.stdout:/usr/bin/ceph: stderr
2024-04-26T18:13:51.741+0000 7f4ca8ff9700 1 --2- 172.21.15.37:0/729237308 >> [v2:172.21.15.37:6800/1233564213,v1:172.21.15.37:6801/1233564213] conn(0x7f4c94039600 0x7f4c9403bac0 unknown :-1 s=NONE pgs=0 cs=0 l=1 rev1=0 crypto rx=0 tx=0 comp rx=0 tx=0).connect
2024-04-26T18:13:58.229 INFO:teuthology.orchestra.run.smithi037.stdout:/usr/bin/ceph: stderr
2024-04-26T18:13:51.741+0000 7f4ca8ff9700 1 -- 172.21.15.37:0/729237308 --> [v2:172.21.15.37:6800/1233564213,v1:172.21.15.37:6801/1233564213] -- command(tid 0: {"prefix": "get_command_descriptions"}) -- 0x7f4c9403c1d0 con 0x7f4c94039600
2024-04-26T18:13:58.229 INFO:teuthology.orchestra.run.smithi037.stdout:/usr/bin/ceph: stderr
2024-04-26T18:13:51.741+0000 7f4ca8ff9700 1 -- 172.21.15.37:0/729237308 <== mon.0 v2:172.21.15.37:3300/0 5 ==== osd_map(2..2 src has 1..2) ==== 940+0+0 (secure 0 0 0) 0x7f4c9c04ee30 con 0x7f4cac109a40
2024-04-26T18:13:58.229 INFO:teuthology.orchestra.run.smithi037.stdout:/usr/bin/ceph: stderr
2024-04-26T18:13:51.741+0000 7f4caaffd700 1 -- 172.21.15.37:0/729237308 >> [v2:172.21.15.37:6800/1233564213,v1:172.21.15.37:6801/1233564213] conn(0x7f4c94039600 msgr2=0x7f4c9403bac0 unknown :-1 s=STATE_CONNECTING_RE l=1).process reconnect failed to v2:172.21.15.37:6800/1233564213
2024-04-26T18:13:58.229 INFO:teuthology.orchestra.run.smithi037.stdout:/usr/bin/ceph: stderr
2024-04-26T18:13:51.741+0000 7f4caaffd700 1 --2- 172.21.15.37:0/729237308 >> [v2:172.21.15.37:6800/1233564213,v1:172.21.15.37:6801/1233564213] conn(0x7f4c94039600 0x7f4c9403bac0 unknown :-1 s=START_CONNECT pgs=0 cs=0 l=1 rev1=0 crypto rx=0 tx=0 comp rx=0 tx=0)._fault waiting 0.200000
2024-04-26T18:13:58.229 INFO:teuthology.orchestra.run.smithi037.stdout:/usr/bin/ceph: stderr
2024-04-26T18:13:51.942+0000 7f4caaffd700 1 -- 172.21.15.37:0/729237308 >> [v2:172.21.15.37:6800/1233564213,v1:172.21.15.37:6801/1233564213] conn(0x7f4c94039600 msgr2=0x7f4c9403bac0 unknown :-1 s=STATE_CONNECTING_RE l=1).process reconnect failed to v2:172.21.15.37:6800/1233564213
2024-04-26T18:13:58.229 INFO:teuthology.orchestra.run.smithi037.stdout:/usr/bin/ceph: stderr
2024-04-26T18:13:51.942+0000 7f4caaffd700 1 --2- 172.21.15.37:0/729237308 >> [v2:172.21.15.37:6800/1233564213,v1:172.21.15.37:6801/1233564213] conn(0x7f4c94039600 0x7f4c9403bac0 unknown :-1 s=START_CONNECT pgs=0 cs=0 l=1 rev1=0 crypto rx=0 tx=0 comp rx=0 tx=0)._fault waiting 0.400000
2024-04-26T18:13:58.229 INFO:teuthology.orchestra.run.smithi037.stdout:/usr/bin/ceph: stderr
2024-04-26T18:13:52.343+0000 7f4caaffd700 1 -- 172.21.15.37:0/729237308 >> [v2:172.21.15.37:6800/1233564213,v1:172.21.15.37:6801/1233564213] conn(0x7f4c94039600 msgr2=0x7f4c9403bac0 unknown :-1 s=STATE_CONNECTING_RE l=1).process reconnect failed to v2:172.21.15.37:6800/1233564213
2024-04-26T18:13:58.229 INFO:teuthology.orchestra.run.smithi037.stdout:/usr/bin/ceph: stderr
2024-04-26T18:13:52.343+0000 7f4caaffd700 1 --2- 172.21.15.37:0/729237308 >> [v2:172.21.15.37:6800/1233564213,v1:172.21.15.37:6801/1233564213] conn(0x7f4c94039600 0x7f4c9403bac0 unknown :-1 s=START_CONNECT pgs=0 cs=0 l=1 rev1=0 crypto rx=0 tx=0 comp rx=0 tx=0)._fault waiting 0.800000
2024-04-26T18:13:58.229 INFO:teuthology.orchestra.run.smithi037.stdout:/usr/bin/ceph: stderr
2024-04-26T18:13:53.144+0000 7f4caaffd700 1 -- 172.21.15.37:0/729237308 >> [v2:172.21.15.37:6800/1233564213,v1:172.21.15.37:6801/1233564213] conn(0x7f4c94039600 msgr2=0x7f4c9403bac0 unknown :-1 s=STATE_CONNECTING_RE l=1).process reconnect failed to v2:172.21.15.37:6800/1233564213
2024-04-26T18:13:58.229 INFO:teuthology.orchestra.run.smithi037.stdout:/usr/bin/ceph: stderr
2024-04-26T18:13:53.144+0000 7f4caaffd700 1 --2- 172.21.15.37:0/729237308 >> [v2:172.21.15.37:6800/1233564213,v1:172.21.15.37:6801/1233564213] conn(0x7f4c94039600 0x7f4c9403bac0 unknown :-1 s=START_CONNECT pgs=0 cs=0 l=1 rev1=0 crypto rx=0 tx=0 comp rx=0 tx=0)._fault waiting 1.600000
2024-04-26T18:13:58.229 INFO:teuthology.orchestra.run.smithi037.stdout:/usr/bin/ceph: stderr
2024-04-26T18:13:54.745+0000 7f4caaffd700 1 -- 172.21.15.37:0/729237308 >> [v2:172.21.15.37:6800/1233564213,v1:172.21.15.37:6801/1233564213] conn(0x7f4c94039600 msgr2=0x7f4c9403bac0 unknown :-1 s=STATE_CONNECTING_RE l=1).process reconnect failed to v2:172.21.15.37:6800/1233564213
2024-04-26T18:13:58.230 INFO:teuthology.orchestra.run.smithi037.stdout:/usr/bin/ceph: stderr
2024-04-26T18:13:54.745+0000 7f4caaffd700 1 --2- 172.21.15.37:0/729237308 >> [v2:172.21.15.37:6800/1233564213,v1:172.21.15.37:6801/1233564213] conn(0x7f4c94039600 0x7f4c9403bac0 unknown :-1 s=START_CONNECT pgs=0 cs=0 l=1 rev1=0 crypto rx=0 tx=0 comp rx=0 tx=0)._fault waiting 3.200000
2024-04-26T18:13:58.230 INFO:teuthology.orchestra.run.smithi037.stdout:/usr/bin/ceph: stderr
2024-04-26T18:13:56.575+0000 7f4ca8ff9700 1 -- 172.21.15.37:0/729237308 <== mon.0 v2:172.21.15.37:3300/0 6 ==== mgrmap(e 10) ==== 46338+0+0 (secure 0 0 0) 0x7f4c9c02c910 con 0x7f4cac109a40
2024-04-26T18:13:58.230 INFO:teuthology.orchestra.run.smithi037.stdout:/usr/bin/ceph: stderr
2024-04-26T18:13:56.575+0000 7f4ca8ff9700 1 -- 172.21.15.37:0/729237308 >> [v2:172.21.15.37:6800/1233564213,v1:172.21.15.37:6801/1233564213] conn(0x7f4c94039600 msgr2=0x7f4c9403bac0 unknown :-1 s=STATE_CONNECTING l=1).mark_down
2024-04-26T18:13:58.230 INFO:teuthology.orchestra.run.smithi037.stdout:/usr/bin/ceph: stderr
2024-04-26T18:13:56.575+0000 7f4ca8ff9700 1 --2- 172.21.15.37:0/729237308 >> [v2:172.21.15.37:6800/1233564213,v1:172.21.15.37:6801/1233564213] conn(0x7f4c94039600 0x7f4c9403bac0 unknown :-1 s=START_CONNECT pgs=0 cs=0 l=1 rev1=0 crypto rx=0 tx=0 comp rx=0 tx=0).stop
2024-04-26T18:13:58.230 INFO:teuthology.orchestra.run.smithi037.stdout:/usr/bin/ceph: stderr
2024-04-26T18:13:57.577+0000 7f4ca8ff9700 1 -- 172.21.15.37:0/729237308 <== mon.0 v2:172.21.15.37:3300/0 7 ==== mgrmap(e 11) ==== 46465+0+0 (secure 0 0 0) 0x7f4c9c04fd40 con 0x7f4cac109a40
2024-04-26T18:13:58.230 INFO:teuthology.orchestra.run.smithi037.stdout:/usr/bin/ceph: stderr
2024-04-26T18:13:57.577+0000 7f4ca8ff9700 1 --2- 172.21.15.37:0/729237308 >> [v2:172.21.15.37:6800/813673186,v1:172.21.15.37:6801/813673186] conn(0x7f4c9403cfe0 0x7f4c9403f3d0 unknown :-1 s=NONE pgs=0 cs=0 l=1 rev1=0 crypto rx=0 tx=0 comp rx=0 tx=0).connect
2024-04-26T18:13:58.230 INFO:teuthology.orchestra.run.smithi037.stdout:/usr/bin/ceph: stderr
2024-04-26T18:13:57.577+0000 7f4ca8ff9700 1 -- 172.21.15.37:0/729237308 --> [v2:172.21.15.37:6800/813673186,v1:172.21.15.37:6801/813673186] -- command(tid 0: {"prefix": "get_command_descriptions"}) -- 0x7f4c9c02de50 con 0x7f4c9403cfe0
2024-04-26T18:13:58.230 INFO:teuthology.orchestra.run.smithi037.stdout:/usr/bin/ceph: stderr
2024-04-26T18:13:57.577+0000 7f4caaffd700 1 --2- 172.21.15.37:0/729237308 >> [v2:172.21.15.37:6800/813673186,v1:172.21.15.37:6801/813673186] conn(0x7f4c9403cfe0 0x7f4c9403f3d0 unknown :-1 s=BANNER_CONNECTING pgs=0 cs=0 l=1 rev1=0 crypto rx=0 tx=0 comp rx=0 tx=0)._handle_peer_banner_payload supported=3 required=0
2024-04-26T18:13:58.230 INFO:teuthology.orchestra.run.smithi037.stdout:/usr/bin/ceph: stderr
2024-04-26T18:13:57.578+0000 7f4caaffd700 1 --2- 172.21.15.37:0/729237308 >> [v2:172.21.15.37:6800/813673186,v1:172.21.15.37:6801/813673186] conn(0x7f4c9403cfe0 0x7f4c9403f3d0 secure :-1 s=READY pgs=1 cs=0 l=1 rev1=1 crypto rx=0x7f4ca0003a10 tx=0x7f4ca00092b0 comp rx=0 tx=0).ready entity=mgr.14152 client_cookie=0 server_cookie=0 in_seq=0 out_seq=0
2024-04-26T18:13:58.230 INFO:teuthology.orchestra.run.smithi037.stdout:/usr/bin/ceph: stderr
2024-04-26T18:13:57.579+0000 7f4ca8ff9700 1 -- 172.21.15.37:0/729237308 <== mgr.14152 v2:172.21.15.37:6800/813673186 1 ==== command_reply(tid 0: 0 ) ==== 8+0+9564 (secure 0 0 0) 0x7f4c9c02de50 con 0x7f4c9403cfe0
2024-04-26T18:13:58.230 INFO:teuthology.orchestra.run.smithi037.stdout:/usr/bin/ceph: stderr
2024-04-26T18:13:57.587+0000 7f4cb1fb9700 1 -- 172.21.15.37:0/729237308 --> [v2:172.21.15.37:6800/813673186,v1:172.21.15.37:6801/813673186] -- command(tid 1: {"prefix": "mgr_status"}) -- 0x7f4cac064a80 con 0x7f4c9403cfe0
2024-04-26T18:13:58.230 INFO:teuthology.orchestra.run.smithi037.stdout:/usr/bin/ceph: stderr
2024-04-26T18:13:57.588+0000 7f4ca8ff9700 1 -- 172.21.15.37:0/729237308 <== mgr.14152 v2:172.21.15.37:6800/813673186 2 ==== command_reply(tid 1: 0 ) ==== 8+0+52 (secure 0 0 0) 0x7f4cac064a80 con 0x7f4c9403cfe0
2024-04-26T18:13:58.231 INFO:teuthology.orchestra.run.smithi037.stdout:/usr/bin/ceph: stderr
2024-04-26T18:13:57.588+0000 7f4cb1fb9700 1 -- 172.21.15.37:0/729237308 >> [v2:172.21.15.37:6800/813673186,v1:172.21.15.37:6801/813673186] conn(0x7f4c9403cfe0 msgr2=0x7f4c9403f3d0 secure :-1 s=STATE_CONNECTION_ESTABLISHED l=1).mark_down
2024-04-26T18:13:58.231 INFO:teuthology.orchestra.run.smithi037.stdout:/usr/bin/ceph: stderr
2024-04-26T18:13:57.588+0000 7f4cb1fb9700 1 --2- 172.21.15.37:0/729237308 >> [v2:172.21.15.37:6800/813673186,v1:172.21.15.37:6801/813673186] conn(0x7f4c9403cfe0 0x7f4c9403f3d0 secure :-1 s=READY pgs=1 cs=0 l=1 rev1=1 crypto rx=0x7f4ca0003a10 tx=0x7f4ca00092b0 comp rx=0 tx=0).stop
2024-04-26T18:13:58.231 INFO:teuthology.orchestra.run.smithi037.stdout:/usr/bin/ceph: stderr
2024-04-26T18:13:57.588+0000 7f4cb1fb9700 1 -- 172.21.15.37:0/729237308 >> [v2:172.21.15.37:3300/0,v1:172.21.15.37:6789/0] conn(0x7f4cac109a40 msgr2=0x7f4cac19f060 secure :-1 s=STATE_CONNECTION_ESTABLISHED l=1).mark_down
2024-04-26T18:13:58.231 INFO:teuthology.orchestra.run.smithi037.stdout:/usr/bin/ceph: stderr
2024-04-26T18:13:57.588+0000 7f4cb1fb9700 1 --2- 172.21.15.37:0/729237308 >> [v2:172.21.15.37:3300/0,v1:172.21.15.37:6789/0] conn(0x7f4cac109a40 0x7f4cac19f060 secure :-1 s=READY pgs=62 cs=0 l=1 rev1=1 crypto rx=0x7f4c9c000c00 tx=0x7f4c9c011aa0 comp rx=0 tx=0).stop
2024-04-26T18:13:58.231 INFO:teuthology.orchestra.run.smithi037.stdout:/usr/bin/ceph: stderr
2024-04-26T18:13:57.588+0000 7f4cb1fb9700 1 -- 172.21.15.37:0/729237308 shutdown_connections
2024-04-26T18:13:58.231 INFO:teuthology.orchestra.run.smithi037.stdout:/usr/bin/ceph: stderr
2024-04-26T18:13:57.588+0000 7f4cb1fb9700 1 --2- 172.21.15.37:0/729237308 >> [v2:172.21.15.37:6800/813673186,v1:172.21.15.37:6801/813673186] conn(0x7f4c9403cfe0 0x7f4c9403f3d0 unknown :-1 s=CLOSED pgs=1 cs=0 l=1 rev1=1 crypto rx=0 tx=0 comp rx=0 tx=0).stop
2024-04-26T18:13:58.231 INFO:teuthology.orchestra.run.smithi037.stdout:/usr/bin/ceph: stderr
2024-04-26T18:13:57.588+0000 7f4cb1fb9700 1 --2- 172.21.15.37:0/729237308 >> [v2:172.21.15.37:3300/0,v1:172.21.15.37:6789/0] conn(0x7f4cac109a40 0x7f4cac19f060 unknown :-1 s=CLOSED pgs=62 cs=0 l=1 rev1=1 crypto rx=0 tx=0 comp rx=0 tx=0).stop
2024-04-26T18:13:58.231 INFO:teuthology.orchestra.run.smithi037.stdout:/usr/bin/ceph: stderr
2024-04-26T18:13:57.588+0000 7f4cb1fb9700 1 --2- 172.21.15.37:0/729237308 >> [v2:172.21.15.37:6800/1233564213,v1:172.21.15.37:6801/1233564213] conn(0x7f4c94039600 0x7f4c9403bac0 unknown :-1 s=CLOSED pgs=0 cs=0 l=1 rev1=0 crypto rx=0 tx=0 comp rx=0 tx=0).stop
2024-04-26T18:13:58.231 INFO:teuthology.orchestra.run.smithi037.stdout:/usr/bin/ceph: stderr
2024-04-26T18:13:57.588+0000 7f4cb1fb9700 1 -- 172.21.15.37:0/729237308 >> 172.21.15.37:0/729237308 conn(0x7f4cac103450 msgr2=0x7f4cac103e50 unknown :-1 s=STATE_NONE l=0).mark_down
2024-04-26T18:13:58.231 INFO:teuthology.orchestra.run.smithi037.stdout:/usr/bin/ceph: stderr
2024-04-26T18:13:57.588+0000 7f4cb1fb9700 1 -- 172.21.15.37:0/729237308 shutdown_connections
2024-04-26T18:13:58.231 INFO:teuthology.orchestra.run.smithi037.stdout:/usr/bin/ceph: stderr
2024-04-26T18:13:57.588+0000 7f4cb1fb9700 1 -- 172.21.15.37:0/729237308 wait complete.
2024-04-26T18:13:58.231 INFO:teuthology.orchestra.run.smithi037.stdout:mgr epoch 9 is available
2024-04-26T18:13:58.232 INFO:teuthology.orchestra.run.smithi037.stdout:Generating a dashboard self-signed certificate...
2024-04-26T18:13:58.827 INFO:journalctl@ceph.mon.a.smithi037.stdout:Apr 26 18:13:58 smithi037 ceph-mon[29171]: from='client.14156 -' entity='client.admin' cmd=[{"prefix": "get_command_descriptions"}]: dispatch
2024-04-26T18:13:58.827 INFO:journalctl@ceph.mon.a.smithi037.stdout:Apr 26 18:13:58 smithi037 ceph-mon[29171]: from='client.14156 -' entity='client.admin' cmd=[{"prefix": "mgr_status"}]: dispatch
2024-04-26T18:13:59.814 INFO:teuthology.orchestra.run.smithi037.stdout:/usr/bin/ceph: stdout Self-signed certificate created
2024-04-26T18:13:59.814 INFO:teuthology.orchestra.run.smithi037.stdout:/usr/bin/ceph: stderr
2024-04-26T18:13:58.862+0000 7f0c72d70700 1 Processor -- start
2024-04-26T18:13:59.815 INFO:teuthology.orchestra.run.smithi037.stdout:/usr/bin/ceph: stderr
2024-04-26T18:13:58.863+0000 7f0c72d70700 1 -- start start
2024-04-26T18:13:59.815 INFO:teuthology.orchestra.run.smithi037.stdout:/usr/bin/ceph: stderr
2024-04-26T18:13:58.863+0000 7f0c72d70700 1 --2- >> [v2:172.21.15.37:3300/0,v1:172.21.15.37:6789/0] conn(0x7f0c6c108f70 0x7f0c6c109390 unknown :-1 s=NONE pgs=0 cs=0 l=0 rev1=0 crypto rx=0 tx=0 comp rx=0 tx=0).connect
2024-04-26T18:13:59.815 INFO:teuthology.orchestra.run.smithi037.stdout:/usr/bin/ceph: stderr
2024-04-26T18:13:58.863+0000 7f0c72d70700 1 -- --> [v2:172.21.15.37:3300/0,v1:172.21.15.37:6789/0] -- mon_getmap magic: 0 -- 0x7f0c6c109960 con 0x7f0c6c108f70
2024-04-26T18:13:59.815 INFO:teuthology.orchestra.run.smithi037.stdout:/usr/bin/ceph: stderr
2024-04-26T18:13:58.863+0000 7f0c70b0c700 1 --2- >> [v2:172.21.15.37:3300/0,v1:172.21.15.37:6789/0] conn(0x7f0c6c108f70 0x7f0c6c109390 unknown :-1 s=BANNER_CONNECTING pgs=0 cs=0 l=0 rev1=0 crypto rx=0 tx=0 comp rx=0 tx=0)._handle_peer_banner_payload supported=3 required=0
2024-04-26T18:13:59.815 INFO:teuthology.orchestra.run.smithi037.stdout:/usr/bin/ceph: stderr
2024-04-26T18:13:58.863+0000 7f0c70b0c700 1 --2- >> [v2:172.21.15.37:3300/0,v1:172.21.15.37:6789/0] conn(0x7f0c6c108f70 0x7f0c6c109390 unknown :-1 s=HELLO_CONNECTING pgs=0 cs=0 l=0 rev1=1 crypto rx=0 tx=0 comp rx=0 tx=0).handle_hello peer v2:172.21.15.37:3300/0 says I am v2:172.21.15.37:36722/0 (socket says 172.21.15.37:36722)
2024-04-26T18:13:59.815 INFO:teuthology.orchestra.run.smithi037.stdout:/usr/bin/ceph: stderr
2024-04-26T18:13:58.863+0000 7f0c70b0c700 1 -- 172.21.15.37:0/2115769736 learned_addr learned my addr 172.21.15.37:0/2115769736 (peer_addr_for_me v2:172.21.15.37:0/0)
2024-04-26T18:13:59.815 INFO:teuthology.orchestra.run.smithi037.stdout:/usr/bin/ceph: stderr
2024-04-26T18:13:58.863+0000 7f0c70b0c700 1 -- 172.21.15.37:0/2115769736 --> [v2:172.21.15.37:3300/0,v1:172.21.15.37:6789/0] -- mon_subscribe({config=0+,monmap=0+}) -- 0x7f0c6c10a170 con 0x7f0c6c108f70
2024-04-26T18:13:59.815 INFO:teuthology.orchestra.run.smithi037.stdout:/usr/bin/ceph: stderr
2024-04-26T18:13:58.863+0000 7f0c70b0c700 1 --2- 172.21.15.37:0/2115769736 >> [v2:172.21.15.37:3300/0,v1:172.21.15.37:6789/0] conn(0x7f0c6c108f70 0x7f0c6c109390 secure :-1 s=READY pgs=70 cs=0 l=1 rev1=1 crypto rx=0x7f0c5c0098a0 tx=0x7f0c5c009bb0 comp rx=0 tx=0).ready entity=mon.0 client_cookie=d90f2cf2826684bc server_cookie=0 in_seq=0 out_seq=0
2024-04-26T18:13:59.815 INFO:teuthology.orchestra.run.smithi037.stdout:/usr/bin/ceph: stderr
2024-04-26T18:13:58.864+0000 7f0c6b7fe700 1 -- 172.21.15.37:0/2115769736 <== mon.0 v2:172.21.15.37:3300/0 1 ==== mon_map magic: 0 ==== 205+0+0 (secure 0 0 0) 0x7f0c5c004160 con 0x7f0c6c108f70
2024-04-26T18:13:59.815 INFO:teuthology.orchestra.run.smithi037.stdout:/usr/bin/ceph: stderr
2024-04-26T18:13:58.864+0000 7f0c6b7fe700 1 -- 172.21.15.37:0/2115769736 <== mon.0 v2:172.21.15.37:3300/0 2 ==== config(26 keys) ==== 1101+0+0 (secure 0 0 0) 0x7f0c5c004300 con 0x7f0c6c108f70
2024-04-26T18:13:59.815 INFO:teuthology.orchestra.run.smithi037.stdout:/usr/bin/ceph: stderr
2024-04-26T18:13:58.864+0000 7f0c6b7fe700 1 -- 172.21.15.37:0/2115769736 <== mon.0 v2:172.21.15.37:3300/0 3 ==== mon_map magic: 0 ==== 205+0+0 (secure 0 0 0) 0x7f0c5c011a20 con 0x7f0c6c108f70
2024-04-26T18:13:59.815 INFO:teuthology.orchestra.run.smithi037.stdout:/usr/bin/ceph: stderr
2024-04-26T18:13:58.864+0000 7f0c72d70700 1 -- 172.21.15.37:0/2115769736 >> [v2:172.21.15.37:3300/0,v1:172.21.15.37:6789/0] conn(0x7f0c6c108f70 msgr2=0x7f0c6c109390 secure :-1 s=STATE_CONNECTION_ESTABLISHED l=1).mark_down
2024-04-26T18:13:59.815 INFO:teuthology.orchestra.run.smithi037.stdout:/usr/bin/ceph: stderr
2024-04-26T18:13:58.864+0000 7f0c72d70700 1 --2- 172.21.15.37:0/2115769736 >> [v2:172.21.15.37:3300/0,v1:172.21.15.37:6789/0] conn(0x7f0c6c108f70 0x7f0c6c109390 secure :-1 s=READY pgs=70 cs=0 l=1 rev1=1 crypto rx=0x7f0c5c0098a0 tx=0x7f0c5c009bb0 comp rx=0 tx=0).stop
2024-04-26T18:13:59.816 INFO:teuthology.orchestra.run.smithi037.stdout:/usr/bin/ceph: stderr
2024-04-26T18:13:58.864+0000 7f0c72d70700 1 -- 172.21.15.37:0/2115769736 shutdown_connections
2024-04-26T18:13:59.816 INFO:teuthology.orchestra.run.smithi037.stdout:/usr/bin/ceph: stderr
2024-04-26T18:13:58.864+0000 7f0c72d70700 1 --2- 172.21.15.37:0/2115769736 >> [v2:172.21.15.37:3300/0,v1:172.21.15.37:6789/0] conn(0x7f0c6c108f70 0x7f0c6c109390 unknown :-1 s=CLOSED pgs=70 cs=0 l=1 rev1=1 crypto rx=0 tx=0 comp rx=0 tx=0).stop
2024-04-26T18:13:59.816 INFO:teuthology.orchestra.run.smithi037.stdout:/usr/bin/ceph: stderr
2024-04-26T18:13:58.864+0000 7f0c72d70700 1 -- 172.21.15.37:0/2115769736 >> 172.21.15.37:0/2115769736 conn(0x7f0c6c1044f0 msgr2=0x7f0c6c106950 unknown :-1 s=STATE_NONE l=0).mark_down
2024-04-26T18:13:59.816 INFO:teuthology.orchestra.run.smithi037.stdout:/usr/bin/ceph: stderr
2024-04-26T18:13:58.864+0000 7f0c72d70700 1 -- 172.21.15.37:0/2115769736 shutdown_connections
2024-04-26T18:13:59.816 INFO:teuthology.orchestra.run.smithi037.stdout:/usr/bin/ceph: stderr
2024-04-26T18:13:58.864+0000 7f0c72d70700 1 -- 172.21.15.37:0/2115769736 wait complete.
2024-04-26T18:13:59.816 INFO:teuthology.orchestra.run.smithi037.stdout:/usr/bin/ceph: stderr
2024-04-26T18:13:58.865+0000 7f0c72d70700 1 Processor -- start
2024-04-26T18:13:59.816 INFO:teuthology.orchestra.run.smithi037.stdout:/usr/bin/ceph: stderr
2024-04-26T18:13:58.865+0000 7f0c72d70700 1 -- start start
2024-04-26T18:13:59.816 INFO:teuthology.orchestra.run.smithi037.stdout:/usr/bin/ceph: stderr
2024-04-26T18:13:58.865+0000 7f0c72d70700 1 --2- >> [v2:172.21.15.37:3300/0,v1:172.21.15.37:6789/0] conn(0x7f0c6c108f70 0x7f0c6c07eb60 unknown :-1 s=NONE pgs=0 cs=0 l=1 rev1=0 crypto rx=0 tx=0 comp rx=0 tx=0).connect
2024-04-26T18:13:59.816 INFO:teuthology.orchestra.run.smithi037.stdout:/usr/bin/ceph: stderr
2024-04-26T18:13:58.865+0000 7f0c72d70700 1 -- --> [v2:172.21.15.37:3300/0,v1:172.21.15.37:6789/0] -- mon_getmap magic: 0 -- 0x7f0c6c10d520 con 0x7f0c6c108f70
2024-04-26T18:13:59.816 INFO:teuthology.orchestra.run.smithi037.stdout:/usr/bin/ceph: stderr
2024-04-26T18:13:58.865+0000 7f0c70b0c700 1 --2- >> [v2:172.21.15.37:3300/0,v1:172.21.15.37:6789/0] conn(0x7f0c6c108f70 0x7f0c6c07eb60 unknown :-1 s=BANNER_CONNECTING pgs=0 cs=0 l=1 rev1=0 crypto rx=0 tx=0 comp rx=0 tx=0)._handle_peer_banner_payload supported=3 required=0
2024-04-26T18:13:59.816 INFO:teuthology.orchestra.run.smithi037.stdout:/usr/bin/ceph: stderr
2024-04-26T18:13:58.865+0000 7f0c70b0c700 1 --2- >> [v2:172.21.15.37:3300/0,v1:172.21.15.37:6789/0] conn(0x7f0c6c108f70 0x7f0c6c07eb60 unknown :-1 s=HELLO_CONNECTING pgs=0 cs=0 l=1 rev1=1 crypto rx=0 tx=0 comp rx=0 tx=0).handle_hello peer v2:172.21.15.37:3300/0 says I am v2:172.21.15.37:36730/0 (socket says 172.21.15.37:36730)
2024-04-26T18:13:59.816 INFO:teuthology.orchestra.run.smithi037.stdout:/usr/bin/ceph: stderr
2024-04-26T18:13:58.865+0000 7f0c70b0c700 1 -- 172.21.15.37:0/112509192 learned_addr learned my addr 172.21.15.37:0/112509192 (peer_addr_for_me v2:172.21.15.37:0/0)
2024-04-26T18:13:59.816 INFO:teuthology.orchestra.run.smithi037.stdout:/usr/bin/ceph: stderr
2024-04-26T18:13:58.865+0000 7f0c70b0c700 1 -- 172.21.15.37:0/112509192 --> [v2:172.21.15.37:3300/0,v1:172.21.15.37:6789/0] -- mon_subscribe({config=0+,monmap=0+}) -- 0x7f0c6c07f0a0 con 0x7f0c6c108f70
2024-04-26T18:13:59.817 INFO:teuthology.orchestra.run.smithi037.stdout:/usr/bin/ceph: stderr
2024-04-26T18:13:58.866+0000 7f0c70b0c700 1 --2- 172.21.15.37:0/112509192 >> [v2:172.21.15.37:3300/0,v1:172.21.15.37:6789/0] conn(0x7f0c6c108f70 0x7f0c6c07eb60 secure :-1 s=READY pgs=71 cs=0 l=1 rev1=1 crypto rx=0x7f0c5c009520 tx=0x7f0c5c011aa0 comp rx=0 tx=0).ready entity=mon.0 client_cookie=0 server_cookie=0 in_seq=0 out_seq=0
2024-04-26T18:13:59.817 INFO:teuthology.orchestra.run.smithi037.stdout:/usr/bin/ceph: stderr
2024-04-26T18:13:58.866+0000 7f0c69ffb700 1 -- 172.21.15.37:0/112509192 <== mon.0 v2:172.21.15.37:3300/0 1 ==== mon_map magic: 0 ==== 205+0+0 (secure 0 0 0) 0x7f0c5c0039e0 con 0x7f0c6c108f70
2024-04-26T18:13:59.817 INFO:teuthology.orchestra.run.smithi037.stdout:/usr/bin/ceph: stderr
2024-04-26T18:13:58.866+0000 7f0c69ffb700 1 -- 172.21.15.37:0/112509192 <== mon.0 v2:172.21.15.37:3300/0 2 ==== config(26 keys) ==== 1101+0+0 (secure 0 0 0) 0x7f0c5c01b8f0 con 0x7f0c6c108f70
2024-04-26T18:13:59.817 INFO:teuthology.orchestra.run.smithi037.stdout:/usr/bin/ceph: stderr
2024-04-26T18:13:58.866+0000 7f0c72d70700 1 -- 172.21.15.37:0/112509192 --> [v2:172.21.15.37:3300/0,v1:172.21.15.37:6789/0] -- mon_subscribe({mgrmap=0+}) -- 0x7f0c6c07d290 con 0x7f0c6c108f70
2024-04-26T18:13:59.817 INFO:teuthology.orchestra.run.smithi037.stdout:/usr/bin/ceph: stderr
2024-04-26T18:13:58.866+0000 7f0c69ffb700 1 -- 172.21.15.37:0/112509192 <== mon.0 v2:172.21.15.37:3300/0 3 ==== mon_map magic: 0 ==== 205+0+0 (secure 0 0 0) 0x7f0c5c019770 con 0x7f0c6c108f70
2024-04-26T18:13:59.817 INFO:teuthology.orchestra.run.smithi037.stdout:/usr/bin/ceph: stderr
2024-04-26T18:13:58.866+0000 7f0c72d70700 1 -- 172.21.15.37:0/112509192 --> [v2:172.21.15.37:3300/0,v1:172.21.15.37:6789/0] -- mon_subscribe({osdmap=0}) -- 0x7f0c6c07d7d0 con 0x7f0c6c108f70
2024-04-26T18:13:59.817 INFO:teuthology.orchestra.run.smithi037.stdout:/usr/bin/ceph: stderr
2024-04-26T18:13:58.867+0000 7f0c69ffb700 1 -- 172.21.15.37:0/112509192 <== mon.0 v2:172.21.15.37:3300/0 4 ==== mgrmap(e 12) ==== 46571+0+0 (secure 0 0 0) 0x7f0c5c019a20 con 0x7f0c6c108f70
2024-04-26T18:13:59.817 INFO:teuthology.orchestra.run.smithi037.stdout:/usr/bin/ceph: stderr
2024-04-26T18:13:58.867+0000 7f0c69ffb700 1 --2- 172.21.15.37:0/112509192 >> [v2:172.21.15.37:6800/813673186,v1:172.21.15.37:6801/813673186] conn(0x7f0c54039650 0x7f0c5403bb10 unknown :-1 s=NONE pgs=0 cs=0 l=1 rev1=0 crypto rx=0 tx=0 comp rx=0 tx=0).connect
2024-04-26T18:13:59.817 INFO:teuthology.orchestra.run.smithi037.stdout:/usr/bin/ceph: stderr
2024-04-26T18:13:58.867+0000 7f0c69ffb700 1 -- 172.21.15.37:0/112509192 <== mon.0 v2:172.21.15.37:3300/0 5 ==== osd_map(3..3 src has 1..3) ==== 1155+0+0 (secure 0 0 0) 0x7f0c5c04dfc0 con 0x7f0c6c108f70
2024-04-26T18:13:59.817 INFO:teuthology.orchestra.run.smithi037.stdout:/usr/bin/ceph: stderr
2024-04-26T18:13:58.867+0000 7f0c6bfff700 1 --2- 172.21.15.37:0/112509192 >> [v2:172.21.15.37:6800/813673186,v1:172.21.15.37:6801/813673186] conn(0x7f0c54039650 0x7f0c5403bb10 unknown :-1 s=BANNER_CONNECTING pgs=0 cs=0 l=1 rev1=0 crypto rx=0 tx=0 comp rx=0 tx=0)._handle_peer_banner_payload supported=3 required=0
2024-04-26T18:13:59.817 INFO:teuthology.orchestra.run.smithi037.stdout:/usr/bin/ceph: stderr
2024-04-26T18:13:58.867+0000 7f0c72d70700 1 -- 172.21.15.37:0/112509192 --> [v2:172.21.15.37:3300/0,v1:172.21.15.37:6789/0] -- mon_command({"prefix": "get_command_descriptions"} v 0) -- 0x7f0c6c064a80 con 0x7f0c6c108f70
2024-04-26T18:13:59.817 INFO:teuthology.orchestra.run.smithi037.stdout:/usr/bin/ceph: stderr
2024-04-26T18:13:58.867+0000 7f0c6bfff700 1 --2- 172.21.15.37:0/112509192 >> [v2:172.21.15.37:6800/813673186,v1:172.21.15.37:6801/813673186] conn(0x7f0c54039650 0x7f0c5403bb10 secure :-1 s=READY pgs=7 cs=0 l=1 rev1=1 crypto rx=0x7f0c60006fd0 tx=0x7f0c60006e40 comp rx=0 tx=0).ready entity=mgr.14152 client_cookie=0 server_cookie=0 in_seq=0 out_seq=0
2024-04-26T18:13:59.817 INFO:teuthology.orchestra.run.smithi037.stdout:/usr/bin/ceph: stderr
2024-04-26T18:13:58.873+0000 7f0c69ffb700 1 -- 172.21.15.37:0/112509192 <== mon.0 v2:172.21.15.37:3300/0 6 ==== mon_command_ack([{"prefix": "get_command_descriptions"}]=0 v0) ==== 72+0+188370 (secure 0 0 0) 0x7f0c5c01f030 con 0x7f0c6c108f70
2024-04-26T18:13:59.817 INFO:teuthology.orchestra.run.smithi037.stdout:/usr/bin/ceph: stderr
2024-04-26T18:13:59.091+0000 7f0c72d70700 1 -- 172.21.15.37:0/112509192 --> [v2:172.21.15.37:6800/813673186,v1:172.21.15.37:6801/813673186] -- mgr_command(tid 0: {"prefix": "dashboard create-self-signed-cert", "target": ["mon-mgr", ""]}) -- 0x7f0c6c07e140 con 0x7f0c54039650
2024-04-26T18:13:59.818 INFO:teuthology.orchestra.run.smithi037.stdout:/usr/bin/ceph: stderr
2024-04-26T18:13:59.216+0000 7f0c69ffb700 1 -- 172.21.15.37:0/112509192 <== mgr.14152 v2:172.21.15.37:6800/813673186 1 ==== mgr_command_reply(tid 0: 0 ) ==== 8+0+32 (secure 0 0 0) 0x7f0c6000a040 con 0x7f0c54039650
2024-04-26T18:13:59.818 INFO:teuthology.orchestra.run.smithi037.stdout:/usr/bin/ceph: stderr
2024-04-26T18:13:59.219+0000 7f0c72d70700 1 -- 172.21.15.37:0/112509192 >> [v2:172.21.15.37:6800/813673186,v1:172.21.15.37:6801/813673186] conn(0x7f0c54039650 msgr2=0x7f0c5403bb10 secure :-1 s=STATE_CONNECTION_ESTABLISHED l=1).mark_down
2024-04-26T18:13:59.818 INFO:teuthology.orchestra.run.smithi037.stdout:/usr/bin/ceph: stderr
2024-04-26T18:13:59.219+0000 7f0c72d70700 1 --2- 172.21.15.37:0/112509192 >> [v2:172.21.15.37:6800/813673186,v1:172.21.15.37:6801/813673186] conn(0x7f0c54039650 0x7f0c5403bb10 secure :-1 s=READY pgs=7 cs=0 l=1 rev1=1 crypto rx=0x7f0c60006fd0 tx=0x7f0c60006e40 comp rx=0 tx=0).stop
2024-04-26T18:13:59.818 INFO:teuthology.orchestra.run.smithi037.stdout:/usr/bin/ceph: stderr
2024-04-26T18:13:59.219+0000 7f0c72d70700 1 -- 172.21.15.37:0/112509192 >> [v2:172.21.15.37:3300/0,v1:172.21.15.37:6789/0] conn(0x7f0c6c108f70 msgr2=0x7f0c6c07eb60 secure :-1 s=STATE_CONNECTION_ESTABLISHED l=1).mark_down
2024-04-26T18:13:59.818 INFO:teuthology.orchestra.run.smithi037.stdout:/usr/bin/ceph: stderr
2024-04-26T18:13:59.219+0000 7f0c72d70700 1 --2- 172.21.15.37:0/112509192 >> [v2:172.21.15.37:3300/0,v1:172.21.15.37:6789/0] conn(0x7f0c6c108f70 0x7f0c6c07eb60 secure :-1 s=READY pgs=71 cs=0 l=1 rev1=1 crypto rx=0x7f0c5c009520 tx=0x7f0c5c011aa0 comp rx=0 tx=0).stop
2024-04-26T18:13:59.818 INFO:teuthology.orchestra.run.smithi037.stdout:/usr/bin/ceph: stderr
2024-04-26T18:13:59.219+0000 7f0c72d70700 1 -- 172.21.15.37:0/112509192 shutdown_connections
2024-04-26T18:13:59.818 INFO:teuthology.orchestra.run.smithi037.stdout:/usr/bin/ceph: stderr
2024-04-26T18:13:59.219+0000 7f0c72d70700 1 --2- 172.21.15.37:0/112509192 >> [v2:172.21.15.37:6800/813673186,v1:172.21.15.37:6801/813673186] conn(0x7f0c54039650 0x7f0c5403bb10 unknown :-1 s=CLOSED pgs=7 cs=0 l=1 rev1=1 crypto rx=0 tx=0 comp rx=0 tx=0).stop
2024-04-26T18:13:59.818 INFO:teuthology.orchestra.run.smithi037.stdout:/usr/bin/ceph: stderr
2024-04-26T18:13:59.219+0000 7f0c72d70700 1 --2- 172.21.15.37:0/112509192 >> [v2:172.21.15.37:3300/0,v1:172.21.15.37:6789/0] conn(0x7f0c6c108f70 0x7f0c6c07eb60 unknown :-1 s=CLOSED pgs=71 cs=0 l=1 rev1=1 crypto rx=0 tx=0 comp rx=0 tx=0).stop
2024-04-26T18:13:59.818 INFO:teuthology.orchestra.run.smithi037.stdout:/usr/bin/ceph: stderr
2024-04-26T18:13:59.219+0000 7f0c72d70700 1 -- 172.21.15.37:0/112509192 >> 172.21.15.37:0/112509192 conn(0x7f0c6c1044f0 msgr2=0x7f0c6c104fc0 unknown :-1 s=STATE_NONE l=0).mark_down
2024-04-26T18:13:59.818 INFO:teuthology.orchestra.run.smithi037.stdout:/usr/bin/ceph: stderr
2024-04-26T18:13:59.219+0000 7f0c72d70700 1 -- 172.21.15.37:0/112509192 shutdown_connections
2024-04-26T18:13:59.818 INFO:teuthology.orchestra.run.smithi037.stdout:/usr/bin/ceph: stderr
2024-04-26T18:13:59.219+0000 7f0c72d70700 1 -- 172.21.15.37:0/112509192 wait complete.
2024-04-26T18:13:59.818 INFO:teuthology.orchestra.run.smithi037.stdout:Creating initial admin user...
2024-04-26T18:13:59.935 INFO:journalctl@ceph.mon.a.smithi037.stdout:Apr 26 18:13:59 smithi037 ceph-mon[29171]: mgrmap e12: x(active, since 2s)
2024-04-26T18:13:59.936 INFO:journalctl@ceph.mon.a.smithi037.stdout:Apr 26 18:13:59 smithi037 ceph-mon[29171]: from='mgr.14152 172.21.15.37:0/1883497091' entity='mgr.x'
2024-04-26T18:13:59.936 INFO:journalctl@ceph.mon.a.smithi037.stdout:Apr 26 18:13:59 smithi037 ceph-mon[29171]: from='client.14164 -' entity='client.admin' cmd=[{"prefix": "dashboard create-self-signed-cert", "target": ["mon-mgr", ""]}]: dispatch
2024-04-26T18:13:59.936 INFO:journalctl@ceph.mon.a.smithi037.stdout:Apr 26 18:13:59 smithi037 ceph-mon[29171]: from='mgr.14152 172.21.15.37:0/1883497091' entity='mgr.x'
2024-04-26T18:13:59.936 INFO:journalctl@ceph.mon.a.smithi037.stdout:Apr 26 18:13:59 smithi037 ceph-mon[29171]: from='mgr.14152 172.21.15.37:0/1883497091' entity='mgr.x'
2024-04-26T18:14:01.483 INFO:journalctl@ceph.mon.a.smithi037.stdout:Apr 26 18:14:01 smithi037 ceph-mon[29171]: from='mgr.14152 172.21.15.37:0/1883497091' entity='mgr.x'
2024-04-26T18:14:01.483 INFO:journalctl@ceph.mon.a.smithi037.stdout:Apr 26 18:14:01 smithi037 ceph-mon[29171]: from='mgr.14152 172.21.15.37:0/1883497091' entity='mgr.x'
2024-04-26T18:14:02.132 INFO:teuthology.orchestra.run.smithi037.stdout:/usr/bin/ceph: stdout {"username": "admin", "password": "$2b$12$utAFn.gmgBkDrmTuloWAXe3eZs1ROxhhoWd5O7FBVwJIhgDC1S23a", "roles": ["administrator"], "name": null, "email": null, "lastUpdate": 1714155240, "enabled": true, "pwdExpirationDate": null, "pwdUpdateRequired": true}
2024-04-26T18:14:02.133 INFO:teuthology.orchestra.run.smithi037.stdout:/usr/bin/ceph: stderr
2024-04-26T18:14:00.317+0000 7fc398a97700 1 Processor -- start
2024-04-26T18:14:02.133 INFO:teuthology.orchestra.run.smithi037.stdout:/usr/bin/ceph: stderr
2024-04-26T18:14:00.317+0000 7fc398a97700 1 -- start start
2024-04-26T18:14:02.133 INFO:teuthology.orchestra.run.smithi037.stdout:/usr/bin/ceph: stderr
2024-04-26T18:14:00.318+0000 7fc398a97700 1 --2- >> [v2:172.21.15.37:3300/0,v1:172.21.15.37:6789/0] conn(0x7fc3941078b0 0x7fc394107cd0 unknown :-1 s=NONE pgs=0 cs=0 l=0 rev1=0 crypto rx=0 tx=0 comp rx=0 tx=0).connect
2024-04-26T18:14:02.133 INFO:teuthology.orchestra.run.smithi037.stdout:/usr/bin/ceph: stderr
2024-04-26T18:14:00.318+0000 7fc398a97700 1 -- --> [v2:172.21.15.37:3300/0,v1:172.21.15.37:6789/0] -- mon_getmap magic: 0 -- 0x7fc394076ce0 con 0x7fc3941078b0
2024-04-26T18:14:02.133 INFO:teuthology.orchestra.run.smithi037.stdout:/usr/bin/ceph: stderr
2024-04-26T18:14:00.318+0000 7fc39259c700 1 --2- >> [v2:172.21.15.37:3300/0,v1:172.21.15.37:6789/0] conn(0x7fc3941078b0 0x7fc394107cd0 unknown :-1 s=BANNER_CONNECTING pgs=0 cs=0 l=0 rev1=0 crypto rx=0 tx=0 comp rx=0 tx=0)._handle_peer_banner_payload supported=3 required=0
2024-04-26T18:14:02.134 INFO:teuthology.orchestra.run.smithi037.stdout:/usr/bin/ceph: stderr
2024-04-26T18:14:00.318+0000 7fc39259c700 1 --2- >> [v2:172.21.15.37:3300/0,v1:172.21.15.37:6789/0] conn(0x7fc3941078b0 0x7fc394107cd0 unknown :-1 s=HELLO_CONNECTING pgs=0 cs=0 l=0 rev1=1 crypto rx=0 tx=0 comp rx=0 tx=0).handle_hello peer v2:172.21.15.37:3300/0 says I am v2:172.21.15.37:36732/0 (socket says 172.21.15.37:36732)
2024-04-26T18:14:02.134 INFO:teuthology.orchestra.run.smithi037.stdout:/usr/bin/ceph: stderr
2024-04-26T18:14:00.318+0000 7fc39259c700 1 -- 172.21.15.37:0/210470612 learned_addr learned my addr 172.21.15.37:0/210470612 (peer_addr_for_me v2:172.21.15.37:0/0)
2024-04-26T18:14:02.134 INFO:teuthology.orchestra.run.smithi037.stdout:/usr/bin/ceph: stderr
2024-04-26T18:14:00.318+0000 7fc39259c700 1 -- 172.21.15.37:0/210470612 --> [v2:172.21.15.37:3300/0,v1:172.21.15.37:6789/0] -- mon_subscribe({config=0+,monmap=0+}) -- 0x7fc394108210 con 0x7fc3941078b0
2024-04-26T18:14:02.134 INFO:teuthology.orchestra.run.smithi037.stdout:/usr/bin/ceph: stderr
2024-04-26T18:14:00.318+0000 7fc39259c700 1 --2- 172.21.15.37:0/210470612 >> [v2:172.21.15.37:3300/0,v1:172.21.15.37:6789/0] conn(0x7fc3941078b0 0x7fc394107cd0 secure :-1 s=READY pgs=72 cs=0 l=1 rev1=1 crypto rx=0x7fc3880098a0 tx=0x7fc388009bb0 comp rx=0 tx=0).ready entity=mon.0 client_cookie=b61b286e898d036d server_cookie=0 in_seq=0 out_seq=0
2024-04-26T18:14:02.134 INFO:teuthology.orchestra.run.smithi037.stdout:/usr/bin/ceph: stderr
2024-04-26T18:14:00.319+0000 7fc39159a700 1 -- 172.21.15.37:0/210470612 <== mon.0 v2:172.21.15.37:3300/0 1 ==== mon_map magic: 0 ==== 205+0+0 (secure 0 0 0) 0x7fc388004160 con 0x7fc3941078b0
2024-04-26T18:14:02.135 INFO:teuthology.orchestra.run.smithi037.stdout:/usr/bin/ceph: stderr
2024-04-26T18:14:00.319+0000 7fc39159a700 1 -- 172.21.15.37:0/210470612 <== mon.0 v2:172.21.15.37:3300/0 2 ==== config(26 keys) ==== 1101+0+0 (secure 0 0 0) 0x7fc388004300 con 0x7fc3941078b0
2024-04-26T18:14:02.135 INFO:teuthology.orchestra.run.smithi037.stdout:/usr/bin/ceph: stderr
