2024-04-26T18:13:43.342 INFO:teuthology.orchestra.run.smithi037.stdout:/usr/bin/ceph: stderr
2024-04-26T18:13:42.383+0000 7f12e68b4700 1 -- --> [v2:172.21.15.37:3300/0,v1:172.21.15.37:6789/0] -- mon_getmap magic: 0 -- 0x7f12e01087f0 con 0x7f12e0107e90
2024-04-26T18:13:43.342 INFO:teuthology.orchestra.run.smithi037.stdout:/usr/bin/ceph: stderr
2024-04-26T18:13:42.384+0000 7f12dffff700 1 --2- >> [v2:172.21.15.37:3300/0,v1:172.21.15.37:6789/0] conn(0x7f12e0107e90 0x7f12e01082b0 unknown :-1 s=BANNER_CONNECTING pgs=0 cs=0 l=0 rev1=0 crypto rx=0 tx=0 comp rx=0 tx=0)._handle_peer_banner_payload supported=3 required=0
2024-04-26T18:13:43.342 INFO:teuthology.orchestra.run.smithi037.stdout:/usr/bin/ceph: stderr
2024-04-26T18:13:42.384+0000 7f12dffff700 1 --2- >> [v2:172.21.15.37:3300/0,v1:172.21.15.37:6789/0] conn(0x7f12e0107e90 0x7f12e01082b0 unknown :-1 s=HELLO_CONNECTING pgs=0 cs=0 l=0 rev1=1 crypto rx=0 tx=0 comp rx=0 tx=0).handle_hello peer v2:172.21.15.37:3300/0 says I am v2:172.21.15.37:40050/0 (socket says 172.21.15.37:40050)
2024-04-26T18:13:43.342 INFO:teuthology.orchestra.run.smithi037.stdout:/usr/bin/ceph: stderr
2024-04-26T18:13:42.384+0000 7f12dffff700 1 -- 172.21.15.37:0/3842716555 learned_addr learned my addr 172.21.15.37:0/3842716555 (peer_addr_for_me v2:172.21.15.37:0/0)
2024-04-26T18:13:43.342 INFO:teuthology.orchestra.run.smithi037.stdout:/usr/bin/ceph: stderr
2024-04-26T18:13:42.384+0000 7f12dffff700 1 -- 172.21.15.37:0/3842716555 --> [v2:172.21.15.37:3300/0,v1:172.21.15.37:6789/0] -- mon_subscribe({config=0+,monmap=0+}) -- 0x7f12e0108ff0 con 0x7f12e0107e90
2024-04-26T18:13:43.342 INFO:teuthology.orchestra.run.smithi037.stdout:/usr/bin/ceph: stderr
2024-04-26T18:13:42.384+0000 7f12dffff700 1 --2- 172.21.15.37:0/3842716555 >> [v2:172.21.15.37:3300/0,v1:172.21.15.37:6789/0] conn(0x7f12e0107e90 0x7f12e01082b0 secure :-1 s=READY pgs=47 cs=0 l=1 rev1=1 crypto rx=0x7f12d000bb40 tx=0x7f12d000be50 comp rx=0 tx=0).ready entity=mon.0 client_cookie=aa796095638527c5 server_cookie=0 in_seq=0 out_seq=0
2024-04-26T18:13:43.342 INFO:teuthology.orchestra.run.smithi037.stdout:/usr/bin/ceph: stderr
2024-04-26T18:13:42.384+0000 7f12deffd700 1 -- 172.21.15.37:0/3842716555 <== mon.0 v2:172.21.15.37:3300/0 1 ==== mon_map magic: 0 ==== 205+0+0 (secure 0 0 0) 0x7f12d000dbe0 con 0x7f12e0107e90
2024-04-26T18:13:43.342 INFO:teuthology.orchestra.run.smithi037.stdout:/usr/bin/ceph: stderr
2024-04-26T18:13:42.384+0000 7f12deffd700 1 -- 172.21.15.37:0/3842716555 <== mon.0 v2:172.21.15.37:3300/0 2 ==== config(26 keys) ==== 1070+0+0 (secure 0 0 0) 0x7f12d00044c0 con 0x7f12e0107e90
2024-04-26T18:13:43.342 INFO:teuthology.orchestra.run.smithi037.stdout:/usr/bin/ceph: stderr
2024-04-26T18:13:42.384+0000 7f12deffd700 1 -- 172.21.15.37:0/3842716555 <== mon.0 v2:172.21.15.37:3300/0 3 ==== mon_map magic: 0 ==== 205+0+0 (secure 0 0 0) 0x7f12d0010470 con 0x7f12e0107e90
2024-04-26T18:13:43.342 INFO:teuthology.orchestra.run.smithi037.stdout:/usr/bin/ceph: stderr
2024-04-26T18:13:42.385+0000 7f12e68b4700 1 -- 172.21.15.37:0/3842716555 >> [v2:172.21.15.37:3300/0,v1:172.21.15.37:6789/0] conn(0x7f12e0107e90 msgr2=0x7f12e01082b0 secure :-1 s=STATE_CONNECTION_ESTABLISHED l=1).mark_down
2024-04-26T18:13:43.342 INFO:teuthology.orchestra.run.smithi037.stdout:/usr/bin/ceph: stderr
2024-04-26T18:13:42.385+0000 7f12e68b4700 1 --2- 172.21.15.37:0/3842716555 >> [v2:172.21.15.37:3300/0,v1:172.21.15.37:6789/0] conn(0x7f12e0107e90 0x7f12e01082b0 secure :-1 s=READY pgs=47 cs=0 l=1 rev1=1 crypto rx=0x7f12d000bb40 tx=0x7f12d000be50 comp rx=0 tx=0).stop
2024-04-26T18:13:43.343 INFO:teuthology.orchestra.run.smithi037.stdout:/usr/bin/ceph: stderr
2024-04-26T18:13:42.385+0000 7f12e68b4700 1 -- 172.21.15.37:0/3842716555 shutdown_connections
2024-04-26T18:13:43.343 INFO:teuthology.orchestra.run.smithi037.stdout:/usr/bin/ceph: stderr
2024-04-26T18:13:42.385+0000 7f12e68b4700 1 --2- 172.21.15.37:0/3842716555 >> [v2:172.21.15.37:3300/0,v1:172.21.15.37:6789/0] conn(0x7f12e0107e90 0x7f12e01082b0 unknown :-1 s=CLOSED pgs=47 cs=0 l=1 rev1=1 crypto rx=0 tx=0 comp rx=0 tx=0).stop
2024-04-26T18:13:43.343 INFO:teuthology.orchestra.run.smithi037.stdout:/usr/bin/ceph: stderr
2024-04-26T18:13:42.385+0000 7f12e68b4700 1 -- 172.21.15.37:0/3842716555 >> 172.21.15.37:0/3842716555 conn(0x7f12e0103450 msgr2=0x7f12e0105870 unknown :-1 s=STATE_NONE l=0).mark_down
2024-04-26T18:13:43.343 INFO:teuthology.orchestra.run.smithi037.stdout:/usr/bin/ceph: stderr
2024-04-26T18:13:42.385+0000 7f12e68b4700 1 -- 172.21.15.37:0/3842716555 shutdown_connections
2024-04-26T18:13:43.343 INFO:teuthology.orchestra.run.smithi037.stdout:/usr/bin/ceph: stderr
2024-04-26T18:13:42.385+0000 7f12e68b4700 1 -- 172.21.15.37:0/3842716555 wait complete.
2024-04-26T18:13:43.343 INFO:teuthology.orchestra.run.smithi037.stdout:/usr/bin/ceph: stderr
2024-04-26T18:13:42.386+0000 7f12e68b4700 1 Processor -- start
2024-04-26T18:13:43.343 INFO:teuthology.orchestra.run.smithi037.stdout:/usr/bin/ceph: stderr
2024-04-26T18:13:42.386+0000 7f12e68b4700 1 -- start start
2024-04-26T18:13:43.343 INFO:teuthology.orchestra.run.smithi037.stdout:/usr/bin/ceph: stderr
2024-04-26T18:13:42.386+0000 7f12e68b4700 1 --2- >> [v2:172.21.15.37:3300/0,v1:172.21.15.37:6789/0] conn(0x7f12e0107e90 0x7f12e019ac20 unknown :-1 s=NONE pgs=0 cs=0 l=1 rev1=0 crypto rx=0 tx=0 comp rx=0 tx=0).connect
2024-04-26T18:13:43.343 INFO:teuthology.orchestra.run.smithi037.stdout:/usr/bin/ceph: stderr
2024-04-26T18:13:42.386+0000 7f12e68b4700 1 -- --> [v2:172.21.15.37:3300/0,v1:172.21.15.37:6789/0] -- mon_getmap magic: 0 -- 0x7f12e007bfc0 con 0x7f12e0107e90
2024-04-26T18:13:43.343 INFO:teuthology.orchestra.run.smithi037.stdout:/usr/bin/ceph: stderr
2024-04-26T18:13:42.386+0000 7f12dffff700 1 --2- >> [v2:172.21.15.37:3300/0,v1:172.21.15.37:6789/0] conn(0x7f12e0107e90 0x7f12e019ac20 unknown :-1 s=BANNER_CONNECTING pgs=0 cs=0 l=1 rev1=0 crypto rx=0 tx=0 comp rx=0 tx=0)._handle_peer_banner_payload supported=3 required=0
2024-04-26T18:13:43.343 INFO:teuthology.orchestra.run.smithi037.stdout:/usr/bin/ceph: stderr
2024-04-26T18:13:42.386+0000 7f12dffff700 1 --2- >> [v2:172.21.15.37:3300/0,v1:172.21.15.37:6789/0] conn(0x7f12e0107e90 0x7f12e019ac20 unknown :-1 s=HELLO_CONNECTING pgs=0 cs=0 l=1 rev1=1 crypto rx=0 tx=0 comp rx=0 tx=0).handle_hello peer v2:172.21.15.37:3300/0 says I am v2:172.21.15.37:40064/0 (socket says 172.21.15.37:40064)
2024-04-26T18:13:43.343 INFO:teuthology.orchestra.run.smithi037.stdout:/usr/bin/ceph: stderr
2024-04-26T18:13:42.386+0000 7f12dffff700 1 -- 172.21.15.37:0/812064836 learned_addr learned my addr 172.21.15.37:0/812064836 (peer_addr_for_me v2:172.21.15.37:0/0)
2024-04-26T18:13:43.343 INFO:teuthology.orchestra.run.smithi037.stdout:/usr/bin/ceph: stderr
2024-04-26T18:13:42.386+0000 7f12dffff700 1 -- 172.21.15.37:0/812064836 --> [v2:172.21.15.37:3300/0,v1:172.21.15.37:6789/0] -- mon_subscribe({config=0+,monmap=0+}) -- 0x7f12e019b160 con 0x7f12e0107e90
2024-04-26T18:13:43.344 INFO:teuthology.orchestra.run.smithi037.stdout:/usr/bin/ceph: stderr
2024-04-26T18:13:42.387+0000 7f12dffff700 1 --2- 172.21.15.37:0/812064836 >> [v2:172.21.15.37:3300/0,v1:172.21.15.37:6789/0] conn(0x7f12e0107e90 0x7f12e019ac20 secure :-1 s=READY pgs=48 cs=0 l=1 rev1=1 crypto rx=0x7f12d000b340 tx=0x7f12d0003dc0 comp rx=0 tx=0).ready entity=mon.0 client_cookie=0 server_cookie=0 in_seq=0 out_seq=0
2024-04-26T18:13:43.344 INFO:teuthology.orchestra.run.smithi037.stdout:/usr/bin/ceph: stderr
2024-04-26T18:13:42.387+0000 7f12dd7fa700 1 -- 172.21.15.37:0/812064836 <== mon.0 v2:172.21.15.37:3300/0 1 ==== mon_map magic: 0 ==== 205+0+0 (secure 0 0 0) 0x7f12d0027070 con 0x7f12e0107e90
2024-04-26T18:13:43.344 INFO:teuthology.orchestra.run.smithi037.stdout:/usr/bin/ceph: stderr
2024-04-26T18:13:42.387+0000 7f12e68b4700 1 -- 172.21.15.37:0/812064836 --> [v2:172.21.15.37:3300/0,v1:172.21.15.37:6789/0] -- mon_subscribe({mgrmap=0+}) -- 0x7f12e019b3f0 con 0x7f12e0107e90
2024-04-26T18:13:43.344 INFO:teuthology.orchestra.run.smithi037.stdout:/usr/bin/ceph: stderr
2024-04-26T18:13:42.387+0000 7f12dd7fa700 1 -- 172.21.15.37:0/812064836 <== mon.0 v2:172.21.15.37:3300/0 2 ==== config(26 keys) ==== 1070+0+0 (secure 0 0 0) 0x7f12d0010bb0 con 0x7f12e0107e90
2024-04-26T18:13:43.344 INFO:teuthology.orchestra.run.smithi037.stdout:/usr/bin/ceph: stderr
2024-04-26T18:13:42.387+0000 7f12dd7fa700 1 -- 172.21.15.37:0/812064836 <== mon.0 v2:172.21.15.37:3300/0 3 ==== mon_map magic: 0 ==== 205+0+0 (secure 0 0 0) 0x7f12d0022ac0 con 0x7f12e0107e90
2024-04-26T18:13:43.344 INFO:teuthology.orchestra.run.smithi037.stdout:/usr/bin/ceph: stderr
2024-04-26T18:13:42.387+0000 7f12e68b4700 1 -- 172.21.15.37:0/812064836 --> [v2:172.21.15.37:3300/0,v1:172.21.15.37:6789/0] -- mon_subscribe({osdmap=0}) -- 0x7f12e019e0e0 con 0x7f12e0107e90
2024-04-26T18:13:43.344 INFO:teuthology.orchestra.run.smithi037.stdout:/usr/bin/ceph: stderr
2024-04-26T18:13:42.388+0000 7f12dd7fa700 1 -- 172.21.15.37:0/812064836 <== mon.0 v2:172.21.15.37:3300/0 4 ==== mgrmap(e 8) ==== 46558+0+0 (secure 0 0 0) 0x7f12d002a070 con 0x7f12e0107e90
2024-04-26T18:13:43.344 INFO:teuthology.orchestra.run.smithi037.stdout:/usr/bin/ceph: stderr
2024-04-26T18:13:42.388+0000 7f12e68b4700 1 -- 172.21.15.37:0/812064836 --> [v2:172.21.15.37:3300/0,v1:172.21.15.37:6789/0] -- mon_command({"prefix": "get_command_descriptions"} v 0) -- 0x7f12e0064a80 con 0x7f12e0107e90
2024-04-26T18:13:43.344 INFO:teuthology.orchestra.run.smithi037.stdout:/usr/bin/ceph: stderr
2024-04-26T18:13:42.388+0000 7f12dd7fa700 1 --2- 172.21.15.37:0/812064836 >> [v2:172.21.15.37:6800/1233564213,v1:172.21.15.37:6801/1233564213] conn(0x7f12c80395b0 0x7f12c803ba70 unknown :-1 s=NONE pgs=0 cs=0 l=1 rev1=0 crypto rx=0 tx=0 comp rx=0 tx=0).connect
2024-04-26T18:13:43.344 INFO:teuthology.orchestra.run.smithi037.stdout:/usr/bin/ceph: stderr
2024-04-26T18:13:42.388+0000 7f12dd7fa700 1 -- 172.21.15.37:0/812064836 <== mon.0 v2:172.21.15.37:3300/0 5 ==== osd_map(2..2 src has 1..2) ==== 940+0+0 (secure 0 0 0) 0x7f12d001f070 con 0x7f12e0107e90
2024-04-26T18:13:43.344 INFO:teuthology.orchestra.run.smithi037.stdout:/usr/bin/ceph: stderr
2024-04-26T18:13:42.388+0000 7f12df7fe700 1 --2- 172.21.15.37:0/812064836 >> [v2:172.21.15.37:6800/1233564213,v1:172.21.15.37:6801/1233564213] conn(0x7f12c80395b0 0x7f12c803ba70 unknown :-1 s=BANNER_CONNECTING pgs=0 cs=0 l=1 rev1=0 crypto rx=0 tx=0 comp rx=0 tx=0)._handle_peer_banner_payload supported=3 required=0
2024-04-26T18:13:43.345 INFO:teuthology.orchestra.run.smithi037.stdout:/usr/bin/ceph: stderr
2024-04-26T18:13:42.389+0000 7f12df7fe700 1 --2- 172.21.15.37:0/812064836 >> [v2:172.21.15.37:6800/1233564213,v1:172.21.15.37:6801/1233564213] conn(0x7f12c80395b0 0x7f12c803ba70 secure :-1 s=READY pgs=12 cs=0 l=1 rev1=1 crypto rx=0x7f12d4006fd0 tx=0x7f12d4006e40 comp rx=0 tx=0).ready entity=mgr.14120 client_cookie=0 server_cookie=0 in_seq=0 out_seq=0
2024-04-26T18:13:43.345 INFO:teuthology.orchestra.run.smithi037.stdout:/usr/bin/ceph: stderr
2024-04-26T18:13:42.393+0000 7f12dd7fa700 1 -- 172.21.15.37:0/812064836 <== mon.0 v2:172.21.15.37:3300/0 6 ==== mon_command_ack([{"prefix": "get_command_descriptions"}]=0 v0) ==== 72+0+188370 (secure 0 0 0) 0x7f12d0015070 con 0x7f12e0107e90
2024-04-26T18:13:43.345 INFO:teuthology.orchestra.run.smithi037.stdout:/usr/bin/ceph: stderr
2024-04-26T18:13:42.636+0000 7f12e68b4700 1 -- 172.21.15.37:0/812064836 --> [v2:172.21.15.37:6800/1233564213,v1:172.21.15.37:6801/1233564213] -- mgr_command(tid 0: {"prefix": "orch apply", "service_type": "mon", "unmanaged": true, "target": ["mon-mgr", ""]}) -- 0x7f12e0063860 con 0x7f12c80395b0
2024-04-26T18:13:43.345 INFO:teuthology.orchestra.run.smithi037.stdout:/usr/bin/ceph: stderr
2024-04-26T18:13:42.644+0000 7f12dd7fa700 1 -- 172.21.15.37:0/812064836 <== mgr.14120 v2:172.21.15.37:6800/1233564213 1 ==== mgr_command_reply(tid 0: 0 ) ==== 8+0+24 (secure 0 0 0) 0x7f12e0063860 con 0x7f12c80395b0
2024-04-26T18:13:43.345 INFO:teuthology.orchestra.run.smithi037.stdout:/usr/bin/ceph: stderr
2024-04-26T18:13:42.646+0000 7f12e68b4700 1 -- 172.21.15.37:0/812064836 >> [v2:172.21.15.37:6800/1233564213,v1:172.21.15.37:6801/1233564213] conn(0x7f12c80395b0 msgr2=0x7f12c803ba70 secure :-1 s=STATE_CONNECTION_ESTABLISHED l=1).mark_down
2024-04-26T18:13:43.345 INFO:teuthology.orchestra.run.smithi037.stdout:/usr/bin/ceph: stderr
2024-04-26T18:13:42.646+0000 7f12e68b4700 1 --2- 172.21.15.37:0/812064836 >> [v2:172.21.15.37:6800/1233564213,v1:172.21.15.37:6801/1233564213] conn(0x7f12c80395b0 0x7f12c803ba70 secure :-1 s=READY pgs=12 cs=0 l=1 rev1=1 crypto rx=0x7f12d4006fd0 tx=0x7f12d4006e40 comp rx=0 tx=0).stop
2024-04-26T18:13:43.345 INFO:teuthology.orchestra.run.smithi037.stdout:/usr/bin/ceph: stderr
2024-04-26T18:13:42.646+0000 7f12e68b4700 1 -- 172.21.15.37:0/812064836 >> [v2:172.21.15.37:3300/0,v1:172.21.15.37:6789/0] conn(0x7f12e0107e90 msgr2=0x7f12e019ac20 secure :-1 s=STATE_CONNECTION_ESTABLISHED l=1).mark_down
2024-04-26T18:13:43.345 INFO:teuthology.orchestra.run.smithi037.stdout:/usr/bin/ceph: stderr
2024-04-26T18:13:42.646+0000 7f12e68b4700 1 --2- 172.21.15.37:0/812064836 >> [v2:172.21.15.37:3300/0,v1:172.21.15.37:6789/0] conn(0x7f12e0107e90 0x7f12e019ac20 secure :-1 s=READY pgs=48 cs=0 l=1 rev1=1 crypto rx=0x7f12d000b340 tx=0x7f12d0003dc0 comp rx=0 tx=0).stop
2024-04-26T18:13:43.345 INFO:teuthology.orchestra.run.smithi037.stdout:/usr/bin/ceph: stderr
2024-04-26T18:13:42.646+0000 7f12e68b4700 1 -- 172.21.15.37:0/812064836 shutdown_connections
2024-04-26T18:13:43.345 INFO:teuthology.orchestra.run.smithi037.stdout:/usr/bin/ceph: stderr
2024-04-26T18:13:42.646+0000 7f12e68b4700 1 --2- 172.21.15.37:0/812064836 >> [v2:172.21.15.37:6800/1233564213,v1:172.21.15.37:6801/1233564213] conn(0x7f12c80395b0 0x7f12c803ba70 unknown :-1 s=CLOSED pgs=12 cs=0 l=1 rev1=1 crypto rx=0 tx=0 comp rx=0 tx=0).stop
2024-04-26T18:13:43.345 INFO:teuthology.orchestra.run.smithi037.stdout:/usr/bin/ceph: stderr
2024-04-26T18:13:42.646+0000 7f12e68b4700 1 --2- 172.21.15.37:0/812064836 >> [v2:172.21.15.37:3300/0,v1:172.21.15.37:6789/0] conn(0x7f12e0107e90 0x7f12e019ac20 unknown :-1 s=CLOSED pgs=48 cs=0 l=1 rev1=1 crypto rx=0 tx=0 comp rx=0 tx=0).stop
2024-04-26T18:13:43.345 INFO:teuthology.orchestra.run.smithi037.stdout:/usr/bin/ceph: stderr
2024-04-26T18:13:42.646+0000 7f12e68b4700 1 -- 172.21.15.37:0/812064836 >> 172.21.15.37:0/812064836 conn(0x7f12e0103450 msgr2=0x7f12e01911a0 unknown :-1 s=STATE_NONE l=0).mark_down
2024-04-26T18:13:43.345 INFO:teuthology.orchestra.run.smithi037.stdout:/usr/bin/ceph: stderr
2024-04-26T18:13:42.646+0000 7f12e68b4700 1 -- 172.21.15.37:0/812064836 shutdown_connections
2024-04-26T18:13:43.345 INFO:teuthology.orchestra.run.smithi037.stdout:/usr/bin/ceph: stderr
2024-04-26T18:13:42.646+0000 7f12e68b4700 1 -- 172.21.15.37:0/812064836 wait complete.
2024-04-26T18:13:43.346 INFO:teuthology.orchestra.run.smithi037.stdout:Deploying unmanaged mgr service...
2024-04-26T18:13:43.918 INFO:journalctl@ceph.mon.a.smithi037.stdout:Apr 26 18:13:43 smithi037 ceph-mon[29171]: from='client.14142 -' entity='client.admin' cmd=[{"prefix": "orch apply", "service_type": "mon", "unmanaged": true, "target": ["mon-mgr", ""]}]: dispatch
2024-04-26T18:13:43.918 INFO:journalctl@ceph.mon.a.smithi037.stdout:Apr 26 18:13:43 smithi037 ceph-mon[29171]: Saving service mon spec with placement count:5
2024-04-26T18:13:43.918 INFO:journalctl@ceph.mon.a.smithi037.stdout:Apr 26 18:13:43 smithi037 ceph-mon[29171]: from='mgr.14120 172.21.15.37:0/3175692809' entity='mgr.x'
2024-04-26T18:13:45.437 INFO:journalctl@ceph.mon.a.smithi037.stdout:Apr 26 18:13:45 smithi037 ceph-mon[29171]: from='client.14144 -' entity='client.admin' cmd=[{"prefix": "orch apply", "service_type": "mgr", "unmanaged": true, "target": ["mon-mgr", ""]}]: dispatch
2024-04-26T18:13:45.437 INFO:journalctl@ceph.mon.a.smithi037.stdout:Apr 26 18:13:45 smithi037 ceph-mon[29171]: Saving service mgr spec with placement count:2
2024-04-26T18:13:45.437 INFO:journalctl@ceph.mon.a.smithi037.stdout:Apr 26 18:13:45 smithi037 ceph-mon[29171]: from='mgr.14120 172.21.15.37:0/3175692809' entity='mgr.x'
2024-04-26T18:13:45.445 INFO:teuthology.orchestra.run.smithi037.stdout:/usr/bin/ceph: stdout Scheduled mgr update...
2024-04-26T18:13:45.446 INFO:teuthology.orchestra.run.smithi037.stdout:/usr/bin/ceph: stderr
2024-04-26T18:13:43.804+0000 7f756c104700 1 Processor -- start
2024-04-26T18:13:45.446 INFO:teuthology.orchestra.run.smithi037.stdout:/usr/bin/ceph: stderr
2024-04-26T18:13:43.804+0000 7f756c104700 1 -- start start
2024-04-26T18:13:45.446 INFO:teuthology.orchestra.run.smithi037.stdout:/usr/bin/ceph: stderr
2024-04-26T18:13:43.804+0000 7f756c104700 1 --2- >> [v2:172.21.15.37:3300/0,v1:172.21.15.37:6789/0] conn(0x7f7564108ef0 0x7f7564109330 unknown :-1 s=NONE pgs=0 cs=0 l=0 rev1=0 crypto rx=0 tx=0 comp rx=0 tx=0).connect
2024-04-26T18:13:45.446 INFO:teuthology.orchestra.run.smithi037.stdout:/usr/bin/ceph: stderr
2024-04-26T18:13:43.804+0000 7f756c104700 1 -- --> [v2:172.21.15.37:3300/0,v1:172.21.15.37:6789/0] -- mon_getmap magic: 0 -- 0x7f7564109870 con 0x7f7564108ef0
2024-04-26T18:13:45.446 INFO:teuthology.orchestra.run.smithi037.stdout:/usr/bin/ceph: stderr
2024-04-26T18:13:43.805+0000 7f7569ea0700 1 --2- >> [v2:172.21.15.37:3300/0,v1:172.21.15.37:6789/0] conn(0x7f7564108ef0 0x7f7564109330 unknown :-1 s=BANNER_CONNECTING pgs=0 cs=0 l=0 rev1=0 crypto rx=0 tx=0 comp rx=0 tx=0)._handle_peer_banner_payload supported=3 required=0
2024-04-26T18:13:45.446 INFO:teuthology.orchestra.run.smithi037.stdout:/usr/bin/ceph: stderr
2024-04-26T18:13:43.805+0000 7f7569ea0700 1 --2- >> [v2:172.21.15.37:3300/0,v1:172.21.15.37:6789/0] conn(0x7f7564108ef0 0x7f7564109330 unknown :-1 s=HELLO_CONNECTING pgs=0 cs=0 l=0 rev1=1 crypto rx=0 tx=0 comp rx=0 tx=0).handle_hello peer v2:172.21.15.37:3300/0 says I am v2:172.21.15.37:40066/0 (socket says 172.21.15.37:40066)
2024-04-26T18:13:45.446 INFO:teuthology.orchestra.run.smithi037.stdout:/usr/bin/ceph: stderr
2024-04-26T18:13:43.805+0000 7f7569ea0700 1 -- 172.21.15.37:0/4240058728 learned_addr learned my addr 172.21.15.37:0/4240058728 (peer_addr_for_me v2:172.21.15.37:0/0)
2024-04-26T18:13:45.446 INFO:teuthology.orchestra.run.smithi037.stdout:/usr/bin/ceph: stderr
2024-04-26T18:13:43.805+0000 7f7569ea0700 1 -- 172.21.15.37:0/4240058728 --> [v2:172.21.15.37:3300/0,v1:172.21.15.37:6789/0] -- mon_subscribe({config=0+,monmap=0+}) -- 0x7f756410a0d0 con 0x7f7564108ef0
2024-04-26T18:13:45.446 INFO:teuthology.orchestra.run.smithi037.stdout:/usr/bin/ceph: stderr
2024-04-26T18:13:43.805+0000 7f7569ea0700 1 --2- 172.21.15.37:0/4240058728 >> [v2:172.21.15.37:3300/0,v1:172.21.15.37:6789/0] conn(0x7f7564108ef0 0x7f7564109330 secure :-1 s=READY pgs=49 cs=0 l=1 rev1=1 crypto rx=0x7f7554009e80 tx=0x7f755400b330 comp rx=0 tx=0).ready entity=mon.0 client_cookie=e8115915f59dc28a server_cookie=0 in_seq=0 out_seq=0
2024-04-26T18:13:45.447 INFO:teuthology.orchestra.run.smithi037.stdout:/usr/bin/ceph: stderr
2024-04-26T18:13:43.805+0000 7f7568e9e700 1 -- 172.21.15.37:0/4240058728 <== mon.0 v2:172.21.15.37:3300/0 1 ==== mon_map magic: 0 ==== 205+0+0 (secure 0 0 0) 0x7f7554017070 con 0x7f7564108ef0
2024-04-26T18:13:45.447 INFO:teuthology.orchestra.run.smithi037.stdout:/usr/bin/ceph: stderr
2024-04-26T18:13:43.805+0000 7f7568e9e700 1 -- 172.21.15.37:0/4240058728 <== mon.0 v2:172.21.15.37:3300/0 2 ==== config(26 keys) ==== 1070+0+0 (secure 0 0 0) 0x7f755400b8c0 con 0x7f7564108ef0
2024-04-26T18:13:45.447 INFO:teuthology.orchestra.run.smithi037.stdout:/usr/bin/ceph: stderr
2024-04-26T18:13:43.805+0000 7f7568e9e700 1 -- 172.21.15.37:0/4240058728 <== mon.0 v2:172.21.15.37:3300/0 3 ==== mon_map magic: 0 ==== 205+0+0 (secure 0 0 0) 0x7f7554004490 con 0x7f7564108ef0
2024-04-26T18:13:45.447 INFO:teuthology.orchestra.run.smithi037.stdout:/usr/bin/ceph: stderr
2024-04-26T18:13:43.806+0000 7f756c104700 1 -- 172.21.15.37:0/4240058728 >> [v2:172.21.15.37:3300/0,v1:172.21.15.37:6789/0] conn(0x7f7564108ef0 msgr2=0x7f7564109330 secure :-1 s=STATE_CONNECTION_ESTABLISHED l=1).mark_down
2024-04-26T18:13:45.447 INFO:teuthology.orchestra.run.smithi037.stdout:/usr/bin/ceph: stderr
2024-04-26T18:13:43.806+0000 7f756c104700 1 --2- 172.21.15.37:0/4240058728 >> [v2:172.21.15.37:3300/0,v1:172.21.15.37:6789/0] conn(0x7f7564108ef0 0x7f7564109330 secure :-1 s=READY pgs=49 cs=0 l=1 rev1=1 crypto rx=0x7f7554009e80 tx=0x7f755400b330 comp rx=0 tx=0).stop
2024-04-26T18:13:45.447 INFO:teuthology.orchestra.run.smithi037.stdout:/usr/bin/ceph: stderr
2024-04-26T18:13:43.806+0000 7f756c104700 1 -- 172.21.15.37:0/4240058728 shutdown_connections
2024-04-26T18:13:45.447 INFO:teuthology.orchestra.run.smithi037.stdout:/usr/bin/ceph: stderr
2024-04-26T18:13:43.806+0000 7f756c104700 1 --2- 172.21.15.37:0/4240058728 >> [v2:172.21.15.37:3300/0,v1:172.21.15.37:6789/0] conn(0x7f7564108ef0 0x7f7564109330 unknown :-1 s=CLOSED pgs=49 cs=0 l=1 rev1=1 crypto rx=0 tx=0 comp rx=0 tx=0).stop
2024-04-26T18:13:45.447 INFO:teuthology.orchestra.run.smithi037.stdout:/usr/bin/ceph: stderr
2024-04-26T18:13:43.806+0000 7f756c104700 1 -- 172.21.15.37:0/4240058728 >> 172.21.15.37:0/4240058728 conn(0x7f75641044c0 msgr2=0x7f7564106920 unknown :-1 s=STATE_NONE l=0).mark_down
2024-04-26T18:13:45.447 INFO:teuthology.orchestra.run.smithi037.stdout:/usr/bin/ceph: stderr
2024-04-26T18:13:43.806+0000 7f756c104700 1 -- 172.21.15.37:0/4240058728 shutdown_connections
2024-04-26T18:13:45.447 INFO:teuthology.orchestra.run.smithi037.stdout:/usr/bin/ceph: stderr
2024-04-26T18:13:43.806+0000 7f756c104700 1 -- 172.21.15.37:0/4240058728 wait complete.
2024-04-26T18:13:45.447 INFO:teuthology.orchestra.run.smithi037.stdout:/usr/bin/ceph: stderr
2024-04-26T18:13:43.807+0000 7f756c104700 1 Processor -- start
2024-04-26T18:13:45.447 INFO:teuthology.orchestra.run.smithi037.stdout:/usr/bin/ceph: stderr
2024-04-26T18:13:43.807+0000 7f756c104700 1 -- start start
2024-04-26T18:13:45.448 INFO:teuthology.orchestra.run.smithi037.stdout:/usr/bin/ceph: stderr
2024-04-26T18:13:43.807+0000 7f756c104700 1 --2- >> [v2:172.21.15.37:3300/0,v1:172.21.15.37:6789/0] conn(0x7f7564108ef0 0x7f756407eb60 unknown :-1 s=NONE pgs=0 cs=0 l=1 rev1=0 crypto rx=0 tx=0 comp rx=0 tx=0).connect
2024-04-26T18:13:45.448 INFO:teuthology.orchestra.run.smithi037.stdout:/usr/bin/ceph: stderr
2024-04-26T18:13:43.807+0000 7f756c104700 1 -- --> [v2:172.21.15.37:3300/0,v1:172.21.15.37:6789/0] -- mon_getmap magic: 0 -- 0x7f756410af60 con 0x7f7564108ef0
2024-04-26T18:13:45.448 INFO:teuthology.orchestra.run.smithi037.stdout:/usr/bin/ceph: stderr
2024-04-26T18:13:43.807+0000 7f7569ea0700 1 --2- >> [v2:172.21.15.37:3300/0,v1:172.21.15.37:6789/0] conn(0x7f7564108ef0 0x7f756407eb60 unknown :-1 s=BANNER_CONNECTING pgs=0 cs=0 l=1 rev1=0 crypto rx=0 tx=0 comp rx=0 tx=0)._handle_peer_banner_payload supported=3 required=0
2024-04-26T18:13:45.448 INFO:teuthology.orchestra.run.smithi037.stdout:/usr/bin/ceph: stderr
2024-04-26T18:13:43.807+0000 7f7569ea0700 1 --2- >> [v2:172.21.15.37:3300/0,v1:172.21.15.37:6789/0] conn(0x7f7564108ef0 0x7f756407eb60 unknown :-1 s=HELLO_CONNECTING pgs=0 cs=0 l=1 rev1=1 crypto rx=0 tx=0 comp rx=0 tx=0).handle_hello peer v2:172.21.15.37:3300/0 says I am v2:172.21.15.37:40080/0 (socket says 172.21.15.37:40080)
2024-04-26T18:13:45.448 INFO:teuthology.orchestra.run.smithi037.stdout:/usr/bin/ceph: stderr
2024-04-26T18:13:43.807+0000 7f7569ea0700 1 -- 172.21.15.37:0/4261990995 learned_addr learned my addr 172.21.15.37:0/4261990995 (peer_addr_for_me v2:172.21.15.37:0/0)
2024-04-26T18:13:45.448 INFO:teuthology.orchestra.run.smithi037.stdout:/usr/bin/ceph: stderr
2024-04-26T18:13:43.807+0000 7f7569ea0700 1 -- 172.21.15.37:0/4261990995 --> [v2:172.21.15.37:3300/0,v1:172.21.15.37:6789/0] -- mon_subscribe({config=0+,monmap=0+}) -- 0x7f756407f0a0 con 0x7f7564108ef0
2024-04-26T18:13:45.448 INFO:teuthology.orchestra.run.smithi037.stdout:/usr/bin/ceph: stderr
2024-04-26T18:13:43.807+0000 7f7569ea0700 1 --2- 172.21.15.37:0/4261990995 >> [v2:172.21.15.37:3300/0,v1:172.21.15.37:6789/0] conn(0x7f7564108ef0 0x7f756407eb60 secure :-1 s=READY pgs=50 cs=0 l=1 rev1=1 crypto rx=0x7f755400b7b0 tx=0x7f755400be20 comp rx=0 tx=0).ready entity=mon.0 client_cookie=0 server_cookie=0 in_seq=0 out_seq=0
2024-04-26T18:13:45.448 INFO:teuthology.orchestra.run.smithi037.stdout:/usr/bin/ceph: stderr
2024-04-26T18:13:43.808+0000 7f7562ffd700 1 -- 172.21.15.37:0/4261990995 <== mon.0 v2:172.21.15.37:3300/0 1 ==== mon_map magic: 0 ==== 205+0+0 (secure 0 0 0) 0x7f7554020020 con 0x7f7564108ef0
2024-04-26T18:13:45.448 INFO:teuthology.orchestra.run.smithi037.stdout:/usr/bin/ceph: stderr
2024-04-26T18:13:43.808+0000 7f7562ffd700 1 -- 172.21.15.37:0/4261990995 <== mon.0 v2:172.21.15.37:3300/0 2 ==== config(26 keys) ==== 1070+0+0 (secure 0 0 0) 0x7f7554012430 con 0x7f7564108ef0
2024-04-26T18:13:45.448 INFO:teuthology.orchestra.run.smithi037.stdout:/usr/bin/ceph: stderr
2024-04-26T18:13:43.808+0000 7f756c104700 1 -- 172.21.15.37:0/4261990995 --> [v2:172.21.15.37:3300/0,v1:172.21.15.37:6789/0] -- mon_subscribe({mgrmap=0+}) -- 0x7f756407d290 con 0x7f7564108ef0
2024-04-26T18:13:45.448 INFO:teuthology.orchestra.run.smithi037.stdout:/usr/bin/ceph: stderr
2024-04-26T18:13:43.808+0000 7f7562ffd700 1 -- 172.21.15.37:0/4261990995 <== mon.0 v2:172.21.15.37:3300/0 3 ==== mon_map magic: 0 ==== 205+0+0 (secure 0 0 0) 0x7f7554017040 con 0x7f7564108ef0
2024-04-26T18:13:45.448 INFO:teuthology.orchestra.run.smithi037.stdout:/usr/bin/ceph: stderr
2024-04-26T18:13:43.808+0000 7f756c104700 1 -- 172.21.15.37:0/4261990995 --> [v2:172.21.15.37:3300/0,v1:172.21.15.37:6789/0] -- mon_subscribe({osdmap=0}) -- 0x7f756407d7d0 con 0x7f7564108ef0
2024-04-26T18:13:45.449 INFO:teuthology.orchestra.run.smithi037.stdout:/usr/bin/ceph: stderr
2024-04-26T18:13:43.809+0000 7f7562ffd700 1 -- 172.21.15.37:0/4261990995 <== mon.0 v2:172.21.15.37:3300/0 4 ==== mgrmap(e 8) ==== 46558+0+0 (secure 0 0 0) 0x7f7554023020 con 0x7f7564108ef0
2024-04-26T18:13:45.449 INFO:teuthology.orchestra.run.smithi037.stdout:/usr/bin/ceph: stderr
2024-04-26T18:13:43.809+0000 7f756c104700 1 -- 172.21.15.37:0/4261990995 --> [v2:172.21.15.37:3300/0,v1:172.21.15.37:6789/0] -- mon_command({"prefix": "get_command_descriptions"} v 0) -- 0x7f7564064a80 con 0x7f7564108ef0
2024-04-26T18:13:45.449 INFO:teuthology.orchestra.run.smithi037.stdout:/usr/bin/ceph: stderr
2024-04-26T18:13:43.809+0000 7f7562ffd700 1 --2- 172.21.15.37:0/4261990995 >> [v2:172.21.15.37:6800/1233564213,v1:172.21.15.37:6801/1233564213] conn(0x7f754c039560 0x7f754c03ba20 unknown :-1 s=NONE pgs=0 cs=0 l=1 rev1=0 crypto rx=0 tx=0 comp rx=0 tx=0).connect
2024-04-26T18:13:45.449 INFO:teuthology.orchestra.run.smithi037.stdout:/usr/bin/ceph: stderr
2024-04-26T18:13:43.809+0000 7f7562ffd700 1 -- 172.21.15.37:0/4261990995 <== mon.0 v2:172.21.15.37:3300/0 5 ==== osd_map(2..2 src has 1..2) ==== 940+0+0 (secure 0 0 0) 0x7f755400f050 con 0x7f7564108ef0
2024-04-26T18:13:45.449 INFO:teuthology.orchestra.run.smithi037.stdout:/usr/bin/ceph: stderr
2024-04-26T18:13:43.809+0000 7f756969f700 1 --2- 172.21.15.37:0/4261990995 >> [v2:172.21.15.37:6800/1233564213,v1:172.21.15.37:6801/1233564213] conn(0x7f754c039560 0x7f754c03ba20 unknown :-1 s=BANNER_CONNECTING pgs=0 cs=0 l=1 rev1=0 crypto rx=0 tx=0 comp rx=0 tx=0)._handle_peer_banner_payload supported=3 required=0
2024-04-26T18:13:45.449 INFO:teuthology.orchestra.run.smithi037.stdout:/usr/bin/ceph: stderr
2024-04-26T18:13:43.809+0000 7f756969f700 1 --2- 172.21.15.37:0/4261990995 >> [v2:172.21.15.37:6800/1233564213,v1:172.21.15.37:6801/1233564213] conn(0x7f754c039560 0x7f754c03ba20 secure :-1 s=READY pgs=13 cs=0 l=1 rev1=1 crypto rx=0x7f7558006fd0 tx=0x7f7558006e40 comp rx=0 tx=0).ready entity=mgr.14120 client_cookie=0 server_cookie=0 in_seq=0 out_seq=0
2024-04-26T18:13:45.449 INFO:teuthology.orchestra.run.smithi037.stdout:/usr/bin/ceph: stderr
2024-04-26T18:13:43.814+0000 7f7562ffd700 1 -- 172.21.15.37:0/4261990995 <== mon.0 v2:172.21.15.37:3300/0 6 ==== mon_command_ack([{"prefix": "get_command_descriptions"}]=0 v0) ==== 72+0+188370 (secure 0 0 0) 0x7f755402a020 con 0x7f7564108ef0
2024-04-26T18:13:45.449 INFO:teuthology.orchestra.run.smithi037.stdout:/usr/bin/ceph: stderr
2024-04-26T18:13:44.040+0000 7f756c104700 1 -- 172.21.15.37:0/4261990995 --> [v2:172.21.15.37:6800/1233564213,v1:172.21.15.37:6801/1233564213] -- mgr_command(tid 0: {"prefix": "orch apply", "service_type": "mgr", "unmanaged": true, "target": ["mon-mgr", ""]}) -- 0x7f7564105720 con 0x7f754c039560
2024-04-26T18:13:45.449 INFO:teuthology.orchestra.run.smithi037.stdout:/usr/bin/ceph: stderr
2024-04-26T18:13:44.047+0000 7f7562ffd700 1 -- 172.21.15.37:0/4261990995 <== mgr.14120 v2:172.21.15.37:6800/1233564213 1 ==== mgr_command_reply(tid 0: 0 ) ==== 8+0+24 (secure 0 0 0) 0x7f7564105720 con 0x7f754c039560
2024-04-26T18:13:45.449 INFO:teuthology.orchestra.run.smithi037.stdout:/usr/bin/ceph: stderr
2024-04-26T18:13:44.049+0000 7f756c104700 1 -- 172.21.15.37:0/4261990995 >> [v2:172.21.15.37:6800/1233564213,v1:172.21.15.37:6801/1233564213] conn(0x7f754c039560 msgr2=0x7f754c03ba20 secure :-1 s=STATE_CONNECTION_ESTABLISHED l=1).mark_down
2024-04-26T18:13:45.449 INFO:teuthology.orchestra.run.smithi037.stdout:/usr/bin/ceph: stderr
2024-04-26T18:13:44.049+0000 7f756c104700 1 --2- 172.21.15.37:0/4261990995 >> [v2:172.21.15.37:6800/1233564213,v1:172.21.15.37:6801/1233564213] conn(0x7f754c039560 0x7f754c03ba20 secure :-1 s=READY pgs=13 cs=0 l=1 rev1=1 crypto rx=0x7f7558006fd0 tx=0x7f7558006e40 comp rx=0 tx=0).stop
2024-04-26T18:13:45.449 INFO:teuthology.orchestra.run.smithi037.stdout:/usr/bin/ceph: stderr
2024-04-26T18:13:44.049+0000 7f756c104700 1 -- 172.21.15.37:0/4261990995 >> [v2:172.21.15.37:3300/0,v1:172.21.15.37:6789/0] conn(0x7f7564108ef0 msgr2=0x7f756407eb60 secure :-1 s=STATE_CONNECTION_ESTABLISHED l=1).mark_down
2024-04-26T18:13:45.450 INFO:teuthology.orchestra.run.smithi037.stdout:/usr/bin/ceph: stderr
2024-04-26T18:13:44.049+0000 7f756c104700 1 --2- 172.21.15.37:0/4261990995 >> [v2:172.21.15.37:3300/0,v1:172.21.15.37:6789/0] conn(0x7f7564108ef0 0x7f756407eb60 secure :-1 s=READY pgs=50 cs=0 l=1 rev1=1 crypto rx=0x7f755400b7b0 tx=0x7f755400be20 comp rx=0 tx=0).stop
2024-04-26T18:13:45.450 INFO:teuthology.orchestra.run.smithi037.stdout:/usr/bin/ceph: stderr
2024-04-26T18:13:44.049+0000 7f756c104700 1 -- 172.21.15.37:0/4261990995 shutdown_connections
2024-04-26T18:13:45.450 INFO:teuthology.orchestra.run.smithi037.stdout:/usr/bin/ceph: stderr
2024-04-26T18:13:44.049+0000 7f756c104700 1 --2- 172.21.15.37:0/4261990995 >> [v2:172.21.15.37:6800/1233564213,v1:172.21.15.37:6801/1233564213] conn(0x7f754c039560 0x7f754c03ba20 unknown :-1 s=CLOSED pgs=13 cs=0 l=1 rev1=1 crypto rx=0 tx=0 comp rx=0 tx=0).stop
2024-04-26T18:13:45.450 INFO:teuthology.orchestra.run.smithi037.stdout:/usr/bin/ceph: stderr
2024-04-26T18:13:44.049+0000 7f756c104700 1 --2- 172.21.15.37:0/4261990995 >> [v2:172.21.15.37:3300/0,v1:172.21.15.37:6789/0] conn(0x7f7564108ef0 0x7f756407eb60 unknown :-1 s=CLOSED pgs=50 cs=0 l=1 rev1=1 crypto rx=0 tx=0 comp rx=0 tx=0).stop
2024-04-26T18:13:45.450 INFO:teuthology.orchestra.run.smithi037.stdout:/usr/bin/ceph: stderr
2024-04-26T18:13:44.049+0000 7f756c104700 1 -- 172.21.15.37:0/4261990995 >> 172.21.15.37:0/4261990995 conn(0x7f75641044c0 msgr2=0x7f7564105010 unknown :-1 s=STATE_NONE l=0).mark_down
2024-04-26T18:13:45.450 INFO:teuthology.orchestra.run.smithi037.stdout:/usr/bin/ceph: stderr
2024-04-26T18:13:44.050+0000 7f756c104700 1 -- 172.21.15.37:0/4261990995 shutdown_connections
2024-04-26T18:13:45.450 INFO:teuthology.orchestra.run.smithi037.stdout:/usr/bin/ceph: stderr
2024-04-26T18:13:44.050+0000 7f756c104700 1 -- 172.21.15.37:0/4261990995 wait complete.
2024-04-26T18:13:46.435 INFO:journalctl@ceph.mon.a.smithi037.stdout:Apr 26 18:13:46 smithi037 ceph-mon[29171]: from='mgr.14120 172.21.15.37:0/3175692809' entity='mgr.x'
2024-04-26T18:13:46.435 INFO:journalctl@ceph.mon.a.smithi037.stdout:Apr 26 18:13:46 smithi037 ceph-mon[29171]: from='mgr.14120 172.21.15.37:0/3175692809' entity='mgr.x'
2024-04-26T18:13:46.701 INFO:teuthology.orchestra.run.smithi037.stdout:/usr/bin/ceph: stderr
2024-04-26T18:13:45.899+0000 7f647d71f700 1 Processor -- start
2024-04-26T18:13:46.702 INFO:teuthology.orchestra.run.smithi037.stdout:/usr/bin/ceph: stderr
2024-04-26T18:13:45.899+0000 7f647d71f700 1 -- start start
2024-04-26T18:13:46.702 INFO:teuthology.orchestra.run.smithi037.stdout:/usr/bin/ceph: stderr
2024-04-26T18:13:45.899+0000 7f647d71f700 1 --2- >> [v2:172.21.15.37:3300/0,v1:172.21.15.37:6789/0] conn(0x7f6478109a60 0x7f647810be50 unknown :-1 s=NONE pgs=0 cs=0 l=0 rev1=0 crypto rx=0 tx=0 comp rx=0 tx=0).connect
2024-04-26T18:13:46.702 INFO:teuthology.orchestra.run.smithi037.stdout:/usr/bin/ceph: stderr
2024-04-26T18:13:45.899+0000 7f647d71f700 1 -- --> [v2:172.21.15.37:3300/0,v1:172.21.15.37:6789/0] -- mon_getmap magic: 0 -- 0x7f6478076d40 con 0x7f6478109a60
2024-04-26T18:13:46.702 INFO:teuthology.orchestra.run.smithi037.stdout:/usr/bin/ceph: stderr
2024-04-26T18:13:45.899+0000 7f6476ffd700 1 --2- >> [v2:172.21.15.37:3300/0,v1:172.21.15.37:6789/0] conn(0x7f6478109a60 0x7f647810be50 unknown :-1 s=BANNER_CONNECTING pgs=0 cs=0 l=0 rev1=0 crypto rx=0 tx=0 comp rx=0 tx=0)._handle_peer_banner_payload supported=3 required=0
2024-04-26T18:13:46.702 INFO:teuthology.orchestra.run.smithi037.stdout:/usr/bin/ceph: stderr
2024-04-26T18:13:45.899+0000 7f6476ffd700 1 --2- >> [v2:172.21.15.37:3300/0,v1:172.21.15.37:6789/0] conn(0x7f6478109a60 0x7f647810be50 unknown :-1 s=HELLO_CONNECTING pgs=0 cs=0 l=0 rev1=1 crypto rx=0 tx=0 comp rx=0 tx=0).handle_hello peer v2:172.21.15.37:3300/0 says I am v2:172.21.15.37:43644/0 (socket says 172.21.15.37:43644)
2024-04-26T18:13:46.702 INFO:teuthology.orchestra.run.smithi037.stdout:/usr/bin/ceph: stderr
2024-04-26T18:13:45.899+0000 7f6476ffd700 1 -- 172.21.15.37:0/897727178 learned_addr learned my addr 172.21.15.37:0/897727178 (peer_addr_for_me v2:172.21.15.37:0/0)
2024-04-26T18:13:46.702 INFO:teuthology.orchestra.run.smithi037.stdout:/usr/bin/ceph: stderr
2024-04-26T18:13:45.900+0000 7f6476ffd700 1 -- 172.21.15.37:0/897727178 --> [v2:172.21.15.37:3300/0,v1:172.21.15.37:6789/0] -- mon_subscribe({config=0+,monmap=0+}) -- 0x7f647810c390 con 0x7f6478109a60
2024-04-26T18:13:46.702 INFO:teuthology.orchestra.run.smithi037.stdout:/usr/bin/ceph: stderr
2024-04-26T18:13:45.900+0000 7f6476ffd700 1 --2- 172.21.15.37:0/897727178 >> [v2:172.21.15.37:3300/0,v1:172.21.15.37:6789/0] conn(0x7f6478109a60 0x7f647810be50 secure :-1 s=READY pgs=51 cs=0 l=1 rev1=1 crypto rx=0x7f64680098a0 tx=0x7f6468009bb0 comp rx=0 tx=0).ready entity=mon.0 client_cookie=395ba4d5f9d7e5fe server_cookie=0 in_seq=0 out_seq=0
2024-04-26T18:13:46.702 INFO:teuthology.orchestra.run.smithi037.stdout:/usr/bin/ceph: stderr
2024-04-26T18:13:45.900+0000 7f6475ffb700 1 -- 172.21.15.37:0/897727178 <== mon.0 v2:172.21.15.37:3300/0 1 ==== mon_map magic: 0 ==== 205+0+0 (secure 0 0 0) 0x7f6468004160 con 0x7f6478109a60
2024-04-26T18:13:46.702 INFO:teuthology.orchestra.run.smithi037.stdout:/usr/bin/ceph: stderr
2024-04-26T18:13:45.900+0000 7f6475ffb700 1 -- 172.21.15.37:0/897727178 <== mon.0 v2:172.21.15.37:3300/0 2 ==== config(26 keys) ==== 1101+0+0 (secure 0 0 0) 0x7f6468004300 con 0x7f6478109a60
2024-04-26T18:13:46.703 INFO:teuthology.orchestra.run.smithi037.stdout:/usr/bin/ceph: stderr
2024-04-26T18:13:45.900+0000 7f6475ffb700 1 -- 172.21.15.37:0/897727178 <== mon.0 v2:172.21.15.37:3300/0 3 ==== mon_map magic: 0 ==== 205+0+0 (secure 0 0 0) 0x7f6468011a20 con 0x7f6478109a60
2024-04-26T18:13:46.703 INFO:teuthology.orchestra.run.smithi037.stdout:/usr/bin/ceph: stderr
2024-04-26T18:13:45.901+0000 7f647d71f700 1 -- 172.21.15.37:0/897727178 >> [v2:172.21.15.37:3300/0,v1:172.21.15.37:6789/0] conn(0x7f6478109a60 msgr2=0x7f647810be50 secure :-1 s=STATE_CONNECTION_ESTABLISHED l=1).mark_down
2024-04-26T18:13:46.703 INFO:teuthology.orchestra.run.smithi037.stdout:/usr/bin/ceph: stderr
2024-04-26T18:13:45.901+0000 7f647d71f700 1 --2- 172.21.15.37:0/897727178 >> [v2:172.21.15.37:3300/0,v1:172.21.15.37:6789/0] conn(0x7f6478109a60 0x7f647810be50 secure :-1 s=READY pgs=51 cs=0 l=1 rev1=1 crypto rx=0x7f64680098a0 tx=0x7f6468009bb0 comp rx=0 tx=0).stop
2024-04-26T18:13:46.703 INFO:teuthology.orchestra.run.smithi037.stdout:/usr/bin/ceph: stderr
2024-04-26T18:13:45.901+0000 7f647d71f700 1 -- 172.21.15.37:0/897727178 shutdown_connections
2024-04-26T18:13:46.703 INFO:teuthology.orchestra.run.smithi037.stdout:/usr/bin/ceph: stderr
2024-04-26T18:13:45.901+0000 7f647d71f700 1 --2- 172.21.15.37:0/897727178 >> [v2:172.21.15.37:3300/0,v1:172.21.15.37:6789/0] conn(0x7f6478109a60 0x7f647810be50 unknown :-1 s=CLOSED pgs=51 cs=0 l=1 rev1=1 crypto rx=0 tx=0 comp rx=0 tx=0).stop
2024-04-26T18:13:46.703 INFO:teuthology.orchestra.run.smithi037.stdout:/usr/bin/ceph: stderr
2024-04-26T18:13:45.901+0000 7f647d71f700 1 -- 172.21.15.37:0/897727178 >> 172.21.15.37:0/897727178 conn(0x7f64781034f0 msgr2=0x7f6478105910 unknown :-1 s=STATE_NONE l=0).mark_down
2024-04-26T18:13:46.703 INFO:teuthology.orchestra.run.smithi037.stdout:/usr/bin/ceph: stderr
2024-04-26T18:13:45.901+0000 7f647d71f700 1 -- 172.21.15.37:0/897727178 shutdown_connections
2024-04-26T18:13:46.703 INFO:teuthology.orchestra.run.smithi037.stdout:/usr/bin/ceph: stderr
2024-04-26T18:13:45.901+0000 7f647d71f700 1 -- 172.21.15.37:0/897727178 wait complete.
2024-04-26T18:13:46.703 INFO:teuthology.orchestra.run.smithi037.stdout:/usr/bin/ceph: stderr
2024-04-26T18:13:45.901+0000 7f647d71f700 1 Processor -- start
2024-04-26T18:13:46.703 INFO:teuthology.orchestra.run.smithi037.stdout:/usr/bin/ceph: stderr
2024-04-26T18:13:45.902+0000 7f647d71f700 1 -- start start
2024-04-26T18:13:46.703 INFO:teuthology.orchestra.run.smithi037.stdout:/usr/bin/ceph: stderr
2024-04-26T18:13:45.902+0000 7f647d71f700 1 --2- >> [v2:172.21.15.37:3300/0,v1:172.21.15.37:6789/0] conn(0x7f6478109a60 0x7f647819f080 unknown :-1 s=NONE pgs=0 cs=0 l=1 rev1=0 crypto rx=0 tx=0 comp rx=0 tx=0).connect
2024-04-26T18:13:46.703 INFO:teuthology.orchestra.run.smithi037.stdout:/usr/bin/ceph: stderr
2024-04-26T18:13:45.902+0000 7f647d71f700 1 -- --> [v2:172.21.15.37:3300/0,v1:172.21.15.37:6789/0] -- mon_getmap magic: 0 -- 0x7f647810d390 con 0x7f6478109a60
2024-04-26T18:13:46.703 INFO:teuthology.orchestra.run.smithi037.stdout:/usr/bin/ceph: stderr
2024-04-26T18:13:45.902+0000 7f6476ffd700 1 --2- >> [v2:172.21.15.37:3300/0,v1:172.21.15.37:6789/0] conn(0x7f6478109a60 0x7f647819f080 unknown :-1 s=BANNER_CONNECTING pgs=0 cs=0 l=1 rev1=0 crypto rx=0 tx=0 comp rx=0 tx=0)._handle_peer_banner_payload supported=3 required=0
2024-04-26T18:13:46.703 INFO:teuthology.orchestra.run.smithi037.stdout:/usr/bin/ceph: stderr
2024-04-26T18:13:45.902+0000 7f6476ffd700 1 --2- >> [v2:172.21.15.37:3300/0,v1:172.21.15.37:6789/0] conn(0x7f6478109a60 0x7f647819f080 unknown :-1 s=HELLO_CONNECTING pgs=0 cs=0 l=1 rev1=1 crypto rx=0 tx=0 comp rx=0 tx=0).handle_hello peer v2:172.21.15.37:3300/0 says I am v2:172.21.15.37:43646/0 (socket says 172.21.15.37:43646)
2024-04-26T18:13:46.704 INFO:teuthology.orchestra.run.smithi037.stdout:/usr/bin/ceph: stderr
2024-04-26T18:13:45.902+0000 7f6476ffd700 1 -- 172.21.15.37:0/86147296 learned_addr learned my addr 172.21.15.37:0/86147296 (peer_addr_for_me v2:172.21.15.37:0/0)
2024-04-26T18:13:46.704 INFO:teuthology.orchestra.run.smithi037.stdout:/usr/bin/ceph: stderr
2024-04-26T18:13:45.902+0000 7f6476ffd700 1 -- 172.21.15.37:0/86147296 --> [v2:172.21.15.37:3300/0,v1:172.21.15.37:6789/0] -- mon_subscribe({config=0+,monmap=0+}) -- 0x7f647819f5c0 con 0x7f6478109a60
2024-04-26T18:13:46.704 INFO:teuthology.orchestra.run.smithi037.stdout:/usr/bin/ceph: stderr
2024-04-26T18:13:45.902+0000 7f6476ffd700 1 --2- 172.21.15.37:0/86147296 >> [v2:172.21.15.37:3300/0,v1:172.21.15.37:6789/0] conn(0x7f6478109a60 0x7f647819f080 secure :-1 s=READY pgs=52 cs=0 l=1 rev1=1 crypto rx=0x7f64680116e0 tx=0x7f6468011aa0 comp rx=0 tx=0).ready entity=mon.0 client_cookie=0 server_cookie=0 in_seq=0 out_seq=0
2024-04-26T18:13:46.704 INFO:teuthology.orchestra.run.smithi037.stdout:/usr/bin/ceph: stderr
2024-04-26T18:13:45.903+0000 7f646ffff700 1 -- 172.21.15.37:0/86147296 <== mon.0 v2:172.21.15.37:3300/0 1 ==== mon_map magic: 0 ==== 205+0+0 (secure 0 0 0) 0x7f6468003b20 con 0x7f6478109a60
2024-04-26T18:13:46.704 INFO:teuthology.orchestra.run.smithi037.stdout:/usr/bin/ceph: stderr
2024-04-26T18:13:45.903+0000 7f647d71f700 1 -- 172.21.15.37:0/86147296 --> [v2:172.21.15.37:3300/0,v1:172.21.15.37:6789/0] -- mon_subscribe({mgrmap=0+}) -- 0x7f647819f850 con 0x7f6478109a60
2024-04-26T18:13:46.704 INFO:teuthology.orchestra.run.smithi037.stdout:/usr/bin/ceph: stderr
2024-04-26T18:13:45.903+0000 7f647d71f700 1 -- 172.21.15.37:0/86147296 --> [v2:172.21.15.37:3300/0,v1:172.21.15.37:6789/0] -- mon_subscribe({osdmap=0}) -- 0x7f64781a2540 con 0x7f6478109a60
2024-04-26T18:13:46.704 INFO:teuthology.orchestra.run.smithi037.stdout:/usr/bin/ceph: stderr
2024-04-26T18:13:45.903+0000 7f646ffff700 1 -- 172.21.15.37:0/86147296 <== mon.0 v2:172.21.15.37:3300/0 2 ==== config(26 keys) ==== 1101+0+0 (secure 0 0 0) 0x7f646801b8f0 con 0x7f6478109a60
2024-04-26T18:13:46.704 INFO:teuthology.orchestra.run.smithi037.stdout:/usr/bin/ceph: stderr
2024-04-26T18:13:45.903+0000 7f646ffff700 1 -- 172.21.15.37:0/86147296 <== mon.0 v2:172.21.15.37:3300/0 3 ==== mon_map magic: 0 ==== 205+0+0 (secure 0 0 0) 0x7f64680238c0 con 0x7f6478109a60
2024-04-26T18:13:46.704 INFO:teuthology.orchestra.run.smithi037.stdout:/usr/bin/ceph: stderr
2024-04-26T18:13:45.904+0000 7f646ffff700 1 -- 172.21.15.37:0/86147296 <== mon.0 v2:172.21.15.37:3300/0 4 ==== mgrmap(e 8) ==== 46558+0+0 (secure 0 0 0) 0x7f6468023b40 con 0x7f6478109a60
2024-04-26T18:13:46.704 INFO:teuthology.orchestra.run.smithi037.stdout:/usr/bin/ceph: stderr
2024-04-26T18:13:45.904+0000 7f647d71f700 1 -- 172.21.15.37:0/86147296 --> [v2:172.21.15.37:3300/0,v1:172.21.15.37:6789/0] -- mon_command({"prefix": "get_command_descriptions"} v 0) -- 0x7f6458005330 con 0x7f6478109a60
2024-04-26T18:13:46.704 INFO:teuthology.orchestra.run.smithi037.stdout:/usr/bin/ceph: stderr
2024-04-26T18:13:45.904+0000 7f646ffff700 1 --2- 172.21.15.37:0/86147296 >> [v2:172.21.15.37:6800/1233564213,v1:172.21.15.37:6801/1233564213] conn(0x7f64640395b0 0x7f646403ba70 unknown :-1 s=NONE pgs=0 cs=0 l=1 rev1=0 crypto rx=0 tx=0 comp rx=0 tx=0).connect
2024-04-26T18:13:46.704 INFO:teuthology.orchestra.run.smithi037.stdout:/usr/bin/ceph: stderr
2024-04-26T18:13:45.904+0000 7f646ffff700 1 -- 172.21.15.37:0/86147296 <== mon.0 v2:172.21.15.37:3300/0 5 ==== osd_map(2..2 src has 1..2) ==== 940+0+0 (secure 0 0 0) 0x7f646804e0e0 con 0x7f6478109a60
2024-04-26T18:13:46.704 INFO:teuthology.orchestra.run.smithi037.stdout:/usr/bin/ceph: stderr
2024-04-26T18:13:45.904+0000 7f64767fc700 1 --2- 172.21.15.37:0/86147296 >> [v2:172.21.15.37:6800/1233564213,v1:172.21.15.37:6801/1233564213] conn(0x7f64640395b0 0x7f646403ba70 unknown :-1 s=BANNER_CONNECTING pgs=0 cs=0 l=1 rev1=0 crypto rx=0 tx=0 comp rx=0 tx=0)._handle_peer_banner_payload supported=3 required=0
2024-04-26T18:13:46.705 INFO:teuthology.orchestra.run.smithi037.stdout:/usr/bin/ceph: stderr
2024-04-26T18:13:45.904+0000 7f64767fc700 1 --2- 172.21.15.37:0/86147296 >> [v2:172.21.15.37:6800/1233564213,v1:172.21.15.37:6801/1233564213] conn(0x7f64640395b0 0x7f646403ba70 secure :-1 s=READY pgs=14 cs=0 l=1 rev1=1 crypto rx=0x7f6460006fd0 tx=0x7f6460006e40 comp rx=0 tx=0).ready entity=mgr.14120 client_cookie=0 server_cookie=0 in_seq=0 out_seq=0
2024-04-26T18:13:46.705 INFO:teuthology.orchestra.run.smithi037.stdout:/usr/bin/ceph: stderr
2024-04-26T18:13:45.914+0000 7f646ffff700 1 -- 172.21.15.37:0/86147296 <== mon.0 v2:172.21.15.37:3300/0 6 ==== mon_command_ack([{"prefix": "get_command_descriptions"}]=0 v0) ==== 72+0+188370 (secure 0 0 0) 0x7f646801f030 con 0x7f6478109a60
2024-04-26T18:13:46.705 INFO:teuthology.orchestra.run.smithi037.stdout:/usr/bin/ceph: stderr
2024-04-26T18:13:46.123+0000 7f647d71f700 1 -- 172.21.15.37:0/86147296 --> [v2:172.21.15.37:3300/0,v1:172.21.15.37:6789/0] -- mon_command([{prefix=config set, name=mgr/cephadm/container_init}] v 0) -- 0x7f6458005620 con 0x7f6478109a60
2024-04-26T18:13:46.705 INFO:teuthology.orchestra.run.smithi037.stdout:/usr/bin/ceph: stderr
2024-04-26T18:13:46.126+0000 7f646ffff700 1 -- 172.21.15.37:0/86147296 <== mon.0 v2:172.21.15.37:3300/0 7 ==== mon_command_ack([{prefix=config set, name=mgr/cephadm/container_init}]=0 v7)=0 v7) ==== 142+0+0 (secure 0 0 0) 0x7f6468018e00 con 0x7f6478109a60
2024-04-26T18:13:46.705 INFO:teuthology.orchestra.run.smithi037.stdout:/usr/bin/ceph: stderr
2024-04-26T18:13:46.128+0000 7f647d71f700 1 -- 172.21.15.37:0/86147296 >> [v2:172.21.15.37:6800/1233564213,v1:172.21.15.37:6801/1233564213] conn(0x7f64640395b0 msgr2=0x7f646403ba70 secure :-1 s=STATE_CONNECTION_ESTABLISHED l=1).mark_down
2024-04-26T18:13:46.705 INFO:teuthology.orchestra.run.smithi037.stdout:/usr/bin/ceph: stderr
2024-04-26T18:13:46.128+0000 7f647d71f700 1 --2- 172.21.15.37:0/86147296 >> [v2:172.21.15.37:6800/1233564213,v1:172.21.15.37:6801/1233564213] conn(0x7f64640395b0 0x7f646403ba70 secure :-1 s=READY pgs=14 cs=0 l=1 rev1=1 crypto rx=0x7f6460006fd0 tx=0x7f6460006e40 comp rx=0 tx=0).stop
2024-04-26T18:13:46.705 INFO:teuthology.orchestra.run.smithi037.stdout:/usr/bin/ceph: stderr
2024-04-26T18:13:46.128+0000 7f647d71f700 1 -- 172.21.15.37:0/86147296 >> [v2:172.21.15.37:3300/0,v1:172.21.15.37:6789/0] conn(0x7f6478109a60 msgr2=0x7f647819f080 secure :-1 s=STATE_CONNECTION_ESTABLISHED l=1).mark_down
2024-04-26T18:13:46.705 INFO:teuthology.orchestra.run.smithi037.stdout:/usr/bin/ceph: stderr
2024-04-26T18:13:46.128+0000 7f647d71f700 1 --2- 172.21.15.37:0/86147296 >> [v2:172.21.15.37:3300/0,v1:172.21.15.37:6789/0] conn(0x7f6478109a60 0x7f647819f080 secure :-1 s=READY pgs=52 cs=0 l=1 rev1=1 crypto rx=0x7f64680116e0 tx=0x7f6468011aa0 comp rx=0 tx=0).stop
2024-04-26T18:13:46.705 INFO:teuthology.orchestra.run.smithi037.stdout:/usr/bin/ceph: stderr
2024-04-26T18:13:46.128+0000 7f647d71f700 1 -- 172.21.15.37:0/86147296 shutdown_connections
2024-04-26T18:13:46.705 INFO:teuthology.orchestra.run.smithi037.stdout:/usr/bin/ceph: stderr
2024-04-26T18:13:46.128+0000 7f647d71f700 1 --2- 172.21.15.37:0/86147296 >> [v2:172.21.15.37:6800/1233564213,v1:172.21.15.37:6801/1233564213] conn(0x7f64640395b0 0x7f646403ba70 unknown :-1 s=CLOSED pgs=14 cs=0 l=1 rev1=1 crypto rx=0 tx=0 comp rx=0 tx=0).stop
2024-04-26T18:13:46.705 INFO:teuthology.orchestra.run.smithi037.stdout:/usr/bin/ceph: stderr
2024-04-26T18:13:46.128+0000 7f647d71f700 1 --2- 172.21.15.37:0/86147296 >> [v2:172.21.15.37:3300/0,v1:172.21.15.37:6789/0] conn(0x7f6478109a60 0x7f647819f080 unknown :-1 s=CLOSED pgs=52 cs=0 l=1 rev1=1 crypto rx=0 tx=0 comp rx=0 tx=0).stop
2024-04-26T18:13:46.705 INFO:teuthology.orchestra.run.smithi037.stdout:/usr/bin/ceph: stderr
2024-04-26T18:13:46.128+0000 7f647d71f700 1 -- 172.21.15.37:0/86147296 >> 172.21.15.37:0/86147296 conn(0x7f64781034f0 msgr2=0x7f6478103eb0 unknown :-1 s=STATE_NONE l=0).mark_down
2024-04-26T18:13:46.705 INFO:teuthology.orchestra.run.smithi037.stdout:/usr/bin/ceph: stderr
2024-04-26T18:13:46.129+0000 7f647d71f700 1 -- 172.21.15.37:0/86147296 shutdown_connections
2024-04-26T18:13:46.705 INFO:teuthology.orchestra.run.smithi037.stdout:/usr/bin/ceph: stderr
2024-04-26T18:13:46.129+0000 7f647d71f700 1 -- 172.21.15.37:0/86147296 wait complete.
2024-04-26T18:13:47.342 INFO:journalctl@ceph.mon.a.smithi037.stdout:Apr 26 18:13:47 smithi037 ceph-mon[29171]: from='client.? 172.21.15.37:0/86147296' entity='client.admin'
2024-04-26T18:13:48.009 INFO:teuthology.orchestra.run.smithi037.stdout:/usr/bin/ceph: stderr
2024-04-26T18:13:47.116+0000 7f322f0ca700 1 Processor -- start
2024-04-26T18:13:48.015 INFO:teuthology.orchestra.run.smithi037.stdout:/usr/bin/ceph: stderr
2024-04-26T18:13:47.116+0000 7f322f0ca700 1 -- start start
2024-04-26T18:13:48.015 INFO:teuthology.orchestra.run.smithi037.stdout:/usr/bin/ceph: stderr
2024-04-26T18:13:47.116+0000 7f322f0ca700 1 --2- >> [v2:172.21.15.37:3300/0,v1:172.21.15.37:6789/0] conn(0x7f32281072c0 0x7f32281076e0 unknown :-1 s=NONE pgs=0 cs=0 l=0 rev1=0 crypto rx=0 tx=0 comp rx=0 tx=0).connect
2024-04-26T18:13:48.015 INFO:teuthology.orchestra.run.smithi037.stdout:/usr/bin/ceph: stderr
2024-04-26T18:13:47.116+0000 7f322f0ca700 1 -- --> [v2:172.21.15.37:3300/0,v1:172.21.15.37:6789/0] -- mon_getmap magic: 0 -- 0x7f3228107cb0 con 0x7f32281072c0
2024-04-26T18:13:48.015 INFO:teuthology.orchestra.run.smithi037.stdout:/usr/bin/ceph: stderr
2024-04-26T18:13:47.116+0000 7f322ce66700 1 --2- >> [v2:172.21.15.37:3300/0,v1:172.21.15.37:6789/0] conn(0x7f32281072c0 0x7f32281076e0 unknown :-1 s=BANNER_CONNECTING pgs=0 cs=0 l=0 rev1=0 crypto rx=0 tx=0 comp rx=0 tx=0)._handle_peer_banner_payload supported=3 required=0
2024-04-26T18:13:48.015 INFO:teuthology.orchestra.run.smithi037.stdout:/usr/bin/ceph: stderr
2024-04-26T18:13:47.116+0000 7f322ce66700 1 --2- >> [v2:172.21.15.37:3300/0,v1:172.21.15.37:6789/0] conn(0x7f32281072c0 0x7f32281076e0 unknown :-1 s=HELLO_CONNECTING pgs=0 cs=0 l=0 rev1=1 crypto rx=0 tx=0 comp rx=0 tx=0).handle_hello peer v2:172.21.15.37:3300/0 says I am v2:172.21.15.37:43650/0 (socket says 172.21.15.37:43650)
2024-04-26T18:13:48.016 INFO:teuthology.orchestra.run.smithi037.stdout:/usr/bin/ceph: stderr
2024-04-26T18:13:47.116+0000 7f322ce66700 1 -- 172.21.15.37:0/3579343708 learned_addr learned my addr 172.21.15.37:0/3579343708 (peer_addr_for_me v2:172.21.15.37:0/0)
2024-04-26T18:13:48.016 INFO:teuthology.orchestra.run.smithi037.stdout:/usr/bin/ceph: stderr
2024-04-26T18:13:47.117+0000 7f322ce66700 1 -- 172.21.15.37:0/3579343708 --> [v2:172.21.15.37:3300/0,v1:172.21.15.37:6789/0] -- mon_subscribe({config=0+,monmap=0+}) -- 0x7f322810a250 con 0x7f32281072c0
2024-04-26T18:13:48.016 INFO:teuthology.orchestra.run.smithi037.stdout:/usr/bin/ceph: stderr
