2024-04-26T18:17:36.009 INFO:teuthology.orchestra.run.smithi002.stdout:/usr/bin/ceph: stderr
2024-04-26T18:17:34.811+0000 7f42f42b9700 1 -- --> [v2:172.21.15.2:3300/0,v1:172.21.15.2:6789/0] -- mon_getmap magic: 0 -- 0x7f42ec10d330 con 0x7f42ec108f20
2024-04-26T18:17:36.009 INFO:teuthology.orchestra.run.smithi002.stdout:/usr/bin/ceph: stderr
2024-04-26T18:17:34.811+0000 7f42f2055700 1 --2- >> [v2:172.21.15.2:3300/0,v1:172.21.15.2:6789/0] conn(0x7f42ec108f20 0x7f42ec19cdf0 unknown :-1 s=BANNER_CONNECTING pgs=0 cs=0 l=1 rev1=0 crypto rx=0 tx=0 comp rx=0 tx=0)._handle_peer_banner_payload supported=3 required=0
2024-04-26T18:17:36.009 INFO:teuthology.orchestra.run.smithi002.stdout:/usr/bin/ceph: stderr
2024-04-26T18:17:34.811+0000 7f42f2055700 1 --2- >> [v2:172.21.15.2:3300/0,v1:172.21.15.2:6789/0] conn(0x7f42ec108f20 0x7f42ec19cdf0 unknown :-1 s=HELLO_CONNECTING pgs=0 cs=0 l=1 rev1=1 crypto rx=0 tx=0 comp rx=0 tx=0).handle_hello peer v2:172.21.15.2:3300/0 says I am v2:172.21.15.2:37998/0 (socket says 172.21.15.2:37998)
2024-04-26T18:17:36.010 INFO:teuthology.orchestra.run.smithi002.stdout:/usr/bin/ceph: stderr
2024-04-26T18:17:34.811+0000 7f42f2055700 1 -- 172.21.15.2:0/3760822759 learned_addr learned my addr 172.21.15.2:0/3760822759 (peer_addr_for_me v2:172.21.15.2:0/0)
2024-04-26T18:17:36.010 INFO:teuthology.orchestra.run.smithi002.stdout:/usr/bin/ceph: stderr
2024-04-26T18:17:34.811+0000 7f42f2055700 1 -- 172.21.15.2:0/3760822759 --> [v2:172.21.15.2:3300/0,v1:172.21.15.2:6789/0] -- mon_subscribe({config=0+,monmap=0+}) -- 0x7f42ec19d330 con 0x7f42ec108f20
2024-04-26T18:17:36.010 INFO:teuthology.orchestra.run.smithi002.stdout:/usr/bin/ceph: stderr
2024-04-26T18:17:34.811+0000 7f42f2055700 1 --2- 172.21.15.2:0/3760822759 >> [v2:172.21.15.2:3300/0,v1:172.21.15.2:6789/0] conn(0x7f42ec108f20 0x7f42ec19cdf0 secure :-1 s=READY pgs=73 cs=0 l=1 rev1=1 crypto rx=0x7f42dc009520 tx=0x7f42dc011aa0 comp rx=0 tx=0).ready entity=mon.0 client_cookie=0 server_cookie=0 in_seq=0 out_seq=0
2024-04-26T18:17:36.010 INFO:teuthology.orchestra.run.smithi002.stdout:/usr/bin/ceph: stderr
2024-04-26T18:17:34.811+0000 7f42e37fe700 1 -- 172.21.15.2:0/3760822759 <== mon.0 v2:172.21.15.2:3300/0 1 ==== mon_map magic: 0 ==== 205+0+0 (secure 0 0 0) 0x7f42dc0039e0 con 0x7f42ec108f20
2024-04-26T18:17:36.010 INFO:teuthology.orchestra.run.smithi002.stdout:/usr/bin/ceph: stderr
2024-04-26T18:17:34.812+0000 7f42e37fe700 1 -- 172.21.15.2:0/3760822759 <== mon.0 v2:172.21.15.2:3300/0 2 ==== config(26 keys) ==== 1101+0+0 (secure 0 0 0) 0x7f42dc01b8f0 con 0x7f42ec108f20
2024-04-26T18:17:36.010 INFO:teuthology.orchestra.run.smithi002.stdout:/usr/bin/ceph: stderr
2024-04-26T18:17:34.812+0000 7f42f42b9700 1 -- 172.21.15.2:0/3760822759 --> [v2:172.21.15.2:3300/0,v1:172.21.15.2:6789/0] -- mon_subscribe({mgrmap=0+}) -- 0x7f42ec19d5c0 con 0x7f42ec108f20
2024-04-26T18:17:36.010 INFO:teuthology.orchestra.run.smithi002.stdout:/usr/bin/ceph: stderr
2024-04-26T18:17:34.812+0000 7f42e37fe700 1 -- 172.21.15.2:0/3760822759 <== mon.0 v2:172.21.15.2:3300/0 3 ==== mon_map magic: 0 ==== 205+0+0 (secure 0 0 0) 0x7f42dc019770 con 0x7f42ec108f20
2024-04-26T18:17:36.010 INFO:teuthology.orchestra.run.smithi002.stdout:/usr/bin/ceph: stderr
2024-04-26T18:17:34.812+0000 7f42f42b9700 1 -- 172.21.15.2:0/3760822759 --> [v2:172.21.15.2:3300/0,v1:172.21.15.2:6789/0] -- mon_subscribe({osdmap=0}) -- 0x7f42ec1a02b0 con 0x7f42ec108f20
2024-04-26T18:17:36.010 INFO:teuthology.orchestra.run.smithi002.stdout:/usr/bin/ceph: stderr
2024-04-26T18:17:34.812+0000 7f42e37fe700 1 -- 172.21.15.2:0/3760822759 <== mon.0 v2:172.21.15.2:3300/0 4 ==== mgrmap(e 12) ==== 46571+0+0 (secure 0 0 0) 0x7f42dc019a70 con 0x7f42ec108f20
2024-04-26T18:17:36.010 INFO:teuthology.orchestra.run.smithi002.stdout:/usr/bin/ceph: stderr
2024-04-26T18:17:34.813+0000 7f42e37fe700 1 --2- 172.21.15.2:0/3760822759 >> [v2:172.21.15.2:6800/3504483564,v1:172.21.15.2:6801/3504483564] conn(0x7f42d8039600 0x7f42d803bac0 unknown :-1 s=NONE pgs=0 cs=0 l=1 rev1=0 crypto rx=0 tx=0 comp rx=0 tx=0).connect
2024-04-26T18:17:36.011 INFO:teuthology.orchestra.run.smithi002.stdout:/usr/bin/ceph: stderr
2024-04-26T18:17:34.813+0000 7f42e37fe700 1 -- 172.21.15.2:0/3760822759 <== mon.0 v2:172.21.15.2:3300/0 5 ==== osd_map(3..3 src has 1..3) ==== 1155+0+0 (secure 0 0 0) 0x7f42dc04e010 con 0x7f42ec108f20
2024-04-26T18:17:36.011 INFO:teuthology.orchestra.run.smithi002.stdout:/usr/bin/ceph: stderr
2024-04-26T18:17:34.813+0000 7f42f1854700 1 --2- 172.21.15.2:0/3760822759 >> [v2:172.21.15.2:6800/3504483564,v1:172.21.15.2:6801/3504483564] conn(0x7f42d8039600 0x7f42d803bac0 unknown :-1 s=BANNER_CONNECTING pgs=0 cs=0 l=1 rev1=0 crypto rx=0 tx=0 comp rx=0 tx=0)._handle_peer_banner_payload supported=3 required=0
2024-04-26T18:17:36.011 INFO:teuthology.orchestra.run.smithi002.stdout:/usr/bin/ceph: stderr
2024-04-26T18:17:34.813+0000 7f42f42b9700 1 -- 172.21.15.2:0/3760822759 --> [v2:172.21.15.2:3300/0,v1:172.21.15.2:6789/0] -- mon_command({"prefix": "get_command_descriptions"} v 0) -- 0x7f42ec064a80 con 0x7f42ec108f20
2024-04-26T18:17:36.011 INFO:teuthology.orchestra.run.smithi002.stdout:/usr/bin/ceph: stderr
2024-04-26T18:17:34.813+0000 7f42f1854700 1 --2- 172.21.15.2:0/3760822759 >> [v2:172.21.15.2:6800/3504483564,v1:172.21.15.2:6801/3504483564] conn(0x7f42d8039600 0x7f42d803bac0 secure :-1 s=READY pgs=8 cs=0 l=1 rev1=1 crypto rx=0x7f42e8006fd0 tx=0x7f42e8006e40 comp rx=0 tx=0).ready entity=mgr.14152 client_cookie=0 server_cookie=0 in_seq=0 out_seq=0
2024-04-26T18:17:36.011 INFO:teuthology.orchestra.run.smithi002.stdout:/usr/bin/ceph: stderr
2024-04-26T18:17:34.818+0000 7f42e37fe700 1 -- 172.21.15.2:0/3760822759 <== mon.0 v2:172.21.15.2:3300/0 6 ==== mon_command_ack([{"prefix": "get_command_descriptions"}]=0 v0) ==== 72+0+188370 (secure 0 0 0) 0x7f42dc01f030 con 0x7f42ec108f20
2024-04-26T18:17:36.011 INFO:teuthology.orchestra.run.smithi002.stdout:/usr/bin/ceph: stderr
2024-04-26T18:17:35.052+0000 7f42f42b9700 1 -- 172.21.15.2:0/3760822759 --> [v2:172.21.15.2:6800/3504483564,v1:172.21.15.2:6801/3504483564] -- mgr_command(tid 0: {"prefix": "dashboard ac-user-create", "username": "admin", "rolename": "administrator", "force_password": true, "pwd_update_required": true, "target": ["mon-mgr", ""]}) -- 0x7f42ec1a0480 con 0x7f42d8039600
2024-04-26T18:17:36.011 INFO:teuthology.orchestra.run.smithi002.stdout:/usr/bin/ceph: stderr
2024-04-26T18:17:35.298+0000 7f42e37fe700 1 -- 172.21.15.2:0/3760822759 <== mgr.14152 v2:172.21.15.2:6800/3504483564 1 ==== mgr_command_reply(tid 0: 0 ) ==== 8+0+252 (secure 0 0 0) 0x7f42ec1a0480 con 0x7f42d8039600
2024-04-26T18:17:36.011 INFO:teuthology.orchestra.run.smithi002.stdout:/usr/bin/ceph: stderr
2024-04-26T18:17:35.301+0000 7f42f42b9700 1 -- 172.21.15.2:0/3760822759 >> [v2:172.21.15.2:6800/3504483564,v1:172.21.15.2:6801/3504483564] conn(0x7f42d8039600 msgr2=0x7f42d803bac0 secure :-1 s=STATE_CONNECTION_ESTABLISHED l=1).mark_down
2024-04-26T18:17:36.011 INFO:teuthology.orchestra.run.smithi002.stdout:/usr/bin/ceph: stderr
2024-04-26T18:17:35.301+0000 7f42f42b9700 1 --2- 172.21.15.2:0/3760822759 >> [v2:172.21.15.2:6800/3504483564,v1:172.21.15.2:6801/3504483564] conn(0x7f42d8039600 0x7f42d803bac0 secure :-1 s=READY pgs=8 cs=0 l=1 rev1=1 crypto rx=0x7f42e8006fd0 tx=0x7f42e8006e40 comp rx=0 tx=0).stop
2024-04-26T18:17:36.011 INFO:teuthology.orchestra.run.smithi002.stdout:/usr/bin/ceph: stderr
2024-04-26T18:17:35.301+0000 7f42f42b9700 1 -- 172.21.15.2:0/3760822759 >> [v2:172.21.15.2:3300/0,v1:172.21.15.2:6789/0] conn(0x7f42ec108f20 msgr2=0x7f42ec19cdf0 secure :-1 s=STATE_CONNECTION_ESTABLISHED l=1).mark_down
2024-04-26T18:17:36.011 INFO:teuthology.orchestra.run.smithi002.stdout:/usr/bin/ceph: stderr
2024-04-26T18:17:35.301+0000 7f42f42b9700 1 --2- 172.21.15.2:0/3760822759 >> [v2:172.21.15.2:3300/0,v1:172.21.15.2:6789/0] conn(0x7f42ec108f20 0x7f42ec19cdf0 secure :-1 s=READY pgs=73 cs=0 l=1 rev1=1 crypto rx=0x7f42dc009520 tx=0x7f42dc011aa0 comp rx=0 tx=0).stop
2024-04-26T18:17:36.011 INFO:teuthology.orchestra.run.smithi002.stdout:/usr/bin/ceph: stderr
2024-04-26T18:17:35.301+0000 7f42f42b9700 1 -- 172.21.15.2:0/3760822759 shutdown_connections
2024-04-26T18:17:36.012 INFO:teuthology.orchestra.run.smithi002.stdout:/usr/bin/ceph: stderr
2024-04-26T18:17:35.301+0000 7f42f42b9700 1 --2- 172.21.15.2:0/3760822759 >> [v2:172.21.15.2:6800/3504483564,v1:172.21.15.2:6801/3504483564] conn(0x7f42d8039600 0x7f42d803bac0 unknown :-1 s=CLOSED pgs=8 cs=0 l=1 rev1=1 crypto rx=0 tx=0 comp rx=0 tx=0).stop
2024-04-26T18:17:36.012 INFO:teuthology.orchestra.run.smithi002.stdout:/usr/bin/ceph: stderr
2024-04-26T18:17:35.301+0000 7f42f42b9700 1 --2- 172.21.15.2:0/3760822759 >> [v2:172.21.15.2:3300/0,v1:172.21.15.2:6789/0] conn(0x7f42ec108f20 0x7f42ec19cdf0 unknown :-1 s=CLOSED pgs=73 cs=0 l=1 rev1=1 crypto rx=0 tx=0 comp rx=0 tx=0).stop
2024-04-26T18:17:36.012 INFO:teuthology.orchestra.run.smithi002.stdout:/usr/bin/ceph: stderr
2024-04-26T18:17:35.301+0000 7f42f42b9700 1 -- 172.21.15.2:0/3760822759 >> 172.21.15.2:0/3760822759 conn(0x7f42ec104530 msgr2=0x7f42ec105090 unknown :-1 s=STATE_NONE l=0).mark_down
2024-04-26T18:17:36.012 INFO:teuthology.orchestra.run.smithi002.stdout:/usr/bin/ceph: stderr
2024-04-26T18:17:35.301+0000 7f42f42b9700 1 -- 172.21.15.2:0/3760822759 shutdown_connections
2024-04-26T18:17:36.012 INFO:teuthology.orchestra.run.smithi002.stdout:/usr/bin/ceph: stderr
2024-04-26T18:17:35.301+0000 7f42f42b9700 1 -- 172.21.15.2:0/3760822759 wait complete.
2024-04-26T18:17:36.012 INFO:teuthology.orchestra.run.smithi002.stdout:Fetching dashboard port number...
2024-04-26T18:17:36.517 INFO:journalctl@ceph.mon.a.smithi002.stdout:Apr 26 18:17:36 smithi002 ceph-mon[29409]: from='client.14166 -' entity='client.admin' cmd=[{"prefix": "dashboard ac-user-create", "username": "admin", "rolename": "administrator", "force_password": true, "pwd_update_required": true, "target": ["mon-mgr", ""]}]: dispatch
2024-04-26T18:17:36.517 INFO:journalctl@ceph.mon.a.smithi002.stdout:Apr 26 18:17:36 smithi002 ceph-mon[29409]: from='mgr.14152 172.21.15.2:0/3571291149' entity='mgr.x'
2024-04-26T18:17:37.632 INFO:journalctl@ceph.mon.a.smithi002.stdout:Apr 26 18:17:37 smithi002 ceph-mon[29409]: from='client.? 172.21.15.2:0/2449017470' entity='client.admin' cmd=[{"prefix": "config get", "who": "mgr", "key": "mgr/dashboard/ssl_server_port"}]: dispatch
2024-04-26T18:17:37.639 INFO:teuthology.orchestra.run.smithi002.stdout:/usr/bin/ceph: stdout 8443
2024-04-26T18:17:37.639 INFO:teuthology.orchestra.run.smithi002.stdout:/usr/bin/ceph: stderr
2024-04-26T18:17:36.807+0000 7f51fabc9700 1 Processor -- start
2024-04-26T18:17:37.639 INFO:teuthology.orchestra.run.smithi002.stdout:/usr/bin/ceph: stderr
2024-04-26T18:17:36.807+0000 7f51fabc9700 1 -- start start
2024-04-26T18:17:37.640 INFO:teuthology.orchestra.run.smithi002.stdout:/usr/bin/ceph: stderr
2024-04-26T18:17:36.807+0000 7f51fabc9700 1 --2- >> [v2:172.21.15.2:3300/0,v1:172.21.15.2:6789/0] conn(0x7f51f41099e0 0x7f51f410bdd0 unknown :-1 s=NONE pgs=0 cs=0 l=0 rev1=0 crypto rx=0 tx=0 comp rx=0 tx=0).connect
2024-04-26T18:17:37.640 INFO:teuthology.orchestra.run.smithi002.stdout:/usr/bin/ceph: stderr
2024-04-26T18:17:36.807+0000 7f51fabc9700 1 -- --> [v2:172.21.15.2:3300/0,v1:172.21.15.2:6789/0] -- mon_getmap magic: 0 -- 0x7f51f407d600 con 0x7f51f41099e0
2024-04-26T18:17:37.640 INFO:teuthology.orchestra.run.smithi002.stdout:/usr/bin/ceph: stderr
2024-04-26T18:17:36.808+0000 7f51f8965700 1 --2- >> [v2:172.21.15.2:3300/0,v1:172.21.15.2:6789/0] conn(0x7f51f41099e0 0x7f51f410bdd0 unknown :-1 s=BANNER_CONNECTING pgs=0 cs=0 l=0 rev1=0 crypto rx=0 tx=0 comp rx=0 tx=0)._handle_peer_banner_payload supported=3 required=0
2024-04-26T18:17:37.640 INFO:teuthology.orchestra.run.smithi002.stdout:/usr/bin/ceph: stderr
2024-04-26T18:17:36.808+0000 7f51f8965700 1 --2- >> [v2:172.21.15.2:3300/0,v1:172.21.15.2:6789/0] conn(0x7f51f41099e0 0x7f51f410bdd0 unknown :-1 s=HELLO_CONNECTING pgs=0 cs=0 l=0 rev1=1 crypto rx=0 tx=0 comp rx=0 tx=0).handle_hello peer v2:172.21.15.2:3300/0 says I am v2:172.21.15.2:38004/0 (socket says 172.21.15.2:38004)
2024-04-26T18:17:37.640 INFO:teuthology.orchestra.run.smithi002.stdout:/usr/bin/ceph: stderr
2024-04-26T18:17:36.808+0000 7f51f8965700 1 -- 172.21.15.2:0/2154988161 learned_addr learned my addr 172.21.15.2:0/2154988161 (peer_addr_for_me v2:172.21.15.2:0/0)
2024-04-26T18:17:37.640 INFO:teuthology.orchestra.run.smithi002.stdout:/usr/bin/ceph: stderr
2024-04-26T18:17:36.808+0000 7f51f8965700 1 -- 172.21.15.2:0/2154988161 --> [v2:172.21.15.2:3300/0,v1:172.21.15.2:6789/0] -- mon_subscribe({config=0+,monmap=0+}) -- 0x7f51f410c310 con 0x7f51f41099e0
2024-04-26T18:17:37.640 INFO:teuthology.orchestra.run.smithi002.stdout:/usr/bin/ceph: stderr
2024-04-26T18:17:36.808+0000 7f51f8965700 1 --2- 172.21.15.2:0/2154988161 >> [v2:172.21.15.2:3300/0,v1:172.21.15.2:6789/0] conn(0x7f51f41099e0 0x7f51f410bdd0 secure :-1 s=READY pgs=74 cs=0 l=1 rev1=1 crypto rx=0x7f51ec009e80 tx=0x7f51ec00b330 comp rx=0 tx=0).ready entity=mon.0 client_cookie=a08cc5e3f1f75022 server_cookie=0 in_seq=0 out_seq=0
2024-04-26T18:17:37.640 INFO:teuthology.orchestra.run.smithi002.stdout:/usr/bin/ceph: stderr
2024-04-26T18:17:36.808+0000 7f51f37fe700 1 -- 172.21.15.2:0/2154988161 <== mon.0 v2:172.21.15.2:3300/0 1 ==== mon_map magic: 0 ==== 205+0+0 (secure 0 0 0) 0x7f51ec017070 con 0x7f51f41099e0
2024-04-26T18:17:37.640 INFO:teuthology.orchestra.run.smithi002.stdout:/usr/bin/ceph: stderr
2024-04-26T18:17:36.808+0000 7f51f37fe700 1 -- 172.21.15.2:0/2154988161 <== mon.0 v2:172.21.15.2:3300/0 2 ==== config(26 keys) ==== 1101+0+0 (secure 0 0 0) 0x7f51ec00b8c0 con 0x7f51f41099e0
2024-04-26T18:17:37.640 INFO:teuthology.orchestra.run.smithi002.stdout:/usr/bin/ceph: stderr
2024-04-26T18:17:36.808+0000 7f51f37fe700 1 -- 172.21.15.2:0/2154988161 <== mon.0 v2:172.21.15.2:3300/0 3 ==== mon_map magic: 0 ==== 205+0+0 (secure 0 0 0) 0x7f51ec004490 con 0x7f51f41099e0
2024-04-26T18:17:37.640 INFO:teuthology.orchestra.run.smithi002.stdout:/usr/bin/ceph: stderr
2024-04-26T18:17:36.809+0000 7f51fabc9700 1 -- 172.21.15.2:0/2154988161 >> [v2:172.21.15.2:3300/0,v1:172.21.15.2:6789/0] conn(0x7f51f41099e0 msgr2=0x7f51f410bdd0 secure :-1 s=STATE_CONNECTION_ESTABLISHED l=1).mark_down
2024-04-26T18:17:37.641 INFO:teuthology.orchestra.run.smithi002.stdout:/usr/bin/ceph: stderr
2024-04-26T18:17:36.809+0000 7f51fabc9700 1 --2- 172.21.15.2:0/2154988161 >> [v2:172.21.15.2:3300/0,v1:172.21.15.2:6789/0] conn(0x7f51f41099e0 0x7f51f410bdd0 secure :-1 s=READY pgs=74 cs=0 l=1 rev1=1 crypto rx=0x7f51ec009e80 tx=0x7f51ec00b330 comp rx=0 tx=0).stop
2024-04-26T18:17:37.641 INFO:teuthology.orchestra.run.smithi002.stdout:/usr/bin/ceph: stderr
2024-04-26T18:17:36.809+0000 7f51fabc9700 1 -- 172.21.15.2:0/2154988161 shutdown_connections
2024-04-26T18:17:37.641 INFO:teuthology.orchestra.run.smithi002.stdout:/usr/bin/ceph: stderr
2024-04-26T18:17:36.809+0000 7f51fabc9700 1 --2- 172.21.15.2:0/2154988161 >> [v2:172.21.15.2:3300/0,v1:172.21.15.2:6789/0] conn(0x7f51f41099e0 0x7f51f410bdd0 unknown :-1 s=CLOSED pgs=74 cs=0 l=1 rev1=1 crypto rx=0 tx=0 comp rx=0 tx=0).stop
2024-04-26T18:17:37.641 INFO:teuthology.orchestra.run.smithi002.stdout:/usr/bin/ceph: stderr
2024-04-26T18:17:36.809+0000 7f51fabc9700 1 -- 172.21.15.2:0/2154988161 >> 172.21.15.2:0/2154988161 conn(0x7f51f4103410 msgr2=0x7f51f4105830 unknown :-1 s=STATE_NONE l=0).mark_down
2024-04-26T18:17:37.641 INFO:teuthology.orchestra.run.smithi002.stdout:/usr/bin/ceph: stderr
2024-04-26T18:17:36.809+0000 7f51fabc9700 1 -- 172.21.15.2:0/2154988161 shutdown_connections
2024-04-26T18:17:37.641 INFO:teuthology.orchestra.run.smithi002.stdout:/usr/bin/ceph: stderr
2024-04-26T18:17:36.809+0000 7f51fabc9700 1 -- 172.21.15.2:0/2154988161 wait complete.
2024-04-26T18:17:37.641 INFO:teuthology.orchestra.run.smithi002.stdout:/usr/bin/ceph: stderr
2024-04-26T18:17:36.810+0000 7f51fabc9700 1 Processor -- start
2024-04-26T18:17:37.641 INFO:teuthology.orchestra.run.smithi002.stdout:/usr/bin/ceph: stderr
2024-04-26T18:17:36.810+0000 7f51fabc9700 1 -- start start
2024-04-26T18:17:37.641 INFO:teuthology.orchestra.run.smithi002.stdout:/usr/bin/ceph: stderr
2024-04-26T18:17:36.810+0000 7f51fabc9700 1 --2- >> [v2:172.21.15.2:3300/0,v1:172.21.15.2:6789/0] conn(0x7f51f41099e0 0x7f51f419cdb0 unknown :-1 s=NONE pgs=0 cs=0 l=1 rev1=0 crypto rx=0 tx=0 comp rx=0 tx=0).connect
2024-04-26T18:17:37.641 INFO:teuthology.orchestra.run.smithi002.stdout:/usr/bin/ceph: stderr
2024-04-26T18:17:36.810+0000 7f51fabc9700 1 -- --> [v2:172.21.15.2:3300/0,v1:172.21.15.2:6789/0] -- mon_getmap magic: 0 -- 0x7f51f410d250 con 0x7f51f41099e0
2024-04-26T18:17:37.641 INFO:teuthology.orchestra.run.smithi002.stdout:/usr/bin/ceph: stderr
2024-04-26T18:17:36.810+0000 7f51f8965700 1 --2- >> [v2:172.21.15.2:3300/0,v1:172.21.15.2:6789/0] conn(0x7f51f41099e0 0x7f51f419cdb0 unknown :-1 s=BANNER_CONNECTING pgs=0 cs=0 l=1 rev1=0 crypto rx=0 tx=0 comp rx=0 tx=0)._handle_peer_banner_payload supported=3 required=0
2024-04-26T18:17:37.641 INFO:teuthology.orchestra.run.smithi002.stdout:/usr/bin/ceph: stderr
2024-04-26T18:17:36.810+0000 7f51f8965700 1 --2- >> [v2:172.21.15.2:3300/0,v1:172.21.15.2:6789/0] conn(0x7f51f41099e0 0x7f51f419cdb0 unknown :-1 s=HELLO_CONNECTING pgs=0 cs=0 l=1 rev1=1 crypto rx=0 tx=0 comp rx=0 tx=0).handle_hello peer v2:172.21.15.2:3300/0 says I am v2:172.21.15.2:38008/0 (socket says 172.21.15.2:38008)
2024-04-26T18:17:37.642 INFO:teuthology.orchestra.run.smithi002.stdout:/usr/bin/ceph: stderr
2024-04-26T18:17:36.810+0000 7f51f8965700 1 -- 172.21.15.2:0/2449017470 learned_addr learned my addr 172.21.15.2:0/2449017470 (peer_addr_for_me v2:172.21.15.2:0/0)
2024-04-26T18:17:37.642 INFO:teuthology.orchestra.run.smithi002.stdout:/usr/bin/ceph: stderr
2024-04-26T18:17:36.810+0000 7f51f8965700 1 -- 172.21.15.2:0/2449017470 --> [v2:172.21.15.2:3300/0,v1:172.21.15.2:6789/0] -- mon_subscribe({config=0+,monmap=0+}) -- 0x7f51f419d2f0 con 0x7f51f41099e0
2024-04-26T18:17:37.642 INFO:teuthology.orchestra.run.smithi002.stdout:/usr/bin/ceph: stderr
2024-04-26T18:17:36.810+0000 7f51f8965700 1 --2- 172.21.15.2:0/2449017470 >> [v2:172.21.15.2:3300/0,v1:172.21.15.2:6789/0] conn(0x7f51f41099e0 0x7f51f419cdb0 secure :-1 s=READY pgs=75 cs=0 l=1 rev1=1 crypto rx=0x7f51ec004220 tx=0x7f51ec0093e0 comp rx=0 tx=0).ready entity=mon.0 client_cookie=0 server_cookie=0 in_seq=0 out_seq=0
2024-04-26T18:17:37.642 INFO:teuthology.orchestra.run.smithi002.stdout:/usr/bin/ceph: stderr
2024-04-26T18:17:36.810+0000 7f51f1ffb700 1 -- 172.21.15.2:0/2449017470 <== mon.0 v2:172.21.15.2:3300/0 1 ==== mon_map magic: 0 ==== 205+0+0 (secure 0 0 0) 0x7f51ec020020 con 0x7f51f41099e0
2024-04-26T18:17:37.642 INFO:teuthology.orchestra.run.smithi002.stdout:/usr/bin/ceph: stderr
2024-04-26T18:17:36.810+0000 7f51f1ffb700 1 -- 172.21.15.2:0/2449017470 <== mon.0 v2:172.21.15.2:3300/0 2 ==== config(26 keys) ==== 1101+0+0 (secure 0 0 0) 0x7f51ec003b50 con 0x7f51f41099e0
2024-04-26T18:17:37.642 INFO:teuthology.orchestra.run.smithi002.stdout:/usr/bin/ceph: stderr
2024-04-26T18:17:36.810+0000 7f51fabc9700 1 -- 172.21.15.2:0/2449017470 --> [v2:172.21.15.2:3300/0,v1:172.21.15.2:6789/0] -- mon_subscribe({mgrmap=0+}) -- 0x7f51f419d580 con 0x7f51f41099e0
2024-04-26T18:17:37.642 INFO:teuthology.orchestra.run.smithi002.stdout:/usr/bin/ceph: stderr
2024-04-26T18:17:36.810+0000 7f51f1ffb700 1 -- 172.21.15.2:0/2449017470 <== mon.0 v2:172.21.15.2:3300/0 3 ==== mon_map magic: 0 ==== 205+0+0 (secure 0 0 0) 0x7f51ec017040 con 0x7f51f41099e0
2024-04-26T18:17:37.642 INFO:teuthology.orchestra.run.smithi002.stdout:/usr/bin/ceph: stderr
2024-04-26T18:17:36.811+0000 7f51fabc9700 1 -- 172.21.15.2:0/2449017470 --> [v2:172.21.15.2:3300/0,v1:172.21.15.2:6789/0] -- mon_subscribe({osdmap=0}) -- 0x7f51f41a0230 con 0x7f51f41099e0
2024-04-26T18:17:37.642 INFO:teuthology.orchestra.run.smithi002.stdout:/usr/bin/ceph: stderr
2024-04-26T18:17:36.811+0000 7f51f1ffb700 1 -- 172.21.15.2:0/2449017470 <== mon.0 v2:172.21.15.2:3300/0 4 ==== mgrmap(e 12) ==== 46571+0+0 (secure 0 0 0) 0x7f51ec023020 con 0x7f51f41099e0
2024-04-26T18:17:37.642 INFO:teuthology.orchestra.run.smithi002.stdout:/usr/bin/ceph: stderr
2024-04-26T18:17:36.812+0000 7f51fabc9700 1 -- 172.21.15.2:0/2449017470 --> [v2:172.21.15.2:3300/0,v1:172.21.15.2:6789/0] -- mon_command({"prefix": "get_command_descriptions"} v 0) -- 0x7f51f4064a80 con 0x7f51f41099e0
2024-04-26T18:17:37.642 INFO:teuthology.orchestra.run.smithi002.stdout:/usr/bin/ceph: stderr
2024-04-26T18:17:36.812+0000 7f51f1ffb700 1 --2- 172.21.15.2:0/2449017470 >> [v2:172.21.15.2:6800/3504483564,v1:172.21.15.2:6801/3504483564] conn(0x7f51dc039600 0x7f51dc03bac0 unknown :-1 s=NONE pgs=0 cs=0 l=1 rev1=0 crypto rx=0 tx=0 comp rx=0 tx=0).connect
2024-04-26T18:17:37.642 INFO:teuthology.orchestra.run.smithi002.stdout:/usr/bin/ceph: stderr
2024-04-26T18:17:36.812+0000 7f51f1ffb700 1 -- 172.21.15.2:0/2449017470 <== mon.0 v2:172.21.15.2:3300/0 5 ==== osd_map(3..3 src has 1..3) ==== 1155+0+0 (secure 0 0 0) 0x7f51ec00f050 con 0x7f51f41099e0
2024-04-26T18:17:37.642 INFO:teuthology.orchestra.run.smithi002.stdout:/usr/bin/ceph: stderr
2024-04-26T18:17:36.812+0000 7f51f3fff700 1 --2- 172.21.15.2:0/2449017470 >> [v2:172.21.15.2:6800/3504483564,v1:172.21.15.2:6801/3504483564] conn(0x7f51dc039600 0x7f51dc03bac0 unknown :-1 s=BANNER_CONNECTING pgs=0 cs=0 l=1 rev1=0 crypto rx=0 tx=0 comp rx=0 tx=0)._handle_peer_banner_payload supported=3 required=0
2024-04-26T18:17:37.643 INFO:teuthology.orchestra.run.smithi002.stdout:/usr/bin/ceph: stderr
2024-04-26T18:17:36.812+0000 7f51f3fff700 1 --2- 172.21.15.2:0/2449017470 >> [v2:172.21.15.2:6800/3504483564,v1:172.21.15.2:6801/3504483564] conn(0x7f51dc039600 0x7f51dc03bac0 secure :-1 s=READY pgs=9 cs=0 l=1 rev1=1 crypto rx=0x7f51e8006fd0 tx=0x7f51e8006e40 comp rx=0 tx=0).ready entity=mgr.14152 client_cookie=0 server_cookie=0 in_seq=0 out_seq=0
2024-04-26T18:17:37.643 INFO:teuthology.orchestra.run.smithi002.stdout:/usr/bin/ceph: stderr
2024-04-26T18:17:36.817+0000 7f51f1ffb700 1 -- 172.21.15.2:0/2449017470 <== mon.0 v2:172.21.15.2:3300/0 6 ==== mon_command_ack([{"prefix": "get_command_descriptions"}]=0 v0) ==== 72+0+188370 (secure 0 0 0) 0x7f51ec02a020 con 0x7f51f41099e0
2024-04-26T18:17:37.643 INFO:teuthology.orchestra.run.smithi002.stdout:/usr/bin/ceph: stderr
2024-04-26T18:17:37.030+0000 7f51fabc9700 1 -- 172.21.15.2:0/2449017470 --> [v2:172.21.15.2:3300/0,v1:172.21.15.2:6789/0] -- mon_command({"prefix": "config get", "who": "mgr", "key": "mgr/dashboard/ssl_server_port"} v 0) -- 0x7f51f41a0400 con 0x7f51f41099e0
2024-04-26T18:17:37.643 INFO:teuthology.orchestra.run.smithi002.stdout:/usr/bin/ceph: stderr
2024-04-26T18:17:37.030+0000 7f51f1ffb700 1 -- 172.21.15.2:0/2449017470 <== mon.0 v2:172.21.15.2:3300/0 7 ==== mon_command_ack([{"prefix": "config get", "who": "mgr", "key": "mgr/dashboard/ssl_server_port"}]=0 v8) ==== 112+0+5 (secure 0 0 0) 0x7f51ec01b370 con 0x7f51f41099e0
2024-04-26T18:17:37.643 INFO:teuthology.orchestra.run.smithi002.stdout:/usr/bin/ceph: stderr
2024-04-26T18:17:37.032+0000 7f51fabc9700 1 -- 172.21.15.2:0/2449017470 >> [v2:172.21.15.2:6800/3504483564,v1:172.21.15.2:6801/3504483564] conn(0x7f51dc039600 msgr2=0x7f51dc03bac0 secure :-1 s=STATE_CONNECTION_ESTABLISHED l=1).mark_down
2024-04-26T18:17:37.643 INFO:teuthology.orchestra.run.smithi002.stdout:/usr/bin/ceph: stderr
2024-04-26T18:17:37.032+0000 7f51fabc9700 1 --2- 172.21.15.2:0/2449017470 >> [v2:172.21.15.2:6800/3504483564,v1:172.21.15.2:6801/3504483564] conn(0x7f51dc039600 0x7f51dc03bac0 secure :-1 s=READY pgs=9 cs=0 l=1 rev1=1 crypto rx=0x7f51e8006fd0 tx=0x7f51e8006e40 comp rx=0 tx=0).stop
2024-04-26T18:17:37.643 INFO:teuthology.orchestra.run.smithi002.stdout:/usr/bin/ceph: stderr
2024-04-26T18:17:37.032+0000 7f51fabc9700 1 -- 172.21.15.2:0/2449017470 >> [v2:172.21.15.2:3300/0,v1:172.21.15.2:6789/0] conn(0x7f51f41099e0 msgr2=0x7f51f419cdb0 secure :-1 s=STATE_CONNECTION_ESTABLISHED l=1).mark_down
2024-04-26T18:17:37.643 INFO:teuthology.orchestra.run.smithi002.stdout:/usr/bin/ceph: stderr
2024-04-26T18:17:37.032+0000 7f51fabc9700 1 --2- 172.21.15.2:0/2449017470 >> [v2:172.21.15.2:3300/0,v1:172.21.15.2:6789/0] conn(0x7f51f41099e0 0x7f51f419cdb0 secure :-1 s=READY pgs=75 cs=0 l=1 rev1=1 crypto rx=0x7f51ec004220 tx=0x7f51ec0093e0 comp rx=0 tx=0).stop
2024-04-26T18:17:37.643 INFO:teuthology.orchestra.run.smithi002.stdout:/usr/bin/ceph: stderr
2024-04-26T18:17:37.032+0000 7f51fabc9700 1 -- 172.21.15.2:0/2449017470 shutdown_connections
2024-04-26T18:17:37.643 INFO:teuthology.orchestra.run.smithi002.stdout:/usr/bin/ceph: stderr
2024-04-26T18:17:37.032+0000 7f51fabc9700 1 --2- 172.21.15.2:0/2449017470 >> [v2:172.21.15.2:6800/3504483564,v1:172.21.15.2:6801/3504483564] conn(0x7f51dc039600 0x7f51dc03bac0 unknown :-1 s=CLOSED pgs=9 cs=0 l=1 rev1=1 crypto rx=0 tx=0 comp rx=0 tx=0).stop
2024-04-26T18:17:37.643 INFO:teuthology.orchestra.run.smithi002.stdout:/usr/bin/ceph: stderr
2024-04-26T18:17:37.032+0000 7f51fabc9700 1 --2- 172.21.15.2:0/2449017470 >> [v2:172.21.15.2:3300/0,v1:172.21.15.2:6789/0] conn(0x7f51f41099e0 0x7f51f419cdb0 unknown :-1 s=CLOSED pgs=75 cs=0 l=1 rev1=1 crypto rx=0 tx=0 comp rx=0 tx=0).stop
2024-04-26T18:17:37.643 INFO:teuthology.orchestra.run.smithi002.stdout:/usr/bin/ceph: stderr
2024-04-26T18:17:37.032+0000 7f51fabc9700 1 -- 172.21.15.2:0/2449017470 >> 172.21.15.2:0/2449017470 conn(0x7f51f4103410 msgr2=0x7f51f4103f00 unknown :-1 s=STATE_NONE l=0).mark_down
2024-04-26T18:17:37.643 INFO:teuthology.orchestra.run.smithi002.stdout:/usr/bin/ceph: stderr
2024-04-26T18:17:37.032+0000 7f51fabc9700 1 -- 172.21.15.2:0/2449017470 shutdown_connections
2024-04-26T18:17:37.644 INFO:teuthology.orchestra.run.smithi002.stdout:/usr/bin/ceph: stderr
2024-04-26T18:17:37.032+0000 7f51fabc9700 1 -- 172.21.15.2:0/2449017470 wait complete.
2024-04-26T18:17:37.646 INFO:teuthology.orchestra.run.smithi002.stdout:Non-zero exit code 1 from systemctl is-enabled firewalld.service
2024-04-26T18:17:37.646 INFO:teuthology.orchestra.run.smithi002.stdout:systemctl: stdout disabled
2024-04-26T18:17:37.653 INFO:teuthology.orchestra.run.smithi002.stdout:Non-zero exit code 3 from systemctl is-active firewalld.service
2024-04-26T18:17:37.653 INFO:teuthology.orchestra.run.smithi002.stdout:systemctl: stdout inactive
2024-04-26T18:17:37.654 INFO:teuthology.orchestra.run.smithi002.stdout:firewalld.service is not enabled
2024-04-26T18:17:37.654 INFO:teuthology.orchestra.run.smithi002.stdout:Not possible to open ports <[8443]>. firewalld.service is not available
2024-04-26T18:17:37.658 INFO:teuthology.orchestra.run.smithi002.stdout:Ceph Dashboard is now available at:
2024-04-26T18:17:37.658 INFO:teuthology.orchestra.run.smithi002.stdout:
2024-04-26T18:17:37.658 INFO:teuthology.orchestra.run.smithi002.stdout: URL: https://smithi002:8443/
2024-04-26T18:17:37.658 INFO:teuthology.orchestra.run.smithi002.stdout: User: admin
2024-04-26T18:17:37.658 INFO:teuthology.orchestra.run.smithi002.stdout: Password: 8lbc7ji62w
2024-04-26T18:17:37.658 INFO:teuthology.orchestra.run.smithi002.stdout:
2024-04-26T18:17:37.658 INFO:teuthology.orchestra.run.smithi002.stdout:Saving cluster configuration to /var/lib/ceph/ea5acd14-03f8-11ef-bc93-c7b262605968/config directory
2024-04-26T18:17:37.658 INFO:teuthology.orchestra.run.smithi002.stdout:Enabling autotune for osd_memory_target
2024-04-26T18:17:38.596 INFO:journalctl@ceph.mon.a.smithi002.stdout:Apr 26 18:17:38 smithi002 ceph-mon[29409]: mgrmap e13: x(active, since 6s)
2024-04-26T18:17:38.888 INFO:teuthology.orchestra.run.smithi002.stdout:/usr/bin/ceph: stderr
2024-04-26T18:17:38.072+0000 7f86584a1700 1 Processor -- start
2024-04-26T18:17:38.888 INFO:teuthology.orchestra.run.smithi002.stdout:/usr/bin/ceph: stderr
2024-04-26T18:17:38.072+0000 7f86584a1700 1 -- start start
2024-04-26T18:17:38.888 INFO:teuthology.orchestra.run.smithi002.stdout:/usr/bin/ceph: stderr
2024-04-26T18:17:38.073+0000 7f86584a1700 1 --2- >> [v2:172.21.15.2:3300/0,v1:172.21.15.2:6789/0] conn(0x7f8650107de0 0x7f8650108200 unknown :-1 s=NONE pgs=0 cs=0 l=0 rev1=0 crypto rx=0 tx=0 comp rx=0 tx=0).connect
2024-04-26T18:17:38.888 INFO:teuthology.orchestra.run.smithi002.stdout:/usr/bin/ceph: stderr
2024-04-26T18:17:38.073+0000 7f86584a1700 1 -- --> [v2:172.21.15.2:3300/0,v1:172.21.15.2:6789/0] -- mon_getmap magic: 0 -- 0x7f86501087d0 con 0x7f8650107de0
2024-04-26T18:17:38.888 INFO:teuthology.orchestra.run.smithi002.stdout:/usr/bin/ceph: stderr
2024-04-26T18:17:38.073+0000 7f865623d700 1 --2- >> [v2:172.21.15.2:3300/0,v1:172.21.15.2:6789/0] conn(0x7f8650107de0 0x7f8650108200 unknown :-1 s=BANNER_CONNECTING pgs=0 cs=0 l=0 rev1=0 crypto rx=0 tx=0 comp rx=0 tx=0)._handle_peer_banner_payload supported=3 required=0
2024-04-26T18:17:38.888 INFO:teuthology.orchestra.run.smithi002.stdout:/usr/bin/ceph: stderr
2024-04-26T18:17:38.073+0000 7f865623d700 1 --2- >> [v2:172.21.15.2:3300/0,v1:172.21.15.2:6789/0] conn(0x7f8650107de0 0x7f8650108200 unknown :-1 s=HELLO_CONNECTING pgs=0 cs=0 l=0 rev1=1 crypto rx=0 tx=0 comp rx=0 tx=0).handle_hello peer v2:172.21.15.2:3300/0 says I am v2:172.21.15.2:56034/0 (socket says 172.21.15.2:56034)
2024-04-26T18:17:38.888 INFO:teuthology.orchestra.run.smithi002.stdout:/usr/bin/ceph: stderr
2024-04-26T18:17:38.073+0000 7f865623d700 1 -- 172.21.15.2:0/1791930627 learned_addr learned my addr 172.21.15.2:0/1791930627 (peer_addr_for_me v2:172.21.15.2:0/0)
2024-04-26T18:17:38.888 INFO:teuthology.orchestra.run.smithi002.stdout:/usr/bin/ceph: stderr
2024-04-26T18:17:38.073+0000 7f865623d700 1 -- 172.21.15.2:0/1791930627 --> [v2:172.21.15.2:3300/0,v1:172.21.15.2:6789/0] -- mon_subscribe({config=0+,monmap=0+}) -- 0x7f8650108f90 con 0x7f8650107de0
2024-04-26T18:17:38.888 INFO:teuthology.orchestra.run.smithi002.stdout:/usr/bin/ceph: stderr
2024-04-26T18:17:38.073+0000 7f865623d700 1 --2- 172.21.15.2:0/1791930627 >> [v2:172.21.15.2:3300/0,v1:172.21.15.2:6789/0] conn(0x7f8650107de0 0x7f8650108200 secure :-1 s=READY pgs=76 cs=0 l=1 rev1=1 crypto rx=0x7f864c0098a0 tx=0x7f864c009bb0 comp rx=0 tx=0).ready entity=mon.0 client_cookie=c354fa7772bee5e5 server_cookie=0 in_seq=0 out_seq=0
2024-04-26T18:17:38.889 INFO:teuthology.orchestra.run.smithi002.stdout:/usr/bin/ceph: stderr
2024-04-26T18:17:38.074+0000 7f865523b700 1 -- 172.21.15.2:0/1791930627 <== mon.0 v2:172.21.15.2:3300/0 1 ==== mon_map magic: 0 ==== 205+0+0 (secure 0 0 0) 0x7f864c004160 con 0x7f8650107de0
2024-04-26T18:17:38.889 INFO:teuthology.orchestra.run.smithi002.stdout:/usr/bin/ceph: stderr
2024-04-26T18:17:38.074+0000 7f865523b700 1 -- 172.21.15.2:0/1791930627 <== mon.0 v2:172.21.15.2:3300/0 2 ==== config(26 keys) ==== 1101+0+0 (secure 0 0 0) 0x7f864c004300 con 0x7f8650107de0
2024-04-26T18:17:38.889 INFO:teuthology.orchestra.run.smithi002.stdout:/usr/bin/ceph: stderr
2024-04-26T18:17:38.074+0000 7f865523b700 1 -- 172.21.15.2:0/1791930627 <== mon.0 v2:172.21.15.2:3300/0 3 ==== mon_map magic: 0 ==== 205+0+0 (secure 0 0 0) 0x7f864c011a20 con 0x7f8650107de0
2024-04-26T18:17:38.889 INFO:teuthology.orchestra.run.smithi002.stdout:/usr/bin/ceph: stderr
2024-04-26T18:17:38.074+0000 7f86584a1700 1 -- 172.21.15.2:0/1791930627 >> [v2:172.21.15.2:3300/0,v1:172.21.15.2:6789/0] conn(0x7f8650107de0 msgr2=0x7f8650108200 secure :-1 s=STATE_CONNECTION_ESTABLISHED l=1).mark_down
2024-04-26T18:17:38.889 INFO:teuthology.orchestra.run.smithi002.stdout:/usr/bin/ceph: stderr
2024-04-26T18:17:38.074+0000 7f86584a1700 1 --2- 172.21.15.2:0/1791930627 >> [v2:172.21.15.2:3300/0,v1:172.21.15.2:6789/0] conn(0x7f8650107de0 0x7f8650108200 secure :-1 s=READY pgs=76 cs=0 l=1 rev1=1 crypto rx=0x7f864c0098a0 tx=0x7f864c009bb0 comp rx=0 tx=0).stop
2024-04-26T18:17:38.889 INFO:teuthology.orchestra.run.smithi002.stdout:/usr/bin/ceph: stderr
2024-04-26T18:17:38.074+0000 7f86584a1700 1 -- 172.21.15.2:0/1791930627 shutdown_connections
2024-04-26T18:17:38.889 INFO:teuthology.orchestra.run.smithi002.stdout:/usr/bin/ceph: stderr
2024-04-26T18:17:38.074+0000 7f86584a1700 1 --2- 172.21.15.2:0/1791930627 >> [v2:172.21.15.2:3300/0,v1:172.21.15.2:6789/0] conn(0x7f8650107de0 0x7f8650108200 unknown :-1 s=CLOSED pgs=76 cs=0 l=1 rev1=1 crypto rx=0 tx=0 comp rx=0 tx=0).stop
2024-04-26T18:17:38.889 INFO:teuthology.orchestra.run.smithi002.stdout:/usr/bin/ceph: stderr
2024-04-26T18:17:38.074+0000 7f86584a1700 1 -- 172.21.15.2:0/1791930627 >> 172.21.15.2:0/1791930627 conn(0x7f86501033c0 msgr2=0x7f86501057e0 unknown :-1 s=STATE_NONE l=0).mark_down
2024-04-26T18:17:38.889 INFO:teuthology.orchestra.run.smithi002.stdout:/usr/bin/ceph: stderr
2024-04-26T18:17:38.074+0000 7f86584a1700 1 -- 172.21.15.2:0/1791930627 shutdown_connections
2024-04-26T18:17:38.889 INFO:teuthology.orchestra.run.smithi002.stdout:/usr/bin/ceph: stderr
2024-04-26T18:17:38.074+0000 7f86584a1700 1 -- 172.21.15.2:0/1791930627 wait complete.
2024-04-26T18:17:38.889 INFO:teuthology.orchestra.run.smithi002.stdout:/usr/bin/ceph: stderr
2024-04-26T18:17:38.075+0000 7f86584a1700 1 Processor -- start
2024-04-26T18:17:38.889 INFO:teuthology.orchestra.run.smithi002.stdout:/usr/bin/ceph: stderr
2024-04-26T18:17:38.075+0000 7f86584a1700 1 -- start start
2024-04-26T18:17:38.889 INFO:teuthology.orchestra.run.smithi002.stdout:/usr/bin/ceph: stderr
2024-04-26T18:17:38.075+0000 7f86584a1700 1 --2- >> [v2:172.21.15.2:3300/0,v1:172.21.15.2:6789/0] conn(0x7f8650107de0 0x7f8650192f00 unknown :-1 s=NONE pgs=0 cs=0 l=1 rev1=0 crypto rx=0 tx=0 comp rx=0 tx=0).connect
2024-04-26T18:17:38.889 INFO:teuthology.orchestra.run.smithi002.stdout:/usr/bin/ceph: stderr
2024-04-26T18:17:38.075+0000 7f86584a1700 1 -- --> [v2:172.21.15.2:3300/0,v1:172.21.15.2:6789/0] -- mon_getmap magic: 0 -- 0x7f865010c340 con 0x7f8650107de0
2024-04-26T18:17:38.890 INFO:teuthology.orchestra.run.smithi002.stdout:/usr/bin/ceph: stderr
2024-04-26T18:17:38.075+0000 7f865623d700 1 --2- >> [v2:172.21.15.2:3300/0,v1:172.21.15.2:6789/0] conn(0x7f8650107de0 0x7f8650192f00 unknown :-1 s=BANNER_CONNECTING pgs=0 cs=0 l=1 rev1=0 crypto rx=0 tx=0 comp rx=0 tx=0)._handle_peer_banner_payload supported=3 required=0
2024-04-26T18:17:38.890 INFO:teuthology.orchestra.run.smithi002.stdout:/usr/bin/ceph: stderr
2024-04-26T18:17:38.075+0000 7f865623d700 1 --2- >> [v2:172.21.15.2:3300/0,v1:172.21.15.2:6789/0] conn(0x7f8650107de0 0x7f8650192f00 unknown :-1 s=HELLO_CONNECTING pgs=0 cs=0 l=1 rev1=1 crypto rx=0 tx=0 comp rx=0 tx=0).handle_hello peer v2:172.21.15.2:3300/0 says I am v2:172.21.15.2:56050/0 (socket says 172.21.15.2:56050)
2024-04-26T18:17:38.890 INFO:teuthology.orchestra.run.smithi002.stdout:/usr/bin/ceph: stderr
2024-04-26T18:17:38.075+0000 7f865623d700 1 -- 172.21.15.2:0/2072396903 learned_addr learned my addr 172.21.15.2:0/2072396903 (peer_addr_for_me v2:172.21.15.2:0/0)
2024-04-26T18:17:38.890 INFO:teuthology.orchestra.run.smithi002.stdout:/usr/bin/ceph: stderr
2024-04-26T18:17:38.076+0000 7f865623d700 1 -- 172.21.15.2:0/2072396903 --> [v2:172.21.15.2:3300/0,v1:172.21.15.2:6789/0] -- mon_subscribe({config=0+,monmap=0+}) -- 0x7f8650193440 con 0x7f8650107de0
2024-04-26T18:17:38.890 INFO:teuthology.orchestra.run.smithi002.stdout:/usr/bin/ceph: stderr
2024-04-26T18:17:38.076+0000 7f865623d700 1 --2- 172.21.15.2:0/2072396903 >> [v2:172.21.15.2:3300/0,v1:172.21.15.2:6789/0] conn(0x7f8650107de0 0x7f8650192f00 secure :-1 s=READY pgs=77 cs=0 l=1 rev1=1 crypto rx=0x7f864c0119f0 tx=0x7f864c011ad0 comp rx=0 tx=0).ready entity=mon.0 client_cookie=0 server_cookie=0 in_seq=0 out_seq=0
2024-04-26T18:17:38.890 INFO:teuthology.orchestra.run.smithi002.stdout:/usr/bin/ceph: stderr
2024-04-26T18:17:38.076+0000 7f86477fe700 1 -- 172.21.15.2:0/2072396903 <== mon.0 v2:172.21.15.2:3300/0 1 ==== mon_map magic: 0 ==== 205+0+0 (secure 0 0 0) 0x7f864c0039e0 con 0x7f8650107de0
2024-04-26T18:17:38.890 INFO:teuthology.orchestra.run.smithi002.stdout:/usr/bin/ceph: stderr
2024-04-26T18:17:38.076+0000 7f86477fe700 1 -- 172.21.15.2:0/2072396903 <== mon.0 v2:172.21.15.2:3300/0 2 ==== config(26 keys) ==== 1101+0+0 (secure 0 0 0) 0x7f864c01b8f0 con 0x7f8650107de0
2024-04-26T18:17:38.890 INFO:teuthology.orchestra.run.smithi002.stdout:/usr/bin/ceph: stderr
2024-04-26T18:17:38.076+0000 7f86477fe700 1 -- 172.21.15.2:0/2072396903 <== mon.0 v2:172.21.15.2:3300/0 3 ==== mon_map magic: 0 ==== 205+0+0 (secure 0 0 0) 0x7f864c0237a0 con 0x7f8650107de0
2024-04-26T18:17:38.890 INFO:teuthology.orchestra.run.smithi002.stdout:/usr/bin/ceph: stderr
2024-04-26T18:17:38.076+0000 7f86584a1700 1 -- 172.21.15.2:0/2072396903 --> [v2:172.21.15.2:3300/0,v1:172.21.15.2:6789/0] -- mon_subscribe({mgrmap=0+}) -- 0x7f8650191630 con 0x7f8650107de0
2024-04-26T18:17:38.890 INFO:teuthology.orchestra.run.smithi002.stdout:/usr/bin/ceph: stderr
2024-04-26T18:17:38.076+0000 7f86584a1700 1 -- 172.21.15.2:0/2072396903 --> [v2:172.21.15.2:3300/0,v1:172.21.15.2:6789/0] -- mon_subscribe({osdmap=0}) -- 0x7f8650191b70 con 0x7f8650107de0
2024-04-26T18:17:38.890 INFO:teuthology.orchestra.run.smithi002.stdout:/usr/bin/ceph: stderr
2024-04-26T18:17:38.077+0000 7f86477fe700 1 -- 172.21.15.2:0/2072396903 <== mon.0 v2:172.21.15.2:3300/0 4 ==== mgrmap(e 13) ==== 46613+0+0 (secure 0 0 0) 0x7f864c01b440 con 0x7f8650107de0
2024-04-26T18:17:38.890 INFO:teuthology.orchestra.run.smithi002.stdout:/usr/bin/ceph: stderr
2024-04-26T18:17:38.077+0000 7f86584a1700 1 -- 172.21.15.2:0/2072396903 --> [v2:172.21.15.2:3300/0,v1:172.21.15.2:6789/0] -- mon_command({"prefix": "get_command_descriptions"} v 0) -- 0x7f8650064a80 con 0x7f8650107de0
2024-04-26T18:17:38.891 INFO:teuthology.orchestra.run.smithi002.stdout:/usr/bin/ceph: stderr
2024-04-26T18:17:38.077+0000 7f86477fe700 1 --2- 172.21.15.2:0/2072396903 >> [v2:172.21.15.2:6800/3504483564,v1:172.21.15.2:6801/3504483564] conn(0x7f863c0396b0 0x7f863c03bb70 unknown :-1 s=NONE pgs=0 cs=0 l=1 rev1=0 crypto rx=0 tx=0 comp rx=0 tx=0).connect
2024-04-26T18:17:38.891 INFO:teuthology.orchestra.run.smithi002.stdout:/usr/bin/ceph: stderr
2024-04-26T18:17:38.077+0000 7f86477fe700 1 -- 172.21.15.2:0/2072396903 <== mon.0 v2:172.21.15.2:3300/0 5 ==== osd_map(3..3 src has 1..3) ==== 1155+0+0 (secure 0 0 0) 0x7f864c04e0c0 con 0x7f8650107de0
2024-04-26T18:17:38.891 INFO:teuthology.orchestra.run.smithi002.stdout:/usr/bin/ceph: stderr
2024-04-26T18:17:38.077+0000 7f8655a3c700 1 --2- 172.21.15.2:0/2072396903 >> [v2:172.21.15.2:6800/3504483564,v1:172.21.15.2:6801/3504483564] conn(0x7f863c0396b0 0x7f863c03bb70 unknown :-1 s=BANNER_CONNECTING pgs=0 cs=0 l=1 rev1=0 crypto rx=0 tx=0 comp rx=0 tx=0)._handle_peer_banner_payload supported=3 required=0
2024-04-26T18:17:38.891 INFO:teuthology.orchestra.run.smithi002.stdout:/usr/bin/ceph: stderr
2024-04-26T18:17:38.078+0000 7f8655a3c700 1 --2- 172.21.15.2:0/2072396903 >> [v2:172.21.15.2:6800/3504483564,v1:172.21.15.2:6801/3504483564] conn(0x7f863c0396b0 0x7f863c03bb70 secure :-1 s=READY pgs=10 cs=0 l=1 rev1=1 crypto rx=0x7f8640006fd0 tx=0x7f8640006e40 comp rx=0 tx=0).ready entity=mgr.14152 client_cookie=0 server_cookie=0 in_seq=0 out_seq=0
2024-04-26T18:17:38.891 INFO:teuthology.orchestra.run.smithi002.stdout:/usr/bin/ceph: stderr
2024-04-26T18:17:38.082+0000 7f86477fe700 1 -- 172.21.15.2:0/2072396903 <== mon.0 v2:172.21.15.2:3300/0 6 ==== mon_command_ack([{"prefix": "get_command_descriptions"}]=0 v0) ==== 72+0+188370 (secure 0 0 0) 0x7f864c01f030 con 0x7f8650107de0
2024-04-26T18:17:38.891 INFO:teuthology.orchestra.run.smithi002.stdout:/usr/bin/ceph: stderr
2024-04-26T18:17:38.290+0000 7f86584a1700 1 -- 172.21.15.2:0/2072396903 --> [v2:172.21.15.2:3300/0,v1:172.21.15.2:6789/0] -- mon_command([{prefix=config set, name=osd_memory_target_autotune}] v 0) -- 0x7f8650196ce0 con 0x7f8650107de0
2024-04-26T18:17:38.891 INFO:teuthology.orchestra.run.smithi002.stdout:/usr/bin/ceph: stderr
2024-04-26T18:17:38.290+0000 7f86477fe700 1 -- 172.21.15.2:0/2072396903 <== mon.0 v2:172.21.15.2:3300/0 7 ==== mon_command_ack([{prefix=config set, name=osd_memory_target_autotune}]=0 v8)=0 v8) ==== 127+0+0 (secure 0 0 0) 0x7f864c018b60 con 0x7f8650107de0
2024-04-26T18:17:38.891 INFO:teuthology.orchestra.run.smithi002.stdout:/usr/bin/ceph: stderr
2024-04-26T18:17:38.292+0000 7f86584a1700 1 -- 172.21.15.2:0/2072396903 >> [v2:172.21.15.2:6800/3504483564,v1:172.21.15.2:6801/3504483564] conn(0x7f863c0396b0 msgr2=0x7f863c03bb70 secure :-1 s=STATE_CONNECTION_ESTABLISHED l=1).mark_down
2024-04-26T18:17:38.891 INFO:teuthology.orchestra.run.smithi002.stdout:/usr/bin/ceph: stderr
2024-04-26T18:17:38.292+0000 7f86584a1700 1 --2- 172.21.15.2:0/2072396903 >> [v2:172.21.15.2:6800/3504483564,v1:172.21.15.2:6801/3504483564] conn(0x7f863c0396b0 0x7f863c03bb70 secure :-1 s=READY pgs=10 cs=0 l=1 rev1=1 crypto rx=0x7f8640006fd0 tx=0x7f8640006e40 comp rx=0 tx=0).stop
2024-04-26T18:17:38.892 INFO:teuthology.orchestra.run.smithi002.stdout:/usr/bin/ceph: stderr
2024-04-26T18:17:38.292+0000 7f86584a1700 1 -- 172.21.15.2:0/2072396903 >> [v2:172.21.15.2:3300/0,v1:172.21.15.2:6789/0] conn(0x7f8650107de0 msgr2=0x7f8650192f00 secure :-1 s=STATE_CONNECTION_ESTABLISHED l=1).mark_down
2024-04-26T18:17:38.892 INFO:teuthology.orchestra.run.smithi002.stdout:/usr/bin/ceph: stderr
2024-04-26T18:17:38.292+0000 7f86584a1700 1 --2- 172.21.15.2:0/2072396903 >> [v2:172.21.15.2:3300/0,v1:172.21.15.2:6789/0] conn(0x7f8650107de0 0x7f8650192f00 secure :-1 s=READY pgs=77 cs=0 l=1 rev1=1 crypto rx=0x7f864c0119f0 tx=0x7f864c011ad0 comp rx=0 tx=0).stop
2024-04-26T18:17:38.892 INFO:teuthology.orchestra.run.smithi002.stdout:/usr/bin/ceph: stderr
2024-04-26T18:17:38.292+0000 7f86584a1700 1 -- 172.21.15.2:0/2072396903 shutdown_connections
2024-04-26T18:17:38.892 INFO:teuthology.orchestra.run.smithi002.stdout:/usr/bin/ceph: stderr
2024-04-26T18:17:38.292+0000 7f86584a1700 1 --2- 172.21.15.2:0/2072396903 >> [v2:172.21.15.2:6800/3504483564,v1:172.21.15.2:6801/3504483564] conn(0x7f863c0396b0 0x7f863c03bb70 unknown :-1 s=CLOSED pgs=10 cs=0 l=1 rev1=1 crypto rx=0 tx=0 comp rx=0 tx=0).stop
2024-04-26T18:17:38.892 INFO:teuthology.orchestra.run.smithi002.stdout:/usr/bin/ceph: stderr
2024-04-26T18:17:38.292+0000 7f86584a1700 1 --2- 172.21.15.2:0/2072396903 >> [v2:172.21.15.2:3300/0,v1:172.21.15.2:6789/0] conn(0x7f8650107de0 0x7f8650192f00 unknown :-1 s=CLOSED pgs=77 cs=0 l=1 rev1=1 crypto rx=0 tx=0 comp rx=0 tx=0).stop
2024-04-26T18:17:38.892 INFO:teuthology.orchestra.run.smithi002.stdout:/usr/bin/ceph: stderr
2024-04-26T18:17:38.292+0000 7f86584a1700 1 -- 172.21.15.2:0/2072396903 >> 172.21.15.2:0/2072396903 conn(0x7f86501033c0 msgr2=0x7f86501042c0 unknown :-1 s=STATE_NONE l=0).mark_down
2024-04-26T18:17:38.892 INFO:teuthology.orchestra.run.smithi002.stdout:/usr/bin/ceph: stderr
2024-04-26T18:17:38.292+0000 7f86584a1700 1 -- 172.21.15.2:0/2072396903 shutdown_connections
2024-04-26T18:17:38.892 INFO:teuthology.orchestra.run.smithi002.stdout:/usr/bin/ceph: stderr
2024-04-26T18:17:38.292+0000 7f86584a1700 1 -- 172.21.15.2:0/2072396903 wait complete.
2024-04-26T18:17:40.303 INFO:teuthology.orchestra.run.smithi002.stdout:/usr/bin/ceph: stderr
2024-04-26T18:17:39.323+0000 7fafafb19700 1 Processor -- start
2024-04-26T18:17:40.304 INFO:teuthology.orchestra.run.smithi002.stdout:/usr/bin/ceph: stderr
2024-04-26T18:17:39.323+0000 7fafafb19700 1 -- start start
2024-04-26T18:17:40.304 INFO:teuthology.orchestra.run.smithi002.stdout:/usr/bin/ceph: stderr
2024-04-26T18:17:39.324+0000 7fafafb19700 1 --2- >> [v2:172.21.15.2:3300/0,v1:172.21.15.2:6789/0] conn(0x7fafa807f660 0x7fafa807db60 unknown :-1 s=NONE pgs=0 cs=0 l=0 rev1=0 crypto rx=0 tx=0 comp rx=0 tx=0).connect
2024-04-26T18:17:40.304 INFO:teuthology.orchestra.run.smithi002.stdout:/usr/bin/ceph: stderr
2024-04-26T18:17:39.324+0000 7fafafb19700 1 -- --> [v2:172.21.15.2:3300/0,v1:172.21.15.2:6789/0] -- mon_getmap magic: 0 -- 0x7fafa807e0a0 con 0x7fafa807f660
2024-04-26T18:17:40.304 INFO:teuthology.orchestra.run.smithi002.stdout:/usr/bin/ceph: stderr
2024-04-26T18:17:39.324+0000 7fafad8b5700 1 --2- >> [v2:172.21.15.2:3300/0,v1:172.21.15.2:6789/0] conn(0x7fafa807f660 0x7fafa807db60 unknown :-1 s=BANNER_CONNECTING pgs=0 cs=0 l=0 rev1=0 crypto rx=0 tx=0 comp rx=0 tx=0)._handle_peer_banner_payload supported=3 required=0
2024-04-26T18:17:40.304 INFO:teuthology.orchestra.run.smithi002.stdout:/usr/bin/ceph: stderr
2024-04-26T18:17:39.324+0000 7fafad8b5700 1 --2- >> [v2:172.21.15.2:3300/0,v1:172.21.15.2:6789/0] conn(0x7fafa807f660 0x7fafa807db60 unknown :-1 s=HELLO_CONNECTING pgs=0 cs=0 l=0 rev1=1 crypto rx=0 tx=0 comp rx=0 tx=0).handle_hello peer v2:172.21.15.2:3300/0 says I am v2:172.21.15.2:56064/0 (socket says 172.21.15.2:56064)
2024-04-26T18:17:40.304 INFO:teuthology.orchestra.run.smithi002.stdout:/usr/bin/ceph: stderr
2024-04-26T18:17:39.324+0000 7fafad8b5700 1 -- 172.21.15.2:0/2360930011 learned_addr learned my addr 172.21.15.2:0/2360930011 (peer_addr_for_me v2:172.21.15.2:0/0)
2024-04-26T18:17:40.304 INFO:teuthology.orchestra.run.smithi002.stdout:/usr/bin/ceph: stderr
2024-04-26T18:17:39.324+0000 7fafad8b5700 1 -- 172.21.15.2:0/2360930011 --> [v2:172.21.15.2:3300/0,v1:172.21.15.2:6789/0] -- mon_subscribe({config=0+,monmap=0+}) -- 0x7fafa807e220 con 0x7fafa807f660
2024-04-26T18:17:40.304 INFO:teuthology.orchestra.run.smithi002.stdout:/usr/bin/ceph: stderr
2024-04-26T18:17:39.324+0000 7fafad8b5700 1 --2- 172.21.15.2:0/2360930011 >> [v2:172.21.15.2:3300/0,v1:172.21.15.2:6789/0] conn(0x7fafa807f660 0x7fafa807db60 secure :-1 s=READY pgs=78 cs=0 l=1 rev1=1 crypto rx=0x7fafa40098a0 tx=0x7fafa4009bb0 comp rx=0 tx=0).ready entity=mon.0 client_cookie=f4d2c1991e010e7d server_cookie=0 in_seq=0 out_seq=0
2024-04-26T18:17:40.304 INFO:teuthology.orchestra.run.smithi002.stdout:/usr/bin/ceph: stderr
2024-04-26T18:17:39.324+0000 7fafac8b3700 1 -- 172.21.15.2:0/2360930011 <== mon.0 v2:172.21.15.2:3300/0 1 ==== mon_map magic: 0 ==== 205+0+0 (secure 0 0 0) 0x7fafa4004160 con 0x7fafa807f660
2024-04-26T18:17:40.304 INFO:teuthology.orchestra.run.smithi002.stdout:/usr/bin/ceph: stderr
2024-04-26T18:17:39.324+0000 7fafac8b3700 1 -- 172.21.15.2:0/2360930011 <== mon.0 v2:172.21.15.2:3300/0 2 ==== config(26 keys) ==== 1101+0+0 (secure 0 0 0) 0x7fafa4004300 con 0x7fafa807f660
2024-04-26T18:17:40.304 INFO:teuthology.orchestra.run.smithi002.stdout:/usr/bin/ceph: stderr
2024-04-26T18:17:39.324+0000 7fafac8b3700 1 -- 172.21.15.2:0/2360930011 <== mon.0 v2:172.21.15.2:3300/0 3 ==== mon_map magic: 0 ==== 205+0+0 (secure 0 0 0) 0x7fafa4011a20 con 0x7fafa807f660
2024-04-26T18:17:40.305 INFO:teuthology.orchestra.run.smithi002.stdout:/usr/bin/ceph: stderr
2024-04-26T18:17:39.325+0000 7fafafb19700 1 -- 172.21.15.2:0/2360930011 >> [v2:172.21.15.2:3300/0,v1:172.21.15.2:6789/0] conn(0x7fafa807f660 msgr2=0x7fafa807db60 secure :-1 s=STATE_CONNECTION_ESTABLISHED l=1).mark_down
2024-04-26T18:17:40.305 INFO:teuthology.orchestra.run.smithi002.stdout:/usr/bin/ceph: stderr
2024-04-26T18:17:39.325+0000 7fafafb19700 1 --2- 172.21.15.2:0/2360930011 >> [v2:172.21.15.2:3300/0,v1:172.21.15.2:6789/0] conn(0x7fafa807f660 0x7fafa807db60 secure :-1 s=READY pgs=78 cs=0 l=1 rev1=1 crypto rx=0x7fafa40098a0 tx=0x7fafa4009bb0 comp rx=0 tx=0).stop
2024-04-26T18:17:40.305 INFO:teuthology.orchestra.run.smithi002.stdout:/usr/bin/ceph: stderr
2024-04-26T18:17:39.325+0000 7fafafb19700 1 -- 172.21.15.2:0/2360930011 shutdown_connections
2024-04-26T18:17:40.305 INFO:teuthology.orchestra.run.smithi002.stdout:/usr/bin/ceph: stderr
2024-04-26T18:17:39.325+0000 7fafafb19700 1 --2- 172.21.15.2:0/2360930011 >> [v2:172.21.15.2:3300/0,v1:172.21.15.2:6789/0] conn(0x7fafa807f660 0x7fafa807db60 unknown :-1 s=CLOSED pgs=78 cs=0 l=1 rev1=1 crypto rx=0 tx=0 comp rx=0 tx=0).stop
2024-04-26T18:17:40.305 INFO:teuthology.orchestra.run.smithi002.stdout:/usr/bin/ceph: stderr
2024-04-26T18:17:39.325+0000 7fafafb19700 1 -- 172.21.15.2:0/2360930011 >> 172.21.15.2:0/2360930011 conn(0x7fafa81044d0 msgr2=0x7fafa8106930 unknown :-1 s=STATE_NONE l=0).mark_down
2024-04-26T18:17:40.305 INFO:teuthology.orchestra.run.smithi002.stdout:/usr/bin/ceph: stderr
2024-04-26T18:17:39.325+0000 7fafafb19700 1 -- 172.21.15.2:0/2360930011 shutdown_connections
2024-04-26T18:17:40.305 INFO:teuthology.orchestra.run.smithi002.stdout:/usr/bin/ceph: stderr
2024-04-26T18:17:39.325+0000 7fafafb19700 1 -- 172.21.15.2:0/2360930011 wait complete.
2024-04-26T18:17:40.305 INFO:teuthology.orchestra.run.smithi002.stdout:/usr/bin/ceph: stderr
2024-04-26T18:17:39.326+0000 7fafafb19700 1 Processor -- start
2024-04-26T18:17:40.305 INFO:teuthology.orchestra.run.smithi002.stdout:/usr/bin/ceph: stderr
2024-04-26T18:17:39.326+0000 7fafafb19700 1 -- start start
2024-04-26T18:17:40.305 INFO:teuthology.orchestra.run.smithi002.stdout:/usr/bin/ceph: stderr
2024-04-26T18:17:39.326+0000 7fafafb19700 1 --2- >> [v2:172.21.15.2:3300/0,v1:172.21.15.2:6789/0] conn(0x7fafa807f660 0x7fafa819efa0 unknown :-1 s=NONE pgs=0 cs=0 l=1 rev1=0 crypto rx=0 tx=0 comp rx=0 tx=0).connect
2024-04-26T18:17:40.305 INFO:teuthology.orchestra.run.smithi002.stdout:/usr/bin/ceph: stderr
2024-04-26T18:17:39.326+0000 7fafafb19700 1 -- --> [v2:172.21.15.2:3300/0,v1:172.21.15.2:6789/0] -- mon_getmap magic: 0 -- 0x7fafa810f470 con 0x7fafa807f660
2024-04-26T18:17:40.305 INFO:teuthology.orchestra.run.smithi002.stdout:/usr/bin/ceph: stderr
2024-04-26T18:17:39.326+0000 7fafad8b5700 1 --2- >> [v2:172.21.15.2:3300/0,v1:172.21.15.2:6789/0] conn(0x7fafa807f660 0x7fafa819efa0 unknown :-1 s=BANNER_CONNECTING pgs=0 cs=0 l=1 rev1=0 crypto rx=0 tx=0 comp rx=0 tx=0)._handle_peer_banner_payload supported=3 required=0
2024-04-26T18:17:40.305 INFO:teuthology.orchestra.run.smithi002.stdout:/usr/bin/ceph: stderr
2024-04-26T18:17:39.326+0000 7fafad8b5700 1 --2- >> [v2:172.21.15.2:3300/0,v1:172.21.15.2:6789/0] conn(0x7fafa807f660 0x7fafa819efa0 unknown :-1 s=HELLO_CONNECTING pgs=0 cs=0 l=1 rev1=1 crypto rx=0 tx=0 comp rx=0 tx=0).handle_hello peer v2:172.21.15.2:3300/0 says I am v2:172.21.15.2:56076/0 (socket says 172.21.15.2:56076)
2024-04-26T18:17:40.306 INFO:teuthology.orchestra.run.smithi002.stdout:/usr/bin/ceph: stderr
