2024-04-26T18:21:27.093+0000 7f8e993e8700 1 --2- >> [v2:172.21.15.76:3300/0,v1:172.21.15.76:6789/0] conn(0x7f8e94109940 0x7f8e9419ce00 unknown :-1 s=HELLO_CONNECTING pgs=0 cs=0 l=1 rev1=1 crypto rx=0 tx=0 comp rx=0 tx=0).handle_hello peer v2:172.21.15.76:3300/0 says I am v2:172.21.15.76:44064/0 (socket says 172.21.15.76:44064)
2024-04-26T18:21:27.977 INFO:teuthology.orchestra.run.smithi076.stdout:/usr/bin/ceph: stderr
2024-04-26T18:21:27.093+0000 7f8e993e8700 1 -- 172.21.15.76:0/2938044069 learned_addr learned my addr 172.21.15.76:0/2938044069 (peer_addr_for_me v2:172.21.15.76:0/0)
2024-04-26T18:21:27.978 INFO:teuthology.orchestra.run.smithi076.stdout:/usr/bin/ceph: stderr
2024-04-26T18:21:27.093+0000 7f8e993e8700 1 -- 172.21.15.76:0/2938044069 --> [v2:172.21.15.76:3300/0,v1:172.21.15.76:6789/0] -- mon_subscribe({config=0+,monmap=0+}) -- 0x7f8e9419d340 con 0x7f8e94109940
2024-04-26T18:21:27.978 INFO:teuthology.orchestra.run.smithi076.stdout:/usr/bin/ceph: stderr
2024-04-26T18:21:27.093+0000 7f8e993e8700 1 --2- 172.21.15.76:0/2938044069 >> [v2:172.21.15.76:3300/0,v1:172.21.15.76:6789/0] conn(0x7f8e94109940 0x7f8e9419ce00 secure :-1 s=READY pgs=42 cs=0 l=1 rev1=1 crypto rx=0x7f8e90011ac0 tx=0x7f8e90011ba0 comp rx=0 tx=0).ready entity=mon.0 client_cookie=0 server_cookie=0 in_seq=0 out_seq=0
2024-04-26T18:21:27.978 INFO:teuthology.orchestra.run.smithi076.stdout:/usr/bin/ceph: stderr
2024-04-26T18:21:27.093+0000 7f8e8a7fc700 1 -- 172.21.15.76:0/2938044069 <== mon.0 v2:172.21.15.76:3300/0 1 ==== mon_map magic: 0 ==== 205+0+0 (secure 0 0 0) 0x7f8e90003970 con 0x7f8e94109940
2024-04-26T18:21:27.978 INFO:teuthology.orchestra.run.smithi076.stdout:/usr/bin/ceph: stderr
2024-04-26T18:21:27.093+0000 7f8e8a7fc700 1 -- 172.21.15.76:0/2938044069 <== mon.0 v2:172.21.15.76:3300/0 2 ==== config(26 keys) ==== 1070+0+0 (secure 0 0 0) 0x7f8e90003b10 con 0x7f8e94109940
2024-04-26T18:21:27.978 INFO:teuthology.orchestra.run.smithi076.stdout:/usr/bin/ceph: stderr
2024-04-26T18:21:27.093+0000 7f8e9b64c700 1 -- 172.21.15.76:0/2938044069 --> [v2:172.21.15.76:3300/0,v1:172.21.15.76:6789/0] -- mon_subscribe({mgrmap=0+}) -- 0x7f8e9419d5d0 con 0x7f8e94109940
2024-04-26T18:21:27.978 INFO:teuthology.orchestra.run.smithi076.stdout:/usr/bin/ceph: stderr
2024-04-26T18:21:27.093+0000 7f8e8a7fc700 1 -- 172.21.15.76:0/2938044069 <== mon.0 v2:172.21.15.76:3300/0 3 ==== mon_map magic: 0 ==== 205+0+0 (secure 0 0 0) 0x7f8e90024610 con 0x7f8e94109940
2024-04-26T18:21:27.978 INFO:teuthology.orchestra.run.smithi076.stdout:/usr/bin/ceph: stderr
2024-04-26T18:21:27.093+0000 7f8e9b64c700 1 -- 172.21.15.76:0/2938044069 --> [v2:172.21.15.76:3300/0,v1:172.21.15.76:6789/0] -- mon_subscribe({osdmap=0}) -- 0x7f8e941a02c0 con 0x7f8e94109940
2024-04-26T18:21:27.978 INFO:teuthology.orchestra.run.smithi076.stdout:/usr/bin/ceph: stderr
2024-04-26T18:21:27.094+0000 7f8e8a7fc700 1 -- 172.21.15.76:0/2938044069 <== mon.0 v2:172.21.15.76:3300/0 4 ==== mgrmap(e 8) ==== 46558+0+0 (secure 0 0 0) 0x7f8e9001a430 con 0x7f8e94109940
2024-04-26T18:21:27.978 INFO:teuthology.orchestra.run.smithi076.stdout:/usr/bin/ceph: stderr
2024-04-26T18:21:27.094+0000 7f8e8a7fc700 1 --2- 172.21.15.76:0/2938044069 >> [v2:172.21.15.76:6800/1571921199,v1:172.21.15.76:6801/1571921199] conn(0x7f8e800395b0 0x7f8e8003ba70 unknown :-1 s=NONE pgs=0 cs=0 l=1 rev1=0 crypto rx=0 tx=0 comp rx=0 tx=0).connect
2024-04-26T18:21:27.978 INFO:teuthology.orchestra.run.smithi076.stdout:/usr/bin/ceph: stderr
2024-04-26T18:21:27.094+0000 7f8e9b64c700 1 -- 172.21.15.76:0/2938044069 --> [v2:172.21.15.76:3300/0,v1:172.21.15.76:6789/0] -- mon_command({"prefix": "get_command_descriptions"} v 0) -- 0x7f8e94064a80 con 0x7f8e94109940
2024-04-26T18:21:27.978 INFO:teuthology.orchestra.run.smithi076.stdout:/usr/bin/ceph: stderr
2024-04-26T18:21:27.094+0000 7f8e8a7fc700 1 -- 172.21.15.76:0/2938044069 <== mon.0 v2:172.21.15.76:3300/0 5 ==== osd_map(2..2 src has 1..2) ==== 940+0+0 (secure 0 0 0) 0x7f8e9004d910 con 0x7f8e94109940
2024-04-26T18:21:27.978 INFO:teuthology.orchestra.run.smithi076.stdout:/usr/bin/ceph: stderr
2024-04-26T18:21:27.094+0000 7f8e98be7700 1 --2- 172.21.15.76:0/2938044069 >> [v2:172.21.15.76:6800/1571921199,v1:172.21.15.76:6801/1571921199] conn(0x7f8e800395b0 0x7f8e8003ba70 unknown :-1 s=BANNER_CONNECTING pgs=0 cs=0 l=1 rev1=0 crypto rx=0 tx=0 comp rx=0 tx=0)._handle_peer_banner_payload supported=3 required=0
2024-04-26T18:21:27.978 INFO:teuthology.orchestra.run.smithi076.stdout:/usr/bin/ceph: stderr
2024-04-26T18:21:27.095+0000 7f8e98be7700 1 --2- 172.21.15.76:0/2938044069 >> [v2:172.21.15.76:6800/1571921199,v1:172.21.15.76:6801/1571921199] conn(0x7f8e800395b0 0x7f8e8003ba70 secure :-1 s=READY pgs=9 cs=0 l=1 rev1=1 crypto rx=0x7f8e84006fd0 tx=0x7f8e84006e40 comp rx=0 tx=0).ready entity=mgr.14120 client_cookie=0 server_cookie=0 in_seq=0 out_seq=0
2024-04-26T18:21:27.979 INFO:teuthology.orchestra.run.smithi076.stdout:/usr/bin/ceph: stderr
2024-04-26T18:21:27.099+0000 7f8e8a7fc700 1 -- 172.21.15.76:0/2938044069 <== mon.0 v2:172.21.15.76:3300/0 6 ==== mon_command_ack([{"prefix": "get_command_descriptions"}]=0 v0) ==== 72+0+188370 (secure 0 0 0) 0x7f8e90016260 con 0x7f8e94109940
2024-04-26T18:21:27.979 INFO:teuthology.orchestra.run.smithi076.stdout:/usr/bin/ceph: stderr
2024-04-26T18:21:27.300+0000 7f8e9b64c700 1 -- 172.21.15.76:0/2938044069 --> [v2:172.21.15.76:6800/1571921199,v1:172.21.15.76:6801/1571921199] -- mgr_command(tid 0: {"prefix": "cephadm generate-key", "target": ["mon-mgr", ""]}) -- 0x7f8e941045d0 con 0x7f8e800395b0
2024-04-26T18:21:27.979 INFO:teuthology.orchestra.run.smithi076.stdout:/usr/bin/ceph: stderr
2024-04-26T18:21:27.399+0000 7f8e8a7fc700 1 -- 172.21.15.76:0/2938044069 <== mgr.14120 v2:172.21.15.76:6800/1571921199 1 ==== mgr_command_reply(tid 0: 0 ) ==== 8+0+0 (secure 0 0 0) 0x7f8e941045d0 con 0x7f8e800395b0
2024-04-26T18:21:27.979 INFO:teuthology.orchestra.run.smithi076.stdout:/usr/bin/ceph: stderr
2024-04-26T18:21:27.401+0000 7f8e9b64c700 1 -- 172.21.15.76:0/2938044069 >> [v2:172.21.15.76:6800/1571921199,v1:172.21.15.76:6801/1571921199] conn(0x7f8e800395b0 msgr2=0x7f8e8003ba70 secure :-1 s=STATE_CONNECTION_ESTABLISHED l=1).mark_down
2024-04-26T18:21:27.979 INFO:teuthology.orchestra.run.smithi076.stdout:/usr/bin/ceph: stderr
2024-04-26T18:21:27.401+0000 7f8e9b64c700 1 --2- 172.21.15.76:0/2938044069 >> [v2:172.21.15.76:6800/1571921199,v1:172.21.15.76:6801/1571921199] conn(0x7f8e800395b0 0x7f8e8003ba70 secure :-1 s=READY pgs=9 cs=0 l=1 rev1=1 crypto rx=0x7f8e84006fd0 tx=0x7f8e84006e40 comp rx=0 tx=0).stop
2024-04-26T18:21:27.979 INFO:teuthology.orchestra.run.smithi076.stdout:/usr/bin/ceph: stderr
2024-04-26T18:21:27.401+0000 7f8e9b64c700 1 -- 172.21.15.76:0/2938044069 >> [v2:172.21.15.76:3300/0,v1:172.21.15.76:6789/0] conn(0x7f8e94109940 msgr2=0x7f8e9419ce00 secure :-1 s=STATE_CONNECTION_ESTABLISHED l=1).mark_down
2024-04-26T18:21:27.979 INFO:teuthology.orchestra.run.smithi076.stdout:/usr/bin/ceph: stderr
2024-04-26T18:21:27.401+0000 7f8e9b64c700 1 --2- 172.21.15.76:0/2938044069 >> [v2:172.21.15.76:3300/0,v1:172.21.15.76:6789/0] conn(0x7f8e94109940 0x7f8e9419ce00 secure :-1 s=READY pgs=42 cs=0 l=1 rev1=1 crypto rx=0x7f8e90011ac0 tx=0x7f8e90011ba0 comp rx=0 tx=0).stop
2024-04-26T18:21:27.979 INFO:teuthology.orchestra.run.smithi076.stdout:/usr/bin/ceph: stderr
2024-04-26T18:21:27.401+0000 7f8e9b64c700 1 -- 172.21.15.76:0/2938044069 shutdown_connections
2024-04-26T18:21:27.979 INFO:teuthology.orchestra.run.smithi076.stdout:/usr/bin/ceph: stderr
2024-04-26T18:21:27.401+0000 7f8e9b64c700 1 --2- 172.21.15.76:0/2938044069 >> [v2:172.21.15.76:6800/1571921199,v1:172.21.15.76:6801/1571921199] conn(0x7f8e800395b0 0x7f8e8003ba70 unknown :-1 s=CLOSED pgs=9 cs=0 l=1 rev1=1 crypto rx=0 tx=0 comp rx=0 tx=0).stop
2024-04-26T18:21:27.979 INFO:teuthology.orchestra.run.smithi076.stdout:/usr/bin/ceph: stderr
2024-04-26T18:21:27.401+0000 7f8e9b64c700 1 --2- 172.21.15.76:0/2938044069 >> [v2:172.21.15.76:3300/0,v1:172.21.15.76:6789/0] conn(0x7f8e94109940 0x7f8e9419ce00 unknown :-1 s=CLOSED pgs=42 cs=0 l=1 rev1=1 crypto rx=0 tx=0 comp rx=0 tx=0).stop
2024-04-26T18:21:27.979 INFO:teuthology.orchestra.run.smithi076.stdout:/usr/bin/ceph: stderr
2024-04-26T18:21:27.401+0000 7f8e9b64c700 1 -- 172.21.15.76:0/2938044069 >> 172.21.15.76:0/2938044069 conn(0x7f8e94103390 msgr2=0x7f8e94103ec0 unknown :-1 s=STATE_NONE l=0).mark_down
2024-04-26T18:21:27.979 INFO:teuthology.orchestra.run.smithi076.stdout:/usr/bin/ceph: stderr
2024-04-26T18:21:27.402+0000 7f8e9b64c700 1 -- 172.21.15.76:0/2938044069 shutdown_connections
2024-04-26T18:21:27.979 INFO:teuthology.orchestra.run.smithi076.stdout:/usr/bin/ceph: stderr
2024-04-26T18:21:27.402+0000 7f8e9b64c700 1 -- 172.21.15.76:0/2938044069 wait complete.
2024-04-26T18:21:29.039 INFO:journalctl@ceph.mon.a.smithi076.stdout:Apr 26 18:21:28 smithi076 ceph-mon[29133]: from='client.14136 -' entity='client.admin' cmd=[{"prefix": "cephadm generate-key", "target": ["mon-mgr", ""]}]: dispatch
2024-04-26T18:21:29.039 INFO:journalctl@ceph.mon.a.smithi076.stdout:Apr 26 18:21:28 smithi076 ceph-mon[29133]: Generating ssh key...
2024-04-26T18:21:29.133 INFO:teuthology.orchestra.run.smithi076.stdout:/usr/bin/ceph: stdout ssh-rsa AAAAB3NzaC1yc2EAAAADAQABAAABgQCywaYvJ2NgjQpfM4OJP25rxSRO2WbQsjnmRfa1P6ztFh2IUx5xBNuyR4AQ7jbyBEkBeLIkexhP68WPEaTtvAA4RSsktMWwcDyzmQeuB10fjdENwdEOu4dvuLlA7e/0+kIXu58DoQ3Z7HE0EWM4diNhFG+n6bZHSBXMavoeY3SLeoatZx2NHoWPUg8Pj5TURS4HvM/hxbLYAvLpZPNFGr07Tzd6Gi8B/3J9Ox+a19OSgl9+kD3RNmVpxvJwn1Pwqs/r6l4lys5KUu35ceQ+kfCl0uHYmQNLZ4CAAAMYwoQ7r2X9Bl3dGODw0Va57UqtERgOTH2eqC7yfJdMameJV1YW+lVbFj0EyAjEyNDiqkpl5fOi3/gSyyRHtu0XhvgbuGULVVkQOKEs5XHM/wUEgR+qit3kEcy+m4LBS3xh13pH/9UkTKmqpWJVw/8H3xwVaJ3xKVw5FQk0FbMbsozNJHrOZCyBzScH02GmLvy2N6CGnmeRe/u09AvAP3AZnNwN5l0= ceph-7af890f4-03f9-11ef-bc93-c7b262605968
2024-04-26T18:21:29.133 INFO:teuthology.orchestra.run.smithi076.stdout:/usr/bin/ceph: stderr
2024-04-26T18:21:28.352+0000 7f15d8e50700 1 Processor -- start
2024-04-26T18:21:29.133 INFO:teuthology.orchestra.run.smithi076.stdout:/usr/bin/ceph: stderr
2024-04-26T18:21:28.352+0000 7f15d8e50700 1 -- start start
2024-04-26T18:21:29.134 INFO:teuthology.orchestra.run.smithi076.stdout:/usr/bin/ceph: stderr
2024-04-26T18:21:28.353+0000 7f15d8e50700 1 --2- >> [v2:172.21.15.76:3300/0,v1:172.21.15.76:6789/0] conn(0x7f15d4109990 0x7f15d410bd80 unknown :-1 s=NONE pgs=0 cs=0 l=0 rev1=0 crypto rx=0 tx=0 comp rx=0 tx=0).connect
2024-04-26T18:21:29.134 INFO:teuthology.orchestra.run.smithi076.stdout:/usr/bin/ceph: stderr
2024-04-26T18:21:28.353+0000 7f15d8e50700 1 -- --> [v2:172.21.15.76:3300/0,v1:172.21.15.76:6789/0] -- mon_getmap magic: 0 -- 0x7f15d407ce70 con 0x7f15d4109990
2024-04-26T18:21:29.134 INFO:teuthology.orchestra.run.smithi076.stdout:/usr/bin/ceph: stderr
2024-04-26T18:21:28.353+0000 7f15d259c700 1 --2- >> [v2:172.21.15.76:3300/0,v1:172.21.15.76:6789/0] conn(0x7f15d4109990 0x7f15d410bd80 unknown :-1 s=BANNER_CONNECTING pgs=0 cs=0 l=0 rev1=0 crypto rx=0 tx=0 comp rx=0 tx=0)._handle_peer_banner_payload supported=3 required=0
2024-04-26T18:21:29.134 INFO:teuthology.orchestra.run.smithi076.stdout:/usr/bin/ceph: stderr
2024-04-26T18:21:28.353+0000 7f15d259c700 1 --2- >> [v2:172.21.15.76:3300/0,v1:172.21.15.76:6789/0] conn(0x7f15d4109990 0x7f15d410bd80 unknown :-1 s=HELLO_CONNECTING pgs=0 cs=0 l=0 rev1=1 crypto rx=0 tx=0 comp rx=0 tx=0).handle_hello peer v2:172.21.15.76:3300/0 says I am v2:172.21.15.76:44070/0 (socket says 172.21.15.76:44070)
2024-04-26T18:21:29.134 INFO:teuthology.orchestra.run.smithi076.stdout:/usr/bin/ceph: stderr
2024-04-26T18:21:28.353+0000 7f15d259c700 1 -- 172.21.15.76:0/4165999879 learned_addr learned my addr 172.21.15.76:0/4165999879 (peer_addr_for_me v2:172.21.15.76:0/0)
2024-04-26T18:21:29.134 INFO:teuthology.orchestra.run.smithi076.stdout:/usr/bin/ceph: stderr
2024-04-26T18:21:28.353+0000 7f15d259c700 1 -- 172.21.15.76:0/4165999879 --> [v2:172.21.15.76:3300/0,v1:172.21.15.76:6789/0] -- mon_subscribe({config=0+,monmap=0+}) -- 0x7f15d410c2c0 con 0x7f15d4109990
2024-04-26T18:21:29.134 INFO:teuthology.orchestra.run.smithi076.stdout:/usr/bin/ceph: stderr
2024-04-26T18:21:28.353+0000 7f15d259c700 1 --2- 172.21.15.76:0/4165999879 >> [v2:172.21.15.76:3300/0,v1:172.21.15.76:6789/0] conn(0x7f15d4109990 0x7f15d410bd80 secure :-1 s=READY pgs=43 cs=0 l=1 rev1=1 crypto rx=0x7f15cc009e80 tx=0x7f15cc00b330 comp rx=0 tx=0).ready entity=mon.0 client_cookie=d51a98e035ee7d7a server_cookie=0 in_seq=0 out_seq=0
2024-04-26T18:21:29.134 INFO:teuthology.orchestra.run.smithi076.stdout:/usr/bin/ceph: stderr
2024-04-26T18:21:28.353+0000 7f15d159a700 1 -- 172.21.15.76:0/4165999879 <== mon.0 v2:172.21.15.76:3300/0 1 ==== mon_map magic: 0 ==== 205+0+0 (secure 0 0 0) 0x7f15cc017070 con 0x7f15d4109990
2024-04-26T18:21:29.134 INFO:teuthology.orchestra.run.smithi076.stdout:/usr/bin/ceph: stderr
2024-04-26T18:21:28.353+0000 7f15d159a700 1 -- 172.21.15.76:0/4165999879 <== mon.0 v2:172.21.15.76:3300/0 2 ==== config(26 keys) ==== 1070+0+0 (secure 0 0 0) 0x7f15cc00b8c0 con 0x7f15d4109990
2024-04-26T18:21:29.134 INFO:teuthology.orchestra.run.smithi076.stdout:/usr/bin/ceph: stderr
2024-04-26T18:21:28.353+0000 7f15d159a700 1 -- 172.21.15.76:0/4165999879 <== mon.0 v2:172.21.15.76:3300/0 3 ==== mon_map magic: 0 ==== 205+0+0 (secure 0 0 0) 0x7f15cc004490 con 0x7f15d4109990
2024-04-26T18:21:29.134 INFO:teuthology.orchestra.run.smithi076.stdout:/usr/bin/ceph: stderr
2024-04-26T18:21:28.354+0000 7f15d8e50700 1 -- 172.21.15.76:0/4165999879 >> [v2:172.21.15.76:3300/0,v1:172.21.15.76:6789/0] conn(0x7f15d4109990 msgr2=0x7f15d410bd80 secure :-1 s=STATE_CONNECTION_ESTABLISHED l=1).mark_down
2024-04-26T18:21:29.134 INFO:teuthology.orchestra.run.smithi076.stdout:/usr/bin/ceph: stderr
2024-04-26T18:21:28.354+0000 7f15d8e50700 1 --2- 172.21.15.76:0/4165999879 >> [v2:172.21.15.76:3300/0,v1:172.21.15.76:6789/0] conn(0x7f15d4109990 0x7f15d410bd80 secure :-1 s=READY pgs=43 cs=0 l=1 rev1=1 crypto rx=0x7f15cc009e80 tx=0x7f15cc00b330 comp rx=0 tx=0).stop
2024-04-26T18:21:29.134 INFO:teuthology.orchestra.run.smithi076.stdout:/usr/bin/ceph: stderr
2024-04-26T18:21:28.354+0000 7f15d8e50700 1 -- 172.21.15.76:0/4165999879 shutdown_connections
2024-04-26T18:21:29.135 INFO:teuthology.orchestra.run.smithi076.stdout:/usr/bin/ceph: stderr
2024-04-26T18:21:28.354+0000 7f15d8e50700 1 --2- 172.21.15.76:0/4165999879 >> [v2:172.21.15.76:3300/0,v1:172.21.15.76:6789/0] conn(0x7f15d4109990 0x7f15d410bd80 unknown :-1 s=CLOSED pgs=43 cs=0 l=1 rev1=1 crypto rx=0 tx=0 comp rx=0 tx=0).stop
2024-04-26T18:21:29.135 INFO:teuthology.orchestra.run.smithi076.stdout:/usr/bin/ceph: stderr
2024-04-26T18:21:28.354+0000 7f15d8e50700 1 -- 172.21.15.76:0/4165999879 >> 172.21.15.76:0/4165999879 conn(0x7f15d4103360 msgr2=0x7f15d41057a0 unknown :-1 s=STATE_NONE l=0).mark_down
2024-04-26T18:21:29.135 INFO:teuthology.orchestra.run.smithi076.stdout:/usr/bin/ceph: stderr
2024-04-26T18:21:28.354+0000 7f15d8e50700 1 -- 172.21.15.76:0/4165999879 shutdown_connections
2024-04-26T18:21:29.135 INFO:teuthology.orchestra.run.smithi076.stdout:/usr/bin/ceph: stderr
2024-04-26T18:21:28.354+0000 7f15d8e50700 1 -- 172.21.15.76:0/4165999879 wait complete.
2024-04-26T18:21:29.135 INFO:teuthology.orchestra.run.smithi076.stdout:/usr/bin/ceph: stderr
2024-04-26T18:21:28.355+0000 7f15d8e50700 1 Processor -- start
2024-04-26T18:21:29.135 INFO:teuthology.orchestra.run.smithi076.stdout:/usr/bin/ceph: stderr
2024-04-26T18:21:28.355+0000 7f15d8e50700 1 -- start start
2024-04-26T18:21:29.135 INFO:teuthology.orchestra.run.smithi076.stdout:/usr/bin/ceph: stderr
2024-04-26T18:21:28.355+0000 7f15d8e50700 1 --2- >> [v2:172.21.15.76:3300/0,v1:172.21.15.76:6789/0] conn(0x7f15d4109990 0x7f15d419cda0 unknown :-1 s=NONE pgs=0 cs=0 l=1 rev1=0 crypto rx=0 tx=0 comp rx=0 tx=0).connect
2024-04-26T18:21:29.135 INFO:teuthology.orchestra.run.smithi076.stdout:/usr/bin/ceph: stderr
2024-04-26T18:21:28.355+0000 7f15d8e50700 1 -- --> [v2:172.21.15.76:3300/0,v1:172.21.15.76:6789/0] -- mon_getmap magic: 0 -- 0x7f15d410d230 con 0x7f15d4109990
2024-04-26T18:21:29.135 INFO:teuthology.orchestra.run.smithi076.stdout:/usr/bin/ceph: stderr
2024-04-26T18:21:28.355+0000 7f15d259c700 1 --2- >> [v2:172.21.15.76:3300/0,v1:172.21.15.76:6789/0] conn(0x7f15d4109990 0x7f15d419cda0 unknown :-1 s=BANNER_CONNECTING pgs=0 cs=0 l=1 rev1=0 crypto rx=0 tx=0 comp rx=0 tx=0)._handle_peer_banner_payload supported=3 required=0
2024-04-26T18:21:29.136 INFO:teuthology.orchestra.run.smithi076.stdout:/usr/bin/ceph: stderr
2024-04-26T18:21:28.355+0000 7f15d259c700 1 --2- >> [v2:172.21.15.76:3300/0,v1:172.21.15.76:6789/0] conn(0x7f15d4109990 0x7f15d419cda0 unknown :-1 s=HELLO_CONNECTING pgs=0 cs=0 l=1 rev1=1 crypto rx=0 tx=0 comp rx=0 tx=0).handle_hello peer v2:172.21.15.76:3300/0 says I am v2:172.21.15.76:44072/0 (socket says 172.21.15.76:44072)
2024-04-26T18:21:29.136 INFO:teuthology.orchestra.run.smithi076.stdout:/usr/bin/ceph: stderr
2024-04-26T18:21:28.355+0000 7f15d259c700 1 -- 172.21.15.76:0/1699565512 learned_addr learned my addr 172.21.15.76:0/1699565512 (peer_addr_for_me v2:172.21.15.76:0/0)
2024-04-26T18:21:29.136 INFO:teuthology.orchestra.run.smithi076.stdout:/usr/bin/ceph: stderr
2024-04-26T18:21:28.355+0000 7f15d259c700 1 -- 172.21.15.76:0/1699565512 --> [v2:172.21.15.76:3300/0,v1:172.21.15.76:6789/0] -- mon_subscribe({config=0+,monmap=0+}) -- 0x7f15d419d2e0 con 0x7f15d4109990
2024-04-26T18:21:29.136 INFO:teuthology.orchestra.run.smithi076.stdout:/usr/bin/ceph: stderr
2024-04-26T18:21:28.355+0000 7f15d259c700 1 --2- 172.21.15.76:0/1699565512 >> [v2:172.21.15.76:3300/0,v1:172.21.15.76:6789/0] conn(0x7f15d4109990 0x7f15d419cda0 secure :-1 s=READY pgs=44 cs=0 l=1 rev1=1 crypto rx=0x7f15cc00b7b0 tx=0x7f15cc00be90 comp rx=0 tx=0).ready entity=mon.0 client_cookie=0 server_cookie=0 in_seq=0 out_seq=0
2024-04-26T18:21:29.136 INFO:teuthology.orchestra.run.smithi076.stdout:/usr/bin/ceph: stderr
2024-04-26T18:21:28.356+0000 7f15c37fe700 1 -- 172.21.15.76:0/1699565512 <== mon.0 v2:172.21.15.76:3300/0 1 ==== mon_map magic: 0 ==== 205+0+0 (secure 0 0 0) 0x7f15cc020020 con 0x7f15d4109990
2024-04-26T18:21:29.136 INFO:teuthology.orchestra.run.smithi076.stdout:/usr/bin/ceph: stderr
2024-04-26T18:21:28.356+0000 7f15c37fe700 1 -- 172.21.15.76:0/1699565512 <== mon.0 v2:172.21.15.76:3300/0 2 ==== config(26 keys) ==== 1070+0+0 (secure 0 0 0) 0x7f15cc003d10 con 0x7f15d4109990
2024-04-26T18:21:29.136 INFO:teuthology.orchestra.run.smithi076.stdout:/usr/bin/ceph: stderr
2024-04-26T18:21:28.356+0000 7f15d8e50700 1 -- 172.21.15.76:0/1699565512 --> [v2:172.21.15.76:3300/0,v1:172.21.15.76:6789/0] -- mon_subscribe({mgrmap=0+}) -- 0x7f15d419d570 con 0x7f15d4109990
2024-04-26T18:21:29.136 INFO:teuthology.orchestra.run.smithi076.stdout:/usr/bin/ceph: stderr
2024-04-26T18:21:28.356+0000 7f15c37fe700 1 -- 172.21.15.76:0/1699565512 <== mon.0 v2:172.21.15.76:3300/0 3 ==== mon_map magic: 0 ==== 205+0+0 (secure 0 0 0) 0x7f15cc017040 con 0x7f15d4109990
2024-04-26T18:21:29.136 INFO:teuthology.orchestra.run.smithi076.stdout:/usr/bin/ceph: stderr
2024-04-26T18:21:28.356+0000 7f15d8e50700 1 -- 172.21.15.76:0/1699565512 --> [v2:172.21.15.76:3300/0,v1:172.21.15.76:6789/0] -- mon_subscribe({osdmap=0}) -- 0x7f15d41a0220 con 0x7f15d4109990
2024-04-26T18:21:29.136 INFO:teuthology.orchestra.run.smithi076.stdout:/usr/bin/ceph: stderr
2024-04-26T18:21:28.356+0000 7f15c37fe700 1 -- 172.21.15.76:0/1699565512 <== mon.0 v2:172.21.15.76:3300/0 4 ==== mgrmap(e 8) ==== 46558+0+0 (secure 0 0 0) 0x7f15cc023020 con 0x7f15d4109990
2024-04-26T18:21:29.136 INFO:teuthology.orchestra.run.smithi076.stdout:/usr/bin/ceph: stderr
2024-04-26T18:21:28.357+0000 7f15d8e50700 1 -- 172.21.15.76:0/1699565512 --> [v2:172.21.15.76:3300/0,v1:172.21.15.76:6789/0] -- mon_command({"prefix": "get_command_descriptions"} v 0) -- 0x7f15d4064a80 con 0x7f15d4109990
2024-04-26T18:21:29.136 INFO:teuthology.orchestra.run.smithi076.stdout:/usr/bin/ceph: stderr
2024-04-26T18:21:28.357+0000 7f15c37fe700 1 --2- 172.21.15.76:0/1699565512 >> [v2:172.21.15.76:6800/1571921199,v1:172.21.15.76:6801/1571921199] conn(0x7f15bc039600 0x7f15bc03bac0 unknown :-1 s=NONE pgs=0 cs=0 l=1 rev1=0 crypto rx=0 tx=0 comp rx=0 tx=0).connect
2024-04-26T18:21:29.136 INFO:teuthology.orchestra.run.smithi076.stdout:/usr/bin/ceph: stderr
2024-04-26T18:21:28.357+0000 7f15c37fe700 1 -- 172.21.15.76:0/1699565512 <== mon.0 v2:172.21.15.76:3300/0 5 ==== osd_map(2..2 src has 1..2) ==== 940+0+0 (secure 0 0 0) 0x7f15cc00f050 con 0x7f15d4109990
2024-04-26T18:21:29.137 INFO:teuthology.orchestra.run.smithi076.stdout:/usr/bin/ceph: stderr
2024-04-26T18:21:28.357+0000 7f15d1d9b700 1 --2- 172.21.15.76:0/1699565512 >> [v2:172.21.15.76:6800/1571921199,v1:172.21.15.76:6801/1571921199] conn(0x7f15bc039600 0x7f15bc03bac0 unknown :-1 s=BANNER_CONNECTING pgs=0 cs=0 l=1 rev1=0 crypto rx=0 tx=0 comp rx=0 tx=0)._handle_peer_banner_payload supported=3 required=0
2024-04-26T18:21:29.137 INFO:teuthology.orchestra.run.smithi076.stdout:/usr/bin/ceph: stderr
2024-04-26T18:21:28.357+0000 7f15d1d9b700 1 --2- 172.21.15.76:0/1699565512 >> [v2:172.21.15.76:6800/1571921199,v1:172.21.15.76:6801/1571921199] conn(0x7f15bc039600 0x7f15bc03bac0 secure :-1 s=READY pgs=10 cs=0 l=1 rev1=1 crypto rx=0x7f15c8006fd0 tx=0x7f15c8006e40 comp rx=0 tx=0).ready entity=mgr.14120 client_cookie=0 server_cookie=0 in_seq=0 out_seq=0
2024-04-26T18:21:29.137 INFO:teuthology.orchestra.run.smithi076.stdout:/usr/bin/ceph: stderr
2024-04-26T18:21:28.362+0000 7f15c37fe700 1 -- 172.21.15.76:0/1699565512 <== mon.0 v2:172.21.15.76:3300/0 6 ==== mon_command_ack([{"prefix": "get_command_descriptions"}]=0 v0) ==== 72+0+188370 (secure 0 0 0) 0x7f15cc02a020 con 0x7f15d4109990
2024-04-26T18:21:29.137 INFO:teuthology.orchestra.run.smithi076.stdout:/usr/bin/ceph: stderr
2024-04-26T18:21:28.564+0000 7f15d8e50700 1 -- 172.21.15.76:0/1699565512 --> [v2:172.21.15.76:6800/1571921199,v1:172.21.15.76:6801/1571921199] -- mgr_command(tid 0: {"prefix": "cephadm get-pub-key", "target": ["mon-mgr", ""]}) -- 0x7f15d4104510 con 0x7f15bc039600
2024-04-26T18:21:29.137 INFO:teuthology.orchestra.run.smithi076.stdout:/usr/bin/ceph: stderr
2024-04-26T18:21:28.564+0000 7f15c37fe700 1 -- 172.21.15.76:0/1699565512 <== mgr.14120 v2:172.21.15.76:6800/1571921199 1 ==== mgr_command_reply(tid 0: 0 ) ==== 8+0+595 (secure 0 0 0) 0x7f15d4104510 con 0x7f15bc039600
2024-04-26T18:21:29.137 INFO:teuthology.orchestra.run.smithi076.stdout:/usr/bin/ceph: stderr
2024-04-26T18:21:28.566+0000 7f15d8e50700 1 -- 172.21.15.76:0/1699565512 >> [v2:172.21.15.76:6800/1571921199,v1:172.21.15.76:6801/1571921199] conn(0x7f15bc039600 msgr2=0x7f15bc03bac0 secure :-1 s=STATE_CONNECTION_ESTABLISHED l=1).mark_down
2024-04-26T18:21:29.137 INFO:teuthology.orchestra.run.smithi076.stdout:/usr/bin/ceph: stderr
2024-04-26T18:21:28.566+0000 7f15d8e50700 1 --2- 172.21.15.76:0/1699565512 >> [v2:172.21.15.76:6800/1571921199,v1:172.21.15.76:6801/1571921199] conn(0x7f15bc039600 0x7f15bc03bac0 secure :-1 s=READY pgs=10 cs=0 l=1 rev1=1 crypto rx=0x7f15c8006fd0 tx=0x7f15c8006e40 comp rx=0 tx=0).stop
2024-04-26T18:21:29.137 INFO:teuthology.orchestra.run.smithi076.stdout:/usr/bin/ceph: stderr
2024-04-26T18:21:28.566+0000 7f15d8e50700 1 -- 172.21.15.76:0/1699565512 >> [v2:172.21.15.76:3300/0,v1:172.21.15.76:6789/0] conn(0x7f15d4109990 msgr2=0x7f15d419cda0 secure :-1 s=STATE_CONNECTION_ESTABLISHED l=1).mark_down
2024-04-26T18:21:29.137 INFO:teuthology.orchestra.run.smithi076.stdout:/usr/bin/ceph: stderr
2024-04-26T18:21:28.566+0000 7f15d8e50700 1 --2- 172.21.15.76:0/1699565512 >> [v2:172.21.15.76:3300/0,v1:172.21.15.76:6789/0] conn(0x7f15d4109990 0x7f15d419cda0 secure :-1 s=READY pgs=44 cs=0 l=1 rev1=1 crypto rx=0x7f15cc00b7b0 tx=0x7f15cc00be90 comp rx=0 tx=0).stop
2024-04-26T18:21:29.137 INFO:teuthology.orchestra.run.smithi076.stdout:/usr/bin/ceph: stderr
2024-04-26T18:21:28.566+0000 7f15d8e50700 1 -- 172.21.15.76:0/1699565512 shutdown_connections
2024-04-26T18:21:29.137 INFO:teuthology.orchestra.run.smithi076.stdout:/usr/bin/ceph: stderr
2024-04-26T18:21:28.566+0000 7f15d8e50700 1 --2- 172.21.15.76:0/1699565512 >> [v2:172.21.15.76:6800/1571921199,v1:172.21.15.76:6801/1571921199] conn(0x7f15bc039600 0x7f15bc03bac0 unknown :-1 s=CLOSED pgs=10 cs=0 l=1 rev1=1 crypto rx=0 tx=0 comp rx=0 tx=0).stop
2024-04-26T18:21:29.137 INFO:teuthology.orchestra.run.smithi076.stdout:/usr/bin/ceph: stderr
2024-04-26T18:21:28.566+0000 7f15d8e50700 1 --2- 172.21.15.76:0/1699565512 >> [v2:172.21.15.76:3300/0,v1:172.21.15.76:6789/0] conn(0x7f15d4109990 0x7f15d419cda0 unknown :-1 s=CLOSED pgs=44 cs=0 l=1 rev1=1 crypto rx=0 tx=0 comp rx=0 tx=0).stop
2024-04-26T18:21:29.137 INFO:teuthology.orchestra.run.smithi076.stdout:/usr/bin/ceph: stderr
2024-04-26T18:21:28.566+0000 7f15d8e50700 1 -- 172.21.15.76:0/1699565512 >> 172.21.15.76:0/1699565512 conn(0x7f15d4103360 msgr2=0x7f15d4103e00 unknown :-1 s=STATE_NONE l=0).mark_down
2024-04-26T18:21:29.137 INFO:teuthology.orchestra.run.smithi076.stdout:/usr/bin/ceph: stderr
2024-04-26T18:21:28.567+0000 7f15d8e50700 1 -- 172.21.15.76:0/1699565512 shutdown_connections
2024-04-26T18:21:29.138 INFO:teuthology.orchestra.run.smithi076.stdout:/usr/bin/ceph: stderr
2024-04-26T18:21:28.567+0000 7f15d8e50700 1 -- 172.21.15.76:0/1699565512 wait complete.
2024-04-26T18:21:29.138 INFO:teuthology.orchestra.run.smithi076.stdout:Wrote public SSH key to /home/ubuntu/cephtest/ceph.pub
2024-04-26T18:21:29.138 INFO:teuthology.orchestra.run.smithi076.stdout:Adding key to root@localhost authorized_keys...
2024-04-26T18:21:29.138 INFO:teuthology.orchestra.run.smithi076.stdout:Adding host smithi076...
2024-04-26T18:21:29.933 INFO:journalctl@ceph.mon.a.smithi076.stdout:Apr 26 18:21:29 smithi076 ceph-mon[29133]: from='client.14138 -' entity='client.admin' cmd=[{"prefix": "cephadm get-pub-key", "target": ["mon-mgr", ""]}]: dispatch
2024-04-26T18:21:30.731 INFO:journalctl@ceph.mon.a.smithi076.stdout:Apr 26 18:21:30 smithi076 ceph-mon[29133]: from='client.14140 -' entity='client.admin' cmd=[{"prefix": "orch host add", "hostname": "smithi076", "addr": "172.21.15.76", "target": ["mon-mgr", ""]}]: dispatch
2024-04-26T18:21:32.039 INFO:journalctl@ceph.mon.a.smithi076.stdout:Apr 26 18:21:31 smithi076 ceph-mon[29133]: Deploying cephadm binary to smithi076
2024-04-26T18:21:34.399 INFO:teuthology.orchestra.run.smithi076.stdout:/usr/bin/ceph: stdout Added host 'smithi076' with addr '172.21.15.76'
2024-04-26T18:21:34.399 INFO:teuthology.orchestra.run.smithi076.stdout:/usr/bin/ceph: stderr
2024-04-26T18:21:29.549+0000 7f66ba562700 1 Processor -- start
2024-04-26T18:21:34.399 INFO:teuthology.orchestra.run.smithi076.stdout:/usr/bin/ceph: stderr
2024-04-26T18:21:29.549+0000 7f66ba562700 1 -- start start
2024-04-26T18:21:34.399 INFO:teuthology.orchestra.run.smithi076.stdout:/usr/bin/ceph: stderr
2024-04-26T18:21:29.549+0000 7f66ba562700 1 --2- >> [v2:172.21.15.76:3300/0,v1:172.21.15.76:6789/0] conn(0x7f66b4107180 0x7f66b41075a0 unknown :-1 s=NONE pgs=0 cs=0 l=0 rev1=0 crypto rx=0 tx=0 comp rx=0 tx=0).connect
2024-04-26T18:21:34.400 INFO:teuthology.orchestra.run.smithi076.stdout:/usr/bin/ceph: stderr
2024-04-26T18:21:29.549+0000 7f66ba562700 1 -- --> [v2:172.21.15.76:3300/0,v1:172.21.15.76:6789/0] -- mon_getmap magic: 0 -- 0x7f66b4107b70 con 0x7f66b4107180
2024-04-26T18:21:34.400 INFO:teuthology.orchestra.run.smithi076.stdout:/usr/bin/ceph: stderr
2024-04-26T18:21:29.549+0000 7f66b3fff700 1 --2- >> [v2:172.21.15.76:3300/0,v1:172.21.15.76:6789/0] conn(0x7f66b4107180 0x7f66b41075a0 unknown :-1 s=BANNER_CONNECTING pgs=0 cs=0 l=0 rev1=0 crypto rx=0 tx=0 comp rx=0 tx=0)._handle_peer_banner_payload supported=3 required=0
2024-04-26T18:21:34.400 INFO:teuthology.orchestra.run.smithi076.stdout:/usr/bin/ceph: stderr
2024-04-26T18:21:29.549+0000 7f66b3fff700 1 --2- >> [v2:172.21.15.76:3300/0,v1:172.21.15.76:6789/0] conn(0x7f66b4107180 0x7f66b41075a0 unknown :-1 s=HELLO_CONNECTING pgs=0 cs=0 l=0 rev1=1 crypto rx=0 tx=0 comp rx=0 tx=0).handle_hello peer v2:172.21.15.76:3300/0 says I am v2:172.21.15.76:44080/0 (socket says 172.21.15.76:44080)
2024-04-26T18:21:34.400 INFO:teuthology.orchestra.run.smithi076.stdout:/usr/bin/ceph: stderr
2024-04-26T18:21:29.549+0000 7f66b3fff700 1 -- 172.21.15.76:0/557879534 learned_addr learned my addr 172.21.15.76:0/557879534 (peer_addr_for_me v2:172.21.15.76:0/0)
2024-04-26T18:21:34.400 INFO:teuthology.orchestra.run.smithi076.stdout:/usr/bin/ceph: stderr
2024-04-26T18:21:29.550+0000 7f66b3fff700 1 -- 172.21.15.76:0/557879534 --> [v2:172.21.15.76:3300/0,v1:172.21.15.76:6789/0] -- mon_subscribe({config=0+,monmap=0+}) -- 0x7f66b410a110 con 0x7f66b4107180
2024-04-26T18:21:34.400 INFO:teuthology.orchestra.run.smithi076.stdout:/usr/bin/ceph: stderr
2024-04-26T18:21:29.550+0000 7f66b3fff700 1 --2- 172.21.15.76:0/557879534 >> [v2:172.21.15.76:3300/0,v1:172.21.15.76:6789/0] conn(0x7f66b4107180 0x7f66b41075a0 secure :-1 s=READY pgs=45 cs=0 l=1 rev1=1 crypto rx=0x7f66a40098a0 tx=0x7f66a4009bb0 comp rx=0 tx=0).ready entity=mon.0 client_cookie=990c16056cc5969f server_cookie=0 in_seq=0 out_seq=0
2024-04-26T18:21:34.400 INFO:teuthology.orchestra.run.smithi076.stdout:/usr/bin/ceph: stderr
2024-04-26T18:21:29.550+0000 7f66b2ffd700 1 -- 172.21.15.76:0/557879534 <== mon.0 v2:172.21.15.76:3300/0 1 ==== mon_map magic: 0 ==== 205+0+0 (secure 0 0 0) 0x7f66a4004160 con 0x7f66b4107180
2024-04-26T18:21:34.400 INFO:teuthology.orchestra.run.smithi076.stdout:/usr/bin/ceph: stderr
2024-04-26T18:21:29.550+0000 7f66b2ffd700 1 -- 172.21.15.76:0/557879534 <== mon.0 v2:172.21.15.76:3300/0 2 ==== config(26 keys) ==== 1070+0+0 (secure 0 0 0) 0x7f66a4004300 con 0x7f66b4107180
2024-04-26T18:21:34.400 INFO:teuthology.orchestra.run.smithi076.stdout:/usr/bin/ceph: stderr
2024-04-26T18:21:29.550+0000 7f66b2ffd700 1 -- 172.21.15.76:0/557879534 <== mon.0 v2:172.21.15.76:3300/0 3 ==== mon_map magic: 0 ==== 205+0+0 (secure 0 0 0) 0x7f66a4011af0 con 0x7f66b4107180
2024-04-26T18:21:34.400 INFO:teuthology.orchestra.run.smithi076.stdout:/usr/bin/ceph: stderr
2024-04-26T18:21:29.551+0000 7f66ba562700 1 -- 172.21.15.76:0/557879534 >> [v2:172.21.15.76:3300/0,v1:172.21.15.76:6789/0] conn(0x7f66b4107180 msgr2=0x7f66b41075a0 secure :-1 s=STATE_CONNECTION_ESTABLISHED l=1).mark_down
2024-04-26T18:21:34.400 INFO:teuthology.orchestra.run.smithi076.stdout:/usr/bin/ceph: stderr
2024-04-26T18:21:29.551+0000 7f66ba562700 1 --2- 172.21.15.76:0/557879534 >> [v2:172.21.15.76:3300/0,v1:172.21.15.76:6789/0] conn(0x7f66b4107180 0x7f66b41075a0 secure :-1 s=READY pgs=45 cs=0 l=1 rev1=1 crypto rx=0x7f66a40098a0 tx=0x7f66a4009bb0 comp rx=0 tx=0).stop
2024-04-26T18:21:34.400 INFO:teuthology.orchestra.run.smithi076.stdout:/usr/bin/ceph: stderr
2024-04-26T18:21:29.551+0000 7f66ba562700 1 -- 172.21.15.76:0/557879534 shutdown_connections
2024-04-26T18:21:34.400 INFO:teuthology.orchestra.run.smithi076.stdout:/usr/bin/ceph: stderr
2024-04-26T18:21:29.551+0000 7f66ba562700 1 --2- 172.21.15.76:0/557879534 >> [v2:172.21.15.76:3300/0,v1:172.21.15.76:6789/0] conn(0x7f66b4107180 0x7f66b41075a0 unknown :-1 s=CLOSED pgs=45 cs=0 l=1 rev1=1 crypto rx=0 tx=0 comp rx=0 tx=0).stop
2024-04-26T18:21:34.401 INFO:teuthology.orchestra.run.smithi076.stdout:/usr/bin/ceph: stderr
2024-04-26T18:21:29.551+0000 7f66ba562700 1 -- 172.21.15.76:0/557879534 >> 172.21.15.76:0/557879534 conn(0x7f66b4102ad0 msgr2=0x7f66b4104ef0 unknown :-1 s=STATE_NONE l=0).mark_down
2024-04-26T18:21:34.401 INFO:teuthology.orchestra.run.smithi076.stdout:/usr/bin/ceph: stderr
2024-04-26T18:21:29.551+0000 7f66ba562700 1 -- 172.21.15.76:0/557879534 shutdown_connections
2024-04-26T18:21:34.401 INFO:teuthology.orchestra.run.smithi076.stdout:/usr/bin/ceph: stderr
2024-04-26T18:21:29.551+0000 7f66ba562700 1 -- 172.21.15.76:0/557879534 wait complete.
2024-04-26T18:21:34.401 INFO:teuthology.orchestra.run.smithi076.stdout:/usr/bin/ceph: stderr
2024-04-26T18:21:29.551+0000 7f66ba562700 1 Processor -- start
2024-04-26T18:21:34.401 INFO:teuthology.orchestra.run.smithi076.stdout:/usr/bin/ceph: stderr
2024-04-26T18:21:29.551+0000 7f66ba562700 1 -- start start
2024-04-26T18:21:34.401 INFO:teuthology.orchestra.run.smithi076.stdout:/usr/bin/ceph: stderr
2024-04-26T18:21:29.552+0000 7f66ba562700 1 --2- >> [v2:172.21.15.76:3300/0,v1:172.21.15.76:6789/0] conn(0x7f66b4107180 0x7f66b419ce70 unknown :-1 s=NONE pgs=0 cs=0 l=1 rev1=0 crypto rx=0 tx=0 comp rx=0 tx=0).connect
2024-04-26T18:21:34.401 INFO:teuthology.orchestra.run.smithi076.stdout:/usr/bin/ceph: stderr
2024-04-26T18:21:29.552+0000 7f66ba562700 1 -- --> [v2:172.21.15.76:3300/0,v1:172.21.15.76:6789/0] -- mon_getmap magic: 0 -- 0x7f66b410d4c0 con 0x7f66b4107180
2024-04-26T18:21:34.401 INFO:teuthology.orchestra.run.smithi076.stdout:/usr/bin/ceph: stderr
2024-04-26T18:21:29.552+0000 7f66b3fff700 1 --2- >> [v2:172.21.15.76:3300/0,v1:172.21.15.76:6789/0] conn(0x7f66b4107180 0x7f66b419ce70 unknown :-1 s=BANNER_CONNECTING pgs=0 cs=0 l=1 rev1=0 crypto rx=0 tx=0 comp rx=0 tx=0)._handle_peer_banner_payload supported=3 required=0
2024-04-26T18:21:34.401 INFO:teuthology.orchestra.run.smithi076.stdout:/usr/bin/ceph: stderr
2024-04-26T18:21:29.552+0000 7f66b3fff700 1 --2- >> [v2:172.21.15.76:3300/0,v1:172.21.15.76:6789/0] conn(0x7f66b4107180 0x7f66b419ce70 unknown :-1 s=HELLO_CONNECTING pgs=0 cs=0 l=1 rev1=1 crypto rx=0 tx=0 comp rx=0 tx=0).handle_hello peer v2:172.21.15.76:3300/0 says I am v2:172.21.15.76:44088/0 (socket says 172.21.15.76:44088)
2024-04-26T18:21:34.401 INFO:teuthology.orchestra.run.smithi076.stdout:/usr/bin/ceph: stderr
2024-04-26T18:21:29.552+0000 7f66b3fff700 1 -- 172.21.15.76:0/501731849 learned_addr learned my addr 172.21.15.76:0/501731849 (peer_addr_for_me v2:172.21.15.76:0/0)
2024-04-26T18:21:34.401 INFO:teuthology.orchestra.run.smithi076.stdout:/usr/bin/ceph: stderr
2024-04-26T18:21:29.552+0000 7f66b3fff700 1 -- 172.21.15.76:0/501731849 --> [v2:172.21.15.76:3300/0,v1:172.21.15.76:6789/0] -- mon_subscribe({config=0+,monmap=0+}) -- 0x7f66b419d3b0 con 0x7f66b4107180
2024-04-26T18:21:34.401 INFO:teuthology.orchestra.run.smithi076.stdout:/usr/bin/ceph: stderr
2024-04-26T18:21:29.552+0000 7f66b3fff700 1 --2- 172.21.15.76:0/501731849 >> [v2:172.21.15.76:3300/0,v1:172.21.15.76:6789/0] conn(0x7f66b4107180 0x7f66b419ce70 secure :-1 s=READY pgs=46 cs=0 l=1 rev1=1 crypto rx=0x7f66a4009fb0 tx=0x7f66a4011940 comp rx=0 tx=0).ready entity=mon.0 client_cookie=0 server_cookie=0 in_seq=0 out_seq=0
2024-04-26T18:21:34.401 INFO:teuthology.orchestra.run.smithi076.stdout:/usr/bin/ceph: stderr
2024-04-26T18:21:29.552+0000 7f66b17fa700 1 -- 172.21.15.76:0/501731849 <== mon.0 v2:172.21.15.76:3300/0 1 ==== mon_map magic: 0 ==== 205+0+0 (secure 0 0 0) 0x7f66a40036a0 con 0x7f66b4107180
2024-04-26T18:21:34.401 INFO:teuthology.orchestra.run.smithi076.stdout:/usr/bin/ceph: stderr
2024-04-26T18:21:29.552+0000 7f66ba562700 1 -- 172.21.15.76:0/501731849 --> [v2:172.21.15.76:3300/0,v1:172.21.15.76:6789/0] -- mon_subscribe({mgrmap=0+}) -- 0x7f66b419d640 con 0x7f66b4107180
2024-04-26T18:21:34.402 INFO:teuthology.orchestra.run.smithi076.stdout:/usr/bin/ceph: stderr
2024-04-26T18:21:29.552+0000 7f66b17fa700 1 -- 172.21.15.76:0/501731849 <== mon.0 v2:172.21.15.76:3300/0 2 ==== config(26 keys) ==== 1070+0+0 (secure 0 0 0) 0x7f66a401a430 con 0x7f66b4107180
2024-04-26T18:21:34.402 INFO:teuthology.orchestra.run.smithi076.stdout:/usr/bin/ceph: stderr
2024-04-26T18:21:29.552+0000 7f66b17fa700 1 -- 172.21.15.76:0/501731849 <== mon.0 v2:172.21.15.76:3300/0 3 ==== mon_map magic: 0 ==== 205+0+0 (secure 0 0 0) 0x7f66a4019550 con 0x7f66b4107180
2024-04-26T18:21:34.402 INFO:teuthology.orchestra.run.smithi076.stdout:/usr/bin/ceph: stderr
2024-04-26T18:21:29.552+0000 7f66ba562700 1 -- 172.21.15.76:0/501731849 --> [v2:172.21.15.76:3300/0,v1:172.21.15.76:6789/0] -- mon_subscribe({osdmap=0}) -- 0x7f66b41a0330 con 0x7f66b4107180
2024-04-26T18:21:34.402 INFO:teuthology.orchestra.run.smithi076.stdout:/usr/bin/ceph: stderr
2024-04-26T18:21:29.553+0000 7f66ba562700 1 -- 172.21.15.76:0/501731849 --> [v2:172.21.15.76:3300/0,v1:172.21.15.76:6789/0] -- mon_command({"prefix": "get_command_descriptions"} v 0) -- 0x7f66b4064a80 con 0x7f66b4107180
2024-04-26T18:21:34.402 INFO:teuthology.orchestra.run.smithi076.stdout:/usr/bin/ceph: stderr
2024-04-26T18:21:29.553+0000 7f66b17fa700 1 -- 172.21.15.76:0/501731849 <== mon.0 v2:172.21.15.76:3300/0 4 ==== mgrmap(e 8) ==== 46558+0+0 (secure 0 0 0) 0x7f66a401a8e0 con 0x7f66b4107180
2024-04-26T18:21:34.402 INFO:teuthology.orchestra.run.smithi076.stdout:/usr/bin/ceph: stderr
2024-04-26T18:21:29.553+0000 7f66b17fa700 1 --2- 172.21.15.76:0/501731849 >> [v2:172.21.15.76:6800/1571921199,v1:172.21.15.76:6801/1571921199] conn(0x7f669c0395b0 0x7f669c03ba70 unknown :-1 s=NONE pgs=0 cs=0 l=1 rev1=0 crypto rx=0 tx=0 comp rx=0 tx=0).connect
2024-04-26T18:21:34.402 INFO:teuthology.orchestra.run.smithi076.stdout:/usr/bin/ceph: stderr
2024-04-26T18:21:29.554+0000 7f66b17fa700 1 -- 172.21.15.76:0/501731849 <== mon.0 v2:172.21.15.76:3300/0 5 ==== osd_map(2..2 src has 1..2) ==== 940+0+0 (secure 0 0 0) 0x7f66a404d8d0 con 0x7f66b4107180
2024-04-26T18:21:34.402 INFO:teuthology.orchestra.run.smithi076.stdout:/usr/bin/ceph: stderr
2024-04-26T18:21:29.554+0000 7f66b37fe700 1 --2- 172.21.15.76:0/501731849 >> [v2:172.21.15.76:6800/1571921199,v1:172.21.15.76:6801/1571921199] conn(0x7f669c0395b0 0x7f669c03ba70 unknown :-1 s=BANNER_CONNECTING pgs=0 cs=0 l=1 rev1=0 crypto rx=0 tx=0 comp rx=0 tx=0)._handle_peer_banner_payload supported=3 required=0
2024-04-26T18:21:34.402 INFO:teuthology.orchestra.run.smithi076.stdout:/usr/bin/ceph: stderr
2024-04-26T18:21:29.554+0000 7f66b37fe700 1 --2- 172.21.15.76:0/501731849 >> [v2:172.21.15.76:6800/1571921199,v1:172.21.15.76:6801/1571921199] conn(0x7f669c0395b0 0x7f669c03ba70 secure :-1 s=READY pgs=11 cs=0 l=1 rev1=1 crypto rx=0x7f66a8006fd0 tx=0x7f66a8006e40 comp rx=0 tx=0).ready entity=mgr.14120 client_cookie=0 server_cookie=0 in_seq=0 out_seq=0
2024-04-26T18:21:34.402 INFO:teuthology.orchestra.run.smithi076.stdout:/usr/bin/ceph: stderr
2024-04-26T18:21:29.558+0000 7f66b17fa700 1 -- 172.21.15.76:0/501731849 <== mon.0 v2:172.21.15.76:3300/0 6 ==== mon_command_ack([{"prefix": "get_command_descriptions"}]=0 v0) ==== 72+0+188370 (secure 0 0 0) 0x7f66a401a690 con 0x7f66b4107180
2024-04-26T18:21:34.402 INFO:teuthology.orchestra.run.smithi076.stdout:/usr/bin/ceph: stderr
2024-04-26T18:21:29.763+0000 7f66ba562700 1 -- 172.21.15.76:0/501731849 --> [v2:172.21.15.76:6800/1571921199,v1:172.21.15.76:6801/1571921199] -- mgr_command(tid 0: {"prefix": "orch host add", "hostname": "smithi076", "addr": "172.21.15.76", "target": ["mon-mgr", ""]}) -- 0x7f66b4103d10 con 0x7f669c0395b0
2024-04-26T18:21:34.402 INFO:teuthology.orchestra.run.smithi076.stdout:/usr/bin/ceph: stderr
2024-04-26T18:21:33.824+0000 7f66b17fa700 1 -- 172.21.15.76:0/501731849 <== mgr.14120 v2:172.21.15.76:6800/1571921199 1 ==== mgr_command_reply(tid 0: 0 ) ==== 8+0+48 (secure 0 0 0) 0x7f66b4103d10 con 0x7f669c0395b0
2024-04-26T18:21:34.402 INFO:teuthology.orchestra.run.smithi076.stdout:/usr/bin/ceph: stderr
2024-04-26T18:21:33.826+0000 7f66ba562700 1 -- 172.21.15.76:0/501731849 >> [v2:172.21.15.76:6800/1571921199,v1:172.21.15.76:6801/1571921199] conn(0x7f669c0395b0 msgr2=0x7f669c03ba70 secure :-1 s=STATE_CONNECTION_ESTABLISHED l=1).mark_down
2024-04-26T18:21:34.403 INFO:teuthology.orchestra.run.smithi076.stdout:/usr/bin/ceph: stderr
2024-04-26T18:21:33.826+0000 7f66ba562700 1 --2- 172.21.15.76:0/501731849 >> [v2:172.21.15.76:6800/1571921199,v1:172.21.15.76:6801/1571921199] conn(0x7f669c0395b0 0x7f669c03ba70 secure :-1 s=READY pgs=11 cs=0 l=1 rev1=1 crypto rx=0x7f66a8006fd0 tx=0x7f66a8006e40 comp rx=0 tx=0).stop
2024-04-26T18:21:34.403 INFO:teuthology.orchestra.run.smithi076.stdout:/usr/bin/ceph: stderr
2024-04-26T18:21:33.826+0000 7f66ba562700 1 -- 172.21.15.76:0/501731849 >> [v2:172.21.15.76:3300/0,v1:172.21.15.76:6789/0] conn(0x7f66b4107180 msgr2=0x7f66b419ce70 secure :-1 s=STATE_CONNECTION_ESTABLISHED l=1).mark_down
2024-04-26T18:21:34.403 INFO:teuthology.orchestra.run.smithi076.stdout:/usr/bin/ceph: stderr
2024-04-26T18:21:33.826+0000 7f66ba562700 1 --2- 172.21.15.76:0/501731849 >> [v2:172.21.15.76:3300/0,v1:172.21.15.76:6789/0] conn(0x7f66b4107180 0x7f66b419ce70 secure :-1 s=READY pgs=46 cs=0 l=1 rev1=1 crypto rx=0x7f66a4009fb0 tx=0x7f66a4011940 comp rx=0 tx=0).stop
2024-04-26T18:21:34.403 INFO:teuthology.orchestra.run.smithi076.stdout:/usr/bin/ceph: stderr
2024-04-26T18:21:33.827+0000 7f66ba562700 1 -- 172.21.15.76:0/501731849 shutdown_connections
2024-04-26T18:21:34.403 INFO:teuthology.orchestra.run.smithi076.stdout:/usr/bin/ceph: stderr
2024-04-26T18:21:33.827+0000 7f66ba562700 1 --2- 172.21.15.76:0/501731849 >> [v2:172.21.15.76:6800/1571921199,v1:172.21.15.76:6801/1571921199] conn(0x7f669c0395b0 0x7f669c03ba70 unknown :-1 s=CLOSED pgs=11 cs=0 l=1 rev1=1 crypto rx=0 tx=0 comp rx=0 tx=0).stop
2024-04-26T18:21:34.403 INFO:teuthology.orchestra.run.smithi076.stdout:/usr/bin/ceph: stderr
2024-04-26T18:21:33.827+0000 7f66ba562700 1 --2- 172.21.15.76:0/501731849 >> [v2:172.21.15.76:3300/0,v1:172.21.15.76:6789/0] conn(0x7f66b4107180 0x7f66b419ce70 unknown :-1 s=CLOSED pgs=46 cs=0 l=1 rev1=1 crypto rx=0 tx=0 comp rx=0 tx=0).stop
2024-04-26T18:21:34.403 INFO:teuthology.orchestra.run.smithi076.stdout:/usr/bin/ceph: stderr
2024-04-26T18:21:33.827+0000 7f66ba562700 1 -- 172.21.15.76:0/501731849 >> 172.21.15.76:0/501731849 conn(0x7f66b4102ad0 msgr2=0x7f66b4103600 unknown :-1 s=STATE_NONE l=0).mark_down
2024-04-26T18:21:34.403 INFO:teuthology.orchestra.run.smithi076.stdout:/usr/bin/ceph: stderr
2024-04-26T18:21:33.827+0000 7f66ba562700 1 -- 172.21.15.76:0/501731849 shutdown_connections
2024-04-26T18:21:34.403 INFO:teuthology.orchestra.run.smithi076.stdout:/usr/bin/ceph: stderr
2024-04-26T18:21:33.827+0000 7f66ba562700 1 -- 172.21.15.76:0/501731849 wait complete.
2024-04-26T18:21:34.403 INFO:teuthology.orchestra.run.smithi076.stdout:Deploying unmanaged mon service...
2024-04-26T18:21:35.031 INFO:journalctl@ceph.mon.a.smithi076.stdout:Apr 26 18:21:34 smithi076 ceph-mon[29133]: from='mgr.14120 172.21.15.76:0/3603193199' entity='mgr.x'
2024-04-26T18:21:35.145 INFO:journalctl@ceph.mon.a.smithi076.stdout:Apr 26 18:21:34 smithi076 ceph-mon[29133]: Added host smithi076
2024-04-26T18:21:35.146 INFO:journalctl@ceph.mon.a.smithi076.stdout:Apr 26 18:21:34 smithi076 ceph-mon[29133]: from='mgr.14120 172.21.15.76:0/3603193199' entity='mgr.x' cmd=[{"prefix": "config dump", "format": "json"}]: dispatch
2024-04-26T18:21:36.287 INFO:teuthology.orchestra.run.smithi076.stdout:/usr/bin/ceph: stdout Scheduled mon update...
2024-04-26T18:21:36.287 INFO:teuthology.orchestra.run.smithi076.stdout:/usr/bin/ceph: stderr
2024-04-26T18:21:34.857+0000 7f7a267d2700 1 Processor -- start
2024-04-26T18:21:36.287 INFO:teuthology.orchestra.run.smithi076.stdout:/usr/bin/ceph: stderr
2024-04-26T18:21:34.857+0000 7f7a267d2700 1 -- start start
2024-04-26T18:21:36.287 INFO:teuthology.orchestra.run.smithi076.stdout:/usr/bin/ceph: stderr
2024-04-26T18:21:34.857+0000 7f7a267d2700 1 --2- >> [v2:172.21.15.76:3300/0,v1:172.21.15.76:6789/0] conn(0x7f7a201077a0 0x7f7a20107bc0 unknown :-1 s=NONE pgs=0 cs=0 l=0 rev1=0 crypto rx=0 tx=0 comp rx=0 tx=0).connect
2024-04-26T18:21:36.287 INFO:teuthology.orchestra.run.smithi076.stdout:/usr/bin/ceph: stderr
2024-04-26T18:21:34.857+0000 7f7a267d2700 1 -- --> [v2:172.21.15.76:3300/0,v1:172.21.15.76:6789/0] -- mon_getmap magic: 0 -- 0x7f7a2007ce50 con 0x7f7a201077a0
2024-04-26T18:21:36.287 INFO:teuthology.orchestra.run.smithi076.stdout:/usr/bin/ceph: stderr
2024-04-26T18:21:34.857+0000 7f7a1ffff700 1 --2- >> [v2:172.21.15.76:3300/0,v1:172.21.15.76:6789/0] conn(0x7f7a201077a0 0x7f7a20107bc0 unknown :-1 s=BANNER_CONNECTING pgs=0 cs=0 l=0 rev1=0 crypto rx=0 tx=0 comp rx=0 tx=0)._handle_peer_banner_payload supported=3 required=0
2024-04-26T18:21:36.287 INFO:teuthology.orchestra.run.smithi076.stdout:/usr/bin/ceph: stderr
2024-04-26T18:21:34.857+0000 7f7a1ffff700 1 --2- >> [v2:172.21.15.76:3300/0,v1:172.21.15.76:6789/0] conn(0x7f7a201077a0 0x7f7a20107bc0 unknown :-1 s=HELLO_CONNECTING pgs=0 cs=0 l=0 rev1=1 crypto rx=0 tx=0 comp rx=0 tx=0).handle_hello peer v2:172.21.15.76:3300/0 says I am v2:172.21.15.76:46608/0 (socket says 172.21.15.76:46608)
2024-04-26T18:21:36.288 INFO:teuthology.orchestra.run.smithi076.stdout:/usr/bin/ceph: stderr
2024-04-26T18:21:34.857+0000 7f7a1ffff700 1 -- 172.21.15.76:0/4118592292 learned_addr learned my addr 172.21.15.76:0/4118592292 (peer_addr_for_me v2:172.21.15.76:0/0)
2024-04-26T18:21:36.288 INFO:teuthology.orchestra.run.smithi076.stdout:/usr/bin/ceph: stderr
2024-04-26T18:21:34.857+0000 7f7a1ffff700 1 -- 172.21.15.76:0/4118592292 --> [v2:172.21.15.76:3300/0,v1:172.21.15.76:6789/0] -- mon_subscribe({config=0+,monmap=0+}) -- 0x7f7a20108100 con 0x7f7a201077a0
2024-04-26T18:21:36.288 INFO:teuthology.orchestra.run.smithi076.stdout:/usr/bin/ceph: stderr
2024-04-26T18:21:34.857+0000 7f7a1ffff700 1 --2- 172.21.15.76:0/4118592292 >> [v2:172.21.15.76:3300/0,v1:172.21.15.76:6789/0] conn(0x7f7a201077a0 0x7f7a20107bc0 secure :-1 s=READY pgs=47 cs=0 l=1 rev1=1 crypto rx=0x7f7a100098a0 tx=0x7f7a10009bb0 comp rx=0 tx=0).ready entity=mon.0 client_cookie=4eccdfdc1dc7a105 server_cookie=0 in_seq=0 out_seq=0
2024-04-26T18:21:36.288 INFO:teuthology.orchestra.run.smithi076.stdout:/usr/bin/ceph: stderr
2024-04-26T18:21:34.857+0000 7f7a1effd700 1 -- 172.21.15.76:0/4118592292 <== mon.0 v2:172.21.15.76:3300/0 1 ==== mon_map magic: 0 ==== 205+0+0 (secure 0 0 0) 0x7f7a10004160 con 0x7f7a201077a0
2024-04-26T18:21:36.288 INFO:teuthology.orchestra.run.smithi076.stdout:/usr/bin/ceph: stderr
2024-04-26T18:21:34.858+0000 7f7a1effd700 1 -- 172.21.15.76:0/4118592292 <== mon.0 v2:172.21.15.76:3300/0 2 ==== config(26 keys) ==== 1070+0+0 (secure 0 0 0) 0x7f7a10004300 con 0x7f7a201077a0
2024-04-26T18:21:36.288 INFO:teuthology.orchestra.run.smithi076.stdout:/usr/bin/ceph: stderr
2024-04-26T18:21:34.858+0000 7f7a1effd700 1 -- 172.21.15.76:0/4118592292 <== mon.0 v2:172.21.15.76:3300/0 3 ==== mon_map magic: 0 ==== 205+0+0 (secure 0 0 0) 0x7f7a10011af0 con 0x7f7a201077a0
2024-04-26T18:21:36.288 INFO:teuthology.orchestra.run.smithi076.stdout:/usr/bin/ceph: stderr
2024-04-26T18:21:34.858+0000 7f7a267d2700 1 -- 172.21.15.76:0/4118592292 >> [v2:172.21.15.76:3300/0,v1:172.21.15.76:6789/0] conn(0x7f7a201077a0 msgr2=0x7f7a20107bc0 secure :-1 s=STATE_CONNECTION_ESTABLISHED l=1).mark_down
2024-04-26T18:21:36.288 INFO:teuthology.orchestra.run.smithi076.stdout:/usr/bin/ceph: stderr
2024-04-26T18:21:34.858+0000 7f7a267d2700 1 --2- 172.21.15.76:0/4118592292 >> [v2:172.21.15.76:3300/0,v1:172.21.15.76:6789/0] conn(0x7f7a201077a0 0x7f7a20107bc0 secure :-1 s=READY pgs=47 cs=0 l=1 rev1=1 crypto rx=0x7f7a100098a0 tx=0x7f7a10009bb0 comp rx=0 tx=0).stop
2024-04-26T18:21:36.288 INFO:teuthology.orchestra.run.smithi076.stdout:/usr/bin/ceph: stderr
2024-04-26T18:21:34.858+0000 7f7a267d2700 1 -- 172.21.15.76:0/4118592292 shutdown_connections
2024-04-26T18:21:36.288 INFO:teuthology.orchestra.run.smithi076.stdout:/usr/bin/ceph: stderr
2024-04-26T18:21:34.858+0000 7f7a267d2700 1 --2- 172.21.15.76:0/4118592292 >> [v2:172.21.15.76:3300/0,v1:172.21.15.76:6789/0] conn(0x7f7a201077a0 0x7f7a20107bc0 unknown :-1 s=CLOSED pgs=47 cs=0 l=1 rev1=1 crypto rx=0 tx=0 comp rx=0 tx=0).stop
2024-04-26T18:21:36.288 INFO:teuthology.orchestra.run.smithi076.stdout:/usr/bin/ceph: stderr
2024-04-26T18:21:34.858+0000 7f7a267d2700 1 -- 172.21.15.76:0/4118592292 >> 172.21.15.76:0/4118592292 conn(0x7f7a20103360 msgr2=0x7f7a201057a0 unknown :-1 s=STATE_NONE l=0).mark_down
2024-04-26T18:21:36.288 INFO:teuthology.orchestra.run.smithi076.stdout:/usr/bin/ceph: stderr
2024-04-26T18:21:34.858+0000 7f7a267d2700 1 -- 172.21.15.76:0/4118592292 shutdown_connections
2024-04-26T18:21:36.288 INFO:teuthology.orchestra.run.smithi076.stdout:/usr/bin/ceph: stderr
2024-04-26T18:21:34.858+0000 7f7a267d2700 1 -- 172.21.15.76:0/4118592292 wait complete.
2024-04-26T18:21:36.289 INFO:teuthology.orchestra.run.smithi076.stdout:/usr/bin/ceph: stderr
2024-04-26T18:21:34.859+0000 7f7a267d2700 1 Processor -- start
2024-04-26T18:21:36.289 INFO:teuthology.orchestra.run.smithi076.stdout:/usr/bin/ceph: stderr
2024-04-26T18:21:34.859+0000 7f7a267d2700 1 -- start start
2024-04-26T18:21:36.289 INFO:teuthology.orchestra.run.smithi076.stdout:/usr/bin/ceph: stderr
2024-04-26T18:21:34.859+0000 7f7a267d2700 1 --2- >> [v2:172.21.15.76:3300/0,v1:172.21.15.76:6789/0] conn(0x7f7a201077a0 0x7f7a2019f020 unknown :-1 s=NONE pgs=0 cs=0 l=1 rev1=0 crypto rx=0 tx=0 comp rx=0 tx=0).connect
2024-04-26T18:21:36.289 INFO:teuthology.orchestra.run.smithi076.stdout:/usr/bin/ceph: stderr
2024-04-26T18:21:34.859+0000 7f7a267d2700 1 -- --> [v2:172.21.15.76:3300/0,v1:172.21.15.76:6789/0] -- mon_getmap magic: 0 -- 0x7f7a20109130 con 0x7f7a201077a0
2024-04-26T18:21:36.289 INFO:teuthology.orchestra.run.smithi076.stdout:/usr/bin/ceph: stderr
2024-04-26T18:21:34.859+0000 7f7a1ffff700 1 --2- >> [v2:172.21.15.76:3300/0,v1:172.21.15.76:6789/0] conn(0x7f7a201077a0 0x7f7a2019f020 unknown :-1 s=BANNER_CONNECTING pgs=0 cs=0 l=1 rev1=0 crypto rx=0 tx=0 comp rx=0 tx=0)._handle_peer_banner_payload supported=3 required=0
2024-04-26T18:21:36.289 INFO:teuthology.orchestra.run.smithi076.stdout:/usr/bin/ceph: stderr
2024-04-26T18:21:34.859+0000 7f7a1ffff700 1 --2- >> [v2:172.21.15.76:3300/0,v1:172.21.15.76:6789/0] conn(0x7f7a201077a0 0x7f7a2019f020 unknown :-1 s=HELLO_CONNECTING pgs=0 cs=0 l=1 rev1=1 crypto rx=0 tx=0 comp rx=0 tx=0).handle_hello peer v2:172.21.15.76:3300/0 says I am v2:172.21.15.76:46614/0 (socket says 172.21.15.76:46614)
2024-04-26T18:21:36.289 INFO:teuthology.orchestra.run.smithi076.stdout:/usr/bin/ceph: stderr
2024-04-26T18:21:34.859+0000 7f7a1ffff700 1 -- 172.21.15.76:0/4227035783 learned_addr learned my addr 172.21.15.76:0/4227035783 (peer_addr_for_me v2:172.21.15.76:0/0)
2024-04-26T18:21:36.289 INFO:teuthology.orchestra.run.smithi076.stdout:/usr/bin/ceph: stderr
