2024-04-26T18:21:14.893+0000 7f08aca7d700 1 -- 172.21.15.76:0/228445199 --> [v2:172.21.15.76:3300/0,v1:172.21.15.76:6789/0] -- mon_subscribe({mgrmap=0+}) -- 0x7f08a8191630 con 0x7f08a8107d90
2024-04-26T18:21:16.346 INFO:teuthology.orchestra.run.smithi076.stdout:/usr/bin/ceph: stderr
2024-04-26T18:21:14.893+0000 7f08977fe700 1 -- 172.21.15.76:0/228445199 <== mon.0 v2:172.21.15.76:3300/0 3 ==== mon_map magic: 0 ==== 205+0+0 (secure 0 0 0) 0x7f0898019630 con 0x7f08a8107d90
2024-04-26T18:21:16.346 INFO:teuthology.orchestra.run.smithi076.stdout:/usr/bin/ceph: stderr
2024-04-26T18:21:14.893+0000 7f08aca7d700 1 -- 172.21.15.76:0/228445199 --> [v2:172.21.15.76:3300/0,v1:172.21.15.76:6789/0] -- mon_subscribe({osdmap=0}) -- 0x7f08a8191b70 con 0x7f08a8107d90
2024-04-26T18:21:16.346 INFO:teuthology.orchestra.run.smithi076.stdout:/usr/bin/ceph: stderr
2024-04-26T18:21:14.894+0000 7f08977fe700 1 -- 172.21.15.76:0/228445199 <== mon.0 v2:172.21.15.76:3300/0 4 ==== mgrmap(e 4) ==== 46547+0+0 (secure 0 0 0) 0x7f08980198a0 con 0x7f08a8107d90
2024-04-26T18:21:16.346 INFO:teuthology.orchestra.run.smithi076.stdout:/usr/bin/ceph: stderr
2024-04-26T18:21:14.894+0000 7f08aca7d700 1 -- 172.21.15.76:0/228445199 --> [v2:172.21.15.76:3300/0,v1:172.21.15.76:6789/0] -- mon_command({"prefix": "get_command_descriptions"} v 0) -- 0x7f08a8064a80 con 0x7f08a8107d90
2024-04-26T18:21:16.346 INFO:teuthology.orchestra.run.smithi076.stdout:/usr/bin/ceph: stderr
2024-04-26T18:21:14.894+0000 7f08977fe700 1 --2- 172.21.15.76:0/228445199 >> [v2:172.21.15.76:6800/3834922819,v1:172.21.15.76:6801/3834922819] conn(0x7f08900395b0 0x7f089003ba70 unknown :-1 s=NONE pgs=0 cs=0 l=1 rev1=0 crypto rx=0 tx=0 comp rx=0 tx=0).connect
2024-04-26T18:21:16.347 INFO:teuthology.orchestra.run.smithi076.stdout:/usr/bin/ceph: stderr
2024-04-26T18:21:14.894+0000 7f08977fe700 1 -- 172.21.15.76:0/228445199 <== mon.0 v2:172.21.15.76:3300/0 5 ==== osd_map(1..1 src has 1..1) ==== 725+0+0 (secure 0 0 0) 0x7f089804dac0 con 0x7f08a8107d90
2024-04-26T18:21:16.347 INFO:teuthology.orchestra.run.smithi076.stdout:/usr/bin/ceph: stderr
2024-04-26T18:21:14.894+0000 7f08a5d9b700 1 --2- 172.21.15.76:0/228445199 >> [v2:172.21.15.76:6800/3834922819,v1:172.21.15.76:6801/3834922819] conn(0x7f08900395b0 0x7f089003ba70 unknown :-1 s=BANNER_CONNECTING pgs=0 cs=0 l=1 rev1=0 crypto rx=0 tx=0 comp rx=0 tx=0)._handle_peer_banner_payload supported=3 required=0
2024-04-26T18:21:16.347 INFO:teuthology.orchestra.run.smithi076.stdout:/usr/bin/ceph: stderr
2024-04-26T18:21:14.895+0000 7f08a5d9b700 1 --2- 172.21.15.76:0/228445199 >> [v2:172.21.15.76:6800/3834922819,v1:172.21.15.76:6801/3834922819] conn(0x7f08900395b0 0x7f089003ba70 secure :-1 s=READY pgs=8 cs=0 l=1 rev1=1 crypto rx=0x7f089c006fd0 tx=0x7f089c006e40 comp rx=0 tx=0).ready entity=mgr.14100 client_cookie=0 server_cookie=0 in_seq=0 out_seq=0
2024-04-26T18:21:16.347 INFO:teuthology.orchestra.run.smithi076.stdout:/usr/bin/ceph: stderr
2024-04-26T18:21:14.899+0000 7f08977fe700 1 -- 172.21.15.76:0/228445199 <== mon.0 v2:172.21.15.76:3300/0 6 ==== mon_command_ack([{"prefix": "get_command_descriptions"}]=0 v0) ==== 72+0+188370 (secure 0 0 0) 0x7f089804d4e0 con 0x7f08a8107d90
2024-04-26T18:21:16.347 INFO:teuthology.orchestra.run.smithi076.stdout:/usr/bin/ceph: stderr
2024-04-26T18:21:15.150+0000 7f08aca7d700 1 -- 172.21.15.76:0/228445199 --> [v2:172.21.15.76:3300/0,v1:172.21.15.76:6789/0] -- mon_command({"prefix": "mgr module enable", "module": "cephadm"} v 0) -- 0x7f08a8196c80 con 0x7f08a8107d90
2024-04-26T18:21:16.347 INFO:teuthology.orchestra.run.smithi076.stdout:/usr/bin/ceph: stderr
2024-04-26T18:21:15.798+0000 7f08977fe700 1 -- 172.21.15.76:0/228445199 <== mon.0 v2:172.21.15.76:3300/0 7 ==== mon_command_ack([{"prefix": "mgr module enable", "module": "cephadm"}]=0 v5) ==== 86+0+0 (secure 0 0 0) 0x7f089802bd00 con 0x7f08a8107d90
2024-04-26T18:21:16.347 INFO:teuthology.orchestra.run.smithi076.stdout:/usr/bin/ceph: stderr
2024-04-26T18:21:15.800+0000 7f08977fe700 1 -- 172.21.15.76:0/228445199 <== mon.0 v2:172.21.15.76:3300/0 8 ==== mgrmap(e 5) ==== 46558+0+0 (secure 0 0 0) 0x7f089800b430 con 0x7f08a8107d90
2024-04-26T18:21:16.347 INFO:teuthology.orchestra.run.smithi076.stdout:/usr/bin/ceph: stderr
2024-04-26T18:21:15.802+0000 7f08aca7d700 1 -- 172.21.15.76:0/228445199 >> [v2:172.21.15.76:6800/3834922819,v1:172.21.15.76:6801/3834922819] conn(0x7f08900395b0 msgr2=0x7f089003ba70 secure :-1 s=STATE_CONNECTION_ESTABLISHED l=1).mark_down
2024-04-26T18:21:16.347 INFO:teuthology.orchestra.run.smithi076.stdout:/usr/bin/ceph: stderr
2024-04-26T18:21:15.802+0000 7f08aca7d700 1 --2- 172.21.15.76:0/228445199 >> [v2:172.21.15.76:6800/3834922819,v1:172.21.15.76:6801/3834922819] conn(0x7f08900395b0 0x7f089003ba70 secure :-1 s=READY pgs=8 cs=0 l=1 rev1=1 crypto rx=0x7f089c006fd0 tx=0x7f089c006e40 comp rx=0 tx=0).stop
2024-04-26T18:21:16.347 INFO:teuthology.orchestra.run.smithi076.stdout:/usr/bin/ceph: stderr
2024-04-26T18:21:15.802+0000 7f08aca7d700 1 -- 172.21.15.76:0/228445199 >> [v2:172.21.15.76:3300/0,v1:172.21.15.76:6789/0] conn(0x7f08a8107d90 msgr2=0x7f08a8192f00 secure :-1 s=STATE_CONNECTION_ESTABLISHED l=1).mark_down
2024-04-26T18:21:16.347 INFO:teuthology.orchestra.run.smithi076.stdout:/usr/bin/ceph: stderr
2024-04-26T18:21:15.802+0000 7f08aca7d700 1 --2- 172.21.15.76:0/228445199 >> [v2:172.21.15.76:3300/0,v1:172.21.15.76:6789/0] conn(0x7f08a8107d90 0x7f08a8192f00 secure :-1 s=READY pgs=23 cs=0 l=1 rev1=1 crypto rx=0x7f08980117b0 tx=0x7f0898011b70 comp rx=0 tx=0).stop
2024-04-26T18:21:16.347 INFO:teuthology.orchestra.run.smithi076.stdout:/usr/bin/ceph: stderr
2024-04-26T18:21:15.802+0000 7f08aca7d700 1 -- 172.21.15.76:0/228445199 shutdown_connections
2024-04-26T18:21:16.348 INFO:teuthology.orchestra.run.smithi076.stdout:/usr/bin/ceph: stderr
2024-04-26T18:21:15.802+0000 7f08aca7d700 1 --2- 172.21.15.76:0/228445199 >> [v2:172.21.15.76:6800/3834922819,v1:172.21.15.76:6801/3834922819] conn(0x7f08900395b0 0x7f089003ba70 unknown :-1 s=CLOSED pgs=8 cs=0 l=1 rev1=1 crypto rx=0 tx=0 comp rx=0 tx=0).stop
2024-04-26T18:21:16.348 INFO:teuthology.orchestra.run.smithi076.stdout:/usr/bin/ceph: stderr
2024-04-26T18:21:15.802+0000 7f08aca7d700 1 --2- 172.21.15.76:0/228445199 >> [v2:172.21.15.76:3300/0,v1:172.21.15.76:6789/0] conn(0x7f08a8107d90 0x7f08a8192f00 unknown :-1 s=CLOSED pgs=23 cs=0 l=1 rev1=1 crypto rx=0 tx=0 comp rx=0 tx=0).stop
2024-04-26T18:21:16.348 INFO:teuthology.orchestra.run.smithi076.stdout:/usr/bin/ceph: stderr
2024-04-26T18:21:15.802+0000 7f08aca7d700 1 -- 172.21.15.76:0/228445199 >> 172.21.15.76:0/228445199 conn(0x7f08a8103350 msgr2=0x7f08a8104270 unknown :-1 s=STATE_NONE l=0).mark_down
2024-04-26T18:21:16.348 INFO:teuthology.orchestra.run.smithi076.stdout:/usr/bin/ceph: stderr
2024-04-26T18:21:15.802+0000 7f08aca7d700 1 -- 172.21.15.76:0/228445199 shutdown_connections
2024-04-26T18:21:16.348 INFO:teuthology.orchestra.run.smithi076.stdout:/usr/bin/ceph: stderr
2024-04-26T18:21:15.802+0000 7f08aca7d700 1 -- 172.21.15.76:0/228445199 wait complete.
2024-04-26T18:21:16.452 INFO:journalctl@ceph.mgr.x.smithi076.stdout:Apr 26 18:21:16 smithi076 ceph-7af890f4-03f9-11ef-bc93-c7b262605968-mgr-x[29363]:
2024-04-26T18:21:16.154+0000 7fc193391200 -1 mgr[py] Module orchestrator has missing NOTIFY_TYPES member
2024-04-26T18:21:16.453 INFO:journalctl@ceph.mgr.x.smithi076.stdout:Apr 26 18:21:16 smithi076 ceph-7af890f4-03f9-11ef-bc93-c7b262605968-mgr-x[29363]:
2024-04-26T18:21:16.256+0000 7fc193391200 -1 mgr[py] Module snap_schedule has missing NOTIFY_TYPES member
2024-04-26T18:21:16.730 INFO:journalctl@ceph.mgr.x.smithi076.stdout:Apr 26 18:21:16 smithi076 ceph-7af890f4-03f9-11ef-bc93-c7b262605968-mgr-x[29363]:
2024-04-26T18:21:16.576+0000 7fc193391200 -1 mgr[py] Module progress has missing NOTIFY_TYPES member
2024-04-26T18:21:16.730 INFO:journalctl@ceph.mgr.x.smithi076.stdout:Apr 26 18:21:16 smithi076 ceph-7af890f4-03f9-11ef-bc93-c7b262605968-mgr-x[29363]:
2024-04-26T18:21:16.663+0000 7fc193391200 -1 mgr[py] Module influx has missing NOTIFY_TYPES member
2024-04-26T18:21:17.020 INFO:journalctl@ceph.mon.a.smithi076.stdout:Apr 26 18:21:16 smithi076 ceph-mon[29133]: from='client.? 172.21.15.76:0/228445199' entity='client.admin' cmd='[{"prefix": "mgr module enable", "module": "cephadm"}]': finished
2024-04-26T18:21:17.020 INFO:journalctl@ceph.mon.a.smithi076.stdout:Apr 26 18:21:16 smithi076 ceph-mon[29133]: mgrmap e5: x(active, since 6s)
2024-04-26T18:21:17.534 INFO:teuthology.orchestra.run.smithi076.stdout:/usr/bin/ceph: stdout {
2024-04-26T18:21:17.534 INFO:teuthology.orchestra.run.smithi076.stdout:/usr/bin/ceph: stdout "epoch": 5,
2024-04-26T18:21:17.534 INFO:teuthology.orchestra.run.smithi076.stdout:/usr/bin/ceph: stdout "available": true,
2024-04-26T18:21:17.534 INFO:teuthology.orchestra.run.smithi076.stdout:/usr/bin/ceph: stdout "active_name": "x",
2024-04-26T18:21:17.534 INFO:teuthology.orchestra.run.smithi076.stdout:/usr/bin/ceph: stdout "num_standby": 0
2024-04-26T18:21:17.534 INFO:teuthology.orchestra.run.smithi076.stdout:/usr/bin/ceph: stdout }
2024-04-26T18:21:17.534 INFO:teuthology.orchestra.run.smithi076.stdout:/usr/bin/ceph: stderr
2024-04-26T18:21:16.754+0000 7f8a6a452700 1 Processor -- start
2024-04-26T18:21:17.534 INFO:teuthology.orchestra.run.smithi076.stdout:/usr/bin/ceph: stderr
2024-04-26T18:21:16.754+0000 7f8a6a452700 1 -- start start
2024-04-26T18:21:17.534 INFO:teuthology.orchestra.run.smithi076.stdout:/usr/bin/ceph: stderr
2024-04-26T18:21:16.754+0000 7f8a6a452700 1 --2- >> [v2:172.21.15.76:3300/0,v1:172.21.15.76:6789/0] conn(0x7f8a64109940 0x7f8a6410bd30 unknown :-1 s=NONE pgs=0 cs=0 l=0 rev1=0 crypto rx=0 tx=0 comp rx=0 tx=0).connect
2024-04-26T18:21:17.535 INFO:teuthology.orchestra.run.smithi076.stdout:/usr/bin/ceph: stderr
2024-04-26T18:21:16.754+0000 7f8a6a452700 1 -- --> [v2:172.21.15.76:3300/0,v1:172.21.15.76:6789/0] -- mon_getmap magic: 0 -- 0x7f8a6407ce90 con 0x7f8a64109940
2024-04-26T18:21:17.535 INFO:teuthology.orchestra.run.smithi076.stdout:/usr/bin/ceph: stderr
2024-04-26T18:21:16.754+0000 7f8a63fff700 1 --2- >> [v2:172.21.15.76:3300/0,v1:172.21.15.76:6789/0] conn(0x7f8a64109940 0x7f8a6410bd30 unknown :-1 s=BANNER_CONNECTING pgs=0 cs=0 l=0 rev1=0 crypto rx=0 tx=0 comp rx=0 tx=0)._handle_peer_banner_payload supported=3 required=0
2024-04-26T18:21:17.535 INFO:teuthology.orchestra.run.smithi076.stdout:/usr/bin/ceph: stderr
2024-04-26T18:21:16.754+0000 7f8a63fff700 1 --2- >> [v2:172.21.15.76:3300/0,v1:172.21.15.76:6789/0] conn(0x7f8a64109940 0x7f8a6410bd30 unknown :-1 s=HELLO_CONNECTING pgs=0 cs=0 l=0 rev1=1 crypto rx=0 tx=0 comp rx=0 tx=0).handle_hello peer v2:172.21.15.76:3300/0 says I am v2:172.21.15.76:39966/0 (socket says 172.21.15.76:39966)
2024-04-26T18:21:17.535 INFO:teuthology.orchestra.run.smithi076.stdout:/usr/bin/ceph: stderr
2024-04-26T18:21:16.754+0000 7f8a63fff700 1 -- 172.21.15.76:0/2462457206 learned_addr learned my addr 172.21.15.76:0/2462457206 (peer_addr_for_me v2:172.21.15.76:0/0)
2024-04-26T18:21:17.535 INFO:teuthology.orchestra.run.smithi076.stdout:/usr/bin/ceph: stderr
2024-04-26T18:21:16.755+0000 7f8a63fff700 1 -- 172.21.15.76:0/2462457206 --> [v2:172.21.15.76:3300/0,v1:172.21.15.76:6789/0] -- mon_subscribe({config=0+,monmap=0+}) -- 0x7f8a6410c270 con 0x7f8a64109940
2024-04-26T18:21:17.535 INFO:teuthology.orchestra.run.smithi076.stdout:/usr/bin/ceph: stderr
2024-04-26T18:21:16.755+0000 7f8a63fff700 1 --2- 172.21.15.76:0/2462457206 >> [v2:172.21.15.76:3300/0,v1:172.21.15.76:6789/0] conn(0x7f8a64109940 0x7f8a6410bd30 secure :-1 s=READY pgs=26 cs=0 l=1 rev1=1 crypto rx=0x7f8a540098a0 tx=0x7f8a54009bb0 comp rx=0 tx=0).ready entity=mon.0 client_cookie=95a8511a642a6637 server_cookie=0 in_seq=0 out_seq=0
2024-04-26T18:21:17.535 INFO:teuthology.orchestra.run.smithi076.stdout:/usr/bin/ceph: stderr
2024-04-26T18:21:16.755+0000 7f8a62ffd700 1 -- 172.21.15.76:0/2462457206 <== mon.0 v2:172.21.15.76:3300/0 1 ==== mon_map magic: 0 ==== 205+0+0 (secure 0 0 0) 0x7f8a54004160 con 0x7f8a64109940
2024-04-26T18:21:17.535 INFO:teuthology.orchestra.run.smithi076.stdout:/usr/bin/ceph: stderr
2024-04-26T18:21:16.755+0000 7f8a62ffd700 1 -- 172.21.15.76:0/2462457206 <== mon.0 v2:172.21.15.76:3300/0 2 ==== config(26 keys) ==== 1070+0+0 (secure 0 0 0) 0x7f8a54004300 con 0x7f8a64109940
2024-04-26T18:21:17.535 INFO:teuthology.orchestra.run.smithi076.stdout:/usr/bin/ceph: stderr
2024-04-26T18:21:16.755+0000 7f8a62ffd700 1 -- 172.21.15.76:0/2462457206 <== mon.0 v2:172.21.15.76:3300/0 3 ==== mon_map magic: 0 ==== 205+0+0 (secure 0 0 0) 0x7f8a54011af0 con 0x7f8a64109940
2024-04-26T18:21:17.535 INFO:teuthology.orchestra.run.smithi076.stdout:/usr/bin/ceph: stderr
2024-04-26T18:21:16.755+0000 7f8a6a452700 1 -- 172.21.15.76:0/2462457206 >> [v2:172.21.15.76:3300/0,v1:172.21.15.76:6789/0] conn(0x7f8a64109940 msgr2=0x7f8a6410bd30 secure :-1 s=STATE_CONNECTION_ESTABLISHED l=1).mark_down
2024-04-26T18:21:17.535 INFO:teuthology.orchestra.run.smithi076.stdout:/usr/bin/ceph: stderr
2024-04-26T18:21:16.755+0000 7f8a6a452700 1 --2- 172.21.15.76:0/2462457206 >> [v2:172.21.15.76:3300/0,v1:172.21.15.76:6789/0] conn(0x7f8a64109940 0x7f8a6410bd30 secure :-1 s=READY pgs=26 cs=0 l=1 rev1=1 crypto rx=0x7f8a540098a0 tx=0x7f8a54009bb0 comp rx=0 tx=0).stop
2024-04-26T18:21:17.535 INFO:teuthology.orchestra.run.smithi076.stdout:/usr/bin/ceph: stderr
2024-04-26T18:21:16.756+0000 7f8a6a452700 1 -- 172.21.15.76:0/2462457206 shutdown_connections
2024-04-26T18:21:17.535 INFO:teuthology.orchestra.run.smithi076.stdout:/usr/bin/ceph: stderr
2024-04-26T18:21:16.756+0000 7f8a6a452700 1 --2- 172.21.15.76:0/2462457206 >> [v2:172.21.15.76:3300/0,v1:172.21.15.76:6789/0] conn(0x7f8a64109940 0x7f8a6410bd30 unknown :-1 s=CLOSED pgs=26 cs=0 l=1 rev1=1 crypto rx=0 tx=0 comp rx=0 tx=0).stop
2024-04-26T18:21:17.535 INFO:teuthology.orchestra.run.smithi076.stdout:/usr/bin/ceph: stderr
2024-04-26T18:21:16.756+0000 7f8a6a452700 1 -- 172.21.15.76:0/2462457206 >> 172.21.15.76:0/2462457206 conn(0x7f8a64103310 msgr2=0x7f8a64105770 unknown :-1 s=STATE_NONE l=0).mark_down
2024-04-26T18:21:17.536 INFO:teuthology.orchestra.run.smithi076.stdout:/usr/bin/ceph: stderr
2024-04-26T18:21:16.756+0000 7f8a6a452700 1 -- 172.21.15.76:0/2462457206 shutdown_connections
2024-04-26T18:21:17.536 INFO:teuthology.orchestra.run.smithi076.stdout:/usr/bin/ceph: stderr
2024-04-26T18:21:16.756+0000 7f8a6a452700 1 -- 172.21.15.76:0/2462457206 wait complete.
2024-04-26T18:21:17.536 INFO:teuthology.orchestra.run.smithi076.stdout:/usr/bin/ceph: stderr
2024-04-26T18:21:16.756+0000 7f8a6a452700 1 Processor -- start
2024-04-26T18:21:17.536 INFO:teuthology.orchestra.run.smithi076.stdout:/usr/bin/ceph: stderr
2024-04-26T18:21:16.756+0000 7f8a6a452700 1 -- start start
2024-04-26T18:21:17.536 INFO:teuthology.orchestra.run.smithi076.stdout:/usr/bin/ceph: stderr
2024-04-26T18:21:16.756+0000 7f8a6a452700 1 --2- >> [v2:172.21.15.76:3300/0,v1:172.21.15.76:6789/0] conn(0x7f8a64109940 0x7f8a641091c0 unknown :-1 s=NONE pgs=0 cs=0 l=1 rev1=0 crypto rx=0 tx=0 comp rx=0 tx=0).connect
2024-04-26T18:21:17.536 INFO:teuthology.orchestra.run.smithi076.stdout:/usr/bin/ceph: stderr
2024-04-26T18:21:16.756+0000 7f8a6a452700 1 -- --> [v2:172.21.15.76:3300/0,v1:172.21.15.76:6789/0] -- mon_getmap magic: 0 -- 0x7f8a6410d230 con 0x7f8a64109940
2024-04-26T18:21:17.536 INFO:teuthology.orchestra.run.smithi076.stdout:/usr/bin/ceph: stderr
2024-04-26T18:21:16.757+0000 7f8a63fff700 1 --2- >> [v2:172.21.15.76:3300/0,v1:172.21.15.76:6789/0] conn(0x7f8a64109940 0x7f8a641091c0 unknown :-1 s=BANNER_CONNECTING pgs=0 cs=0 l=1 rev1=0 crypto rx=0 tx=0 comp rx=0 tx=0)._handle_peer_banner_payload supported=3 required=0
2024-04-26T18:21:17.536 INFO:teuthology.orchestra.run.smithi076.stdout:/usr/bin/ceph: stderr
2024-04-26T18:21:16.757+0000 7f8a63fff700 1 --2- >> [v2:172.21.15.76:3300/0,v1:172.21.15.76:6789/0] conn(0x7f8a64109940 0x7f8a641091c0 unknown :-1 s=HELLO_CONNECTING pgs=0 cs=0 l=1 rev1=1 crypto rx=0 tx=0 comp rx=0 tx=0).handle_hello peer v2:172.21.15.76:3300/0 says I am v2:172.21.15.76:39974/0 (socket says 172.21.15.76:39974)
2024-04-26T18:21:17.536 INFO:teuthology.orchestra.run.smithi076.stdout:/usr/bin/ceph: stderr
2024-04-26T18:21:16.757+0000 7f8a63fff700 1 -- 172.21.15.76:0/1092403500 learned_addr learned my addr 172.21.15.76:0/1092403500 (peer_addr_for_me v2:172.21.15.76:0/0)
2024-04-26T18:21:17.536 INFO:teuthology.orchestra.run.smithi076.stdout:/usr/bin/ceph: stderr
2024-04-26T18:21:16.757+0000 7f8a63fff700 1 -- 172.21.15.76:0/1092403500 --> [v2:172.21.15.76:3300/0,v1:172.21.15.76:6789/0] -- mon_subscribe({config=0+,monmap=0+}) -- 0x7f8a64109700 con 0x7f8a64109940
2024-04-26T18:21:17.537 INFO:teuthology.orchestra.run.smithi076.stdout:/usr/bin/ceph: stderr
2024-04-26T18:21:16.757+0000 7f8a63fff700 1 --2- 172.21.15.76:0/1092403500 >> [v2:172.21.15.76:3300/0,v1:172.21.15.76:6789/0] conn(0x7f8a64109940 0x7f8a641091c0 secure :-1 s=READY pgs=27 cs=0 l=1 rev1=1 crypto rx=0x7f8a54009fb0 tx=0x7f8a54011940 comp rx=0 tx=0).ready entity=mon.0 client_cookie=0 server_cookie=0 in_seq=0 out_seq=0
2024-04-26T18:21:17.537 INFO:teuthology.orchestra.run.smithi076.stdout:/usr/bin/ceph: stderr
2024-04-26T18:21:16.757+0000 7f8a617fa700 1 -- 172.21.15.76:0/1092403500 <== mon.0 v2:172.21.15.76:3300/0 1 ==== mon_map magic: 0 ==== 205+0+0 (secure 0 0 0) 0x7f8a540036a0 con 0x7f8a64109940
2024-04-26T18:21:17.537 INFO:teuthology.orchestra.run.smithi076.stdout:/usr/bin/ceph: stderr
2024-04-26T18:21:16.757+0000 7f8a617fa700 1 -- 172.21.15.76:0/1092403500 <== mon.0 v2:172.21.15.76:3300/0 2 ==== config(26 keys) ==== 1070+0+0 (secure 0 0 0) 0x7f8a5401a430 con 0x7f8a64109940
2024-04-26T18:21:17.537 INFO:teuthology.orchestra.run.smithi076.stdout:/usr/bin/ceph: stderr
2024-04-26T18:21:16.757+0000 7f8a6a452700 1 -- 172.21.15.76:0/1092403500 --> [v2:172.21.15.76:3300/0,v1:172.21.15.76:6789/0] -- mon_subscribe({mgrmap=0+}) -- 0x7f8a641078f0 con 0x7f8a64109940
2024-04-26T18:21:17.537 INFO:teuthology.orchestra.run.smithi076.stdout:/usr/bin/ceph: stderr
2024-04-26T18:21:16.757+0000 7f8a617fa700 1 -- 172.21.15.76:0/1092403500 <== mon.0 v2:172.21.15.76:3300/0 3 ==== mon_map magic: 0 ==== 205+0+0 (secure 0 0 0) 0x7f8a54019550 con 0x7f8a64109940
2024-04-26T18:21:17.537 INFO:teuthology.orchestra.run.smithi076.stdout:/usr/bin/ceph: stderr
2024-04-26T18:21:16.757+0000 7f8a6a452700 1 -- 172.21.15.76:0/1092403500 --> [v2:172.21.15.76:3300/0,v1:172.21.15.76:6789/0] -- mon_subscribe({osdmap=0}) -- 0x7f8a64107e30 con 0x7f8a64109940
2024-04-26T18:21:17.537 INFO:teuthology.orchestra.run.smithi076.stdout:/usr/bin/ceph: stderr
2024-04-26T18:21:16.758+0000 7f8a617fa700 1 -- 172.21.15.76:0/1092403500 <== mon.0 v2:172.21.15.76:3300/0 4 ==== mgrmap(e 5) ==== 46558+0+0 (secure 0 0 0) 0x7f8a54019800 con 0x7f8a64109940
2024-04-26T18:21:17.537 INFO:teuthology.orchestra.run.smithi076.stdout:/usr/bin/ceph: stderr
2024-04-26T18:21:16.758+0000 7f8a617fa700 1 --2- 172.21.15.76:0/1092403500 >> [v2:172.21.15.76:6800/3834922819,v1:172.21.15.76:6801/3834922819] conn(0x7f8a4c0395b0 0x7f8a4c03ba70 unknown :-1 s=NONE pgs=0 cs=0 l=1 rev1=0 crypto rx=0 tx=0 comp rx=0 tx=0).connect
2024-04-26T18:21:17.537 INFO:teuthology.orchestra.run.smithi076.stdout:/usr/bin/ceph: stderr
2024-04-26T18:21:16.758+0000 7f8a617fa700 1 -- 172.21.15.76:0/1092403500 <== mon.0 v2:172.21.15.76:3300/0 5 ==== osd_map(1..1 src has 1..1) ==== 725+0+0 (secure 0 0 0) 0x7f8a5404e4e0 con 0x7f8a64109940
2024-04-26T18:21:17.537 INFO:teuthology.orchestra.run.smithi076.stdout:/usr/bin/ceph: stderr
2024-04-26T18:21:16.758+0000 7f8a637fe700 1 -- 172.21.15.76:0/1092403500 >> [v2:172.21.15.76:6800/3834922819,v1:172.21.15.76:6801/3834922819] conn(0x7f8a4c0395b0 msgr2=0x7f8a4c03ba70 unknown :-1 s=STATE_CONNECTING_RE l=1).process reconnect failed to v2:172.21.15.76:6800/3834922819
2024-04-26T18:21:17.537 INFO:teuthology.orchestra.run.smithi076.stdout:/usr/bin/ceph: stderr
2024-04-26T18:21:16.758+0000 7f8a637fe700 1 --2- 172.21.15.76:0/1092403500 >> [v2:172.21.15.76:6800/3834922819,v1:172.21.15.76:6801/3834922819] conn(0x7f8a4c0395b0 0x7f8a4c03ba70 unknown :-1 s=START_CONNECT pgs=0 cs=0 l=1 rev1=0 crypto rx=0 tx=0 comp rx=0 tx=0)._fault waiting 0.200000
2024-04-26T18:21:17.537 INFO:teuthology.orchestra.run.smithi076.stdout:/usr/bin/ceph: stderr
2024-04-26T18:21:16.758+0000 7f8a6a452700 1 -- 172.21.15.76:0/1092403500 --> [v2:172.21.15.76:3300/0,v1:172.21.15.76:6789/0] -- mon_command({"prefix": "get_command_descriptions"} v 0) -- 0x7f8a64064a80 con 0x7f8a64109940
2024-04-26T18:21:17.537 INFO:teuthology.orchestra.run.smithi076.stdout:/usr/bin/ceph: stderr
2024-04-26T18:21:16.763+0000 7f8a617fa700 1 -- 172.21.15.76:0/1092403500 <== mon.0 v2:172.21.15.76:3300/0 6 ==== mon_command_ack([{"prefix": "get_command_descriptions"}]=0 v0) ==== 72+0+188370 (secure 0 0 0) 0x7f8a54003bd0 con 0x7f8a64109940
2024-04-26T18:21:17.537 INFO:teuthology.orchestra.run.smithi076.stdout:/usr/bin/ceph: stderr
2024-04-26T18:21:16.959+0000 7f8a637fe700 1 -- 172.21.15.76:0/1092403500 >> [v2:172.21.15.76:6800/3834922819,v1:172.21.15.76:6801/3834922819] conn(0x7f8a4c0395b0 msgr2=0x7f8a4c03ba70 unknown :-1 s=STATE_CONNECTING_RE l=1).process reconnect failed to v2:172.21.15.76:6800/3834922819
2024-04-26T18:21:17.538 INFO:teuthology.orchestra.run.smithi076.stdout:/usr/bin/ceph: stderr
2024-04-26T18:21:16.959+0000 7f8a637fe700 1 --2- 172.21.15.76:0/1092403500 >> [v2:172.21.15.76:6800/3834922819,v1:172.21.15.76:6801/3834922819] conn(0x7f8a4c0395b0 0x7f8a4c03ba70 unknown :-1 s=START_CONNECT pgs=0 cs=0 l=1 rev1=0 crypto rx=0 tx=0 comp rx=0 tx=0)._fault waiting 0.400000
2024-04-26T18:21:17.538 INFO:teuthology.orchestra.run.smithi076.stdout:/usr/bin/ceph: stderr
2024-04-26T18:21:17.020+0000 7f8a6a452700 1 -- 172.21.15.76:0/1092403500 --> [v2:172.21.15.76:3300/0,v1:172.21.15.76:6789/0] -- mon_command({"prefix": "mgr stat"} v 0) -- 0x7f8a641086f0 con 0x7f8a64109940
2024-04-26T18:21:17.538 INFO:teuthology.orchestra.run.smithi076.stdout:/usr/bin/ceph: stderr
2024-04-26T18:21:17.020+0000 7f8a617fa700 1 -- 172.21.15.76:0/1092403500 <== mon.0 v2:172.21.15.76:3300/0 7 ==== mon_command_ack([{"prefix": "mgr stat"}]=0 v5) ==== 56+0+88 (secure 0 0 0) 0x7f8a54023c90 con 0x7f8a64109940
2024-04-26T18:21:17.538 INFO:teuthology.orchestra.run.smithi076.stdout:/usr/bin/ceph: stderr
2024-04-26T18:21:17.022+0000 7f8a6a452700 1 -- 172.21.15.76:0/1092403500 >> [v2:172.21.15.76:6800/3834922819,v1:172.21.15.76:6801/3834922819] conn(0x7f8a4c0395b0 msgr2=0x7f8a4c03ba70 unknown :-1 s=STATE_CONNECTING l=1).mark_down
2024-04-26T18:21:17.538 INFO:teuthology.orchestra.run.smithi076.stdout:/usr/bin/ceph: stderr
2024-04-26T18:21:17.022+0000 7f8a6a452700 1 --2- 172.21.15.76:0/1092403500 >> [v2:172.21.15.76:6800/3834922819,v1:172.21.15.76:6801/3834922819] conn(0x7f8a4c0395b0 0x7f8a4c03ba70 unknown :-1 s=START_CONNECT pgs=0 cs=0 l=1 rev1=0 crypto rx=0 tx=0 comp rx=0 tx=0).stop
2024-04-26T18:21:17.538 INFO:teuthology.orchestra.run.smithi076.stdout:/usr/bin/ceph: stderr
2024-04-26T18:21:17.022+0000 7f8a6a452700 1 -- 172.21.15.76:0/1092403500 >> [v2:172.21.15.76:3300/0,v1:172.21.15.76:6789/0] conn(0x7f8a64109940 msgr2=0x7f8a641091c0 secure :-1 s=STATE_CONNECTION_ESTABLISHED l=1).mark_down
2024-04-26T18:21:17.538 INFO:teuthology.orchestra.run.smithi076.stdout:/usr/bin/ceph: stderr
2024-04-26T18:21:17.022+0000 7f8a6a452700 1 --2- 172.21.15.76:0/1092403500 >> [v2:172.21.15.76:3300/0,v1:172.21.15.76:6789/0] conn(0x7f8a64109940 0x7f8a641091c0 secure :-1 s=READY pgs=27 cs=0 l=1 rev1=1 crypto rx=0x7f8a54009fb0 tx=0x7f8a54011940 comp rx=0 tx=0).stop
2024-04-26T18:21:17.538 INFO:teuthology.orchestra.run.smithi076.stdout:/usr/bin/ceph: stderr
2024-04-26T18:21:17.023+0000 7f8a6a452700 1 -- 172.21.15.76:0/1092403500 shutdown_connections
2024-04-26T18:21:17.538 INFO:teuthology.orchestra.run.smithi076.stdout:/usr/bin/ceph: stderr
2024-04-26T18:21:17.023+0000 7f8a6a452700 1 --2- 172.21.15.76:0/1092403500 >> [v2:172.21.15.76:6800/3834922819,v1:172.21.15.76:6801/3834922819] conn(0x7f8a4c0395b0 0x7f8a4c03ba70 unknown :-1 s=CLOSED pgs=0 cs=0 l=1 rev1=0 crypto rx=0 tx=0 comp rx=0 tx=0).stop
2024-04-26T18:21:17.538 INFO:teuthology.orchestra.run.smithi076.stdout:/usr/bin/ceph: stderr
2024-04-26T18:21:17.023+0000 7f8a6a452700 1 --2- 172.21.15.76:0/1092403500 >> [v2:172.21.15.76:3300/0,v1:172.21.15.76:6789/0] conn(0x7f8a64109940 0x7f8a641091c0 unknown :-1 s=CLOSED pgs=27 cs=0 l=1 rev1=1 crypto rx=0 tx=0 comp rx=0 tx=0).stop
2024-04-26T18:21:17.538 INFO:teuthology.orchestra.run.smithi076.stdout:/usr/bin/ceph: stderr
2024-04-26T18:21:17.023+0000 7f8a6a452700 1 -- 172.21.15.76:0/1092403500 >> 172.21.15.76:0/1092403500 conn(0x7f8a64103310 msgr2=0x7f8a64103eb0 unknown :-1 s=STATE_NONE l=0).mark_down
2024-04-26T18:21:17.538 INFO:teuthology.orchestra.run.smithi076.stdout:/usr/bin/ceph: stderr
2024-04-26T18:21:17.023+0000 7f8a6a452700 1 -- 172.21.15.76:0/1092403500 shutdown_connections
2024-04-26T18:21:17.538 INFO:teuthology.orchestra.run.smithi076.stdout:/usr/bin/ceph: stderr
2024-04-26T18:21:17.023+0000 7f8a6a452700 1 -- 172.21.15.76:0/1092403500 wait complete.
2024-04-26T18:21:17.538 INFO:teuthology.orchestra.run.smithi076.stdout:Waiting for the mgr to restart...
2024-04-26T18:21:17.539 INFO:teuthology.orchestra.run.smithi076.stdout:Waiting for mgr epoch 5...
2024-04-26T18:21:18.039 INFO:journalctl@ceph.mon.a.smithi076.stdout:Apr 26 18:21:17 smithi076 ceph-mon[29133]: from='client.? 172.21.15.76:0/1092403500' entity='client.admin' cmd=[{"prefix": "mgr stat"}]: dispatch
2024-04-26T18:21:18.039 INFO:journalctl@ceph.mgr.x.smithi076.stdout:Apr 26 18:21:17 smithi076 ceph-7af890f4-03f9-11ef-bc93-c7b262605968-mgr-x[29363]:
2024-04-26T18:21:17.877+0000 7fc193391200 -1 mgr[py] Module telegraf has missing NOTIFY_TYPES member
2024-04-26T18:21:18.509 INFO:journalctl@ceph.mgr.x.smithi076.stdout:Apr 26 18:21:18 smithi076 ceph-7af890f4-03f9-11ef-bc93-c7b262605968-mgr-x[29363]:
2024-04-26T18:21:18.051+0000 7fc193391200 -1 mgr[py] Module osd_support has missing NOTIFY_TYPES member
2024-04-26T18:21:18.509 INFO:journalctl@ceph.mgr.x.smithi076.stdout:Apr 26 18:21:18 smithi076 ceph-7af890f4-03f9-11ef-bc93-c7b262605968-mgr-x[29363]:
2024-04-26T18:21:18.221+0000 7fc193391200 -1 mgr[py] Module iostat has missing NOTIFY_TYPES member
2024-04-26T18:21:18.509 INFO:journalctl@ceph.mgr.x.smithi076.stdout:Apr 26 18:21:18 smithi076 ceph-7af890f4-03f9-11ef-bc93-c7b262605968-mgr-x[29363]:
2024-04-26T18:21:18.509+0000 7fc193391200 -1 mgr[py] Module alerts has missing NOTIFY_TYPES member
2024-04-26T18:21:18.789 INFO:journalctl@ceph.mgr.x.smithi076.stdout:Apr 26 18:21:18 smithi076 ceph-7af890f4-03f9-11ef-bc93-c7b262605968-mgr-x[29363]:
2024-04-26T18:21:18.603+0000 7fc193391200 -1 mgr[py] Module selftest has missing NOTIFY_TYPES member
2024-04-26T18:21:19.289 INFO:journalctl@ceph.mgr.x.smithi076.stdout:Apr 26 18:21:18 smithi076 ceph-7af890f4-03f9-11ef-bc93-c7b262605968-mgr-x[29363]:
2024-04-26T18:21:18.803+0000 7fc193391200 -1 mgr[py] Module pg_autoscaler has missing NOTIFY_TYPES member
2024-04-26T18:21:19.289 INFO:journalctl@ceph.mgr.x.smithi076.stdout:Apr 26 18:21:18 smithi076 ceph-7af890f4-03f9-11ef-bc93-c7b262605968-mgr-x[29363]:
2024-04-26T18:21:18.998+0000 7fc193391200 -1 mgr[py] Module test_orchestrator has missing NOTIFY_TYPES member
2024-04-26T18:21:20.018 INFO:journalctl@ceph.mgr.x.smithi076.stdout:Apr 26 18:21:19 smithi076 ceph-7af890f4-03f9-11ef-bc93-c7b262605968-mgr-x[29363]:
2024-04-26T18:21:19.599+0000 7fc193391200 -1 mgr[py] Module rook has missing NOTIFY_TYPES member
2024-04-26T18:21:20.289 INFO:journalctl@ceph.mgr.x.smithi076.stdout:Apr 26 18:21:20 smithi076 ceph-7af890f4-03f9-11ef-bc93-c7b262605968-mgr-x[29363]:
2024-04-26T18:21:20.019+0000 7fc193391200 -1 mgr[py] Module volumes has missing NOTIFY_TYPES member
2024-04-26T18:21:20.289 INFO:journalctl@ceph.mgr.x.smithi076.stdout:Apr 26 18:21:20 smithi076 ceph-7af890f4-03f9-11ef-bc93-c7b262605968-mgr-x[29363]:
2024-04-26T18:21:20.117+0000 7fc193391200 -1 mgr[py] Module crash has missing NOTIFY_TYPES member
2024-04-26T18:21:20.789 INFO:journalctl@ceph.mgr.x.smithi076.stdout:Apr 26 18:21:20 smithi076 ceph-7af890f4-03f9-11ef-bc93-c7b262605968-mgr-x[29363]:
2024-04-26T18:21:20.317+0000 7fc193391200 -1 mgr[py] Module rgw has missing NOTIFY_TYPES member
2024-04-26T18:21:21.165 INFO:journalctl@ceph.mgr.x.smithi076.stdout:Apr 26 18:21:20 smithi076 ceph-7af890f4-03f9-11ef-bc93-c7b262605968-mgr-x[29363]:
2024-04-26T18:21:20.833+0000 7fc193391200 -1 mgr[py] Module prometheus has missing NOTIFY_TYPES member
2024-04-26T18:21:21.166 INFO:journalctl@ceph.mgr.x.smithi076.stdout:Apr 26 18:21:20 smithi076 ceph-7af890f4-03f9-11ef-bc93-c7b262605968-mgr-x[29363]:
2024-04-26T18:21:20.924+0000 7fc193391200 -1 mgr[py] Module devicehealth has missing NOTIFY_TYPES member
2024-04-26T18:21:21.507 INFO:journalctl@ceph.mgr.x.smithi076.stdout:Apr 26 18:21:21 smithi076 ceph-7af890f4-03f9-11ef-bc93-c7b262605968-mgr-x[29363]:
2024-04-26T18:21:21.165+0000 7fc193391200 -1 mgr[py] Module telemetry has missing NOTIFY_TYPES member
2024-04-26T18:21:21.507 INFO:journalctl@ceph.mgr.x.smithi076.stdout:Apr 26 18:21:21 smithi076 ceph-7af890f4-03f9-11ef-bc93-c7b262605968-mgr-x[29363]:
2024-04-26T18:21:21.298+0000 7fc193391200 -1 mgr[py] Module diskprediction_local has missing NOTIFY_TYPES member
2024-04-26T18:21:21.507 INFO:journalctl@ceph.mgr.x.smithi076.stdout:Apr 26 18:21:21 smithi076 ceph-7af890f4-03f9-11ef-bc93-c7b262605968-mgr-x[29363]:
2024-04-26T18:21:21.392+0000 7fc193391200 -1 mgr[py] Module osd_perf_query has missing NOTIFY_TYPES member
2024-04-26T18:21:21.507 INFO:journalctl@ceph.mgr.x.smithi076.stdout:Apr 26 18:21:21 smithi076 ceph-7af890f4-03f9-11ef-bc93-c7b262605968-mgr-x[29363]:
2024-04-26T18:21:21.507+0000 7fc193391200 -1 mgr[py] Module rbd_support has missing NOTIFY_TYPES member
2024-04-26T18:21:22.289 INFO:journalctl@ceph.mgr.x.smithi076.stdout:Apr 26 18:21:21 smithi076 ceph-7af890f4-03f9-11ef-bc93-c7b262605968-mgr-x[29363]:
2024-04-26T18:21:21.806+0000 7fc193391200 -1 mgr[py] Module zabbix has missing NOTIFY_TYPES member
2024-04-26T18:21:22.669 INFO:journalctl@ceph.mgr.x.smithi076.stdout:Apr 26 18:21:22 smithi076 ceph-7af890f4-03f9-11ef-bc93-c7b262605968-mgr-x[29363]:
2024-04-26T18:21:22.401+0000 7fc193391200 -1 mgr[py] Module status has missing NOTIFY_TYPES member
2024-04-26T18:21:22.669 INFO:journalctl@ceph.mgr.x.smithi076.stdout:Apr 26 18:21:22 smithi076 ceph-7af890f4-03f9-11ef-bc93-c7b262605968-mgr-x[29363]:
2024-04-26T18:21:22.616+0000 7fc193391200 -1 mgr[py] Module nfs has missing NOTIFY_TYPES member
2024-04-26T18:21:23.039 INFO:journalctl@ceph.mon.a.smithi076.stdout:Apr 26 18:21:22 smithi076 ceph-mon[29133]: Active manager daemon x restarted
2024-04-26T18:21:23.039 INFO:journalctl@ceph.mon.a.smithi076.stdout:Apr 26 18:21:22 smithi076 ceph-mon[29133]: Activating manager daemon x
2024-04-26T18:21:23.039 INFO:journalctl@ceph.mon.a.smithi076.stdout:Apr 26 18:21:22 smithi076 ceph-mon[29133]: osdmap e2: 0 total, 0 up, 0 in
2024-04-26T18:21:23.039 INFO:journalctl@ceph.mon.a.smithi076.stdout:Apr 26 18:21:22 smithi076 ceph-mon[29133]: mgrmap e6: x(active, starting, since 0.0032452s)
2024-04-26T18:21:23.039 INFO:journalctl@ceph.mon.a.smithi076.stdout:Apr 26 18:21:22 smithi076 ceph-mon[29133]: from='mgr.14120 172.21.15.76:0/3603193199' entity='mgr.x' cmd=[{"prefix": "mon metadata", "id": "a"}]: dispatch
2024-04-26T18:21:23.039 INFO:journalctl@ceph.mon.a.smithi076.stdout:Apr 26 18:21:22 smithi076 ceph-mon[29133]: from='mgr.14120 172.21.15.76:0/3603193199' entity='mgr.x' cmd=[{"prefix": "mgr metadata", "who": "x", "id": "x"}]: dispatch
2024-04-26T18:21:23.039 INFO:journalctl@ceph.mon.a.smithi076.stdout:Apr 26 18:21:22 smithi076 ceph-mon[29133]: from='mgr.14120 172.21.15.76:0/3603193199' entity='mgr.x' cmd=[{"prefix": "mds metadata"}]: dispatch
2024-04-26T18:21:23.039 INFO:journalctl@ceph.mon.a.smithi076.stdout:Apr 26 18:21:22 smithi076 ceph-mon[29133]: from='mgr.14120 172.21.15.76:0/3603193199' entity='mgr.x' cmd=[{"prefix": "osd metadata"}]: dispatch
2024-04-26T18:21:23.039 INFO:journalctl@ceph.mon.a.smithi076.stdout:Apr 26 18:21:22 smithi076 ceph-mon[29133]: from='mgr.14120 172.21.15.76:0/3603193199' entity='mgr.x' cmd=[{"prefix": "mon metadata"}]: dispatch
2024-04-26T18:21:23.039 INFO:journalctl@ceph.mon.a.smithi076.stdout:Apr 26 18:21:22 smithi076 ceph-mon[29133]: Manager daemon x is now available
2024-04-26T18:21:23.040 INFO:journalctl@ceph.mon.a.smithi076.stdout:Apr 26 18:21:22 smithi076 ceph-mon[29133]: from='mgr.14120 172.21.15.76:0/3603193199' entity='mgr.x'
2024-04-26T18:21:23.040 INFO:journalctl@ceph.mon.a.smithi076.stdout:Apr 26 18:21:22 smithi076 ceph-mon[29133]: from='mgr.14120 172.21.15.76:0/3603193199' entity='mgr.x'
2024-04-26T18:21:23.040 INFO:journalctl@ceph.mon.a.smithi076.stdout:Apr 26 18:21:22 smithi076 ceph-mon[29133]: from='mgr.14120 172.21.15.76:0/3603193199' entity='mgr.x' cmd=[{"prefix": "config dump", "format": "json"}]: dispatch
2024-04-26T18:21:23.040 INFO:journalctl@ceph.mon.a.smithi076.stdout:Apr 26 18:21:22 smithi076 ceph-mon[29133]: from='mgr.14120 172.21.15.76:0/3603193199' entity='mgr.x' cmd=[{"prefix": "config dump", "format": "json"}]: dispatch
2024-04-26T18:21:23.040 INFO:journalctl@ceph.mon.a.smithi076.stdout:Apr 26 18:21:22 smithi076 ceph-mon[29133]: from='mgr.14120 172.21.15.76:0/3603193199' entity='mgr.x' cmd=[{"prefix":"config rm","who":"mgr","name":"mgr/rbd_support/x/mirror_snapshot_schedule"}]: dispatch
2024-04-26T18:21:23.947 INFO:journalctl@ceph.mon.a.smithi076.stdout:Apr 26 18:21:23 smithi076 ceph-mon[29133]: Found migration_current of "None". Setting to last migration.
2024-04-26T18:21:23.947 INFO:journalctl@ceph.mon.a.smithi076.stdout:Apr 26 18:21:23 smithi076 ceph-mon[29133]: from='mgr.14120 172.21.15.76:0/3603193199' entity='mgr.x' cmd=[{"prefix":"config rm","who":"mgr","name":"mgr/rbd_support/x/trash_purge_schedule"}]: dispatch
2024-04-26T18:21:23.948 INFO:journalctl@ceph.mon.a.smithi076.stdout:Apr 26 18:21:23 smithi076 ceph-mon[29133]: from='mgr.14120 172.21.15.76:0/3603193199' entity='mgr.x'
2024-04-26T18:21:23.948 INFO:journalctl@ceph.mon.a.smithi076.stdout:Apr 26 18:21:23 smithi076 ceph-mon[29133]: from='mgr.14120 172.21.15.76:0/3603193199' entity='mgr.x'
2024-04-26T18:21:23.948 INFO:journalctl@ceph.mon.a.smithi076.stdout:Apr 26 18:21:23 smithi076 ceph-mon[29133]: from='mgr.14120 172.21.15.76:0/3603193199' entity='mgr.x' cmd=[{"prefix": "config dump", "format": "json"}]: dispatch
2024-04-26T18:21:23.948 INFO:journalctl@ceph.mon.a.smithi076.stdout:Apr 26 18:21:23 smithi076 ceph-mon[29133]: mgrmap e7: x(active, since 1.00532s)
2024-04-26T18:21:24.287 INFO:teuthology.orchestra.run.smithi076.stdout:/usr/bin/ceph: stdout {
2024-04-26T18:21:24.355 INFO:teuthology.orchestra.run.smithi076.stdout:/usr/bin/ceph: stdout "mgrmap_epoch": 7,
2024-04-26T18:21:24.355 INFO:teuthology.orchestra.run.smithi076.stdout:/usr/bin/ceph: stdout "initialized": true
2024-04-26T18:21:24.355 INFO:teuthology.orchestra.run.smithi076.stdout:/usr/bin/ceph: stdout }
2024-04-26T18:21:24.355 INFO:teuthology.orchestra.run.smithi076.stdout:/usr/bin/ceph: stderr
2024-04-26T18:21:17.936+0000 7fa8108a1700 1 Processor -- start
2024-04-26T18:21:24.355 INFO:teuthology.orchestra.run.smithi076.stdout:/usr/bin/ceph: stderr
2024-04-26T18:21:17.936+0000 7fa8108a1700 1 -- start start
2024-04-26T18:21:24.355 INFO:teuthology.orchestra.run.smithi076.stdout:/usr/bin/ceph: stderr
2024-04-26T18:21:17.936+0000 7fa8108a1700 1 --2- >> [v2:172.21.15.76:3300/0,v1:172.21.15.76:6789/0] conn(0x7fa80c07eec0 0x7fa80c07d320 unknown :-1 s=NONE pgs=0 cs=0 l=0 rev1=0 crypto rx=0 tx=0 comp rx=0 tx=0).connect
2024-04-26T18:21:24.355 INFO:teuthology.orchestra.run.smithi076.stdout:/usr/bin/ceph: stderr
2024-04-26T18:21:17.936+0000 7fa8108a1700 1 -- --> [v2:172.21.15.76:3300/0,v1:172.21.15.76:6789/0] -- mon_getmap magic: 0 -- 0x7fa80c07d8f0 con 0x7fa80c07eec0
2024-04-26T18:21:24.355 INFO:teuthology.orchestra.run.smithi076.stdout:/usr/bin/ceph: stderr
2024-04-26T18:21:17.937+0000 7fa80a59c700 1 --2- >> [v2:172.21.15.76:3300/0,v1:172.21.15.76:6789/0] conn(0x7fa80c07eec0 0x7fa80c07d320 unknown :-1 s=BANNER_CONNECTING pgs=0 cs=0 l=0 rev1=0 crypto rx=0 tx=0 comp rx=0 tx=0)._handle_peer_banner_payload supported=3 required=0
2024-04-26T18:21:24.355 INFO:teuthology.orchestra.run.smithi076.stdout:/usr/bin/ceph: stderr
2024-04-26T18:21:17.937+0000 7fa80a59c700 1 --2- >> [v2:172.21.15.76:3300/0,v1:172.21.15.76:6789/0] conn(0x7fa80c07eec0 0x7fa80c07d320 unknown :-1 s=HELLO_CONNECTING pgs=0 cs=0 l=0 rev1=1 crypto rx=0 tx=0 comp rx=0 tx=0).handle_hello peer v2:172.21.15.76:3300/0 says I am v2:172.21.15.76:39986/0 (socket says 172.21.15.76:39986)
2024-04-26T18:21:24.355 INFO:teuthology.orchestra.run.smithi076.stdout:/usr/bin/ceph: stderr
2024-04-26T18:21:17.937+0000 7fa80a59c700 1 -- 172.21.15.76:0/3650037110 learned_addr learned my addr 172.21.15.76:0/3650037110 (peer_addr_for_me v2:172.21.15.76:0/0)
2024-04-26T18:21:24.355 INFO:teuthology.orchestra.run.smithi076.stdout:/usr/bin/ceph: stderr
2024-04-26T18:21:17.937+0000 7fa80a59c700 1 -- 172.21.15.76:0/3650037110 --> [v2:172.21.15.76:3300/0,v1:172.21.15.76:6789/0] -- mon_subscribe({config=0+,monmap=0+}) -- 0x7fa80c07da70 con 0x7fa80c07eec0
2024-04-26T18:21:24.356 INFO:teuthology.orchestra.run.smithi076.stdout:/usr/bin/ceph: stderr
2024-04-26T18:21:17.937+0000 7fa80a59c700 1 --2- 172.21.15.76:0/3650037110 >> [v2:172.21.15.76:3300/0,v1:172.21.15.76:6789/0] conn(0x7fa80c07eec0 0x7fa80c07d320 secure :-1 s=READY pgs=28 cs=0 l=1 rev1=1 crypto rx=0x7fa8000098a0 tx=0x7fa800009bb0 comp rx=0 tx=0).ready entity=mon.0 client_cookie=d31d6f0f965a7205 server_cookie=0 in_seq=0 out_seq=0
2024-04-26T18:21:24.356 INFO:teuthology.orchestra.run.smithi076.stdout:/usr/bin/ceph: stderr
2024-04-26T18:21:17.937+0000 7fa80959a700 1 -- 172.21.15.76:0/3650037110 <== mon.0 v2:172.21.15.76:3300/0 1 ==== mon_map magic: 0 ==== 205+0+0 (secure 0 0 0) 0x7fa800004160 con 0x7fa80c07eec0
2024-04-26T18:21:24.356 INFO:teuthology.orchestra.run.smithi076.stdout:/usr/bin/ceph: stderr
2024-04-26T18:21:17.937+0000 7fa80959a700 1 -- 172.21.15.76:0/3650037110 <== mon.0 v2:172.21.15.76:3300/0 2 ==== config(26 keys) ==== 1070+0+0 (secure 0 0 0) 0x7fa800004300 con 0x7fa80c07eec0
2024-04-26T18:21:24.356 INFO:teuthology.orchestra.run.smithi076.stdout:/usr/bin/ceph: stderr
2024-04-26T18:21:17.937+0000 7fa80959a700 1 -- 172.21.15.76:0/3650037110 <== mon.0 v2:172.21.15.76:3300/0 3 ==== mon_map magic: 0 ==== 205+0+0 (secure 0 0 0) 0x7fa800011af0 con 0x7fa80c07eec0
2024-04-26T18:21:24.356 INFO:teuthology.orchestra.run.smithi076.stdout:/usr/bin/ceph: stderr
2024-04-26T18:21:17.938+0000 7fa8108a1700 1 -- 172.21.15.76:0/3650037110 >> [v2:172.21.15.76:3300/0,v1:172.21.15.76:6789/0] conn(0x7fa80c07eec0 msgr2=0x7fa80c07d320 secure :-1 s=STATE_CONNECTION_ESTABLISHED l=1).mark_down
2024-04-26T18:21:24.356 INFO:teuthology.orchestra.run.smithi076.stdout:/usr/bin/ceph: stderr
2024-04-26T18:21:17.938+0000 7fa8108a1700 1 --2- 172.21.15.76:0/3650037110 >> [v2:172.21.15.76:3300/0,v1:172.21.15.76:6789/0] conn(0x7fa80c07eec0 0x7fa80c07d320 secure :-1 s=READY pgs=28 cs=0 l=1 rev1=1 crypto rx=0x7fa8000098a0 tx=0x7fa800009bb0 comp rx=0 tx=0).stop
2024-04-26T18:21:24.356 INFO:teuthology.orchestra.run.smithi076.stdout:/usr/bin/ceph: stderr
2024-04-26T18:21:17.938+0000 7fa8108a1700 1 -- 172.21.15.76:0/3650037110 shutdown_connections
2024-04-26T18:21:24.356 INFO:teuthology.orchestra.run.smithi076.stdout:/usr/bin/ceph: stderr
2024-04-26T18:21:17.938+0000 7fa8108a1700 1 --2- 172.21.15.76:0/3650037110 >> [v2:172.21.15.76:3300/0,v1:172.21.15.76:6789/0] conn(0x7fa80c07eec0 0x7fa80c07d320 unknown :-1 s=CLOSED pgs=28 cs=0 l=1 rev1=1 crypto rx=0 tx=0 comp rx=0 tx=0).stop
2024-04-26T18:21:24.356 INFO:teuthology.orchestra.run.smithi076.stdout:/usr/bin/ceph: stderr
2024-04-26T18:21:17.938+0000 7fa8108a1700 1 -- 172.21.15.76:0/3650037110 >> 172.21.15.76:0/3650037110 conn(0x7fa80c104450 msgr2=0x7fa80c106870 unknown :-1 s=STATE_NONE l=0).mark_down
2024-04-26T18:21:24.362 INFO:teuthology.orchestra.run.smithi076.stdout:/usr/bin/ceph: stderr
2024-04-26T18:21:17.938+0000 7fa8108a1700 1 -- 172.21.15.76:0/3650037110 shutdown_connections
2024-04-26T18:21:24.362 INFO:teuthology.orchestra.run.smithi076.stdout:/usr/bin/ceph: stderr
2024-04-26T18:21:17.938+0000 7fa8108a1700 1 -- 172.21.15.76:0/3650037110 wait complete.
2024-04-26T18:21:24.362 INFO:teuthology.orchestra.run.smithi076.stdout:/usr/bin/ceph: stderr
2024-04-26T18:21:17.939+0000 7fa8108a1700 1 Processor -- start
2024-04-26T18:21:24.362 INFO:teuthology.orchestra.run.smithi076.stdout:/usr/bin/ceph: stderr
2024-04-26T18:21:17.939+0000 7fa8108a1700 1 -- start start
2024-04-26T18:21:24.362 INFO:teuthology.orchestra.run.smithi076.stdout:/usr/bin/ceph: stderr
2024-04-26T18:21:17.939+0000 7fa8108a1700 1 --2- >> [v2:172.21.15.76:3300/0,v1:172.21.15.76:6789/0] conn(0x7fa80c07eec0 0x7fa80c19f050 unknown :-1 s=NONE pgs=0 cs=0 l=1 rev1=0 crypto rx=0 tx=0 comp rx=0 tx=0).connect
2024-04-26T18:21:24.362 INFO:teuthology.orchestra.run.smithi076.stdout:/usr/bin/ceph: stderr
2024-04-26T18:21:17.939+0000 7fa8108a1700 1 -- --> [v2:172.21.15.76:3300/0,v1:172.21.15.76:6789/0] -- mon_getmap magic: 0 -- 0x7fa80c10f440 con 0x7fa80c07eec0
2024-04-26T18:21:24.363 INFO:teuthology.orchestra.run.smithi076.stdout:/usr/bin/ceph: stderr
2024-04-26T18:21:17.939+0000 7fa80a59c700 1 --2- >> [v2:172.21.15.76:3300/0,v1:172.21.15.76:6789/0] conn(0x7fa80c07eec0 0x7fa80c19f050 unknown :-1 s=BANNER_CONNECTING pgs=0 cs=0 l=1 rev1=0 crypto rx=0 tx=0 comp rx=0 tx=0)._handle_peer_banner_payload supported=3 required=0
2024-04-26T18:21:24.363 INFO:teuthology.orchestra.run.smithi076.stdout:/usr/bin/ceph: stderr
2024-04-26T18:21:17.939+0000 7fa80a59c700 1 --2- >> [v2:172.21.15.76:3300/0,v1:172.21.15.76:6789/0] conn(0x7fa80c07eec0 0x7fa80c19f050 unknown :-1 s=HELLO_CONNECTING pgs=0 cs=0 l=1 rev1=1 crypto rx=0 tx=0 comp rx=0 tx=0).handle_hello peer v2:172.21.15.76:3300/0 says I am v2:172.21.15.76:39998/0 (socket says 172.21.15.76:39998)
2024-04-26T18:21:24.363 INFO:teuthology.orchestra.run.smithi076.stdout:/usr/bin/ceph: stderr
2024-04-26T18:21:17.939+0000 7fa80a59c700 1 -- 172.21.15.76:0/555257608 learned_addr learned my addr 172.21.15.76:0/555257608 (peer_addr_for_me v2:172.21.15.76:0/0)
2024-04-26T18:21:24.363 INFO:teuthology.orchestra.run.smithi076.stdout:/usr/bin/ceph: stderr
2024-04-26T18:21:17.940+0000 7fa80a59c700 1 -- 172.21.15.76:0/555257608 --> [v2:172.21.15.76:3300/0,v1:172.21.15.76:6789/0] -- mon_subscribe({config=0+,monmap=0+}) -- 0x7fa80c19f590 con 0x7fa80c07eec0
2024-04-26T18:21:24.363 INFO:teuthology.orchestra.run.smithi076.stdout:/usr/bin/ceph: stderr
2024-04-26T18:21:17.940+0000 7fa80a59c700 1 --2- 172.21.15.76:0/555257608 >> [v2:172.21.15.76:3300/0,v1:172.21.15.76:6789/0] conn(0x7fa80c07eec0 0x7fa80c19f050 secure :-1 s=READY pgs=29 cs=0 l=1 rev1=1 crypto rx=0x7fa800000c00 tx=0x7fa800011b70 comp rx=0 tx=0).ready entity=mon.0 client_cookie=0 server_cookie=0 in_seq=0 out_seq=0
2024-04-26T18:21:24.363 INFO:teuthology.orchestra.run.smithi076.stdout:/usr/bin/ceph: stderr
2024-04-26T18:21:17.940+0000 7fa7fb7fe700 1 -- 172.21.15.76:0/555257608 <== mon.0 v2:172.21.15.76:3300/0 1 ==== mon_map magic: 0 ==== 205+0+0 (secure 0 0 0) 0x7fa800003b20 con 0x7fa80c07eec0
2024-04-26T18:21:24.363 INFO:teuthology.orchestra.run.smithi076.stdout:/usr/bin/ceph: stderr
2024-04-26T18:21:17.940+0000 7fa7fb7fe700 1 -- 172.21.15.76:0/555257608 <== mon.0 v2:172.21.15.76:3300/0 2 ==== config(26 keys) ==== 1070+0+0 (secure 0 0 0) 0x7fa80001a8c0 con 0x7fa80c07eec0
2024-04-26T18:21:24.363 INFO:teuthology.orchestra.run.smithi076.stdout:/usr/bin/ceph: stderr
2024-04-26T18:21:17.940+0000 7fa7fb7fe700 1 -- 172.21.15.76:0/555257608 <== mon.0 v2:172.21.15.76:3300/0 3 ==== mon_map magic: 0 ==== 205+0+0 (secure 0 0 0) 0x7fa800024940 con 0x7fa80c07eec0
2024-04-26T18:21:24.363 INFO:teuthology.orchestra.run.smithi076.stdout:/usr/bin/ceph: stderr
2024-04-26T18:21:17.940+0000 7fa8108a1700 1 -- 172.21.15.76:0/555257608 --> [v2:172.21.15.76:3300/0,v1:172.21.15.76:6789/0] -- mon_subscribe({mgrmap=0+}) -- 0x7fa80c19f820 con 0x7fa80c07eec0
2024-04-26T18:21:24.363 INFO:teuthology.orchestra.run.smithi076.stdout:/usr/bin/ceph: stderr
2024-04-26T18:21:17.940+0000 7fa8108a1700 1 -- 172.21.15.76:0/555257608 --> [v2:172.21.15.76:3300/0,v1:172.21.15.76:6789/0] -- mon_subscribe({osdmap=0}) -- 0x7fa80c1a2510 con 0x7fa80c07eec0
2024-04-26T18:21:24.364 INFO:teuthology.orchestra.run.smithi076.stdout:/usr/bin/ceph: stderr
2024-04-26T18:21:17.941+0000 7fa7fb7fe700 1 -- 172.21.15.76:0/555257608 <== mon.0 v2:172.21.15.76:3300/0 4 ==== mgrmap(e 5) ==== 46558+0+0 (secure 0 0 0) 0x7fa800022020 con 0x7fa80c07eec0
2024-04-26T18:21:24.364 INFO:teuthology.orchestra.run.smithi076.stdout:/usr/bin/ceph: stderr
2024-04-26T18:21:17.941+0000 7fa7fb7fe700 1 --2- 172.21.15.76:0/555257608 >> [v2:172.21.15.76:6800/3834922819,v1:172.21.15.76:6801/3834922819] conn(0x7fa7f40395b0 0x7fa7f403ba70 unknown :-1 s=NONE pgs=0 cs=0 l=1 rev1=0 crypto rx=0 tx=0 comp rx=0 tx=0).connect
2024-04-26T18:21:24.364 INFO:teuthology.orchestra.run.smithi076.stdout:/usr/bin/ceph: stderr
2024-04-26T18:21:17.941+0000 7fa7fb7fe700 1 -- 172.21.15.76:0/555257608 --> [v2:172.21.15.76:6800/3834922819,v1:172.21.15.76:6801/3834922819] -- command(tid 0: {"prefix": "get_command_descriptions"}) -- 0x7fa7f403c180 con 0x7fa7f40395b0
2024-04-26T18:21:24.364 INFO:teuthology.orchestra.run.smithi076.stdout:/usr/bin/ceph: stderr
2024-04-26T18:21:17.941+0000 7fa7fb7fe700 1 -- 172.21.15.76:0/555257608 <== mon.0 v2:172.21.15.76:3300/0 5 ==== osd_map(1..1 src has 1..1) ==== 725+0+0 (secure 0 0 0) 0x7fa80004d490 con 0x7fa80c07eec0
2024-04-26T18:21:24.364 INFO:teuthology.orchestra.run.smithi076.stdout:/usr/bin/ceph: stderr
2024-04-26T18:21:17.941+0000 7fa809d9b700 1 -- 172.21.15.76:0/555257608 >> [v2:172.21.15.76:6800/3834922819,v1:172.21.15.76:6801/3834922819] conn(0x7fa7f40395b0 msgr2=0x7fa7f403ba70 unknown :-1 s=STATE_CONNECTING_RE l=1).process reconnect failed to v2:172.21.15.76:6800/3834922819
2024-04-26T18:21:24.364 INFO:teuthology.orchestra.run.smithi076.stdout:/usr/bin/ceph: stderr
2024-04-26T18:21:17.941+0000 7fa809d9b700 1 --2- 172.21.15.76:0/555257608 >> [v2:172.21.15.76:6800/3834922819,v1:172.21.15.76:6801/3834922819] conn(0x7fa7f40395b0 0x7fa7f403ba70 unknown :-1 s=START_CONNECT pgs=0 cs=0 l=1 rev1=0 crypto rx=0 tx=0 comp rx=0 tx=0)._fault waiting 0.200000
2024-04-26T18:21:24.364 INFO:teuthology.orchestra.run.smithi076.stdout:/usr/bin/ceph: stderr
2024-04-26T18:21:18.142+0000 7fa809d9b700 1 -- 172.21.15.76:0/555257608 >> [v2:172.21.15.76:6800/3834922819,v1:172.21.15.76:6801/3834922819] conn(0x7fa7f40395b0 msgr2=0x7fa7f403ba70 unknown :-1 s=STATE_CONNECTING_RE l=1).process reconnect failed to v2:172.21.15.76:6800/3834922819
2024-04-26T18:21:24.364 INFO:teuthology.orchestra.run.smithi076.stdout:/usr/bin/ceph: stderr
2024-04-26T18:21:18.142+0000 7fa809d9b700 1 --2- 172.21.15.76:0/555257608 >> [v2:172.21.15.76:6800/3834922819,v1:172.21.15.76:6801/3834922819] conn(0x7fa7f40395b0 0x7fa7f403ba70 unknown :-1 s=START_CONNECT pgs=0 cs=0 l=1 rev1=0 crypto rx=0 tx=0 comp rx=0 tx=0)._fault waiting 0.400000
2024-04-26T18:21:24.364 INFO:teuthology.orchestra.run.smithi076.stdout:/usr/bin/ceph: stderr
2024-04-26T18:21:18.543+0000 7fa809d9b700 1 -- 172.21.15.76:0/555257608 >> [v2:172.21.15.76:6800/3834922819,v1:172.21.15.76:6801/3834922819] conn(0x7fa7f40395b0 msgr2=0x7fa7f403ba70 unknown :-1 s=STATE_CONNECTING_RE l=1).process reconnect failed to v2:172.21.15.76:6800/3834922819
2024-04-26T18:21:24.364 INFO:teuthology.orchestra.run.smithi076.stdout:/usr/bin/ceph: stderr
2024-04-26T18:21:18.543+0000 7fa809d9b700 1 --2- 172.21.15.76:0/555257608 >> [v2:172.21.15.76:6800/3834922819,v1:172.21.15.76:6801/3834922819] conn(0x7fa7f40395b0 0x7fa7f403ba70 unknown :-1 s=START_CONNECT pgs=0 cs=0 l=1 rev1=0 crypto rx=0 tx=0 comp rx=0 tx=0)._fault waiting 0.800000
2024-04-26T18:21:24.364 INFO:teuthology.orchestra.run.smithi076.stdout:/usr/bin/ceph: stderr
2024-04-26T18:21:19.344+0000 7fa809d9b700 1 -- 172.21.15.76:0/555257608 >> [v2:172.21.15.76:6800/3834922819,v1:172.21.15.76:6801/3834922819] conn(0x7fa7f40395b0 msgr2=0x7fa7f403ba70 unknown :-1 s=STATE_CONNECTING_RE l=1).process reconnect failed to v2:172.21.15.76:6800/3834922819
2024-04-26T18:21:24.364 INFO:teuthology.orchestra.run.smithi076.stdout:/usr/bin/ceph: stderr
2024-04-26T18:21:19.344+0000 7fa809d9b700 1 --2- 172.21.15.76:0/555257608 >> [v2:172.21.15.76:6800/3834922819,v1:172.21.15.76:6801/3834922819] conn(0x7fa7f40395b0 0x7fa7f403ba70 unknown :-1 s=START_CONNECT pgs=0 cs=0 l=1 rev1=0 crypto rx=0 tx=0 comp rx=0 tx=0)._fault waiting 1.600000
2024-04-26T18:21:24.364 INFO:teuthology.orchestra.run.smithi076.stdout:/usr/bin/ceph: stderr
2024-04-26T18:21:20.945+0000 7fa809d9b700 1 -- 172.21.15.76:0/555257608 >> [v2:172.21.15.76:6800/3834922819,v1:172.21.15.76:6801/3834922819] conn(0x7fa7f40395b0 msgr2=0x7fa7f403ba70 unknown :-1 s=STATE_CONNECTING_RE l=1).process reconnect failed to v2:172.21.15.76:6800/3834922819
2024-04-26T18:21:24.365 INFO:teuthology.orchestra.run.smithi076.stdout:/usr/bin/ceph: stderr
2024-04-26T18:21:20.945+0000 7fa809d9b700 1 --2- 172.21.15.76:0/555257608 >> [v2:172.21.15.76:6800/3834922819,v1:172.21.15.76:6801/3834922819] conn(0x7fa7f40395b0 0x7fa7f403ba70 unknown :-1 s=START_CONNECT pgs=0 cs=0 l=1 rev1=0 crypto rx=0 tx=0 comp rx=0 tx=0)._fault waiting 3.200000
2024-04-26T18:21:24.365 INFO:teuthology.orchestra.run.smithi076.stdout:/usr/bin/ceph: stderr
2024-04-26T18:21:22.620+0000 7fa7fb7fe700 1 -- 172.21.15.76:0/555257608 <== mon.0 v2:172.21.15.76:3300/0 6 ==== mgrmap(e 6) ==== 46325+0+0 (secure 0 0 0) 0x7fa80002d3f0 con 0x7fa80c07eec0
2024-04-26T18:21:24.365 INFO:teuthology.orchestra.run.smithi076.stdout:/usr/bin/ceph: stderr
2024-04-26T18:21:22.620+0000 7fa7fb7fe700 1 -- 172.21.15.76:0/555257608 >> [v2:172.21.15.76:6800/3834922819,v1:172.21.15.76:6801/3834922819] conn(0x7fa7f40395b0 msgr2=0x7fa7f403ba70 unknown :-1 s=STATE_CONNECTING l=1).mark_down
