2024-05-12T10:58:23.594 INFO:teuthology.orchestra.run.smithi086.stdout:Adding key to root@localhost authorized_keys...
2024-05-12T10:58:23.594 INFO:teuthology.orchestra.run.smithi086.stdout:Adding host smithi086...
2024-05-12T10:58:24.213 INFO:journalctl@ceph.mon.a.smithi086.stdout:May 12 10:58:23 smithi086 ceph-mon[30110]: from='client.14138 -' entity='client.admin' cmd=[{"prefix": "cephadm get-pub-key", "target": ["mon-mgr", ""]}]: dispatch
2024-05-12T10:58:25.079 INFO:journalctl@ceph.mon.a.smithi086.stdout:May 12 10:58:24 smithi086 ceph-mon[30110]: from='client.14140 -' entity='client.admin' cmd=[{"prefix": "orch host add", "hostname": "smithi086", "addr": "172.21.15.86", "target": ["mon-mgr", ""]}]: dispatch
2024-05-12T10:58:25.079 INFO:journalctl@ceph.mon.a.smithi086.stdout:May 12 10:58:24 smithi086 ceph-mon[30110]: Deploying cephadm binary to smithi086
2024-05-12T10:58:28.847 INFO:teuthology.orchestra.run.smithi086.stdout:/usr/bin/ceph: stdout Added host 'smithi086' with addr '172.21.15.86'
2024-05-12T10:58:28.847 INFO:teuthology.orchestra.run.smithi086.stdout:/usr/bin/ceph: stderr
2024-05-12T10:58:24.018+0000 7f3af2954700 1 Processor -- start
2024-05-12T10:58:28.848 INFO:teuthology.orchestra.run.smithi086.stdout:/usr/bin/ceph: stderr
2024-05-12T10:58:24.019+0000 7f3af2954700 1 -- start start
2024-05-12T10:58:28.848 INFO:teuthology.orchestra.run.smithi086.stdout:/usr/bin/ceph: stderr
2024-05-12T10:58:24.019+0000 7f3af2954700 1 --2- >> [v2:172.21.15.86:3300/0,v1:172.21.15.86:6789/0] conn(0x7f3aec107d50 0x7f3aec108170 unknown :-1 s=NONE pgs=0 cs=0 l=0 rev1=0 crypto rx=0 tx=0 comp rx=0 tx=0).connect
2024-05-12T10:58:28.848 INFO:teuthology.orchestra.run.smithi086.stdout:/usr/bin/ceph: stderr
2024-05-12T10:58:24.019+0000 7f3af2954700 1 -- --> [v2:172.21.15.86:3300/0,v1:172.21.15.86:6789/0] -- mon_getmap magic: 0 -- 0x7f3aec108740 con 0x7f3aec107d50
2024-05-12T10:58:28.848 INFO:teuthology.orchestra.run.smithi086.stdout:/usr/bin/ceph: stderr
2024-05-12T10:58:24.019+0000 7f3aebfff700 1 --2- >> [v2:172.21.15.86:3300/0,v1:172.21.15.86:6789/0] conn(0x7f3aec107d50 0x7f3aec108170 unknown :-1 s=BANNER_CONNECTING pgs=0 cs=0 l=0 rev1=0 crypto rx=0 tx=0 comp rx=0 tx=0)._handle_peer_banner_payload supported=3 required=0
2024-05-12T10:58:28.848 INFO:teuthology.orchestra.run.smithi086.stdout:/usr/bin/ceph: stderr
2024-05-12T10:58:24.019+0000 7f3aebfff700 1 --2- >> [v2:172.21.15.86:3300/0,v1:172.21.15.86:6789/0] conn(0x7f3aec107d50 0x7f3aec108170 unknown :-1 s=HELLO_CONNECTING pgs=0 cs=0 l=0 rev1=1 crypto rx=0 tx=0 comp rx=0 tx=0).handle_hello peer v2:172.21.15.86:3300/0 says I am v2:172.21.15.86:34626/0 (socket says 172.21.15.86:34626)
2024-05-12T10:58:28.848 INFO:teuthology.orchestra.run.smithi086.stdout:/usr/bin/ceph: stderr
2024-05-12T10:58:24.019+0000 7f3aebfff700 1 -- 172.21.15.86:0/806057728 learned_addr learned my addr 172.21.15.86:0/806057728 (peer_addr_for_me v2:172.21.15.86:0/0)
2024-05-12T10:58:28.848 INFO:teuthology.orchestra.run.smithi086.stdout:/usr/bin/ceph: stderr
2024-05-12T10:58:24.019+0000 7f3aebfff700 1 -- 172.21.15.86:0/806057728 --> [v2:172.21.15.86:3300/0,v1:172.21.15.86:6789/0] -- mon_subscribe({config=0+,monmap=0+}) -- 0x7f3aec108f50 con 0x7f3aec107d50
2024-05-12T10:58:28.848 INFO:teuthology.orchestra.run.smithi086.stdout:/usr/bin/ceph: stderr
2024-05-12T10:58:24.019+0000 7f3aebfff700 1 --2- 172.21.15.86:0/806057728 >> [v2:172.21.15.86:3300/0,v1:172.21.15.86:6789/0] conn(0x7f3aec107d50 0x7f3aec108170 secure :-1 s=READY pgs=45 cs=0 l=1 rev1=1 crypto rx=0x7f3adc0098a0 tx=0x7f3adc009bb0 comp rx=0 tx=0).ready entity=mon.0 client_cookie=8c28ae0554d17967 server_cookie=0 in_seq=0 out_seq=0
2024-05-12T10:58:28.848 INFO:teuthology.orchestra.run.smithi086.stdout:/usr/bin/ceph: stderr
2024-05-12T10:58:24.019+0000 7f3aeb7fe700 1 -- 172.21.15.86:0/806057728 <== mon.0 v2:172.21.15.86:3300/0 1 ==== mon_map magic: 0 ==== 205+0+0 (secure 0 0 0) 0x7f3adc004160 con 0x7f3aec107d50
2024-05-12T10:58:28.848 INFO:teuthology.orchestra.run.smithi086.stdout:/usr/bin/ceph: stderr
2024-05-12T10:58:24.020+0000 7f3aeb7fe700 1 -- 172.21.15.86:0/806057728 <== mon.0 v2:172.21.15.86:3300/0 2 ==== config(26 keys) ==== 1070+0+0 (secure 0 0 0) 0x7f3adc004300 con 0x7f3aec107d50
2024-05-12T10:58:28.848 INFO:teuthology.orchestra.run.smithi086.stdout:/usr/bin/ceph: stderr
2024-05-12T10:58:24.020+0000 7f3aeb7fe700 1 -- 172.21.15.86:0/806057728 <== mon.0 v2:172.21.15.86:3300/0 3 ==== mon_map magic: 0 ==== 205+0+0 (secure 0 0 0) 0x7f3adc011af0 con 0x7f3aec107d50
2024-05-12T10:58:28.848 INFO:teuthology.orchestra.run.smithi086.stdout:/usr/bin/ceph: stderr
2024-05-12T10:58:24.020+0000 7f3af2954700 1 -- 172.21.15.86:0/806057728 >> [v2:172.21.15.86:3300/0,v1:172.21.15.86:6789/0] conn(0x7f3aec107d50 msgr2=0x7f3aec108170 secure :-1 s=STATE_CONNECTION_ESTABLISHED l=1).mark_down
2024-05-12T10:58:28.848 INFO:teuthology.orchestra.run.smithi086.stdout:/usr/bin/ceph: stderr
2024-05-12T10:58:24.020+0000 7f3af2954700 1 --2- 172.21.15.86:0/806057728 >> [v2:172.21.15.86:3300/0,v1:172.21.15.86:6789/0] conn(0x7f3aec107d50 0x7f3aec108170 secure :-1 s=READY pgs=45 cs=0 l=1 rev1=1 crypto rx=0x7f3adc0098a0 tx=0x7f3adc009bb0 comp rx=0 tx=0).stop
2024-05-12T10:58:28.849 INFO:teuthology.orchestra.run.smithi086.stdout:/usr/bin/ceph: stderr
2024-05-12T10:58:24.020+0000 7f3af2954700 1 -- 172.21.15.86:0/806057728 shutdown_connections
2024-05-12T10:58:28.849 INFO:teuthology.orchestra.run.smithi086.stdout:/usr/bin/ceph: stderr
2024-05-12T10:58:24.020+0000 7f3af2954700 1 --2- 172.21.15.86:0/806057728 >> [v2:172.21.15.86:3300/0,v1:172.21.15.86:6789/0] conn(0x7f3aec107d50 0x7f3aec108170 unknown :-1 s=CLOSED pgs=45 cs=0 l=1 rev1=1 crypto rx=0 tx=0 comp rx=0 tx=0).stop
2024-05-12T10:58:28.849 INFO:teuthology.orchestra.run.smithi086.stdout:/usr/bin/ceph: stderr
2024-05-12T10:58:24.020+0000 7f3af2954700 1 -- 172.21.15.86:0/806057728 >> 172.21.15.86:0/806057728 conn(0x7f3aec1032b0 msgr2=0x7f3aec105730 unknown :-1 s=STATE_NONE l=0).mark_down
2024-05-12T10:58:28.849 INFO:teuthology.orchestra.run.smithi086.stdout:/usr/bin/ceph: stderr
2024-05-12T10:58:24.020+0000 7f3af2954700 1 -- 172.21.15.86:0/806057728 shutdown_connections
2024-05-12T10:58:28.849 INFO:teuthology.orchestra.run.smithi086.stdout:/usr/bin/ceph: stderr
2024-05-12T10:58:24.020+0000 7f3af2954700 1 -- 172.21.15.86:0/806057728 wait complete.
2024-05-12T10:58:28.849 INFO:teuthology.orchestra.run.smithi086.stdout:/usr/bin/ceph: stderr
2024-05-12T10:58:24.021+0000 7f3af2954700 1 Processor -- start
2024-05-12T10:58:28.849 INFO:teuthology.orchestra.run.smithi086.stdout:/usr/bin/ceph: stderr
2024-05-12T10:58:24.021+0000 7f3af2954700 1 -- start start
2024-05-12T10:58:28.849 INFO:teuthology.orchestra.run.smithi086.stdout:/usr/bin/ceph: stderr
2024-05-12T10:58:24.021+0000 7f3af2954700 1 --2- >> [v2:172.21.15.86:3300/0,v1:172.21.15.86:6789/0] conn(0x7f3aec107d50 0x7f3aec19cec0 unknown :-1 s=NONE pgs=0 cs=0 l=1 rev1=0 crypto rx=0 tx=0 comp rx=0 tx=0).connect
2024-05-12T10:58:28.849 INFO:teuthology.orchestra.run.smithi086.stdout:/usr/bin/ceph: stderr
2024-05-12T10:58:24.021+0000 7f3af2954700 1 -- --> [v2:172.21.15.86:3300/0,v1:172.21.15.86:6789/0] -- mon_getmap magic: 0 -- 0x7f3aec10c300 con 0x7f3aec107d50
2024-05-12T10:58:28.849 INFO:teuthology.orchestra.run.smithi086.stdout:/usr/bin/ceph: stderr
2024-05-12T10:58:24.021+0000 7f3aebfff700 1 --2- >> [v2:172.21.15.86:3300/0,v1:172.21.15.86:6789/0] conn(0x7f3aec107d50 0x7f3aec19cec0 unknown :-1 s=BANNER_CONNECTING pgs=0 cs=0 l=1 rev1=0 crypto rx=0 tx=0 comp rx=0 tx=0)._handle_peer_banner_payload supported=3 required=0
2024-05-12T10:58:28.850 INFO:teuthology.orchestra.run.smithi086.stdout:/usr/bin/ceph: stderr
2024-05-12T10:58:24.021+0000 7f3aebfff700 1 --2- >> [v2:172.21.15.86:3300/0,v1:172.21.15.86:6789/0] conn(0x7f3aec107d50 0x7f3aec19cec0 unknown :-1 s=HELLO_CONNECTING pgs=0 cs=0 l=1 rev1=1 crypto rx=0 tx=0 comp rx=0 tx=0).handle_hello peer v2:172.21.15.86:3300/0 says I am v2:172.21.15.86:34636/0 (socket says 172.21.15.86:34636)
2024-05-12T10:58:28.850 INFO:teuthology.orchestra.run.smithi086.stdout:/usr/bin/ceph: stderr
2024-05-12T10:58:24.021+0000 7f3aebfff700 1 -- 172.21.15.86:0/2016823493 learned_addr learned my addr 172.21.15.86:0/2016823493 (peer_addr_for_me v2:172.21.15.86:0/0)
2024-05-12T10:58:28.850 INFO:teuthology.orchestra.run.smithi086.stdout:/usr/bin/ceph: stderr
2024-05-12T10:58:24.021+0000 7f3aebfff700 1 -- 172.21.15.86:0/2016823493 --> [v2:172.21.15.86:3300/0,v1:172.21.15.86:6789/0] -- mon_subscribe({config=0+,monmap=0+}) -- 0x7f3aec19d400 con 0x7f3aec107d50
2024-05-12T10:58:28.850 INFO:teuthology.orchestra.run.smithi086.stdout:/usr/bin/ceph: stderr
2024-05-12T10:58:24.022+0000 7f3aebfff700 1 --2- 172.21.15.86:0/2016823493 >> [v2:172.21.15.86:3300/0,v1:172.21.15.86:6789/0] conn(0x7f3aec107d50 0x7f3aec19cec0 secure :-1 s=READY pgs=46 cs=0 l=1 rev1=1 crypto rx=0x7f3adc009fb0 tx=0x7f3adc011940 comp rx=0 tx=0).ready entity=mon.0 client_cookie=0 server_cookie=0 in_seq=0 out_seq=0
2024-05-12T10:58:28.850 INFO:teuthology.orchestra.run.smithi086.stdout:/usr/bin/ceph: stderr
2024-05-12T10:58:24.022+0000 7f3ae9ffb700 1 -- 172.21.15.86:0/2016823493 <== mon.0 v2:172.21.15.86:3300/0 1 ==== mon_map magic: 0 ==== 205+0+0 (secure 0 0 0) 0x7f3adc0036a0 con 0x7f3aec107d50
2024-05-12T10:58:28.850 INFO:teuthology.orchestra.run.smithi086.stdout:/usr/bin/ceph: stderr
2024-05-12T10:58:24.022+0000 7f3ae9ffb700 1 -- 172.21.15.86:0/2016823493 <== mon.0 v2:172.21.15.86:3300/0 2 ==== config(26 keys) ==== 1070+0+0 (secure 0 0 0) 0x7f3adc01a430 con 0x7f3aec107d50
2024-05-12T10:58:28.850 INFO:teuthology.orchestra.run.smithi086.stdout:/usr/bin/ceph: stderr
2024-05-12T10:58:24.022+0000 7f3af2954700 1 -- 172.21.15.86:0/2016823493 --> [v2:172.21.15.86:3300/0,v1:172.21.15.86:6789/0] -- mon_subscribe({mgrmap=0+}) -- 0x7f3aec19d690 con 0x7f3aec107d50
2024-05-12T10:58:28.850 INFO:teuthology.orchestra.run.smithi086.stdout:/usr/bin/ceph: stderr
2024-05-12T10:58:24.022+0000 7f3ae9ffb700 1 -- 172.21.15.86:0/2016823493 <== mon.0 v2:172.21.15.86:3300/0 3 ==== mon_map magic: 0 ==== 205+0+0 (secure 0 0 0) 0x7f3adc019550 con 0x7f3aec107d50
2024-05-12T10:58:28.850 INFO:teuthology.orchestra.run.smithi086.stdout:/usr/bin/ceph: stderr
2024-05-12T10:58:24.022+0000 7f3af2954700 1 -- 172.21.15.86:0/2016823493 --> [v2:172.21.15.86:3300/0,v1:172.21.15.86:6789/0] -- mon_subscribe({osdmap=0}) -- 0x7f3aec19e1b0 con 0x7f3aec107d50
2024-05-12T10:58:28.850 INFO:teuthology.orchestra.run.smithi086.stdout:/usr/bin/ceph: stderr
2024-05-12T10:58:24.023+0000 7f3ae9ffb700 1 -- 172.21.15.86:0/2016823493 <== mon.0 v2:172.21.15.86:3300/0 4 ==== mgrmap(e 8) ==== 50222+0+0 (secure 0 0 0) 0x7f3adc01a8e0 con 0x7f3aec107d50
2024-05-12T10:58:28.850 INFO:teuthology.orchestra.run.smithi086.stdout:/usr/bin/ceph: stderr
2024-05-12T10:58:24.023+0000 7f3af2954700 1 -- 172.21.15.86:0/2016823493 --> [v2:172.21.15.86:3300/0,v1:172.21.15.86:6789/0] -- mon_command({"prefix": "get_command_descriptions"} v 0) -- 0x7f3aec064b00 con 0x7f3aec107d50
2024-05-12T10:58:28.850 INFO:teuthology.orchestra.run.smithi086.stdout:/usr/bin/ceph: stderr
2024-05-12T10:58:24.023+0000 7f3ae9ffb700 1 --2- 172.21.15.86:0/2016823493 >> [v2:172.21.15.86:6800/3515811906,v1:172.21.15.86:6801/3515811906] conn(0x7f3ad803e4e0 0x7f3ad80409a0 unknown :-1 s=NONE pgs=0 cs=0 l=1 rev1=0 crypto rx=0 tx=0 comp rx=0 tx=0).connect
2024-05-12T10:58:28.850 INFO:teuthology.orchestra.run.smithi086.stdout:/usr/bin/ceph: stderr
2024-05-12T10:58:24.023+0000 7f3ae9ffb700 1 -- 172.21.15.86:0/2016823493 <== mon.0 v2:172.21.15.86:3300/0 5 ==== osd_map(2..2 src has 1..2) ==== 940+0+0 (secure 0 0 0) 0x7f3adc053870 con 0x7f3aec107d50
2024-05-12T10:58:28.851 INFO:teuthology.orchestra.run.smithi086.stdout:/usr/bin/ceph: stderr
2024-05-12T10:58:24.023+0000 7f3ae3fff700 1 --2- 172.21.15.86:0/2016823493 >> [v2:172.21.15.86:6800/3515811906,v1:172.21.15.86:6801/3515811906] conn(0x7f3ad803e4e0 0x7f3ad80409a0 unknown :-1 s=BANNER_CONNECTING pgs=0 cs=0 l=1 rev1=0 crypto rx=0 tx=0 comp rx=0 tx=0)._handle_peer_banner_payload supported=3 required=0
2024-05-12T10:58:28.851 INFO:teuthology.orchestra.run.smithi086.stdout:/usr/bin/ceph: stderr
2024-05-12T10:58:24.023+0000 7f3ae3fff700 1 --2- 172.21.15.86:0/2016823493 >> [v2:172.21.15.86:6800/3515811906,v1:172.21.15.86:6801/3515811906] conn(0x7f3ad803e4e0 0x7f3ad80409a0 secure :-1 s=READY pgs=11 cs=0 l=1 rev1=1 crypto rx=0x7f3ad4006fd0 tx=0x7f3ad4006e40 comp rx=0 tx=0).ready entity=mgr.14120 client_cookie=0 server_cookie=0 in_seq=0 out_seq=0
2024-05-12T10:58:28.851 INFO:teuthology.orchestra.run.smithi086.stdout:/usr/bin/ceph: stderr
2024-05-12T10:58:24.028+0000 7f3ae9ffb700 1 -- 172.21.15.86:0/2016823493 <== mon.0 v2:172.21.15.86:3300/0 6 ==== mon_command_ack([{"prefix": "get_command_descriptions"}]=0 v0) ==== 72+0+191963 (secure 0 0 0) 0x7f3adc00b3e0 con 0x7f3aec107d50
2024-05-12T10:58:28.851 INFO:teuthology.orchestra.run.smithi086.stdout:/usr/bin/ceph: stderr
2024-05-12T10:58:24.236+0000 7f3af2954700 1 -- 172.21.15.86:0/2016823493 --> [v2:172.21.15.86:6800/3515811906,v1:172.21.15.86:6801/3515811906] -- mgr_command(tid 0: {"prefix": "orch host add", "hostname": "smithi086", "addr": "172.21.15.86", "target": ["mon-mgr", ""]}) -- 0x7f3aec19ef00 con 0x7f3ad803e4e0
2024-05-12T10:58:28.851 INFO:teuthology.orchestra.run.smithi086.stdout:/usr/bin/ceph: stderr
2024-05-12T10:58:28.310+0000 7f3ae9ffb700 1 -- 172.21.15.86:0/2016823493 <== mgr.14120 v2:172.21.15.86:6800/3515811906 1 ==== mgr_command_reply(tid 0: 0 ) ==== 8+0+48 (secure 0 0 0) 0x7f3aec19ef00 con 0x7f3ad803e4e0
2024-05-12T10:58:28.851 INFO:teuthology.orchestra.run.smithi086.stdout:/usr/bin/ceph: stderr
2024-05-12T10:58:28.313+0000 7f3af2954700 1 -- 172.21.15.86:0/2016823493 >> [v2:172.21.15.86:6800/3515811906,v1:172.21.15.86:6801/3515811906] conn(0x7f3ad803e4e0 msgr2=0x7f3ad80409a0 secure :-1 s=STATE_CONNECTION_ESTABLISHED l=1).mark_down
2024-05-12T10:58:28.851 INFO:teuthology.orchestra.run.smithi086.stdout:/usr/bin/ceph: stderr
2024-05-12T10:58:28.313+0000 7f3af2954700 1 --2- 172.21.15.86:0/2016823493 >> [v2:172.21.15.86:6800/3515811906,v1:172.21.15.86:6801/3515811906] conn(0x7f3ad803e4e0 0x7f3ad80409a0 secure :-1 s=READY pgs=11 cs=0 l=1 rev1=1 crypto rx=0x7f3ad4006fd0 tx=0x7f3ad4006e40 comp rx=0 tx=0).stop
2024-05-12T10:58:28.851 INFO:teuthology.orchestra.run.smithi086.stdout:/usr/bin/ceph: stderr
2024-05-12T10:58:28.313+0000 7f3af2954700 1 -- 172.21.15.86:0/2016823493 >> [v2:172.21.15.86:3300/0,v1:172.21.15.86:6789/0] conn(0x7f3aec107d50 msgr2=0x7f3aec19cec0 secure :-1 s=STATE_CONNECTION_ESTABLISHED l=1).mark_down
2024-05-12T10:58:28.851 INFO:teuthology.orchestra.run.smithi086.stdout:/usr/bin/ceph: stderr
2024-05-12T10:58:28.313+0000 7f3af2954700 1 --2- 172.21.15.86:0/2016823493 >> [v2:172.21.15.86:3300/0,v1:172.21.15.86:6789/0] conn(0x7f3aec107d50 0x7f3aec19cec0 secure :-1 s=READY pgs=46 cs=0 l=1 rev1=1 crypto rx=0x7f3adc009fb0 tx=0x7f3adc011940 comp rx=0 tx=0).stop
2024-05-12T10:58:28.851 INFO:teuthology.orchestra.run.smithi086.stdout:/usr/bin/ceph: stderr
2024-05-12T10:58:28.313+0000 7f3af2954700 1 -- 172.21.15.86:0/2016823493 shutdown_connections
2024-05-12T10:58:28.851 INFO:teuthology.orchestra.run.smithi086.stdout:/usr/bin/ceph: stderr
2024-05-12T10:58:28.313+0000 7f3af2954700 1 --2- 172.21.15.86:0/2016823493 >> [v2:172.21.15.86:6800/3515811906,v1:172.21.15.86:6801/3515811906] conn(0x7f3ad803e4e0 0x7f3ad80409a0 unknown :-1 s=CLOSED pgs=11 cs=0 l=1 rev1=1 crypto rx=0 tx=0 comp rx=0 tx=0).stop
2024-05-12T10:58:28.851 INFO:teuthology.orchestra.run.smithi086.stdout:/usr/bin/ceph: stderr
2024-05-12T10:58:28.313+0000 7f3af2954700 1 --2- 172.21.15.86:0/2016823493 >> [v2:172.21.15.86:3300/0,v1:172.21.15.86:6789/0] conn(0x7f3aec107d50 0x7f3aec19cec0 unknown :-1 s=CLOSED pgs=46 cs=0 l=1 rev1=1 crypto rx=0 tx=0 comp rx=0 tx=0).stop
2024-05-12T10:58:28.851 INFO:teuthology.orchestra.run.smithi086.stdout:/usr/bin/ceph: stderr
2024-05-12T10:58:28.313+0000 7f3af2954700 1 -- 172.21.15.86:0/2016823493 >> 172.21.15.86:0/2016823493 conn(0x7f3aec1032b0 msgr2=0x7f3aec104180 unknown :-1 s=STATE_NONE l=0).mark_down
2024-05-12T10:58:28.851 INFO:teuthology.orchestra.run.smithi086.stdout:/usr/bin/ceph: stderr
2024-05-12T10:58:28.313+0000 7f3af2954700 1 -- 172.21.15.86:0/2016823493 shutdown_connections
2024-05-12T10:58:28.852 INFO:teuthology.orchestra.run.smithi086.stdout:/usr/bin/ceph: stderr
2024-05-12T10:58:28.313+0000 7f3af2954700 1 -- 172.21.15.86:0/2016823493 wait complete.
2024-05-12T10:58:28.852 INFO:teuthology.orchestra.run.smithi086.stdout:Deploying unmanaged mon service...
2024-05-12T10:58:29.520 INFO:journalctl@ceph.mon.a.smithi086.stdout:May 12 10:58:29 smithi086 ceph-mon[30110]: from='mgr.14120 172.21.15.86:0/2732767210' entity='mgr.x'
2024-05-12T10:58:29.520 INFO:journalctl@ceph.mon.a.smithi086.stdout:May 12 10:58:29 smithi086 ceph-mon[30110]: Added host smithi086
2024-05-12T10:58:29.520 INFO:journalctl@ceph.mon.a.smithi086.stdout:May 12 10:58:29 smithi086 ceph-mon[30110]: from='mgr.14120 172.21.15.86:0/2732767210' entity='mgr.x' cmd=[{"prefix": "config dump", "format": "json"}]: dispatch
2024-05-12T10:58:30.126 INFO:teuthology.orchestra.run.smithi086.stdout:/usr/bin/ceph: stdout Scheduled mon update...
2024-05-12T10:58:30.126 INFO:teuthology.orchestra.run.smithi086.stdout:/usr/bin/ceph: stderr
2024-05-12T10:58:29.279+0000 7f5e17909700 1 Processor -- start
2024-05-12T10:58:30.131 INFO:teuthology.orchestra.run.smithi086.stdout:/usr/bin/ceph: stderr
2024-05-12T10:58:29.279+0000 7f5e17909700 1 -- start start
2024-05-12T10:58:30.131 INFO:teuthology.orchestra.run.smithi086.stdout:/usr/bin/ceph: stderr
2024-05-12T10:58:29.280+0000 7f5e17909700 1 --2- >> [v2:172.21.15.86:3300/0,v1:172.21.15.86:6789/0] conn(0x7f5e10108ee0 0x7f5e10109300 unknown :-1 s=NONE pgs=0 cs=0 l=0 rev1=0 crypto rx=0 tx=0 comp rx=0 tx=0).connect
2024-05-12T10:58:30.131 INFO:teuthology.orchestra.run.smithi086.stdout:/usr/bin/ceph: stderr
2024-05-12T10:58:29.280+0000 7f5e17909700 1 -- --> [v2:172.21.15.86:3300/0,v1:172.21.15.86:6789/0] -- mon_getmap magic: 0 -- 0x7f5e10109840 con 0x7f5e10108ee0
2024-05-12T10:58:30.131 INFO:teuthology.orchestra.run.smithi086.stdout:/usr/bin/ceph: stderr
2024-05-12T10:58:29.280+0000 7f5e156a5700 1 --2- >> [v2:172.21.15.86:3300/0,v1:172.21.15.86:6789/0] conn(0x7f5e10108ee0 0x7f5e10109300 unknown :-1 s=BANNER_CONNECTING pgs=0 cs=0 l=0 rev1=0 crypto rx=0 tx=0 comp rx=0 tx=0)._handle_peer_banner_payload supported=3 required=0
2024-05-12T10:58:30.131 INFO:teuthology.orchestra.run.smithi086.stdout:/usr/bin/ceph: stderr
2024-05-12T10:58:29.280+0000 7f5e156a5700 1 --2- >> [v2:172.21.15.86:3300/0,v1:172.21.15.86:6789/0] conn(0x7f5e10108ee0 0x7f5e10109300 unknown :-1 s=HELLO_CONNECTING pgs=0 cs=0 l=0 rev1=1 crypto rx=0 tx=0 comp rx=0 tx=0).handle_hello peer v2:172.21.15.86:3300/0 says I am v2:172.21.15.86:34640/0 (socket says 172.21.15.86:34640)
2024-05-12T10:58:30.131 INFO:teuthology.orchestra.run.smithi086.stdout:/usr/bin/ceph: stderr
2024-05-12T10:58:29.280+0000 7f5e156a5700 1 -- 172.21.15.86:0/2424642848 learned_addr learned my addr 172.21.15.86:0/2424642848 (peer_addr_for_me v2:172.21.15.86:0/0)
2024-05-12T10:58:30.131 INFO:teuthology.orchestra.run.smithi086.stdout:/usr/bin/ceph: stderr
2024-05-12T10:58:29.280+0000 7f5e156a5700 1 -- 172.21.15.86:0/2424642848 --> [v2:172.21.15.86:3300/0,v1:172.21.15.86:6789/0] -- mon_subscribe({config=0+,monmap=0+}) -- 0x7f5e10109fa0 con 0x7f5e10108ee0
2024-05-12T10:58:30.131 INFO:teuthology.orchestra.run.smithi086.stdout:/usr/bin/ceph: stderr
2024-05-12T10:58:29.280+0000 7f5e156a5700 1 --2- 172.21.15.86:0/2424642848 >> [v2:172.21.15.86:3300/0,v1:172.21.15.86:6789/0] conn(0x7f5e10108ee0 0x7f5e10109300 secure :-1 s=READY pgs=47 cs=0 l=1 rev1=1 crypto rx=0x7f5e0c0098a0 tx=0x7f5e0c009bb0 comp rx=0 tx=0).ready entity=mon.0 client_cookie=72f7afde7a996ffd server_cookie=0 in_seq=0 out_seq=0
2024-05-12T10:58:30.131 INFO:teuthology.orchestra.run.smithi086.stdout:/usr/bin/ceph: stderr
2024-05-12T10:58:29.281+0000 7f5e07fff700 1 -- 172.21.15.86:0/2424642848 <== mon.0 v2:172.21.15.86:3300/0 1 ==== mon_map magic: 0 ==== 205+0+0 (secure 0 0 0) 0x7f5e0c004160 con 0x7f5e10108ee0
2024-05-12T10:58:30.132 INFO:teuthology.orchestra.run.smithi086.stdout:/usr/bin/ceph: stderr
2024-05-12T10:58:29.281+0000 7f5e07fff700 1 -- 172.21.15.86:0/2424642848 <== mon.0 v2:172.21.15.86:3300/0 2 ==== config(26 keys) ==== 1070+0+0 (secure 0 0 0) 0x7f5e0c004300 con 0x7f5e10108ee0
2024-05-12T10:58:30.132 INFO:teuthology.orchestra.run.smithi086.stdout:/usr/bin/ceph: stderr
2024-05-12T10:58:29.281+0000 7f5e07fff700 1 -- 172.21.15.86:0/2424642848 <== mon.0 v2:172.21.15.86:3300/0 3 ==== mon_map magic: 0 ==== 205+0+0 (secure 0 0 0) 0x7f5e0c011af0 con 0x7f5e10108ee0
2024-05-12T10:58:30.132 INFO:teuthology.orchestra.run.smithi086.stdout:/usr/bin/ceph: stderr
2024-05-12T10:58:29.281+0000 7f5e17909700 1 -- 172.21.15.86:0/2424642848 >> [v2:172.21.15.86:3300/0,v1:172.21.15.86:6789/0] conn(0x7f5e10108ee0 msgr2=0x7f5e10109300 secure :-1 s=STATE_CONNECTION_ESTABLISHED l=1).mark_down
2024-05-12T10:58:30.132 INFO:teuthology.orchestra.run.smithi086.stdout:/usr/bin/ceph: stderr
2024-05-12T10:58:29.281+0000 7f5e17909700 1 --2- 172.21.15.86:0/2424642848 >> [v2:172.21.15.86:3300/0,v1:172.21.15.86:6789/0] conn(0x7f5e10108ee0 0x7f5e10109300 secure :-1 s=READY pgs=47 cs=0 l=1 rev1=1 crypto rx=0x7f5e0c0098a0 tx=0x7f5e0c009bb0 comp rx=0 tx=0).stop
2024-05-12T10:58:30.132 INFO:teuthology.orchestra.run.smithi086.stdout:/usr/bin/ceph: stderr
2024-05-12T10:58:29.281+0000 7f5e17909700 1 -- 172.21.15.86:0/2424642848 shutdown_connections
2024-05-12T10:58:30.132 INFO:teuthology.orchestra.run.smithi086.stdout:/usr/bin/ceph: stderr
2024-05-12T10:58:29.281+0000 7f5e17909700 1 --2- 172.21.15.86:0/2424642848 >> [v2:172.21.15.86:3300/0,v1:172.21.15.86:6789/0] conn(0x7f5e10108ee0 0x7f5e10109300 unknown :-1 s=CLOSED pgs=47 cs=0 l=1 rev1=1 crypto rx=0 tx=0 comp rx=0 tx=0).stop
2024-05-12T10:58:30.132 INFO:teuthology.orchestra.run.smithi086.stdout:/usr/bin/ceph: stderr
2024-05-12T10:58:29.281+0000 7f5e17909700 1 -- 172.21.15.86:0/2424642848 >> 172.21.15.86:0/2424642848 conn(0x7f5e101044a0 msgr2=0x7f5e101068c0 unknown :-1 s=STATE_NONE l=0).mark_down
2024-05-12T10:58:30.132 INFO:teuthology.orchestra.run.smithi086.stdout:/usr/bin/ceph: stderr
2024-05-12T10:58:29.281+0000 7f5e17909700 1 -- 172.21.15.86:0/2424642848 shutdown_connections
2024-05-12T10:58:30.132 INFO:teuthology.orchestra.run.smithi086.stdout:/usr/bin/ceph: stderr
2024-05-12T10:58:29.281+0000 7f5e17909700 1 -- 172.21.15.86:0/2424642848 wait complete.
2024-05-12T10:58:30.132 INFO:teuthology.orchestra.run.smithi086.stdout:/usr/bin/ceph: stderr
2024-05-12T10:58:29.282+0000 7f5e17909700 1 Processor -- start
2024-05-12T10:58:30.132 INFO:teuthology.orchestra.run.smithi086.stdout:/usr/bin/ceph: stderr
2024-05-12T10:58:29.282+0000 7f5e17909700 1 -- start start
2024-05-12T10:58:30.132 INFO:teuthology.orchestra.run.smithi086.stdout:/usr/bin/ceph: stderr
2024-05-12T10:58:29.282+0000 7f5e17909700 1 --2- >> [v2:172.21.15.86:3300/0,v1:172.21.15.86:6789/0] conn(0x7f5e10108ee0 0x7f5e1019ceb0 unknown :-1 s=NONE pgs=0 cs=0 l=1 rev1=0 crypto rx=0 tx=0 comp rx=0 tx=0).connect
2024-05-12T10:58:30.132 INFO:teuthology.orchestra.run.smithi086.stdout:/usr/bin/ceph: stderr
2024-05-12T10:58:29.282+0000 7f5e17909700 1 -- --> [v2:172.21.15.86:3300/0,v1:172.21.15.86:6789/0] -- mon_getmap magic: 0 -- 0x7f5e1010d3e0 con 0x7f5e10108ee0
2024-05-12T10:58:30.133 INFO:teuthology.orchestra.run.smithi086.stdout:/usr/bin/ceph: stderr
2024-05-12T10:58:29.282+0000 7f5e156a5700 1 --2- >> [v2:172.21.15.86:3300/0,v1:172.21.15.86:6789/0] conn(0x7f5e10108ee0 0x7f5e1019ceb0 unknown :-1 s=BANNER_CONNECTING pgs=0 cs=0 l=1 rev1=0 crypto rx=0 tx=0 comp rx=0 tx=0)._handle_peer_banner_payload supported=3 required=0
2024-05-12T10:58:30.133 INFO:teuthology.orchestra.run.smithi086.stdout:/usr/bin/ceph: stderr
2024-05-12T10:58:29.282+0000 7f5e156a5700 1 --2- >> [v2:172.21.15.86:3300/0,v1:172.21.15.86:6789/0] conn(0x7f5e10108ee0 0x7f5e1019ceb0 unknown :-1 s=HELLO_CONNECTING pgs=0 cs=0 l=1 rev1=1 crypto rx=0 tx=0 comp rx=0 tx=0).handle_hello peer v2:172.21.15.86:3300/0 says I am v2:172.21.15.86:34650/0 (socket says 172.21.15.86:34650)
2024-05-12T10:58:30.133 INFO:teuthology.orchestra.run.smithi086.stdout:/usr/bin/ceph: stderr
2024-05-12T10:58:29.282+0000 7f5e156a5700 1 -- 172.21.15.86:0/2322902405 learned_addr learned my addr 172.21.15.86:0/2322902405 (peer_addr_for_me v2:172.21.15.86:0/0)
2024-05-12T10:58:30.133 INFO:teuthology.orchestra.run.smithi086.stdout:/usr/bin/ceph: stderr
2024-05-12T10:58:29.282+0000 7f5e156a5700 1 -- 172.21.15.86:0/2322902405 --> [v2:172.21.15.86:3300/0,v1:172.21.15.86:6789/0] -- mon_subscribe({config=0+,monmap=0+}) -- 0x7f5e1019d3f0 con 0x7f5e10108ee0
2024-05-12T10:58:30.133 INFO:teuthology.orchestra.run.smithi086.stdout:/usr/bin/ceph: stderr
2024-05-12T10:58:29.283+0000 7f5e156a5700 1 --2- 172.21.15.86:0/2322902405 >> [v2:172.21.15.86:3300/0,v1:172.21.15.86:6789/0] conn(0x7f5e10108ee0 0x7f5e1019ceb0 secure :-1 s=READY pgs=48 cs=0 l=1 rev1=1 crypto rx=0x7f5e0c009fb0 tx=0x7f5e0c011940 comp rx=0 tx=0).ready entity=mon.0 client_cookie=0 server_cookie=0 in_seq=0 out_seq=0
2024-05-12T10:58:30.133 INFO:teuthology.orchestra.run.smithi086.stdout:/usr/bin/ceph: stderr
2024-05-12T10:58:29.283+0000 7f5e067fc700 1 -- 172.21.15.86:0/2322902405 <== mon.0 v2:172.21.15.86:3300/0 1 ==== mon_map magic: 0 ==== 205+0+0 (secure 0 0 0) 0x7f5e0c0036a0 con 0x7f5e10108ee0
2024-05-12T10:58:30.133 INFO:teuthology.orchestra.run.smithi086.stdout:/usr/bin/ceph: stderr
2024-05-12T10:58:29.283+0000 7f5e067fc700 1 -- 172.21.15.86:0/2322902405 <== mon.0 v2:172.21.15.86:3300/0 2 ==== config(26 keys) ==== 1070+0+0 (secure 0 0 0) 0x7f5e0c01a430 con 0x7f5e10108ee0
2024-05-12T10:58:30.133 INFO:teuthology.orchestra.run.smithi086.stdout:/usr/bin/ceph: stderr
2024-05-12T10:58:29.283+0000 7f5e067fc700 1 -- 172.21.15.86:0/2322902405 <== mon.0 v2:172.21.15.86:3300/0 3 ==== mon_map magic: 0 ==== 205+0+0 (secure 0 0 0) 0x7f5e0c019550 con 0x7f5e10108ee0
2024-05-12T10:58:30.133 INFO:teuthology.orchestra.run.smithi086.stdout:/usr/bin/ceph: stderr
2024-05-12T10:58:29.283+0000 7f5e17909700 1 -- 172.21.15.86:0/2322902405 --> [v2:172.21.15.86:3300/0,v1:172.21.15.86:6789/0] -- mon_subscribe({mgrmap=0+}) -- 0x7f5e1019d680 con 0x7f5e10108ee0
2024-05-12T10:58:30.133 INFO:teuthology.orchestra.run.smithi086.stdout:/usr/bin/ceph: stderr
2024-05-12T10:58:29.283+0000 7f5e17909700 1 -- 172.21.15.86:0/2322902405 --> [v2:172.21.15.86:3300/0,v1:172.21.15.86:6789/0] -- mon_subscribe({osdmap=0}) -- 0x7f5e1019e060 con 0x7f5e10108ee0
2024-05-12T10:58:30.133 INFO:teuthology.orchestra.run.smithi086.stdout:/usr/bin/ceph: stderr
2024-05-12T10:58:29.284+0000 7f5e067fc700 1 -- 172.21.15.86:0/2322902405 <== mon.0 v2:172.21.15.86:3300/0 4 ==== mgrmap(e 8) ==== 50222+0+0 (secure 0 0 0) 0x7f5e0c01a8e0 con 0x7f5e10108ee0
2024-05-12T10:58:30.133 INFO:teuthology.orchestra.run.smithi086.stdout:/usr/bin/ceph: stderr
2024-05-12T10:58:29.284+0000 7f5e17909700 1 -- 172.21.15.86:0/2322902405 --> [v2:172.21.15.86:3300/0,v1:172.21.15.86:6789/0] -- mon_command({"prefix": "get_command_descriptions"} v 0) -- 0x7f5e10064b00 con 0x7f5e10108ee0
2024-05-12T10:58:30.133 INFO:teuthology.orchestra.run.smithi086.stdout:/usr/bin/ceph: stderr
2024-05-12T10:58:29.284+0000 7f5e067fc700 1 --2- 172.21.15.86:0/2322902405 >> [v2:172.21.15.86:6800/3515811906,v1:172.21.15.86:6801/3515811906] conn(0x7f5dfc03e4e0 0x7f5dfc0409a0 unknown :-1 s=NONE pgs=0 cs=0 l=1 rev1=0 crypto rx=0 tx=0 comp rx=0 tx=0).connect
2024-05-12T10:58:30.133 INFO:teuthology.orchestra.run.smithi086.stdout:/usr/bin/ceph: stderr
2024-05-12T10:58:29.284+0000 7f5e067fc700 1 -- 172.21.15.86:0/2322902405 <== mon.0 v2:172.21.15.86:3300/0 5 ==== osd_map(2..2 src has 1..2) ==== 940+0+0 (secure 0 0 0) 0x7f5e0c053840 con 0x7f5e10108ee0
2024-05-12T10:58:30.133 INFO:teuthology.orchestra.run.smithi086.stdout:/usr/bin/ceph: stderr
2024-05-12T10:58:29.284+0000 7f5e14ea4700 1 --2- 172.21.15.86:0/2322902405 >> [v2:172.21.15.86:6800/3515811906,v1:172.21.15.86:6801/3515811906] conn(0x7f5dfc03e4e0 0x7f5dfc0409a0 unknown :-1 s=BANNER_CONNECTING pgs=0 cs=0 l=1 rev1=0 crypto rx=0 tx=0 comp rx=0 tx=0)._handle_peer_banner_payload supported=3 required=0
2024-05-12T10:58:30.134 INFO:teuthology.orchestra.run.smithi086.stdout:/usr/bin/ceph: stderr
2024-05-12T10:58:29.284+0000 7f5e14ea4700 1 --2- 172.21.15.86:0/2322902405 >> [v2:172.21.15.86:6800/3515811906,v1:172.21.15.86:6801/3515811906] conn(0x7f5dfc03e4e0 0x7f5dfc0409a0 secure :-1 s=READY pgs=12 cs=0 l=1 rev1=1 crypto rx=0x7f5e00006fd0 tx=0x7f5e00006e40 comp rx=0 tx=0).ready entity=mgr.14120 client_cookie=0 server_cookie=0 in_seq=0 out_seq=0
2024-05-12T10:58:30.134 INFO:teuthology.orchestra.run.smithi086.stdout:/usr/bin/ceph: stderr
2024-05-12T10:58:29.289+0000 7f5e067fc700 1 -- 172.21.15.86:0/2322902405 <== mon.0 v2:172.21.15.86:3300/0 6 ==== mon_command_ack([{"prefix": "get_command_descriptions"}]=0 v0) ==== 72+0+191963 (secure 0 0 0) 0x7f5e0c00b3e0 con 0x7f5e10108ee0
2024-05-12T10:58:30.134 INFO:teuthology.orchestra.run.smithi086.stdout:/usr/bin/ceph: stderr
2024-05-12T10:58:29.507+0000 7f5e17909700 1 -- 172.21.15.86:0/2322902405 --> [v2:172.21.15.86:6800/3515811906,v1:172.21.15.86:6801/3515811906] -- mgr_command(tid 0: {"prefix": "orch apply", "service_type": "mon", "unmanaged": true, "target": ["mon-mgr", ""]}) -- 0x7f5e10105670 con 0x7f5dfc03e4e0
2024-05-12T10:58:30.134 INFO:teuthology.orchestra.run.smithi086.stdout:/usr/bin/ceph: stderr
2024-05-12T10:58:29.515+0000 7f5e067fc700 1 -- 172.21.15.86:0/2322902405 <== mgr.14120 v2:172.21.15.86:6800/3515811906 1 ==== mgr_command_reply(tid 0: 0 ) ==== 8+0+24 (secure 0 0 0) 0x7f5e10105670 con 0x7f5dfc03e4e0
2024-05-12T10:58:30.134 INFO:teuthology.orchestra.run.smithi086.stdout:/usr/bin/ceph: stderr
2024-05-12T10:58:29.517+0000 7f5e17909700 1 -- 172.21.15.86:0/2322902405 >> [v2:172.21.15.86:6800/3515811906,v1:172.21.15.86:6801/3515811906] conn(0x7f5dfc03e4e0 msgr2=0x7f5dfc0409a0 secure :-1 s=STATE_CONNECTION_ESTABLISHED l=1).mark_down
2024-05-12T10:58:30.134 INFO:teuthology.orchestra.run.smithi086.stdout:/usr/bin/ceph: stderr
2024-05-12T10:58:29.517+0000 7f5e17909700 1 --2- 172.21.15.86:0/2322902405 >> [v2:172.21.15.86:6800/3515811906,v1:172.21.15.86:6801/3515811906] conn(0x7f5dfc03e4e0 0x7f5dfc0409a0 secure :-1 s=READY pgs=12 cs=0 l=1 rev1=1 crypto rx=0x7f5e00006fd0 tx=0x7f5e00006e40 comp rx=0 tx=0).stop
2024-05-12T10:58:30.134 INFO:teuthology.orchestra.run.smithi086.stdout:/usr/bin/ceph: stderr
2024-05-12T10:58:29.517+0000 7f5e17909700 1 -- 172.21.15.86:0/2322902405 >> [v2:172.21.15.86:3300/0,v1:172.21.15.86:6789/0] conn(0x7f5e10108ee0 msgr2=0x7f5e1019ceb0 secure :-1 s=STATE_CONNECTION_ESTABLISHED l=1).mark_down
2024-05-12T10:58:30.134 INFO:teuthology.orchestra.run.smithi086.stdout:/usr/bin/ceph: stderr
2024-05-12T10:58:29.517+0000 7f5e17909700 1 --2- 172.21.15.86:0/2322902405 >> [v2:172.21.15.86:3300/0,v1:172.21.15.86:6789/0] conn(0x7f5e10108ee0 0x7f5e1019ceb0 secure :-1 s=READY pgs=48 cs=0 l=1 rev1=1 crypto rx=0x7f5e0c009fb0 tx=0x7f5e0c011940 comp rx=0 tx=0).stop
2024-05-12T10:58:30.134 INFO:teuthology.orchestra.run.smithi086.stdout:/usr/bin/ceph: stderr
2024-05-12T10:58:29.517+0000 7f5e17909700 1 -- 172.21.15.86:0/2322902405 shutdown_connections
2024-05-12T10:58:30.134 INFO:teuthology.orchestra.run.smithi086.stdout:/usr/bin/ceph: stderr
2024-05-12T10:58:29.517+0000 7f5e17909700 1 --2- 172.21.15.86:0/2322902405 >> [v2:172.21.15.86:6800/3515811906,v1:172.21.15.86:6801/3515811906] conn(0x7f5dfc03e4e0 0x7f5dfc0409a0 unknown :-1 s=CLOSED pgs=12 cs=0 l=1 rev1=1 crypto rx=0 tx=0 comp rx=0 tx=0).stop
2024-05-12T10:58:30.134 INFO:teuthology.orchestra.run.smithi086.stdout:/usr/bin/ceph: stderr
2024-05-12T10:58:29.517+0000 7f5e17909700 1 --2- 172.21.15.86:0/2322902405 >> [v2:172.21.15.86:3300/0,v1:172.21.15.86:6789/0] conn(0x7f5e10108ee0 0x7f5e1019ceb0 unknown :-1 s=CLOSED pgs=48 cs=0 l=1 rev1=1 crypto rx=0 tx=0 comp rx=0 tx=0).stop
2024-05-12T10:58:30.135 INFO:teuthology.orchestra.run.smithi086.stdout:/usr/bin/ceph: stderr
2024-05-12T10:58:29.517+0000 7f5e17909700 1 -- 172.21.15.86:0/2322902405 >> 172.21.15.86:0/2322902405 conn(0x7f5e101044a0 msgr2=0x7f5e10104f60 unknown :-1 s=STATE_NONE l=0).mark_down
2024-05-12T10:58:30.135 INFO:teuthology.orchestra.run.smithi086.stdout:/usr/bin/ceph: stderr
2024-05-12T10:58:29.518+0000 7f5e17909700 1 -- 172.21.15.86:0/2322902405 shutdown_connections
2024-05-12T10:58:30.135 INFO:teuthology.orchestra.run.smithi086.stdout:/usr/bin/ceph: stderr
2024-05-12T10:58:29.518+0000 7f5e17909700 1 -- 172.21.15.86:0/2322902405 wait complete.
2024-05-12T10:58:30.135 INFO:teuthology.orchestra.run.smithi086.stdout:Deploying unmanaged mgr service...
2024-05-12T10:58:30.703 INFO:journalctl@ceph.mon.a.smithi086.stdout:May 12 10:58:30 smithi086 ceph-mon[30110]: from='client.14142 -' entity='client.admin' cmd=[{"prefix": "orch apply", "service_type": "mon", "unmanaged": true, "target": ["mon-mgr", ""]}]: dispatch
2024-05-12T10:58:30.704 INFO:journalctl@ceph.mon.a.smithi086.stdout:May 12 10:58:30 smithi086 ceph-mon[30110]: Saving service mon spec with placement count:5
2024-05-12T10:58:30.704 INFO:journalctl@ceph.mon.a.smithi086.stdout:May 12 10:58:30 smithi086 ceph-mon[30110]: from='mgr.14120 172.21.15.86:0/2732767210' entity='mgr.x'
2024-05-12T10:58:32.185 INFO:teuthology.orchestra.run.smithi086.stdout:/usr/bin/ceph: stdout Scheduled mgr update...
2024-05-12T10:58:32.185 INFO:teuthology.orchestra.run.smithi086.stdout:/usr/bin/ceph: stderr
2024-05-12T10:58:31.208+0000 7f6db111a700 1 Processor -- start
2024-05-12T10:58:32.185 INFO:teuthology.orchestra.run.smithi086.stdout:/usr/bin/ceph: stderr
2024-05-12T10:58:31.208+0000 7f6db111a700 1 -- start start
2024-05-12T10:58:32.185 INFO:teuthology.orchestra.run.smithi086.stdout:/usr/bin/ceph: stderr
2024-05-12T10:58:31.208+0000 7f6db111a700 1 --2- >> [v2:172.21.15.86:3300/0,v1:172.21.15.86:6789/0] conn(0x7f6dac107d80 0x7f6dac1081a0 unknown :-1 s=NONE pgs=0 cs=0 l=0 rev1=0 crypto rx=0 tx=0 comp rx=0 tx=0).connect
2024-05-12T10:58:32.186 INFO:teuthology.orchestra.run.smithi086.stdout:/usr/bin/ceph: stderr
2024-05-12T10:58:31.208+0000 7f6db111a700 1 -- --> [v2:172.21.15.86:3300/0,v1:172.21.15.86:6789/0] -- mon_getmap magic: 0 -- 0x7f6dac108770 con 0x7f6dac107d80
2024-05-12T10:58:32.186 INFO:teuthology.orchestra.run.smithi086.stdout:/usr/bin/ceph: stderr
2024-05-12T10:58:31.208+0000 7f6daad9d700 1 --2- >> [v2:172.21.15.86:3300/0,v1:172.21.15.86:6789/0] conn(0x7f6dac107d80 0x7f6dac1081a0 unknown :-1 s=BANNER_CONNECTING pgs=0 cs=0 l=0 rev1=0 crypto rx=0 tx=0 comp rx=0 tx=0)._handle_peer_banner_payload supported=3 required=0
2024-05-12T10:58:32.186 INFO:teuthology.orchestra.run.smithi086.stdout:/usr/bin/ceph: stderr
2024-05-12T10:58:31.208+0000 7f6daad9d700 1 --2- >> [v2:172.21.15.86:3300/0,v1:172.21.15.86:6789/0] conn(0x7f6dac107d80 0x7f6dac1081a0 unknown :-1 s=HELLO_CONNECTING pgs=0 cs=0 l=0 rev1=1 crypto rx=0 tx=0 comp rx=0 tx=0).handle_hello peer v2:172.21.15.86:3300/0 says I am v2:172.21.15.86:34666/0 (socket says 172.21.15.86:34666)
2024-05-12T10:58:32.186 INFO:teuthology.orchestra.run.smithi086.stdout:/usr/bin/ceph: stderr
2024-05-12T10:58:31.208+0000 7f6daad9d700 1 -- 172.21.15.86:0/2664819448 learned_addr learned my addr 172.21.15.86:0/2664819448 (peer_addr_for_me v2:172.21.15.86:0/0)
2024-05-12T10:58:32.186 INFO:teuthology.orchestra.run.smithi086.stdout:/usr/bin/ceph: stderr
2024-05-12T10:58:31.209+0000 7f6daad9d700 1 -- 172.21.15.86:0/2664819448 --> [v2:172.21.15.86:3300/0,v1:172.21.15.86:6789/0] -- mon_subscribe({config=0+,monmap=0+}) -- 0x7f6dac108f80 con 0x7f6dac107d80
2024-05-12T10:58:32.186 INFO:teuthology.orchestra.run.smithi086.stdout:/usr/bin/ceph: stderr
2024-05-12T10:58:31.209+0000 7f6daad9d700 1 --2- 172.21.15.86:0/2664819448 >> [v2:172.21.15.86:3300/0,v1:172.21.15.86:6789/0] conn(0x7f6dac107d80 0x7f6dac1081a0 secure :-1 s=READY pgs=49 cs=0 l=1 rev1=1 crypto rx=0x7f6d940098a0 tx=0x7f6d94009bb0 comp rx=0 tx=0).ready entity=mon.0 client_cookie=4e0703d424fef49 server_cookie=0 in_seq=0 out_seq=0
2024-05-12T10:58:32.186 INFO:teuthology.orchestra.run.smithi086.stdout:/usr/bin/ceph: stderr
2024-05-12T10:58:31.209+0000 7f6da9d9b700 1 -- 172.21.15.86:0/2664819448 <== mon.0 v2:172.21.15.86:3300/0 1 ==== mon_map magic: 0 ==== 205+0+0 (secure 0 0 0) 0x7f6d94004160 con 0x7f6dac107d80
2024-05-12T10:58:32.186 INFO:teuthology.orchestra.run.smithi086.stdout:/usr/bin/ceph: stderr
2024-05-12T10:58:31.209+0000 7f6da9d9b700 1 -- 172.21.15.86:0/2664819448 <== mon.0 v2:172.21.15.86:3300/0 2 ==== config(26 keys) ==== 1070+0+0 (secure 0 0 0) 0x7f6d94004300 con 0x7f6dac107d80
2024-05-12T10:58:32.186 INFO:teuthology.orchestra.run.smithi086.stdout:/usr/bin/ceph: stderr
2024-05-12T10:58:31.209+0000 7f6da9d9b700 1 -- 172.21.15.86:0/2664819448 <== mon.0 v2:172.21.15.86:3300/0 3 ==== mon_map magic: 0 ==== 205+0+0 (secure 0 0 0) 0x7f6d94011af0 con 0x7f6dac107d80
2024-05-12T10:58:32.186 INFO:teuthology.orchestra.run.smithi086.stdout:/usr/bin/ceph: stderr
2024-05-12T10:58:31.209+0000 7f6db111a700 1 -- 172.21.15.86:0/2664819448 >> [v2:172.21.15.86:3300/0,v1:172.21.15.86:6789/0] conn(0x7f6dac107d80 msgr2=0x7f6dac1081a0 secure :-1 s=STATE_CONNECTION_ESTABLISHED l=1).mark_down
2024-05-12T10:58:32.186 INFO:teuthology.orchestra.run.smithi086.stdout:/usr/bin/ceph: stderr
2024-05-12T10:58:31.209+0000 7f6db111a700 1 --2- 172.21.15.86:0/2664819448 >> [v2:172.21.15.86:3300/0,v1:172.21.15.86:6789/0] conn(0x7f6dac107d80 0x7f6dac1081a0 secure :-1 s=READY pgs=49 cs=0 l=1 rev1=1 crypto rx=0x7f6d940098a0 tx=0x7f6d94009bb0 comp rx=0 tx=0).stop
2024-05-12T10:58:32.186 INFO:teuthology.orchestra.run.smithi086.stdout:/usr/bin/ceph: stderr
2024-05-12T10:58:31.210+0000 7f6db111a700 1 -- 172.21.15.86:0/2664819448 shutdown_connections
2024-05-12T10:58:32.186 INFO:teuthology.orchestra.run.smithi086.stdout:/usr/bin/ceph: stderr
2024-05-12T10:58:31.210+0000 7f6db111a700 1 --2- 172.21.15.86:0/2664819448 >> [v2:172.21.15.86:3300/0,v1:172.21.15.86:6789/0] conn(0x7f6dac107d80 0x7f6dac1081a0 unknown :-1 s=CLOSED pgs=49 cs=0 l=1 rev1=1 crypto rx=0 tx=0 comp rx=0 tx=0).stop
2024-05-12T10:58:32.187 INFO:teuthology.orchestra.run.smithi086.stdout:/usr/bin/ceph: stderr
2024-05-12T10:58:31.210+0000 7f6db111a700 1 -- 172.21.15.86:0/2664819448 >> 172.21.15.86:0/2664819448 conn(0x7f6dac103360 msgr2=0x7f6dac105780 unknown :-1 s=STATE_NONE l=0).mark_down
2024-05-12T10:58:32.187 INFO:teuthology.orchestra.run.smithi086.stdout:/usr/bin/ceph: stderr
2024-05-12T10:58:31.210+0000 7f6db111a700 1 -- 172.21.15.86:0/2664819448 shutdown_connections
2024-05-12T10:58:32.187 INFO:teuthology.orchestra.run.smithi086.stdout:/usr/bin/ceph: stderr
2024-05-12T10:58:31.210+0000 7f6db111a700 1 -- 172.21.15.86:0/2664819448 wait complete.
2024-05-12T10:58:32.187 INFO:teuthology.orchestra.run.smithi086.stdout:/usr/bin/ceph: stderr
2024-05-12T10:58:31.211+0000 7f6db111a700 1 Processor -- start
2024-05-12T10:58:32.187 INFO:teuthology.orchestra.run.smithi086.stdout:/usr/bin/ceph: stderr
2024-05-12T10:58:31.211+0000 7f6db111a700 1 -- start start
2024-05-12T10:58:32.187 INFO:teuthology.orchestra.run.smithi086.stdout:/usr/bin/ceph: stderr
2024-05-12T10:58:31.211+0000 7f6db111a700 1 --2- >> [v2:172.21.15.86:3300/0,v1:172.21.15.86:6789/0] conn(0x7f6dac107d80 0x7f6dac19f030 unknown :-1 s=NONE pgs=0 cs=0 l=1 rev1=0 crypto rx=0 tx=0 comp rx=0 tx=0).connect
2024-05-12T10:58:32.187 INFO:teuthology.orchestra.run.smithi086.stdout:/usr/bin/ceph: stderr
2024-05-12T10:58:31.211+0000 7f6db111a700 1 -- --> [v2:172.21.15.86:3300/0,v1:172.21.15.86:6789/0] -- mon_getmap magic: 0 -- 0x7f6dac10c330 con 0x7f6dac107d80
2024-05-12T10:58:32.187 INFO:teuthology.orchestra.run.smithi086.stdout:/usr/bin/ceph: stderr
2024-05-12T10:58:31.211+0000 7f6daad9d700 1 --2- >> [v2:172.21.15.86:3300/0,v1:172.21.15.86:6789/0] conn(0x7f6dac107d80 0x7f6dac19f030 unknown :-1 s=BANNER_CONNECTING pgs=0 cs=0 l=1 rev1=0 crypto rx=0 tx=0 comp rx=0 tx=0)._handle_peer_banner_payload supported=3 required=0
2024-05-12T10:58:32.187 INFO:teuthology.orchestra.run.smithi086.stdout:/usr/bin/ceph: stderr
2024-05-12T10:58:31.211+0000 7f6daad9d700 1 --2- >> [v2:172.21.15.86:3300/0,v1:172.21.15.86:6789/0] conn(0x7f6dac107d80 0x7f6dac19f030 unknown :-1 s=HELLO_CONNECTING pgs=0 cs=0 l=1 rev1=1 crypto rx=0 tx=0 comp rx=0 tx=0).handle_hello peer v2:172.21.15.86:3300/0 says I am v2:172.21.15.86:34670/0 (socket says 172.21.15.86:34670)
2024-05-12T10:58:32.187 INFO:teuthology.orchestra.run.smithi086.stdout:/usr/bin/ceph: stderr
2024-05-12T10:58:31.211+0000 7f6daad9d700 1 -- 172.21.15.86:0/662269655 learned_addr learned my addr 172.21.15.86:0/662269655 (peer_addr_for_me v2:172.21.15.86:0/0)
2024-05-12T10:58:32.187 INFO:teuthology.orchestra.run.smithi086.stdout:/usr/bin/ceph: stderr
2024-05-12T10:58:31.211+0000 7f6daad9d700 1 -- 172.21.15.86:0/662269655 --> [v2:172.21.15.86:3300/0,v1:172.21.15.86:6789/0] -- mon_subscribe({config=0+,monmap=0+}) -- 0x7f6dac19f570 con 0x7f6dac107d80
2024-05-12T10:58:32.187 INFO:teuthology.orchestra.run.smithi086.stdout:/usr/bin/ceph: stderr
2024-05-12T10:58:31.212+0000 7f6daad9d700 1 --2- 172.21.15.86:0/662269655 >> [v2:172.21.15.86:3300/0,v1:172.21.15.86:6789/0] conn(0x7f6dac107d80 0x7f6dac19f030 secure :-1 s=READY pgs=50 cs=0 l=1 rev1=1 crypto rx=0x7f6d94003f40 tx=0x7f6d94011890 comp rx=0 tx=0).ready entity=mon.0 client_cookie=0 server_cookie=0 in_seq=0 out_seq=0
2024-05-12T10:58:32.187 INFO:teuthology.orchestra.run.smithi086.stdout:/usr/bin/ceph: stderr
2024-05-12T10:58:31.212+0000 7f6da3fff700 1 -- 172.21.15.86:0/662269655 <== mon.0 v2:172.21.15.86:3300/0 1 ==== mon_map magic: 0 ==== 205+0+0 (secure 0 0 0) 0x7f6d940038b0 con 0x7f6dac107d80
2024-05-12T10:58:32.188 INFO:teuthology.orchestra.run.smithi086.stdout:/usr/bin/ceph: stderr
2024-05-12T10:58:31.212+0000 7f6da3fff700 1 -- 172.21.15.86:0/662269655 <== mon.0 v2:172.21.15.86:3300/0 2 ==== config(26 keys) ==== 1070+0+0 (secure 0 0 0) 0x7f6d94003a50 con 0x7f6dac107d80
2024-05-12T10:58:32.188 INFO:teuthology.orchestra.run.smithi086.stdout:/usr/bin/ceph: stderr
2024-05-12T10:58:31.212+0000 7f6db111a700 1 -- 172.21.15.86:0/662269655 --> [v2:172.21.15.86:3300/0,v1:172.21.15.86:6789/0] -- mon_subscribe({mgrmap=0+}) -- 0x7f6dac19f800 con 0x7f6dac107d80
2024-05-12T10:58:32.188 INFO:teuthology.orchestra.run.smithi086.stdout:/usr/bin/ceph: stderr
2024-05-12T10:58:31.212+0000 7f6da3fff700 1 -- 172.21.15.86:0/662269655 <== mon.0 v2:172.21.15.86:3300/0 3 ==== mon_map magic: 0 ==== 205+0+0 (secure 0 0 0) 0x7f6d9401a5c0 con 0x7f6dac107d80
2024-05-12T10:58:32.188 INFO:teuthology.orchestra.run.smithi086.stdout:/usr/bin/ceph: stderr
2024-05-12T10:58:31.212+0000 7f6db111a700 1 -- 172.21.15.86:0/662269655 --> [v2:172.21.15.86:3300/0,v1:172.21.15.86:6789/0] -- mon_subscribe({osdmap=0}) -- 0x7f6dac1a0320 con 0x7f6dac107d80
2024-05-12T10:58:32.188 INFO:teuthology.orchestra.run.smithi086.stdout:/usr/bin/ceph: stderr
2024-05-12T10:58:31.213+0000 7f6db111a700 1 -- 172.21.15.86:0/662269655 --> [v2:172.21.15.86:3300/0,v1:172.21.15.86:6789/0] -- mon_command({"prefix": "get_command_descriptions"} v 0) -- 0x7f6dac064b00 con 0x7f6dac107d80
2024-05-12T10:58:32.188 INFO:teuthology.orchestra.run.smithi086.stdout:/usr/bin/ceph: stderr
2024-05-12T10:58:31.213+0000 7f6da3fff700 1 -- 172.21.15.86:0/662269655 <== mon.0 v2:172.21.15.86:3300/0 4 ==== mgrmap(e 8) ==== 50222+0+0 (secure 0 0 0) 0x7f6d9401a8c0 con 0x7f6dac107d80
2024-05-12T10:58:32.188 INFO:teuthology.orchestra.run.smithi086.stdout:/usr/bin/ceph: stderr
2024-05-12T10:58:31.213+0000 7f6da3fff700 1 --2- 172.21.15.86:0/662269655 >> [v2:172.21.15.86:6800/3515811906,v1:172.21.15.86:6801/3515811906] conn(0x7f6d9803e4e0 0x7f6d980409a0 unknown :-1 s=NONE pgs=0 cs=0 l=1 rev1=0 crypto rx=0 tx=0 comp rx=0 tx=0).connect
2024-05-12T10:58:32.188 INFO:teuthology.orchestra.run.smithi086.stdout:/usr/bin/ceph: stderr
2024-05-12T10:58:31.213+0000 7f6da3fff700 1 -- 172.21.15.86:0/662269655 <== mon.0 v2:172.21.15.86:3300/0 5 ==== osd_map(2..2 src has 1..2) ==== 940+0+0 (secure 0 0 0) 0x7f6d94053a60 con 0x7f6dac107d80
2024-05-12T10:58:32.188 INFO:teuthology.orchestra.run.smithi086.stdout:/usr/bin/ceph: stderr
2024-05-12T10:58:31.213+0000 7f6daa59c700 1 --2- 172.21.15.86:0/662269655 >> [v2:172.21.15.86:6800/3515811906,v1:172.21.15.86:6801/3515811906] conn(0x7f6d9803e4e0 0x7f6d980409a0 unknown :-1 s=BANNER_CONNECTING pgs=0 cs=0 l=1 rev1=0 crypto rx=0 tx=0 comp rx=0 tx=0)._handle_peer_banner_payload supported=3 required=0
2024-05-12T10:58:32.188 INFO:teuthology.orchestra.run.smithi086.stdout:/usr/bin/ceph: stderr
2024-05-12T10:58:31.214+0000 7f6daa59c700 1 --2- 172.21.15.86:0/662269655 >> [v2:172.21.15.86:6800/3515811906,v1:172.21.15.86:6801/3515811906] conn(0x7f6d9803e4e0 0x7f6d980409a0 secure :-1 s=READY pgs=13 cs=0 l=1 rev1=1 crypto rx=0x7f6d9c006fd0 tx=0x7f6d9c006e40 comp rx=0 tx=0).ready entity=mgr.14120 client_cookie=0 server_cookie=0 in_seq=0 out_seq=0
2024-05-12T10:58:32.188 INFO:teuthology.orchestra.run.smithi086.stdout:/usr/bin/ceph: stderr
2024-05-12T10:58:31.218+0000 7f6da3fff700 1 -- 172.21.15.86:0/662269655 <== mon.0 v2:172.21.15.86:3300/0 6 ==== mon_command_ack([{"prefix": "get_command_descriptions"}]=0 v0) ==== 72+0+191963 (secure 0 0 0) 0x7f6d9400e260 con 0x7f6dac107d80
2024-05-12T10:58:32.188 INFO:teuthology.orchestra.run.smithi086.stdout:/usr/bin/ceph: stderr
2024-05-12T10:58:31.444+0000 7f6db111a700 1 -- 172.21.15.86:0/662269655 --> [v2:172.21.15.86:6800/3515811906,v1:172.21.15.86:6801/3515811906] -- mgr_command(tid 0: {"prefix": "orch apply", "service_type": "mgr", "unmanaged": true, "target": ["mon-mgr", ""]}) -- 0x7f6dac1a1070 con 0x7f6d9803e4e0
2024-05-12T10:58:32.188 INFO:teuthology.orchestra.run.smithi086.stdout:/usr/bin/ceph: stderr
2024-05-12T10:58:31.448+0000 7f6da3fff700 1 -- 172.21.15.86:0/662269655 <== mgr.14120 v2:172.21.15.86:6800/3515811906 1 ==== mgr_command_reply(tid 0: 0 ) ==== 8+0+24 (secure 0 0 0) 0x7f6dac1a1070 con 0x7f6d9803e4e0
2024-05-12T10:58:32.188 INFO:teuthology.orchestra.run.smithi086.stdout:/usr/bin/ceph: stderr
2024-05-12T10:58:31.450+0000 7f6db111a700 1 -- 172.21.15.86:0/662269655 >> [v2:172.21.15.86:6800/3515811906,v1:172.21.15.86:6801/3515811906] conn(0x7f6d9803e4e0 msgr2=0x7f6d980409a0 secure :-1 s=STATE_CONNECTION_ESTABLISHED l=1).mark_down
2024-05-12T10:58:32.189 INFO:teuthology.orchestra.run.smithi086.stdout:/usr/bin/ceph: stderr
2024-05-12T10:58:31.450+0000 7f6db111a700 1 --2- 172.21.15.86:0/662269655 >> [v2:172.21.15.86:6800/3515811906,v1:172.21.15.86:6801/3515811906] conn(0x7f6d9803e4e0 0x7f6d980409a0 secure :-1 s=READY pgs=13 cs=0 l=1 rev1=1 crypto rx=0x7f6d9c006fd0 tx=0x7f6d9c006e40 comp rx=0 tx=0).stop
2024-05-12T10:58:32.189 INFO:teuthology.orchestra.run.smithi086.stdout:/usr/bin/ceph: stderr
2024-05-12T10:58:31.450+0000 7f6db111a700 1 -- 172.21.15.86:0/662269655 >> [v2:172.21.15.86:3300/0,v1:172.21.15.86:6789/0] conn(0x7f6dac107d80 msgr2=0x7f6dac19f030 secure :-1 s=STATE_CONNECTION_ESTABLISHED l=1).mark_down
2024-05-12T10:58:32.189 INFO:teuthology.orchestra.run.smithi086.stdout:/usr/bin/ceph: stderr
2024-05-12T10:58:31.450+0000 7f6db111a700 1 --2- 172.21.15.86:0/662269655 >> [v2:172.21.15.86:3300/0,v1:172.21.15.86:6789/0] conn(0x7f6dac107d80 0x7f6dac19f030 secure :-1 s=READY pgs=50 cs=0 l=1 rev1=1 crypto rx=0x7f6d94003f40 tx=0x7f6d94011890 comp rx=0 tx=0).stop
2024-05-12T10:58:32.189 INFO:teuthology.orchestra.run.smithi086.stdout:/usr/bin/ceph: stderr
2024-05-12T10:58:31.450+0000 7f6db111a700 1 -- 172.21.15.86:0/662269655 shutdown_connections
2024-05-12T10:58:32.189 INFO:teuthology.orchestra.run.smithi086.stdout:/usr/bin/ceph: stderr
2024-05-12T10:58:31.450+0000 7f6db111a700 1 --2- 172.21.15.86:0/662269655 >> [v2:172.21.15.86:6800/3515811906,v1:172.21.15.86:6801/3515811906] conn(0x7f6d9803e4e0 0x7f6d980409a0 unknown :-1 s=CLOSED pgs=13 cs=0 l=1 rev1=1 crypto rx=0 tx=0 comp rx=0 tx=0).stop
2024-05-12T10:58:32.189 INFO:teuthology.orchestra.run.smithi086.stdout:/usr/bin/ceph: stderr
2024-05-12T10:58:31.450+0000 7f6db111a700 1 --2- 172.21.15.86:0/662269655 >> [v2:172.21.15.86:3300/0,v1:172.21.15.86:6789/0] conn(0x7f6dac107d80 0x7f6dac19f030 unknown :-1 s=CLOSED pgs=50 cs=0 l=1 rev1=1 crypto rx=0 tx=0 comp rx=0 tx=0).stop
2024-05-12T10:58:32.189 INFO:teuthology.orchestra.run.smithi086.stdout:/usr/bin/ceph: stderr
2024-05-12T10:58:31.450+0000 7f6db111a700 1 -- 172.21.15.86:0/662269655 >> 172.21.15.86:0/662269655 conn(0x7f6dac103360 msgr2=0x7f6dac104150 unknown :-1 s=STATE_NONE l=0).mark_down
2024-05-12T10:58:32.189 INFO:teuthology.orchestra.run.smithi086.stdout:/usr/bin/ceph: stderr
2024-05-12T10:58:31.451+0000 7f6db111a700 1 -- 172.21.15.86:0/662269655 shutdown_connections
2024-05-12T10:58:32.189 INFO:teuthology.orchestra.run.smithi086.stdout:/usr/bin/ceph: stderr
2024-05-12T10:58:31.451+0000 7f6db111a700 1 -- 172.21.15.86:0/662269655 wait complete.
2024-05-12T10:58:32.713 INFO:journalctl@ceph.mon.a.smithi086.stdout:May 12 10:58:32 smithi086 ceph-mon[30110]: from='client.14144 -' entity='client.admin' cmd=[{"prefix": "orch apply", "service_type": "mgr", "unmanaged": true, "target": ["mon-mgr", ""]}]: dispatch
2024-05-12T10:58:32.713 INFO:journalctl@ceph.mon.a.smithi086.stdout:May 12 10:58:32 smithi086 ceph-mon[30110]: Saving service mgr spec with placement count:2
2024-05-12T10:58:32.713 INFO:journalctl@ceph.mon.a.smithi086.stdout:May 12 10:58:32 smithi086 ceph-mon[30110]: from='mgr.14120 172.21.15.86:0/2732767210' entity='mgr.x'
2024-05-12T10:58:32.713 INFO:journalctl@ceph.mon.a.smithi086.stdout:May 12 10:58:32 smithi086 ceph-mon[30110]: from='mgr.14120 172.21.15.86:0/2732767210' entity='mgr.x'
2024-05-12T10:58:33.491 INFO:teuthology.orchestra.run.smithi086.stdout:/usr/bin/ceph: stderr
2024-05-12T10:58:32.636+0000 7fa23d57d700 1 Processor -- start
2024-05-12T10:58:33.492 INFO:teuthology.orchestra.run.smithi086.stdout:/usr/bin/ceph: stderr
2024-05-12T10:58:32.636+0000 7fa23d57d700 1 -- start start
