2024-05-12T10:58:46.049+0000 7f62a4a68700 1 --2- 172.21.15.86:0/1118079501 >> [v2:172.21.15.86:3300/0,v1:172.21.15.86:6789/0] conn(0x7f62a0107d50 0x7f62a0108170 secure :-1 s=READY pgs=70 cs=0 l=1 rev1=1 crypto rx=0x7f629000d180 tx=0x7f629000d490 comp rx=0 tx=0).ready entity=mon.0 client_cookie=9b03d7df46962fa8 server_cookie=0 in_seq=0 out_seq=0
2024-05-12T10:58:46.999 INFO:teuthology.orchestra.run.smithi086.stdout:/usr/bin/ceph: stderr
2024-05-12T10:58:46.049+0000 7f629f7fe700 1 -- 172.21.15.86:0/1118079501 <== mon.0 v2:172.21.15.86:3300/0 1 ==== mon_map magic: 0 ==== 205+0+0 (secure 0 0 0) 0x7f6290019070 con 0x7f62a0107d50
2024-05-12T10:58:46.999 INFO:teuthology.orchestra.run.smithi086.stdout:/usr/bin/ceph: stderr
2024-05-12T10:58:46.049+0000 7f629f7fe700 1 -- 172.21.15.86:0/1118079501 <== mon.0 v2:172.21.15.86:3300/0 2 ==== config(26 keys) ==== 1101+0+0 (secure 0 0 0) 0x7f629000de20 con 0x7f62a0107d50
2024-05-12T10:58:47.000 INFO:teuthology.orchestra.run.smithi086.stdout:/usr/bin/ceph: stderr
2024-05-12T10:58:46.049+0000 7f629f7fe700 1 -- 172.21.15.86:0/1118079501 <== mon.0 v2:172.21.15.86:3300/0 3 ==== mon_map magic: 0 ==== 205+0+0 (secure 0 0 0) 0x7f6290009a70 con 0x7f62a0107d50
2024-05-12T10:58:47.000 INFO:teuthology.orchestra.run.smithi086.stdout:/usr/bin/ceph: stderr
2024-05-12T10:58:46.050+0000 7f62a6ccc700 1 -- 172.21.15.86:0/1118079501 >> [v2:172.21.15.86:3300/0,v1:172.21.15.86:6789/0] conn(0x7f62a0107d50 msgr2=0x7f62a0108170 secure :-1 s=STATE_CONNECTION_ESTABLISHED l=1).mark_down
2024-05-12T10:58:47.000 INFO:teuthology.orchestra.run.smithi086.stdout:/usr/bin/ceph: stderr
2024-05-12T10:58:46.050+0000 7f62a6ccc700 1 --2- 172.21.15.86:0/1118079501 >> [v2:172.21.15.86:3300/0,v1:172.21.15.86:6789/0] conn(0x7f62a0107d50 0x7f62a0108170 secure :-1 s=READY pgs=70 cs=0 l=1 rev1=1 crypto rx=0x7f629000d180 tx=0x7f629000d490 comp rx=0 tx=0).stop
2024-05-12T10:58:47.000 INFO:teuthology.orchestra.run.smithi086.stdout:/usr/bin/ceph: stderr
2024-05-12T10:58:46.050+0000 7f62a6ccc700 1 -- 172.21.15.86:0/1118079501 shutdown_connections
2024-05-12T10:58:47.000 INFO:teuthology.orchestra.run.smithi086.stdout:/usr/bin/ceph: stderr
2024-05-12T10:58:46.050+0000 7f62a6ccc700 1 --2- 172.21.15.86:0/1118079501 >> [v2:172.21.15.86:3300/0,v1:172.21.15.86:6789/0] conn(0x7f62a0107d50 0x7f62a0108170 unknown :-1 s=CLOSED pgs=70 cs=0 l=1 rev1=1 crypto rx=0 tx=0 comp rx=0 tx=0).stop
2024-05-12T10:58:47.000 INFO:teuthology.orchestra.run.smithi086.stdout:/usr/bin/ceph: stderr
2024-05-12T10:58:46.050+0000 7f62a6ccc700 1 -- 172.21.15.86:0/1118079501 >> 172.21.15.86:0/1118079501 conn(0x7f62a01032b0 msgr2=0x7f62a0105730 unknown :-1 s=STATE_NONE l=0).mark_down
2024-05-12T10:58:47.000 INFO:teuthology.orchestra.run.smithi086.stdout:/usr/bin/ceph: stderr
2024-05-12T10:58:46.050+0000 7f62a6ccc700 1 -- 172.21.15.86:0/1118079501 shutdown_connections
2024-05-12T10:58:47.000 INFO:teuthology.orchestra.run.smithi086.stdout:/usr/bin/ceph: stderr
2024-05-12T10:58:46.050+0000 7f62a6ccc700 1 -- 172.21.15.86:0/1118079501 wait complete.
2024-05-12T10:58:47.000 INFO:teuthology.orchestra.run.smithi086.stdout:/usr/bin/ceph: stderr
2024-05-12T10:58:46.051+0000 7f62a6ccc700 1 Processor -- start
2024-05-12T10:58:47.000 INFO:teuthology.orchestra.run.smithi086.stdout:/usr/bin/ceph: stderr
2024-05-12T10:58:46.051+0000 7f62a6ccc700 1 -- start start
2024-05-12T10:58:47.000 INFO:teuthology.orchestra.run.smithi086.stdout:/usr/bin/ceph: stderr
2024-05-12T10:58:46.051+0000 7f62a6ccc700 1 --2- >> [v2:172.21.15.86:3300/0,v1:172.21.15.86:6789/0] conn(0x7f62a0107d50 0x7f62a019ac30 unknown :-1 s=NONE pgs=0 cs=0 l=1 rev1=0 crypto rx=0 tx=0 comp rx=0 tx=0).connect
2024-05-12T10:58:47.000 INFO:teuthology.orchestra.run.smithi086.stdout:/usr/bin/ceph: stderr
2024-05-12T10:58:46.051+0000 7f62a6ccc700 1 -- --> [v2:172.21.15.86:3300/0,v1:172.21.15.86:6789/0] -- mon_getmap magic: 0 -- 0x7f62a007bfb0 con 0x7f62a0107d50
2024-05-12T10:58:47.000 INFO:teuthology.orchestra.run.smithi086.stdout:/usr/bin/ceph: stderr
2024-05-12T10:58:46.051+0000 7f62a4a68700 1 --2- >> [v2:172.21.15.86:3300/0,v1:172.21.15.86:6789/0] conn(0x7f62a0107d50 0x7f62a019ac30 unknown :-1 s=BANNER_CONNECTING pgs=0 cs=0 l=1 rev1=0 crypto rx=0 tx=0 comp rx=0 tx=0)._handle_peer_banner_payload supported=3 required=0
2024-05-12T10:58:47.000 INFO:teuthology.orchestra.run.smithi086.stdout:/usr/bin/ceph: stderr
2024-05-12T10:58:46.051+0000 7f62a4a68700 1 --2- >> [v2:172.21.15.86:3300/0,v1:172.21.15.86:6789/0] conn(0x7f62a0107d50 0x7f62a019ac30 unknown :-1 s=HELLO_CONNECTING pgs=0 cs=0 l=1 rev1=1 crypto rx=0 tx=0 comp rx=0 tx=0).handle_hello peer v2:172.21.15.86:3300/0 says I am v2:172.21.15.86:43664/0 (socket says 172.21.15.86:43664)
2024-05-12T10:58:47.001 INFO:teuthology.orchestra.run.smithi086.stdout:/usr/bin/ceph: stderr
2024-05-12T10:58:46.051+0000 7f62a4a68700 1 -- 172.21.15.86:0/2274475194 learned_addr learned my addr 172.21.15.86:0/2274475194 (peer_addr_for_me v2:172.21.15.86:0/0)
2024-05-12T10:58:47.001 INFO:teuthology.orchestra.run.smithi086.stdout:/usr/bin/ceph: stderr
2024-05-12T10:58:46.051+0000 7f62a4a68700 1 -- 172.21.15.86:0/2274475194 --> [v2:172.21.15.86:3300/0,v1:172.21.15.86:6789/0] -- mon_subscribe({config=0+,monmap=0+}) -- 0x7f62a019b170 con 0x7f62a0107d50
2024-05-12T10:58:47.001 INFO:teuthology.orchestra.run.smithi086.stdout:/usr/bin/ceph: stderr
2024-05-12T10:58:46.051+0000 7f62a4a68700 1 --2- 172.21.15.86:0/2274475194 >> [v2:172.21.15.86:3300/0,v1:172.21.15.86:6789/0] conn(0x7f62a0107d50 0x7f62a019ac30 secure :-1 s=READY pgs=71 cs=0 l=1 rev1=1 crypto rx=0x7f62900096e0 tx=0x7f6290003d00 comp rx=0 tx=0).ready entity=mon.0 client_cookie=0 server_cookie=0 in_seq=0 out_seq=0
2024-05-12T10:58:47.001 INFO:teuthology.orchestra.run.smithi086.stdout:/usr/bin/ceph: stderr
2024-05-12T10:58:46.051+0000 7f629dffb700 1 -- 172.21.15.86:0/2274475194 <== mon.0 v2:172.21.15.86:3300/0 1 ==== mon_map magic: 0 ==== 205+0+0 (secure 0 0 0) 0x7f6290019050 con 0x7f62a0107d50
2024-05-12T10:58:47.001 INFO:teuthology.orchestra.run.smithi086.stdout:/usr/bin/ceph: stderr
2024-05-12T10:58:46.051+0000 7f629dffb700 1 -- 172.21.15.86:0/2274475194 <== mon.0 v2:172.21.15.86:3300/0 2 ==== config(26 keys) ==== 1101+0+0 (secure 0 0 0) 0x7f6290025070 con 0x7f62a0107d50
2024-05-12T10:58:47.001 INFO:teuthology.orchestra.run.smithi086.stdout:/usr/bin/ceph: stderr
2024-05-12T10:58:46.051+0000 7f62a6ccc700 1 -- 172.21.15.86:0/2274475194 --> [v2:172.21.15.86:3300/0,v1:172.21.15.86:6789/0] -- mon_subscribe({mgrmap=0+}) -- 0x7f62a019b400 con 0x7f62a0107d50
2024-05-12T10:58:47.001 INFO:teuthology.orchestra.run.smithi086.stdout:/usr/bin/ceph: stderr
2024-05-12T10:58:46.051+0000 7f629dffb700 1 -- 172.21.15.86:0/2274475194 <== mon.0 v2:172.21.15.86:3300/0 3 ==== mon_map magic: 0 ==== 205+0+0 (secure 0 0 0) 0x7f6290020910 con 0x7f62a0107d50
2024-05-12T10:58:47.001 INFO:teuthology.orchestra.run.smithi086.stdout:/usr/bin/ceph: stderr
2024-05-12T10:58:46.052+0000 7f62a6ccc700 1 -- 172.21.15.86:0/2274475194 --> [v2:172.21.15.86:3300/0,v1:172.21.15.86:6789/0] -- mon_subscribe({osdmap=0}) -- 0x7f62a019bf20 con 0x7f62a0107d50
2024-05-12T10:58:47.001 INFO:teuthology.orchestra.run.smithi086.stdout:/usr/bin/ceph: stderr
2024-05-12T10:58:46.052+0000 7f629dffb700 1 -- 172.21.15.86:0/2274475194 <== mon.0 v2:172.21.15.86:3300/0 4 ==== mgrmap(e 12) ==== 50235+0+0 (secure 0 0 0) 0x7f6290020b90 con 0x7f62a0107d50
2024-05-12T10:58:47.001 INFO:teuthology.orchestra.run.smithi086.stdout:/usr/bin/ceph: stderr
2024-05-12T10:58:46.053+0000 7f62a6ccc700 1 -- 172.21.15.86:0/2274475194 --> [v2:172.21.15.86:3300/0,v1:172.21.15.86:6789/0] -- mon_command({"prefix": "get_command_descriptions"} v 0) -- 0x7f62a0064b00 con 0x7f62a0107d50
2024-05-12T10:58:47.001 INFO:teuthology.orchestra.run.smithi086.stdout:/usr/bin/ceph: stderr
2024-05-12T10:58:46.053+0000 7f629dffb700 1 --2- 172.21.15.86:0/2274475194 >> [v2:172.21.15.86:6800/155657181,v1:172.21.15.86:6801/155657181] conn(0x7f628c03e530 0x7f628c0409f0 unknown :-1 s=NONE pgs=0 cs=0 l=1 rev1=0 crypto rx=0 tx=0 comp rx=0 tx=0).connect
2024-05-12T10:58:47.001 INFO:teuthology.orchestra.run.smithi086.stdout:/usr/bin/ceph: stderr
2024-05-12T10:58:46.053+0000 7f629dffb700 1 -- 172.21.15.86:0/2274475194 <== mon.0 v2:172.21.15.86:3300/0 5 ==== osd_map(3..3 src has 1..3) ==== 1155+0+0 (secure 0 0 0) 0x7f6290011050 con 0x7f62a0107d50
2024-05-12T10:58:47.001 INFO:teuthology.orchestra.run.smithi086.stdout:/usr/bin/ceph: stderr
2024-05-12T10:58:46.053+0000 7f629ffff700 1 --2- 172.21.15.86:0/2274475194 >> [v2:172.21.15.86:6800/155657181,v1:172.21.15.86:6801/155657181] conn(0x7f628c03e530 0x7f628c0409f0 unknown :-1 s=BANNER_CONNECTING pgs=0 cs=0 l=1 rev1=0 crypto rx=0 tx=0 comp rx=0 tx=0)._handle_peer_banner_payload supported=3 required=0
2024-05-12T10:58:47.002 INFO:teuthology.orchestra.run.smithi086.stdout:/usr/bin/ceph: stderr
2024-05-12T10:58:46.053+0000 7f629ffff700 1 --2- 172.21.15.86:0/2274475194 >> [v2:172.21.15.86:6800/155657181,v1:172.21.15.86:6801/155657181] conn(0x7f628c03e530 0x7f628c0409f0 secure :-1 s=READY pgs=7 cs=0 l=1 rev1=1 crypto rx=0x7f6288006fd0 tx=0x7f6288006e40 comp rx=0 tx=0).ready entity=mgr.14152 client_cookie=0 server_cookie=0 in_seq=0 out_seq=0
2024-05-12T10:58:47.002 INFO:teuthology.orchestra.run.smithi086.stdout:/usr/bin/ceph: stderr
2024-05-12T10:58:46.058+0000 7f629dffb700 1 -- 172.21.15.86:0/2274475194 <== mon.0 v2:172.21.15.86:3300/0 6 ==== mon_command_ack([{"prefix": "get_command_descriptions"}]=0 v0) ==== 72+0+191963 (secure 0 0 0) 0x7f6290026270 con 0x7f62a0107d50
2024-05-12T10:58:47.002 INFO:teuthology.orchestra.run.smithi086.stdout:/usr/bin/ceph: stderr
2024-05-12T10:58:46.266+0000 7f62a6ccc700 1 -- 172.21.15.86:0/2274475194 --> [v2:172.21.15.86:6800/155657181,v1:172.21.15.86:6801/155657181] -- mgr_command(tid 0: {"prefix": "dashboard create-self-signed-cert", "target": ["mon-mgr", ""]}) -- 0x7f62a019c400 con 0x7f628c03e530
2024-05-12T10:58:47.002 INFO:teuthology.orchestra.run.smithi086.stdout:/usr/bin/ceph: stderr
2024-05-12T10:58:46.395+0000 7f629dffb700 1 -- 172.21.15.86:0/2274475194 <== mgr.14152 v2:172.21.15.86:6800/155657181 1 ==== mgr_command_reply(tid 0: 0 ) ==== 8+0+32 (secure 0 0 0) 0x7f62a019c400 con 0x7f628c03e530
2024-05-12T10:58:47.002 INFO:teuthology.orchestra.run.smithi086.stdout:/usr/bin/ceph: stderr
2024-05-12T10:58:46.398+0000 7f62a6ccc700 1 -- 172.21.15.86:0/2274475194 >> [v2:172.21.15.86:6800/155657181,v1:172.21.15.86:6801/155657181] conn(0x7f628c03e530 msgr2=0x7f628c0409f0 secure :-1 s=STATE_CONNECTION_ESTABLISHED l=1).mark_down
2024-05-12T10:58:47.002 INFO:teuthology.orchestra.run.smithi086.stdout:/usr/bin/ceph: stderr
2024-05-12T10:58:46.398+0000 7f62a6ccc700 1 --2- 172.21.15.86:0/2274475194 >> [v2:172.21.15.86:6800/155657181,v1:172.21.15.86:6801/155657181] conn(0x7f628c03e530 0x7f628c0409f0 secure :-1 s=READY pgs=7 cs=0 l=1 rev1=1 crypto rx=0x7f6288006fd0 tx=0x7f6288006e40 comp rx=0 tx=0).stop
2024-05-12T10:58:47.002 INFO:teuthology.orchestra.run.smithi086.stdout:/usr/bin/ceph: stderr
2024-05-12T10:58:46.398+0000 7f62a6ccc700 1 -- 172.21.15.86:0/2274475194 >> [v2:172.21.15.86:3300/0,v1:172.21.15.86:6789/0] conn(0x7f62a0107d50 msgr2=0x7f62a019ac30 secure :-1 s=STATE_CONNECTION_ESTABLISHED l=1).mark_down
2024-05-12T10:58:47.002 INFO:teuthology.orchestra.run.smithi086.stdout:/usr/bin/ceph: stderr
2024-05-12T10:58:46.398+0000 7f62a6ccc700 1 --2- 172.21.15.86:0/2274475194 >> [v2:172.21.15.86:3300/0,v1:172.21.15.86:6789/0] conn(0x7f62a0107d50 0x7f62a019ac30 secure :-1 s=READY pgs=71 cs=0 l=1 rev1=1 crypto rx=0x7f62900096e0 tx=0x7f6290003d00 comp rx=0 tx=0).stop
2024-05-12T10:58:47.002 INFO:teuthology.orchestra.run.smithi086.stdout:/usr/bin/ceph: stderr
2024-05-12T10:58:46.398+0000 7f62a6ccc700 1 -- 172.21.15.86:0/2274475194 shutdown_connections
2024-05-12T10:58:47.002 INFO:teuthology.orchestra.run.smithi086.stdout:/usr/bin/ceph: stderr
2024-05-12T10:58:46.398+0000 7f62a6ccc700 1 --2- 172.21.15.86:0/2274475194 >> [v2:172.21.15.86:6800/155657181,v1:172.21.15.86:6801/155657181] conn(0x7f628c03e530 0x7f628c0409f0 unknown :-1 s=CLOSED pgs=7 cs=0 l=1 rev1=1 crypto rx=0 tx=0 comp rx=0 tx=0).stop
2024-05-12T10:58:47.002 INFO:teuthology.orchestra.run.smithi086.stdout:/usr/bin/ceph: stderr
2024-05-12T10:58:46.398+0000 7f62a6ccc700 1 --2- 172.21.15.86:0/2274475194 >> [v2:172.21.15.86:3300/0,v1:172.21.15.86:6789/0] conn(0x7f62a0107d50 0x7f62a019ac30 unknown :-1 s=CLOSED pgs=71 cs=0 l=1 rev1=1 crypto rx=0 tx=0 comp rx=0 tx=0).stop
2024-05-12T10:58:47.002 INFO:teuthology.orchestra.run.smithi086.stdout:/usr/bin/ceph: stderr
2024-05-12T10:58:46.398+0000 7f62a6ccc700 1 -- 172.21.15.86:0/2274475194 >> 172.21.15.86:0/2274475194 conn(0x7f62a01032b0 msgr2=0x7f62a0191170 unknown :-1 s=STATE_NONE l=0).mark_down
2024-05-12T10:58:47.002 INFO:teuthology.orchestra.run.smithi086.stdout:/usr/bin/ceph: stderr
2024-05-12T10:58:46.398+0000 7f62a6ccc700 1 -- 172.21.15.86:0/2274475194 shutdown_connections
2024-05-12T10:58:47.002 INFO:teuthology.orchestra.run.smithi086.stdout:/usr/bin/ceph: stderr
2024-05-12T10:58:46.398+0000 7f62a6ccc700 1 -- 172.21.15.86:0/2274475194 wait complete.
2024-05-12T10:58:47.003 INFO:teuthology.orchestra.run.smithi086.stdout:Creating initial admin user...
2024-05-12T10:58:47.213 INFO:journalctl@ceph.mon.a.smithi086.stdout:May 12 10:58:47 smithi086 ceph-mon[30110]: mgrmap e12: x(active, since 2s)
2024-05-12T10:58:47.213 INFO:journalctl@ceph.mon.a.smithi086.stdout:May 12 10:58:47 smithi086 ceph-mon[30110]: from='client.14164 -' entity='client.admin' cmd=[{"prefix": "dashboard create-self-signed-cert", "target": ["mon-mgr", ""]}]: dispatch
2024-05-12T10:58:47.213 INFO:journalctl@ceph.mon.a.smithi086.stdout:May 12 10:58:47 smithi086 ceph-mon[30110]: from='mgr.14152 172.21.15.86:0/2632409026' entity='mgr.x'
2024-05-12T10:58:47.213 INFO:journalctl@ceph.mon.a.smithi086.stdout:May 12 10:58:47 smithi086 ceph-mon[30110]: from='mgr.14152 172.21.15.86:0/2632409026' entity='mgr.x'
2024-05-12T10:58:47.213 INFO:journalctl@ceph.mon.a.smithi086.stdout:May 12 10:58:47 smithi086 ceph-mon[30110]: from='mgr.14152 172.21.15.86:0/2632409026' entity='mgr.x'
2024-05-12T10:58:48.340 INFO:journalctl@ceph.mon.a.smithi086.stdout:May 12 10:58:48 smithi086 ceph-mon[30110]: from='client.14166 -' entity='client.admin' cmd=[{"prefix": "dashboard ac-user-create", "username": "admin", "rolename": "administrator", "force_password": true, "pwd_update_required": true, "target": ["mon-mgr", ""]}]: dispatch
2024-05-12T10:58:48.340 INFO:journalctl@ceph.mon.a.smithi086.stdout:May 12 10:58:48 smithi086 ceph-mon[30110]: from='mgr.14152 172.21.15.86:0/2632409026' entity='mgr.x'
2024-05-12T10:58:48.581 INFO:teuthology.orchestra.run.smithi086.stdout:/usr/bin/ceph: stdout {"username": "admin", "password": "$2b$12$YWyUBhUgmLwM50NgKnV89.ud.7Sw03PWSf5iAXthJI4ZyccKXYaxq", "roles": ["administrator"], "name": null, "email": null, "lastUpdate": 1715511527, "enabled": true, "pwdExpirationDate": null, "pwdUpdateRequired": true}
2024-05-12T10:58:48.582 INFO:teuthology.orchestra.run.smithi086.stdout:/usr/bin/ceph: stderr
2024-05-12T10:58:47.472+0000 7fec6d024700 1 Processor -- start
2024-05-12T10:58:48.582 INFO:teuthology.orchestra.run.smithi086.stdout:/usr/bin/ceph: stderr
2024-05-12T10:58:47.472+0000 7fec6d024700 1 -- start start
2024-05-12T10:58:48.582 INFO:teuthology.orchestra.run.smithi086.stdout:/usr/bin/ceph: stderr
2024-05-12T10:58:47.472+0000 7fec6d024700 1 --2- >> [v2:172.21.15.86:3300/0,v1:172.21.15.86:6789/0] conn(0x7fec681098e0 0x7fec6810bcd0 unknown :-1 s=NONE pgs=0 cs=0 l=0 rev1=0 crypto rx=0 tx=0 comp rx=0 tx=0).connect
2024-05-12T10:58:48.582 INFO:teuthology.orchestra.run.smithi086.stdout:/usr/bin/ceph: stderr
2024-05-12T10:58:47.472+0000 7fec6d024700 1 -- --> [v2:172.21.15.86:3300/0,v1:172.21.15.86:6789/0] -- mon_getmap magic: 0 -- 0x7fec6807d6e0 con 0x7fec681098e0
2024-05-12T10:58:48.582 INFO:teuthology.orchestra.run.smithi086.stdout:/usr/bin/ceph: stderr
2024-05-12T10:58:47.472+0000 7fec66d9d700 1 --2- >> [v2:172.21.15.86:3300/0,v1:172.21.15.86:6789/0] conn(0x7fec681098e0 0x7fec6810bcd0 unknown :-1 s=BANNER_CONNECTING pgs=0 cs=0 l=0 rev1=0 crypto rx=0 tx=0 comp rx=0 tx=0)._handle_peer_banner_payload supported=3 required=0
2024-05-12T10:58:48.582 INFO:teuthology.orchestra.run.smithi086.stdout:/usr/bin/ceph: stderr
2024-05-12T10:58:47.472+0000 7fec66d9d700 1 --2- >> [v2:172.21.15.86:3300/0,v1:172.21.15.86:6789/0] conn(0x7fec681098e0 0x7fec6810bcd0 unknown :-1 s=HELLO_CONNECTING pgs=0 cs=0 l=0 rev1=1 crypto rx=0 tx=0 comp rx=0 tx=0).handle_hello peer v2:172.21.15.86:3300/0 says I am v2:172.21.15.86:43678/0 (socket says 172.21.15.86:43678)
2024-05-12T10:58:48.582 INFO:teuthology.orchestra.run.smithi086.stdout:/usr/bin/ceph: stderr
2024-05-12T10:58:47.472+0000 7fec66d9d700 1 -- 172.21.15.86:0/1915285662 learned_addr learned my addr 172.21.15.86:0/1915285662 (peer_addr_for_me v2:172.21.15.86:0/0)
2024-05-12T10:58:48.582 INFO:teuthology.orchestra.run.smithi086.stdout:/usr/bin/ceph: stderr
2024-05-12T10:58:47.473+0000 7fec66d9d700 1 -- 172.21.15.86:0/1915285662 --> [v2:172.21.15.86:3300/0,v1:172.21.15.86:6789/0] -- mon_subscribe({config=0+,monmap=0+}) -- 0x7fec6810c210 con 0x7fec681098e0
2024-05-12T10:58:48.582 INFO:teuthology.orchestra.run.smithi086.stdout:/usr/bin/ceph: stderr
2024-05-12T10:58:47.473+0000 7fec66d9d700 1 --2- 172.21.15.86:0/1915285662 >> [v2:172.21.15.86:3300/0,v1:172.21.15.86:6789/0] conn(0x7fec681098e0 0x7fec6810bcd0 secure :-1 s=READY pgs=72 cs=0 l=1 rev1=1 crypto rx=0x7fec580098a0 tx=0x7fec58009bb0 comp rx=0 tx=0).ready entity=mon.0 client_cookie=d3ca33a030e177a1 server_cookie=0 in_seq=0 out_seq=0
2024-05-12T10:58:48.582 INFO:teuthology.orchestra.run.smithi086.stdout:/usr/bin/ceph: stderr
2024-05-12T10:58:47.473+0000 7fec65d9b700 1 -- 172.21.15.86:0/1915285662 <== mon.0 v2:172.21.15.86:3300/0 1 ==== mon_map magic: 0 ==== 205+0+0 (secure 0 0 0) 0x7fec58004160 con 0x7fec681098e0
2024-05-12T10:58:48.582 INFO:teuthology.orchestra.run.smithi086.stdout:/usr/bin/ceph: stderr
2024-05-12T10:58:47.473+0000 7fec65d9b700 1 -- 172.21.15.86:0/1915285662 <== mon.0 v2:172.21.15.86:3300/0 2 ==== config(26 keys) ==== 1101+0+0 (secure 0 0 0) 0x7fec58004300 con 0x7fec681098e0
2024-05-12T10:58:48.583 INFO:teuthology.orchestra.run.smithi086.stdout:/usr/bin/ceph: stderr
2024-05-12T10:58:47.473+0000 7fec65d9b700 1 -- 172.21.15.86:0/1915285662 <== mon.0 v2:172.21.15.86:3300/0 3 ==== mon_map magic: 0 ==== 205+0+0 (secure 0 0 0) 0x7fec58011a20 con 0x7fec681098e0
2024-05-12T10:58:48.583 INFO:teuthology.orchestra.run.smithi086.stdout:/usr/bin/ceph: stderr
2024-05-12T10:58:47.473+0000 7fec6d024700 1 -- 172.21.15.86:0/1915285662 >> [v2:172.21.15.86:3300/0,v1:172.21.15.86:6789/0] conn(0x7fec681098e0 msgr2=0x7fec6810bcd0 secure :-1 s=STATE_CONNECTION_ESTABLISHED l=1).mark_down
2024-05-12T10:58:48.583 INFO:teuthology.orchestra.run.smithi086.stdout:/usr/bin/ceph: stderr
2024-05-12T10:58:47.473+0000 7fec6d024700 1 --2- 172.21.15.86:0/1915285662 >> [v2:172.21.15.86:3300/0,v1:172.21.15.86:6789/0] conn(0x7fec681098e0 0x7fec6810bcd0 secure :-1 s=READY pgs=72 cs=0 l=1 rev1=1 crypto rx=0x7fec580098a0 tx=0x7fec58009bb0 comp rx=0 tx=0).stop
2024-05-12T10:58:48.583 INFO:teuthology.orchestra.run.smithi086.stdout:/usr/bin/ceph: stderr
2024-05-12T10:58:47.473+0000 7fec6d024700 1 -- 172.21.15.86:0/1915285662 shutdown_connections
2024-05-12T10:58:48.583 INFO:teuthology.orchestra.run.smithi086.stdout:/usr/bin/ceph: stderr
2024-05-12T10:58:47.473+0000 7fec6d024700 1 --2- 172.21.15.86:0/1915285662 >> [v2:172.21.15.86:3300/0,v1:172.21.15.86:6789/0] conn(0x7fec681098e0 0x7fec6810bcd0 unknown :-1 s=CLOSED pgs=72 cs=0 l=1 rev1=1 crypto rx=0 tx=0 comp rx=0 tx=0).stop
2024-05-12T10:58:48.583 INFO:teuthology.orchestra.run.smithi086.stdout:/usr/bin/ceph: stderr
2024-05-12T10:58:47.473+0000 7fec6d024700 1 -- 172.21.15.86:0/1915285662 >> 172.21.15.86:0/1915285662 conn(0x7fec68103310 msgr2=0x7fec68105730 unknown :-1 s=STATE_NONE l=0).mark_down
2024-05-12T10:58:48.583 INFO:teuthology.orchestra.run.smithi086.stdout:/usr/bin/ceph: stderr
2024-05-12T10:58:47.473+0000 7fec6d024700 1 -- 172.21.15.86:0/1915285662 shutdown_connections
2024-05-12T10:58:48.583 INFO:teuthology.orchestra.run.smithi086.stdout:/usr/bin/ceph: stderr
2024-05-12T10:58:47.474+0000 7fec6d024700 1 -- 172.21.15.86:0/1915285662 wait complete.
2024-05-12T10:58:48.583 INFO:teuthology.orchestra.run.smithi086.stdout:/usr/bin/ceph: stderr
2024-05-12T10:58:47.474+0000 7fec6d024700 1 Processor -- start
2024-05-12T10:58:48.583 INFO:teuthology.orchestra.run.smithi086.stdout:/usr/bin/ceph: stderr
2024-05-12T10:58:47.474+0000 7fec6d024700 1 -- start start
2024-05-12T10:58:48.583 INFO:teuthology.orchestra.run.smithi086.stdout:/usr/bin/ceph: stderr
2024-05-12T10:58:47.475+0000 7fec6d024700 1 --2- >> [v2:172.21.15.86:3300/0,v1:172.21.15.86:6789/0] conn(0x7fec681098e0 0x7fec6819cd00 unknown :-1 s=NONE pgs=0 cs=0 l=1 rev1=0 crypto rx=0 tx=0 comp rx=0 tx=0).connect
2024-05-12T10:58:48.583 INFO:teuthology.orchestra.run.smithi086.stdout:/usr/bin/ceph: stderr
2024-05-12T10:58:47.475+0000 7fec6d024700 1 -- --> [v2:172.21.15.86:3300/0,v1:172.21.15.86:6789/0] -- mon_getmap magic: 0 -- 0x7fec6810d210 con 0x7fec681098e0
2024-05-12T10:58:48.584 INFO:teuthology.orchestra.run.smithi086.stdout:/usr/bin/ceph: stderr
2024-05-12T10:58:47.475+0000 7fec66d9d700 1 --2- >> [v2:172.21.15.86:3300/0,v1:172.21.15.86:6789/0] conn(0x7fec681098e0 0x7fec6819cd00 unknown :-1 s=BANNER_CONNECTING pgs=0 cs=0 l=1 rev1=0 crypto rx=0 tx=0 comp rx=0 tx=0)._handle_peer_banner_payload supported=3 required=0
2024-05-12T10:58:48.584 INFO:teuthology.orchestra.run.smithi086.stdout:/usr/bin/ceph: stderr
2024-05-12T10:58:47.475+0000 7fec66d9d700 1 --2- >> [v2:172.21.15.86:3300/0,v1:172.21.15.86:6789/0] conn(0x7fec681098e0 0x7fec6819cd00 unknown :-1 s=HELLO_CONNECTING pgs=0 cs=0 l=1 rev1=1 crypto rx=0 tx=0 comp rx=0 tx=0).handle_hello peer v2:172.21.15.86:3300/0 says I am v2:172.21.15.86:43692/0 (socket says 172.21.15.86:43692)
2024-05-12T10:58:48.584 INFO:teuthology.orchestra.run.smithi086.stdout:/usr/bin/ceph: stderr
2024-05-12T10:58:47.475+0000 7fec66d9d700 1 -- 172.21.15.86:0/2571408897 learned_addr learned my addr 172.21.15.86:0/2571408897 (peer_addr_for_me v2:172.21.15.86:0/0)
2024-05-12T10:58:48.584 INFO:teuthology.orchestra.run.smithi086.stdout:/usr/bin/ceph: stderr
2024-05-12T10:58:47.475+0000 7fec66d9d700 1 -- 172.21.15.86:0/2571408897 --> [v2:172.21.15.86:3300/0,v1:172.21.15.86:6789/0] -- mon_subscribe({config=0+,monmap=0+}) -- 0x7fec6819d240 con 0x7fec681098e0
2024-05-12T10:58:48.584 INFO:teuthology.orchestra.run.smithi086.stdout:/usr/bin/ceph: stderr
2024-05-12T10:58:47.475+0000 7fec66d9d700 1 --2- 172.21.15.86:0/2571408897 >> [v2:172.21.15.86:3300/0,v1:172.21.15.86:6789/0] conn(0x7fec681098e0 0x7fec6819cd00 secure :-1 s=READY pgs=73 cs=0 l=1 rev1=1 crypto rx=0x7fec580116e0 tx=0x7fec58011aa0 comp rx=0 tx=0).ready entity=mon.0 client_cookie=0 server_cookie=0 in_seq=0 out_seq=0
2024-05-12T10:58:48.584 INFO:teuthology.orchestra.run.smithi086.stdout:/usr/bin/ceph: stderr
2024-05-12T10:58:47.475+0000 7fec4ffff700 1 -- 172.21.15.86:0/2571408897 <== mon.0 v2:172.21.15.86:3300/0 1 ==== mon_map magic: 0 ==== 205+0+0 (secure 0 0 0) 0x7fec58003a60 con 0x7fec681098e0
2024-05-12T10:58:48.584 INFO:teuthology.orchestra.run.smithi086.stdout:/usr/bin/ceph: stderr
2024-05-12T10:58:47.475+0000 7fec4ffff700 1 -- 172.21.15.86:0/2571408897 <== mon.0 v2:172.21.15.86:3300/0 2 ==== config(26 keys) ==== 1101+0+0 (secure 0 0 0) 0x7fec5801b8f0 con 0x7fec681098e0
2024-05-12T10:58:48.584 INFO:teuthology.orchestra.run.smithi086.stdout:/usr/bin/ceph: stderr
2024-05-12T10:58:47.475+0000 7fec4ffff700 1 -- 172.21.15.86:0/2571408897 <== mon.0 v2:172.21.15.86:3300/0 3 ==== mon_map magic: 0 ==== 205+0+0 (secure 0 0 0) 0x7fec58019860 con 0x7fec681098e0
2024-05-12T10:58:48.584 INFO:teuthology.orchestra.run.smithi086.stdout:/usr/bin/ceph: stderr
2024-05-12T10:58:47.475+0000 7fec6d024700 1 -- 172.21.15.86:0/2571408897 --> [v2:172.21.15.86:3300/0,v1:172.21.15.86:6789/0] -- mon_subscribe({mgrmap=0+}) -- 0x7fec6819d4d0 con 0x7fec681098e0
2024-05-12T10:58:48.584 INFO:teuthology.orchestra.run.smithi086.stdout:/usr/bin/ceph: stderr
2024-05-12T10:58:47.475+0000 7fec6d024700 1 -- 172.21.15.86:0/2571408897 --> [v2:172.21.15.86:3300/0,v1:172.21.15.86:6789/0] -- mon_subscribe({osdmap=0}) -- 0x7fec6819dff0 con 0x7fec681098e0
2024-05-12T10:58:48.584 INFO:teuthology.orchestra.run.smithi086.stdout:/usr/bin/ceph: stderr
2024-05-12T10:58:47.476+0000 7fec4ffff700 1 -- 172.21.15.86:0/2571408897 <== mon.0 v2:172.21.15.86:3300/0 4 ==== mgrmap(e 12) ==== 50235+0+0 (secure 0 0 0) 0x7fec58019b60 con 0x7fec681098e0
2024-05-12T10:58:48.584 INFO:teuthology.orchestra.run.smithi086.stdout:/usr/bin/ceph: stderr
2024-05-12T10:58:47.476+0000 7fec6d024700 1 -- 172.21.15.86:0/2571408897 --> [v2:172.21.15.86:3300/0,v1:172.21.15.86:6789/0] -- mon_command({"prefix": "get_command_descriptions"} v 0) -- 0x7fec68064b00 con 0x7fec681098e0
2024-05-12T10:58:48.585 INFO:teuthology.orchestra.run.smithi086.stdout:/usr/bin/ceph: stderr
2024-05-12T10:58:47.476+0000 7fec4ffff700 1 --2- 172.21.15.86:0/2571408897 >> [v2:172.21.15.86:6800/155657181,v1:172.21.15.86:6801/155657181] conn(0x7fec5003e530 0x7fec500409f0 unknown :-1 s=NONE pgs=0 cs=0 l=1 rev1=0 crypto rx=0 tx=0 comp rx=0 tx=0).connect
2024-05-12T10:58:48.585 INFO:teuthology.orchestra.run.smithi086.stdout:/usr/bin/ceph: stderr
2024-05-12T10:58:47.476+0000 7fec4ffff700 1 -- 172.21.15.86:0/2571408897 <== mon.0 v2:172.21.15.86:3300/0 5 ==== osd_map(3..3 src has 1..3) ==== 1155+0+0 (secure 0 0 0) 0x7fec58053dc0 con 0x7fec681098e0
2024-05-12T10:58:48.585 INFO:teuthology.orchestra.run.smithi086.stdout:/usr/bin/ceph: stderr
2024-05-12T10:58:47.476+0000 7fec6659c700 1 --2- 172.21.15.86:0/2571408897 >> [v2:172.21.15.86:6800/155657181,v1:172.21.15.86:6801/155657181] conn(0x7fec5003e530 0x7fec500409f0 unknown :-1 s=BANNER_CONNECTING pgs=0 cs=0 l=1 rev1=0 crypto rx=0 tx=0 comp rx=0 tx=0)._handle_peer_banner_payload supported=3 required=0
2024-05-12T10:58:48.585 INFO:teuthology.orchestra.run.smithi086.stdout:/usr/bin/ceph: stderr
2024-05-12T10:58:47.477+0000 7fec6659c700 1 --2- 172.21.15.86:0/2571408897 >> [v2:172.21.15.86:6800/155657181,v1:172.21.15.86:6801/155657181] conn(0x7fec5003e530 0x7fec500409f0 secure :-1 s=READY pgs=8 cs=0 l=1 rev1=1 crypto rx=0x7fec5c006fd0 tx=0x7fec5c006e40 comp rx=0 tx=0).ready entity=mgr.14152 client_cookie=0 server_cookie=0 in_seq=0 out_seq=0
2024-05-12T10:58:48.585 INFO:teuthology.orchestra.run.smithi086.stdout:/usr/bin/ceph: stderr
2024-05-12T10:58:47.481+0000 7fec4ffff700 1 -- 172.21.15.86:0/2571408897 <== mon.0 v2:172.21.15.86:3300/0 6 ==== mon_command_ack([{"prefix": "get_command_descriptions"}]=0 v0) ==== 72+0+191963 (secure 0 0 0) 0x7fec5801f030 con 0x7fec681098e0
2024-05-12T10:58:48.585 INFO:teuthology.orchestra.run.smithi086.stdout:/usr/bin/ceph: stderr
2024-05-12T10:58:47.757+0000 7fec6d024700 1 -- 172.21.15.86:0/2571408897 --> [v2:172.21.15.86:6800/155657181,v1:172.21.15.86:6801/155657181] -- mgr_command(tid 0: {"prefix": "dashboard ac-user-create", "username": "admin", "rolename": "administrator", "force_password": true, "pwd_update_required": true, "target": ["mon-mgr", ""]}) -- 0x7fec68104400 con 0x7fec5003e530
2024-05-12T10:58:48.585 INFO:teuthology.orchestra.run.smithi086.stdout:/usr/bin/ceph: stderr
2024-05-12T10:58:47.984+0000 7fec4ffff700 1 -- 172.21.15.86:0/2571408897 <== mgr.14152 v2:172.21.15.86:6800/155657181 1 ==== mgr_command_reply(tid 0: 0 ) ==== 8+0+252 (secure 0 0 0) 0x7fec68104400 con 0x7fec5003e530
2024-05-12T10:58:48.585 INFO:teuthology.orchestra.run.smithi086.stdout:/usr/bin/ceph: stderr
2024-05-12T10:58:47.987+0000 7fec6d024700 1 -- 172.21.15.86:0/2571408897 >> [v2:172.21.15.86:6800/155657181,v1:172.21.15.86:6801/155657181] conn(0x7fec5003e530 msgr2=0x7fec500409f0 secure :-1 s=STATE_CONNECTION_ESTABLISHED l=1).mark_down
2024-05-12T10:58:48.585 INFO:teuthology.orchestra.run.smithi086.stdout:/usr/bin/ceph: stderr
2024-05-12T10:58:47.987+0000 7fec6d024700 1 --2- 172.21.15.86:0/2571408897 >> [v2:172.21.15.86:6800/155657181,v1:172.21.15.86:6801/155657181] conn(0x7fec5003e530 0x7fec500409f0 secure :-1 s=READY pgs=8 cs=0 l=1 rev1=1 crypto rx=0x7fec5c006fd0 tx=0x7fec5c006e40 comp rx=0 tx=0).stop
2024-05-12T10:58:48.585 INFO:teuthology.orchestra.run.smithi086.stdout:/usr/bin/ceph: stderr
2024-05-12T10:58:47.987+0000 7fec6d024700 1 -- 172.21.15.86:0/2571408897 >> [v2:172.21.15.86:3300/0,v1:172.21.15.86:6789/0] conn(0x7fec681098e0 msgr2=0x7fec6819cd00 secure :-1 s=STATE_CONNECTION_ESTABLISHED l=1).mark_down
2024-05-12T10:58:48.585 INFO:teuthology.orchestra.run.smithi086.stdout:/usr/bin/ceph: stderr
2024-05-12T10:58:47.987+0000 7fec6d024700 1 --2- 172.21.15.86:0/2571408897 >> [v2:172.21.15.86:3300/0,v1:172.21.15.86:6789/0] conn(0x7fec681098e0 0x7fec6819cd00 secure :-1 s=READY pgs=73 cs=0 l=1 rev1=1 crypto rx=0x7fec580116e0 tx=0x7fec58011aa0 comp rx=0 tx=0).stop
2024-05-12T10:58:48.585 INFO:teuthology.orchestra.run.smithi086.stdout:/usr/bin/ceph: stderr
2024-05-12T10:58:47.987+0000 7fec6d024700 1 -- 172.21.15.86:0/2571408897 shutdown_connections
2024-05-12T10:58:48.586 INFO:teuthology.orchestra.run.smithi086.stdout:/usr/bin/ceph: stderr
2024-05-12T10:58:47.987+0000 7fec6d024700 1 --2- 172.21.15.86:0/2571408897 >> [v2:172.21.15.86:6800/155657181,v1:172.21.15.86:6801/155657181] conn(0x7fec5003e530 0x7fec500409f0 unknown :-1 s=CLOSED pgs=8 cs=0 l=1 rev1=1 crypto rx=0 tx=0 comp rx=0 tx=0).stop
2024-05-12T10:58:48.586 INFO:teuthology.orchestra.run.smithi086.stdout:/usr/bin/ceph: stderr
2024-05-12T10:58:47.987+0000 7fec6d024700 1 --2- 172.21.15.86:0/2571408897 >> [v2:172.21.15.86:3300/0,v1:172.21.15.86:6789/0] conn(0x7fec681098e0 0x7fec6819cd00 unknown :-1 s=CLOSED pgs=73 cs=0 l=1 rev1=1 crypto rx=0 tx=0 comp rx=0 tx=0).stop
2024-05-12T10:58:48.586 INFO:teuthology.orchestra.run.smithi086.stdout:/usr/bin/ceph: stderr
2024-05-12T10:58:47.987+0000 7fec6d024700 1 -- 172.21.15.86:0/2571408897 >> 172.21.15.86:0/2571408897 conn(0x7fec68103310 msgr2=0x7fec68103cf0 unknown :-1 s=STATE_NONE l=0).mark_down
2024-05-12T10:58:48.586 INFO:teuthology.orchestra.run.smithi086.stdout:/usr/bin/ceph: stderr
2024-05-12T10:58:47.987+0000 7fec6d024700 1 -- 172.21.15.86:0/2571408897 shutdown_connections
2024-05-12T10:58:48.586 INFO:teuthology.orchestra.run.smithi086.stdout:/usr/bin/ceph: stderr
2024-05-12T10:58:47.987+0000 7fec6d024700 1 -- 172.21.15.86:0/2571408897 wait complete.
2024-05-12T10:58:48.586 INFO:teuthology.orchestra.run.smithi086.stdout:Fetching dashboard port number...
2024-05-12T10:58:49.371 INFO:journalctl@ceph.mon.a.smithi086.stdout:May 12 10:58:49 smithi086 ceph-mon[30110]: from='mgr.14152 172.21.15.86:0/2632409026' entity='mgr.x'
2024-05-12T10:58:50.463 INFO:journalctl@ceph.mon.a.smithi086.stdout:May 12 10:58:50 smithi086 ceph-mon[30110]: from='client.? 172.21.15.86:0/229838753' entity='client.admin' cmd=[{"prefix": "config get", "who": "mgr", "key": "mgr/dashboard/ssl_server_port"}]: dispatch
2024-05-12T10:58:50.810 INFO:teuthology.orchestra.run.smithi086.stdout:/usr/bin/ceph: stdout 8443
2024-05-12T10:58:50.810 INFO:teuthology.orchestra.run.smithi086.stdout:/usr/bin/ceph: stderr
2024-05-12T10:58:49.052+0000 7ff211e2b700 1 Processor -- start
2024-05-12T10:58:50.811 INFO:teuthology.orchestra.run.smithi086.stdout:/usr/bin/ceph: stderr
2024-05-12T10:58:49.052+0000 7ff211e2b700 1 -- start start
2024-05-12T10:58:50.811 INFO:teuthology.orchestra.run.smithi086.stdout:/usr/bin/ceph: stderr
2024-05-12T10:58:49.053+0000 7ff211e2b700 1 --2- >> [v2:172.21.15.86:3300/0,v1:172.21.15.86:6789/0] conn(0x7ff20c109920 0x7ff20c10bd10 unknown :-1 s=NONE pgs=0 cs=0 l=0 rev1=0 crypto rx=0 tx=0 comp rx=0 tx=0).connect
2024-05-12T10:58:50.811 INFO:teuthology.orchestra.run.smithi086.stdout:/usr/bin/ceph: stderr
2024-05-12T10:58:49.053+0000 7ff211e2b700 1 -- --> [v2:172.21.15.86:3300/0,v1:172.21.15.86:6789/0] -- mon_getmap magic: 0 -- 0x7ff20c07d6e0 con 0x7ff20c109920
2024-05-12T10:58:50.811 INFO:teuthology.orchestra.run.smithi086.stdout:/usr/bin/ceph: stderr
2024-05-12T10:58:49.053+0000 7ff20b7fe700 1 --2- >> [v2:172.21.15.86:3300/0,v1:172.21.15.86:6789/0] conn(0x7ff20c109920 0x7ff20c10bd10 unknown :-1 s=BANNER_CONNECTING pgs=0 cs=0 l=0 rev1=0 crypto rx=0 tx=0 comp rx=0 tx=0)._handle_peer_banner_payload supported=3 required=0
2024-05-12T10:58:50.811 INFO:teuthology.orchestra.run.smithi086.stdout:/usr/bin/ceph: stderr
2024-05-12T10:58:49.053+0000 7ff20b7fe700 1 --2- >> [v2:172.21.15.86:3300/0,v1:172.21.15.86:6789/0] conn(0x7ff20c109920 0x7ff20c10bd10 unknown :-1 s=HELLO_CONNECTING pgs=0 cs=0 l=0 rev1=1 crypto rx=0 tx=0 comp rx=0 tx=0).handle_hello peer v2:172.21.15.86:3300/0 says I am v2:172.21.15.86:43702/0 (socket says 172.21.15.86:43702)
2024-05-12T10:58:50.811 INFO:teuthology.orchestra.run.smithi086.stdout:/usr/bin/ceph: stderr
2024-05-12T10:58:49.053+0000 7ff20b7fe700 1 -- 172.21.15.86:0/3405049784 learned_addr learned my addr 172.21.15.86:0/3405049784 (peer_addr_for_me v2:172.21.15.86:0/0)
2024-05-12T10:58:50.811 INFO:teuthology.orchestra.run.smithi086.stdout:/usr/bin/ceph: stderr
2024-05-12T10:58:49.053+0000 7ff20b7fe700 1 -- 172.21.15.86:0/3405049784 --> [v2:172.21.15.86:3300/0,v1:172.21.15.86:6789/0] -- mon_subscribe({config=0+,monmap=0+}) -- 0x7ff20c10c250 con 0x7ff20c109920
2024-05-12T10:58:50.811 INFO:teuthology.orchestra.run.smithi086.stdout:/usr/bin/ceph: stderr
2024-05-12T10:58:49.053+0000 7ff20b7fe700 1 --2- 172.21.15.86:0/3405049784 >> [v2:172.21.15.86:3300/0,v1:172.21.15.86:6789/0] conn(0x7ff20c109920 0x7ff20c10bd10 secure :-1 s=READY pgs=74 cs=0 l=1 rev1=1 crypto rx=0x7ff1fc0098a0 tx=0x7ff1fc009bb0 comp rx=0 tx=0).ready entity=mon.0 client_cookie=e64c40d9973dc9bc server_cookie=0 in_seq=0 out_seq=0
2024-05-12T10:58:50.811 INFO:teuthology.orchestra.run.smithi086.stdout:/usr/bin/ceph: stderr
2024-05-12T10:58:49.053+0000 7ff20a7fc700 1 -- 172.21.15.86:0/3405049784 <== mon.0 v2:172.21.15.86:3300/0 1 ==== mon_map magic: 0 ==== 205+0+0 (secure 0 0 0) 0x7ff1fc004160 con 0x7ff20c109920
2024-05-12T10:58:50.811 INFO:teuthology.orchestra.run.smithi086.stdout:/usr/bin/ceph: stderr
2024-05-12T10:58:49.053+0000 7ff20a7fc700 1 -- 172.21.15.86:0/3405049784 <== mon.0 v2:172.21.15.86:3300/0 2 ==== config(26 keys) ==== 1101+0+0 (secure 0 0 0) 0x7ff1fc004300 con 0x7ff20c109920
2024-05-12T10:58:50.812 INFO:teuthology.orchestra.run.smithi086.stdout:/usr/bin/ceph: stderr
2024-05-12T10:58:49.053+0000 7ff20a7fc700 1 -- 172.21.15.86:0/3405049784 <== mon.0 v2:172.21.15.86:3300/0 3 ==== mon_map magic: 0 ==== 205+0+0 (secure 0 0 0) 0x7ff1fc011a20 con 0x7ff20c109920
2024-05-12T10:58:50.812 INFO:teuthology.orchestra.run.smithi086.stdout:/usr/bin/ceph: stderr
2024-05-12T10:58:49.054+0000 7ff211e2b700 1 -- 172.21.15.86:0/3405049784 >> [v2:172.21.15.86:3300/0,v1:172.21.15.86:6789/0] conn(0x7ff20c109920 msgr2=0x7ff20c10bd10 secure :-1 s=STATE_CONNECTION_ESTABLISHED l=1).mark_down
2024-05-12T10:58:50.812 INFO:teuthology.orchestra.run.smithi086.stdout:/usr/bin/ceph: stderr
2024-05-12T10:58:49.054+0000 7ff211e2b700 1 --2- 172.21.15.86:0/3405049784 >> [v2:172.21.15.86:3300/0,v1:172.21.15.86:6789/0] conn(0x7ff20c109920 0x7ff20c10bd10 secure :-1 s=READY pgs=74 cs=0 l=1 rev1=1 crypto rx=0x7ff1fc0098a0 tx=0x7ff1fc009bb0 comp rx=0 tx=0).stop
2024-05-12T10:58:50.812 INFO:teuthology.orchestra.run.smithi086.stdout:/usr/bin/ceph: stderr
2024-05-12T10:58:49.054+0000 7ff211e2b700 1 -- 172.21.15.86:0/3405049784 shutdown_connections
2024-05-12T10:58:50.812 INFO:teuthology.orchestra.run.smithi086.stdout:/usr/bin/ceph: stderr
2024-05-12T10:58:49.054+0000 7ff211e2b700 1 --2- 172.21.15.86:0/3405049784 >> [v2:172.21.15.86:3300/0,v1:172.21.15.86:6789/0] conn(0x7ff20c109920 0x7ff20c10bd10 unknown :-1 s=CLOSED pgs=74 cs=0 l=1 rev1=1 crypto rx=0 tx=0 comp rx=0 tx=0).stop
2024-05-12T10:58:50.812 INFO:teuthology.orchestra.run.smithi086.stdout:/usr/bin/ceph: stderr
2024-05-12T10:58:49.054+0000 7ff211e2b700 1 -- 172.21.15.86:0/3405049784 >> 172.21.15.86:0/3405049784 conn(0x7ff20c103350 msgr2=0x7ff20c105770 unknown :-1 s=STATE_NONE l=0).mark_down
2024-05-12T10:58:50.812 INFO:teuthology.orchestra.run.smithi086.stdout:/usr/bin/ceph: stderr
2024-05-12T10:58:49.054+0000 7ff211e2b700 1 -- 172.21.15.86:0/3405049784 shutdown_connections
2024-05-12T10:58:50.812 INFO:teuthology.orchestra.run.smithi086.stdout:/usr/bin/ceph: stderr
2024-05-12T10:58:49.054+0000 7ff211e2b700 1 -- 172.21.15.86:0/3405049784 wait complete.
2024-05-12T10:58:50.812 INFO:teuthology.orchestra.run.smithi086.stdout:/usr/bin/ceph: stderr
2024-05-12T10:58:49.055+0000 7ff211e2b700 1 Processor -- start
2024-05-12T10:58:50.812 INFO:teuthology.orchestra.run.smithi086.stdout:/usr/bin/ceph: stderr
2024-05-12T10:58:49.055+0000 7ff211e2b700 1 -- start start
2024-05-12T10:58:50.812 INFO:teuthology.orchestra.run.smithi086.stdout:/usr/bin/ceph: stderr
2024-05-12T10:58:49.055+0000 7ff211e2b700 1 --2- >> [v2:172.21.15.86:3300/0,v1:172.21.15.86:6789/0] conn(0x7ff20c109920 0x7ff20c19ce10 unknown :-1 s=NONE pgs=0 cs=0 l=1 rev1=0 crypto rx=0 tx=0 comp rx=0 tx=0).connect
2024-05-12T10:58:50.813 INFO:teuthology.orchestra.run.smithi086.stdout:/usr/bin/ceph: stderr
2024-05-12T10:58:49.055+0000 7ff211e2b700 1 -- --> [v2:172.21.15.86:3300/0,v1:172.21.15.86:6789/0] -- mon_getmap magic: 0 -- 0x7ff20c10d250 con 0x7ff20c109920
2024-05-12T10:58:50.813 INFO:teuthology.orchestra.run.smithi086.stdout:/usr/bin/ceph: stderr
2024-05-12T10:58:49.055+0000 7ff20b7fe700 1 --2- >> [v2:172.21.15.86:3300/0,v1:172.21.15.86:6789/0] conn(0x7ff20c109920 0x7ff20c19ce10 unknown :-1 s=BANNER_CONNECTING pgs=0 cs=0 l=1 rev1=0 crypto rx=0 tx=0 comp rx=0 tx=0)._handle_peer_banner_payload supported=3 required=0
2024-05-12T10:58:50.813 INFO:teuthology.orchestra.run.smithi086.stdout:/usr/bin/ceph: stderr
2024-05-12T10:58:49.055+0000 7ff20b7fe700 1 --2- >> [v2:172.21.15.86:3300/0,v1:172.21.15.86:6789/0] conn(0x7ff20c109920 0x7ff20c19ce10 unknown :-1 s=HELLO_CONNECTING pgs=0 cs=0 l=1 rev1=1 crypto rx=0 tx=0 comp rx=0 tx=0).handle_hello peer v2:172.21.15.86:3300/0 says I am v2:172.21.15.86:43710/0 (socket says 172.21.15.86:43710)
2024-05-12T10:58:50.813 INFO:teuthology.orchestra.run.smithi086.stdout:/usr/bin/ceph: stderr
2024-05-12T10:58:49.055+0000 7ff20b7fe700 1 -- 172.21.15.86:0/229838753 learned_addr learned my addr 172.21.15.86:0/229838753 (peer_addr_for_me v2:172.21.15.86:0/0)
2024-05-12T10:58:50.813 INFO:teuthology.orchestra.run.smithi086.stdout:/usr/bin/ceph: stderr
2024-05-12T10:58:49.055+0000 7ff20b7fe700 1 -- 172.21.15.86:0/229838753 --> [v2:172.21.15.86:3300/0,v1:172.21.15.86:6789/0] -- mon_subscribe({config=0+,monmap=0+}) -- 0x7ff20c19d350 con 0x7ff20c109920
2024-05-12T10:58:50.813 INFO:teuthology.orchestra.run.smithi086.stdout:/usr/bin/ceph: stderr
2024-05-12T10:58:49.055+0000 7ff20b7fe700 1 --2- 172.21.15.86:0/229838753 >> [v2:172.21.15.86:3300/0,v1:172.21.15.86:6789/0] conn(0x7ff20c109920 0x7ff20c19ce10 secure :-1 s=READY pgs=75 cs=0 l=1 rev1=1 crypto rx=0x7ff1fc004660 tx=0x7ff1fc011aa0 comp rx=0 tx=0).ready entity=mon.0 client_cookie=0 server_cookie=0 in_seq=0 out_seq=0
2024-05-12T10:58:50.813 INFO:teuthology.orchestra.run.smithi086.stdout:/usr/bin/ceph: stderr
2024-05-12T10:58:49.056+0000 7ff208ff9700 1 -- 172.21.15.86:0/229838753 <== mon.0 v2:172.21.15.86:3300/0 1 ==== mon_map magic: 0 ==== 205+0+0 (secure 0 0 0) 0x7ff1fc003aa0 con 0x7ff20c109920
2024-05-12T10:58:50.813 INFO:teuthology.orchestra.run.smithi086.stdout:/usr/bin/ceph: stderr
2024-05-12T10:58:49.056+0000 7ff208ff9700 1 -- 172.21.15.86:0/229838753 <== mon.0 v2:172.21.15.86:3300/0 2 ==== config(26 keys) ==== 1101+0+0 (secure 0 0 0) 0x7ff1fc01b8f0 con 0x7ff20c109920
2024-05-12T10:58:50.813 INFO:teuthology.orchestra.run.smithi086.stdout:/usr/bin/ceph: stderr
2024-05-12T10:58:49.056+0000 7ff211e2b700 1 -- 172.21.15.86:0/229838753 --> [v2:172.21.15.86:3300/0,v1:172.21.15.86:6789/0] -- mon_subscribe({mgrmap=0+}) -- 0x7ff20c19d5e0 con 0x7ff20c109920
2024-05-12T10:58:50.813 INFO:teuthology.orchestra.run.smithi086.stdout:/usr/bin/ceph: stderr
2024-05-12T10:58:49.056+0000 7ff208ff9700 1 -- 172.21.15.86:0/229838753 <== mon.0 v2:172.21.15.86:3300/0 3 ==== mon_map magic: 0 ==== 205+0+0 (secure 0 0 0) 0x7ff1fc023900 con 0x7ff20c109920
2024-05-12T10:58:50.813 INFO:teuthology.orchestra.run.smithi086.stdout:/usr/bin/ceph: stderr
2024-05-12T10:58:49.056+0000 7ff211e2b700 1 -- 172.21.15.86:0/229838753 --> [v2:172.21.15.86:3300/0,v1:172.21.15.86:6789/0] -- mon_subscribe({osdmap=0}) -- 0x7ff20c19e050 con 0x7ff20c109920
2024-05-12T10:58:50.814 INFO:teuthology.orchestra.run.smithi086.stdout:/usr/bin/ceph: stderr
2024-05-12T10:58:49.056+0000 7ff211e2b700 1 -- 172.21.15.86:0/229838753 --> [v2:172.21.15.86:3300/0,v1:172.21.15.86:6789/0] -- mon_command({"prefix": "get_command_descriptions"} v 0) -- 0x7ff20c064b00 con 0x7ff20c109920
2024-05-12T10:58:50.814 INFO:teuthology.orchestra.run.smithi086.stdout:/usr/bin/ceph: stderr
2024-05-12T10:58:49.057+0000 7ff208ff9700 1 -- 172.21.15.86:0/229838753 <== mon.0 v2:172.21.15.86:3300/0 4 ==== mgrmap(e 12) ==== 50235+0+0 (secure 0 0 0) 0x7ff1fc023b70 con 0x7ff20c109920
2024-05-12T10:58:50.814 INFO:teuthology.orchestra.run.smithi086.stdout:/usr/bin/ceph: stderr
2024-05-12T10:58:49.057+0000 7ff208ff9700 1 --2- 172.21.15.86:0/229838753 >> [v2:172.21.15.86:6800/155657181,v1:172.21.15.86:6801/155657181] conn(0x7ff1f403e5e0 0x7ff1f4040aa0 unknown :-1 s=NONE pgs=0 cs=0 l=1 rev1=0 crypto rx=0 tx=0 comp rx=0 tx=0).connect
2024-05-12T10:58:50.814 INFO:teuthology.orchestra.run.smithi086.stdout:/usr/bin/ceph: stderr
2024-05-12T10:58:49.057+0000 7ff208ff9700 1 -- 172.21.15.86:0/229838753 <== mon.0 v2:172.21.15.86:3300/0 5 ==== osd_map(3..3 src has 1..3) ==== 1155+0+0 (secure 0 0 0) 0x7ff1fc053e80 con 0x7ff20c109920
2024-05-12T10:58:50.814 INFO:teuthology.orchestra.run.smithi086.stdout:/usr/bin/ceph: stderr
2024-05-12T10:58:49.057+0000 7ff20affd700 1 --2- 172.21.15.86:0/229838753 >> [v2:172.21.15.86:6800/155657181,v1:172.21.15.86:6801/155657181] conn(0x7ff1f403e5e0 0x7ff1f4040aa0 unknown :-1 s=BANNER_CONNECTING pgs=0 cs=0 l=1 rev1=0 crypto rx=0 tx=0 comp rx=0 tx=0)._handle_peer_banner_payload supported=3 required=0
2024-05-12T10:58:50.814 INFO:teuthology.orchestra.run.smithi086.stdout:/usr/bin/ceph: stderr
2024-05-12T10:58:49.057+0000 7ff20affd700 1 --2- 172.21.15.86:0/229838753 >> [v2:172.21.15.86:6800/155657181,v1:172.21.15.86:6801/155657181] conn(0x7ff1f403e5e0 0x7ff1f4040aa0 secure :-1 s=READY pgs=9 cs=0 l=1 rev1=1 crypto rx=0x7ff200006fd0 tx=0x7ff200006e40 comp rx=0 tx=0).ready entity=mgr.14152 client_cookie=0 server_cookie=0 in_seq=0 out_seq=0
2024-05-12T10:58:50.814 INFO:teuthology.orchestra.run.smithi086.stdout:/usr/bin/ceph: stderr
2024-05-12T10:58:49.062+0000 7ff208ff9700 1 -- 172.21.15.86:0/229838753 <== mon.0 v2:172.21.15.86:3300/0 6 ==== mon_command_ack([{"prefix": "get_command_descriptions"}]=0 v0) ==== 72+0+191963 (secure 0 0 0) 0x7ff1fc01f030 con 0x7ff20c109920
2024-05-12T10:58:50.814 INFO:teuthology.orchestra.run.smithi086.stdout:/usr/bin/ceph: stderr
2024-05-12T10:58:49.285+0000 7ff211e2b700 1 -- 172.21.15.86:0/229838753 --> [v2:172.21.15.86:3300/0,v1:172.21.15.86:6789/0] -- mon_command({"prefix": "config get", "who": "mgr", "key": "mgr/dashboard/ssl_server_port"} v 0) -- 0x7ff20c19e570 con 0x7ff20c109920
2024-05-12T10:58:50.814 INFO:teuthology.orchestra.run.smithi086.stdout:/usr/bin/ceph: stderr
2024-05-12T10:58:49.286+0000 7ff208ff9700 1 -- 172.21.15.86:0/229838753 <== mon.0 v2:172.21.15.86:3300/0 7 ==== mon_command_ack([{"prefix": "config get", "who": "mgr", "key": "mgr/dashboard/ssl_server_port"}]=0 v8) ==== 112+0+5 (secure 0 0 0) 0x7ff1fc01bde0 con 0x7ff20c109920
2024-05-12T10:58:50.814 INFO:teuthology.orchestra.run.smithi086.stdout:/usr/bin/ceph: stderr
2024-05-12T10:58:49.289+0000 7ff211e2b700 1 -- 172.21.15.86:0/229838753 >> [v2:172.21.15.86:6800/155657181,v1:172.21.15.86:6801/155657181] conn(0x7ff1f403e5e0 msgr2=0x7ff1f4040aa0 secure :-1 s=STATE_CONNECTION_ESTABLISHED l=1).mark_down
2024-05-12T10:58:50.815 INFO:teuthology.orchestra.run.smithi086.stdout:/usr/bin/ceph: stderr
2024-05-12T10:58:49.289+0000 7ff211e2b700 1 --2- 172.21.15.86:0/229838753 >> [v2:172.21.15.86:6800/155657181,v1:172.21.15.86:6801/155657181] conn(0x7ff1f403e5e0 0x7ff1f4040aa0 secure :-1 s=READY pgs=9 cs=0 l=1 rev1=1 crypto rx=0x7ff200006fd0 tx=0x7ff200006e40 comp rx=0 tx=0).stop
2024-05-12T10:58:50.815 INFO:teuthology.orchestra.run.smithi086.stdout:/usr/bin/ceph: stderr
2024-05-12T10:58:49.289+0000 7ff211e2b700 1 -- 172.21.15.86:0/229838753 >> [v2:172.21.15.86:3300/0,v1:172.21.15.86:6789/0] conn(0x7ff20c109920 msgr2=0x7ff20c19ce10 secure :-1 s=STATE_CONNECTION_ESTABLISHED l=1).mark_down
2024-05-12T10:58:50.815 INFO:teuthology.orchestra.run.smithi086.stdout:/usr/bin/ceph: stderr
2024-05-12T10:58:49.289+0000 7ff211e2b700 1 --2- 172.21.15.86:0/229838753 >> [v2:172.21.15.86:3300/0,v1:172.21.15.86:6789/0] conn(0x7ff20c109920 0x7ff20c19ce10 secure :-1 s=READY pgs=75 cs=0 l=1 rev1=1 crypto rx=0x7ff1fc004660 tx=0x7ff1fc011aa0 comp rx=0 tx=0).stop
2024-05-12T10:58:50.815 INFO:teuthology.orchestra.run.smithi086.stdout:/usr/bin/ceph: stderr
2024-05-12T10:58:49.289+0000 7ff211e2b700 1 -- 172.21.15.86:0/229838753 shutdown_connections
2024-05-12T10:58:50.815 INFO:teuthology.orchestra.run.smithi086.stdout:/usr/bin/ceph: stderr
2024-05-12T10:58:49.289+0000 7ff211e2b700 1 --2- 172.21.15.86:0/229838753 >> [v2:172.21.15.86:6800/155657181,v1:172.21.15.86:6801/155657181] conn(0x7ff1f403e5e0 0x7ff1f4040aa0 unknown :-1 s=CLOSED pgs=9 cs=0 l=1 rev1=1 crypto rx=0 tx=0 comp rx=0 tx=0).stop
2024-05-12T10:58:50.815 INFO:teuthology.orchestra.run.smithi086.stdout:/usr/bin/ceph: stderr
2024-05-12T10:58:49.289+0000 7ff211e2b700 1 --2- 172.21.15.86:0/229838753 >> [v2:172.21.15.86:3300/0,v1:172.21.15.86:6789/0] conn(0x7ff20c109920 0x7ff20c19ce10 unknown :-1 s=CLOSED pgs=75 cs=0 l=1 rev1=1 crypto rx=0 tx=0 comp rx=0 tx=0).stop
2024-05-12T10:58:50.815 INFO:teuthology.orchestra.run.smithi086.stdout:/usr/bin/ceph: stderr
2024-05-12T10:58:49.289+0000 7ff211e2b700 1 -- 172.21.15.86:0/229838753 >> 172.21.15.86:0/229838753 conn(0x7ff20c103350 msgr2=0x7ff20c103d20 unknown :-1 s=STATE_NONE l=0).mark_down
2024-05-12T10:58:50.815 INFO:teuthology.orchestra.run.smithi086.stdout:/usr/bin/ceph: stderr
2024-05-12T10:58:49.289+0000 7ff211e2b700 1 -- 172.21.15.86:0/229838753 shutdown_connections
2024-05-12T10:58:50.815 INFO:teuthology.orchestra.run.smithi086.stdout:/usr/bin/ceph: stderr
2024-05-12T10:58:49.289+0000 7ff211e2b700 1 -- 172.21.15.86:0/229838753 wait complete.
2024-05-12T10:58:50.819 INFO:teuthology.orchestra.run.smithi086.stdout:Non-zero exit code 1 from systemctl is-enabled firewalld.service
2024-05-12T10:58:50.819 INFO:teuthology.orchestra.run.smithi086.stdout:systemctl: stdout disabled
2024-05-12T10:58:50.827 INFO:teuthology.orchestra.run.smithi086.stdout:Non-zero exit code 3 from systemctl is-active firewalld.service
2024-05-12T10:58:50.827 INFO:teuthology.orchestra.run.smithi086.stdout:systemctl: stdout inactive
2024-05-12T10:58:50.827 INFO:teuthology.orchestra.run.smithi086.stdout:firewalld.service is not enabled
2024-05-12T10:58:50.828 INFO:teuthology.orchestra.run.smithi086.stdout:Not possible to open ports <[8443]>. firewalld.service is not available
2024-05-12T10:58:50.829 INFO:teuthology.orchestra.run.smithi086.stdout:Ceph Dashboard is now available at:
2024-05-12T10:58:50.829 INFO:teuthology.orchestra.run.smithi086.stdout:
2024-05-12T10:58:50.829 INFO:teuthology.orchestra.run.smithi086.stdout: URL: https://smithi086.front.sepia.ceph.com:8443/
2024-05-12T10:58:50.829 INFO:teuthology.orchestra.run.smithi086.stdout: User: admin
2024-05-12T10:58:50.829 INFO:teuthology.orchestra.run.smithi086.stdout: Password: zdufj7z7uy
2024-05-12T10:58:50.829 INFO:teuthology.orchestra.run.smithi086.stdout:
2024-05-12T10:58:50.830 INFO:teuthology.orchestra.run.smithi086.stdout:Saving cluster configuration to /var/lib/ceph/513c80a2-104e-11ef-bc98-c7b262605968/config directory
2024-05-12T10:58:50.830 INFO:teuthology.orchestra.run.smithi086.stdout:Enabling autotune for osd_memory_target
2024-05-12T10:58:51.484 INFO:journalctl@ceph.mon.a.smithi086.stdout:May 12 10:58:51 smithi086 ceph-mon[30110]: mgrmap e13: x(active, since 6s)
2024-05-12T10:58:52.082 INFO:teuthology.orchestra.run.smithi086.stdout:/usr/bin/ceph: stderr
2024-05-12T10:58:51.266+0000 7fa13602c700 1 Processor -- start
2024-05-12T10:58:52.083 INFO:teuthology.orchestra.run.smithi086.stdout:/usr/bin/ceph: stderr
2024-05-12T10:58:51.266+0000 7fa13602c700 1 -- start start
2024-05-12T10:58:52.083 INFO:teuthology.orchestra.run.smithi086.stdout:/usr/bin/ceph: stderr
2024-05-12T10:58:51.266+0000 7fa13602c700 1 --2- >> [v2:172.21.15.86:3300/0,v1:172.21.15.86:6789/0] conn(0x7fa130107d90 0x7fa1301081b0 unknown :-1 s=NONE pgs=0 cs=0 l=0 rev1=0 crypto rx=0 tx=0 comp rx=0 tx=0).connect
2024-05-12T10:58:52.083 INFO:teuthology.orchestra.run.smithi086.stdout:/usr/bin/ceph: stderr
2024-05-12T10:58:51.266+0000 7fa13602c700 1 -- --> [v2:172.21.15.86:3300/0,v1:172.21.15.86:6789/0] -- mon_getmap magic: 0 -- 0x7fa130108780 con 0x7fa130107d90
2024-05-12T10:58:52.083 INFO:teuthology.orchestra.run.smithi086.stdout:/usr/bin/ceph: stderr
2024-05-12T10:58:51.266+0000 7fa12f7fe700 1 --2- >> [v2:172.21.15.86:3300/0,v1:172.21.15.86:6789/0] conn(0x7fa130107d90 0x7fa1301081b0 unknown :-1 s=BANNER_CONNECTING pgs=0 cs=0 l=0 rev1=0 crypto rx=0 tx=0 comp rx=0 tx=0)._handle_peer_banner_payload supported=3 required=0
2024-05-12T10:58:52.083 INFO:teuthology.orchestra.run.smithi086.stdout:/usr/bin/ceph: stderr
2024-05-12T10:58:51.266+0000 7fa12f7fe700 1 --2- >> [v2:172.21.15.86:3300/0,v1:172.21.15.86:6789/0] conn(0x7fa130107d90 0x7fa1301081b0 unknown :-1 s=HELLO_CONNECTING pgs=0 cs=0 l=0 rev1=1 crypto rx=0 tx=0 comp rx=0 tx=0).handle_hello peer v2:172.21.15.86:3300/0 says I am v2:172.21.15.86:43718/0 (socket says 172.21.15.86:43718)
