2024-05-14T16:52:40.122 INFO:teuthology.orchestra.run.smithi099.stdout:/usr/bin/ceph: stderr
2024-05-14T16:52:39.341+0000 7fca39933700 1 -- 172.21.15.99:0/4177664346 shutdown_connections
2024-05-14T16:52:40.122 INFO:teuthology.orchestra.run.smithi099.stdout:/usr/bin/ceph: stderr
2024-05-14T16:52:39.341+0000 7fca39933700 1 --2- 172.21.15.99:0/4177664346 >> [v2:172.21.15.99:3300/0,v1:172.21.15.99:6789/0] conn(0x7fca34109b40 0x7fca3410bf30 unknown :-1 s=CLOSED pgs=39 cs=0 l=1 rev1=1 crypto rx=0 tx=0 comp rx=0 tx=0).stop
2024-05-14T16:52:40.122 INFO:teuthology.orchestra.run.smithi099.stdout:/usr/bin/ceph: stderr
2024-05-14T16:52:39.341+0000 7fca39933700 1 -- 172.21.15.99:0/4177664346 >> 172.21.15.99:0/4177664346 conn(0x7fca341034f0 msgr2=0x7fca34105910 unknown :-1 s=STATE_NONE l=0).mark_down
2024-05-14T16:52:40.122 INFO:teuthology.orchestra.run.smithi099.stdout:/usr/bin/ceph: stderr
2024-05-14T16:52:39.341+0000 7fca39933700 1 -- 172.21.15.99:0/4177664346 shutdown_connections
2024-05-14T16:52:40.122 INFO:teuthology.orchestra.run.smithi099.stdout:/usr/bin/ceph: stderr
2024-05-14T16:52:39.341+0000 7fca39933700 1 -- 172.21.15.99:0/4177664346 wait complete.
2024-05-14T16:52:40.122 INFO:teuthology.orchestra.run.smithi099.stdout:/usr/bin/ceph: stderr
2024-05-14T16:52:39.342+0000 7fca39933700 1 Processor -- start
2024-05-14T16:52:40.122 INFO:teuthology.orchestra.run.smithi099.stdout:/usr/bin/ceph: stderr
2024-05-14T16:52:39.342+0000 7fca39933700 1 -- start start
2024-05-14T16:52:40.122 INFO:teuthology.orchestra.run.smithi099.stdout:/usr/bin/ceph: stderr
2024-05-14T16:52:39.342+0000 7fca39933700 1 --2- >> [v2:172.21.15.99:3300/0,v1:172.21.15.99:6789/0] conn(0x7fca34109b40 0x7fca341093c0 unknown :-1 s=NONE pgs=0 cs=0 l=1 rev1=0 crypto rx=0 tx=0 comp rx=0 tx=0).connect
2024-05-14T16:52:40.123 INFO:teuthology.orchestra.run.smithi099.stdout:/usr/bin/ceph: stderr
2024-05-14T16:52:39.342+0000 7fca39933700 1 -- --> [v2:172.21.15.99:3300/0,v1:172.21.15.99:6789/0] -- mon_getmap magic: 0 -- 0x7fca3410d3d0 con 0x7fca34109b40
2024-05-14T16:52:40.123 INFO:teuthology.orchestra.run.smithi099.stdout:/usr/bin/ceph: stderr
2024-05-14T16:52:39.342+0000 7fca32ffd700 1 --2- >> [v2:172.21.15.99:3300/0,v1:172.21.15.99:6789/0] conn(0x7fca34109b40 0x7fca341093c0 unknown :-1 s=BANNER_CONNECTING pgs=0 cs=0 l=1 rev1=0 crypto rx=0 tx=0 comp rx=0 tx=0)._handle_peer_banner_payload supported=3 required=0
2024-05-14T16:52:40.123 INFO:teuthology.orchestra.run.smithi099.stdout:/usr/bin/ceph: stderr
2024-05-14T16:52:39.342+0000 7fca32ffd700 1 --2- >> [v2:172.21.15.99:3300/0,v1:172.21.15.99:6789/0] conn(0x7fca34109b40 0x7fca341093c0 unknown :-1 s=HELLO_CONNECTING pgs=0 cs=0 l=1 rev1=1 crypto rx=0 tx=0 comp rx=0 tx=0).handle_hello peer v2:172.21.15.99:3300/0 says I am v2:172.21.15.99:44520/0 (socket says 172.21.15.99:44520)
2024-05-14T16:52:40.123 INFO:teuthology.orchestra.run.smithi099.stdout:/usr/bin/ceph: stderr
2024-05-14T16:52:39.342+0000 7fca32ffd700 1 -- 172.21.15.99:0/4016598070 learned_addr learned my addr 172.21.15.99:0/4016598070 (peer_addr_for_me v2:172.21.15.99:0/0)
2024-05-14T16:52:40.123 INFO:teuthology.orchestra.run.smithi099.stdout:/usr/bin/ceph: stderr
2024-05-14T16:52:39.342+0000 7fca32ffd700 1 -- 172.21.15.99:0/4016598070 --> [v2:172.21.15.99:3300/0,v1:172.21.15.99:6789/0] -- mon_subscribe({config=0+,monmap=0+}) -- 0x7fca34109900 con 0x7fca34109b40
2024-05-14T16:52:40.123 INFO:teuthology.orchestra.run.smithi099.stdout:/usr/bin/ceph: stderr
2024-05-14T16:52:39.343+0000 7fca32ffd700 1 --2- 172.21.15.99:0/4016598070 >> [v2:172.21.15.99:3300/0,v1:172.21.15.99:6789/0] conn(0x7fca34109b40 0x7fca341093c0 secure :-1 s=READY pgs=40 cs=0 l=1 rev1=1 crypto rx=0x7fca24009fb0 tx=0x7fca24011940 comp rx=0 tx=0).ready entity=mon.0 client_cookie=0 server_cookie=0 in_seq=0 out_seq=0
2024-05-14T16:52:40.123 INFO:teuthology.orchestra.run.smithi099.stdout:/usr/bin/ceph: stderr
2024-05-14T16:52:39.343+0000 7fca38931700 1 -- 172.21.15.99:0/4016598070 <== mon.0 v2:172.21.15.99:3300/0 1 ==== mon_map magic: 0 ==== 205+0+0 (secure 0 0 0) 0x7fca240036a0 con 0x7fca34109b40
2024-05-14T16:52:40.123 INFO:teuthology.orchestra.run.smithi099.stdout:/usr/bin/ceph: stderr
2024-05-14T16:52:39.343+0000 7fca38931700 1 -- 172.21.15.99:0/4016598070 <== mon.0 v2:172.21.15.99:3300/0 2 ==== config(26 keys) ==== 1070+0+0 (secure 0 0 0) 0x7fca2401a430 con 0x7fca34109b40
2024-05-14T16:52:40.123 INFO:teuthology.orchestra.run.smithi099.stdout:/usr/bin/ceph: stderr
2024-05-14T16:52:39.343+0000 7fca38931700 1 -- 172.21.15.99:0/4016598070 <== mon.0 v2:172.21.15.99:3300/0 3 ==== mon_map magic: 0 ==== 205+0+0 (secure 0 0 0) 0x7fca24019550 con 0x7fca34109b40
2024-05-14T16:52:40.123 INFO:teuthology.orchestra.run.smithi099.stdout:/usr/bin/ceph: stderr
2024-05-14T16:52:39.343+0000 7fca39933700 1 -- 172.21.15.99:0/4016598070 --> [v2:172.21.15.99:3300/0,v1:172.21.15.99:6789/0] -- mon_subscribe({mgrmap=0+}) -- 0x7fca34107af0 con 0x7fca34109b40
2024-05-14T16:52:40.123 INFO:teuthology.orchestra.run.smithi099.stdout:/usr/bin/ceph: stderr
2024-05-14T16:52:39.343+0000 7fca39933700 1 -- 172.21.15.99:0/4016598070 --> [v2:172.21.15.99:3300/0,v1:172.21.15.99:6789/0] -- mon_subscribe({osdmap=0}) -- 0x7fca34108030 con 0x7fca34109b40
2024-05-14T16:52:40.123 INFO:teuthology.orchestra.run.smithi099.stdout:/usr/bin/ceph: stderr
2024-05-14T16:52:39.344+0000 7fca38931700 1 -- 172.21.15.99:0/4016598070 <== mon.0 v2:172.21.15.99:3300/0 4 ==== mgrmap(e 8) ==== 50222+0+0 (secure 0 0 0) 0x7fca24019800 con 0x7fca34109b40
2024-05-14T16:52:40.123 INFO:teuthology.orchestra.run.smithi099.stdout:/usr/bin/ceph: stderr
2024-05-14T16:52:39.344+0000 7fca38931700 1 --2- 172.21.15.99:0/4016598070 >> [v2:172.21.15.99:6800/1816772983,v1:172.21.15.99:6801/1816772983] conn(0x7fca1c03e470 0x7fca1c040930 unknown :-1 s=NONE pgs=0 cs=0 l=1 rev1=0 crypto rx=0 tx=0 comp rx=0 tx=0).connect
2024-05-14T16:52:40.123 INFO:teuthology.orchestra.run.smithi099.stdout:/usr/bin/ceph: stderr
2024-05-14T16:52:39.344+0000 7fca39933700 1 -- 172.21.15.99:0/4016598070 --> [v2:172.21.15.99:3300/0,v1:172.21.15.99:6789/0] -- mon_command({"prefix": "get_command_descriptions"} v 0) -- 0x7fca3406a6a0 con 0x7fca34109b40
2024-05-14T16:52:40.124 INFO:teuthology.orchestra.run.smithi099.stdout:/usr/bin/ceph: stderr
2024-05-14T16:52:39.344+0000 7fca38931700 1 -- 172.21.15.99:0/4016598070 <== mon.0 v2:172.21.15.99:3300/0 5 ==== osd_map(2..2 src has 1..2) ==== 940+0+0 (secure 0 0 0) 0x7fca24053b80 con 0x7fca34109b40
2024-05-14T16:52:40.124 INFO:teuthology.orchestra.run.smithi099.stdout:/usr/bin/ceph: stderr
2024-05-14T16:52:39.344+0000 7fca327fc700 1 --2- 172.21.15.99:0/4016598070 >> [v2:172.21.15.99:6800/1816772983,v1:172.21.15.99:6801/1816772983] conn(0x7fca1c03e470 0x7fca1c040930 unknown :-1 s=BANNER_CONNECTING pgs=0 cs=0 l=1 rev1=0 crypto rx=0 tx=0 comp rx=0 tx=0)._handle_peer_banner_payload supported=3 required=0
2024-05-14T16:52:40.124 INFO:teuthology.orchestra.run.smithi099.stdout:/usr/bin/ceph: stderr
2024-05-14T16:52:39.344+0000 7fca327fc700 1 --2- 172.21.15.99:0/4016598070 >> [v2:172.21.15.99:6800/1816772983,v1:172.21.15.99:6801/1816772983] conn(0x7fca1c03e470 0x7fca1c040930 secure :-1 s=READY pgs=8 cs=0 l=1 rev1=1 crypto rx=0x7fca28006fd0 tx=0x7fca28006e40 comp rx=0 tx=0).ready entity=mgr.14120 client_cookie=0 server_cookie=0 in_seq=0 out_seq=0
2024-05-14T16:52:40.124 INFO:teuthology.orchestra.run.smithi099.stdout:/usr/bin/ceph: stderr
2024-05-14T16:52:39.349+0000 7fca38931700 1 -- 172.21.15.99:0/4016598070 <== mon.0 v2:172.21.15.99:3300/0 6 ==== mon_command_ack([{"prefix": "get_command_descriptions"}]=0 v0) ==== 72+0+191963 (secure 0 0 0) 0x7fca2401a5e0 con 0x7fca34109b40
2024-05-14T16:52:40.124 INFO:teuthology.orchestra.run.smithi099.stdout:/usr/bin/ceph: stderr
2024-05-14T16:52:39.555+0000 7fca39933700 1 -- 172.21.15.99:0/4016598070 --> [v2:172.21.15.99:6800/1816772983,v1:172.21.15.99:6801/1816772983] -- mgr_command(tid 0: {"prefix": "cephadm set-user", "user": "root", "target": ["mon-mgr", ""]}) -- 0x7fca341089b0 con 0x7fca1c03e470
2024-05-14T16:52:40.124 INFO:teuthology.orchestra.run.smithi099.stdout:/usr/bin/ceph: stderr
2024-05-14T16:52:39.556+0000 7fca38931700 1 -- 172.21.15.99:0/4016598070 <== mgr.14120 v2:172.21.15.99:6800/1816772983 1 ==== mgr_command_reply(tid 0: 0 ) ==== 8+0+16 (secure 0 0 0) 0x7fca341089b0 con 0x7fca1c03e470
2024-05-14T16:52:40.124 INFO:teuthology.orchestra.run.smithi099.stdout:/usr/bin/ceph: stderr
2024-05-14T16:52:39.558+0000 7fca39933700 1 -- 172.21.15.99:0/4016598070 >> [v2:172.21.15.99:6800/1816772983,v1:172.21.15.99:6801/1816772983] conn(0x7fca1c03e470 msgr2=0x7fca1c040930 secure :-1 s=STATE_CONNECTION_ESTABLISHED l=1).mark_down
2024-05-14T16:52:40.124 INFO:teuthology.orchestra.run.smithi099.stdout:/usr/bin/ceph: stderr
2024-05-14T16:52:39.558+0000 7fca39933700 1 --2- 172.21.15.99:0/4016598070 >> [v2:172.21.15.99:6800/1816772983,v1:172.21.15.99:6801/1816772983] conn(0x7fca1c03e470 0x7fca1c040930 secure :-1 s=READY pgs=8 cs=0 l=1 rev1=1 crypto rx=0x7fca28006fd0 tx=0x7fca28006e40 comp rx=0 tx=0).stop
2024-05-14T16:52:40.124 INFO:teuthology.orchestra.run.smithi099.stdout:/usr/bin/ceph: stderr
2024-05-14T16:52:39.558+0000 7fca39933700 1 -- 172.21.15.99:0/4016598070 >> [v2:172.21.15.99:3300/0,v1:172.21.15.99:6789/0] conn(0x7fca34109b40 msgr2=0x7fca341093c0 secure :-1 s=STATE_CONNECTION_ESTABLISHED l=1).mark_down
2024-05-14T16:52:40.124 INFO:teuthology.orchestra.run.smithi099.stdout:/usr/bin/ceph: stderr
2024-05-14T16:52:39.558+0000 7fca39933700 1 --2- 172.21.15.99:0/4016598070 >> [v2:172.21.15.99:3300/0,v1:172.21.15.99:6789/0] conn(0x7fca34109b40 0x7fca341093c0 secure :-1 s=READY pgs=40 cs=0 l=1 rev1=1 crypto rx=0x7fca24009fb0 tx=0x7fca24011940 comp rx=0 tx=0).stop
2024-05-14T16:52:40.124 INFO:teuthology.orchestra.run.smithi099.stdout:/usr/bin/ceph: stderr
2024-05-14T16:52:39.558+0000 7fca39933700 1 -- 172.21.15.99:0/4016598070 shutdown_connections
2024-05-14T16:52:40.124 INFO:teuthology.orchestra.run.smithi099.stdout:/usr/bin/ceph: stderr
2024-05-14T16:52:39.558+0000 7fca39933700 1 --2- 172.21.15.99:0/4016598070 >> [v2:172.21.15.99:6800/1816772983,v1:172.21.15.99:6801/1816772983] conn(0x7fca1c03e470 0x7fca1c040930 unknown :-1 s=CLOSED pgs=8 cs=0 l=1 rev1=1 crypto rx=0 tx=0 comp rx=0 tx=0).stop
2024-05-14T16:52:40.124 INFO:teuthology.orchestra.run.smithi099.stdout:/usr/bin/ceph: stderr
2024-05-14T16:52:39.559+0000 7fca39933700 1 --2- 172.21.15.99:0/4016598070 >> [v2:172.21.15.99:3300/0,v1:172.21.15.99:6789/0] conn(0x7fca34109b40 0x7fca341093c0 unknown :-1 s=CLOSED pgs=40 cs=0 l=1 rev1=1 crypto rx=0 tx=0 comp rx=0 tx=0).stop
2024-05-14T16:52:40.124 INFO:teuthology.orchestra.run.smithi099.stdout:/usr/bin/ceph: stderr
2024-05-14T16:52:39.559+0000 7fca39933700 1 -- 172.21.15.99:0/4016598070 >> 172.21.15.99:0/4016598070 conn(0x7fca341034f0 msgr2=0x7fca34104070 unknown :-1 s=STATE_NONE l=0).mark_down
2024-05-14T16:52:40.125 INFO:teuthology.orchestra.run.smithi099.stdout:/usr/bin/ceph: stderr
2024-05-14T16:52:39.559+0000 7fca39933700 1 -- 172.21.15.99:0/4016598070 shutdown_connections
2024-05-14T16:52:40.125 INFO:teuthology.orchestra.run.smithi099.stdout:/usr/bin/ceph: stderr
2024-05-14T16:52:39.559+0000 7fca39933700 1 -- 172.21.15.99:0/4016598070 wait complete.
2024-05-14T16:52:40.125 INFO:teuthology.orchestra.run.smithi099.stdout:Generating ssh key...
2024-05-14T16:52:40.415 INFO:journalctl@ceph.mon.a.smithi099.stdout:May 14 16:52:40 smithi099 ceph-mon[31851]: from='client.14134 -' entity='client.admin' cmd=[{"prefix": "cephadm set-user", "user": "root", "target": ["mon-mgr", ""]}]: dispatch
2024-05-14T16:52:41.461 INFO:journalctl@ceph.mon.a.smithi099.stdout:May 14 16:52:41 smithi099 ceph-mon[31851]: from='client.14136 -' entity='client.admin' cmd=[{"prefix": "cephadm generate-key", "target": ["mon-mgr", ""]}]: dispatch
2024-05-14T16:52:41.461 INFO:journalctl@ceph.mon.a.smithi099.stdout:May 14 16:52:41 smithi099 ceph-mon[31851]: Generating ssh key...
2024-05-14T16:52:41.461 INFO:journalctl@ceph.mgr.x.smithi099.stdout:May 14 16:52:41 smithi099 ceph-2a006d80-1212-11ef-bc98-c7b262605968-mgr-x[32082]: Generating public/private rsa key pair.
2024-05-14T16:52:41.461 INFO:journalctl@ceph.mgr.x.smithi099.stdout:May 14 16:52:41 smithi099 ceph-2a006d80-1212-11ef-bc98-c7b262605968-mgr-x[32082]: Your identification has been saved in /tmp/tmp71jualil/key.
2024-05-14T16:52:41.461 INFO:journalctl@ceph.mgr.x.smithi099.stdout:May 14 16:52:41 smithi099 ceph-2a006d80-1212-11ef-bc98-c7b262605968-mgr-x[32082]: Your public key has been saved in /tmp/tmp71jualil/key.pub.
2024-05-14T16:52:41.461 INFO:journalctl@ceph.mgr.x.smithi099.stdout:May 14 16:52:41 smithi099 ceph-2a006d80-1212-11ef-bc98-c7b262605968-mgr-x[32082]: The key fingerprint is:
2024-05-14T16:52:41.461 INFO:journalctl@ceph.mgr.x.smithi099.stdout:May 14 16:52:41 smithi099 ceph-2a006d80-1212-11ef-bc98-c7b262605968-mgr-x[32082]: SHA256:4GxK4xnj2b2/azC6MDDqQyJ2gDJKfB3pd4JtTsurPbs ceph-2a006d80-1212-11ef-bc98-c7b262605968
2024-05-14T16:52:41.461 INFO:journalctl@ceph.mgr.x.smithi099.stdout:May 14 16:52:41 smithi099 ceph-2a006d80-1212-11ef-bc98-c7b262605968-mgr-x[32082]: The key's randomart image is:
2024-05-14T16:52:41.461 INFO:journalctl@ceph.mgr.x.smithi099.stdout:May 14 16:52:41 smithi099 ceph-2a006d80-1212-11ef-bc98-c7b262605968-mgr-x[32082]: +---[RSA 3072]----+
2024-05-14T16:52:41.462 INFO:journalctl@ceph.mgr.x.smithi099.stdout:May 14 16:52:41 smithi099 ceph-2a006d80-1212-11ef-bc98-c7b262605968-mgr-x[32082]: | . |
2024-05-14T16:52:41.462 INFO:journalctl@ceph.mgr.x.smithi099.stdout:May 14 16:52:41 smithi099 ceph-2a006d80-1212-11ef-bc98-c7b262605968-mgr-x[32082]: | o |
2024-05-14T16:52:41.462 INFO:journalctl@ceph.mgr.x.smithi099.stdout:May 14 16:52:41 smithi099 ceph-2a006d80-1212-11ef-bc98-c7b262605968-mgr-x[32082]: |o o = |
2024-05-14T16:52:41.462 INFO:journalctl@ceph.mgr.x.smithi099.stdout:May 14 16:52:41 smithi099 ceph-2a006d80-1212-11ef-bc98-c7b262605968-mgr-x[32082]: |++ . * B . |
2024-05-14T16:52:41.462 INFO:journalctl@ceph.mgr.x.smithi099.stdout:May 14 16:52:41 smithi099 ceph-2a006d80-1212-11ef-bc98-c7b262605968-mgr-x[32082]: |+.= = X S |
2024-05-14T16:52:41.462 INFO:journalctl@ceph.mgr.x.smithi099.stdout:May 14 16:52:41 smithi099 ceph-2a006d80-1212-11ef-bc98-c7b262605968-mgr-x[32082]: |++ B X =o |
2024-05-14T16:52:41.462 INFO:journalctl@ceph.mgr.x.smithi099.stdout:May 14 16:52:41 smithi099 ceph-2a006d80-1212-11ef-bc98-c7b262605968-mgr-x[32082]: |* . O ..oo |
2024-05-14T16:52:41.462 INFO:journalctl@ceph.mgr.x.smithi099.stdout:May 14 16:52:41 smithi099 ceph-2a006d80-1212-11ef-bc98-c7b262605968-mgr-x[32082]: |.. ooo .. |
2024-05-14T16:52:41.462 INFO:journalctl@ceph.mgr.x.smithi099.stdout:May 14 16:52:41 smithi099 ceph-2a006d80-1212-11ef-bc98-c7b262605968-mgr-x[32082]: | .. .oE=o+o |
2024-05-14T16:52:41.462 INFO:journalctl@ceph.mgr.x.smithi099.stdout:May 14 16:52:41 smithi099 ceph-2a006d80-1212-11ef-bc98-c7b262605968-mgr-x[32082]: +----[SHA256]-----+
2024-05-14T16:52:41.752 INFO:teuthology.orchestra.run.smithi099.stdout:/usr/bin/ceph: stderr
2024-05-14T16:52:40.518+0000 7f8aac781700 1 Processor -- start
2024-05-14T16:52:41.752 INFO:teuthology.orchestra.run.smithi099.stdout:/usr/bin/ceph: stderr
2024-05-14T16:52:40.518+0000 7f8aac781700 1 -- start start
2024-05-14T16:52:41.752 INFO:teuthology.orchestra.run.smithi099.stdout:/usr/bin/ceph: stderr
2024-05-14T16:52:40.519+0000 7f8aac781700 1 --2- >> [v2:172.21.15.99:3300/0,v1:172.21.15.99:6789/0] conn(0x7f8aa4107f10 0x7f8aa4108350 unknown :-1 s=NONE pgs=0 cs=0 l=0 rev1=0 crypto rx=0 tx=0 comp rx=0 tx=0).connect
2024-05-14T16:52:41.753 INFO:teuthology.orchestra.run.smithi099.stdout:/usr/bin/ceph: stderr
2024-05-14T16:52:40.519+0000 7f8aac781700 1 -- --> [v2:172.21.15.99:3300/0,v1:172.21.15.99:6789/0] -- mon_getmap magic: 0 -- 0x7f8aa4108890 con 0x7f8aa4107f10
2024-05-14T16:52:41.753 INFO:teuthology.orchestra.run.smithi099.stdout:/usr/bin/ceph: stderr
2024-05-14T16:52:40.519+0000 7f8aaa51d700 1 --2- >> [v2:172.21.15.99:3300/0,v1:172.21.15.99:6789/0] conn(0x7f8aa4107f10 0x7f8aa4108350 unknown :-1 s=BANNER_CONNECTING pgs=0 cs=0 l=0 rev1=0 crypto rx=0 tx=0 comp rx=0 tx=0)._handle_peer_banner_payload supported=3 required=0
2024-05-14T16:52:41.753 INFO:teuthology.orchestra.run.smithi099.stdout:/usr/bin/ceph: stderr
2024-05-14T16:52:40.519+0000 7f8aaa51d700 1 --2- >> [v2:172.21.15.99:3300/0,v1:172.21.15.99:6789/0] conn(0x7f8aa4107f10 0x7f8aa4108350 unknown :-1 s=HELLO_CONNECTING pgs=0 cs=0 l=0 rev1=1 crypto rx=0 tx=0 comp rx=0 tx=0).handle_hello peer v2:172.21.15.99:3300/0 says I am v2:172.21.15.99:44532/0 (socket says 172.21.15.99:44532)
2024-05-14T16:52:41.753 INFO:teuthology.orchestra.run.smithi099.stdout:/usr/bin/ceph: stderr
2024-05-14T16:52:40.519+0000 7f8aaa51d700 1 -- 172.21.15.99:0/2365179938 learned_addr learned my addr 172.21.15.99:0/2365179938 (peer_addr_for_me v2:172.21.15.99:0/0)
2024-05-14T16:52:41.753 INFO:teuthology.orchestra.run.smithi099.stdout:/usr/bin/ceph: stderr
2024-05-14T16:52:40.519+0000 7f8aaa51d700 1 -- 172.21.15.99:0/2365179938 --> [v2:172.21.15.99:3300/0,v1:172.21.15.99:6789/0] -- mon_subscribe({config=0+,monmap=0+}) -- 0x7f8aa41090f0 con 0x7f8aa4107f10
2024-05-14T16:52:41.753 INFO:teuthology.orchestra.run.smithi099.stdout:/usr/bin/ceph: stderr
2024-05-14T16:52:40.519+0000 7f8aaa51d700 1 --2- 172.21.15.99:0/2365179938 >> [v2:172.21.15.99:3300/0,v1:172.21.15.99:6789/0] conn(0x7f8aa4107f10 0x7f8aa4108350 secure :-1 s=READY pgs=41 cs=0 l=1 rev1=1 crypto rx=0x7f8a940098a0 tx=0x7f8a94009bb0 comp rx=0 tx=0).ready entity=mon.0 client_cookie=f58a7532d402c7be server_cookie=0 in_seq=0 out_seq=0
2024-05-14T16:52:41.753 INFO:teuthology.orchestra.run.smithi099.stdout:/usr/bin/ceph: stderr
2024-05-14T16:52:40.519+0000 7f8aa951b700 1 -- 172.21.15.99:0/2365179938 <== mon.0 v2:172.21.15.99:3300/0 1 ==== mon_map magic: 0 ==== 205+0+0 (secure 0 0 0) 0x7f8a94004160 con 0x7f8aa4107f10
2024-05-14T16:52:41.753 INFO:teuthology.orchestra.run.smithi099.stdout:/usr/bin/ceph: stderr
2024-05-14T16:52:40.519+0000 7f8aa951b700 1 -- 172.21.15.99:0/2365179938 <== mon.0 v2:172.21.15.99:3300/0 2 ==== config(26 keys) ==== 1070+0+0 (secure 0 0 0) 0x7f8a94004300 con 0x7f8aa4107f10
2024-05-14T16:52:41.753 INFO:teuthology.orchestra.run.smithi099.stdout:/usr/bin/ceph: stderr
2024-05-14T16:52:40.519+0000 7f8aa951b700 1 -- 172.21.15.99:0/2365179938 <== mon.0 v2:172.21.15.99:3300/0 3 ==== mon_map magic: 0 ==== 205+0+0 (secure 0 0 0) 0x7f8a94011af0 con 0x7f8aa4107f10
2024-05-14T16:52:41.753 INFO:teuthology.orchestra.run.smithi099.stdout:/usr/bin/ceph: stderr
2024-05-14T16:52:40.520+0000 7f8aac781700 1 -- 172.21.15.99:0/2365179938 >> [v2:172.21.15.99:3300/0,v1:172.21.15.99:6789/0] conn(0x7f8aa4107f10 msgr2=0x7f8aa4108350 secure :-1 s=STATE_CONNECTION_ESTABLISHED l=1).mark_down
2024-05-14T16:52:41.753 INFO:teuthology.orchestra.run.smithi099.stdout:/usr/bin/ceph: stderr
2024-05-14T16:52:40.520+0000 7f8aac781700 1 --2- 172.21.15.99:0/2365179938 >> [v2:172.21.15.99:3300/0,v1:172.21.15.99:6789/0] conn(0x7f8aa4107f10 0x7f8aa4108350 secure :-1 s=READY pgs=41 cs=0 l=1 rev1=1 crypto rx=0x7f8a940098a0 tx=0x7f8a94009bb0 comp rx=0 tx=0).stop
2024-05-14T16:52:41.753 INFO:teuthology.orchestra.run.smithi099.stdout:/usr/bin/ceph: stderr
2024-05-14T16:52:40.520+0000 7f8aac781700 1 -- 172.21.15.99:0/2365179938 shutdown_connections
2024-05-14T16:52:41.753 INFO:teuthology.orchestra.run.smithi099.stdout:/usr/bin/ceph: stderr
2024-05-14T16:52:40.520+0000 7f8aac781700 1 --2- 172.21.15.99:0/2365179938 >> [v2:172.21.15.99:3300/0,v1:172.21.15.99:6789/0] conn(0x7f8aa4107f10 0x7f8aa4108350 unknown :-1 s=CLOSED pgs=41 cs=0 l=1 rev1=1 crypto rx=0 tx=0 comp rx=0 tx=0).stop
2024-05-14T16:52:41.753 INFO:teuthology.orchestra.run.smithi099.stdout:/usr/bin/ceph: stderr
2024-05-14T16:52:40.520+0000 7f8aac781700 1 -- 172.21.15.99:0/2365179938 >> 172.21.15.99:0/2365179938 conn(0x7f8aa41034e0 msgr2=0x7f8aa4105940 unknown :-1 s=STATE_NONE l=0).mark_down
2024-05-14T16:52:41.754 INFO:teuthology.orchestra.run.smithi099.stdout:/usr/bin/ceph: stderr
2024-05-14T16:52:40.520+0000 7f8aac781700 1 -- 172.21.15.99:0/2365179938 shutdown_connections
2024-05-14T16:52:41.754 INFO:teuthology.orchestra.run.smithi099.stdout:/usr/bin/ceph: stderr
2024-05-14T16:52:40.520+0000 7f8aac781700 1 -- 172.21.15.99:0/2365179938 wait complete.
2024-05-14T16:52:41.754 INFO:teuthology.orchestra.run.smithi099.stdout:/usr/bin/ceph: stderr
2024-05-14T16:52:40.521+0000 7f8aac781700 1 Processor -- start
2024-05-14T16:52:41.754 INFO:teuthology.orchestra.run.smithi099.stdout:/usr/bin/ceph: stderr
2024-05-14T16:52:40.521+0000 7f8aac781700 1 -- start start
2024-05-14T16:52:41.754 INFO:teuthology.orchestra.run.smithi099.stdout:/usr/bin/ceph: stderr
2024-05-14T16:52:40.521+0000 7f8aac781700 1 --2- >> [v2:172.21.15.99:3300/0,v1:172.21.15.99:6789/0] conn(0x7f8aa4107f10 0x7f8aa419d060 unknown :-1 s=NONE pgs=0 cs=0 l=1 rev1=0 crypto rx=0 tx=0 comp rx=0 tx=0).connect
2024-05-14T16:52:41.754 INFO:teuthology.orchestra.run.smithi099.stdout:/usr/bin/ceph: stderr
2024-05-14T16:52:40.521+0000 7f8aac781700 1 -- --> [v2:172.21.15.99:3300/0,v1:172.21.15.99:6789/0] -- mon_getmap magic: 0 -- 0x7f8aa4109f80 con 0x7f8aa4107f10
2024-05-14T16:52:41.754 INFO:teuthology.orchestra.run.smithi099.stdout:/usr/bin/ceph: stderr
2024-05-14T16:52:40.521+0000 7f8aaa51d700 1 --2- >> [v2:172.21.15.99:3300/0,v1:172.21.15.99:6789/0] conn(0x7f8aa4107f10 0x7f8aa419d060 unknown :-1 s=BANNER_CONNECTING pgs=0 cs=0 l=1 rev1=0 crypto rx=0 tx=0 comp rx=0 tx=0)._handle_peer_banner_payload supported=3 required=0
2024-05-14T16:52:41.754 INFO:teuthology.orchestra.run.smithi099.stdout:/usr/bin/ceph: stderr
2024-05-14T16:52:40.521+0000 7f8aaa51d700 1 --2- >> [v2:172.21.15.99:3300/0,v1:172.21.15.99:6789/0] conn(0x7f8aa4107f10 0x7f8aa419d060 unknown :-1 s=HELLO_CONNECTING pgs=0 cs=0 l=1 rev1=1 crypto rx=0 tx=0 comp rx=0 tx=0).handle_hello peer v2:172.21.15.99:3300/0 says I am v2:172.21.15.99:44546/0 (socket says 172.21.15.99:44546)
2024-05-14T16:52:41.754 INFO:teuthology.orchestra.run.smithi099.stdout:/usr/bin/ceph: stderr
2024-05-14T16:52:40.521+0000 7f8aaa51d700 1 -- 172.21.15.99:0/3319291372 learned_addr learned my addr 172.21.15.99:0/3319291372 (peer_addr_for_me v2:172.21.15.99:0/0)
2024-05-14T16:52:41.754 INFO:teuthology.orchestra.run.smithi099.stdout:/usr/bin/ceph: stderr
2024-05-14T16:52:40.521+0000 7f8aaa51d700 1 -- 172.21.15.99:0/3319291372 --> [v2:172.21.15.99:3300/0,v1:172.21.15.99:6789/0] -- mon_subscribe({config=0+,monmap=0+}) -- 0x7f8aa419d5a0 con 0x7f8aa4107f10
2024-05-14T16:52:41.754 INFO:teuthology.orchestra.run.smithi099.stdout:/usr/bin/ceph: stderr
2024-05-14T16:52:40.521+0000 7f8aaa51d700 1 --2- 172.21.15.99:0/3319291372 >> [v2:172.21.15.99:3300/0,v1:172.21.15.99:6789/0] conn(0x7f8aa4107f10 0x7f8aa419d060 secure :-1 s=READY pgs=42 cs=0 l=1 rev1=1 crypto rx=0x7f8a940117b0 tx=0x7f8a94011b70 comp rx=0 tx=0).ready entity=mon.0 client_cookie=0 server_cookie=0 in_seq=0 out_seq=0
2024-05-14T16:52:41.754 INFO:teuthology.orchestra.run.smithi099.stdout:/usr/bin/ceph: stderr
2024-05-14T16:52:40.522+0000 7f8a9b7fe700 1 -- 172.21.15.99:0/3319291372 <== mon.0 v2:172.21.15.99:3300/0 1 ==== mon_map magic: 0 ==== 205+0+0 (secure 0 0 0) 0x7f8a94003af0 con 0x7f8aa4107f10
2024-05-14T16:52:41.754 INFO:teuthology.orchestra.run.smithi099.stdout:/usr/bin/ceph: stderr
2024-05-14T16:52:40.522+0000 7f8a9b7fe700 1 -- 172.21.15.99:0/3319291372 <== mon.0 v2:172.21.15.99:3300/0 2 ==== config(26 keys) ==== 1070+0+0 (secure 0 0 0) 0x7f8a94020070 con 0x7f8aa4107f10
2024-05-14T16:52:41.755 INFO:teuthology.orchestra.run.smithi099.stdout:/usr/bin/ceph: stderr
2024-05-14T16:52:40.522+0000 7f8aac781700 1 -- 172.21.15.99:0/3319291372 --> [v2:172.21.15.99:3300/0,v1:172.21.15.99:6789/0] -- mon_subscribe({mgrmap=0+}) -- 0x7f8aa419d830 con 0x7f8aa4107f10
2024-05-14T16:52:41.755 INFO:teuthology.orchestra.run.smithi099.stdout:/usr/bin/ceph: stderr
2024-05-14T16:52:40.522+0000 7f8a9b7fe700 1 -- 172.21.15.99:0/3319291372 <== mon.0 v2:172.21.15.99:3300/0 3 ==== mon_map magic: 0 ==== 205+0+0 (secure 0 0 0) 0x7f8a94019630 con 0x7f8aa4107f10
2024-05-14T16:52:41.755 INFO:teuthology.orchestra.run.smithi099.stdout:/usr/bin/ceph: stderr
2024-05-14T16:52:40.522+0000 7f8aac781700 1 -- 172.21.15.99:0/3319291372 --> [v2:172.21.15.99:3300/0,v1:172.21.15.99:6789/0] -- mon_subscribe({osdmap=0}) -- 0x7f8aa41a0520 con 0x7f8aa4107f10
2024-05-14T16:52:41.755 INFO:teuthology.orchestra.run.smithi099.stdout:/usr/bin/ceph: stderr
2024-05-14T16:52:40.522+0000 7f8a9b7fe700 1 -- 172.21.15.99:0/3319291372 <== mon.0 v2:172.21.15.99:3300/0 4 ==== mgrmap(e 8) ==== 50222+0+0 (secure 0 0 0) 0x7f8a940198a0 con 0x7f8aa4107f10
2024-05-14T16:52:41.755 INFO:teuthology.orchestra.run.smithi099.stdout:/usr/bin/ceph: stderr
2024-05-14T16:52:40.522+0000 7f8aac781700 1 -- 172.21.15.99:0/3319291372 --> [v2:172.21.15.99:3300/0,v1:172.21.15.99:6789/0] -- mon_command({"prefix": "get_command_descriptions"} v 0) -- 0x7f8aa4064ba0 con 0x7f8aa4107f10
2024-05-14T16:52:41.755 INFO:teuthology.orchestra.run.smithi099.stdout:/usr/bin/ceph: stderr
2024-05-14T16:52:40.523+0000 7f8a9b7fe700 1 --2- 172.21.15.99:0/3319291372 >> [v2:172.21.15.99:6800/1816772983,v1:172.21.15.99:6801/1816772983] conn(0x7f8a9003e4c0 0x7f8a90040980 unknown :-1 s=NONE pgs=0 cs=0 l=1 rev1=0 crypto rx=0 tx=0 comp rx=0 tx=0).connect
2024-05-14T16:52:41.755 INFO:teuthology.orchestra.run.smithi099.stdout:/usr/bin/ceph: stderr
2024-05-14T16:52:40.523+0000 7f8a9b7fe700 1 -- 172.21.15.99:0/3319291372 <== mon.0 v2:172.21.15.99:3300/0 5 ==== osd_map(2..2 src has 1..2) ==== 940+0+0 (secure 0 0 0) 0x7f8a94053c60 con 0x7f8aa4107f10
2024-05-14T16:52:41.755 INFO:teuthology.orchestra.run.smithi099.stdout:/usr/bin/ceph: stderr
2024-05-14T16:52:40.523+0000 7f8aa9d1c700 1 --2- 172.21.15.99:0/3319291372 >> [v2:172.21.15.99:6800/1816772983,v1:172.21.15.99:6801/1816772983] conn(0x7f8a9003e4c0 0x7f8a90040980 unknown :-1 s=BANNER_CONNECTING pgs=0 cs=0 l=1 rev1=0 crypto rx=0 tx=0 comp rx=0 tx=0)._handle_peer_banner_payload supported=3 required=0
2024-05-14T16:52:41.755 INFO:teuthology.orchestra.run.smithi099.stdout:/usr/bin/ceph: stderr
2024-05-14T16:52:40.523+0000 7f8aa9d1c700 1 --2- 172.21.15.99:0/3319291372 >> [v2:172.21.15.99:6800/1816772983,v1:172.21.15.99:6801/1816772983] conn(0x7f8a9003e4c0 0x7f8a90040980 secure :-1 s=READY pgs=9 cs=0 l=1 rev1=1 crypto rx=0x7f8aa0006fd0 tx=0x7f8aa0006e40 comp rx=0 tx=0).ready entity=mgr.14120 client_cookie=0 server_cookie=0 in_seq=0 out_seq=0
2024-05-14T16:52:41.755 INFO:teuthology.orchestra.run.smithi099.stdout:/usr/bin/ceph: stderr
2024-05-14T16:52:40.528+0000 7f8a9b7fe700 1 -- 172.21.15.99:0/3319291372 <== mon.0 v2:172.21.15.99:3300/0 6 ==== mon_command_ack([{"prefix": "get_command_descriptions"}]=0 v0) ==== 72+0+191963 (secure 0 0 0) 0x7f8a940535f0 con 0x7f8aa4107f10
2024-05-14T16:52:41.755 INFO:teuthology.orchestra.run.smithi099.stdout:/usr/bin/ceph: stderr
2024-05-14T16:52:40.735+0000 7f8aac781700 1 -- 172.21.15.99:0/3319291372 --> [v2:172.21.15.99:6800/1816772983,v1:172.21.15.99:6801/1816772983] -- mgr_command(tid 0: {"prefix": "cephadm generate-key", "target": ["mon-mgr", ""]}) -- 0x7f8aa40008d0 con 0x7f8a9003e4c0
2024-05-14T16:52:41.755 INFO:teuthology.orchestra.run.smithi099.stdout:/usr/bin/ceph: stderr
2024-05-14T16:52:41.169+0000 7f8a9b7fe700 1 -- 172.21.15.99:0/3319291372 <== mgr.14120 v2:172.21.15.99:6800/1816772983 1 ==== mgr_command_reply(tid 0: 0 ) ==== 8+0+0 (secure 0 0 0) 0x7f8aa40008d0 con 0x7f8a9003e4c0
2024-05-14T16:52:41.755 INFO:teuthology.orchestra.run.smithi099.stdout:/usr/bin/ceph: stderr
2024-05-14T16:52:41.171+0000 7f8aac781700 1 -- 172.21.15.99:0/3319291372 >> [v2:172.21.15.99:6800/1816772983,v1:172.21.15.99:6801/1816772983] conn(0x7f8a9003e4c0 msgr2=0x7f8a90040980 secure :-1 s=STATE_CONNECTION_ESTABLISHED l=1).mark_down
2024-05-14T16:52:41.755 INFO:teuthology.orchestra.run.smithi099.stdout:/usr/bin/ceph: stderr
2024-05-14T16:52:41.171+0000 7f8aac781700 1 --2- 172.21.15.99:0/3319291372 >> [v2:172.21.15.99:6800/1816772983,v1:172.21.15.99:6801/1816772983] conn(0x7f8a9003e4c0 0x7f8a90040980 secure :-1 s=READY pgs=9 cs=0 l=1 rev1=1 crypto rx=0x7f8aa0006fd0 tx=0x7f8aa0006e40 comp rx=0 tx=0).stop
2024-05-14T16:52:41.755 INFO:teuthology.orchestra.run.smithi099.stdout:/usr/bin/ceph: stderr
2024-05-14T16:52:41.171+0000 7f8aac781700 1 -- 172.21.15.99:0/3319291372 >> [v2:172.21.15.99:3300/0,v1:172.21.15.99:6789/0] conn(0x7f8aa4107f10 msgr2=0x7f8aa419d060 secure :-1 s=STATE_CONNECTION_ESTABLISHED l=1).mark_down
2024-05-14T16:52:41.756 INFO:teuthology.orchestra.run.smithi099.stdout:/usr/bin/ceph: stderr
2024-05-14T16:52:41.171+0000 7f8aac781700 1 --2- 172.21.15.99:0/3319291372 >> [v2:172.21.15.99:3300/0,v1:172.21.15.99:6789/0] conn(0x7f8aa4107f10 0x7f8aa419d060 secure :-1 s=READY pgs=42 cs=0 l=1 rev1=1 crypto rx=0x7f8a940117b0 tx=0x7f8a94011b70 comp rx=0 tx=0).stop
2024-05-14T16:52:41.756 INFO:teuthology.orchestra.run.smithi099.stdout:/usr/bin/ceph: stderr
2024-05-14T16:52:41.171+0000 7f8aac781700 1 -- 172.21.15.99:0/3319291372 shutdown_connections
2024-05-14T16:52:41.756 INFO:teuthology.orchestra.run.smithi099.stdout:/usr/bin/ceph: stderr
2024-05-14T16:52:41.171+0000 7f8aac781700 1 --2- 172.21.15.99:0/3319291372 >> [v2:172.21.15.99:6800/1816772983,v1:172.21.15.99:6801/1816772983] conn(0x7f8a9003e4c0 0x7f8a90040980 unknown :-1 s=CLOSED pgs=9 cs=0 l=1 rev1=1 crypto rx=0 tx=0 comp rx=0 tx=0).stop
2024-05-14T16:52:41.756 INFO:teuthology.orchestra.run.smithi099.stdout:/usr/bin/ceph: stderr
2024-05-14T16:52:41.171+0000 7f8aac781700 1 --2- 172.21.15.99:0/3319291372 >> [v2:172.21.15.99:3300/0,v1:172.21.15.99:6789/0] conn(0x7f8aa4107f10 0x7f8aa419d060 unknown :-1 s=CLOSED pgs=42 cs=0 l=1 rev1=1 crypto rx=0 tx=0 comp rx=0 tx=0).stop
2024-05-14T16:52:41.756 INFO:teuthology.orchestra.run.smithi099.stdout:/usr/bin/ceph: stderr
2024-05-14T16:52:41.171+0000 7f8aac781700 1 -- 172.21.15.99:0/3319291372 >> 172.21.15.99:0/3319291372 conn(0x7f8aa41034e0 msgr2=0x7f8aa4104430 unknown :-1 s=STATE_NONE l=0).mark_down
2024-05-14T16:52:41.756 INFO:teuthology.orchestra.run.smithi099.stdout:/usr/bin/ceph: stderr
2024-05-14T16:52:41.171+0000 7f8aac781700 1 -- 172.21.15.99:0/3319291372 shutdown_connections
2024-05-14T16:52:41.756 INFO:teuthology.orchestra.run.smithi099.stdout:/usr/bin/ceph: stderr
2024-05-14T16:52:41.171+0000 7f8aac781700 1 -- 172.21.15.99:0/3319291372 wait complete.
2024-05-14T16:52:42.373 INFO:journalctl@ceph.mon.a.smithi099.stdout:May 14 16:52:42 smithi099 ceph-mon[31851]: from='mgr.14120 172.21.15.99:0/4229705411' entity='mgr.x'
2024-05-14T16:52:42.373 INFO:journalctl@ceph.mon.a.smithi099.stdout:May 14 16:52:42 smithi099 ceph-mon[31851]: from='mgr.14120 172.21.15.99:0/4229705411' entity='mgr.x'
2024-05-14T16:52:42.935 INFO:teuthology.orchestra.run.smithi099.stdout:/usr/bin/ceph: stdout ssh-rsa AAAAB3NzaC1yc2EAAAADAQABAAABgQCcnPhX1ucgwgMUwI752y7TJUNAfDUH2RMHsFHlNRusqcYFSYF1YU15uCsVgxrUMnnN+740HnhO5BzTGmDGCrVbKmDwLkHYHR/BO7sjUslmjMmx17nDF+e2hwwvOZ8o8y7l1C1S0Ti9+gJ4eKy1UK/ZQTUyo2m66P6/c5CUqVruknSd4Lcy75BPzTwn9a/T6clf0stJcV8fe3qj5SiFCKJeflOHtsIWmhUVylA6GkmJMTtjF+7Rz/3UkDw06Kg/wCGI4uxSw8xYGSbiIEnksAb6Am2Jl1OkrLZRV2DuWuajJy0lSWx1VJ2lCHKZa311WKhlfwm/tGC+Q+sP/PmsocJuJCangPz5gSTrtToVxPagotyF3Am9VGnD4TD1vYgK3JTjRzEKhVZ7GKaB+DyC2dgAP9vUbTl1+gV69NykqkAyXxPzyj+feO8W6C2R3b5Eo469kG2QW1uRWkaeVWgk1ahsso/62s81meNuGoCAxp6YoAZQAUGoVubuS6fSroPbZ9E= ceph-2a006d80-1212-11ef-bc98-c7b262605968
2024-05-14T16:52:42.936 INFO:teuthology.orchestra.run.smithi099.stdout:/usr/bin/ceph: stderr
2024-05-14T16:52:42.157+0000 7f23c42b7700 1 Processor -- start
2024-05-14T16:52:42.936 INFO:teuthology.orchestra.run.smithi099.stdout:/usr/bin/ceph: stderr
2024-05-14T16:52:42.157+0000 7f23c42b7700 1 -- start start
2024-05-14T16:52:42.936 INFO:teuthology.orchestra.run.smithi099.stdout:/usr/bin/ceph: stderr
2024-05-14T16:52:42.158+0000 7f23c42b7700 1 --2- >> [v2:172.21.15.99:3300/0,v1:172.21.15.99:6789/0] conn(0x7f23bc107300 0x7f23bc107720 unknown :-1 s=NONE pgs=0 cs=0 l=0 rev1=0 crypto rx=0 tx=0 comp rx=0 tx=0).connect
2024-05-14T16:52:42.936 INFO:teuthology.orchestra.run.smithi099.stdout:/usr/bin/ceph: stderr
2024-05-14T16:52:42.158+0000 7f23c42b7700 1 -- --> [v2:172.21.15.99:3300/0,v1:172.21.15.99:6789/0] -- mon_getmap magic: 0 -- 0x7f23bc107cf0 con 0x7f23bc107300
2024-05-14T16:52:42.936 INFO:teuthology.orchestra.run.smithi099.stdout:/usr/bin/ceph: stderr
2024-05-14T16:52:42.158+0000 7f23c2053700 1 --2- >> [v2:172.21.15.99:3300/0,v1:172.21.15.99:6789/0] conn(0x7f23bc107300 0x7f23bc107720 unknown :-1 s=BANNER_CONNECTING pgs=0 cs=0 l=0 rev1=0 crypto rx=0 tx=0 comp rx=0 tx=0)._handle_peer_banner_payload supported=3 required=0
2024-05-14T16:52:42.936 INFO:teuthology.orchestra.run.smithi099.stdout:/usr/bin/ceph: stderr
2024-05-14T16:52:42.158+0000 7f23c2053700 1 --2- >> [v2:172.21.15.99:3300/0,v1:172.21.15.99:6789/0] conn(0x7f23bc107300 0x7f23bc107720 unknown :-1 s=HELLO_CONNECTING pgs=0 cs=0 l=0 rev1=1 crypto rx=0 tx=0 comp rx=0 tx=0).handle_hello peer v2:172.21.15.99:3300/0 says I am v2:172.21.15.99:44554/0 (socket says 172.21.15.99:44554)
2024-05-14T16:52:42.937 INFO:teuthology.orchestra.run.smithi099.stdout:/usr/bin/ceph: stderr
2024-05-14T16:52:42.158+0000 7f23c2053700 1 -- 172.21.15.99:0/2643382882 learned_addr learned my addr 172.21.15.99:0/2643382882 (peer_addr_for_me v2:172.21.15.99:0/0)
2024-05-14T16:52:42.937 INFO:teuthology.orchestra.run.smithi099.stdout:/usr/bin/ceph: stderr
2024-05-14T16:52:42.158+0000 7f23c2053700 1 -- 172.21.15.99:0/2643382882 --> [v2:172.21.15.99:3300/0,v1:172.21.15.99:6789/0] -- mon_subscribe({config=0+,monmap=0+}) -- 0x7f23bc107e70 con 0x7f23bc107300
2024-05-14T16:52:42.937 INFO:teuthology.orchestra.run.smithi099.stdout:/usr/bin/ceph: stderr
2024-05-14T16:52:42.158+0000 7f23c2053700 1 --2- 172.21.15.99:0/2643382882 >> [v2:172.21.15.99:3300/0,v1:172.21.15.99:6789/0] conn(0x7f23bc107300 0x7f23bc107720 secure :-1 s=READY pgs=43 cs=0 l=1 rev1=1 crypto rx=0x7f23ac0098a0 tx=0x7f23ac009bb0 comp rx=0 tx=0).ready entity=mon.0 client_cookie=346b88ba2e0d6cd5 server_cookie=0 in_seq=0 out_seq=0
2024-05-14T16:52:42.938 INFO:teuthology.orchestra.run.smithi099.stdout:/usr/bin/ceph: stderr
2024-05-14T16:52:42.158+0000 7f23c1051700 1 -- 172.21.15.99:0/2643382882 <== mon.0 v2:172.21.15.99:3300/0 1 ==== mon_map magic: 0 ==== 205+0+0 (secure 0 0 0) 0x7f23ac004160 con 0x7f23bc107300
2024-05-14T16:52:42.938 INFO:teuthology.orchestra.run.smithi099.stdout:/usr/bin/ceph: stderr
2024-05-14T16:52:42.158+0000 7f23c1051700 1 -- 172.21.15.99:0/2643382882 <== mon.0 v2:172.21.15.99:3300/0 2 ==== config(26 keys) ==== 1070+0+0 (secure 0 0 0) 0x7f23ac004300 con 0x7f23bc107300
2024-05-14T16:52:42.938 INFO:teuthology.orchestra.run.smithi099.stdout:/usr/bin/ceph: stderr
2024-05-14T16:52:42.159+0000 7f23c1051700 1 -- 172.21.15.99:0/2643382882 <== mon.0 v2:172.21.15.99:3300/0 3 ==== mon_map magic: 0 ==== 205+0+0 (secure 0 0 0) 0x7f23ac011af0 con 0x7f23bc107300
2024-05-14T16:52:42.938 INFO:teuthology.orchestra.run.smithi099.stdout:/usr/bin/ceph: stderr
2024-05-14T16:52:42.159+0000 7f23c42b7700 1 -- 172.21.15.99:0/2643382882 >> [v2:172.21.15.99:3300/0,v1:172.21.15.99:6789/0] conn(0x7f23bc107300 msgr2=0x7f23bc107720 secure :-1 s=STATE_CONNECTION_ESTABLISHED l=1).mark_down
2024-05-14T16:52:42.938 INFO:teuthology.orchestra.run.smithi099.stdout:/usr/bin/ceph: stderr
2024-05-14T16:52:42.159+0000 7f23c42b7700 1 --2- 172.21.15.99:0/2643382882 >> [v2:172.21.15.99:3300/0,v1:172.21.15.99:6789/0] conn(0x7f23bc107300 0x7f23bc107720 secure :-1 s=READY pgs=43 cs=0 l=1 rev1=1 crypto rx=0x7f23ac0098a0 tx=0x7f23ac009bb0 comp rx=0 tx=0).stop
2024-05-14T16:52:42.938 INFO:teuthology.orchestra.run.smithi099.stdout:/usr/bin/ceph: stderr
2024-05-14T16:52:42.159+0000 7f23c42b7700 1 -- 172.21.15.99:0/2643382882 shutdown_connections
2024-05-14T16:52:42.939 INFO:teuthology.orchestra.run.smithi099.stdout:/usr/bin/ceph: stderr
2024-05-14T16:52:42.159+0000 7f23c42b7700 1 --2- 172.21.15.99:0/2643382882 >> [v2:172.21.15.99:3300/0,v1:172.21.15.99:6789/0] conn(0x7f23bc107300 0x7f23bc107720 unknown :-1 s=CLOSED pgs=43 cs=0 l=1 rev1=1 crypto rx=0 tx=0 comp rx=0 tx=0).stop
2024-05-14T16:52:42.939 INFO:teuthology.orchestra.run.smithi099.stdout:/usr/bin/ceph: stderr
2024-05-14T16:52:42.159+0000 7f23c42b7700 1 -- 172.21.15.99:0/2643382882 >> 172.21.15.99:0/2643382882 conn(0x7f23bc102c80 msgr2=0x7f23bc1050a0 unknown :-1 s=STATE_NONE l=0).mark_down
2024-05-14T16:52:42.939 INFO:teuthology.orchestra.run.smithi099.stdout:/usr/bin/ceph: stderr
2024-05-14T16:52:42.159+0000 7f23c42b7700 1 -- 172.21.15.99:0/2643382882 shutdown_connections
2024-05-14T16:52:42.939 INFO:teuthology.orchestra.run.smithi099.stdout:/usr/bin/ceph: stderr
2024-05-14T16:52:42.159+0000 7f23c42b7700 1 -- 172.21.15.99:0/2643382882 wait complete.
2024-05-14T16:52:42.939 INFO:teuthology.orchestra.run.smithi099.stdout:/usr/bin/ceph: stderr
2024-05-14T16:52:42.160+0000 7f23c42b7700 1 Processor -- start
2024-05-14T16:52:42.940 INFO:teuthology.orchestra.run.smithi099.stdout:/usr/bin/ceph: stderr
2024-05-14T16:52:42.160+0000 7f23c42b7700 1 -- start start
2024-05-14T16:52:42.940 INFO:teuthology.orchestra.run.smithi099.stdout:/usr/bin/ceph: stderr
2024-05-14T16:52:42.160+0000 7f23c42b7700 1 --2- >> [v2:172.21.15.99:3300/0,v1:172.21.15.99:6789/0] conn(0x7f23bc107300 0x7f23bc109c00 unknown :-1 s=NONE pgs=0 cs=0 l=1 rev1=0 crypto rx=0 tx=0 comp rx=0 tx=0).connect
2024-05-14T16:52:42.940 INFO:teuthology.orchestra.run.smithi099.stdout:/usr/bin/ceph: stderr
2024-05-14T16:52:42.160+0000 7f23c42b7700 1 -- --> [v2:172.21.15.99:3300/0,v1:172.21.15.99:6789/0] -- mon_getmap magic: 0 -- 0x7f23bc10b1e0 con 0x7f23bc107300
2024-05-14T16:52:42.940 INFO:teuthology.orchestra.run.smithi099.stdout:/usr/bin/ceph: stderr
2024-05-14T16:52:42.160+0000 7f23c2053700 1 --2- >> [v2:172.21.15.99:3300/0,v1:172.21.15.99:6789/0] conn(0x7f23bc107300 0x7f23bc109c00 unknown :-1 s=BANNER_CONNECTING pgs=0 cs=0 l=1 rev1=0 crypto rx=0 tx=0 comp rx=0 tx=0)._handle_peer_banner_payload supported=3 required=0
2024-05-14T16:52:42.940 INFO:teuthology.orchestra.run.smithi099.stdout:/usr/bin/ceph: stderr
2024-05-14T16:52:42.160+0000 7f23c2053700 1 --2- >> [v2:172.21.15.99:3300/0,v1:172.21.15.99:6789/0] conn(0x7f23bc107300 0x7f23bc109c00 unknown :-1 s=HELLO_CONNECTING pgs=0 cs=0 l=1 rev1=1 crypto rx=0 tx=0 comp rx=0 tx=0).handle_hello peer v2:172.21.15.99:3300/0 says I am v2:172.21.15.99:44556/0 (socket says 172.21.15.99:44556)
2024-05-14T16:52:42.940 INFO:teuthology.orchestra.run.smithi099.stdout:/usr/bin/ceph: stderr
2024-05-14T16:52:42.160+0000 7f23c2053700 1 -- 172.21.15.99:0/1990259835 learned_addr learned my addr 172.21.15.99:0/1990259835 (peer_addr_for_me v2:172.21.15.99:0/0)
2024-05-14T16:52:42.941 INFO:teuthology.orchestra.run.smithi099.stdout:/usr/bin/ceph: stderr
2024-05-14T16:52:42.160+0000 7f23c2053700 1 -- 172.21.15.99:0/1990259835 --> [v2:172.21.15.99:3300/0,v1:172.21.15.99:6789/0] -- mon_subscribe({config=0+,monmap=0+}) -- 0x7f23bc10a140 con 0x7f23bc107300
2024-05-14T16:52:42.941 INFO:teuthology.orchestra.run.smithi099.stdout:/usr/bin/ceph: stderr
2024-05-14T16:52:42.160+0000 7f23c2053700 1 --2- 172.21.15.99:0/1990259835 >> [v2:172.21.15.99:3300/0,v1:172.21.15.99:6789/0] conn(0x7f23bc107300 0x7f23bc109c00 secure :-1 s=READY pgs=44 cs=0 l=1 rev1=1 crypto rx=0x7f23ac0117b0 tx=0x7f23ac011b70 comp rx=0 tx=0).ready entity=mon.0 client_cookie=0 server_cookie=0 in_seq=0 out_seq=0
2024-05-14T16:52:42.941 INFO:teuthology.orchestra.run.smithi099.stdout:/usr/bin/ceph: stderr
2024-05-14T16:52:42.161+0000 7f23b37fe700 1 -- 172.21.15.99:0/1990259835 <== mon.0 v2:172.21.15.99:3300/0 1 ==== mon_map magic: 0 ==== 205+0+0 (secure 0 0 0) 0x7f23ac003af0 con 0x7f23bc107300
2024-05-14T16:52:42.941 INFO:teuthology.orchestra.run.smithi099.stdout:/usr/bin/ceph: stderr
2024-05-14T16:52:42.161+0000 7f23c42b7700 1 -- 172.21.15.99:0/1990259835 --> [v2:172.21.15.99:3300/0,v1:172.21.15.99:6789/0] -- mon_subscribe({mgrmap=0+}) -- 0x7f23bc108330 con 0x7f23bc107300
2024-05-14T16:52:42.941 INFO:teuthology.orchestra.run.smithi099.stdout:/usr/bin/ceph: stderr
2024-05-14T16:52:42.161+0000 7f23b37fe700 1 -- 172.21.15.99:0/1990259835 <== mon.0 v2:172.21.15.99:3300/0 2 ==== config(26 keys) ==== 1070+0+0 (secure 0 0 0) 0x7f23ac020070 con 0x7f23bc107300
2024-05-14T16:52:42.941 INFO:teuthology.orchestra.run.smithi099.stdout:/usr/bin/ceph: stderr
2024-05-14T16:52:42.161+0000 7f23b37fe700 1 -- 172.21.15.99:0/1990259835 <== mon.0 v2:172.21.15.99:3300/0 3 ==== mon_map magic: 0 ==== 205+0+0 (secure 0 0 0) 0x7f23ac019550 con 0x7f23bc107300
2024-05-14T16:52:42.941 INFO:teuthology.orchestra.run.smithi099.stdout:/usr/bin/ceph: stderr
2024-05-14T16:52:42.161+0000 7f23c42b7700 1 -- 172.21.15.99:0/1990259835 --> [v2:172.21.15.99:3300/0,v1:172.21.15.99:6789/0] -- mon_subscribe({osdmap=0}) -- 0x7f23bc108870 con 0x7f23bc107300
2024-05-14T16:52:42.941 INFO:teuthology.orchestra.run.smithi099.stdout:/usr/bin/ceph: stderr
2024-05-14T16:52:42.161+0000 7f23b37fe700 1 -- 172.21.15.99:0/1990259835 <== mon.0 v2:172.21.15.99:3300/0 4 ==== mgrmap(e 8) ==== 50222+0+0 (secure 0 0 0) 0x7f23ac01a430 con 0x7f23bc107300
2024-05-14T16:52:42.942 INFO:teuthology.orchestra.run.smithi099.stdout:/usr/bin/ceph: stderr
2024-05-14T16:52:42.162+0000 7f23c42b7700 1 -- 172.21.15.99:0/1990259835 --> [v2:172.21.15.99:3300/0,v1:172.21.15.99:6789/0] -- mon_command({"prefix": "get_command_descriptions"} v 0) -- 0x7f23bc064ba0 con 0x7f23bc107300
2024-05-14T16:52:42.942 INFO:teuthology.orchestra.run.smithi099.stdout:/usr/bin/ceph: stderr
2024-05-14T16:52:42.162+0000 7f23b37fe700 1 --2- 172.21.15.99:0/1990259835 >> [v2:172.21.15.99:6800/1816772983,v1:172.21.15.99:6801/1816772983] conn(0x7f23a803e470 0x7f23a8040930 unknown :-1 s=NONE pgs=0 cs=0 l=1 rev1=0 crypto rx=0 tx=0 comp rx=0 tx=0).connect
2024-05-14T16:52:42.942 INFO:teuthology.orchestra.run.smithi099.stdout:/usr/bin/ceph: stderr
2024-05-14T16:52:42.162+0000 7f23b37fe700 1 -- 172.21.15.99:0/1990259835 <== mon.0 v2:172.21.15.99:3300/0 5 ==== osd_map(2..2 src has 1..2) ==== 940+0+0 (secure 0 0 0) 0x7f23ac053a40 con 0x7f23bc107300
2024-05-14T16:52:42.942 INFO:teuthology.orchestra.run.smithi099.stdout:/usr/bin/ceph: stderr
2024-05-14T16:52:42.162+0000 7f23c1852700 1 --2- 172.21.15.99:0/1990259835 >> [v2:172.21.15.99:6800/1816772983,v1:172.21.15.99:6801/1816772983] conn(0x7f23a803e470 0x7f23a8040930 unknown :-1 s=BANNER_CONNECTING pgs=0 cs=0 l=1 rev1=0 crypto rx=0 tx=0 comp rx=0 tx=0)._handle_peer_banner_payload supported=3 required=0
2024-05-14T16:52:42.942 INFO:teuthology.orchestra.run.smithi099.stdout:/usr/bin/ceph: stderr
2024-05-14T16:52:42.162+0000 7f23c1852700 1 --2- 172.21.15.99:0/1990259835 >> [v2:172.21.15.99:6800/1816772983,v1:172.21.15.99:6801/1816772983] conn(0x7f23a803e470 0x7f23a8040930 secure :-1 s=READY pgs=10 cs=0 l=1 rev1=1 crypto rx=0x7f23b8006fd0 tx=0x7f23b8006e40 comp rx=0 tx=0).ready entity=mgr.14120 client_cookie=0 server_cookie=0 in_seq=0 out_seq=0
2024-05-14T16:52:42.942 INFO:teuthology.orchestra.run.smithi099.stdout:/usr/bin/ceph: stderr
2024-05-14T16:52:42.167+0000 7f23b37fe700 1 -- 172.21.15.99:0/1990259835 <== mon.0 v2:172.21.15.99:3300/0 6 ==== mon_command_ack([{"prefix": "get_command_descriptions"}]=0 v0) ==== 72+0+191963 (secure 0 0 0) 0x7f23ac0042a0 con 0x7f23bc107300
2024-05-14T16:52:42.943 INFO:teuthology.orchestra.run.smithi099.stdout:/usr/bin/ceph: stderr
2024-05-14T16:52:42.373+0000 7f23c42b7700 1 -- 172.21.15.99:0/1990259835 --> [v2:172.21.15.99:6800/1816772983,v1:172.21.15.99:6801/1816772983] -- mgr_command(tid 0: {"prefix": "cephadm get-pub-key", "target": ["mon-mgr", ""]}) -- 0x7f23bc1090f0 con 0x7f23a803e470
2024-05-14T16:52:42.943 INFO:teuthology.orchestra.run.smithi099.stdout:/usr/bin/ceph: stderr
2024-05-14T16:52:42.374+0000 7f23b37fe700 1 -- 172.21.15.99:0/1990259835 <== mgr.14120 v2:172.21.15.99:6800/1816772983 1 ==== mgr_command_reply(tid 0: 0 ) ==== 8+0+595 (secure 0 0 0) 0x7f23bc1090f0 con 0x7f23a803e470
2024-05-14T16:52:42.943 INFO:teuthology.orchestra.run.smithi099.stdout:/usr/bin/ceph: stderr
2024-05-14T16:52:42.376+0000 7f23c42b7700 1 -- 172.21.15.99:0/1990259835 >> [v2:172.21.15.99:6800/1816772983,v1:172.21.15.99:6801/1816772983] conn(0x7f23a803e470 msgr2=0x7f23a8040930 secure :-1 s=STATE_CONNECTION_ESTABLISHED l=1).mark_down
2024-05-14T16:52:42.943 INFO:teuthology.orchestra.run.smithi099.stdout:/usr/bin/ceph: stderr
2024-05-14T16:52:42.376+0000 7f23c42b7700 1 --2- 172.21.15.99:0/1990259835 >> [v2:172.21.15.99:6800/1816772983,v1:172.21.15.99:6801/1816772983] conn(0x7f23a803e470 0x7f23a8040930 secure :-1 s=READY pgs=10 cs=0 l=1 rev1=1 crypto rx=0x7f23b8006fd0 tx=0x7f23b8006e40 comp rx=0 tx=0).stop
2024-05-14T16:52:42.943 INFO:teuthology.orchestra.run.smithi099.stdout:/usr/bin/ceph: stderr
2024-05-14T16:52:42.376+0000 7f23c42b7700 1 -- 172.21.15.99:0/1990259835 >> [v2:172.21.15.99:3300/0,v1:172.21.15.99:6789/0] conn(0x7f23bc107300 msgr2=0x7f23bc109c00 secure :-1 s=STATE_CONNECTION_ESTABLISHED l=1).mark_down
2024-05-14T16:52:42.943 INFO:teuthology.orchestra.run.smithi099.stdout:/usr/bin/ceph: stderr
2024-05-14T16:52:42.376+0000 7f23c42b7700 1 --2- 172.21.15.99:0/1990259835 >> [v2:172.21.15.99:3300/0,v1:172.21.15.99:6789/0] conn(0x7f23bc107300 0x7f23bc109c00 secure :-1 s=READY pgs=44 cs=0 l=1 rev1=1 crypto rx=0x7f23ac0117b0 tx=0x7f23ac011b70 comp rx=0 tx=0).stop
2024-05-14T16:52:42.943 INFO:teuthology.orchestra.run.smithi099.stdout:/usr/bin/ceph: stderr
2024-05-14T16:52:42.376+0000 7f23c42b7700 1 -- 172.21.15.99:0/1990259835 shutdown_connections
2024-05-14T16:52:42.943 INFO:teuthology.orchestra.run.smithi099.stdout:/usr/bin/ceph: stderr
2024-05-14T16:52:42.377+0000 7f23c42b7700 1 --2- 172.21.15.99:0/1990259835 >> [v2:172.21.15.99:6800/1816772983,v1:172.21.15.99:6801/1816772983] conn(0x7f23a803e470 0x7f23a8040930 unknown :-1 s=CLOSED pgs=10 cs=0 l=1 rev1=1 crypto rx=0 tx=0 comp rx=0 tx=0).stop
2024-05-14T16:52:42.944 INFO:teuthology.orchestra.run.smithi099.stdout:/usr/bin/ceph: stderr
2024-05-14T16:52:42.377+0000 7f23c42b7700 1 --2- 172.21.15.99:0/1990259835 >> [v2:172.21.15.99:3300/0,v1:172.21.15.99:6789/0] conn(0x7f23bc107300 0x7f23bc109c00 unknown :-1 s=CLOSED pgs=44 cs=0 l=1 rev1=1 crypto rx=0 tx=0 comp rx=0 tx=0).stop
2024-05-14T16:52:42.944 INFO:teuthology.orchestra.run.smithi099.stdout:/usr/bin/ceph: stderr
2024-05-14T16:52:42.377+0000 7f23c42b7700 1 -- 172.21.15.99:0/1990259835 >> 172.21.15.99:0/1990259835 conn(0x7f23bc102c80 msgr2=0x7f23bc103880 unknown :-1 s=STATE_NONE l=0).mark_down
2024-05-14T16:52:42.944 INFO:teuthology.orchestra.run.smithi099.stdout:/usr/bin/ceph: stderr
2024-05-14T16:52:42.377+0000 7f23c42b7700 1 -- 172.21.15.99:0/1990259835 shutdown_connections
2024-05-14T16:52:42.944 INFO:teuthology.orchestra.run.smithi099.stdout:/usr/bin/ceph: stderr
2024-05-14T16:52:42.377+0000 7f23c42b7700 1 -- 172.21.15.99:0/1990259835 wait complete.
2024-05-14T16:52:42.944 INFO:teuthology.orchestra.run.smithi099.stdout:Wrote public SSH key to /home/ubuntu/cephtest/ceph.pub
2024-05-14T16:52:42.944 INFO:teuthology.orchestra.run.smithi099.stdout:Adding key to root@localhost authorized_keys...
2024-05-14T16:52:42.944 INFO:teuthology.orchestra.run.smithi099.stdout:Adding host smithi099...
2024-05-14T16:52:43.514 INFO:journalctl@ceph.mon.a.smithi099.stdout:May 14 16:52:43 smithi099 ceph-mon[31851]: from='client.14138 -' entity='client.admin' cmd=[{"prefix": "cephadm get-pub-key", "target": ["mon-mgr", ""]}]: dispatch
2024-05-14T16:52:44.454 INFO:journalctl@ceph.mon.a.smithi099.stdout:May 14 16:52:44 smithi099 ceph-mon[31851]: from='client.14140 -' entity='client.admin' cmd=[{"prefix": "orch host add", "hostname": "smithi099", "addr": "172.21.15.99", "target": ["mon-mgr", ""]}]: dispatch
2024-05-14T16:52:45.514 INFO:journalctl@ceph.mon.a.smithi099.stdout:May 14 16:52:45 smithi099 ceph-mon[31851]: Deploying cephadm binary to smithi099
2024-05-14T16:52:48.254 INFO:teuthology.orchestra.run.smithi099.stdout:/usr/bin/ceph: stdout Added host 'smithi099' with addr '172.21.15.99'
2024-05-14T16:52:48.254 INFO:teuthology.orchestra.run.smithi099.stdout:/usr/bin/ceph: stderr
2024-05-14T16:52:43.385+0000 7f59b6117700 1 Processor -- start
2024-05-14T16:52:48.254 INFO:teuthology.orchestra.run.smithi099.stdout:/usr/bin/ceph: stderr
2024-05-14T16:52:43.385+0000 7f59b6117700 1 -- start start
2024-05-14T16:52:48.254 INFO:teuthology.orchestra.run.smithi099.stdout:/usr/bin/ceph: stderr
2024-05-14T16:52:43.385+0000 7f59b6117700 1 --2- >> [v2:172.21.15.99:3300/0,v1:172.21.15.99:6789/0] conn(0x7f59b0109080 0x7f59b01094a0 unknown :-1 s=NONE pgs=0 cs=0 l=0 rev1=0 crypto rx=0 tx=0 comp rx=0 tx=0).connect
2024-05-14T16:52:48.254 INFO:teuthology.orchestra.run.smithi099.stdout:/usr/bin/ceph: stderr
2024-05-14T16:52:43.385+0000 7f59b6117700 1 -- --> [v2:172.21.15.99:3300/0,v1:172.21.15.99:6789/0] -- mon_getmap magic: 0 -- 0x7f59b01099e0 con 0x7f59b0109080
2024-05-14T16:52:48.255 INFO:teuthology.orchestra.run.smithi099.stdout:/usr/bin/ceph: stderr
2024-05-14T16:52:43.385+0000 7f59af7fe700 1 --2- >> [v2:172.21.15.99:3300/0,v1:172.21.15.99:6789/0] conn(0x7f59b0109080 0x7f59b01094a0 unknown :-1 s=BANNER_CONNECTING pgs=0 cs=0 l=0 rev1=0 crypto rx=0 tx=0 comp rx=0 tx=0)._handle_peer_banner_payload supported=3 required=0
2024-05-14T16:52:48.255 INFO:teuthology.orchestra.run.smithi099.stdout:/usr/bin/ceph: stderr
2024-05-14T16:52:43.385+0000 7f59af7fe700 1 --2- >> [v2:172.21.15.99:3300/0,v1:172.21.15.99:6789/0] conn(0x7f59b0109080 0x7f59b01094a0 unknown :-1 s=HELLO_CONNECTING pgs=0 cs=0 l=0 rev1=1 crypto rx=0 tx=0 comp rx=0 tx=0).handle_hello peer v2:172.21.15.99:3300/0 says I am v2:172.21.15.99:44562/0 (socket says 172.21.15.99:44562)
2024-05-14T16:52:48.255 INFO:teuthology.orchestra.run.smithi099.stdout:/usr/bin/ceph: stderr
2024-05-14T16:52:43.385+0000 7f59af7fe700 1 -- 172.21.15.99:0/1835795441 learned_addr learned my addr 172.21.15.99:0/1835795441 (peer_addr_for_me v2:172.21.15.99:0/0)
2024-05-14T16:52:48.255 INFO:teuthology.orchestra.run.smithi099.stdout:/usr/bin/ceph: stderr
