2024-05-14T16:53:10.086 INFO:teuthology.orchestra.run.smithi099.stdout:/usr/bin/ceph: stderr
2024-05-14T16:53:09.310+0000 7f3ffc162700 1 --2- 172.21.15.99:0/1519572082 >> [v2:172.21.15.99:3300/0,v1:172.21.15.99:6789/0] conn(0x7f3ff4107900 0x7f3ff4107d20 unknown :-1 s=CLOSED pgs=76 cs=0 l=1 rev1=1 crypto rx=0 tx=0 comp rx=0 tx=0).stop
2024-05-14T16:53:10.086 INFO:teuthology.orchestra.run.smithi099.stdout:/usr/bin/ceph: stderr
2024-05-14T16:53:09.310+0000 7f3ffc162700 1 -- 172.21.15.99:0/1519572082 >> 172.21.15.99:0/1519572082 conn(0x7f3ff41034e0 msgr2=0x7f3ff4105940 unknown :-1 s=STATE_NONE l=0).mark_down
2024-05-14T16:53:10.086 INFO:teuthology.orchestra.run.smithi099.stdout:/usr/bin/ceph: stderr
2024-05-14T16:53:09.310+0000 7f3ffc162700 1 -- 172.21.15.99:0/1519572082 shutdown_connections
2024-05-14T16:53:10.087 INFO:teuthology.orchestra.run.smithi099.stdout:/usr/bin/ceph: stderr
2024-05-14T16:53:09.310+0000 7f3ffc162700 1 -- 172.21.15.99:0/1519572082 wait complete.
2024-05-14T16:53:10.087 INFO:teuthology.orchestra.run.smithi099.stdout:/usr/bin/ceph: stderr
2024-05-14T16:53:09.311+0000 7f3ffc162700 1 Processor -- start
2024-05-14T16:53:10.087 INFO:teuthology.orchestra.run.smithi099.stdout:/usr/bin/ceph: stderr
2024-05-14T16:53:09.311+0000 7f3ffc162700 1 -- start start
2024-05-14T16:53:10.087 INFO:teuthology.orchestra.run.smithi099.stdout:/usr/bin/ceph: stderr
2024-05-14T16:53:09.311+0000 7f3ffc162700 1 --2- >> [v2:172.21.15.99:3300/0,v1:172.21.15.99:6789/0] conn(0x7f3ff4107900 0x7f3ff419f190 unknown :-1 s=NONE pgs=0 cs=0 l=1 rev1=0 crypto rx=0 tx=0 comp rx=0 tx=0).connect
2024-05-14T16:53:10.087 INFO:teuthology.orchestra.run.smithi099.stdout:/usr/bin/ceph: stderr
2024-05-14T16:53:09.311+0000 7f3ffc162700 1 -- --> [v2:172.21.15.99:3300/0,v1:172.21.15.99:6789/0] -- mon_getmap magic: 0 -- 0x7f3ff41092d0 con 0x7f3ff4107900
2024-05-14T16:53:10.088 INFO:teuthology.orchestra.run.smithi099.stdout:/usr/bin/ceph: stderr
2024-05-14T16:53:09.311+0000 7f3ff9efe700 1 --2- >> [v2:172.21.15.99:3300/0,v1:172.21.15.99:6789/0] conn(0x7f3ff4107900 0x7f3ff419f190 unknown :-1 s=BANNER_CONNECTING pgs=0 cs=0 l=1 rev1=0 crypto rx=0 tx=0 comp rx=0 tx=0)._handle_peer_banner_payload supported=3 required=0
2024-05-14T16:53:10.088 INFO:teuthology.orchestra.run.smithi099.stdout:/usr/bin/ceph: stderr
2024-05-14T16:53:09.311+0000 7f3ff9efe700 1 --2- >> [v2:172.21.15.99:3300/0,v1:172.21.15.99:6789/0] conn(0x7f3ff4107900 0x7f3ff419f190 unknown :-1 s=HELLO_CONNECTING pgs=0 cs=0 l=1 rev1=1 crypto rx=0 tx=0 comp rx=0 tx=0).handle_hello peer v2:172.21.15.99:3300/0 says I am v2:172.21.15.99:45976/0 (socket says 172.21.15.99:45976)
2024-05-14T16:53:10.088 INFO:teuthology.orchestra.run.smithi099.stdout:/usr/bin/ceph: stderr
2024-05-14T16:53:09.311+0000 7f3ff9efe700 1 -- 172.21.15.99:0/958696000 learned_addr learned my addr 172.21.15.99:0/958696000 (peer_addr_for_me v2:172.21.15.99:0/0)
2024-05-14T16:53:10.088 INFO:teuthology.orchestra.run.smithi099.stdout:/usr/bin/ceph: stderr
2024-05-14T16:53:09.311+0000 7f3ff9efe700 1 -- 172.21.15.99:0/958696000 --> [v2:172.21.15.99:3300/0,v1:172.21.15.99:6789/0] -- mon_subscribe({config=0+,monmap=0+}) -- 0x7f3ff419f6d0 con 0x7f3ff4107900
2024-05-14T16:53:10.088 INFO:teuthology.orchestra.run.smithi099.stdout:/usr/bin/ceph: stderr
2024-05-14T16:53:09.311+0000 7f3ff9efe700 1 --2- 172.21.15.99:0/958696000 >> [v2:172.21.15.99:3300/0,v1:172.21.15.99:6789/0] conn(0x7f3ff4107900 0x7f3ff419f190 secure :-1 s=READY pgs=77 cs=0 l=1 rev1=1 crypto rx=0x7f3ff00116e0 tx=0x7f3ff0011aa0 comp rx=0 tx=0).ready entity=mon.0 client_cookie=0 server_cookie=0 in_seq=0 out_seq=0
2024-05-14T16:53:10.088 INFO:teuthology.orchestra.run.smithi099.stdout:/usr/bin/ceph: stderr
2024-05-14T16:53:09.311+0000 7f3feaffd700 1 -- 172.21.15.99:0/958696000 <== mon.0 v2:172.21.15.99:3300/0 1 ==== mon_map magic: 0 ==== 205+0+0 (secure 0 0 0) 0x7f3ff0003b20 con 0x7f3ff4107900
2024-05-14T16:53:10.089 INFO:teuthology.orchestra.run.smithi099.stdout:/usr/bin/ceph: stderr
2024-05-14T16:53:09.312+0000 7f3ffc162700 1 -- 172.21.15.99:0/958696000 --> [v2:172.21.15.99:3300/0,v1:172.21.15.99:6789/0] -- mon_subscribe({mgrmap=0+}) -- 0x7f3ff419f960 con 0x7f3ff4107900
2024-05-14T16:53:10.089 INFO:teuthology.orchestra.run.smithi099.stdout:/usr/bin/ceph: stderr
2024-05-14T16:53:09.312+0000 7f3feaffd700 1 -- 172.21.15.99:0/958696000 <== mon.0 v2:172.21.15.99:3300/0 2 ==== config(26 keys) ==== 1101+0+0 (secure 0 0 0) 0x7f3ff001b8f0 con 0x7f3ff4107900
2024-05-14T16:53:10.089 INFO:teuthology.orchestra.run.smithi099.stdout:/usr/bin/ceph: stderr
2024-05-14T16:53:09.312+0000 7f3feaffd700 1 -- 172.21.15.99:0/958696000 <== mon.0 v2:172.21.15.99:3300/0 3 ==== mon_map magic: 0 ==== 205+0+0 (secure 0 0 0) 0x7f3ff00238c0 con 0x7f3ff4107900
2024-05-14T16:53:10.089 INFO:teuthology.orchestra.run.smithi099.stdout:/usr/bin/ceph: stderr
2024-05-14T16:53:09.312+0000 7f3ffc162700 1 -- 172.21.15.99:0/958696000 --> [v2:172.21.15.99:3300/0,v1:172.21.15.99:6789/0] -- mon_subscribe({osdmap=0}) -- 0x7f3ff41a2650 con 0x7f3ff4107900
2024-05-14T16:53:10.089 INFO:teuthology.orchestra.run.smithi099.stdout:/usr/bin/ceph: stderr
2024-05-14T16:53:09.313+0000 7f3ffc162700 1 -- 172.21.15.99:0/958696000 --> [v2:172.21.15.99:3300/0,v1:172.21.15.99:6789/0] -- mon_command({"prefix": "get_command_descriptions"} v 0) -- 0x7f3ff4064ba0 con 0x7f3ff4107900
2024-05-14T16:53:10.089 INFO:teuthology.orchestra.run.smithi099.stdout:/usr/bin/ceph: stderr
2024-05-14T16:53:09.313+0000 7f3feaffd700 1 -- 172.21.15.99:0/958696000 <== mon.0 v2:172.21.15.99:3300/0 4 ==== mgrmap(e 13) ==== 50278+0+0 (secure 0 0 0) 0x7f3ff001baa0 con 0x7f3ff4107900
2024-05-14T16:53:10.089 INFO:teuthology.orchestra.run.smithi099.stdout:/usr/bin/ceph: stderr
2024-05-14T16:53:09.313+0000 7f3feaffd700 1 --2- 172.21.15.99:0/958696000 >> [v2:172.21.15.99:6800/2498052825,v1:172.21.15.99:6801/2498052825] conn(0x7f3fe003e510 0x7f3fe00409d0 unknown :-1 s=NONE pgs=0 cs=0 l=1 rev1=0 crypto rx=0 tx=0 comp rx=0 tx=0).connect
2024-05-14T16:53:10.089 INFO:teuthology.orchestra.run.smithi099.stdout:/usr/bin/ceph: stderr
2024-05-14T16:53:09.313+0000 7f3feaffd700 1 -- 172.21.15.99:0/958696000 <== mon.0 v2:172.21.15.99:3300/0 5 ==== osd_map(3..3 src has 1..3) ==== 1155+0+0 (secure 0 0 0) 0x7f3ff00541b0 con 0x7f3ff4107900
2024-05-14T16:53:10.089 INFO:teuthology.orchestra.run.smithi099.stdout:/usr/bin/ceph: stderr
2024-05-14T16:53:09.313+0000 7f3ff96fd700 1 --2- 172.21.15.99:0/958696000 >> [v2:172.21.15.99:6800/2498052825,v1:172.21.15.99:6801/2498052825] conn(0x7f3fe003e510 0x7f3fe00409d0 unknown :-1 s=BANNER_CONNECTING pgs=0 cs=0 l=1 rev1=0 crypto rx=0 tx=0 comp rx=0 tx=0)._handle_peer_banner_payload supported=3 required=0
2024-05-14T16:53:10.090 INFO:teuthology.orchestra.run.smithi099.stdout:/usr/bin/ceph: stderr
2024-05-14T16:53:09.313+0000 7f3ff96fd700 1 --2- 172.21.15.99:0/958696000 >> [v2:172.21.15.99:6800/2498052825,v1:172.21.15.99:6801/2498052825] conn(0x7f3fe003e510 0x7f3fe00409d0 secure :-1 s=READY pgs=10 cs=0 l=1 rev1=1 crypto rx=0x7f3fe4006fd0 tx=0x7f3fe4006e40 comp rx=0 tx=0).ready entity=mgr.14152 client_cookie=0 server_cookie=0 in_seq=0 out_seq=0
2024-05-14T16:53:10.090 INFO:teuthology.orchestra.run.smithi099.stdout:/usr/bin/ceph: stderr
2024-05-14T16:53:09.318+0000 7f3feaffd700 1 -- 172.21.15.99:0/958696000 <== mon.0 v2:172.21.15.99:3300/0 6 ==== mon_command_ack([{"prefix": "get_command_descriptions"}]=0 v0) ==== 72+0+191963 (secure 0 0 0) 0x7f3ff001f030 con 0x7f3ff4107900
2024-05-14T16:53:10.090 INFO:teuthology.orchestra.run.smithi099.stdout:/usr/bin/ceph: stderr
2024-05-14T16:53:09.520+0000 7f3ffc162700 1 -- 172.21.15.99:0/958696000 --> [v2:172.21.15.99:3300/0,v1:172.21.15.99:6789/0] -- mon_command([{prefix=config set, name=osd_memory_target_autotune}] v 0) -- 0x7f3ff402e860 con 0x7f3ff4107900
2024-05-14T16:53:10.090 INFO:teuthology.orchestra.run.smithi099.stdout:/usr/bin/ceph: stderr
2024-05-14T16:53:09.520+0000 7f3feaffd700 1 -- 172.21.15.99:0/958696000 <== mon.0 v2:172.21.15.99:3300/0 7 ==== mon_command_ack([{prefix=config set, name=osd_memory_target_autotune}]=0 v8)=0 v8) ==== 127+0+0 (secure 0 0 0) 0x7f3ff0018590 con 0x7f3ff4107900
2024-05-14T16:53:10.090 INFO:teuthology.orchestra.run.smithi099.stdout:/usr/bin/ceph: stderr
2024-05-14T16:53:09.522+0000 7f3ffc162700 1 -- 172.21.15.99:0/958696000 >> [v2:172.21.15.99:6800/2498052825,v1:172.21.15.99:6801/2498052825] conn(0x7f3fe003e510 msgr2=0x7f3fe00409d0 secure :-1 s=STATE_CONNECTION_ESTABLISHED l=1).mark_down
2024-05-14T16:53:10.091 INFO:teuthology.orchestra.run.smithi099.stdout:/usr/bin/ceph: stderr
2024-05-14T16:53:09.522+0000 7f3ffc162700 1 --2- 172.21.15.99:0/958696000 >> [v2:172.21.15.99:6800/2498052825,v1:172.21.15.99:6801/2498052825] conn(0x7f3fe003e510 0x7f3fe00409d0 secure :-1 s=READY pgs=10 cs=0 l=1 rev1=1 crypto rx=0x7f3fe4006fd0 tx=0x7f3fe4006e40 comp rx=0 tx=0).stop
2024-05-14T16:53:10.091 INFO:teuthology.orchestra.run.smithi099.stdout:/usr/bin/ceph: stderr
2024-05-14T16:53:09.522+0000 7f3ffc162700 1 -- 172.21.15.99:0/958696000 >> [v2:172.21.15.99:3300/0,v1:172.21.15.99:6789/0] conn(0x7f3ff4107900 msgr2=0x7f3ff419f190 secure :-1 s=STATE_CONNECTION_ESTABLISHED l=1).mark_down
2024-05-14T16:53:10.091 INFO:teuthology.orchestra.run.smithi099.stdout:/usr/bin/ceph: stderr
2024-05-14T16:53:09.522+0000 7f3ffc162700 1 --2- 172.21.15.99:0/958696000 >> [v2:172.21.15.99:3300/0,v1:172.21.15.99:6789/0] conn(0x7f3ff4107900 0x7f3ff419f190 secure :-1 s=READY pgs=77 cs=0 l=1 rev1=1 crypto rx=0x7f3ff00116e0 tx=0x7f3ff0011aa0 comp rx=0 tx=0).stop
2024-05-14T16:53:10.091 INFO:teuthology.orchestra.run.smithi099.stdout:/usr/bin/ceph: stderr
2024-05-14T16:53:09.522+0000 7f3ffc162700 1 -- 172.21.15.99:0/958696000 shutdown_connections
2024-05-14T16:53:10.091 INFO:teuthology.orchestra.run.smithi099.stdout:/usr/bin/ceph: stderr
2024-05-14T16:53:09.522+0000 7f3ffc162700 1 --2- 172.21.15.99:0/958696000 >> [v2:172.21.15.99:6800/2498052825,v1:172.21.15.99:6801/2498052825] conn(0x7f3fe003e510 0x7f3fe00409d0 unknown :-1 s=CLOSED pgs=10 cs=0 l=1 rev1=1 crypto rx=0 tx=0 comp rx=0 tx=0).stop
2024-05-14T16:53:10.091 INFO:teuthology.orchestra.run.smithi099.stdout:/usr/bin/ceph: stderr
2024-05-14T16:53:09.522+0000 7f3ffc162700 1 --2- 172.21.15.99:0/958696000 >> [v2:172.21.15.99:3300/0,v1:172.21.15.99:6789/0] conn(0x7f3ff4107900 0x7f3ff419f190 unknown :-1 s=CLOSED pgs=77 cs=0 l=1 rev1=1 crypto rx=0 tx=0 comp rx=0 tx=0).stop
2024-05-14T16:53:10.092 INFO:teuthology.orchestra.run.smithi099.stdout:/usr/bin/ceph: stderr
2024-05-14T16:53:09.522+0000 7f3ffc162700 1 -- 172.21.15.99:0/958696000 >> 172.21.15.99:0/958696000 conn(0x7f3ff41034e0 msgr2=0x7f3ff4195db0 unknown :-1 s=STATE_NONE l=0).mark_down
2024-05-14T16:53:10.092 INFO:teuthology.orchestra.run.smithi099.stdout:/usr/bin/ceph: stderr
2024-05-14T16:53:09.522+0000 7f3ffc162700 1 -- 172.21.15.99:0/958696000 shutdown_connections
2024-05-14T16:53:10.092 INFO:teuthology.orchestra.run.smithi099.stdout:/usr/bin/ceph: stderr
2024-05-14T16:53:09.522+0000 7f3ffc162700 1 -- 172.21.15.99:0/958696000 wait complete.
2024-05-14T16:53:11.351 INFO:teuthology.orchestra.run.smithi099.stdout:/usr/bin/ceph: stderr
2024-05-14T16:53:10.456+0000 7fb73e570700 1 Processor -- start
2024-05-14T16:53:11.351 INFO:teuthology.orchestra.run.smithi099.stdout:/usr/bin/ceph: stderr
2024-05-14T16:53:10.456+0000 7fb73e570700 1 -- start start
2024-05-14T16:53:11.351 INFO:teuthology.orchestra.run.smithi099.stdout:/usr/bin/ceph: stderr
2024-05-14T16:53:10.456+0000 7fb73e570700 1 --2- >> [v2:172.21.15.99:3300/0,v1:172.21.15.99:6789/0] conn(0x7fb738109b60 0x7fb73810bf50 unknown :-1 s=NONE pgs=0 cs=0 l=0 rev1=0 crypto rx=0 tx=0 comp rx=0 tx=0).connect
2024-05-14T16:53:11.351 INFO:teuthology.orchestra.run.smithi099.stdout:/usr/bin/ceph: stderr
2024-05-14T16:53:10.456+0000 7fb73e570700 1 -- --> [v2:172.21.15.99:3300/0,v1:172.21.15.99:6789/0] -- mon_getmap magic: 0 -- 0x7fb73807ce40 con 0x7fb738109b60
2024-05-14T16:53:11.351 INFO:teuthology.orchestra.run.smithi099.stdout:/usr/bin/ceph: stderr
2024-05-14T16:53:10.456+0000 7fb737fff700 1 --2- >> [v2:172.21.15.99:3300/0,v1:172.21.15.99:6789/0] conn(0x7fb738109b60 0x7fb73810bf50 unknown :-1 s=BANNER_CONNECTING pgs=0 cs=0 l=0 rev1=0 crypto rx=0 tx=0 comp rx=0 tx=0)._handle_peer_banner_payload supported=3 required=0
2024-05-14T16:53:11.351 INFO:teuthology.orchestra.run.smithi099.stdout:/usr/bin/ceph: stderr
2024-05-14T16:53:10.456+0000 7fb737fff700 1 --2- >> [v2:172.21.15.99:3300/0,v1:172.21.15.99:6789/0] conn(0x7fb738109b60 0x7fb73810bf50 unknown :-1 s=HELLO_CONNECTING pgs=0 cs=0 l=0 rev1=1 crypto rx=0 tx=0 comp rx=0 tx=0).handle_hello peer v2:172.21.15.99:3300/0 says I am v2:172.21.15.99:45982/0 (socket says 172.21.15.99:45982)
2024-05-14T16:53:11.352 INFO:teuthology.orchestra.run.smithi099.stdout:/usr/bin/ceph: stderr
2024-05-14T16:53:10.456+0000 7fb737fff700 1 -- 172.21.15.99:0/2437199411 learned_addr learned my addr 172.21.15.99:0/2437199411 (peer_addr_for_me v2:172.21.15.99:0/0)
2024-05-14T16:53:11.352 INFO:teuthology.orchestra.run.smithi099.stdout:/usr/bin/ceph: stderr
2024-05-14T16:53:10.457+0000 7fb737fff700 1 -- 172.21.15.99:0/2437199411 --> [v2:172.21.15.99:3300/0,v1:172.21.15.99:6789/0] -- mon_subscribe({config=0+,monmap=0+}) -- 0x7fb73810c490 con 0x7fb738109b60
2024-05-14T16:53:11.352 INFO:teuthology.orchestra.run.smithi099.stdout:/usr/bin/ceph: stderr
2024-05-14T16:53:10.457+0000 7fb737fff700 1 --2- 172.21.15.99:0/2437199411 >> [v2:172.21.15.99:3300/0,v1:172.21.15.99:6789/0] conn(0x7fb738109b60 0x7fb73810bf50 secure :-1 s=READY pgs=78 cs=0 l=1 rev1=1 crypto rx=0x7fb7280098a0 tx=0x7fb728009bb0 comp rx=0 tx=0).ready entity=mon.0 client_cookie=e695e80cdd1737c5 server_cookie=0 in_seq=0 out_seq=0
2024-05-14T16:53:11.352 INFO:teuthology.orchestra.run.smithi099.stdout:/usr/bin/ceph: stderr
2024-05-14T16:53:10.457+0000 7fb736ffd700 1 -- 172.21.15.99:0/2437199411 <== mon.0 v2:172.21.15.99:3300/0 1 ==== mon_map magic: 0 ==== 205+0+0 (secure 0 0 0) 0x7fb728004160 con 0x7fb738109b60
2024-05-14T16:53:11.352 INFO:teuthology.orchestra.run.smithi099.stdout:/usr/bin/ceph: stderr
2024-05-14T16:53:10.457+0000 7fb736ffd700 1 -- 172.21.15.99:0/2437199411 <== mon.0 v2:172.21.15.99:3300/0 2 ==== config(26 keys) ==== 1101+0+0 (secure 0 0 0) 0x7fb728004300 con 0x7fb738109b60
2024-05-14T16:53:11.352 INFO:teuthology.orchestra.run.smithi099.stdout:/usr/bin/ceph: stderr
2024-05-14T16:53:10.457+0000 7fb736ffd700 1 -- 172.21.15.99:0/2437199411 <== mon.0 v2:172.21.15.99:3300/0 3 ==== mon_map magic: 0 ==== 205+0+0 (secure 0 0 0) 0x7fb728011a20 con 0x7fb738109b60
2024-05-14T16:53:11.352 INFO:teuthology.orchestra.run.smithi099.stdout:/usr/bin/ceph: stderr
2024-05-14T16:53:10.457+0000 7fb73e570700 1 -- 172.21.15.99:0/2437199411 >> [v2:172.21.15.99:3300/0,v1:172.21.15.99:6789/0] conn(0x7fb738109b60 msgr2=0x7fb73810bf50 secure :-1 s=STATE_CONNECTION_ESTABLISHED l=1).mark_down
2024-05-14T16:53:11.352 INFO:teuthology.orchestra.run.smithi099.stdout:/usr/bin/ceph: stderr
2024-05-14T16:53:10.457+0000 7fb73e570700 1 --2- 172.21.15.99:0/2437199411 >> [v2:172.21.15.99:3300/0,v1:172.21.15.99:6789/0] conn(0x7fb738109b60 0x7fb73810bf50 secure :-1 s=READY pgs=78 cs=0 l=1 rev1=1 crypto rx=0x7fb7280098a0 tx=0x7fb728009bb0 comp rx=0 tx=0).stop
2024-05-14T16:53:11.352 INFO:teuthology.orchestra.run.smithi099.stdout:/usr/bin/ceph: stderr
2024-05-14T16:53:10.458+0000 7fb73e570700 1 -- 172.21.15.99:0/2437199411 shutdown_connections
2024-05-14T16:53:11.352 INFO:teuthology.orchestra.run.smithi099.stdout:/usr/bin/ceph: stderr
2024-05-14T16:53:10.458+0000 7fb73e570700 1 --2- 172.21.15.99:0/2437199411 >> [v2:172.21.15.99:3300/0,v1:172.21.15.99:6789/0] conn(0x7fb738109b60 0x7fb73810bf50 unknown :-1 s=CLOSED pgs=78 cs=0 l=1 rev1=1 crypto rx=0 tx=0 comp rx=0 tx=0).stop
2024-05-14T16:53:11.352 INFO:teuthology.orchestra.run.smithi099.stdout:/usr/bin/ceph: stderr
2024-05-14T16:53:10.458+0000 7fb73e570700 1 -- 172.21.15.99:0/2437199411 >> 172.21.15.99:0/2437199411 conn(0x7fb738103570 msgr2=0x7fb738105990 unknown :-1 s=STATE_NONE l=0).mark_down
2024-05-14T16:53:11.352 INFO:teuthology.orchestra.run.smithi099.stdout:/usr/bin/ceph: stderr
2024-05-14T16:53:10.458+0000 7fb73e570700 1 -- 172.21.15.99:0/2437199411 shutdown_connections
2024-05-14T16:53:11.352 INFO:teuthology.orchestra.run.smithi099.stdout:/usr/bin/ceph: stderr
2024-05-14T16:53:10.458+0000 7fb73e570700 1 -- 172.21.15.99:0/2437199411 wait complete.
2024-05-14T16:53:11.352 INFO:teuthology.orchestra.run.smithi099.stdout:/usr/bin/ceph: stderr
2024-05-14T16:53:10.458+0000 7fb73e570700 1 Processor -- start
2024-05-14T16:53:11.353 INFO:teuthology.orchestra.run.smithi099.stdout:/usr/bin/ceph: stderr
2024-05-14T16:53:10.458+0000 7fb73e570700 1 -- start start
2024-05-14T16:53:11.353 INFO:teuthology.orchestra.run.smithi099.stdout:/usr/bin/ceph: stderr
2024-05-14T16:53:10.459+0000 7fb73e570700 1 --2- >> [v2:172.21.15.99:3300/0,v1:172.21.15.99:6789/0] conn(0x7fb738109b60 0x7fb73819cf90 unknown :-1 s=NONE pgs=0 cs=0 l=1 rev1=0 crypto rx=0 tx=0 comp rx=0 tx=0).connect
2024-05-14T16:53:11.353 INFO:teuthology.orchestra.run.smithi099.stdout:/usr/bin/ceph: stderr
2024-05-14T16:53:10.459+0000 7fb73e570700 1 -- --> [v2:172.21.15.99:3300/0,v1:172.21.15.99:6789/0] -- mon_getmap magic: 0 -- 0x7fb73810d440 con 0x7fb738109b60
2024-05-14T16:53:11.353 INFO:teuthology.orchestra.run.smithi099.stdout:/usr/bin/ceph: stderr
2024-05-14T16:53:10.459+0000 7fb737fff700 1 --2- >> [v2:172.21.15.99:3300/0,v1:172.21.15.99:6789/0] conn(0x7fb738109b60 0x7fb73819cf90 unknown :-1 s=BANNER_CONNECTING pgs=0 cs=0 l=1 rev1=0 crypto rx=0 tx=0 comp rx=0 tx=0)._handle_peer_banner_payload supported=3 required=0
2024-05-14T16:53:11.353 INFO:teuthology.orchestra.run.smithi099.stdout:/usr/bin/ceph: stderr
2024-05-14T16:53:10.459+0000 7fb737fff700 1 --2- >> [v2:172.21.15.99:3300/0,v1:172.21.15.99:6789/0] conn(0x7fb738109b60 0x7fb73819cf90 unknown :-1 s=HELLO_CONNECTING pgs=0 cs=0 l=1 rev1=1 crypto rx=0 tx=0 comp rx=0 tx=0).handle_hello peer v2:172.21.15.99:3300/0 says I am v2:172.21.15.99:45992/0 (socket says 172.21.15.99:45992)
2024-05-14T16:53:11.353 INFO:teuthology.orchestra.run.smithi099.stdout:/usr/bin/ceph: stderr
2024-05-14T16:53:10.459+0000 7fb737fff700 1 -- 172.21.15.99:0/1055843258 learned_addr learned my addr 172.21.15.99:0/1055843258 (peer_addr_for_me v2:172.21.15.99:0/0)
2024-05-14T16:53:11.353 INFO:teuthology.orchestra.run.smithi099.stdout:/usr/bin/ceph: stderr
2024-05-14T16:53:10.459+0000 7fb737fff700 1 -- 172.21.15.99:0/1055843258 --> [v2:172.21.15.99:3300/0,v1:172.21.15.99:6789/0] -- mon_subscribe({config=0+,monmap=0+}) -- 0x7fb73819d4d0 con 0x7fb738109b60
2024-05-14T16:53:11.353 INFO:teuthology.orchestra.run.smithi099.stdout:/usr/bin/ceph: stderr
2024-05-14T16:53:10.459+0000 7fb737fff700 1 --2- 172.21.15.99:0/1055843258 >> [v2:172.21.15.99:3300/0,v1:172.21.15.99:6789/0] conn(0x7fb738109b60 0x7fb73819cf90 secure :-1 s=READY pgs=79 cs=0 l=1 rev1=1 crypto rx=0x7fb728004660 tx=0x7fb728011aa0 comp rx=0 tx=0).ready entity=mon.0 client_cookie=0 server_cookie=0 in_seq=0 out_seq=0
2024-05-14T16:53:11.353 INFO:teuthology.orchestra.run.smithi099.stdout:/usr/bin/ceph: stderr
2024-05-14T16:53:10.459+0000 7fb7357fa700 1 -- 172.21.15.99:0/1055843258 <== mon.0 v2:172.21.15.99:3300/0 1 ==== mon_map magic: 0 ==== 205+0+0 (secure 0 0 0) 0x7fb728003aa0 con 0x7fb738109b60
2024-05-14T16:53:11.353 INFO:teuthology.orchestra.run.smithi099.stdout:/usr/bin/ceph: stderr
2024-05-14T16:53:10.459+0000 7fb7357fa700 1 -- 172.21.15.99:0/1055843258 <== mon.0 v2:172.21.15.99:3300/0 2 ==== config(26 keys) ==== 1101+0+0 (secure 0 0 0) 0x7fb72801b8f0 con 0x7fb738109b60
2024-05-14T16:53:11.353 INFO:teuthology.orchestra.run.smithi099.stdout:/usr/bin/ceph: stderr
2024-05-14T16:53:10.459+0000 7fb73e570700 1 -- 172.21.15.99:0/1055843258 --> [v2:172.21.15.99:3300/0,v1:172.21.15.99:6789/0] -- mon_subscribe({mgrmap=0+}) -- 0x7fb73819d760 con 0x7fb738109b60
2024-05-14T16:53:11.353 INFO:teuthology.orchestra.run.smithi099.stdout:/usr/bin/ceph: stderr
2024-05-14T16:53:10.459+0000 7fb7357fa700 1 -- 172.21.15.99:0/1055843258 <== mon.0 v2:172.21.15.99:3300/0 3 ==== mon_map magic: 0 ==== 205+0+0 (secure 0 0 0) 0x7fb728023900 con 0x7fb738109b60
2024-05-14T16:53:11.353 INFO:teuthology.orchestra.run.smithi099.stdout:/usr/bin/ceph: stderr
2024-05-14T16:53:10.459+0000 7fb73e570700 1 -- 172.21.15.99:0/1055843258 --> [v2:172.21.15.99:3300/0,v1:172.21.15.99:6789/0] -- mon_subscribe({osdmap=0}) -- 0x7fb7381a0450 con 0x7fb738109b60
2024-05-14T16:53:11.353 INFO:teuthology.orchestra.run.smithi099.stdout:/usr/bin/ceph: stderr
2024-05-14T16:53:10.460+0000 7fb7357fa700 1 -- 172.21.15.99:0/1055843258 <== mon.0 v2:172.21.15.99:3300/0 4 ==== mgrmap(e 13) ==== 50278+0+0 (secure 0 0 0) 0x7fb728023b70 con 0x7fb738109b60
2024-05-14T16:53:11.354 INFO:teuthology.orchestra.run.smithi099.stdout:/usr/bin/ceph: stderr
2024-05-14T16:53:10.460+0000 7fb7357fa700 1 --2- 172.21.15.99:0/1055843258 >> [v2:172.21.15.99:6800/2498052825,v1:172.21.15.99:6801/2498052825] conn(0x7fb72003e5c0 0x7fb720040a80 unknown :-1 s=NONE pgs=0 cs=0 l=1 rev1=0 crypto rx=0 tx=0 comp rx=0 tx=0).connect
2024-05-14T16:53:11.354 INFO:teuthology.orchestra.run.smithi099.stdout:/usr/bin/ceph: stderr
2024-05-14T16:53:10.460+0000 7fb73e570700 1 -- 172.21.15.99:0/1055843258 --> [v2:172.21.15.99:3300/0,v1:172.21.15.99:6789/0] -- mon_command({"prefix": "get_command_descriptions"} v 0) -- 0x7fb73819dc40 con 0x7fb738109b60
2024-05-14T16:53:11.354 INFO:teuthology.orchestra.run.smithi099.stdout:/usr/bin/ceph: stderr
2024-05-14T16:53:10.460+0000 7fb7357fa700 1 -- 172.21.15.99:0/1055843258 <== mon.0 v2:172.21.15.99:3300/0 5 ==== osd_map(3..3 src has 1..3) ==== 1155+0+0 (secure 0 0 0) 0x7fb728054000 con 0x7fb738109b60
2024-05-14T16:53:11.354 INFO:teuthology.orchestra.run.smithi099.stdout:/usr/bin/ceph: stderr
2024-05-14T16:53:10.460+0000 7fb7377fe700 1 --2- 172.21.15.99:0/1055843258 >> [v2:172.21.15.99:6800/2498052825,v1:172.21.15.99:6801/2498052825] conn(0x7fb72003e5c0 0x7fb720040a80 unknown :-1 s=BANNER_CONNECTING pgs=0 cs=0 l=1 rev1=0 crypto rx=0 tx=0 comp rx=0 tx=0)._handle_peer_banner_payload supported=3 required=0
2024-05-14T16:53:11.354 INFO:teuthology.orchestra.run.smithi099.stdout:/usr/bin/ceph: stderr
2024-05-14T16:53:10.461+0000 7fb7377fe700 1 --2- 172.21.15.99:0/1055843258 >> [v2:172.21.15.99:6800/2498052825,v1:172.21.15.99:6801/2498052825] conn(0x7fb72003e5c0 0x7fb720040a80 secure :-1 s=READY pgs=11 cs=0 l=1 rev1=1 crypto rx=0x7fb72c006fd0 tx=0x7fb72c006e40 comp rx=0 tx=0).ready entity=mgr.14152 client_cookie=0 server_cookie=0 in_seq=0 out_seq=0
2024-05-14T16:53:11.354 INFO:teuthology.orchestra.run.smithi099.stdout:/usr/bin/ceph: stderr
2024-05-14T16:53:10.465+0000 7fb7357fa700 1 -- 172.21.15.99:0/1055843258 <== mon.0 v2:172.21.15.99:3300/0 6 ==== mon_command_ack([{"prefix": "get_command_descriptions"}]=0 v0) ==== 72+0+191963 (secure 0 0 0) 0x7fb73819dc40 con 0x7fb738109b60
2024-05-14T16:53:11.354 INFO:teuthology.orchestra.run.smithi099.stdout:/usr/bin/ceph: stderr
2024-05-14T16:53:10.782+0000 7fb73e570700 1 -- 172.21.15.99:0/1055843258 --> [v2:172.21.15.99:3300/0,v1:172.21.15.99:6789/0] -- mon_command([{prefix=config-key set, key=mgr/dashboard/cluster/status}] v 0) -- 0x7fb7381a0620 con 0x7fb738109b60
2024-05-14T16:53:11.354 INFO:teuthology.orchestra.run.smithi099.stdout:/usr/bin/ceph: stderr
2024-05-14T16:53:10.784+0000 7fb7357fa700 1 -- 172.21.15.99:0/1055843258 <== mon.0 v2:172.21.15.99:3300/0 7 ==== mon_command_ack([{prefix=config-key set, key=mgr/dashboard/cluster/status}]=0 set mgr/dashboard/cluster/status v27)=0 set mgr/dashboard/cluster/status v27) ==== 153+0+0 (secure 0 0 0) 0x7fb72801f030 con 0x7fb738109b60
2024-05-14T16:53:11.354 INFO:teuthology.orchestra.run.smithi099.stdout:/usr/bin/ceph: stderr
2024-05-14T16:53:10.787+0000 7fb73e570700 1 -- 172.21.15.99:0/1055843258 >> [v2:172.21.15.99:6800/2498052825,v1:172.21.15.99:6801/2498052825] conn(0x7fb72003e5c0 msgr2=0x7fb720040a80 secure :-1 s=STATE_CONNECTION_ESTABLISHED l=1).mark_down
2024-05-14T16:53:11.354 INFO:teuthology.orchestra.run.smithi099.stdout:/usr/bin/ceph: stderr
2024-05-14T16:53:10.787+0000 7fb73e570700 1 --2- 172.21.15.99:0/1055843258 >> [v2:172.21.15.99:6800/2498052825,v1:172.21.15.99:6801/2498052825] conn(0x7fb72003e5c0 0x7fb720040a80 secure :-1 s=READY pgs=11 cs=0 l=1 rev1=1 crypto rx=0x7fb72c006fd0 tx=0x7fb72c006e40 comp rx=0 tx=0).stop
2024-05-14T16:53:11.354 INFO:teuthology.orchestra.run.smithi099.stdout:/usr/bin/ceph: stderr
2024-05-14T16:53:10.787+0000 7fb73e570700 1 -- 172.21.15.99:0/1055843258 >> [v2:172.21.15.99:3300/0,v1:172.21.15.99:6789/0] conn(0x7fb738109b60 msgr2=0x7fb73819cf90 secure :-1 s=STATE_CONNECTION_ESTABLISHED l=1).mark_down
2024-05-14T16:53:11.354 INFO:teuthology.orchestra.run.smithi099.stdout:/usr/bin/ceph: stderr
2024-05-14T16:53:10.787+0000 7fb73e570700 1 --2- 172.21.15.99:0/1055843258 >> [v2:172.21.15.99:3300/0,v1:172.21.15.99:6789/0] conn(0x7fb738109b60 0x7fb73819cf90 secure :-1 s=READY pgs=79 cs=0 l=1 rev1=1 crypto rx=0x7fb728004660 tx=0x7fb728011aa0 comp rx=0 tx=0).stop
2024-05-14T16:53:11.354 INFO:teuthology.orchestra.run.smithi099.stdout:/usr/bin/ceph: stderr
2024-05-14T16:53:10.787+0000 7fb73e570700 1 -- 172.21.15.99:0/1055843258 shutdown_connections
2024-05-14T16:53:11.354 INFO:teuthology.orchestra.run.smithi099.stdout:/usr/bin/ceph: stderr
2024-05-14T16:53:10.787+0000 7fb73e570700 1 --2- 172.21.15.99:0/1055843258 >> [v2:172.21.15.99:6800/2498052825,v1:172.21.15.99:6801/2498052825] conn(0x7fb72003e5c0 0x7fb720040a80 unknown :-1 s=CLOSED pgs=11 cs=0 l=1 rev1=1 crypto rx=0 tx=0 comp rx=0 tx=0).stop
2024-05-14T16:53:11.355 INFO:teuthology.orchestra.run.smithi099.stdout:/usr/bin/ceph: stderr
2024-05-14T16:53:10.787+0000 7fb73e570700 1 --2- 172.21.15.99:0/1055843258 >> [v2:172.21.15.99:3300/0,v1:172.21.15.99:6789/0] conn(0x7fb738109b60 0x7fb73819cf90 unknown :-1 s=CLOSED pgs=79 cs=0 l=1 rev1=1 crypto rx=0 tx=0 comp rx=0 tx=0).stop
2024-05-14T16:53:11.355 INFO:teuthology.orchestra.run.smithi099.stdout:/usr/bin/ceph: stderr
2024-05-14T16:53:10.787+0000 7fb73e570700 1 -- 172.21.15.99:0/1055843258 >> 172.21.15.99:0/1055843258 conn(0x7fb738103570 msgr2=0x7fb738104020 unknown :-1 s=STATE_NONE l=0).mark_down
2024-05-14T16:53:11.355 INFO:teuthology.orchestra.run.smithi099.stdout:/usr/bin/ceph: stderr
2024-05-14T16:53:10.787+0000 7fb73e570700 1 -- 172.21.15.99:0/1055843258 shutdown_connections
2024-05-14T16:53:11.355 INFO:teuthology.orchestra.run.smithi099.stdout:/usr/bin/ceph: stderr
2024-05-14T16:53:10.787+0000 7fb73e570700 1 -- 172.21.15.99:0/1055843258 wait complete.
2024-05-14T16:53:11.355 INFO:teuthology.orchestra.run.smithi099.stdout:/usr/bin/ceph: stderr set mgr/dashboard/cluster/status
2024-05-14T16:53:11.355 INFO:teuthology.orchestra.run.smithi099.stdout:You can access the Ceph CLI as following in case of multi-cluster or non-default config:
2024-05-14T16:53:11.355 INFO:teuthology.orchestra.run.smithi099.stdout:
2024-05-14T16:53:11.355 INFO:teuthology.orchestra.run.smithi099.stdout: sudo /home/ubuntu/cephtest/cephadm shell --fsid 2a006d80-1212-11ef-bc98-c7b262605968 -c /etc/ceph/ceph.conf -k /etc/ceph/ceph.client.admin.keyring
2024-05-14T16:53:11.355 INFO:teuthology.orchestra.run.smithi099.stdout:
2024-05-14T16:53:11.355 INFO:teuthology.orchestra.run.smithi099.stdout:Or, if you are only running a single cluster on this host:
2024-05-14T16:53:11.355 INFO:teuthology.orchestra.run.smithi099.stdout:
2024-05-14T16:53:11.355 INFO:teuthology.orchestra.run.smithi099.stdout: sudo /home/ubuntu/cephtest/cephadm shell
2024-05-14T16:53:11.355 INFO:teuthology.orchestra.run.smithi099.stdout:
2024-05-14T16:53:11.355 INFO:teuthology.orchestra.run.smithi099.stdout:Please consider enabling telemetry to help improve Ceph:
2024-05-14T16:53:11.356 INFO:teuthology.orchestra.run.smithi099.stdout:
2024-05-14T16:53:11.356 INFO:teuthology.orchestra.run.smithi099.stdout: ceph telemetry on
2024-05-14T16:53:11.356 INFO:teuthology.orchestra.run.smithi099.stdout:
2024-05-14T16:53:11.356 INFO:teuthology.orchestra.run.smithi099.stdout:For more information see:
2024-05-14T16:53:11.356 INFO:teuthology.orchestra.run.smithi099.stdout:
2024-05-14T16:53:11.356 INFO:teuthology.orchestra.run.smithi099.stdout: https://docs.ceph.com/en/latest/mgr/telemetry/
2024-05-14T16:53:11.356 INFO:teuthology.orchestra.run.smithi099.stdout:
2024-05-14T16:53:11.356 INFO:teuthology.orchestra.run.smithi099.stdout:Bootstrap complete.
2024-05-14T16:53:11.390 INFO:tasks.cephadm:Fetching config...
2024-05-14T16:53:11.390 DEBUG:teuthology.orchestra.run.smithi099:> set -ex
2024-05-14T16:53:11.390 DEBUG:teuthology.orchestra.run.smithi099:> dd if=/etc/ceph/ceph.conf of=/dev/stdout
2024-05-14T16:53:11.407 INFO:tasks.cephadm:Fetching client.admin keyring...
2024-05-14T16:53:11.408 DEBUG:teuthology.orchestra.run.smithi099:> set -ex
2024-05-14T16:53:11.408 DEBUG:teuthology.orchestra.run.smithi099:> dd if=/etc/ceph/ceph.client.admin.keyring of=/dev/stdout
2024-05-14T16:53:11.463 INFO:tasks.cephadm:Fetching mon keyring...
2024-05-14T16:53:11.463 DEBUG:teuthology.orchestra.run.smithi099:> set -ex
2024-05-14T16:53:11.463 DEBUG:teuthology.orchestra.run.smithi099:> sudo dd if=/var/lib/ceph/2a006d80-1212-11ef-bc98-c7b262605968/mon.a/keyring of=/dev/stdout
2024-05-14T16:53:11.528 INFO:tasks.cephadm:Fetching pub ssh key...
2024-05-14T16:53:11.529 DEBUG:teuthology.orchestra.run.smithi099:> set -ex
2024-05-14T16:53:11.529 DEBUG:teuthology.orchestra.run.smithi099:> dd if=/home/ubuntu/cephtest/ceph.pub of=/dev/stdout
2024-05-14T16:53:11.583 INFO:tasks.cephadm:Installing pub ssh key for root users...
2024-05-14T16:53:11.584 DEBUG:teuthology.orchestra.run.smithi099:> sudo install -d -m 0700 /root/.ssh && echo 'ssh-rsa AAAAB3NzaC1yc2EAAAADAQABAAABgQCcnPhX1ucgwgMUwI752y7TJUNAfDUH2RMHsFHlNRusqcYFSYF1YU15uCsVgxrUMnnN+740HnhO5BzTGmDGCrVbKmDwLkHYHR/BO7sjUslmjMmx17nDF+e2hwwvOZ8o8y7l1C1S0Ti9+gJ4eKy1UK/ZQTUyo2m66P6/c5CUqVruknSd4Lcy75BPzTwn9a/T6clf0stJcV8fe3qj5SiFCKJeflOHtsIWmhUVylA6GkmJMTtjF+7Rz/3UkDw06Kg/wCGI4uxSw8xYGSbiIEnksAb6Am2Jl1OkrLZRV2DuWuajJy0lSWx1VJ2lCHKZa311WKhlfwm/tGC+Q+sP/PmsocJuJCangPz5gSTrtToVxPagotyF3Am9VGnD4TD1vYgK3JTjRzEKhVZ7GKaB+DyC2dgAP9vUbTl1+gV69NykqkAyXxPzyj+feO8W6C2R3b5Eo469kG2QW1uRWkaeVWgk1ahsso/62s81meNuGoCAxp6YoAZQAUGoVubuS6fSroPbZ9E= ceph-2a006d80-1212-11ef-bc98-c7b262605968' | sudo tee -a /root/.ssh/authorized_keys && sudo chmod 0600 /root/.ssh/authorized_keys
2024-05-14T16:53:11.657 INFO:teuthology.orchestra.run.smithi099.stdout:ssh-rsa AAAAB3NzaC1yc2EAAAADAQABAAABgQCcnPhX1ucgwgMUwI752y7TJUNAfDUH2RMHsFHlNRusqcYFSYF1YU15uCsVgxrUMnnN+740HnhO5BzTGmDGCrVbKmDwLkHYHR/BO7sjUslmjMmx17nDF+e2hwwvOZ8o8y7l1C1S0Ti9+gJ4eKy1UK/ZQTUyo2m66P6/c5CUqVruknSd4Lcy75BPzTwn9a/T6clf0stJcV8fe3qj5SiFCKJeflOHtsIWmhUVylA6GkmJMTtjF+7Rz/3UkDw06Kg/wCGI4uxSw8xYGSbiIEnksAb6Am2Jl1OkrLZRV2DuWuajJy0lSWx1VJ2lCHKZa311WKhlfwm/tGC+Q+sP/PmsocJuJCangPz5gSTrtToVxPagotyF3Am9VGnD4TD1vYgK3JTjRzEKhVZ7GKaB+DyC2dgAP9vUbTl1+gV69NykqkAyXxPzyj+feO8W6C2R3b5Eo469kG2QW1uRWkaeVWgk1ahsso/62s81meNuGoCAxp6YoAZQAUGoVubuS6fSroPbZ9E= ceph-2a006d80-1212-11ef-bc98-c7b262605968
2024-05-14T16:53:11.668 DEBUG:teuthology.orchestra.run.smithi150:> sudo install -d -m 0700 /root/.ssh && echo 'ssh-rsa AAAAB3NzaC1yc2EAAAADAQABAAABgQCcnPhX1ucgwgMUwI752y7TJUNAfDUH2RMHsFHlNRusqcYFSYF1YU15uCsVgxrUMnnN+740HnhO5BzTGmDGCrVbKmDwLkHYHR/BO7sjUslmjMmx17nDF+e2hwwvOZ8o8y7l1C1S0Ti9+gJ4eKy1UK/ZQTUyo2m66P6/c5CUqVruknSd4Lcy75BPzTwn9a/T6clf0stJcV8fe3qj5SiFCKJeflOHtsIWmhUVylA6GkmJMTtjF+7Rz/3UkDw06Kg/wCGI4uxSw8xYGSbiIEnksAb6Am2Jl1OkrLZRV2DuWuajJy0lSWx1VJ2lCHKZa311WKhlfwm/tGC+Q+sP/PmsocJuJCangPz5gSTrtToVxPagotyF3Am9VGnD4TD1vYgK3JTjRzEKhVZ7GKaB+DyC2dgAP9vUbTl1+gV69NykqkAyXxPzyj+feO8W6C2R3b5Eo469kG2QW1uRWkaeVWgk1ahsso/62s81meNuGoCAxp6YoAZQAUGoVubuS6fSroPbZ9E= ceph-2a006d80-1212-11ef-bc98-c7b262605968' | sudo tee -a /root/.ssh/authorized_keys && sudo chmod 0600 /root/.ssh/authorized_keys
2024-05-14T16:53:11.706 INFO:teuthology.orchestra.run.smithi150.stdout:ssh-rsa AAAAB3NzaC1yc2EAAAADAQABAAABgQCcnPhX1ucgwgMUwI752y7TJUNAfDUH2RMHsFHlNRusqcYFSYF1YU15uCsVgxrUMnnN+740HnhO5BzTGmDGCrVbKmDwLkHYHR/BO7sjUslmjMmx17nDF+e2hwwvOZ8o8y7l1C1S0Ti9+gJ4eKy1UK/ZQTUyo2m66P6/c5CUqVruknSd4Lcy75BPzTwn9a/T6clf0stJcV8fe3qj5SiFCKJeflOHtsIWmhUVylA6GkmJMTtjF+7Rz/3UkDw06Kg/wCGI4uxSw8xYGSbiIEnksAb6Am2Jl1OkrLZRV2DuWuajJy0lSWx1VJ2lCHKZa311WKhlfwm/tGC+Q+sP/PmsocJuJCangPz5gSTrtToVxPagotyF3Am9VGnD4TD1vYgK3JTjRzEKhVZ7GKaB+DyC2dgAP9vUbTl1+gV69NykqkAyXxPzyj+feO8W6C2R3b5Eo469kG2QW1uRWkaeVWgk1ahsso/62s81meNuGoCAxp6YoAZQAUGoVubuS6fSroPbZ9E= ceph-2a006d80-1212-11ef-bc98-c7b262605968
2024-05-14T16:53:11.718 DEBUG:teuthology.orchestra.run.smithi193:> sudo install -d -m 0700 /root/.ssh && echo 'ssh-rsa AAAAB3NzaC1yc2EAAAADAQABAAABgQCcnPhX1ucgwgMUwI752y7TJUNAfDUH2RMHsFHlNRusqcYFSYF1YU15uCsVgxrUMnnN+740HnhO5BzTGmDGCrVbKmDwLkHYHR/BO7sjUslmjMmx17nDF+e2hwwvOZ8o8y7l1C1S0Ti9+gJ4eKy1UK/ZQTUyo2m66P6/c5CUqVruknSd4Lcy75BPzTwn9a/T6clf0stJcV8fe3qj5SiFCKJeflOHtsIWmhUVylA6GkmJMTtjF+7Rz/3UkDw06Kg/wCGI4uxSw8xYGSbiIEnksAb6Am2Jl1OkrLZRV2DuWuajJy0lSWx1VJ2lCHKZa311WKhlfwm/tGC+Q+sP/PmsocJuJCangPz5gSTrtToVxPagotyF3Am9VGnD4TD1vYgK3JTjRzEKhVZ7GKaB+DyC2dgAP9vUbTl1+gV69NykqkAyXxPzyj+feO8W6C2R3b5Eo469kG2QW1uRWkaeVWgk1ahsso/62s81meNuGoCAxp6YoAZQAUGoVubuS6fSroPbZ9E= ceph-2a006d80-1212-11ef-bc98-c7b262605968' | sudo tee -a /root/.ssh/authorized_keys && sudo chmod 0600 /root/.ssh/authorized_keys
2024-05-14T16:53:11.757 INFO:teuthology.orchestra.run.smithi193.stdout:ssh-rsa AAAAB3NzaC1yc2EAAAADAQABAAABgQCcnPhX1ucgwgMUwI752y7TJUNAfDUH2RMHsFHlNRusqcYFSYF1YU15uCsVgxrUMnnN+740HnhO5BzTGmDGCrVbKmDwLkHYHR/BO7sjUslmjMmx17nDF+e2hwwvOZ8o8y7l1C1S0Ti9+gJ4eKy1UK/ZQTUyo2m66P6/c5CUqVruknSd4Lcy75BPzTwn9a/T6clf0stJcV8fe3qj5SiFCKJeflOHtsIWmhUVylA6GkmJMTtjF+7Rz/3UkDw06Kg/wCGI4uxSw8xYGSbiIEnksAb6Am2Jl1OkrLZRV2DuWuajJy0lSWx1VJ2lCHKZa311WKhlfwm/tGC+Q+sP/PmsocJuJCangPz5gSTrtToVxPagotyF3Am9VGnD4TD1vYgK3JTjRzEKhVZ7GKaB+DyC2dgAP9vUbTl1+gV69NykqkAyXxPzyj+feO8W6C2R3b5Eo469kG2QW1uRWkaeVWgk1ahsso/62s81meNuGoCAxp6YoAZQAUGoVubuS6fSroPbZ9E= ceph-2a006d80-1212-11ef-bc98-c7b262605968
2024-05-14T16:53:11.769 DEBUG:teuthology.orchestra.run.smithi099:> sudo /home/ubuntu/cephtest/cephadm --image quay-quay-quay.apps.os.sepia.ceph.com/ceph-ci/ceph:9b63866860f0b71216b2c0a73aedd2e0a8a5c98b shell -c /etc/ceph/ceph.conf -k /etc/ceph/ceph.client.admin.keyring --fsid 2a006d80-1212-11ef-bc98-c7b262605968 -- ceph config set mgr mgr/cephadm/allow_ptrace true
2024-05-14T16:53:12.010 INFO:teuthology.orchestra.run.smithi099.stderr:Inferring config /var/lib/ceph/2a006d80-1212-11ef-bc98-c7b262605968/mon.a/config
2024-05-14T16:53:12.014 INFO:journalctl@ceph.mon.a.smithi099.stdout:May 14 16:53:11 smithi099 ceph-mon[31851]: from='client.? 172.21.15.99:0/1055843258' entity='client.admin'
2024-05-14T16:53:14.092 INFO:teuthology.orchestra.run.smithi099.stderr:2024-05-14T16:53:14.091+0000 7f7cf2a15700 1 -- 172.21.15.99:0/2463488379 >> [v2:172.21.15.99:3300/0,v1:172.21.15.99:6789/0] conn(0x7f7cec101e50 msgr2=0x7f7cec102270 secure :-1 s=STATE_CONNECTION_ESTABLISHED l=1).mark_down
2024-05-14T16:53:14.092 INFO:teuthology.orchestra.run.smithi099.stderr:2024-05-14T16:53:14.091+0000 7f7cf2a15700 1 --2- 172.21.15.99:0/2463488379 >> [v2:172.21.15.99:3300/0,v1:172.21.15.99:6789/0] conn(0x7f7cec101e50 0x7f7cec102270 secure :-1 s=READY pgs=80 cs=0 l=1 rev1=1 crypto rx=0x7f7ce0009910 tx=0x7f7ce0009c20 comp rx=0 tx=0).stop
2024-05-14T16:53:14.092 INFO:teuthology.orchestra.run.smithi099.stderr:2024-05-14T16:53:14.091+0000 7f7cf2a15700 1 -- 172.21.15.99:0/2463488379 shutdown_connections
2024-05-14T16:53:14.092 INFO:teuthology.orchestra.run.smithi099.stderr:2024-05-14T16:53:14.091+0000 7f7cf2a15700 1 --2- 172.21.15.99:0/2463488379 >> [v2:172.21.15.99:3300/0,v1:172.21.15.99:6789/0] conn(0x7f7cec101e50 0x7f7cec102270 unknown :-1 s=CLOSED pgs=80 cs=0 l=1 rev1=1 crypto rx=0 tx=0 comp rx=0 tx=0).stop
2024-05-14T16:53:14.092 INFO:teuthology.orchestra.run.smithi099.stderr:2024-05-14T16:53:14.091+0000 7f7cf2a15700 1 -- 172.21.15.99:0/2463488379 >> 172.21.15.99:0/2463488379 conn(0x7f7cec0fd440 msgr2=0x7f7cec0ff880 unknown :-1 s=STATE_NONE l=0).mark_down
2024-05-14T16:53:14.092 INFO:teuthology.orchestra.run.smithi099.stderr:2024-05-14T16:53:14.091+0000 7f7cf2a15700 1 -- 172.21.15.99:0/2463488379 shutdown_connections
2024-05-14T16:53:14.092 INFO:teuthology.orchestra.run.smithi099.stderr:2024-05-14T16:53:14.091+0000 7f7cf2a15700 1 -- 172.21.15.99:0/2463488379 wait complete.
2024-05-14T16:53:14.093 INFO:teuthology.orchestra.run.smithi099.stderr:2024-05-14T16:53:14.092+0000 7f7cf2a15700 1 Processor -- start
2024-05-14T16:53:14.094 INFO:teuthology.orchestra.run.smithi099.stderr:2024-05-14T16:53:14.092+0000 7f7cf2a15700 1 -- start start
2024-05-14T16:53:14.094 INFO:teuthology.orchestra.run.smithi099.stderr:2024-05-14T16:53:14.092+0000 7f7cf2a15700 1 --2- >> [v2:172.21.15.99:3300/0,v1:172.21.15.99:6789/0] conn(0x7f7cec101e50 0x7f7cec1985d0 unknown :-1 s=NONE pgs=0 cs=0 l=1 rev1=0 crypto rx=0 tx=0 comp rx=0 tx=0).connect
2024-05-14T16:53:14.094 INFO:teuthology.orchestra.run.smithi099.stderr:2024-05-14T16:53:14.092+0000 7f7cf2a15700 1 -- --> [v2:172.21.15.99:3300/0,v1:172.21.15.99:6789/0] -- mon_getmap magic: 0 -- 0x7f7cec107d50 con 0x7f7cec101e50
2024-05-14T16:53:14.094 INFO:teuthology.orchestra.run.smithi099.stderr:2024-05-14T16:53:14.092+0000 7f7cebfff700 1 --2- >> [v2:172.21.15.99:3300/0,v1:172.21.15.99:6789/0] conn(0x7f7cec101e50 0x7f7cec1985d0 unknown :-1 s=BANNER_CONNECTING pgs=0 cs=0 l=1 rev1=0 crypto rx=0 tx=0 comp rx=0 tx=0)._handle_peer_banner_payload supported=3 required=0
2024-05-14T16:53:14.094 INFO:teuthology.orchestra.run.smithi099.stderr:2024-05-14T16:53:14.092+0000 7f7cebfff700 1 --2- >> [v2:172.21.15.99:3300/0,v1:172.21.15.99:6789/0] conn(0x7f7cec101e50 0x7f7cec1985d0 unknown :-1 s=HELLO_CONNECTING pgs=0 cs=0 l=1 rev1=1 crypto rx=0 tx=0 comp rx=0 tx=0).handle_hello peer v2:172.21.15.99:3300/0 says I am v2:172.21.15.99:46012/0 (socket says 172.21.15.99:46012)
2024-05-14T16:53:14.094 INFO:teuthology.orchestra.run.smithi099.stderr:2024-05-14T16:53:14.092+0000 7f7cebfff700 1 -- 172.21.15.99:0/8450985 learned_addr learned my addr 172.21.15.99:0/8450985 (peer_addr_for_me v2:172.21.15.99:0/0)
2024-05-14T16:53:14.094 INFO:teuthology.orchestra.run.smithi099.stderr:2024-05-14T16:53:14.092+0000 7f7cebfff700 1 -- 172.21.15.99:0/8450985 --> [v2:172.21.15.99:3300/0,v1:172.21.15.99:6789/0] -- mon_subscribe({config=0+,monmap=0+}) -- 0x7f7cec198b10 con 0x7f7cec101e50
2024-05-14T16:53:14.094 INFO:teuthology.orchestra.run.smithi099.stderr:2024-05-14T16:53:14.093+0000 7f7cebfff700 1 --2- 172.21.15.99:0/8450985 >> [v2:172.21.15.99:3300/0,v1:172.21.15.99:6789/0] conn(0x7f7cec101e50 0x7f7cec1985d0 secure :-1 s=READY pgs=81 cs=0 l=1 rev1=1 crypto rx=0x7f7ce0005950 tx=0x7f7ce0004fa0 comp rx=0 tx=0).ready entity=mon.0 client_cookie=0 server_cookie=0 in_seq=0 out_seq=0
2024-05-14T16:53:14.094 INFO:teuthology.orchestra.run.smithi099.stderr:2024-05-14T16:53:14.093+0000 7f7ce97fa700 1 -- 172.21.15.99:0/8450985 <== mon.0 v2:172.21.15.99:3300/0 1 ==== mon_map magic: 0 ==== 205+0+0 (secure 0 0 0) 0x7f7ce0026070 con 0x7f7cec101e50
2024-05-14T16:53:14.094 INFO:teuthology.orchestra.run.smithi099.stderr:2024-05-14T16:53:14.093+0000 7f7cf2a15700 1 -- 172.21.15.99:0/8450985 --> [v2:172.21.15.99:3300/0,v1:172.21.15.99:6789/0] -- mon_subscribe({mgrmap=0+}) -- 0x7f7cec198da0 con 0x7f7cec101e50
2024-05-14T16:53:14.094 INFO:teuthology.orchestra.run.smithi099.stderr:2024-05-14T16:53:14.093+0000 7f7ce97fa700 1 -- 172.21.15.99:0/8450985 <== mon.0 v2:172.21.15.99:3300/0 2 ==== config(26 keys) ==== 1101+0+0 (secure 0 0 0) 0x7f7ce000bc00 con 0x7f7cec101e50
2024-05-14T16:53:14.094 INFO:teuthology.orchestra.run.smithi099.stderr:2024-05-14T16:53:14.093+0000 7f7ce97fa700 1 -- 172.21.15.99:0/8450985 <== mon.0 v2:172.21.15.99:3300/0 3 ==== mon_map magic: 0 ==== 205+0+0 (secure 0 0 0) 0x7f7ce0003a10 con 0x7f7cec101e50
2024-05-14T16:53:14.094 INFO:teuthology.orchestra.run.smithi099.stderr:2024-05-14T16:53:14.093+0000 7f7cf2a15700 1 -- 172.21.15.99:0/8450985 --> [v2:172.21.15.99:3300/0,v1:172.21.15.99:6789/0] -- mon_subscribe({osdmap=0}) -- 0x7f7cec19ba90 con 0x7f7cec101e50
2024-05-14T16:53:14.095 INFO:teuthology.orchestra.run.smithi099.stderr:2024-05-14T16:53:14.094+0000 7f7ce97fa700 1 -- 172.21.15.99:0/8450985 <== mon.0 v2:172.21.15.99:3300/0 4 ==== mgrmap(e 13) ==== 50278+0+0 (secure 0 0 0) 0x7f7ce0029070 con 0x7f7cec101e50
2024-05-14T16:53:14.095 INFO:teuthology.orchestra.run.smithi099.stderr:2024-05-14T16:53:14.094+0000 7f7cf2a15700 1 -- 172.21.15.99:0/8450985 --> [v2:172.21.15.99:3300/0,v1:172.21.15.99:6789/0] -- mon_command({"prefix": "get_command_descriptions"} v 0) -- 0x7f7cec1084d0 con 0x7f7cec101e50
2024-05-14T16:53:14.095 INFO:teuthology.orchestra.run.smithi099.stderr:2024-05-14T16:53:14.094+0000 7f7ce97fa700 1 --2- 172.21.15.99:0/8450985 >> [v2:172.21.15.99:6800/2498052825,v1:172.21.15.99:6801/2498052825] conn(0x7f7cd403e510 0x7f7cd40409d0 unknown :-1 s=NONE pgs=0 cs=0 l=1 rev1=0 crypto rx=0 tx=0 comp rx=0 tx=0).connect
2024-05-14T16:53:14.095 INFO:teuthology.orchestra.run.smithi099.stderr:2024-05-14T16:53:14.094+0000 7f7ce97fa700 1 -- 172.21.15.99:0/8450985 <== mon.0 v2:172.21.15.99:3300/0 5 ==== osd_map(3..3 src has 1..3) ==== 1155+0+0 (secure 0 0 0) 0x7f7ce001e070 con 0x7f7cec101e50
2024-05-14T16:53:14.096 INFO:teuthology.orchestra.run.smithi099.stderr:2024-05-14T16:53:14.094+0000 7f7ceb7fe700 1 --2- 172.21.15.99:0/8450985 >> [v2:172.21.15.99:6800/2498052825,v1:172.21.15.99:6801/2498052825] conn(0x7f7cd403e510 0x7f7cd40409d0 unknown :-1 s=BANNER_CONNECTING pgs=0 cs=0 l=1 rev1=0 crypto rx=0 tx=0 comp rx=0 tx=0)._handle_peer_banner_payload supported=3 required=0
2024-05-14T16:53:14.096 INFO:teuthology.orchestra.run.smithi099.stderr:2024-05-14T16:53:14.094+0000 7f7ceb7fe700 1 --2- 172.21.15.99:0/8450985 >> [v2:172.21.15.99:6800/2498052825,v1:172.21.15.99:6801/2498052825] conn(0x7f7cd403e510 0x7f7cd40409d0 secure :-1 s=READY pgs=12 cs=0 l=1 rev1=1 crypto rx=0x7f7cdc006fd0 tx=0x7f7cdc006e40 comp rx=0 tx=0).ready entity=mgr.14152 client_cookie=0 server_cookie=0 in_seq=0 out_seq=0
2024-05-14T16:53:14.099 INFO:teuthology.orchestra.run.smithi099.stderr:2024-05-14T16:53:14.099+0000 7f7ce97fa700 1 -- 172.21.15.99:0/8450985 <== mon.0 v2:172.21.15.99:3300/0 6 ==== mon_command_ack([{"prefix": "get_command_descriptions"}]=0 v0) ==== 72+0+191963 (secure 0 0 0) 0x7f7ce0013070 con 0x7f7cec101e50
2024-05-14T16:53:14.307 INFO:teuthology.orchestra.run.smithi099.stderr:2024-05-14T16:53:14.307+0000 7f7cf2a15700 1 -- 172.21.15.99:0/8450985 --> [v2:172.21.15.99:3300/0,v1:172.21.15.99:6789/0] -- mon_command([{prefix=config set, name=mgr/cephadm/allow_ptrace}] v 0) -- 0x7f7cec02e670 con 0x7f7cec101e50
2024-05-14T16:53:14.310 INFO:teuthology.orchestra.run.smithi099.stderr:2024-05-14T16:53:14.310+0000 7f7ce97fa700 1 -- 172.21.15.99:0/8450985 <== mon.0 v2:172.21.15.99:3300/0 7 ==== mon_command_ack([{prefix=config set, name=mgr/cephadm/allow_ptrace}]=0 v9)=0 v9) ==== 125+0+0 (secure 0 0 0) 0x7f7ce0030020 con 0x7f7cec101e50
2024-05-14T16:53:14.313 INFO:teuthology.orchestra.run.smithi099.stderr:2024-05-14T16:53:14.312+0000 7f7cf2a15700 1 -- 172.21.15.99:0/8450985 >> [v2:172.21.15.99:6800/2498052825,v1:172.21.15.99:6801/2498052825] conn(0x7f7cd403e510 msgr2=0x7f7cd40409d0 secure :-1 s=STATE_CONNECTION_ESTABLISHED l=1).mark_down
2024-05-14T16:53:14.313 INFO:teuthology.orchestra.run.smithi099.stderr:2024-05-14T16:53:14.312+0000 7f7cf2a15700 1 --2- 172.21.15.99:0/8450985 >> [v2:172.21.15.99:6800/2498052825,v1:172.21.15.99:6801/2498052825] conn(0x7f7cd403e510 0x7f7cd40409d0 secure :-1 s=READY pgs=12 cs=0 l=1 rev1=1 crypto rx=0x7f7cdc006fd0 tx=0x7f7cdc006e40 comp rx=0 tx=0).stop
2024-05-14T16:53:14.313 INFO:teuthology.orchestra.run.smithi099.stderr:2024-05-14T16:53:14.312+0000 7f7cf2a15700 1 -- 172.21.15.99:0/8450985 >> [v2:172.21.15.99:3300/0,v1:172.21.15.99:6789/0] conn(0x7f7cec101e50 msgr2=0x7f7cec1985d0 secure :-1 s=STATE_CONNECTION_ESTABLISHED l=1).mark_down
2024-05-14T16:53:14.313 INFO:teuthology.orchestra.run.smithi099.stderr:2024-05-14T16:53:14.312+0000 7f7cf2a15700 1 --2- 172.21.15.99:0/8450985 >> [v2:172.21.15.99:3300/0,v1:172.21.15.99:6789/0] conn(0x7f7cec101e50 0x7f7cec1985d0 secure :-1 s=READY pgs=81 cs=0 l=1 rev1=1 crypto rx=0x7f7ce0005950 tx=0x7f7ce0004fa0 comp rx=0 tx=0).stop
2024-05-14T16:53:14.313 INFO:teuthology.orchestra.run.smithi099.stderr:2024-05-14T16:53:14.312+0000 7f7cf2a15700 1 -- 172.21.15.99:0/8450985 shutdown_connections
2024-05-14T16:53:14.313 INFO:teuthology.orchestra.run.smithi099.stderr:2024-05-14T16:53:14.312+0000 7f7cf2a15700 1 --2- 172.21.15.99:0/8450985 >> [v2:172.21.15.99:6800/2498052825,v1:172.21.15.99:6801/2498052825] conn(0x7f7cd403e510 0x7f7cd40409d0 unknown :-1 s=CLOSED pgs=12 cs=0 l=1 rev1=1 crypto rx=0 tx=0 comp rx=0 tx=0).stop
2024-05-14T16:53:14.313 INFO:teuthology.orchestra.run.smithi099.stderr:2024-05-14T16:53:14.312+0000 7f7cf2a15700 1 --2- 172.21.15.99:0/8450985 >> [v2:172.21.15.99:3300/0,v1:172.21.15.99:6789/0] conn(0x7f7cec101e50 0x7f7cec1985d0 unknown :-1 s=CLOSED pgs=81 cs=0 l=1 rev1=1 crypto rx=0 tx=0 comp rx=0 tx=0).stop
2024-05-14T16:53:14.313 INFO:teuthology.orchestra.run.smithi099.stderr:2024-05-14T16:53:14.312+0000 7f7cf2a15700 1 -- 172.21.15.99:0/8450985 >> 172.21.15.99:0/8450985 conn(0x7f7cec0fd440 msgr2=0x7f7cec06adc0 unknown :-1 s=STATE_NONE l=0).mark_down
2024-05-14T16:53:14.313 INFO:teuthology.orchestra.run.smithi099.stderr:2024-05-14T16:53:14.312+0000 7f7cf2a15700 1 -- 172.21.15.99:0/8450985 shutdown_connections
2024-05-14T16:53:14.313 INFO:teuthology.orchestra.run.smithi099.stderr:2024-05-14T16:53:14.312+0000 7f7cf2a15700 1 -- 172.21.15.99:0/8450985 wait complete.
2024-05-14T16:53:14.895 INFO:tasks.cephadm:Distributing conf and client.admin keyring to all hosts + 0755
2024-05-14T16:53:14.895 DEBUG:teuthology.orchestra.run.smithi099:> sudo /home/ubuntu/cephtest/cephadm --image quay-quay-quay.apps.os.sepia.ceph.com/ceph-ci/ceph:9b63866860f0b71216b2c0a73aedd2e0a8a5c98b shell -c /etc/ceph/ceph.conf -k /etc/ceph/ceph.client.admin.keyring --fsid 2a006d80-1212-11ef-bc98-c7b262605968 -- ceph orch client-keyring set client.admin '*' --mode 0755
2024-05-14T16:53:14.920 INFO:journalctl@ceph.mon.a.smithi099.stdout:May 14 16:53:14 smithi099 ceph-mon[31851]: from='mgr.14152 172.21.15.99:0/2891922695' entity='mgr.x'
2024-05-14T16:53:14.920 INFO:journalctl@ceph.mon.a.smithi099.stdout:May 14 16:53:14 smithi099 ceph-mon[31851]: from='mgr.14152 172.21.15.99:0/2891922695' entity='mgr.x'
2024-05-14T16:53:14.920 INFO:journalctl@ceph.mon.a.smithi099.stdout:May 14 16:53:14 smithi099 ceph-mon[31851]: from='mgr.14152 172.21.15.99:0/2891922695' entity='mgr.x' cmd=[{"prefix": "config rm", "who": "osd/host:smithi099", "name": "osd_memory_target"}]: dispatch
2024-05-14T16:53:14.920 INFO:journalctl@ceph.mon.a.smithi099.stdout:May 14 16:53:14 smithi099 ceph-mon[31851]: from='mgr.14152 172.21.15.99:0/2891922695' entity='mgr.x'
2024-05-14T16:53:14.920 INFO:journalctl@ceph.mon.a.smithi099.stdout:May 14 16:53:14 smithi099 ceph-mon[31851]: from='mgr.14152 172.21.15.99:0/2891922695' entity='mgr.x' cmd=[{"prefix": "config dump", "format": "json"}]: dispatch
2024-05-14T16:53:14.920 INFO:journalctl@ceph.mon.a.smithi099.stdout:May 14 16:53:14 smithi099 ceph-mon[31851]: from='mgr.14152 172.21.15.99:0/2891922695' entity='mgr.x'
2024-05-14T16:53:14.920 INFO:journalctl@ceph.mon.a.smithi099.stdout:May 14 16:53:14 smithi099 ceph-mon[31851]: from='client.? 172.21.15.99:0/8450985' entity='client.admin'
2024-05-14T16:53:14.920 INFO:journalctl@ceph.mon.a.smithi099.stdout:May 14 16:53:14 smithi099 ceph-mon[31851]: from='mgr.14152 172.21.15.99:0/2891922695' entity='mgr.x' cmd=[{"prefix": "config dump", "format": "json"}]: dispatch
2024-05-14T16:53:14.920 INFO:journalctl@ceph.mon.a.smithi099.stdout:May 14 16:53:14 smithi099 ceph-mon[31851]: from='mgr.14152 172.21.15.99:0/2891922695' entity='mgr.x'
2024-05-14T16:53:15.129 INFO:teuthology.orchestra.run.smithi099.stderr:Inferring config /var/lib/ceph/2a006d80-1212-11ef-bc98-c7b262605968/mon.a/config
2024-05-14T16:53:16.616 INFO:teuthology.orchestra.run.smithi099.stderr:2024-05-14T16:53:16.607+0000 7f0fe93c3700 1 -- 172.21.15.99:0/2829718758 >> [v2:172.21.15.99:3300/0,v1:172.21.15.99:6789/0] conn(0x7f0fe41045d0 msgr2=0x7f0fe41049f0 secure :-1 s=STATE_CONNECTION_ESTABLISHED l=1).mark_down
2024-05-14T16:53:16.617 INFO:teuthology.orchestra.run.smithi099.stderr:2024-05-14T16:53:16.607+0000 7f0fe93c3700 1 --2- 172.21.15.99:0/2829718758 >> [v2:172.21.15.99:3300/0,v1:172.21.15.99:6789/0] conn(0x7f0fe41045d0 0x7f0fe41049f0 secure :-1 s=READY pgs=82 cs=0 l=1 rev1=1 crypto rx=0x7f0fd4009910 tx=0x7f0fd4009c20 comp rx=0 tx=0).stop
2024-05-14T16:53:16.617 INFO:teuthology.orchestra.run.smithi099.stderr:2024-05-14T16:53:16.607+0000 7f0fe93c3700 1 -- 172.21.15.99:0/2829718758 shutdown_connections
2024-05-14T16:53:16.617 INFO:teuthology.orchestra.run.smithi099.stderr:2024-05-14T16:53:16.607+0000 7f0fe93c3700 1 --2- 172.21.15.99:0/2829718758 >> [v2:172.21.15.99:3300/0,v1:172.21.15.99:6789/0] conn(0x7f0fe41045d0 0x7f0fe41049f0 unknown :-1 s=CLOSED pgs=82 cs=0 l=1 rev1=1 crypto rx=0 tx=0 comp rx=0 tx=0).stop
2024-05-14T16:53:16.617 INFO:teuthology.orchestra.run.smithi099.stderr:2024-05-14T16:53:16.607+0000 7f0fe93c3700 1 -- 172.21.15.99:0/2829718758 >> 172.21.15.99:0/2829718758 conn(0x7f0fe40fcbf0 msgr2=0x7f0fe40ff010 unknown :-1 s=STATE_NONE l=0).mark_down
2024-05-14T16:53:16.617 INFO:teuthology.orchestra.run.smithi099.stderr:2024-05-14T16:53:16.607+0000 7f0fe93c3700 1 -- 172.21.15.99:0/2829718758 shutdown_connections
2024-05-14T16:53:16.617 INFO:teuthology.orchestra.run.smithi099.stderr:2024-05-14T16:53:16.607+0000 7f0fe93c3700 1 -- 172.21.15.99:0/2829718758 wait complete.
2024-05-14T16:53:16.617 INFO:teuthology.orchestra.run.smithi099.stderr:2024-05-14T16:53:16.608+0000 7f0fe93c3700 1 Processor -- start
2024-05-14T16:53:16.617 INFO:teuthology.orchestra.run.smithi099.stderr:2024-05-14T16:53:16.608+0000 7f0fe93c3700 1 -- start start
