2024-05-15T12:44:28.990 INFO:teuthology.orchestra.run.smithi073.stdout:/usr/bin/ceph: stderr
2024-05-15T12:44:28.130+0000 7f09967fc700 1 -- 172.21.15.73:0/2393015589 <== mon.0 v2:172.21.15.73:3300/0 2 ==== config(26 keys) ==== 1101+0+0 (secure 0 0 0) 0x7f0988004300 con 0x7f0998107890
2024-05-15T12:44:28.990 INFO:teuthology.orchestra.run.smithi073.stdout:/usr/bin/ceph: stderr
2024-05-15T12:44:28.130+0000 7f09967fc700 1 -- 172.21.15.73:0/2393015589 <== mon.0 v2:172.21.15.73:3300/0 3 ==== mon_map magic: 0 ==== 205+0+0 (secure 0 0 0) 0x7f0988011a20 con 0x7f0998107890
2024-05-15T12:44:28.990 INFO:teuthology.orchestra.run.smithi073.stdout:/usr/bin/ceph: stderr
2024-05-15T12:44:28.131+0000 7f099d563700 1 -- 172.21.15.73:0/2393015589 >> [v2:172.21.15.73:3300/0,v1:172.21.15.73:6789/0] conn(0x7f0998107890 msgr2=0x7f0998107cb0 secure :-1 s=STATE_CONNECTION_ESTABLISHED l=1).mark_down
2024-05-15T12:44:28.990 INFO:teuthology.orchestra.run.smithi073.stdout:/usr/bin/ceph: stderr
2024-05-15T12:44:28.131+0000 7f099d563700 1 --2- 172.21.15.73:0/2393015589 >> [v2:172.21.15.73:3300/0,v1:172.21.15.73:6789/0] conn(0x7f0998107890 0x7f0998107cb0 secure :-1 s=READY pgs=70 cs=0 l=1 rev1=1 crypto rx=0x7f09880098a0 tx=0x7f0988009bb0 comp rx=0 tx=0).stop
2024-05-15T12:44:28.990 INFO:teuthology.orchestra.run.smithi073.stdout:/usr/bin/ceph: stderr
2024-05-15T12:44:28.131+0000 7f099d563700 1 -- 172.21.15.73:0/2393015589 shutdown_connections
2024-05-15T12:44:28.990 INFO:teuthology.orchestra.run.smithi073.stdout:/usr/bin/ceph: stderr
2024-05-15T12:44:28.131+0000 7f099d563700 1 --2- 172.21.15.73:0/2393015589 >> [v2:172.21.15.73:3300/0,v1:172.21.15.73:6789/0] conn(0x7f0998107890 0x7f0998107cb0 unknown :-1 s=CLOSED pgs=70 cs=0 l=1 rev1=1 crypto rx=0 tx=0 comp rx=0 tx=0).stop
2024-05-15T12:44:28.990 INFO:teuthology.orchestra.run.smithi073.stdout:/usr/bin/ceph: stderr
2024-05-15T12:44:28.131+0000 7f099d563700 1 -- 172.21.15.73:0/2393015589 >> 172.21.15.73:0/2393015589 conn(0x7f09981034b0 msgr2=0x7f09981058d0 unknown :-1 s=STATE_NONE l=0).mark_down
2024-05-15T12:44:28.990 INFO:teuthology.orchestra.run.smithi073.stdout:/usr/bin/ceph: stderr
2024-05-15T12:44:28.131+0000 7f099d563700 1 -- 172.21.15.73:0/2393015589 shutdown_connections
2024-05-15T12:44:28.990 INFO:teuthology.orchestra.run.smithi073.stdout:/usr/bin/ceph: stderr
2024-05-15T12:44:28.131+0000 7f099d563700 1 -- 172.21.15.73:0/2393015589 wait complete.
2024-05-15T12:44:28.990 INFO:teuthology.orchestra.run.smithi073.stdout:/usr/bin/ceph: stderr
2024-05-15T12:44:28.131+0000 7f099d563700 1 Processor -- start
2024-05-15T12:44:28.990 INFO:teuthology.orchestra.run.smithi073.stdout:/usr/bin/ceph: stderr
2024-05-15T12:44:28.132+0000 7f099d563700 1 -- start start
2024-05-15T12:44:28.990 INFO:teuthology.orchestra.run.smithi073.stdout:/usr/bin/ceph: stderr
2024-05-15T12:44:28.132+0000 7f099d563700 1 --2- >> [v2:172.21.15.73:3300/0,v1:172.21.15.73:6789/0] conn(0x7f0998107890 0x7f099819f0e0 unknown :-1 s=NONE pgs=0 cs=0 l=1 rev1=0 crypto rx=0 tx=0 comp rx=0 tx=0).connect
2024-05-15T12:44:28.991 INFO:teuthology.orchestra.run.smithi073.stdout:/usr/bin/ceph: stderr
2024-05-15T12:44:28.132+0000 7f099d563700 1 -- --> [v2:172.21.15.73:3300/0,v1:172.21.15.73:6789/0] -- mon_getmap magic: 0 -- 0x7f0998109260 con 0x7f0998107890
2024-05-15T12:44:28.991 INFO:teuthology.orchestra.run.smithi073.stdout:/usr/bin/ceph: stderr
2024-05-15T12:44:28.132+0000 7f0996ffd700 1 --2- >> [v2:172.21.15.73:3300/0,v1:172.21.15.73:6789/0] conn(0x7f0998107890 0x7f099819f0e0 unknown :-1 s=BANNER_CONNECTING pgs=0 cs=0 l=1 rev1=0 crypto rx=0 tx=0 comp rx=0 tx=0)._handle_peer_banner_payload supported=3 required=0
2024-05-15T12:44:28.991 INFO:teuthology.orchestra.run.smithi073.stdout:/usr/bin/ceph: stderr
2024-05-15T12:44:28.132+0000 7f0996ffd700 1 --2- >> [v2:172.21.15.73:3300/0,v1:172.21.15.73:6789/0] conn(0x7f0998107890 0x7f099819f0e0 unknown :-1 s=HELLO_CONNECTING pgs=0 cs=0 l=1 rev1=1 crypto rx=0 tx=0 comp rx=0 tx=0).handle_hello peer v2:172.21.15.73:3300/0 says I am v2:172.21.15.73:58446/0 (socket says 172.21.15.73:58446)
2024-05-15T12:44:28.991 INFO:teuthology.orchestra.run.smithi073.stdout:/usr/bin/ceph: stderr
2024-05-15T12:44:28.132+0000 7f0996ffd700 1 -- 172.21.15.73:0/1262782648 learned_addr learned my addr 172.21.15.73:0/1262782648 (peer_addr_for_me v2:172.21.15.73:0/0)
2024-05-15T12:44:28.991 INFO:teuthology.orchestra.run.smithi073.stdout:/usr/bin/ceph: stderr
2024-05-15T12:44:28.132+0000 7f0996ffd700 1 -- 172.21.15.73:0/1262782648 --> [v2:172.21.15.73:3300/0,v1:172.21.15.73:6789/0] -- mon_subscribe({config=0+,monmap=0+}) -- 0x7f099819f620 con 0x7f0998107890
2024-05-15T12:44:28.991 INFO:teuthology.orchestra.run.smithi073.stdout:/usr/bin/ceph: stderr
2024-05-15T12:44:28.132+0000 7f0996ffd700 1 --2- 172.21.15.73:0/1262782648 >> [v2:172.21.15.73:3300/0,v1:172.21.15.73:6789/0] conn(0x7f0998107890 0x7f099819f0e0 secure :-1 s=READY pgs=71 cs=0 l=1 rev1=1 crypto rx=0x7f0988004660 tx=0x7f0988011aa0 comp rx=0 tx=0).ready entity=mon.0 client_cookie=0 server_cookie=0 in_seq=0 out_seq=0
2024-05-15T12:44:28.991 INFO:teuthology.orchestra.run.smithi073.stdout:/usr/bin/ceph: stderr
2024-05-15T12:44:28.132+0000 7f0994ff9700 1 -- 172.21.15.73:0/1262782648 <== mon.0 v2:172.21.15.73:3300/0 1 ==== mon_map magic: 0 ==== 205+0+0 (secure 0 0 0) 0x7f0988003aa0 con 0x7f0998107890
2024-05-15T12:44:28.991 INFO:teuthology.orchestra.run.smithi073.stdout:/usr/bin/ceph: stderr
2024-05-15T12:44:28.133+0000 7f0994ff9700 1 -- 172.21.15.73:0/1262782648 <== mon.0 v2:172.21.15.73:3300/0 2 ==== config(26 keys) ==== 1101+0+0 (secure 0 0 0) 0x7f098801b8f0 con 0x7f0998107890
2024-05-15T12:44:28.991 INFO:teuthology.orchestra.run.smithi073.stdout:/usr/bin/ceph: stderr
2024-05-15T12:44:28.133+0000 7f099d563700 1 -- 172.21.15.73:0/1262782648 --> [v2:172.21.15.73:3300/0,v1:172.21.15.73:6789/0] -- mon_subscribe({mgrmap=0+}) -- 0x7f099819f8b0 con 0x7f0998107890
2024-05-15T12:44:28.991 INFO:teuthology.orchestra.run.smithi073.stdout:/usr/bin/ceph: stderr
2024-05-15T12:44:28.133+0000 7f0994ff9700 1 -- 172.21.15.73:0/1262782648 <== mon.0 v2:172.21.15.73:3300/0 3 ==== mon_map magic: 0 ==== 205+0+0 (secure 0 0 0) 0x7f0988023900 con 0x7f0998107890
2024-05-15T12:44:28.991 INFO:teuthology.orchestra.run.smithi073.stdout:/usr/bin/ceph: stderr
2024-05-15T12:44:28.133+0000 7f099d563700 1 -- 172.21.15.73:0/1262782648 --> [v2:172.21.15.73:3300/0,v1:172.21.15.73:6789/0] -- mon_subscribe({osdmap=0}) -- 0x7f09981a25a0 con 0x7f0998107890
2024-05-15T12:44:28.991 INFO:teuthology.orchestra.run.smithi073.stdout:/usr/bin/ceph: stderr
2024-05-15T12:44:28.133+0000 7f099d563700 1 -- 172.21.15.73:0/1262782648 --> [v2:172.21.15.73:3300/0,v1:172.21.15.73:6789/0] -- mon_command({"prefix": "get_command_descriptions"} v 0) -- 0x7f0998064ba0 con 0x7f0998107890
2024-05-15T12:44:28.991 INFO:teuthology.orchestra.run.smithi073.stdout:/usr/bin/ceph: stderr
2024-05-15T12:44:28.133+0000 7f0994ff9700 1 -- 172.21.15.73:0/1262782648 <== mon.0 v2:172.21.15.73:3300/0 4 ==== mgrmap(e 11) ==== 50129+0+0 (secure 0 0 0) 0x7f0988023bc0 con 0x7f0998107890
2024-05-15T12:44:28.991 INFO:teuthology.orchestra.run.smithi073.stdout:/usr/bin/ceph: stderr
2024-05-15T12:44:28.134+0000 7f0994ff9700 1 --2- 172.21.15.73:0/1262782648 >> [v2:172.21.15.73:6800/3295996288,v1:172.21.15.73:6801/3295996288] conn(0x7f098403e3a0 0x7f0984040860 unknown :-1 s=NONE pgs=0 cs=0 l=1 rev1=0 crypto rx=0 tx=0 comp rx=0 tx=0).connect
2024-05-15T12:44:28.991 INFO:teuthology.orchestra.run.smithi073.stdout:/usr/bin/ceph: stderr
2024-05-15T12:44:28.134+0000 7f0994ff9700 1 -- 172.21.15.73:0/1262782648 <== mon.0 v2:172.21.15.73:3300/0 5 ==== osd_map(3..3 src has 1..3) ==== 1155+0+0 (secure 0 0 0) 0x7f0988053f50 con 0x7f0998107890
2024-05-15T12:44:28.992 INFO:teuthology.orchestra.run.smithi073.stdout:/usr/bin/ceph: stderr
2024-05-15T12:44:28.134+0000 7f098e7fc700 1 --2- 172.21.15.73:0/1262782648 >> [v2:172.21.15.73:6800/3295996288,v1:172.21.15.73:6801/3295996288] conn(0x7f098403e3a0 0x7f0984040860 unknown :-1 s=BANNER_CONNECTING pgs=0 cs=0 l=1 rev1=0 crypto rx=0 tx=0 comp rx=0 tx=0)._handle_peer_banner_payload supported=3 required=0
2024-05-15T12:44:28.992 INFO:teuthology.orchestra.run.smithi073.stdout:/usr/bin/ceph: stderr
2024-05-15T12:44:28.134+0000 7f098e7fc700 1 --2- 172.21.15.73:0/1262782648 >> [v2:172.21.15.73:6800/3295996288,v1:172.21.15.73:6801/3295996288] conn(0x7f098403e3a0 0x7f0984040860 secure :-1 s=READY pgs=7 cs=0 l=1 rev1=1 crypto rx=0x7f0980006fd0 tx=0x7f0980006e40 comp rx=0 tx=0).ready entity=mgr.14152 client_cookie=0 server_cookie=0 in_seq=0 out_seq=0
2024-05-15T12:44:28.992 INFO:teuthology.orchestra.run.smithi073.stdout:/usr/bin/ceph: stderr
2024-05-15T12:44:28.139+0000 7f0994ff9700 1 -- 172.21.15.73:0/1262782648 <== mon.0 v2:172.21.15.73:3300/0 6 ==== mon_command_ack([{"prefix": "get_command_descriptions"}]=0 v0) ==== 72+0+191963 (secure 0 0 0) 0x7f098801f030 con 0x7f0998107890
2024-05-15T12:44:28.992 INFO:teuthology.orchestra.run.smithi073.stdout:/usr/bin/ceph: stderr
2024-05-15T12:44:28.305+0000 7f0994ff9700 1 -- 172.21.15.73:0/1262782648 <== mon.0 v2:172.21.15.73:3300/0 7 ==== mgrmap(e 12) ==== 50235+0+0 (secure 0 0 0) 0x7f098802cc90 con 0x7f0998107890
2024-05-15T12:44:28.992 INFO:teuthology.orchestra.run.smithi073.stdout:/usr/bin/ceph: stderr
2024-05-15T12:44:28.363+0000 7f099d563700 1 -- 172.21.15.73:0/1262782648 --> [v2:172.21.15.73:6800/3295996288,v1:172.21.15.73:6801/3295996288] -- mgr_command(tid 0: {"prefix": "dashboard create-self-signed-cert", "target": ["mon-mgr", ""]}) -- 0x7f099802e8a0 con 0x7f098403e3a0
2024-05-15T12:44:28.992 INFO:teuthology.orchestra.run.smithi073.stdout:/usr/bin/ceph: stderr
2024-05-15T12:44:28.413+0000 7f0994ff9700 1 -- 172.21.15.73:0/1262782648 <== mgr.14152 v2:172.21.15.73:6800/3295996288 1 ==== mgr_command_reply(tid 0: 0 ) ==== 8+0+32 (secure 0 0 0) 0x7f099802e8a0 con 0x7f098403e3a0
2024-05-15T12:44:28.992 INFO:teuthology.orchestra.run.smithi073.stdout:/usr/bin/ceph: stderr
2024-05-15T12:44:28.415+0000 7f099d563700 1 -- 172.21.15.73:0/1262782648 >> [v2:172.21.15.73:6800/3295996288,v1:172.21.15.73:6801/3295996288] conn(0x7f098403e3a0 msgr2=0x7f0984040860 secure :-1 s=STATE_CONNECTION_ESTABLISHED l=1).mark_down
2024-05-15T12:44:28.992 INFO:teuthology.orchestra.run.smithi073.stdout:/usr/bin/ceph: stderr
2024-05-15T12:44:28.415+0000 7f099d563700 1 --2- 172.21.15.73:0/1262782648 >> [v2:172.21.15.73:6800/3295996288,v1:172.21.15.73:6801/3295996288] conn(0x7f098403e3a0 0x7f0984040860 secure :-1 s=READY pgs=7 cs=0 l=1 rev1=1 crypto rx=0x7f0980006fd0 tx=0x7f0980006e40 comp rx=0 tx=0).stop
2024-05-15T12:44:28.992 INFO:teuthology.orchestra.run.smithi073.stdout:/usr/bin/ceph: stderr
2024-05-15T12:44:28.415+0000 7f099d563700 1 -- 172.21.15.73:0/1262782648 >> [v2:172.21.15.73:3300/0,v1:172.21.15.73:6789/0] conn(0x7f0998107890 msgr2=0x7f099819f0e0 secure :-1 s=STATE_CONNECTION_ESTABLISHED l=1).mark_down
2024-05-15T12:44:28.992 INFO:teuthology.orchestra.run.smithi073.stdout:/usr/bin/ceph: stderr
2024-05-15T12:44:28.415+0000 7f099d563700 1 --2- 172.21.15.73:0/1262782648 >> [v2:172.21.15.73:3300/0,v1:172.21.15.73:6789/0] conn(0x7f0998107890 0x7f099819f0e0 secure :-1 s=READY pgs=71 cs=0 l=1 rev1=1 crypto rx=0x7f0988004660 tx=0x7f0988011aa0 comp rx=0 tx=0).stop
2024-05-15T12:44:28.992 INFO:teuthology.orchestra.run.smithi073.stdout:/usr/bin/ceph: stderr
2024-05-15T12:44:28.415+0000 7f099d563700 1 -- 172.21.15.73:0/1262782648 shutdown_connections
2024-05-15T12:44:28.992 INFO:teuthology.orchestra.run.smithi073.stdout:/usr/bin/ceph: stderr
2024-05-15T12:44:28.415+0000 7f099d563700 1 --2- 172.21.15.73:0/1262782648 >> [v2:172.21.15.73:6800/3295996288,v1:172.21.15.73:6801/3295996288] conn(0x7f098403e3a0 0x7f0984040860 unknown :-1 s=CLOSED pgs=7 cs=0 l=1 rev1=1 crypto rx=0 tx=0 comp rx=0 tx=0).stop
2024-05-15T12:44:28.992 INFO:teuthology.orchestra.run.smithi073.stdout:/usr/bin/ceph: stderr
2024-05-15T12:44:28.415+0000 7f099d563700 1 --2- 172.21.15.73:0/1262782648 >> [v2:172.21.15.73:3300/0,v1:172.21.15.73:6789/0] conn(0x7f0998107890 0x7f099819f0e0 unknown :-1 s=CLOSED pgs=71 cs=0 l=1 rev1=1 crypto rx=0 tx=0 comp rx=0 tx=0).stop
2024-05-15T12:44:28.993 INFO:teuthology.orchestra.run.smithi073.stdout:/usr/bin/ceph: stderr
2024-05-15T12:44:28.415+0000 7f099d563700 1 -- 172.21.15.73:0/1262782648 >> 172.21.15.73:0/1262782648 conn(0x7f09981034b0 msgr2=0x7f0998195d50 unknown :-1 s=STATE_NONE l=0).mark_down
2024-05-15T12:44:28.993 INFO:teuthology.orchestra.run.smithi073.stdout:/usr/bin/ceph: stderr
2024-05-15T12:44:28.415+0000 7f099d563700 1 -- 172.21.15.73:0/1262782648 shutdown_connections
2024-05-15T12:44:28.993 INFO:teuthology.orchestra.run.smithi073.stdout:/usr/bin/ceph: stderr
2024-05-15T12:44:28.415+0000 7f099d563700 1 -- 172.21.15.73:0/1262782648 wait complete.
2024-05-15T12:44:28.993 INFO:teuthology.orchestra.run.smithi073.stdout:Creating initial admin user...
2024-05-15T12:44:29.393 INFO:journalctl@ceph.mon.a.smithi073.stdout:May 15 12:44:29 smithi073 ceph-mon[31550]: mgrmap e12: x(active, since 2s)
2024-05-15T12:44:29.393 INFO:journalctl@ceph.mon.a.smithi073.stdout:May 15 12:44:29 smithi073 ceph-mon[31550]: from='client.14164 -' entity='client.admin' cmd=[{"prefix": "dashboard create-self-signed-cert", "target": ["mon-mgr", ""]}]: dispatch
2024-05-15T12:44:29.394 INFO:journalctl@ceph.mon.a.smithi073.stdout:May 15 12:44:29 smithi073 ceph-mon[31550]: from='mgr.14152 172.21.15.73:0/1540198679' entity='mgr.x'
2024-05-15T12:44:29.394 INFO:journalctl@ceph.mon.a.smithi073.stdout:May 15 12:44:29 smithi073 ceph-mon[31550]: from='mgr.14152 172.21.15.73:0/1540198679' entity='mgr.x'
2024-05-15T12:44:30.436 INFO:teuthology.orchestra.run.smithi073.stdout:/usr/bin/ceph: stdout {"username": "admin", "password": "$2b$12$zBXDdk50ItINKCXZ1xpeIOUVY9y22EzTckSz6zRqdvi0ZtdYI96xO", "roles": ["administrator"], "name": null, "email": null, "lastUpdate": 1715777069, "enabled": true, "pwdExpirationDate": null, "pwdUpdateRequired": true}
2024-05-15T12:44:30.436 INFO:teuthology.orchestra.run.smithi073.stdout:/usr/bin/ceph: stderr
2024-05-15T12:44:29.423+0000 7f60e1692700 1 Processor -- start
2024-05-15T12:44:30.437 INFO:teuthology.orchestra.run.smithi073.stdout:/usr/bin/ceph: stderr
2024-05-15T12:44:29.423+0000 7f60e1692700 1 -- start start
2024-05-15T12:44:30.437 INFO:teuthology.orchestra.run.smithi073.stdout:/usr/bin/ceph: stderr
2024-05-15T12:44:29.423+0000 7f60e1692700 1 --2- >> [v2:172.21.15.73:3300/0,v1:172.21.15.73:6789/0] conn(0x7f60dc1078b0 0x7f60dc107cd0 unknown :-1 s=NONE pgs=0 cs=0 l=0 rev1=0 crypto rx=0 tx=0 comp rx=0 tx=0).connect
2024-05-15T12:44:30.437 INFO:teuthology.orchestra.run.smithi073.stdout:/usr/bin/ceph: stderr
2024-05-15T12:44:29.423+0000 7f60e1692700 1 -- --> [v2:172.21.15.73:3300/0,v1:172.21.15.73:6789/0] -- mon_getmap magic: 0 -- 0x7f60dc076d50 con 0x7f60dc1078b0
2024-05-15T12:44:30.437 INFO:teuthology.orchestra.run.smithi073.stdout:/usr/bin/ceph: stderr
2024-05-15T12:44:29.423+0000 7f60d2ffd700 1 --2- >> [v2:172.21.15.73:3300/0,v1:172.21.15.73:6789/0] conn(0x7f60dc1078b0 0x7f60dc107cd0 unknown :-1 s=BANNER_CONNECTING pgs=0 cs=0 l=0 rev1=0 crypto rx=0 tx=0 comp rx=0 tx=0)._handle_peer_banner_payload supported=3 required=0
2024-05-15T12:44:30.437 INFO:teuthology.orchestra.run.smithi073.stdout:/usr/bin/ceph: stderr
2024-05-15T12:44:29.423+0000 7f60d2ffd700 1 --2- >> [v2:172.21.15.73:3300/0,v1:172.21.15.73:6789/0] conn(0x7f60dc1078b0 0x7f60dc107cd0 unknown :-1 s=HELLO_CONNECTING pgs=0 cs=0 l=0 rev1=1 crypto rx=0 tx=0 comp rx=0 tx=0).handle_hello peer v2:172.21.15.73:3300/0 says I am v2:172.21.15.73:58450/0 (socket says 172.21.15.73:58450)
2024-05-15T12:44:30.437 INFO:teuthology.orchestra.run.smithi073.stdout:/usr/bin/ceph: stderr
2024-05-15T12:44:29.423+0000 7f60d2ffd700 1 -- 172.21.15.73:0/1644769065 learned_addr learned my addr 172.21.15.73:0/1644769065 (peer_addr_for_me v2:172.21.15.73:0/0)
2024-05-15T12:44:30.437 INFO:teuthology.orchestra.run.smithi073.stdout:/usr/bin/ceph: stderr
2024-05-15T12:44:29.423+0000 7f60d2ffd700 1 -- 172.21.15.73:0/1644769065 --> [v2:172.21.15.73:3300/0,v1:172.21.15.73:6789/0] -- mon_subscribe({config=0+,monmap=0+}) -- 0x7f60dc108210 con 0x7f60dc1078b0
2024-05-15T12:44:30.437 INFO:teuthology.orchestra.run.smithi073.stdout:/usr/bin/ceph: stderr
2024-05-15T12:44:29.423+0000 7f60d2ffd700 1 --2- 172.21.15.73:0/1644769065 >> [v2:172.21.15.73:3300/0,v1:172.21.15.73:6789/0] conn(0x7f60dc1078b0 0x7f60dc107cd0 secure :-1 s=READY pgs=72 cs=0 l=1 rev1=1 crypto rx=0x7f60cc0098a0 tx=0x7f60cc009bb0 comp rx=0 tx=0).ready entity=mon.0 client_cookie=c091f2bcd969f601 server_cookie=0 in_seq=0 out_seq=0
2024-05-15T12:44:30.437 INFO:teuthology.orchestra.run.smithi073.stdout:/usr/bin/ceph: stderr
2024-05-15T12:44:29.424+0000 7f60da7fc700 1 -- 172.21.15.73:0/1644769065 <== mon.0 v2:172.21.15.73:3300/0 1 ==== mon_map magic: 0 ==== 205+0+0 (secure 0 0 0) 0x7f60cc004160 con 0x7f60dc1078b0
2024-05-15T12:44:30.437 INFO:teuthology.orchestra.run.smithi073.stdout:/usr/bin/ceph: stderr
2024-05-15T12:44:29.424+0000 7f60da7fc700 1 -- 172.21.15.73:0/1644769065 <== mon.0 v2:172.21.15.73:3300/0 2 ==== config(26 keys) ==== 1101+0+0 (secure 0 0 0) 0x7f60cc004300 con 0x7f60dc1078b0
2024-05-15T12:44:30.437 INFO:teuthology.orchestra.run.smithi073.stdout:/usr/bin/ceph: stderr
2024-05-15T12:44:29.424+0000 7f60da7fc700 1 -- 172.21.15.73:0/1644769065 <== mon.0 v2:172.21.15.73:3300/0 3 ==== mon_map magic: 0 ==== 205+0+0 (secure 0 0 0) 0x7f60cc011a20 con 0x7f60dc1078b0
2024-05-15T12:44:30.437 INFO:teuthology.orchestra.run.smithi073.stdout:/usr/bin/ceph: stderr
2024-05-15T12:44:29.424+0000 7f60e1692700 1 -- 172.21.15.73:0/1644769065 >> [v2:172.21.15.73:3300/0,v1:172.21.15.73:6789/0] conn(0x7f60dc1078b0 msgr2=0x7f60dc107cd0 secure :-1 s=STATE_CONNECTION_ESTABLISHED l=1).mark_down
2024-05-15T12:44:30.437 INFO:teuthology.orchestra.run.smithi073.stdout:/usr/bin/ceph: stderr
2024-05-15T12:44:29.424+0000 7f60e1692700 1 --2- 172.21.15.73:0/1644769065 >> [v2:172.21.15.73:3300/0,v1:172.21.15.73:6789/0] conn(0x7f60dc1078b0 0x7f60dc107cd0 secure :-1 s=READY pgs=72 cs=0 l=1 rev1=1 crypto rx=0x7f60cc0098a0 tx=0x7f60cc009bb0 comp rx=0 tx=0).stop
2024-05-15T12:44:30.438 INFO:teuthology.orchestra.run.smithi073.stdout:/usr/bin/ceph: stderr
2024-05-15T12:44:29.424+0000 7f60e1692700 1 -- 172.21.15.73:0/1644769065 shutdown_connections
2024-05-15T12:44:30.438 INFO:teuthology.orchestra.run.smithi073.stdout:/usr/bin/ceph: stderr
2024-05-15T12:44:29.424+0000 7f60e1692700 1 --2- 172.21.15.73:0/1644769065 >> [v2:172.21.15.73:3300/0,v1:172.21.15.73:6789/0] conn(0x7f60dc1078b0 0x7f60dc107cd0 unknown :-1 s=CLOSED pgs=72 cs=0 l=1 rev1=1 crypto rx=0 tx=0 comp rx=0 tx=0).stop
2024-05-15T12:44:30.438 INFO:teuthology.orchestra.run.smithi073.stdout:/usr/bin/ceph: stderr
2024-05-15T12:44:29.424+0000 7f60e1692700 1 -- 172.21.15.73:0/1644769065 >> 172.21.15.73:0/1644769065 conn(0x7f60dc1034b0 msgr2=0x7f60dc1058d0 unknown :-1 s=STATE_NONE l=0).mark_down
2024-05-15T12:44:30.438 INFO:teuthology.orchestra.run.smithi073.stdout:/usr/bin/ceph: stderr
2024-05-15T12:44:29.424+0000 7f60e1692700 1 -- 172.21.15.73:0/1644769065 shutdown_connections
2024-05-15T12:44:30.438 INFO:teuthology.orchestra.run.smithi073.stdout:/usr/bin/ceph: stderr
2024-05-15T12:44:29.424+0000 7f60e1692700 1 -- 172.21.15.73:0/1644769065 wait complete.
2024-05-15T12:44:30.438 INFO:teuthology.orchestra.run.smithi073.stdout:/usr/bin/ceph: stderr
2024-05-15T12:44:29.425+0000 7f60e1692700 1 Processor -- start
2024-05-15T12:44:30.438 INFO:teuthology.orchestra.run.smithi073.stdout:/usr/bin/ceph: stderr
2024-05-15T12:44:29.425+0000 7f60e1692700 1 -- start start
2024-05-15T12:44:30.438 INFO:teuthology.orchestra.run.smithi073.stdout:/usr/bin/ceph: stderr
2024-05-15T12:44:29.425+0000 7f60e1692700 1 --2- >> [v2:172.21.15.73:3300/0,v1:172.21.15.73:6789/0] conn(0x7f60dc1078b0 0x7f60dc19f0b0 unknown :-1 s=NONE pgs=0 cs=0 l=1 rev1=0 crypto rx=0 tx=0 comp rx=0 tx=0).connect
2024-05-15T12:44:30.438 INFO:teuthology.orchestra.run.smithi073.stdout:/usr/bin/ceph: stderr
2024-05-15T12:44:29.425+0000 7f60e1692700 1 -- --> [v2:172.21.15.73:3300/0,v1:172.21.15.73:6789/0] -- mon_getmap magic: 0 -- 0x7f60dc109280 con 0x7f60dc1078b0
2024-05-15T12:44:30.438 INFO:teuthology.orchestra.run.smithi073.stdout:/usr/bin/ceph: stderr
2024-05-15T12:44:29.425+0000 7f60d2ffd700 1 --2- >> [v2:172.21.15.73:3300/0,v1:172.21.15.73:6789/0] conn(0x7f60dc1078b0 0x7f60dc19f0b0 unknown :-1 s=BANNER_CONNECTING pgs=0 cs=0 l=1 rev1=0 crypto rx=0 tx=0 comp rx=0 tx=0)._handle_peer_banner_payload supported=3 required=0
2024-05-15T12:44:30.438 INFO:teuthology.orchestra.run.smithi073.stdout:/usr/bin/ceph: stderr
2024-05-15T12:44:29.425+0000 7f60d2ffd700 1 --2- >> [v2:172.21.15.73:3300/0,v1:172.21.15.73:6789/0] conn(0x7f60dc1078b0 0x7f60dc19f0b0 unknown :-1 s=HELLO_CONNECTING pgs=0 cs=0 l=1 rev1=1 crypto rx=0 tx=0 comp rx=0 tx=0).handle_hello peer v2:172.21.15.73:3300/0 says I am v2:172.21.15.73:58466/0 (socket says 172.21.15.73:58466)
2024-05-15T12:44:30.438 INFO:teuthology.orchestra.run.smithi073.stdout:/usr/bin/ceph: stderr
2024-05-15T12:44:29.425+0000 7f60d2ffd700 1 -- 172.21.15.73:0/1111799397 learned_addr learned my addr 172.21.15.73:0/1111799397 (peer_addr_for_me v2:172.21.15.73:0/0)
2024-05-15T12:44:30.438 INFO:teuthology.orchestra.run.smithi073.stdout:/usr/bin/ceph: stderr
2024-05-15T12:44:29.426+0000 7f60d2ffd700 1 -- 172.21.15.73:0/1111799397 --> [v2:172.21.15.73:3300/0,v1:172.21.15.73:6789/0] -- mon_subscribe({config=0+,monmap=0+}) -- 0x7f60dc19f5f0 con 0x7f60dc1078b0
2024-05-15T12:44:30.438 INFO:teuthology.orchestra.run.smithi073.stdout:/usr/bin/ceph: stderr
2024-05-15T12:44:29.426+0000 7f60d2ffd700 1 --2- 172.21.15.73:0/1111799397 >> [v2:172.21.15.73:3300/0,v1:172.21.15.73:6789/0] conn(0x7f60dc1078b0 0x7f60dc19f0b0 secure :-1 s=READY pgs=73 cs=0 l=1 rev1=1 crypto rx=0x7f60cc004660 tx=0x7f60cc011aa0 comp rx=0 tx=0).ready entity=mon.0 client_cookie=0 server_cookie=0 in_seq=0 out_seq=0
2024-05-15T12:44:30.439 INFO:teuthology.orchestra.run.smithi073.stdout:/usr/bin/ceph: stderr
2024-05-15T12:44:29.426+0000 7f60d8ff9700 1 -- 172.21.15.73:0/1111799397 <== mon.0 v2:172.21.15.73:3300/0 1 ==== mon_map magic: 0 ==== 205+0+0 (secure 0 0 0) 0x7f60cc003aa0 con 0x7f60dc1078b0
2024-05-15T12:44:30.439 INFO:teuthology.orchestra.run.smithi073.stdout:/usr/bin/ceph: stderr
2024-05-15T12:44:29.426+0000 7f60e1692700 1 -- 172.21.15.73:0/1111799397 --> [v2:172.21.15.73:3300/0,v1:172.21.15.73:6789/0] -- mon_subscribe({mgrmap=0+}) -- 0x7f60dc19f880 con 0x7f60dc1078b0
2024-05-15T12:44:30.439 INFO:teuthology.orchestra.run.smithi073.stdout:/usr/bin/ceph: stderr
2024-05-15T12:44:29.426+0000 7f60d8ff9700 1 -- 172.21.15.73:0/1111799397 <== mon.0 v2:172.21.15.73:3300/0 2 ==== config(26 keys) ==== 1101+0+0 (secure 0 0 0) 0x7f60cc01b8f0 con 0x7f60dc1078b0
2024-05-15T12:44:30.439 INFO:teuthology.orchestra.run.smithi073.stdout:/usr/bin/ceph: stderr
2024-05-15T12:44:29.426+0000 7f60d8ff9700 1 -- 172.21.15.73:0/1111799397 <== mon.0 v2:172.21.15.73:3300/0 3 ==== mon_map magic: 0 ==== 205+0+0 (secure 0 0 0) 0x7f60cc023900 con 0x7f60dc1078b0
2024-05-15T12:44:30.439 INFO:teuthology.orchestra.run.smithi073.stdout:/usr/bin/ceph: stderr
2024-05-15T12:44:29.426+0000 7f60e1692700 1 -- 172.21.15.73:0/1111799397 --> [v2:172.21.15.73:3300/0,v1:172.21.15.73:6789/0] -- mon_subscribe({osdmap=0}) -- 0x7f60dc1a2570 con 0x7f60dc1078b0
2024-05-15T12:44:30.439 INFO:teuthology.orchestra.run.smithi073.stdout:/usr/bin/ceph: stderr
2024-05-15T12:44:29.427+0000 7f60d8ff9700 1 -- 172.21.15.73:0/1111799397 <== mon.0 v2:172.21.15.73:3300/0 4 ==== mgrmap(e 12) ==== 50235+0+0 (secure 0 0 0) 0x7f60cc023bc0 con 0x7f60dc1078b0
2024-05-15T12:44:30.439 INFO:teuthology.orchestra.run.smithi073.stdout:/usr/bin/ceph: stderr
2024-05-15T12:44:29.427+0000 7f60e1692700 1 -- 172.21.15.73:0/1111799397 --> [v2:172.21.15.73:3300/0,v1:172.21.15.73:6789/0] -- mon_command({"prefix": "get_command_descriptions"} v 0) -- 0x7f60dc064ba0 con 0x7f60dc1078b0
2024-05-15T12:44:30.439 INFO:teuthology.orchestra.run.smithi073.stdout:/usr/bin/ceph: stderr
2024-05-15T12:44:29.427+0000 7f60d8ff9700 1 --2- 172.21.15.73:0/1111799397 >> [v2:172.21.15.73:6800/3295996288,v1:172.21.15.73:6801/3295996288] conn(0x7f60c803e4c0 0x7f60c8040980 unknown :-1 s=NONE pgs=0 cs=0 l=1 rev1=0 crypto rx=0 tx=0 comp rx=0 tx=0).connect
2024-05-15T12:44:30.439 INFO:teuthology.orchestra.run.smithi073.stdout:/usr/bin/ceph: stderr
2024-05-15T12:44:29.427+0000 7f60d8ff9700 1 -- 172.21.15.73:0/1111799397 <== mon.0 v2:172.21.15.73:3300/0 5 ==== osd_map(3..3 src has 1..3) ==== 1155+0+0 (secure 0 0 0) 0x7f60cc0541f0 con 0x7f60dc1078b0
2024-05-15T12:44:30.439 INFO:teuthology.orchestra.run.smithi073.stdout:/usr/bin/ceph: stderr
2024-05-15T12:44:29.427+0000 7f60daffd700 1 --2- 172.21.15.73:0/1111799397 >> [v2:172.21.15.73:6800/3295996288,v1:172.21.15.73:6801/3295996288] conn(0x7f60c803e4c0 0x7f60c8040980 unknown :-1 s=BANNER_CONNECTING pgs=0 cs=0 l=1 rev1=0 crypto rx=0 tx=0 comp rx=0 tx=0)._handle_peer_banner_payload supported=3 required=0
2024-05-15T12:44:30.439 INFO:teuthology.orchestra.run.smithi073.stdout:/usr/bin/ceph: stderr
2024-05-15T12:44:29.428+0000 7f60daffd700 1 --2- 172.21.15.73:0/1111799397 >> [v2:172.21.15.73:6800/3295996288,v1:172.21.15.73:6801/3295996288] conn(0x7f60c803e4c0 0x7f60c8040980 secure :-1 s=READY pgs=8 cs=0 l=1 rev1=1 crypto rx=0x7f60c4006fd0 tx=0x7f60c4006e40 comp rx=0 tx=0).ready entity=mgr.14152 client_cookie=0 server_cookie=0 in_seq=0 out_seq=0
2024-05-15T12:44:30.439 INFO:teuthology.orchestra.run.smithi073.stdout:/usr/bin/ceph: stderr
2024-05-15T12:44:29.432+0000 7f60d8ff9700 1 -- 172.21.15.73:0/1111799397 <== mon.0 v2:172.21.15.73:3300/0 6 ==== mon_command_ack([{"prefix": "get_command_descriptions"}]=0 v0) ==== 72+0+191963 (secure 0 0 0) 0x7f60cc01f030 con 0x7f60dc1078b0
2024-05-15T12:44:30.439 INFO:teuthology.orchestra.run.smithi073.stdout:/usr/bin/ceph: stderr
2024-05-15T12:44:29.670+0000 7f60e1692700 1 -- 172.21.15.73:0/1111799397 --> [v2:172.21.15.73:6800/3295996288,v1:172.21.15.73:6801/3295996288] -- mgr_command(tid 0: {"prefix": "dashboard ac-user-create", "username": "admin", "rolename": "administrator", "force_password": true, "pwd_update_required": true, "target": ["mon-mgr", ""]}) -- 0x7f60dc19fd60 con 0x7f60c803e4c0
2024-05-15T12:44:30.439 INFO:teuthology.orchestra.run.smithi073.stdout:/usr/bin/ceph: stderr
2024-05-15T12:44:29.898+0000 7f60d8ff9700 1 -- 172.21.15.73:0/1111799397 <== mgr.14152 v2:172.21.15.73:6800/3295996288 1 ==== mgr_command_reply(tid 0: 0 ) ==== 8+0+252 (secure 0 0 0) 0x7f60dc19fd60 con 0x7f60c803e4c0
2024-05-15T12:44:30.439 INFO:teuthology.orchestra.run.smithi073.stdout:/usr/bin/ceph: stderr
2024-05-15T12:44:29.901+0000 7f60e1692700 1 -- 172.21.15.73:0/1111799397 >> [v2:172.21.15.73:6800/3295996288,v1:172.21.15.73:6801/3295996288] conn(0x7f60c803e4c0 msgr2=0x7f60c8040980 secure :-1 s=STATE_CONNECTION_ESTABLISHED l=1).mark_down
2024-05-15T12:44:30.440 INFO:teuthology.orchestra.run.smithi073.stdout:/usr/bin/ceph: stderr
2024-05-15T12:44:29.901+0000 7f60e1692700 1 --2- 172.21.15.73:0/1111799397 >> [v2:172.21.15.73:6800/3295996288,v1:172.21.15.73:6801/3295996288] conn(0x7f60c803e4c0 0x7f60c8040980 secure :-1 s=READY pgs=8 cs=0 l=1 rev1=1 crypto rx=0x7f60c4006fd0 tx=0x7f60c4006e40 comp rx=0 tx=0).stop
2024-05-15T12:44:30.440 INFO:teuthology.orchestra.run.smithi073.stdout:/usr/bin/ceph: stderr
2024-05-15T12:44:29.901+0000 7f60e1692700 1 -- 172.21.15.73:0/1111799397 >> [v2:172.21.15.73:3300/0,v1:172.21.15.73:6789/0] conn(0x7f60dc1078b0 msgr2=0x7f60dc19f0b0 secure :-1 s=STATE_CONNECTION_ESTABLISHED l=1).mark_down
2024-05-15T12:44:30.440 INFO:teuthology.orchestra.run.smithi073.stdout:/usr/bin/ceph: stderr
2024-05-15T12:44:29.901+0000 7f60e1692700 1 --2- 172.21.15.73:0/1111799397 >> [v2:172.21.15.73:3300/0,v1:172.21.15.73:6789/0] conn(0x7f60dc1078b0 0x7f60dc19f0b0 secure :-1 s=READY pgs=73 cs=0 l=1 rev1=1 crypto rx=0x7f60cc004660 tx=0x7f60cc011aa0 comp rx=0 tx=0).stop
2024-05-15T12:44:30.440 INFO:teuthology.orchestra.run.smithi073.stdout:/usr/bin/ceph: stderr
2024-05-15T12:44:29.901+0000 7f60e1692700 1 -- 172.21.15.73:0/1111799397 shutdown_connections
2024-05-15T12:44:30.440 INFO:teuthology.orchestra.run.smithi073.stdout:/usr/bin/ceph: stderr
2024-05-15T12:44:29.901+0000 7f60e1692700 1 --2- 172.21.15.73:0/1111799397 >> [v2:172.21.15.73:6800/3295996288,v1:172.21.15.73:6801/3295996288] conn(0x7f60c803e4c0 0x7f60c8040980 unknown :-1 s=CLOSED pgs=8 cs=0 l=1 rev1=1 crypto rx=0 tx=0 comp rx=0 tx=0).stop
2024-05-15T12:44:30.440 INFO:teuthology.orchestra.run.smithi073.stdout:/usr/bin/ceph: stderr
2024-05-15T12:44:29.901+0000 7f60e1692700 1 --2- 172.21.15.73:0/1111799397 >> [v2:172.21.15.73:3300/0,v1:172.21.15.73:6789/0] conn(0x7f60dc1078b0 0x7f60dc19f0b0 unknown :-1 s=CLOSED pgs=73 cs=0 l=1 rev1=1 crypto rx=0 tx=0 comp rx=0 tx=0).stop
2024-05-15T12:44:30.440 INFO:teuthology.orchestra.run.smithi073.stdout:/usr/bin/ceph: stderr
2024-05-15T12:44:29.901+0000 7f60e1692700 1 -- 172.21.15.73:0/1111799397 >> 172.21.15.73:0/1111799397 conn(0x7f60dc1034b0 msgr2=0x7f60dc195d20 unknown :-1 s=STATE_NONE l=0).mark_down
2024-05-15T12:44:30.440 INFO:teuthology.orchestra.run.smithi073.stdout:/usr/bin/ceph: stderr
2024-05-15T12:44:29.901+0000 7f60e1692700 1 -- 172.21.15.73:0/1111799397 shutdown_connections
2024-05-15T12:44:30.440 INFO:teuthology.orchestra.run.smithi073.stdout:/usr/bin/ceph: stderr
2024-05-15T12:44:29.901+0000 7f60e1692700 1 -- 172.21.15.73:0/1111799397 wait complete.
2024-05-15T12:44:30.440 INFO:teuthology.orchestra.run.smithi073.stdout:Fetching dashboard port number...
2024-05-15T12:44:30.866 INFO:journalctl@ceph.mon.a.smithi073.stdout:May 15 12:44:30 smithi073 ceph-mon[31550]: from='mgr.14152 172.21.15.73:0/1540198679' entity='mgr.x'
2024-05-15T12:44:30.866 INFO:journalctl@ceph.mon.a.smithi073.stdout:May 15 12:44:30 smithi073 ceph-mon[31550]: from='mgr.14152 172.21.15.73:0/1540198679' entity='mgr.x'
2024-05-15T12:44:31.738 INFO:teuthology.orchestra.run.smithi073.stdout:/usr/bin/ceph: stdout 8443
2024-05-15T12:44:31.738 INFO:teuthology.orchestra.run.smithi073.stdout:/usr/bin/ceph: stderr
2024-05-15T12:44:30.879+0000 7fdfc1f0b700 1 Processor -- start
2024-05-15T12:44:31.738 INFO:teuthology.orchestra.run.smithi073.stdout:/usr/bin/ceph: stderr
2024-05-15T12:44:30.879+0000 7fdfc1f0b700 1 -- start start
2024-05-15T12:44:31.738 INFO:teuthology.orchestra.run.smithi073.stdout:/usr/bin/ceph: stderr
2024-05-15T12:44:30.879+0000 7fdfc1f0b700 1 --2- >> [v2:172.21.15.73:3300/0,v1:172.21.15.73:6789/0] conn(0x7fdfbc109a90 0x7fdfbc10be80 unknown :-1 s=NONE pgs=0 cs=0 l=0 rev1=0 crypto rx=0 tx=0 comp rx=0 tx=0).connect
2024-05-15T12:44:31.738 INFO:teuthology.orchestra.run.smithi073.stdout:/usr/bin/ceph: stderr
2024-05-15T12:44:30.879+0000 7fdfc1f0b700 1 -- --> [v2:172.21.15.73:3300/0,v1:172.21.15.73:6789/0] -- mon_getmap magic: 0 -- 0x7fdfbc07ce60 con 0x7fdfbc109a90
2024-05-15T12:44:31.739 INFO:teuthology.orchestra.run.smithi073.stdout:/usr/bin/ceph: stderr
2024-05-15T12:44:30.879+0000 7fdfbb7fe700 1 --2- >> [v2:172.21.15.73:3300/0,v1:172.21.15.73:6789/0] conn(0x7fdfbc109a90 0x7fdfbc10be80 unknown :-1 s=BANNER_CONNECTING pgs=0 cs=0 l=0 rev1=0 crypto rx=0 tx=0 comp rx=0 tx=0)._handle_peer_banner_payload supported=3 required=0
2024-05-15T12:44:31.739 INFO:teuthology.orchestra.run.smithi073.stdout:/usr/bin/ceph: stderr
2024-05-15T12:44:30.879+0000 7fdfbb7fe700 1 --2- >> [v2:172.21.15.73:3300/0,v1:172.21.15.73:6789/0] conn(0x7fdfbc109a90 0x7fdfbc10be80 unknown :-1 s=HELLO_CONNECTING pgs=0 cs=0 l=0 rev1=1 crypto rx=0 tx=0 comp rx=0 tx=0).handle_hello peer v2:172.21.15.73:3300/0 says I am v2:172.21.15.73:58470/0 (socket says 172.21.15.73:58470)
2024-05-15T12:44:31.739 INFO:teuthology.orchestra.run.smithi073.stdout:/usr/bin/ceph: stderr
2024-05-15T12:44:30.879+0000 7fdfbb7fe700 1 -- 172.21.15.73:0/1039268911 learned_addr learned my addr 172.21.15.73:0/1039268911 (peer_addr_for_me v2:172.21.15.73:0/0)
2024-05-15T12:44:31.739 INFO:teuthology.orchestra.run.smithi073.stdout:/usr/bin/ceph: stderr
2024-05-15T12:44:30.879+0000 7fdfbb7fe700 1 -- 172.21.15.73:0/1039268911 --> [v2:172.21.15.73:3300/0,v1:172.21.15.73:6789/0] -- mon_subscribe({config=0+,monmap=0+}) -- 0x7fdfbc10c3c0 con 0x7fdfbc109a90
2024-05-15T12:44:31.739 INFO:teuthology.orchestra.run.smithi073.stdout:/usr/bin/ceph: stderr
2024-05-15T12:44:30.880+0000 7fdfbb7fe700 1 --2- 172.21.15.73:0/1039268911 >> [v2:172.21.15.73:3300/0,v1:172.21.15.73:6789/0] conn(0x7fdfbc109a90 0x7fdfbc10be80 secure :-1 s=READY pgs=74 cs=0 l=1 rev1=1 crypto rx=0x7fdfac0098a0 tx=0x7fdfac009bb0 comp rx=0 tx=0).ready entity=mon.0 client_cookie=b5455ba063f26506 server_cookie=0 in_seq=0 out_seq=0
2024-05-15T12:44:31.739 INFO:teuthology.orchestra.run.smithi073.stdout:/usr/bin/ceph: stderr
2024-05-15T12:44:30.880+0000 7fdfba7fc700 1 -- 172.21.15.73:0/1039268911 <== mon.0 v2:172.21.15.73:3300/0 1 ==== mon_map magic: 0 ==== 205+0+0 (secure 0 0 0) 0x7fdfac004160 con 0x7fdfbc109a90
2024-05-15T12:44:31.739 INFO:teuthology.orchestra.run.smithi073.stdout:/usr/bin/ceph: stderr
2024-05-15T12:44:30.880+0000 7fdfba7fc700 1 -- 172.21.15.73:0/1039268911 <== mon.0 v2:172.21.15.73:3300/0 2 ==== config(26 keys) ==== 1101+0+0 (secure 0 0 0) 0x7fdfac004300 con 0x7fdfbc109a90
2024-05-15T12:44:31.739 INFO:teuthology.orchestra.run.smithi073.stdout:/usr/bin/ceph: stderr
2024-05-15T12:44:30.880+0000 7fdfba7fc700 1 -- 172.21.15.73:0/1039268911 <== mon.0 v2:172.21.15.73:3300/0 3 ==== mon_map magic: 0 ==== 205+0+0 (secure 0 0 0) 0x7fdfac011a20 con 0x7fdfbc109a90
2024-05-15T12:44:31.739 INFO:teuthology.orchestra.run.smithi073.stdout:/usr/bin/ceph: stderr
2024-05-15T12:44:30.880+0000 7fdfc1f0b700 1 -- 172.21.15.73:0/1039268911 >> [v2:172.21.15.73:3300/0,v1:172.21.15.73:6789/0] conn(0x7fdfbc109a90 msgr2=0x7fdfbc10be80 secure :-1 s=STATE_CONNECTION_ESTABLISHED l=1).mark_down
2024-05-15T12:44:31.739 INFO:teuthology.orchestra.run.smithi073.stdout:/usr/bin/ceph: stderr
2024-05-15T12:44:30.880+0000 7fdfc1f0b700 1 --2- 172.21.15.73:0/1039268911 >> [v2:172.21.15.73:3300/0,v1:172.21.15.73:6789/0] conn(0x7fdfbc109a90 0x7fdfbc10be80 secure :-1 s=READY pgs=74 cs=0 l=1 rev1=1 crypto rx=0x7fdfac0098a0 tx=0x7fdfac009bb0 comp rx=0 tx=0).stop
2024-05-15T12:44:31.739 INFO:teuthology.orchestra.run.smithi073.stdout:/usr/bin/ceph: stderr
2024-05-15T12:44:30.880+0000 7fdfc1f0b700 1 -- 172.21.15.73:0/1039268911 shutdown_connections
2024-05-15T12:44:31.739 INFO:teuthology.orchestra.run.smithi073.stdout:/usr/bin/ceph: stderr
2024-05-15T12:44:30.880+0000 7fdfc1f0b700 1 --2- 172.21.15.73:0/1039268911 >> [v2:172.21.15.73:3300/0,v1:172.21.15.73:6789/0] conn(0x7fdfbc109a90 0x7fdfbc10be80 unknown :-1 s=CLOSED pgs=74 cs=0 l=1 rev1=1 crypto rx=0 tx=0 comp rx=0 tx=0).stop
2024-05-15T12:44:31.739 INFO:teuthology.orchestra.run.smithi073.stdout:/usr/bin/ceph: stderr
2024-05-15T12:44:30.881+0000 7fdfc1f0b700 1 -- 172.21.15.73:0/1039268911 >> 172.21.15.73:0/1039268911 conn(0x7fdfbc1034c0 msgr2=0x7fdfbc1058e0 unknown :-1 s=STATE_NONE l=0).mark_down
2024-05-15T12:44:31.739 INFO:teuthology.orchestra.run.smithi073.stdout:/usr/bin/ceph: stderr
2024-05-15T12:44:30.881+0000 7fdfc1f0b700 1 -- 172.21.15.73:0/1039268911 shutdown_connections
2024-05-15T12:44:31.740 INFO:teuthology.orchestra.run.smithi073.stdout:/usr/bin/ceph: stderr
2024-05-15T12:44:30.881+0000 7fdfc1f0b700 1 -- 172.21.15.73:0/1039268911 wait complete.
2024-05-15T12:44:31.740 INFO:teuthology.orchestra.run.smithi073.stdout:/usr/bin/ceph: stderr
2024-05-15T12:44:30.881+0000 7fdfc1f0b700 1 Processor -- start
2024-05-15T12:44:31.740 INFO:teuthology.orchestra.run.smithi073.stdout:/usr/bin/ceph: stderr
2024-05-15T12:44:30.882+0000 7fdfc1f0b700 1 -- start start
2024-05-15T12:44:31.740 INFO:teuthology.orchestra.run.smithi073.stdout:/usr/bin/ceph: stderr
2024-05-15T12:44:30.882+0000 7fdfc1f0b700 1 --2- >> [v2:172.21.15.73:3300/0,v1:172.21.15.73:6789/0] conn(0x7fdfbc109a90 0x7fdfbc109310 unknown :-1 s=NONE pgs=0 cs=0 l=1 rev1=0 crypto rx=0 tx=0 comp rx=0 tx=0).connect
2024-05-15T12:44:31.740 INFO:teuthology.orchestra.run.smithi073.stdout:/usr/bin/ceph: stderr
2024-05-15T12:44:30.882+0000 7fdfc1f0b700 1 -- --> [v2:172.21.15.73:3300/0,v1:172.21.15.73:6789/0] -- mon_getmap magic: 0 -- 0x7fdfbc10d3c0 con 0x7fdfbc109a90
2024-05-15T12:44:31.740 INFO:teuthology.orchestra.run.smithi073.stdout:/usr/bin/ceph: stderr
2024-05-15T12:44:30.882+0000 7fdfbb7fe700 1 --2- >> [v2:172.21.15.73:3300/0,v1:172.21.15.73:6789/0] conn(0x7fdfbc109a90 0x7fdfbc109310 unknown :-1 s=BANNER_CONNECTING pgs=0 cs=0 l=1 rev1=0 crypto rx=0 tx=0 comp rx=0 tx=0)._handle_peer_banner_payload supported=3 required=0
2024-05-15T12:44:31.740 INFO:teuthology.orchestra.run.smithi073.stdout:/usr/bin/ceph: stderr
2024-05-15T12:44:30.882+0000 7fdfbb7fe700 1 --2- >> [v2:172.21.15.73:3300/0,v1:172.21.15.73:6789/0] conn(0x7fdfbc109a90 0x7fdfbc109310 unknown :-1 s=HELLO_CONNECTING pgs=0 cs=0 l=1 rev1=1 crypto rx=0 tx=0 comp rx=0 tx=0).handle_hello peer v2:172.21.15.73:3300/0 says I am v2:172.21.15.73:58478/0 (socket says 172.21.15.73:58478)
2024-05-15T12:44:31.740 INFO:teuthology.orchestra.run.smithi073.stdout:/usr/bin/ceph: stderr
2024-05-15T12:44:30.882+0000 7fdfbb7fe700 1 -- 172.21.15.73:0/2822118198 learned_addr learned my addr 172.21.15.73:0/2822118198 (peer_addr_for_me v2:172.21.15.73:0/0)
2024-05-15T12:44:31.740 INFO:teuthology.orchestra.run.smithi073.stdout:/usr/bin/ceph: stderr
2024-05-15T12:44:30.882+0000 7fdfbb7fe700 1 -- 172.21.15.73:0/2822118198 --> [v2:172.21.15.73:3300/0,v1:172.21.15.73:6789/0] -- mon_subscribe({config=0+,monmap=0+}) -- 0x7fdfbc109850 con 0x7fdfbc109a90
2024-05-15T12:44:31.740 INFO:teuthology.orchestra.run.smithi073.stdout:/usr/bin/ceph: stderr
2024-05-15T12:44:30.882+0000 7fdfbb7fe700 1 --2- 172.21.15.73:0/2822118198 >> [v2:172.21.15.73:3300/0,v1:172.21.15.73:6789/0] conn(0x7fdfbc109a90 0x7fdfbc109310 secure :-1 s=READY pgs=75 cs=0 l=1 rev1=1 crypto rx=0x7fdfac0116e0 tx=0x7fdfac011aa0 comp rx=0 tx=0).ready entity=mon.0 client_cookie=0 server_cookie=0 in_seq=0 out_seq=0
2024-05-15T12:44:31.740 INFO:teuthology.orchestra.run.smithi073.stdout:/usr/bin/ceph: stderr
2024-05-15T12:44:30.883+0000 7fdfb8ff9700 1 -- 172.21.15.73:0/2822118198 <== mon.0 v2:172.21.15.73:3300/0 1 ==== mon_map magic: 0 ==== 205+0+0 (secure 0 0 0) 0x7fdfac003b20 con 0x7fdfbc109a90
2024-05-15T12:44:31.740 INFO:teuthology.orchestra.run.smithi073.stdout:/usr/bin/ceph: stderr
2024-05-15T12:44:30.883+0000 7fdfc1f0b700 1 -- 172.21.15.73:0/2822118198 --> [v2:172.21.15.73:3300/0,v1:172.21.15.73:6789/0] -- mon_subscribe({mgrmap=0+}) -- 0x7fdfbc107a40 con 0x7fdfbc109a90
2024-05-15T12:44:31.740 INFO:teuthology.orchestra.run.smithi073.stdout:/usr/bin/ceph: stderr
2024-05-15T12:44:30.883+0000 7fdfc1f0b700 1 -- 172.21.15.73:0/2822118198 --> [v2:172.21.15.73:3300/0,v1:172.21.15.73:6789/0] -- mon_subscribe({osdmap=0}) -- 0x7fdfbc107f80 con 0x7fdfbc109a90
2024-05-15T12:44:31.740 INFO:teuthology.orchestra.run.smithi073.stdout:/usr/bin/ceph: stderr
2024-05-15T12:44:30.883+0000 7fdfb8ff9700 1 -- 172.21.15.73:0/2822118198 <== mon.0 v2:172.21.15.73:3300/0 2 ==== config(26 keys) ==== 1101+0+0 (secure 0 0 0) 0x7fdfac004300 con 0x7fdfbc109a90
2024-05-15T12:44:31.741 INFO:teuthology.orchestra.run.smithi073.stdout:/usr/bin/ceph: stderr
2024-05-15T12:44:30.883+0000 7fdfb8ff9700 1 -- 172.21.15.73:0/2822118198 <== mon.0 v2:172.21.15.73:3300/0 3 ==== mon_map magic: 0 ==== 205+0+0 (secure 0 0 0) 0x7fdfac023590 con 0x7fdfbc109a90
2024-05-15T12:44:31.741 INFO:teuthology.orchestra.run.smithi073.stdout:/usr/bin/ceph: stderr
2024-05-15T12:44:30.884+0000 7fdfb8ff9700 1 -- 172.21.15.73:0/2822118198 <== mon.0 v2:172.21.15.73:3300/0 4 ==== mgrmap(e 12) ==== 50235+0+0 (secure 0 0 0) 0x7fdfac023730 con 0x7fdfbc109a90
2024-05-15T12:44:31.741 INFO:teuthology.orchestra.run.smithi073.stdout:/usr/bin/ceph: stderr
2024-05-15T12:44:30.884+0000 7fdfc1f0b700 1 -- 172.21.15.73:0/2822118198 --> [v2:172.21.15.73:3300/0,v1:172.21.15.73:6789/0] -- mon_command({"prefix": "get_command_descriptions"} v 0) -- 0x7fdfa8005360 con 0x7fdfbc109a90
2024-05-15T12:44:31.741 INFO:teuthology.orchestra.run.smithi073.stdout:/usr/bin/ceph: stderr
2024-05-15T12:44:30.884+0000 7fdfb8ff9700 1 --2- 172.21.15.73:0/2822118198 >> [v2:172.21.15.73:6800/3295996288,v1:172.21.15.73:6801/3295996288] conn(0x7fdfa403e650 0x7fdfa4040b10 unknown :-1 s=NONE pgs=0 cs=0 l=1 rev1=0 crypto rx=0 tx=0 comp rx=0 tx=0).connect
2024-05-15T12:44:31.741 INFO:teuthology.orchestra.run.smithi073.stdout:/usr/bin/ceph: stderr
2024-05-15T12:44:30.884+0000 7fdfb8ff9700 1 -- 172.21.15.73:0/2822118198 <== mon.0 v2:172.21.15.73:3300/0 5 ==== osd_map(3..3 src has 1..3) ==== 1155+0+0 (secure 0 0 0) 0x7fdfac053ef0 con 0x7fdfbc109a90
2024-05-15T12:44:31.741 INFO:teuthology.orchestra.run.smithi073.stdout:/usr/bin/ceph: stderr
2024-05-15T12:44:30.884+0000 7fdfbaffd700 1 --2- 172.21.15.73:0/2822118198 >> [v2:172.21.15.73:6800/3295996288,v1:172.21.15.73:6801/3295996288] conn(0x7fdfa403e650 0x7fdfa4040b10 unknown :-1 s=BANNER_CONNECTING pgs=0 cs=0 l=1 rev1=0 crypto rx=0 tx=0 comp rx=0 tx=0)._handle_peer_banner_payload supported=3 required=0
2024-05-15T12:44:31.741 INFO:teuthology.orchestra.run.smithi073.stdout:/usr/bin/ceph: stderr
2024-05-15T12:44:30.885+0000 7fdfbaffd700 1 --2- 172.21.15.73:0/2822118198 >> [v2:172.21.15.73:6800/3295996288,v1:172.21.15.73:6801/3295996288] conn(0x7fdfa403e650 0x7fdfa4040b10 secure :-1 s=READY pgs=9 cs=0 l=1 rev1=1 crypto rx=0x7fdfb0006fd0 tx=0x7fdfb0006e40 comp rx=0 tx=0).ready entity=mgr.14152 client_cookie=0 server_cookie=0 in_seq=0 out_seq=0
2024-05-15T12:44:31.741 INFO:teuthology.orchestra.run.smithi073.stdout:/usr/bin/ceph: stderr
2024-05-15T12:44:30.894+0000 7fdfb8ff9700 1 -- 172.21.15.73:0/2822118198 <== mon.0 v2:172.21.15.73:3300/0 6 ==== mon_command_ack([{"prefix": "get_command_descriptions"}]=0 v0) ==== 72+0+191963 (secure 0 0 0) 0x7fdfac01f030 con 0x7fdfbc109a90
2024-05-15T12:44:31.741 INFO:teuthology.orchestra.run.smithi073.stdout:/usr/bin/ceph: stderr
2024-05-15T12:44:31.104+0000 7fdfc1f0b700 1 -- 172.21.15.73:0/2822118198 --> [v2:172.21.15.73:3300/0,v1:172.21.15.73:6789/0] -- mon_command({"prefix": "config get", "who": "mgr", "key": "mgr/dashboard/ssl_server_port"} v 0) -- 0x7fdfa8005650 con 0x7fdfbc109a90
2024-05-15T12:44:31.741 INFO:teuthology.orchestra.run.smithi073.stdout:/usr/bin/ceph: stderr
2024-05-15T12:44:31.105+0000 7fdfb8ff9700 1 -- 172.21.15.73:0/2822118198 <== mon.0 v2:172.21.15.73:3300/0 7 ==== mon_command_ack([{"prefix": "config get", "who": "mgr", "key": "mgr/dashboard/ssl_server_port"}]=0 v8) ==== 112+0+5 (secure 0 0 0) 0x7fdfac00b3e0 con 0x7fdfbc109a90
2024-05-15T12:44:31.741 INFO:teuthology.orchestra.run.smithi073.stdout:/usr/bin/ceph: stderr
2024-05-15T12:44:31.107+0000 7fdfc1f0b700 1 -- 172.21.15.73:0/2822118198 >> [v2:172.21.15.73:6800/3295996288,v1:172.21.15.73:6801/3295996288] conn(0x7fdfa403e650 msgr2=0x7fdfa4040b10 secure :-1 s=STATE_CONNECTION_ESTABLISHED l=1).mark_down
2024-05-15T12:44:31.741 INFO:teuthology.orchestra.run.smithi073.stdout:/usr/bin/ceph: stderr
2024-05-15T12:44:31.107+0000 7fdfc1f0b700 1 --2- 172.21.15.73:0/2822118198 >> [v2:172.21.15.73:6800/3295996288,v1:172.21.15.73:6801/3295996288] conn(0x7fdfa403e650 0x7fdfa4040b10 secure :-1 s=READY pgs=9 cs=0 l=1 rev1=1 crypto rx=0x7fdfb0006fd0 tx=0x7fdfb0006e40 comp rx=0 tx=0).stop
2024-05-15T12:44:31.741 INFO:teuthology.orchestra.run.smithi073.stdout:/usr/bin/ceph: stderr
2024-05-15T12:44:31.107+0000 7fdfc1f0b700 1 -- 172.21.15.73:0/2822118198 >> [v2:172.21.15.73:3300/0,v1:172.21.15.73:6789/0] conn(0x7fdfbc109a90 msgr2=0x7fdfbc109310 secure :-1 s=STATE_CONNECTION_ESTABLISHED l=1).mark_down
2024-05-15T12:44:31.741 INFO:teuthology.orchestra.run.smithi073.stdout:/usr/bin/ceph: stderr
2024-05-15T12:44:31.107+0000 7fdfc1f0b700 1 --2- 172.21.15.73:0/2822118198 >> [v2:172.21.15.73:3300/0,v1:172.21.15.73:6789/0] conn(0x7fdfbc109a90 0x7fdfbc109310 secure :-1 s=READY pgs=75 cs=0 l=1 rev1=1 crypto rx=0x7fdfac0116e0 tx=0x7fdfac011aa0 comp rx=0 tx=0).stop
2024-05-15T12:44:31.742 INFO:teuthology.orchestra.run.smithi073.stdout:/usr/bin/ceph: stderr
2024-05-15T12:44:31.107+0000 7fdfc1f0b700 1 -- 172.21.15.73:0/2822118198 shutdown_connections
2024-05-15T12:44:31.742 INFO:teuthology.orchestra.run.smithi073.stdout:/usr/bin/ceph: stderr
2024-05-15T12:44:31.107+0000 7fdfc1f0b700 1 --2- 172.21.15.73:0/2822118198 >> [v2:172.21.15.73:6800/3295996288,v1:172.21.15.73:6801/3295996288] conn(0x7fdfa403e650 0x7fdfa4040b10 unknown :-1 s=CLOSED pgs=9 cs=0 l=1 rev1=1 crypto rx=0 tx=0 comp rx=0 tx=0).stop
2024-05-15T12:44:31.742 INFO:teuthology.orchestra.run.smithi073.stdout:/usr/bin/ceph: stderr
2024-05-15T12:44:31.107+0000 7fdfc1f0b700 1 --2- 172.21.15.73:0/2822118198 >> [v2:172.21.15.73:3300/0,v1:172.21.15.73:6789/0] conn(0x7fdfbc109a90 0x7fdfbc109310 unknown :-1 s=CLOSED pgs=75 cs=0 l=1 rev1=1 crypto rx=0 tx=0 comp rx=0 tx=0).stop
2024-05-15T12:44:31.742 INFO:teuthology.orchestra.run.smithi073.stdout:/usr/bin/ceph: stderr
2024-05-15T12:44:31.107+0000 7fdfc1f0b700 1 -- 172.21.15.73:0/2822118198 >> 172.21.15.73:0/2822118198 conn(0x7fdfbc1034c0 msgr2=0x7fdfbc103f80 unknown :-1 s=STATE_NONE l=0).mark_down
2024-05-15T12:44:31.742 INFO:teuthology.orchestra.run.smithi073.stdout:/usr/bin/ceph: stderr
2024-05-15T12:44:31.107+0000 7fdfc1f0b700 1 -- 172.21.15.73:0/2822118198 shutdown_connections
2024-05-15T12:44:31.742 INFO:teuthology.orchestra.run.smithi073.stdout:/usr/bin/ceph: stderr
2024-05-15T12:44:31.107+0000 7fdfc1f0b700 1 -- 172.21.15.73:0/2822118198 wait complete.
2024-05-15T12:44:31.745 INFO:teuthology.orchestra.run.smithi073.stdout:Non-zero exit code 1 from systemctl is-enabled firewalld.service
2024-05-15T12:44:31.745 INFO:teuthology.orchestra.run.smithi073.stdout:systemctl: stdout disabled
2024-05-15T12:44:31.752 INFO:teuthology.orchestra.run.smithi073.stdout:Non-zero exit code 3 from systemctl is-active firewalld.service
2024-05-15T12:44:31.752 INFO:teuthology.orchestra.run.smithi073.stdout:systemctl: stdout inactive
2024-05-15T12:44:31.752 INFO:teuthology.orchestra.run.smithi073.stdout:firewalld.service is not enabled
2024-05-15T12:44:31.752 INFO:teuthology.orchestra.run.smithi073.stdout:Not possible to open ports <[8443]>. firewalld.service is not available
2024-05-15T12:44:31.754 INFO:teuthology.orchestra.run.smithi073.stdout:Ceph Dashboard is now available at:
2024-05-15T12:44:31.755 INFO:teuthology.orchestra.run.smithi073.stdout:
2024-05-15T12:44:31.755 INFO:teuthology.orchestra.run.smithi073.stdout: URL: https://smithi073.front.sepia.ceph.com:8443/
2024-05-15T12:44:31.755 INFO:teuthology.orchestra.run.smithi073.stdout: User: admin
2024-05-15T12:44:31.755 INFO:teuthology.orchestra.run.smithi073.stdout: Password: uzdqd9avwr
2024-05-15T12:44:31.755 INFO:teuthology.orchestra.run.smithi073.stdout:
2024-05-15T12:44:31.755 INFO:teuthology.orchestra.run.smithi073.stdout:Saving cluster configuration to /var/lib/ceph/94c83afc-12b8-11ef-bc98-c7b262605968/config directory
2024-05-15T12:44:31.755 INFO:teuthology.orchestra.run.smithi073.stdout:Enabling autotune for osd_memory_target
2024-05-15T12:44:31.794 INFO:journalctl@ceph.mon.a.smithi073.stdout:May 15 12:44:31 smithi073 ceph-mon[31550]: from='client.14166 -' entity='client.admin' cmd=[{"prefix": "dashboard ac-user-create", "username": "admin", "rolename": "administrator", "force_password": true, "pwd_update_required": true, "target": ["mon-mgr", ""]}]: dispatch
2024-05-15T12:44:31.794 INFO:journalctl@ceph.mon.a.smithi073.stdout:May 15 12:44:31 smithi073 ceph-mon[31550]: from='client.? 172.21.15.73:0/2822118198' entity='client.admin' cmd=[{"prefix": "config get", "who": "mgr", "key": "mgr/dashboard/ssl_server_port"}]: dispatch
2024-05-15T12:44:33.818 INFO:journalctl@ceph.mon.a.smithi073.stdout:May 15 12:44:33 smithi073 ceph-mon[31550]: mgrmap e13: x(active, since 6s)
2024-05-15T12:44:33.826 INFO:teuthology.orchestra.run.smithi073.stdout:/usr/bin/ceph: stderr
2024-05-15T12:44:33.076+0000 7f8b63755700 1 Processor -- start
2024-05-15T12:44:33.826 INFO:teuthology.orchestra.run.smithi073.stdout:/usr/bin/ceph: stderr
2024-05-15T12:44:33.076+0000 7f8b63755700 1 -- start start
2024-05-15T12:44:33.826 INFO:teuthology.orchestra.run.smithi073.stdout:/usr/bin/ceph: stderr
2024-05-15T12:44:33.076+0000 7f8b63755700 1 --2- >> [v2:172.21.15.73:3300/0,v1:172.21.15.73:6789/0] conn(0x7f8b5c07ee10 0x7f8b5c07d310 unknown :-1 s=NONE pgs=0 cs=0 l=0 rev1=0 crypto rx=0 tx=0 comp rx=0 tx=0).connect
2024-05-15T12:44:33.826 INFO:teuthology.orchestra.run.smithi073.stdout:/usr/bin/ceph: stderr
2024-05-15T12:44:33.076+0000 7f8b63755700 1 -- --> [v2:172.21.15.73:3300/0,v1:172.21.15.73:6789/0] -- mon_getmap magic: 0 -- 0x7f8b5c07d850 con 0x7f8b5c07ee10
2024-05-15T12:44:33.826 INFO:teuthology.orchestra.run.smithi073.stdout:/usr/bin/ceph: stderr
2024-05-15T12:44:33.076+0000 7f8b614f1700 1 --2- >> [v2:172.21.15.73:3300/0,v1:172.21.15.73:6789/0] conn(0x7f8b5c07ee10 0x7f8b5c07d310 unknown :-1 s=BANNER_CONNECTING pgs=0 cs=0 l=0 rev1=0 crypto rx=0 tx=0 comp rx=0 tx=0)._handle_peer_banner_payload supported=3 required=0
2024-05-15T12:44:33.826 INFO:teuthology.orchestra.run.smithi073.stdout:/usr/bin/ceph: stderr
2024-05-15T12:44:33.076+0000 7f8b614f1700 1 --2- >> [v2:172.21.15.73:3300/0,v1:172.21.15.73:6789/0] conn(0x7f8b5c07ee10 0x7f8b5c07d310 unknown :-1 s=HELLO_CONNECTING pgs=0 cs=0 l=0 rev1=1 crypto rx=0 tx=0 comp rx=0 tx=0).handle_hello peer v2:172.21.15.73:3300/0 says I am v2:172.21.15.73:39354/0 (socket says 172.21.15.73:39354)
2024-05-15T12:44:33.826 INFO:teuthology.orchestra.run.smithi073.stdout:/usr/bin/ceph: stderr
2024-05-15T12:44:33.076+0000 7f8b614f1700 1 -- 172.21.15.73:0/4040551753 learned_addr learned my addr 172.21.15.73:0/4040551753 (peer_addr_for_me v2:172.21.15.73:0/0)
2024-05-15T12:44:33.826 INFO:teuthology.orchestra.run.smithi073.stdout:/usr/bin/ceph: stderr
