2024-05-15T12:44:20.605 INFO:teuthology.orchestra.run.smithi073.stdout:/usr/bin/ceph: stderr
2024-05-15T12:44:19.611+0000 7fbc0a9e4700 1 -- --> [v2:172.21.15.73:3300/0,v1:172.21.15.73:6789/0] -- mon_getmap magic: 0 -- 0x7fbc04076d90 con 0x7fbc04109a80
2024-05-15T12:44:20.605 INFO:teuthology.orchestra.run.smithi073.stdout:/usr/bin/ceph: stderr
2024-05-15T12:44:19.612+0000 7fbc03fff700 1 --2- >> [v2:172.21.15.73:3300/0,v1:172.21.15.73:6789/0] conn(0x7fbc04109a80 0x7fbc0410be70 unknown :-1 s=BANNER_CONNECTING pgs=0 cs=0 l=0 rev1=0 crypto rx=0 tx=0 comp rx=0 tx=0)._handle_peer_banner_payload supported=3 required=0
2024-05-15T12:44:20.605 INFO:teuthology.orchestra.run.smithi073.stdout:/usr/bin/ceph: stderr
2024-05-15T12:44:19.612+0000 7fbc03fff700 1 --2- >> [v2:172.21.15.73:3300/0,v1:172.21.15.73:6789/0] conn(0x7fbc04109a80 0x7fbc0410be70 unknown :-1 s=HELLO_CONNECTING pgs=0 cs=0 l=0 rev1=1 crypto rx=0 tx=0 comp rx=0 tx=0).handle_hello peer v2:172.21.15.73:3300/0 says I am v2:172.21.15.73:43612/0 (socket says 172.21.15.73:43612)
2024-05-15T12:44:20.605 INFO:teuthology.orchestra.run.smithi073.stdout:/usr/bin/ceph: stderr
2024-05-15T12:44:19.612+0000 7fbc03fff700 1 -- 172.21.15.73:0/793959019 learned_addr learned my addr 172.21.15.73:0/793959019 (peer_addr_for_me v2:172.21.15.73:0/0)
2024-05-15T12:44:20.605 INFO:teuthology.orchestra.run.smithi073.stdout:/usr/bin/ceph: stderr
2024-05-15T12:44:19.612+0000 7fbc03fff700 1 -- 172.21.15.73:0/793959019 --> [v2:172.21.15.73:3300/0,v1:172.21.15.73:6789/0] -- mon_subscribe({config=0+,monmap=0+}) -- 0x7fbc0410c3b0 con 0x7fbc04109a80
2024-05-15T12:44:20.605 INFO:teuthology.orchestra.run.smithi073.stdout:/usr/bin/ceph: stderr
2024-05-15T12:44:19.612+0000 7fbc03fff700 1 --2- 172.21.15.73:0/793959019 >> [v2:172.21.15.73:3300/0,v1:172.21.15.73:6789/0] conn(0x7fbc04109a80 0x7fbc0410be70 secure :-1 s=READY pgs=59 cs=0 l=1 rev1=1 crypto rx=0x7fbbf80098a0 tx=0x7fbbf8009bb0 comp rx=0 tx=0).ready entity=mon.0 client_cookie=e8df5df31da8423f server_cookie=0 in_seq=0 out_seq=0
2024-05-15T12:44:20.605 INFO:teuthology.orchestra.run.smithi073.stdout:/usr/bin/ceph: stderr
2024-05-15T12:44:19.612+0000 7fbc02ffd700 1 -- 172.21.15.73:0/793959019 <== mon.0 v2:172.21.15.73:3300/0 1 ==== mon_map magic: 0 ==== 205+0+0 (secure 0 0 0) 0x7fbbf8004160 con 0x7fbc04109a80
2024-05-15T12:44:20.605 INFO:teuthology.orchestra.run.smithi073.stdout:/usr/bin/ceph: stderr
2024-05-15T12:44:19.612+0000 7fbc02ffd700 1 -- 172.21.15.73:0/793959019 <== mon.0 v2:172.21.15.73:3300/0 2 ==== config(26 keys) ==== 1101+0+0 (secure 0 0 0) 0x7fbbf8004300 con 0x7fbc04109a80
2024-05-15T12:44:20.605 INFO:teuthology.orchestra.run.smithi073.stdout:/usr/bin/ceph: stderr
2024-05-15T12:44:19.612+0000 7fbc02ffd700 1 -- 172.21.15.73:0/793959019 <== mon.0 v2:172.21.15.73:3300/0 3 ==== mon_map magic: 0 ==== 205+0+0 (secure 0 0 0) 0x7fbbf8011a20 con 0x7fbc04109a80
2024-05-15T12:44:20.605 INFO:teuthology.orchestra.run.smithi073.stdout:/usr/bin/ceph: stderr
2024-05-15T12:44:19.613+0000 7fbc0a9e4700 1 -- 172.21.15.73:0/793959019 >> [v2:172.21.15.73:3300/0,v1:172.21.15.73:6789/0] conn(0x7fbc04109a80 msgr2=0x7fbc0410be70 secure :-1 s=STATE_CONNECTION_ESTABLISHED l=1).mark_down
2024-05-15T12:44:20.605 INFO:teuthology.orchestra.run.smithi073.stdout:/usr/bin/ceph: stderr
2024-05-15T12:44:19.613+0000 7fbc0a9e4700 1 --2- 172.21.15.73:0/793959019 >> [v2:172.21.15.73:3300/0,v1:172.21.15.73:6789/0] conn(0x7fbc04109a80 0x7fbc0410be70 secure :-1 s=READY pgs=59 cs=0 l=1 rev1=1 crypto rx=0x7fbbf80098a0 tx=0x7fbbf8009bb0 comp rx=0 tx=0).stop
2024-05-15T12:44:20.605 INFO:teuthology.orchestra.run.smithi073.stdout:/usr/bin/ceph: stderr
2024-05-15T12:44:19.613+0000 7fbc0a9e4700 1 -- 172.21.15.73:0/793959019 shutdown_connections
2024-05-15T12:44:20.605 INFO:teuthology.orchestra.run.smithi073.stdout:/usr/bin/ceph: stderr
2024-05-15T12:44:19.613+0000 7fbc0a9e4700 1 --2- 172.21.15.73:0/793959019 >> [v2:172.21.15.73:3300/0,v1:172.21.15.73:6789/0] conn(0x7fbc04109a80 0x7fbc0410be70 unknown :-1 s=CLOSED pgs=59 cs=0 l=1 rev1=1 crypto rx=0 tx=0 comp rx=0 tx=0).stop
2024-05-15T12:44:20.606 INFO:teuthology.orchestra.run.smithi073.stdout:/usr/bin/ceph: stderr
2024-05-15T12:44:19.613+0000 7fbc0a9e4700 1 -- 172.21.15.73:0/793959019 >> 172.21.15.73:0/793959019 conn(0x7fbc041034b0 msgr2=0x7fbc041058d0 unknown :-1 s=STATE_NONE l=0).mark_down
2024-05-15T12:44:20.606 INFO:teuthology.orchestra.run.smithi073.stdout:/usr/bin/ceph: stderr
2024-05-15T12:44:19.613+0000 7fbc0a9e4700 1 -- 172.21.15.73:0/793959019 shutdown_connections
2024-05-15T12:44:20.606 INFO:teuthology.orchestra.run.smithi073.stdout:/usr/bin/ceph: stderr
2024-05-15T12:44:19.613+0000 7fbc0a9e4700 1 -- 172.21.15.73:0/793959019 wait complete.
2024-05-15T12:44:20.606 INFO:teuthology.orchestra.run.smithi073.stdout:/usr/bin/ceph: stderr
2024-05-15T12:44:19.614+0000 7fbc0a9e4700 1 Processor -- start
2024-05-15T12:44:20.606 INFO:teuthology.orchestra.run.smithi073.stdout:/usr/bin/ceph: stderr
2024-05-15T12:44:19.614+0000 7fbc0a9e4700 1 -- start start
2024-05-15T12:44:20.606 INFO:teuthology.orchestra.run.smithi073.stdout:/usr/bin/ceph: stderr
2024-05-15T12:44:19.614+0000 7fbc0a9e4700 1 --2- >> [v2:172.21.15.73:3300/0,v1:172.21.15.73:6789/0] conn(0x7fbc04109a80 0x7fbc0419cea0 unknown :-1 s=NONE pgs=0 cs=0 l=1 rev1=0 crypto rx=0 tx=0 comp rx=0 tx=0).connect
2024-05-15T12:44:20.606 INFO:teuthology.orchestra.run.smithi073.stdout:/usr/bin/ceph: stderr
2024-05-15T12:44:19.614+0000 7fbc0a9e4700 1 -- --> [v2:172.21.15.73:3300/0,v1:172.21.15.73:6789/0] -- mon_getmap magic: 0 -- 0x7fbc0410d3b0 con 0x7fbc04109a80
2024-05-15T12:44:20.606 INFO:teuthology.orchestra.run.smithi073.stdout:/usr/bin/ceph: stderr
2024-05-15T12:44:19.614+0000 7fbc03fff700 1 --2- >> [v2:172.21.15.73:3300/0,v1:172.21.15.73:6789/0] conn(0x7fbc04109a80 0x7fbc0419cea0 unknown :-1 s=BANNER_CONNECTING pgs=0 cs=0 l=1 rev1=0 crypto rx=0 tx=0 comp rx=0 tx=0)._handle_peer_banner_payload supported=3 required=0
2024-05-15T12:44:20.606 INFO:teuthology.orchestra.run.smithi073.stdout:/usr/bin/ceph: stderr
2024-05-15T12:44:19.614+0000 7fbc03fff700 1 --2- >> [v2:172.21.15.73:3300/0,v1:172.21.15.73:6789/0] conn(0x7fbc04109a80 0x7fbc0419cea0 unknown :-1 s=HELLO_CONNECTING pgs=0 cs=0 l=1 rev1=1 crypto rx=0 tx=0 comp rx=0 tx=0).handle_hello peer v2:172.21.15.73:3300/0 says I am v2:172.21.15.73:43628/0 (socket says 172.21.15.73:43628)
2024-05-15T12:44:20.606 INFO:teuthology.orchestra.run.smithi073.stdout:/usr/bin/ceph: stderr
2024-05-15T12:44:19.614+0000 7fbc03fff700 1 -- 172.21.15.73:0/1204093241 learned_addr learned my addr 172.21.15.73:0/1204093241 (peer_addr_for_me v2:172.21.15.73:0/0)
2024-05-15T12:44:20.606 INFO:teuthology.orchestra.run.smithi073.stdout:/usr/bin/ceph: stderr
2024-05-15T12:44:19.615+0000 7fbc03fff700 1 -- 172.21.15.73:0/1204093241 --> [v2:172.21.15.73:3300/0,v1:172.21.15.73:6789/0] -- mon_subscribe({config=0+,monmap=0+}) -- 0x7fbc0419d3e0 con 0x7fbc04109a80
2024-05-15T12:44:20.606 INFO:teuthology.orchestra.run.smithi073.stdout:/usr/bin/ceph: stderr
2024-05-15T12:44:19.615+0000 7fbc03fff700 1 --2- 172.21.15.73:0/1204093241 >> [v2:172.21.15.73:3300/0,v1:172.21.15.73:6789/0] conn(0x7fbc04109a80 0x7fbc0419cea0 secure :-1 s=READY pgs=60 cs=0 l=1 rev1=1 crypto rx=0x7fbbf8004660 tx=0x7fbbf8011aa0 comp rx=0 tx=0).ready entity=mon.0 client_cookie=0 server_cookie=0 in_seq=0 out_seq=0
2024-05-15T12:44:20.606 INFO:teuthology.orchestra.run.smithi073.stdout:/usr/bin/ceph: stderr
2024-05-15T12:44:19.615+0000 7fbc017fa700 1 -- 172.21.15.73:0/1204093241 <== mon.0 v2:172.21.15.73:3300/0 1 ==== mon_map magic: 0 ==== 205+0+0 (secure 0 0 0) 0x7fbbf8003aa0 con 0x7fbc04109a80
2024-05-15T12:44:20.607 INFO:teuthology.orchestra.run.smithi073.stdout:/usr/bin/ceph: stderr
2024-05-15T12:44:19.615+0000 7fbc017fa700 1 -- 172.21.15.73:0/1204093241 <== mon.0 v2:172.21.15.73:3300/0 2 ==== config(26 keys) ==== 1101+0+0 (secure 0 0 0) 0x7fbbf801b8f0 con 0x7fbc04109a80
2024-05-15T12:44:20.607 INFO:teuthology.orchestra.run.smithi073.stdout:/usr/bin/ceph: stderr
2024-05-15T12:44:19.615+0000 7fbc0a9e4700 1 -- 172.21.15.73:0/1204093241 --> [v2:172.21.15.73:3300/0,v1:172.21.15.73:6789/0] -- mon_subscribe({mgrmap=0+}) -- 0x7fbc0419d670 con 0x7fbc04109a80
2024-05-15T12:44:20.607 INFO:teuthology.orchestra.run.smithi073.stdout:/usr/bin/ceph: stderr
2024-05-15T12:44:19.615+0000 7fbc017fa700 1 -- 172.21.15.73:0/1204093241 <== mon.0 v2:172.21.15.73:3300/0 3 ==== mon_map magic: 0 ==== 205+0+0 (secure 0 0 0) 0x7fbbf8023900 con 0x7fbc04109a80
2024-05-15T12:44:20.607 INFO:teuthology.orchestra.run.smithi073.stdout:/usr/bin/ceph: stderr
2024-05-15T12:44:19.615+0000 7fbc0a9e4700 1 -- 172.21.15.73:0/1204093241 --> [v2:172.21.15.73:3300/0,v1:172.21.15.73:6789/0] -- mon_subscribe({osdmap=0}) -- 0x7fbc041a0360 con 0x7fbc04109a80
2024-05-15T12:44:20.607 INFO:teuthology.orchestra.run.smithi073.stdout:/usr/bin/ceph: stderr
2024-05-15T12:44:19.616+0000 7fbc0a9e4700 1 -- 172.21.15.73:0/1204093241 --> [v2:172.21.15.73:3300/0,v1:172.21.15.73:6789/0] -- mon_command({"prefix": "get_command_descriptions"} v 0) -- 0x7fbc04064ba0 con 0x7fbc04109a80
2024-05-15T12:44:20.607 INFO:teuthology.orchestra.run.smithi073.stdout:/usr/bin/ceph: stderr
2024-05-15T12:44:19.616+0000 7fbc017fa700 1 -- 172.21.15.73:0/1204093241 <== mon.0 v2:172.21.15.73:3300/0 4 ==== mgrmap(e 9) ==== 50235+0+0 (secure 0 0 0) 0x7fbbf8023b70 con 0x7fbc04109a80
2024-05-15T12:44:20.607 INFO:teuthology.orchestra.run.smithi073.stdout:/usr/bin/ceph: stderr
2024-05-15T12:44:19.616+0000 7fbc017fa700 1 --2- 172.21.15.73:0/1204093241 >> [v2:172.21.15.73:6800/3190259345,v1:172.21.15.73:6801/3190259345] conn(0x7fbbec03e520 0x7fbbec0409e0 unknown :-1 s=NONE pgs=0 cs=0 l=1 rev1=0 crypto rx=0 tx=0 comp rx=0 tx=0).connect
2024-05-15T12:44:20.607 INFO:teuthology.orchestra.run.smithi073.stdout:/usr/bin/ceph: stderr
2024-05-15T12:44:19.616+0000 7fbc017fa700 1 -- 172.21.15.73:0/1204093241 <== mon.0 v2:172.21.15.73:3300/0 5 ==== osd_map(2..2 src has 1..2) ==== 940+0+0 (secure 0 0 0) 0x7fbbf8054000 con 0x7fbc04109a80
2024-05-15T12:44:20.607 INFO:teuthology.orchestra.run.smithi073.stdout:/usr/bin/ceph: stderr
2024-05-15T12:44:19.616+0000 7fbc037fe700 1 -- 172.21.15.73:0/1204093241 >> [v2:172.21.15.73:6800/3190259345,v1:172.21.15.73:6801/3190259345] conn(0x7fbbec03e520 msgr2=0x7fbbec0409e0 unknown :-1 s=STATE_CONNECTING_RE l=1).process reconnect failed to v2:172.21.15.73:6800/3190259345
2024-05-15T12:44:20.607 INFO:teuthology.orchestra.run.smithi073.stdout:/usr/bin/ceph: stderr
2024-05-15T12:44:19.616+0000 7fbc037fe700 1 --2- 172.21.15.73:0/1204093241 >> [v2:172.21.15.73:6800/3190259345,v1:172.21.15.73:6801/3190259345] conn(0x7fbbec03e520 0x7fbbec0409e0 unknown :-1 s=START_CONNECT pgs=0 cs=0 l=1 rev1=0 crypto rx=0 tx=0 comp rx=0 tx=0)._fault waiting 0.200000
2024-05-15T12:44:20.607 INFO:teuthology.orchestra.run.smithi073.stdout:/usr/bin/ceph: stderr
2024-05-15T12:44:19.621+0000 7fbc017fa700 1 -- 172.21.15.73:0/1204093241 <== mon.0 v2:172.21.15.73:3300/0 6 ==== mon_command_ack([{"prefix": "get_command_descriptions"}]=0 v0) ==== 72+0+191963 (secure 0 0 0) 0x7fbbf801f030 con 0x7fbc04109a80
2024-05-15T12:44:20.607 INFO:teuthology.orchestra.run.smithi073.stdout:/usr/bin/ceph: stderr
2024-05-15T12:44:19.817+0000 7fbc037fe700 1 -- 172.21.15.73:0/1204093241 >> [v2:172.21.15.73:6800/3190259345,v1:172.21.15.73:6801/3190259345] conn(0x7fbbec03e520 msgr2=0x7fbbec0409e0 unknown :-1 s=STATE_CONNECTING_RE l=1).process reconnect failed to v2:172.21.15.73:6800/3190259345
2024-05-15T12:44:20.607 INFO:teuthology.orchestra.run.smithi073.stdout:/usr/bin/ceph: stderr
2024-05-15T12:44:19.817+0000 7fbc037fe700 1 --2- 172.21.15.73:0/1204093241 >> [v2:172.21.15.73:6800/3190259345,v1:172.21.15.73:6801/3190259345] conn(0x7fbbec03e520 0x7fbbec0409e0 unknown :-1 s=START_CONNECT pgs=0 cs=0 l=1 rev1=0 crypto rx=0 tx=0 comp rx=0 tx=0)._fault waiting 0.400000
2024-05-15T12:44:20.607 INFO:teuthology.orchestra.run.smithi073.stdout:/usr/bin/ceph: stderr
2024-05-15T12:44:19.925+0000 7fbc0a9e4700 1 -- 172.21.15.73:0/1204093241 --> [v2:172.21.15.73:3300/0,v1:172.21.15.73:6789/0] -- mon_command({"prefix": "mgr stat"} v 0) -- 0x7fbc041a0950 con 0x7fbc04109a80
2024-05-15T12:44:20.608 INFO:teuthology.orchestra.run.smithi073.stdout:/usr/bin/ceph: stderr
2024-05-15T12:44:19.925+0000 7fbc017fa700 1 -- 172.21.15.73:0/1204093241 <== mon.0 v2:172.21.15.73:3300/0 7 ==== mon_command_ack([{"prefix": "mgr stat"}]=0 v9) ==== 56+0+88 (secure 0 0 0) 0x7fbbf801bde0 con 0x7fbc04109a80
2024-05-15T12:44:20.608 INFO:teuthology.orchestra.run.smithi073.stdout:/usr/bin/ceph: stderr
2024-05-15T12:44:19.928+0000 7fbc0a9e4700 1 -- 172.21.15.73:0/1204093241 >> [v2:172.21.15.73:6800/3190259345,v1:172.21.15.73:6801/3190259345] conn(0x7fbbec03e520 msgr2=0x7fbbec0409e0 unknown :-1 s=STATE_CONNECTING l=1).mark_down
2024-05-15T12:44:20.608 INFO:teuthology.orchestra.run.smithi073.stdout:/usr/bin/ceph: stderr
2024-05-15T12:44:19.928+0000 7fbc0a9e4700 1 --2- 172.21.15.73:0/1204093241 >> [v2:172.21.15.73:6800/3190259345,v1:172.21.15.73:6801/3190259345] conn(0x7fbbec03e520 0x7fbbec0409e0 unknown :-1 s=START_CONNECT pgs=0 cs=0 l=1 rev1=0 crypto rx=0 tx=0 comp rx=0 tx=0).stop
2024-05-15T12:44:20.608 INFO:teuthology.orchestra.run.smithi073.stdout:/usr/bin/ceph: stderr
2024-05-15T12:44:19.928+0000 7fbc0a9e4700 1 -- 172.21.15.73:0/1204093241 >> [v2:172.21.15.73:3300/0,v1:172.21.15.73:6789/0] conn(0x7fbc04109a80 msgr2=0x7fbc0419cea0 secure :-1 s=STATE_CONNECTION_ESTABLISHED l=1).mark_down
2024-05-15T12:44:20.608 INFO:teuthology.orchestra.run.smithi073.stdout:/usr/bin/ceph: stderr
2024-05-15T12:44:19.928+0000 7fbc0a9e4700 1 --2- 172.21.15.73:0/1204093241 >> [v2:172.21.15.73:3300/0,v1:172.21.15.73:6789/0] conn(0x7fbc04109a80 0x7fbc0419cea0 secure :-1 s=READY pgs=60 cs=0 l=1 rev1=1 crypto rx=0x7fbbf8004660 tx=0x7fbbf8011aa0 comp rx=0 tx=0).stop
2024-05-15T12:44:20.608 INFO:teuthology.orchestra.run.smithi073.stdout:/usr/bin/ceph: stderr
2024-05-15T12:44:19.928+0000 7fbc0a9e4700 1 -- 172.21.15.73:0/1204093241 shutdown_connections
2024-05-15T12:44:20.608 INFO:teuthology.orchestra.run.smithi073.stdout:/usr/bin/ceph: stderr
2024-05-15T12:44:19.928+0000 7fbc0a9e4700 1 --2- 172.21.15.73:0/1204093241 >> [v2:172.21.15.73:6800/3190259345,v1:172.21.15.73:6801/3190259345] conn(0x7fbbec03e520 0x7fbbec0409e0 unknown :-1 s=CLOSED pgs=0 cs=0 l=1 rev1=0 crypto rx=0 tx=0 comp rx=0 tx=0).stop
2024-05-15T12:44:20.608 INFO:teuthology.orchestra.run.smithi073.stdout:/usr/bin/ceph: stderr
2024-05-15T12:44:19.928+0000 7fbc0a9e4700 1 --2- 172.21.15.73:0/1204093241 >> [v2:172.21.15.73:3300/0,v1:172.21.15.73:6789/0] conn(0x7fbc04109a80 0x7fbc0419cea0 unknown :-1 s=CLOSED pgs=60 cs=0 l=1 rev1=1 crypto rx=0 tx=0 comp rx=0 tx=0).stop
2024-05-15T12:44:20.608 INFO:teuthology.orchestra.run.smithi073.stdout:/usr/bin/ceph: stderr
2024-05-15T12:44:19.928+0000 7fbc0a9e4700 1 -- 172.21.15.73:0/1204093241 >> 172.21.15.73:0/1204093241 conn(0x7fbc041034b0 msgr2=0x7fbc04103f30 unknown :-1 s=STATE_NONE l=0).mark_down
2024-05-15T12:44:20.608 INFO:teuthology.orchestra.run.smithi073.stdout:/usr/bin/ceph: stderr
2024-05-15T12:44:19.928+0000 7fbc0a9e4700 1 -- 172.21.15.73:0/1204093241 shutdown_connections
2024-05-15T12:44:20.608 INFO:teuthology.orchestra.run.smithi073.stdout:/usr/bin/ceph: stderr
2024-05-15T12:44:19.928+0000 7fbc0a9e4700 1 -- 172.21.15.73:0/1204093241 wait complete.
2024-05-15T12:44:20.608 INFO:teuthology.orchestra.run.smithi073.stdout:Waiting for the mgr to restart...
2024-05-15T12:44:20.608 INFO:teuthology.orchestra.run.smithi073.stdout:Waiting for mgr epoch 9...
2024-05-15T12:44:20.884 INFO:journalctl@ceph.mgr.x.smithi073.stdout:May 15 12:44:20 smithi073 ceph-94c83afc-12b8-11ef-bc98-c7b262605968-mgr-x[31780]:
2024-05-15T12:44:20.636+0000 7fe184cad200 -1 mgr[py] Module telegraf has missing NOTIFY_TYPES member
2024-05-15T12:44:20.884 INFO:journalctl@ceph.mgr.x.smithi073.stdout:May 15 12:44:20 smithi073 ceph-94c83afc-12b8-11ef-bc98-c7b262605968-mgr-x[31780]:
2024-05-15T12:44:20.813+0000 7fe184cad200 -1 mgr[py] Module osd_support has missing NOTIFY_TYPES member
2024-05-15T12:44:21.232 INFO:journalctl@ceph.mgr.x.smithi073.stdout:May 15 12:44:20 smithi073 ceph-94c83afc-12b8-11ef-bc98-c7b262605968-mgr-x[31780]:
2024-05-15T12:44:20.987+0000 7fe184cad200 -1 mgr[py] Module iostat has missing NOTIFY_TYPES member
2024-05-15T12:44:21.574 INFO:journalctl@ceph.mgr.x.smithi073.stdout:May 15 12:44:21 smithi073 ceph-94c83afc-12b8-11ef-bc98-c7b262605968-mgr-x[31780]:
2024-05-15T12:44:21.284+0000 7fe184cad200 -1 mgr[py] Module alerts has missing NOTIFY_TYPES member
2024-05-15T12:44:21.574 INFO:journalctl@ceph.mgr.x.smithi073.stdout:May 15 12:44:21 smithi073 ceph-94c83afc-12b8-11ef-bc98-c7b262605968-mgr-x[31780]:
2024-05-15T12:44:21.378+0000 7fe184cad200 -1 mgr[py] Module selftest has missing NOTIFY_TYPES member
2024-05-15T12:44:21.574 INFO:journalctl@ceph.mgr.x.smithi073.stdout:May 15 12:44:21 smithi073 ceph-94c83afc-12b8-11ef-bc98-c7b262605968-mgr-x[31780]:
2024-05-15T12:44:21.582+0000 7fe184cad200 -1 mgr[py] Module pg_autoscaler has missing NOTIFY_TYPES member
2024-05-15T12:44:21.982 INFO:journalctl@ceph.mgr.x.smithi073.stdout:May 15 12:44:21 smithi073 ceph-94c83afc-12b8-11ef-bc98-c7b262605968-mgr-x[31780]:
2024-05-15T12:44:21.779+0000 7fe184cad200 -1 mgr[py] Module test_orchestrator has missing NOTIFY_TYPES member
2024-05-15T12:44:22.732 INFO:journalctl@ceph.mgr.x.smithi073.stdout:May 15 12:44:22 smithi073 ceph-94c83afc-12b8-11ef-bc98-c7b262605968-mgr-x[31780]:
2024-05-15T12:44:22.382+0000 7fe184cad200 -1 mgr[py] Module rook has missing NOTIFY_TYPES member
2024-05-15T12:44:22.732 INFO:journalctl@ceph.mgr.x.smithi073.stdout:May 15 12:44:22 smithi073 ceph-94c83afc-12b8-11ef-bc98-c7b262605968-mgr-x[31780]:
2024-05-15T12:44:22.607+0000 7fe184cad200 -1 mgr[py] Module smb has missing NOTIFY_TYPES member
2024-05-15T12:44:23.482 INFO:journalctl@ceph.mgr.x.smithi073.stdout:May 15 12:44:23 smithi073 ceph-94c83afc-12b8-11ef-bc98-c7b262605968-mgr-x[31780]:
2024-05-15T12:44:23.037+0000 7fe184cad200 -1 mgr[py] Module volumes has missing NOTIFY_TYPES member
2024-05-15T12:44:23.482 INFO:journalctl@ceph.mgr.x.smithi073.stdout:May 15 12:44:23 smithi073 ceph-94c83afc-12b8-11ef-bc98-c7b262605968-mgr-x[31780]:
2024-05-15T12:44:23.136+0000 7fe184cad200 -1 mgr[py] Module crash has missing NOTIFY_TYPES member
2024-05-15T12:44:23.858 INFO:journalctl@ceph.mgr.x.smithi073.stdout:May 15 12:44:23 smithi073 ceph-94c83afc-12b8-11ef-bc98-c7b262605968-mgr-x[31780]:
2024-05-15T12:44:23.508+0000 7fe184cad200 -1 mgr[py] Module rgw has missing NOTIFY_TYPES member
2024-05-15T12:44:23.858 INFO:journalctl@ceph.mgr.x.smithi073.stdout:May 15 12:44:23 smithi073 ceph-94c83afc-12b8-11ef-bc98-c7b262605968-mgr-x[31780]:
2024-05-15T12:44:23.867+0000 7fe184cad200 -1 mgr[py] Module prometheus has missing NOTIFY_TYPES member
2024-05-15T12:44:24.118 INFO:journalctl@ceph.mgr.x.smithi073.stdout:May 15 12:44:23 smithi073 ceph-94c83afc-12b8-11ef-bc98-c7b262605968-mgr-x[31780]:
2024-05-15T12:44:23.960+0000 7fe184cad200 -1 mgr[py] Module devicehealth has missing NOTIFY_TYPES member
2024-05-15T12:44:24.433 INFO:journalctl@ceph.mgr.x.smithi073.stdout:May 15 12:44:24 smithi073 ceph-94c83afc-12b8-11ef-bc98-c7b262605968-mgr-x[31780]:
2024-05-15T12:44:24.206+0000 7fe184cad200 -1 mgr[py] Module telemetry has missing NOTIFY_TYPES member
2024-05-15T12:44:24.433 INFO:journalctl@ceph.mgr.x.smithi073.stdout:May 15 12:44:24 smithi073 ceph-94c83afc-12b8-11ef-bc98-c7b262605968-mgr-x[31780]:
2024-05-15T12:44:24.343+0000 7fe184cad200 -1 mgr[py] Module diskprediction_local has missing NOTIFY_TYPES member
2024-05-15T12:44:24.433 INFO:journalctl@ceph.mgr.x.smithi073.stdout:May 15 12:44:24 smithi073 ceph-94c83afc-12b8-11ef-bc98-c7b262605968-mgr-x[31780]:
2024-05-15T12:44:24.441+0000 7fe184cad200 -1 mgr[py] Module osd_perf_query has missing NOTIFY_TYPES member
2024-05-15T12:44:25.232 INFO:journalctl@ceph.mgr.x.smithi073.stdout:May 15 12:44:24 smithi073 ceph-94c83afc-12b8-11ef-bc98-c7b262605968-mgr-x[31780]:
2024-05-15T12:44:24.769+0000 7fe184cad200 -1 mgr[py] Module rbd_support has missing NOTIFY_TYPES member
2024-05-15T12:44:25.232 INFO:journalctl@ceph.mgr.x.smithi073.stdout:May 15 12:44:24 smithi073 ceph-94c83afc-12b8-11ef-bc98-c7b262605968-mgr-x[31780]:
2024-05-15T12:44:24.863+0000 7fe184cad200 -1 mgr[py] Module zabbix has missing NOTIFY_TYPES member
2024-05-15T12:44:25.732 INFO:journalctl@ceph.mgr.x.smithi073.stdout:May 15 12:44:25 smithi073 ceph-94c83afc-12b8-11ef-bc98-c7b262605968-mgr-x[31780]:
2024-05-15T12:44:25.469+0000 7fe184cad200 -1 mgr[py] Module status has missing NOTIFY_TYPES member
2024-05-15T12:44:25.732 INFO:journalctl@ceph.mgr.x.smithi073.stdout:May 15 12:44:25 smithi073 ceph-94c83afc-12b8-11ef-bc98-c7b262605968-mgr-x[31780]:
2024-05-15T12:44:25.690+0000 7fe184cad200 -1 mgr[py] Module nfs has missing NOTIFY_TYPES member
2024-05-15T12:44:26.157 INFO:journalctl@ceph.mon.a.smithi073.stdout:May 15 12:44:25 smithi073 ceph-mon[31550]: Active manager daemon x restarted
2024-05-15T12:44:26.158 INFO:journalctl@ceph.mon.a.smithi073.stdout:May 15 12:44:25 smithi073 ceph-mon[31550]: Activating manager daemon x
2024-05-15T12:44:26.158 INFO:journalctl@ceph.mon.a.smithi073.stdout:May 15 12:44:25 smithi073 ceph-mon[31550]: osdmap e3: 0 total, 0 up, 0 in
2024-05-15T12:44:26.158 INFO:journalctl@ceph.mon.a.smithi073.stdout:May 15 12:44:25 smithi073 ceph-mon[31550]: mgrmap e10: x(active, starting, since 0.0040856s)
2024-05-15T12:44:26.158 INFO:journalctl@ceph.mon.a.smithi073.stdout:May 15 12:44:25 smithi073 ceph-mon[31550]: from='mgr.14152 172.21.15.73:0/1540198679' entity='mgr.x' cmd=[{"prefix": "mon metadata", "id": "a"}]: dispatch
2024-05-15T12:44:26.158 INFO:journalctl@ceph.mon.a.smithi073.stdout:May 15 12:44:25 smithi073 ceph-mon[31550]: from='mgr.14152 172.21.15.73:0/1540198679' entity='mgr.x' cmd=[{"prefix": "mgr metadata", "who": "x", "id": "x"}]: dispatch
2024-05-15T12:44:26.158 INFO:journalctl@ceph.mon.a.smithi073.stdout:May 15 12:44:25 smithi073 ceph-mon[31550]: from='mgr.14152 172.21.15.73:0/1540198679' entity='mgr.x' cmd=[{"prefix": "mds metadata"}]: dispatch
2024-05-15T12:44:26.158 INFO:journalctl@ceph.mon.a.smithi073.stdout:May 15 12:44:25 smithi073 ceph-mon[31550]: from='mgr.14152 172.21.15.73:0/1540198679' entity='mgr.x' cmd=[{"prefix": "osd metadata"}]: dispatch
2024-05-15T12:44:26.158 INFO:journalctl@ceph.mon.a.smithi073.stdout:May 15 12:44:25 smithi073 ceph-mon[31550]: from='mgr.14152 172.21.15.73:0/1540198679' entity='mgr.x' cmd=[{"prefix": "mon metadata"}]: dispatch
2024-05-15T12:44:26.158 INFO:journalctl@ceph.mon.a.smithi073.stdout:May 15 12:44:25 smithi073 ceph-mon[31550]: Manager daemon x is now available
2024-05-15T12:44:26.158 INFO:journalctl@ceph.mon.a.smithi073.stdout:May 15 12:44:25 smithi073 ceph-mon[31550]: from='mgr.14152 172.21.15.73:0/1540198679' entity='mgr.x' cmd=[{"prefix": "config dump", "format": "json"}]: dispatch
2024-05-15T12:44:26.158 INFO:journalctl@ceph.mon.a.smithi073.stdout:May 15 12:44:25 smithi073 ceph-mon[31550]: from='mgr.14152 172.21.15.73:0/1540198679' entity='mgr.x' cmd=[{"prefix":"config rm","who":"mgr","name":"mgr/rbd_support/x/mirror_snapshot_schedule"}]: dispatch
2024-05-15T12:44:26.898 INFO:journalctl@ceph.mon.a.smithi073.stdout:May 15 12:44:26 smithi073 ceph-mon[31550]: from='mgr.14152 172.21.15.73:0/1540198679' entity='mgr.x' cmd=[{"prefix":"config rm","who":"mgr","name":"mgr/rbd_support/x/trash_purge_schedule"}]: dispatch
2024-05-15T12:44:26.898 INFO:journalctl@ceph.mon.a.smithi073.stdout:May 15 12:44:26 smithi073 ceph-mon[31550]: [15/May/2024:12:44:26] ENGINE Bus STARTING
2024-05-15T12:44:26.898 INFO:journalctl@ceph.mon.a.smithi073.stdout:May 15 12:44:26 smithi073 ceph-mon[31550]: [15/May/2024:12:44:26] ENGINE Serving on http://172.21.15.73:8765
2024-05-15T12:44:26.898 INFO:journalctl@ceph.mon.a.smithi073.stdout:May 15 12:44:26 smithi073 ceph-mon[31550]: [15/May/2024:12:44:26] ENGINE Serving on https://172.21.15.73:7150
2024-05-15T12:44:26.899 INFO:journalctl@ceph.mon.a.smithi073.stdout:May 15 12:44:26 smithi073 ceph-mon[31550]: [15/May/2024:12:44:26] ENGINE Bus STARTED
2024-05-15T12:44:26.899 INFO:journalctl@ceph.mon.a.smithi073.stdout:May 15 12:44:26 smithi073 ceph-mon[31550]: mgrmap e11: x(active, since 1.00643s)
2024-05-15T12:44:27.654 INFO:teuthology.orchestra.run.smithi073.stdout:/usr/bin/ceph: stdout {
2024-05-15T12:44:27.654 INFO:teuthology.orchestra.run.smithi073.stdout:/usr/bin/ceph: stdout "mgrmap_epoch": 11,
2024-05-15T12:44:27.654 INFO:teuthology.orchestra.run.smithi073.stdout:/usr/bin/ceph: stdout "initialized": true
2024-05-15T12:44:27.654 INFO:teuthology.orchestra.run.smithi073.stdout:/usr/bin/ceph: stdout }
2024-05-15T12:44:27.654 INFO:teuthology.orchestra.run.smithi073.stdout:/usr/bin/ceph: stderr
2024-05-15T12:44:21.119+0000 7f29501ac700 1 Processor -- start
2024-05-15T12:44:27.654 INFO:teuthology.orchestra.run.smithi073.stdout:/usr/bin/ceph: stderr
2024-05-15T12:44:21.119+0000 7f29501ac700 1 -- start start
2024-05-15T12:44:27.655 INFO:teuthology.orchestra.run.smithi073.stdout:/usr/bin/ceph: stderr
2024-05-15T12:44:21.119+0000 7f29501ac700 1 --2- >> [v2:172.21.15.73:3300/0,v1:172.21.15.73:6789/0] conn(0x7f2948107280 0x7f29481076a0 unknown :-1 s=NONE pgs=0 cs=0 l=0 rev1=0 crypto rx=0 tx=0 comp rx=0 tx=0).connect
2024-05-15T12:44:27.655 INFO:teuthology.orchestra.run.smithi073.stdout:/usr/bin/ceph: stderr
2024-05-15T12:44:21.119+0000 7f29501ac700 1 -- --> [v2:172.21.15.73:3300/0,v1:172.21.15.73:6789/0] -- mon_getmap magic: 0 -- 0x7f2948107c70 con 0x7f2948107280
2024-05-15T12:44:27.655 INFO:teuthology.orchestra.run.smithi073.stdout:/usr/bin/ceph: stderr
2024-05-15T12:44:21.120+0000 7f294df48700 1 --2- >> [v2:172.21.15.73:3300/0,v1:172.21.15.73:6789/0] conn(0x7f2948107280 0x7f29481076a0 unknown :-1 s=BANNER_CONNECTING pgs=0 cs=0 l=0 rev1=0 crypto rx=0 tx=0 comp rx=0 tx=0)._handle_peer_banner_payload supported=3 required=0
2024-05-15T12:44:27.655 INFO:teuthology.orchestra.run.smithi073.stdout:/usr/bin/ceph: stderr
2024-05-15T12:44:21.120+0000 7f294df48700 1 --2- >> [v2:172.21.15.73:3300/0,v1:172.21.15.73:6789/0] conn(0x7f2948107280 0x7f29481076a0 unknown :-1 s=HELLO_CONNECTING pgs=0 cs=0 l=0 rev1=1 crypto rx=0 tx=0 comp rx=0 tx=0).handle_hello peer v2:172.21.15.73:3300/0 says I am v2:172.21.15.73:43644/0 (socket says 172.21.15.73:43644)
2024-05-15T12:44:27.655 INFO:teuthology.orchestra.run.smithi073.stdout:/usr/bin/ceph: stderr
2024-05-15T12:44:21.120+0000 7f294df48700 1 -- 172.21.15.73:0/3317718499 learned_addr learned my addr 172.21.15.73:0/3317718499 (peer_addr_for_me v2:172.21.15.73:0/0)
2024-05-15T12:44:27.655 INFO:teuthology.orchestra.run.smithi073.stdout:/usr/bin/ceph: stderr
2024-05-15T12:44:21.120+0000 7f294df48700 1 -- 172.21.15.73:0/3317718499 --> [v2:172.21.15.73:3300/0,v1:172.21.15.73:6789/0] -- mon_subscribe({config=0+,monmap=0+}) -- 0x7f294810a210 con 0x7f2948107280
2024-05-15T12:44:27.655 INFO:teuthology.orchestra.run.smithi073.stdout:/usr/bin/ceph: stderr
2024-05-15T12:44:21.120+0000 7f294df48700 1 --2- 172.21.15.73:0/3317718499 >> [v2:172.21.15.73:3300/0,v1:172.21.15.73:6789/0] conn(0x7f2948107280 0x7f29481076a0 secure :-1 s=READY pgs=61 cs=0 l=1 rev1=1 crypto rx=0x7f29380098a0 tx=0x7f2938009bb0 comp rx=0 tx=0).ready entity=mon.0 client_cookie=6d806a505d8a35e server_cookie=0 in_seq=0 out_seq=0
2024-05-15T12:44:27.655 INFO:teuthology.orchestra.run.smithi073.stdout:/usr/bin/ceph: stderr
2024-05-15T12:44:21.120+0000 7f294cf46700 1 -- 172.21.15.73:0/3317718499 <== mon.0 v2:172.21.15.73:3300/0 1 ==== mon_map magic: 0 ==== 205+0+0 (secure 0 0 0) 0x7f2938004160 con 0x7f2948107280
2024-05-15T12:44:27.655 INFO:teuthology.orchestra.run.smithi073.stdout:/usr/bin/ceph: stderr
2024-05-15T12:44:21.120+0000 7f294cf46700 1 -- 172.21.15.73:0/3317718499 <== mon.0 v2:172.21.15.73:3300/0 2 ==== config(26 keys) ==== 1101+0+0 (secure 0 0 0) 0x7f2938004300 con 0x7f2948107280
2024-05-15T12:44:27.655 INFO:teuthology.orchestra.run.smithi073.stdout:/usr/bin/ceph: stderr
2024-05-15T12:44:21.120+0000 7f294cf46700 1 -- 172.21.15.73:0/3317718499 <== mon.0 v2:172.21.15.73:3300/0 3 ==== mon_map magic: 0 ==== 205+0+0 (secure 0 0 0) 0x7f2938011a20 con 0x7f2948107280
2024-05-15T12:44:27.655 INFO:teuthology.orchestra.run.smithi073.stdout:/usr/bin/ceph: stderr
2024-05-15T12:44:21.121+0000 7f29501ac700 1 -- 172.21.15.73:0/3317718499 >> [v2:172.21.15.73:3300/0,v1:172.21.15.73:6789/0] conn(0x7f2948107280 msgr2=0x7f29481076a0 secure :-1 s=STATE_CONNECTION_ESTABLISHED l=1).mark_down
2024-05-15T12:44:27.655 INFO:teuthology.orchestra.run.smithi073.stdout:/usr/bin/ceph: stderr
2024-05-15T12:44:21.121+0000 7f29501ac700 1 --2- 172.21.15.73:0/3317718499 >> [v2:172.21.15.73:3300/0,v1:172.21.15.73:6789/0] conn(0x7f2948107280 0x7f29481076a0 secure :-1 s=READY pgs=61 cs=0 l=1 rev1=1 crypto rx=0x7f29380098a0 tx=0x7f2938009bb0 comp rx=0 tx=0).stop
2024-05-15T12:44:27.655 INFO:teuthology.orchestra.run.smithi073.stdout:/usr/bin/ceph: stderr
2024-05-15T12:44:21.121+0000 7f29501ac700 1 -- 172.21.15.73:0/3317718499 shutdown_connections
2024-05-15T12:44:27.655 INFO:teuthology.orchestra.run.smithi073.stdout:/usr/bin/ceph: stderr
2024-05-15T12:44:21.121+0000 7f29501ac700 1 --2- 172.21.15.73:0/3317718499 >> [v2:172.21.15.73:3300/0,v1:172.21.15.73:6789/0] conn(0x7f2948107280 0x7f29481076a0 unknown :-1 s=CLOSED pgs=61 cs=0 l=1 rev1=1 crypto rx=0 tx=0 comp rx=0 tx=0).stop
2024-05-15T12:44:27.656 INFO:teuthology.orchestra.run.smithi073.stdout:/usr/bin/ceph: stderr
2024-05-15T12:44:21.121+0000 7f29501ac700 1 -- 172.21.15.73:0/3317718499 >> 172.21.15.73:0/3317718499 conn(0x7f2948102c50 msgr2=0x7f2948105070 unknown :-1 s=STATE_NONE l=0).mark_down
2024-05-15T12:44:27.656 INFO:teuthology.orchestra.run.smithi073.stdout:/usr/bin/ceph: stderr
2024-05-15T12:44:21.121+0000 7f29501ac700 1 -- 172.21.15.73:0/3317718499 shutdown_connections
2024-05-15T12:44:27.656 INFO:teuthology.orchestra.run.smithi073.stdout:/usr/bin/ceph: stderr
2024-05-15T12:44:21.121+0000 7f29501ac700 1 -- 172.21.15.73:0/3317718499 wait complete.
2024-05-15T12:44:27.656 INFO:teuthology.orchestra.run.smithi073.stdout:/usr/bin/ceph: stderr
2024-05-15T12:44:21.122+0000 7f29501ac700 1 Processor -- start
2024-05-15T12:44:27.656 INFO:teuthology.orchestra.run.smithi073.stdout:/usr/bin/ceph: stderr
2024-05-15T12:44:21.122+0000 7f29501ac700 1 -- start start
2024-05-15T12:44:27.656 INFO:teuthology.orchestra.run.smithi073.stdout:/usr/bin/ceph: stderr
2024-05-15T12:44:21.122+0000 7f29501ac700 1 --2- >> [v2:172.21.15.73:3300/0,v1:172.21.15.73:6789/0] conn(0x7f2948107280 0x7f294819ceb0 unknown :-1 s=NONE pgs=0 cs=0 l=1 rev1=0 crypto rx=0 tx=0 comp rx=0 tx=0).connect
2024-05-15T12:44:27.656 INFO:teuthology.orchestra.run.smithi073.stdout:/usr/bin/ceph: stderr
2024-05-15T12:44:21.122+0000 7f29501ac700 1 -- --> [v2:172.21.15.73:3300/0,v1:172.21.15.73:6789/0] -- mon_getmap magic: 0 -- 0x7f294810d5c0 con 0x7f2948107280
2024-05-15T12:44:27.656 INFO:teuthology.orchestra.run.smithi073.stdout:/usr/bin/ceph: stderr
2024-05-15T12:44:21.122+0000 7f294df48700 1 --2- >> [v2:172.21.15.73:3300/0,v1:172.21.15.73:6789/0] conn(0x7f2948107280 0x7f294819ceb0 unknown :-1 s=BANNER_CONNECTING pgs=0 cs=0 l=1 rev1=0 crypto rx=0 tx=0 comp rx=0 tx=0)._handle_peer_banner_payload supported=3 required=0
2024-05-15T12:44:27.656 INFO:teuthology.orchestra.run.smithi073.stdout:/usr/bin/ceph: stderr
2024-05-15T12:44:21.122+0000 7f294df48700 1 --2- >> [v2:172.21.15.73:3300/0,v1:172.21.15.73:6789/0] conn(0x7f2948107280 0x7f294819ceb0 unknown :-1 s=HELLO_CONNECTING pgs=0 cs=0 l=1 rev1=1 crypto rx=0 tx=0 comp rx=0 tx=0).handle_hello peer v2:172.21.15.73:3300/0 says I am v2:172.21.15.73:43648/0 (socket says 172.21.15.73:43648)
2024-05-15T12:44:27.656 INFO:teuthology.orchestra.run.smithi073.stdout:/usr/bin/ceph: stderr
2024-05-15T12:44:21.122+0000 7f294df48700 1 -- 172.21.15.73:0/2266104625 learned_addr learned my addr 172.21.15.73:0/2266104625 (peer_addr_for_me v2:172.21.15.73:0/0)
2024-05-15T12:44:27.656 INFO:teuthology.orchestra.run.smithi073.stdout:/usr/bin/ceph: stderr
2024-05-15T12:44:21.122+0000 7f294df48700 1 -- 172.21.15.73:0/2266104625 --> [v2:172.21.15.73:3300/0,v1:172.21.15.73:6789/0] -- mon_subscribe({config=0+,monmap=0+}) -- 0x7f294819d3f0 con 0x7f2948107280
2024-05-15T12:44:27.656 INFO:teuthology.orchestra.run.smithi073.stdout:/usr/bin/ceph: stderr
2024-05-15T12:44:21.122+0000 7f294df48700 1 --2- 172.21.15.73:0/2266104625 >> [v2:172.21.15.73:3300/0,v1:172.21.15.73:6789/0] conn(0x7f2948107280 0x7f294819ceb0 secure :-1 s=READY pgs=62 cs=0 l=1 rev1=1 crypto rx=0x7f29380119f0 tx=0x7f2938011ad0 comp rx=0 tx=0).ready entity=mon.0 client_cookie=0 server_cookie=0 in_seq=0 out_seq=0
2024-05-15T12:44:27.656 INFO:teuthology.orchestra.run.smithi073.stdout:/usr/bin/ceph: stderr
2024-05-15T12:44:21.122+0000 7f293effd700 1 -- 172.21.15.73:0/2266104625 <== mon.0 v2:172.21.15.73:3300/0 1 ==== mon_map magic: 0 ==== 205+0+0 (secure 0 0 0) 0x7f29380039e0 con 0x7f2948107280
2024-05-15T12:44:27.656 INFO:teuthology.orchestra.run.smithi073.stdout:/usr/bin/ceph: stderr
2024-05-15T12:44:21.123+0000 7f293effd700 1 -- 172.21.15.73:0/2266104625 <== mon.0 v2:172.21.15.73:3300/0 2 ==== config(26 keys) ==== 1101+0+0 (secure 0 0 0) 0x7f293801b8f0 con 0x7f2948107280
2024-05-15T12:44:27.656 INFO:teuthology.orchestra.run.smithi073.stdout:/usr/bin/ceph: stderr
2024-05-15T12:44:21.123+0000 7f29501ac700 1 -- 172.21.15.73:0/2266104625 --> [v2:172.21.15.73:3300/0,v1:172.21.15.73:6789/0] -- mon_subscribe({mgrmap=0+}) -- 0x7f294819d680 con 0x7f2948107280
2024-05-15T12:44:27.657 INFO:teuthology.orchestra.run.smithi073.stdout:/usr/bin/ceph: stderr
2024-05-15T12:44:21.123+0000 7f293effd700 1 -- 172.21.15.73:0/2266104625 <== mon.0 v2:172.21.15.73:3300/0 3 ==== mon_map magic: 0 ==== 205+0+0 (secure 0 0 0) 0x7f29380237a0 con 0x7f2948107280
2024-05-15T12:44:27.657 INFO:teuthology.orchestra.run.smithi073.stdout:/usr/bin/ceph: stderr
2024-05-15T12:44:21.123+0000 7f29501ac700 1 -- 172.21.15.73:0/2266104625 --> [v2:172.21.15.73:3300/0,v1:172.21.15.73:6789/0] -- mon_subscribe({osdmap=0}) -- 0x7f29481a0370 con 0x7f2948107280
2024-05-15T12:44:27.657 INFO:teuthology.orchestra.run.smithi073.stdout:/usr/bin/ceph: stderr
2024-05-15T12:44:21.124+0000 7f293effd700 1 -- 172.21.15.73:0/2266104625 <== mon.0 v2:172.21.15.73:3300/0 4 ==== mgrmap(e 9) ==== 50235+0+0 (secure 0 0 0) 0x7f293801b440 con 0x7f2948107280
2024-05-15T12:44:27.657 INFO:teuthology.orchestra.run.smithi073.stdout:/usr/bin/ceph: stderr
2024-05-15T12:44:21.124+0000 7f293effd700 1 --2- 172.21.15.73:0/2266104625 >> [v2:172.21.15.73:6800/3190259345,v1:172.21.15.73:6801/3190259345] conn(0x7f293403e4d0 0x7f2934040990 unknown :-1 s=NONE pgs=0 cs=0 l=1 rev1=0 crypto rx=0 tx=0 comp rx=0 tx=0).connect
2024-05-15T12:44:27.657 INFO:teuthology.orchestra.run.smithi073.stdout:/usr/bin/ceph: stderr
2024-05-15T12:44:21.124+0000 7f293effd700 1 -- 172.21.15.73:0/2266104625 --> [v2:172.21.15.73:6800/3190259345,v1:172.21.15.73:6801/3190259345] -- command(tid 0: {"prefix": "get_command_descriptions"}) -- 0x7f29340410a0 con 0x7f293403e4d0
2024-05-15T12:44:27.657 INFO:teuthology.orchestra.run.smithi073.stdout:/usr/bin/ceph: stderr
2024-05-15T12:44:21.124+0000 7f293effd700 1 -- 172.21.15.73:0/2266104625 <== mon.0 v2:172.21.15.73:3300/0 5 ==== osd_map(2..2 src has 1..2) ==== 940+0+0 (secure 0 0 0) 0x7f2938053de0 con 0x7f2948107280
2024-05-15T12:44:27.657 INFO:teuthology.orchestra.run.smithi073.stdout:/usr/bin/ceph: stderr
2024-05-15T12:44:21.124+0000 7f294d747700 1 -- 172.21.15.73:0/2266104625 >> [v2:172.21.15.73:6800/3190259345,v1:172.21.15.73:6801/3190259345] conn(0x7f293403e4d0 msgr2=0x7f2934040990 unknown :-1 s=STATE_CONNECTING_RE l=1).process reconnect failed to v2:172.21.15.73:6800/3190259345
2024-05-15T12:44:27.657 INFO:teuthology.orchestra.run.smithi073.stdout:/usr/bin/ceph: stderr
2024-05-15T12:44:21.124+0000 7f294d747700 1 --2- 172.21.15.73:0/2266104625 >> [v2:172.21.15.73:6800/3190259345,v1:172.21.15.73:6801/3190259345] conn(0x7f293403e4d0 0x7f2934040990 unknown :-1 s=START_CONNECT pgs=0 cs=0 l=1 rev1=0 crypto rx=0 tx=0 comp rx=0 tx=0)._fault waiting 0.200000
2024-05-15T12:44:27.657 INFO:teuthology.orchestra.run.smithi073.stdout:/usr/bin/ceph: stderr
2024-05-15T12:44:21.325+0000 7f294d747700 1 -- 172.21.15.73:0/2266104625 >> [v2:172.21.15.73:6800/3190259345,v1:172.21.15.73:6801/3190259345] conn(0x7f293403e4d0 msgr2=0x7f2934040990 unknown :-1 s=STATE_CONNECTING_RE l=1).process reconnect failed to v2:172.21.15.73:6800/3190259345
2024-05-15T12:44:27.657 INFO:teuthology.orchestra.run.smithi073.stdout:/usr/bin/ceph: stderr
2024-05-15T12:44:21.325+0000 7f294d747700 1 --2- 172.21.15.73:0/2266104625 >> [v2:172.21.15.73:6800/3190259345,v1:172.21.15.73:6801/3190259345] conn(0x7f293403e4d0 0x7f2934040990 unknown :-1 s=START_CONNECT pgs=0 cs=0 l=1 rev1=0 crypto rx=0 tx=0 comp rx=0 tx=0)._fault waiting 0.400000
2024-05-15T12:44:27.657 INFO:teuthology.orchestra.run.smithi073.stdout:/usr/bin/ceph: stderr
2024-05-15T12:44:21.725+0000 7f294d747700 1 -- 172.21.15.73:0/2266104625 >> [v2:172.21.15.73:6800/3190259345,v1:172.21.15.73:6801/3190259345] conn(0x7f293403e4d0 msgr2=0x7f2934040990 unknown :-1 s=STATE_CONNECTING_RE l=1).process reconnect failed to v2:172.21.15.73:6800/3190259345
2024-05-15T12:44:27.657 INFO:teuthology.orchestra.run.smithi073.stdout:/usr/bin/ceph: stderr
2024-05-15T12:44:21.725+0000 7f294d747700 1 --2- 172.21.15.73:0/2266104625 >> [v2:172.21.15.73:6800/3190259345,v1:172.21.15.73:6801/3190259345] conn(0x7f293403e4d0 0x7f2934040990 unknown :-1 s=START_CONNECT pgs=0 cs=0 l=1 rev1=0 crypto rx=0 tx=0 comp rx=0 tx=0)._fault waiting 0.800000
2024-05-15T12:44:27.657 INFO:teuthology.orchestra.run.smithi073.stdout:/usr/bin/ceph: stderr
2024-05-15T12:44:22.526+0000 7f294d747700 1 -- 172.21.15.73:0/2266104625 >> [v2:172.21.15.73:6800/3190259345,v1:172.21.15.73:6801/3190259345] conn(0x7f293403e4d0 msgr2=0x7f2934040990 unknown :-1 s=STATE_CONNECTING_RE l=1).process reconnect failed to v2:172.21.15.73:6800/3190259345
2024-05-15T12:44:27.657 INFO:teuthology.orchestra.run.smithi073.stdout:/usr/bin/ceph: stderr
2024-05-15T12:44:22.526+0000 7f294d747700 1 --2- 172.21.15.73:0/2266104625 >> [v2:172.21.15.73:6800/3190259345,v1:172.21.15.73:6801/3190259345] conn(0x7f293403e4d0 0x7f2934040990 unknown :-1 s=START_CONNECT pgs=0 cs=0 l=1 rev1=0 crypto rx=0 tx=0 comp rx=0 tx=0)._fault waiting 1.600000
2024-05-15T12:44:27.658 INFO:teuthology.orchestra.run.smithi073.stdout:/usr/bin/ceph: stderr
2024-05-15T12:44:24.127+0000 7f294d747700 1 -- 172.21.15.73:0/2266104625 >> [v2:172.21.15.73:6800/3190259345,v1:172.21.15.73:6801/3190259345] conn(0x7f293403e4d0 msgr2=0x7f2934040990 unknown :-1 s=STATE_CONNECTING_RE l=1).process reconnect failed to v2:172.21.15.73:6800/3190259345
2024-05-15T12:44:27.658 INFO:teuthology.orchestra.run.smithi073.stdout:/usr/bin/ceph: stderr
2024-05-15T12:44:24.127+0000 7f294d747700 1 --2- 172.21.15.73:0/2266104625 >> [v2:172.21.15.73:6800/3190259345,v1:172.21.15.73:6801/3190259345] conn(0x7f293403e4d0 0x7f2934040990 unknown :-1 s=START_CONNECT pgs=0 cs=0 l=1 rev1=0 crypto rx=0 tx=0 comp rx=0 tx=0)._fault waiting 3.200000
2024-05-15T12:44:27.658 INFO:teuthology.orchestra.run.smithi073.stdout:/usr/bin/ceph: stderr
2024-05-15T12:44:25.694+0000 7f293effd700 1 -- 172.21.15.73:0/2266104625 <== mon.0 v2:172.21.15.73:3300/0 6 ==== mgrmap(e 10) ==== 50002+0+0 (secure 0 0 0) 0x7f293802b530 con 0x7f2948107280
2024-05-15T12:44:27.658 INFO:teuthology.orchestra.run.smithi073.stdout:/usr/bin/ceph: stderr
2024-05-15T12:44:25.694+0000 7f293effd700 1 -- 172.21.15.73:0/2266104625 >> [v2:172.21.15.73:6800/3190259345,v1:172.21.15.73:6801/3190259345] conn(0x7f293403e4d0 msgr2=0x7f2934040990 unknown :-1 s=STATE_CONNECTING l=1).mark_down
2024-05-15T12:44:27.658 INFO:teuthology.orchestra.run.smithi073.stdout:/usr/bin/ceph: stderr
2024-05-15T12:44:25.694+0000 7f293effd700 1 --2- 172.21.15.73:0/2266104625 >> [v2:172.21.15.73:6800/3190259345,v1:172.21.15.73:6801/3190259345] conn(0x7f293403e4d0 0x7f2934040990 unknown :-1 s=START_CONNECT pgs=0 cs=0 l=1 rev1=0 crypto rx=0 tx=0 comp rx=0 tx=0).stop
2024-05-15T12:44:27.658 INFO:teuthology.orchestra.run.smithi073.stdout:/usr/bin/ceph: stderr
2024-05-15T12:44:26.696+0000 7f293effd700 1 -- 172.21.15.73:0/2266104625 <== mon.0 v2:172.21.15.73:3300/0 7 ==== mgrmap(e 11) ==== 50129+0+0 (secure 0 0 0) 0x7f2938055e40 con 0x7f2948107280
2024-05-15T12:44:27.658 INFO:teuthology.orchestra.run.smithi073.stdout:/usr/bin/ceph: stderr
2024-05-15T12:44:26.696+0000 7f293effd700 1 --2- 172.21.15.73:0/2266104625 >> [v2:172.21.15.73:6800/3295996288,v1:172.21.15.73:6801/3295996288] conn(0x7f2934041f50 0x7f2934044340 unknown :-1 s=NONE pgs=0 cs=0 l=1 rev1=0 crypto rx=0 tx=0 comp rx=0 tx=0).connect
2024-05-15T12:44:27.658 INFO:teuthology.orchestra.run.smithi073.stdout:/usr/bin/ceph: stderr
2024-05-15T12:44:26.696+0000 7f293effd700 1 -- 172.21.15.73:0/2266104625 --> [v2:172.21.15.73:6800/3295996288,v1:172.21.15.73:6801/3295996288] -- command(tid 0: {"prefix": "get_command_descriptions"}) -- 0x7f2938017ec0 con 0x7f2934041f50
2024-05-15T12:44:27.658 INFO:teuthology.orchestra.run.smithi073.stdout:/usr/bin/ceph: stderr
2024-05-15T12:44:26.697+0000 7f294d747700 1 --2- 172.21.15.73:0/2266104625 >> [v2:172.21.15.73:6800/3295996288,v1:172.21.15.73:6801/3295996288] conn(0x7f2934041f50 0x7f2934044340 unknown :-1 s=BANNER_CONNECTING pgs=0 cs=0 l=1 rev1=0 crypto rx=0 tx=0 comp rx=0 tx=0)._handle_peer_banner_payload supported=3 required=0
2024-05-15T12:44:27.658 INFO:teuthology.orchestra.run.smithi073.stdout:/usr/bin/ceph: stderr
2024-05-15T12:44:26.697+0000 7f294d747700 1 --2- 172.21.15.73:0/2266104625 >> [v2:172.21.15.73:6800/3295996288,v1:172.21.15.73:6801/3295996288] conn(0x7f2934041f50 0x7f2934044340 secure :-1 s=READY pgs=1 cs=0 l=1 rev1=1 crypto rx=0x7f2944003a10 tx=0x7f2944009270 comp rx=0 tx=0).ready entity=mgr.14152 client_cookie=0 server_cookie=0 in_seq=0 out_seq=0
2024-05-15T12:44:27.658 INFO:teuthology.orchestra.run.smithi073.stdout:/usr/bin/ceph: stderr
2024-05-15T12:44:26.698+0000 7f293effd700 1 -- 172.21.15.73:0/2266104625 <== mgr.14152 v2:172.21.15.73:6800/3295996288 1 ==== command_reply(tid 0: 0 ) ==== 8+0+9564 (secure 0 0 0) 0x7f2938017ec0 con 0x7f2934041f50
2024-05-15T12:44:27.658 INFO:teuthology.orchestra.run.smithi073.stdout:/usr/bin/ceph: stderr
2024-05-15T12:44:26.707+0000 7f29501ac700 1 -- 172.21.15.73:0/2266104625 --> [v2:172.21.15.73:6800/3295996288,v1:172.21.15.73:6801/3295996288] -- command(tid 1: {"prefix": "mgr_status"}) -- 0x7f2948064ba0 con 0x7f2934041f50
2024-05-15T12:44:27.659 INFO:teuthology.orchestra.run.smithi073.stdout:/usr/bin/ceph: stderr
2024-05-15T12:44:26.707+0000 7f293effd700 1 -- 172.21.15.73:0/2266104625 <== mgr.14152 v2:172.21.15.73:6800/3295996288 2 ==== command_reply(tid 1: 0 ) ==== 8+0+52 (secure 0 0 0) 0x7f2948064ba0 con 0x7f2934041f50
2024-05-15T12:44:27.659 INFO:teuthology.orchestra.run.smithi073.stdout:/usr/bin/ceph: stderr
2024-05-15T12:44:26.708+0000 7f29501ac700 1 -- 172.21.15.73:0/2266104625 >> [v2:172.21.15.73:6800/3295996288,v1:172.21.15.73:6801/3295996288] conn(0x7f2934041f50 msgr2=0x7f2934044340 secure :-1 s=STATE_CONNECTION_ESTABLISHED l=1).mark_down
2024-05-15T12:44:27.659 INFO:teuthology.orchestra.run.smithi073.stdout:/usr/bin/ceph: stderr
2024-05-15T12:44:26.708+0000 7f29501ac700 1 --2- 172.21.15.73:0/2266104625 >> [v2:172.21.15.73:6800/3295996288,v1:172.21.15.73:6801/3295996288] conn(0x7f2934041f50 0x7f2934044340 secure :-1 s=READY pgs=1 cs=0 l=1 rev1=1 crypto rx=0x7f2944003a10 tx=0x7f2944009270 comp rx=0 tx=0).stop
2024-05-15T12:44:27.659 INFO:teuthology.orchestra.run.smithi073.stdout:/usr/bin/ceph: stderr
2024-05-15T12:44:26.708+0000 7f29501ac700 1 -- 172.21.15.73:0/2266104625 >> [v2:172.21.15.73:3300/0,v1:172.21.15.73:6789/0] conn(0x7f2948107280 msgr2=0x7f294819ceb0 secure :-1 s=STATE_CONNECTION_ESTABLISHED l=1).mark_down
2024-05-15T12:44:27.659 INFO:teuthology.orchestra.run.smithi073.stdout:/usr/bin/ceph: stderr
2024-05-15T12:44:26.708+0000 7f29501ac700 1 --2- 172.21.15.73:0/2266104625 >> [v2:172.21.15.73:3300/0,v1:172.21.15.73:6789/0] conn(0x7f2948107280 0x7f294819ceb0 secure :-1 s=READY pgs=62 cs=0 l=1 rev1=1 crypto rx=0x7f29380119f0 tx=0x7f2938011ad0 comp rx=0 tx=0).stop
2024-05-15T12:44:27.659 INFO:teuthology.orchestra.run.smithi073.stdout:/usr/bin/ceph: stderr
2024-05-15T12:44:26.708+0000 7f29501ac700 1 -- 172.21.15.73:0/2266104625 shutdown_connections
2024-05-15T12:44:27.659 INFO:teuthology.orchestra.run.smithi073.stdout:/usr/bin/ceph: stderr
2024-05-15T12:44:26.708+0000 7f29501ac700 1 --2- 172.21.15.73:0/2266104625 >> [v2:172.21.15.73:6800/3295996288,v1:172.21.15.73:6801/3295996288] conn(0x7f2934041f50 0x7f2934044340 unknown :-1 s=CLOSED pgs=1 cs=0 l=1 rev1=1 crypto rx=0 tx=0 comp rx=0 tx=0).stop
2024-05-15T12:44:27.659 INFO:teuthology.orchestra.run.smithi073.stdout:/usr/bin/ceph: stderr
2024-05-15T12:44:26.708+0000 7f29501ac700 1 --2- 172.21.15.73:0/2266104625 >> [v2:172.21.15.73:3300/0,v1:172.21.15.73:6789/0] conn(0x7f2948107280 0x7f294819ceb0 unknown :-1 s=CLOSED pgs=62 cs=0 l=1 rev1=1 crypto rx=0 tx=0 comp rx=0 tx=0).stop
2024-05-15T12:44:27.659 INFO:teuthology.orchestra.run.smithi073.stdout:/usr/bin/ceph: stderr
2024-05-15T12:44:26.708+0000 7f29501ac700 1 --2- 172.21.15.73:0/2266104625 >> [v2:172.21.15.73:6800/3190259345,v1:172.21.15.73:6801/3190259345] conn(0x7f293403e4d0 0x7f2934040990 unknown :-1 s=CLOSED pgs=0 cs=0 l=1 rev1=0 crypto rx=0 tx=0 comp rx=0 tx=0).stop
2024-05-15T12:44:27.659 INFO:teuthology.orchestra.run.smithi073.stdout:/usr/bin/ceph: stderr
2024-05-15T12:44:26.708+0000 7f29501ac700 1 -- 172.21.15.73:0/2266104625 >> 172.21.15.73:0/2266104625 conn(0x7f2948102c50 msgr2=0x7f2948103690 unknown :-1 s=STATE_NONE l=0).mark_down
2024-05-15T12:44:27.659 INFO:teuthology.orchestra.run.smithi073.stdout:/usr/bin/ceph: stderr
2024-05-15T12:44:26.708+0000 7f29501ac700 1 -- 172.21.15.73:0/2266104625 shutdown_connections
2024-05-15T12:44:27.659 INFO:teuthology.orchestra.run.smithi073.stdout:/usr/bin/ceph: stderr
2024-05-15T12:44:26.708+0000 7f29501ac700 1 -- 172.21.15.73:0/2266104625 wait complete.
2024-05-15T12:44:27.659 INFO:teuthology.orchestra.run.smithi073.stdout:mgr epoch 9 is available
2024-05-15T12:44:27.659 INFO:teuthology.orchestra.run.smithi073.stdout:Generating a dashboard self-signed certificate...
2024-05-15T12:44:28.732 INFO:journalctl@ceph.mon.a.smithi073.stdout:May 15 12:44:28 smithi073 ceph-mon[31550]: from='client.14156 -' entity='client.admin' cmd=[{"prefix": "get_command_descriptions"}]: dispatch
2024-05-15T12:44:28.732 INFO:journalctl@ceph.mon.a.smithi073.stdout:May 15 12:44:28 smithi073 ceph-mon[31550]: from='client.14156 -' entity='client.admin' cmd=[{"prefix": "mgr_status"}]: dispatch
2024-05-15T12:44:28.732 INFO:journalctl@ceph.mon.a.smithi073.stdout:May 15 12:44:28 smithi073 ceph-mon[31550]: from='mgr.14152 172.21.15.73:0/1540198679' entity='mgr.x'
2024-05-15T12:44:28.989 INFO:teuthology.orchestra.run.smithi073.stdout:/usr/bin/ceph: stdout Self-signed certificate created
2024-05-15T12:44:28.989 INFO:teuthology.orchestra.run.smithi073.stdout:/usr/bin/ceph: stderr
2024-05-15T12:44:28.129+0000 7f099d563700 1 Processor -- start
2024-05-15T12:44:28.989 INFO:teuthology.orchestra.run.smithi073.stdout:/usr/bin/ceph: stderr
2024-05-15T12:44:28.129+0000 7f099d563700 1 -- start start
2024-05-15T12:44:28.989 INFO:teuthology.orchestra.run.smithi073.stdout:/usr/bin/ceph: stderr
2024-05-15T12:44:28.129+0000 7f099d563700 1 --2- >> [v2:172.21.15.73:3300/0,v1:172.21.15.73:6789/0] conn(0x7f0998107890 0x7f0998107cb0 unknown :-1 s=NONE pgs=0 cs=0 l=0 rev1=0 crypto rx=0 tx=0 comp rx=0 tx=0).connect
2024-05-15T12:44:28.989 INFO:teuthology.orchestra.run.smithi073.stdout:/usr/bin/ceph: stderr
2024-05-15T12:44:28.129+0000 7f099d563700 1 -- --> [v2:172.21.15.73:3300/0,v1:172.21.15.73:6789/0] -- mon_getmap magic: 0 -- 0x7f0998076d70 con 0x7f0998107890
2024-05-15T12:44:28.989 INFO:teuthology.orchestra.run.smithi073.stdout:/usr/bin/ceph: stderr
2024-05-15T12:44:28.130+0000 7f0996ffd700 1 --2- >> [v2:172.21.15.73:3300/0,v1:172.21.15.73:6789/0] conn(0x7f0998107890 0x7f0998107cb0 unknown :-1 s=BANNER_CONNECTING pgs=0 cs=0 l=0 rev1=0 crypto rx=0 tx=0 comp rx=0 tx=0)._handle_peer_banner_payload supported=3 required=0
2024-05-15T12:44:28.989 INFO:teuthology.orchestra.run.smithi073.stdout:/usr/bin/ceph: stderr
2024-05-15T12:44:28.130+0000 7f0996ffd700 1 --2- >> [v2:172.21.15.73:3300/0,v1:172.21.15.73:6789/0] conn(0x7f0998107890 0x7f0998107cb0 unknown :-1 s=HELLO_CONNECTING pgs=0 cs=0 l=0 rev1=1 crypto rx=0 tx=0 comp rx=0 tx=0).handle_hello peer v2:172.21.15.73:3300/0 says I am v2:172.21.15.73:58444/0 (socket says 172.21.15.73:58444)
2024-05-15T12:44:28.989 INFO:teuthology.orchestra.run.smithi073.stdout:/usr/bin/ceph: stderr
2024-05-15T12:44:28.130+0000 7f0996ffd700 1 -- 172.21.15.73:0/2393015589 learned_addr learned my addr 172.21.15.73:0/2393015589 (peer_addr_for_me v2:172.21.15.73:0/0)
2024-05-15T12:44:28.989 INFO:teuthology.orchestra.run.smithi073.stdout:/usr/bin/ceph: stderr
2024-05-15T12:44:28.130+0000 7f0996ffd700 1 -- 172.21.15.73:0/2393015589 --> [v2:172.21.15.73:3300/0,v1:172.21.15.73:6789/0] -- mon_subscribe({config=0+,monmap=0+}) -- 0x7f09981081f0 con 0x7f0998107890
2024-05-15T12:44:28.989 INFO:teuthology.orchestra.run.smithi073.stdout:/usr/bin/ceph: stderr
2024-05-15T12:44:28.130+0000 7f0996ffd700 1 --2- 172.21.15.73:0/2393015589 >> [v2:172.21.15.73:3300/0,v1:172.21.15.73:6789/0] conn(0x7f0998107890 0x7f0998107cb0 secure :-1 s=READY pgs=70 cs=0 l=1 rev1=1 crypto rx=0x7f09880098a0 tx=0x7f0988009bb0 comp rx=0 tx=0).ready entity=mon.0 client_cookie=7dee9a8f8011e566 server_cookie=0 in_seq=0 out_seq=0
2024-05-15T12:44:28.990 INFO:teuthology.orchestra.run.smithi073.stdout:/usr/bin/ceph: stderr
2024-05-15T12:44:28.130+0000 7f09967fc700 1 -- 172.21.15.73:0/2393015589 <== mon.0 v2:172.21.15.73:3300/0 1 ==== mon_map magic: 0 ==== 205+0+0 (secure 0 0 0) 0x7f0988004160 con 0x7f0998107890
