2024-05-15T13:26:40.199+0000 7f3649176700 1 --2- >> [v2:172.21.15.173:3300/0,v1:172.21.15.173:6789/0] conn(0x7f364407d730 0x7f364419e390 unknown :-1 s=HELLO_CONNECTING pgs=0 cs=0 l=1 rev1=1 crypto rx=0 tx=0 comp rx=0 tx=0).handle_hello peer v2:172.21.15.173:3300/0 says I am v2:172.21.15.173:59650/0 (socket says 172.21.15.173:59650)
2024-05-15T13:26:46.569 INFO:teuthology.orchestra.run.smithi173.stdout:/usr/bin/ceph: stderr
2024-05-15T13:26:40.199+0000 7f3649176700 1 -- 172.21.15.173:0/835103110 learned_addr learned my addr 172.21.15.173:0/835103110 (peer_addr_for_me v2:172.21.15.173:0/0)
2024-05-15T13:26:46.569 INFO:teuthology.orchestra.run.smithi173.stdout:/usr/bin/ceph: stderr
2024-05-15T13:26:40.199+0000 7f3649176700 1 -- 172.21.15.173:0/835103110 --> [v2:172.21.15.173:3300/0,v1:172.21.15.173:6789/0] -- mon_subscribe({config=0+,monmap=0+}) -- 0x7f364419e8d0 con 0x7f364407d730
2024-05-15T13:26:46.569 INFO:teuthology.orchestra.run.smithi173.stdout:/usr/bin/ceph: stderr
2024-05-15T13:26:40.199+0000 7f3649176700 1 --2- 172.21.15.173:0/835103110 >> [v2:172.21.15.173:3300/0,v1:172.21.15.173:6789/0] conn(0x7f364407d730 0x7f364419e390 secure :-1 s=READY pgs=29 cs=0 l=1 rev1=1 crypto rx=0x7f36340119b0 tx=0x7f3634011a90 comp rx=0 tx=0).ready entity=mon.0 client_cookie=0 server_cookie=0 in_seq=0 out_seq=0
2024-05-15T13:26:46.569 INFO:teuthology.orchestra.run.smithi173.stdout:/usr/bin/ceph: stderr
2024-05-15T13:26:40.199+0000 7f363a7fc700 1 -- 172.21.15.173:0/835103110 <== mon.0 v2:172.21.15.173:3300/0 1 ==== mon_map magic: 0 ==== 205+0+0 (secure 0 0 0) 0x7f3634003af0 con 0x7f364407d730
2024-05-15T13:26:46.569 INFO:teuthology.orchestra.run.smithi173.stdout:/usr/bin/ceph: stderr
2024-05-15T13:26:40.199+0000 7f364b3da700 1 -- 172.21.15.173:0/835103110 --> [v2:172.21.15.173:3300/0,v1:172.21.15.173:6789/0] -- mon_subscribe({mgrmap=0+}) -- 0x7f364419eb60 con 0x7f364407d730
2024-05-15T13:26:46.569 INFO:teuthology.orchestra.run.smithi173.stdout:/usr/bin/ceph: stderr
2024-05-15T13:26:40.199+0000 7f363a7fc700 1 -- 172.21.15.173:0/835103110 <== mon.0 v2:172.21.15.173:3300/0 2 ==== config(25 keys) ==== 1032+0+0 (secure 0 0 0) 0x7f363401a8a0 con 0x7f364407d730
2024-05-15T13:26:46.569 INFO:teuthology.orchestra.run.smithi173.stdout:/usr/bin/ceph: stderr
2024-05-15T13:26:40.199+0000 7f363a7fc700 1 -- 172.21.15.173:0/835103110 <== mon.0 v2:172.21.15.173:3300/0 3 ==== mon_map magic: 0 ==== 205+0+0 (secure 0 0 0) 0x7f3634024830 con 0x7f364407d730
2024-05-15T13:26:46.569 INFO:teuthology.orchestra.run.smithi173.stdout:/usr/bin/ceph: stderr
2024-05-15T13:26:40.200+0000 7f364b3da700 1 -- 172.21.15.173:0/835103110 --> [v2:172.21.15.173:3300/0,v1:172.21.15.173:6789/0] -- mon_subscribe({osdmap=0}) -- 0x7f36441a1850 con 0x7f364407d730
2024-05-15T13:26:46.569 INFO:teuthology.orchestra.run.smithi173.stdout:/usr/bin/ceph: stderr
2024-05-15T13:26:40.200+0000 7f363a7fc700 1 -- 172.21.15.173:0/835103110 <== mon.0 v2:172.21.15.173:3300/0 4 ==== mgrmap(e 5) ==== 50222+0+0 (secure 0 0 0) 0x7f3634022020 con 0x7f364407d730
2024-05-15T13:26:46.569 INFO:teuthology.orchestra.run.smithi173.stdout:/usr/bin/ceph: stderr
2024-05-15T13:26:40.201+0000 7f363a7fc700 1 --2- 172.21.15.173:0/835103110 >> [v2:172.21.15.173:6800/2970666094,v1:172.21.15.173:6801/2970666094] conn(0x7f363003e470 0x7f3630040930 unknown :-1 s=NONE pgs=0 cs=0 l=1 rev1=0 crypto rx=0 tx=0 comp rx=0 tx=0).connect
2024-05-15T13:26:46.569 INFO:teuthology.orchestra.run.smithi173.stdout:/usr/bin/ceph: stderr
2024-05-15T13:26:40.201+0000 7f363a7fc700 1 -- 172.21.15.173:0/835103110 --> [v2:172.21.15.173:6800/2970666094,v1:172.21.15.173:6801/2970666094] -- command(tid 0: {"prefix": "get_command_descriptions"}) -- 0x7f3630041040 con 0x7f363003e470
2024-05-15T13:26:46.569 INFO:teuthology.orchestra.run.smithi173.stdout:/usr/bin/ceph: stderr
2024-05-15T13:26:40.201+0000 7f363a7fc700 1 -- 172.21.15.173:0/835103110 <== mon.0 v2:172.21.15.173:3300/0 5 ==== osd_map(1..1 src has 1..1) ==== 725+0+0 (secure 0 0 0) 0x7f36340535a0 con 0x7f364407d730
2024-05-15T13:26:46.569 INFO:teuthology.orchestra.run.smithi173.stdout:/usr/bin/ceph: stderr
2024-05-15T13:26:40.201+0000 7f3648975700 1 -- 172.21.15.173:0/835103110 >> [v2:172.21.15.173:6800/2970666094,v1:172.21.15.173:6801/2970666094] conn(0x7f363003e470 msgr2=0x7f3630040930 unknown :-1 s=STATE_CONNECTING_RE l=1).process reconnect failed to v2:172.21.15.173:6800/2970666094
2024-05-15T13:26:46.569 INFO:teuthology.orchestra.run.smithi173.stdout:/usr/bin/ceph: stderr
2024-05-15T13:26:40.201+0000 7f3648975700 1 --2- 172.21.15.173:0/835103110 >> [v2:172.21.15.173:6800/2970666094,v1:172.21.15.173:6801/2970666094] conn(0x7f363003e470 0x7f3630040930 unknown :-1 s=START_CONNECT pgs=0 cs=0 l=1 rev1=0 crypto rx=0 tx=0 comp rx=0 tx=0)._fault waiting 0.200000
2024-05-15T13:26:46.570 INFO:teuthology.orchestra.run.smithi173.stdout:/usr/bin/ceph: stderr
2024-05-15T13:26:40.402+0000 7f3648975700 1 -- 172.21.15.173:0/835103110 >> [v2:172.21.15.173:6800/2970666094,v1:172.21.15.173:6801/2970666094] conn(0x7f363003e470 msgr2=0x7f3630040930 unknown :-1 s=STATE_CONNECTING_RE l=1).process reconnect failed to v2:172.21.15.173:6800/2970666094
2024-05-15T13:26:46.570 INFO:teuthology.orchestra.run.smithi173.stdout:/usr/bin/ceph: stderr
2024-05-15T13:26:40.402+0000 7f3648975700 1 --2- 172.21.15.173:0/835103110 >> [v2:172.21.15.173:6800/2970666094,v1:172.21.15.173:6801/2970666094] conn(0x7f363003e470 0x7f3630040930 unknown :-1 s=START_CONNECT pgs=0 cs=0 l=1 rev1=0 crypto rx=0 tx=0 comp rx=0 tx=0)._fault waiting 0.400000
2024-05-15T13:26:46.570 INFO:teuthology.orchestra.run.smithi173.stdout:/usr/bin/ceph: stderr
2024-05-15T13:26:40.803+0000 7f3648975700 1 -- 172.21.15.173:0/835103110 >> [v2:172.21.15.173:6800/2970666094,v1:172.21.15.173:6801/2970666094] conn(0x7f363003e470 msgr2=0x7f3630040930 unknown :-1 s=STATE_CONNECTING_RE l=1).process reconnect failed to v2:172.21.15.173:6800/2970666094
2024-05-15T13:26:46.570 INFO:teuthology.orchestra.run.smithi173.stdout:/usr/bin/ceph: stderr
2024-05-15T13:26:40.803+0000 7f3648975700 1 --2- 172.21.15.173:0/835103110 >> [v2:172.21.15.173:6800/2970666094,v1:172.21.15.173:6801/2970666094] conn(0x7f363003e470 0x7f3630040930 unknown :-1 s=START_CONNECT pgs=0 cs=0 l=1 rev1=0 crypto rx=0 tx=0 comp rx=0 tx=0)._fault waiting 0.800000
2024-05-15T13:26:46.570 INFO:teuthology.orchestra.run.smithi173.stdout:/usr/bin/ceph: stderr
2024-05-15T13:26:41.604+0000 7f3648975700 1 -- 172.21.15.173:0/835103110 >> [v2:172.21.15.173:6800/2970666094,v1:172.21.15.173:6801/2970666094] conn(0x7f363003e470 msgr2=0x7f3630040930 unknown :-1 s=STATE_CONNECTING_RE l=1).process reconnect failed to v2:172.21.15.173:6800/2970666094
2024-05-15T13:26:46.570 INFO:teuthology.orchestra.run.smithi173.stdout:/usr/bin/ceph: stderr
2024-05-15T13:26:41.604+0000 7f3648975700 1 --2- 172.21.15.173:0/835103110 >> [v2:172.21.15.173:6800/2970666094,v1:172.21.15.173:6801/2970666094] conn(0x7f363003e470 0x7f3630040930 unknown :-1 s=START_CONNECT pgs=0 cs=0 l=1 rev1=0 crypto rx=0 tx=0 comp rx=0 tx=0)._fault waiting 1.600000
2024-05-15T13:26:46.570 INFO:teuthology.orchestra.run.smithi173.stdout:/usr/bin/ceph: stderr
2024-05-15T13:26:43.205+0000 7f3648975700 1 -- 172.21.15.173:0/835103110 >> [v2:172.21.15.173:6800/2970666094,v1:172.21.15.173:6801/2970666094] conn(0x7f363003e470 msgr2=0x7f3630040930 unknown :-1 s=STATE_CONNECTING_RE l=1).process reconnect failed to v2:172.21.15.173:6800/2970666094
2024-05-15T13:26:46.570 INFO:teuthology.orchestra.run.smithi173.stdout:/usr/bin/ceph: stderr
2024-05-15T13:26:43.205+0000 7f3648975700 1 --2- 172.21.15.173:0/835103110 >> [v2:172.21.15.173:6800/2970666094,v1:172.21.15.173:6801/2970666094] conn(0x7f363003e470 0x7f3630040930 unknown :-1 s=START_CONNECT pgs=0 cs=0 l=1 rev1=0 crypto rx=0 tx=0 comp rx=0 tx=0)._fault waiting 3.200000
2024-05-15T13:26:46.570 INFO:teuthology.orchestra.run.smithi173.stdout:/usr/bin/ceph: stderr
2024-05-15T13:26:44.966+0000 7f363a7fc700 1 -- 172.21.15.173:0/835103110 <== mon.0 v2:172.21.15.173:3300/0 6 ==== mgrmap(e 6) ==== 49989+0+0 (secure 0 0 0) 0x7f363402d530 con 0x7f364407d730
2024-05-15T13:26:46.570 INFO:teuthology.orchestra.run.smithi173.stdout:/usr/bin/ceph: stderr
2024-05-15T13:26:44.966+0000 7f363a7fc700 1 -- 172.21.15.173:0/835103110 >> [v2:172.21.15.173:6800/2970666094,v1:172.21.15.173:6801/2970666094] conn(0x7f363003e470 msgr2=0x7f3630040930 unknown :-1 s=STATE_CONNECTING l=1).mark_down
2024-05-15T13:26:46.570 INFO:teuthology.orchestra.run.smithi173.stdout:/usr/bin/ceph: stderr
2024-05-15T13:26:44.966+0000 7f363a7fc700 1 --2- 172.21.15.173:0/835103110 >> [v2:172.21.15.173:6800/2970666094,v1:172.21.15.173:6801/2970666094] conn(0x7f363003e470 0x7f3630040930 unknown :-1 s=START_CONNECT pgs=0 cs=0 l=1 rev1=0 crypto rx=0 tx=0 comp rx=0 tx=0).stop
2024-05-15T13:26:46.570 INFO:teuthology.orchestra.run.smithi173.stdout:/usr/bin/ceph: stderr
2024-05-15T13:26:45.967+0000 7f363a7fc700 1 -- 172.21.15.173:0/835103110 <== mon.0 v2:172.21.15.173:3300/0 7 ==== mgrmap(e 7) ==== 50116+0+0 (secure 0 0 0) 0x7f3634055270 con 0x7f364407d730
2024-05-15T13:26:46.570 INFO:teuthology.orchestra.run.smithi173.stdout:/usr/bin/ceph: stderr
2024-05-15T13:26:45.967+0000 7f363a7fc700 1 --2- 172.21.15.173:0/835103110 >> [v2:172.21.15.173:6800/471825298,v1:172.21.15.173:6801/471825298] conn(0x7f3630041d60 0x7f3630044150 unknown :-1 s=NONE pgs=0 cs=0 l=1 rev1=0 crypto rx=0 tx=0 comp rx=0 tx=0).connect
2024-05-15T13:26:46.570 INFO:teuthology.orchestra.run.smithi173.stdout:/usr/bin/ceph: stderr
2024-05-15T13:26:45.967+0000 7f363a7fc700 1 -- 172.21.15.173:0/835103110 --> [v2:172.21.15.173:6800/471825298,v1:172.21.15.173:6801/471825298] -- command(tid 0: {"prefix": "get_command_descriptions"}) -- 0x7f3630041040 con 0x7f3630041d60
2024-05-15T13:26:46.570 INFO:teuthology.orchestra.run.smithi173.stdout:/usr/bin/ceph: stderr
2024-05-15T13:26:45.968+0000 7f3648975700 1 --2- 172.21.15.173:0/835103110 >> [v2:172.21.15.173:6800/471825298,v1:172.21.15.173:6801/471825298] conn(0x7f3630041d60 0x7f3630044150 unknown :-1 s=BANNER_CONNECTING pgs=0 cs=0 l=1 rev1=0 crypto rx=0 tx=0 comp rx=0 tx=0)._handle_peer_banner_payload supported=3 required=0
2024-05-15T13:26:46.571 INFO:teuthology.orchestra.run.smithi173.stdout:/usr/bin/ceph: stderr
2024-05-15T13:26:45.968+0000 7f3648975700 1 --2- 172.21.15.173:0/835103110 >> [v2:172.21.15.173:6800/471825298,v1:172.21.15.173:6801/471825298] conn(0x7f3630041d60 0x7f3630044150 secure :-1 s=READY pgs=1 cs=0 l=1 rev1=1 crypto rx=0x7f3640003a10 tx=0x7f3640009290 comp rx=0 tx=0).ready entity=mgr.14120 client_cookie=0 server_cookie=0 in_seq=0 out_seq=0
2024-05-15T13:26:46.571 INFO:teuthology.orchestra.run.smithi173.stdout:/usr/bin/ceph: stderr
2024-05-15T13:26:45.969+0000 7f363a7fc700 1 -- 172.21.15.173:0/835103110 <== mgr.14120 v2:172.21.15.173:6800/471825298 1 ==== command_reply(tid 0: 0 ) ==== 8+0+9564 (secure 0 0 0) 0x7f3630041040 con 0x7f3630041d60
2024-05-15T13:26:46.571 INFO:teuthology.orchestra.run.smithi173.stdout:/usr/bin/ceph: stderr
2024-05-15T13:26:45.977+0000 7f364b3da700 1 -- 172.21.15.173:0/835103110 --> [v2:172.21.15.173:6800/471825298,v1:172.21.15.173:6801/471825298] -- command(tid 1: {"prefix": "mgr_status"}) -- 0x7f3644064ba0 con 0x7f3630041d60
2024-05-15T13:26:46.571 INFO:teuthology.orchestra.run.smithi173.stdout:/usr/bin/ceph: stderr
2024-05-15T13:26:45.977+0000 7f363a7fc700 1 -- 172.21.15.173:0/835103110 <== mgr.14120 v2:172.21.15.173:6800/471825298 2 ==== command_reply(tid 1: 0 ) ==== 8+0+51 (secure 0 0 0) 0x7f3644064ba0 con 0x7f3630041d60
2024-05-15T13:26:46.571 INFO:teuthology.orchestra.run.smithi173.stdout:/usr/bin/ceph: stderr
2024-05-15T13:26:45.978+0000 7f364b3da700 1 -- 172.21.15.173:0/835103110 >> [v2:172.21.15.173:6800/471825298,v1:172.21.15.173:6801/471825298] conn(0x7f3630041d60 msgr2=0x7f3630044150 secure :-1 s=STATE_CONNECTION_ESTABLISHED l=1).mark_down
2024-05-15T13:26:46.571 INFO:teuthology.orchestra.run.smithi173.stdout:/usr/bin/ceph: stderr
2024-05-15T13:26:45.978+0000 7f364b3da700 1 --2- 172.21.15.173:0/835103110 >> [v2:172.21.15.173:6800/471825298,v1:172.21.15.173:6801/471825298] conn(0x7f3630041d60 0x7f3630044150 secure :-1 s=READY pgs=1 cs=0 l=1 rev1=1 crypto rx=0x7f3640003a10 tx=0x7f3640009290 comp rx=0 tx=0).stop
2024-05-15T13:26:46.571 INFO:teuthology.orchestra.run.smithi173.stdout:/usr/bin/ceph: stderr
2024-05-15T13:26:45.978+0000 7f364b3da700 1 -- 172.21.15.173:0/835103110 >> [v2:172.21.15.173:3300/0,v1:172.21.15.173:6789/0] conn(0x7f364407d730 msgr2=0x7f364419e390 secure :-1 s=STATE_CONNECTION_ESTABLISHED l=1).mark_down
2024-05-15T13:26:46.571 INFO:teuthology.orchestra.run.smithi173.stdout:/usr/bin/ceph: stderr
2024-05-15T13:26:45.978+0000 7f364b3da700 1 --2- 172.21.15.173:0/835103110 >> [v2:172.21.15.173:3300/0,v1:172.21.15.173:6789/0] conn(0x7f364407d730 0x7f364419e390 secure :-1 s=READY pgs=29 cs=0 l=1 rev1=1 crypto rx=0x7f36340119b0 tx=0x7f3634011a90 comp rx=0 tx=0).stop
2024-05-15T13:26:46.571 INFO:teuthology.orchestra.run.smithi173.stdout:/usr/bin/ceph: stderr
2024-05-15T13:26:45.978+0000 7f364b3da700 1 -- 172.21.15.173:0/835103110 shutdown_connections
2024-05-15T13:26:46.571 INFO:teuthology.orchestra.run.smithi173.stdout:/usr/bin/ceph: stderr
2024-05-15T13:26:45.978+0000 7f364b3da700 1 --2- 172.21.15.173:0/835103110 >> [v2:172.21.15.173:6800/471825298,v1:172.21.15.173:6801/471825298] conn(0x7f3630041d60 0x7f3630044150 unknown :-1 s=CLOSED pgs=1 cs=0 l=1 rev1=1 crypto rx=0 tx=0 comp rx=0 tx=0).stop
2024-05-15T13:26:46.571 INFO:teuthology.orchestra.run.smithi173.stdout:/usr/bin/ceph: stderr
2024-05-15T13:26:45.978+0000 7f364b3da700 1 --2- 172.21.15.173:0/835103110 >> [v2:172.21.15.173:3300/0,v1:172.21.15.173:6789/0] conn(0x7f364407d730 0x7f364419e390 unknown :-1 s=CLOSED pgs=29 cs=0 l=1 rev1=1 crypto rx=0 tx=0 comp rx=0 tx=0).stop
2024-05-15T13:26:46.571 INFO:teuthology.orchestra.run.smithi173.stdout:/usr/bin/ceph: stderr
2024-05-15T13:26:45.978+0000 7f364b3da700 1 --2- 172.21.15.173:0/835103110 >> [v2:172.21.15.173:6800/2970666094,v1:172.21.15.173:6801/2970666094] conn(0x7f363003e470 0x7f3630040930 unknown :-1 s=CLOSED pgs=0 cs=0 l=1 rev1=0 crypto rx=0 tx=0 comp rx=0 tx=0).stop
2024-05-15T13:26:46.571 INFO:teuthology.orchestra.run.smithi173.stdout:/usr/bin/ceph: stderr
2024-05-15T13:26:45.978+0000 7f364b3da700 1 -- 172.21.15.173:0/835103110 >> 172.21.15.173:0/835103110 conn(0x7f36441038f0 msgr2=0x7f3644104340 unknown :-1 s=STATE_NONE l=0).mark_down
2024-05-15T13:26:46.571 INFO:teuthology.orchestra.run.smithi173.stdout:/usr/bin/ceph: stderr
2024-05-15T13:26:45.978+0000 7f364b3da700 1 -- 172.21.15.173:0/835103110 shutdown_connections
2024-05-15T13:26:46.572 INFO:teuthology.orchestra.run.smithi173.stdout:/usr/bin/ceph: stderr
2024-05-15T13:26:45.978+0000 7f364b3da700 1 -- 172.21.15.173:0/835103110 wait complete.
2024-05-15T13:26:46.572 INFO:teuthology.orchestra.run.smithi173.stdout:mgr epoch 5 is available
2024-05-15T13:26:46.572 INFO:teuthology.orchestra.run.smithi173.stdout:Setting orchestrator backend to cephadm...
2024-05-15T13:26:47.192 INFO:journalctl@ceph.mon.a.smithi173.stdout:May 15 13:26:47 smithi173 ceph-mon[28863]: from='client.14124 -' entity='client.admin' cmd=[{"prefix": "get_command_descriptions"}]: dispatch
2024-05-15T13:26:47.192 INFO:journalctl@ceph.mon.a.smithi173.stdout:May 15 13:26:47 smithi173 ceph-mon[28863]: from='client.14124 -' entity='client.admin' cmd=[{"prefix": "mgr_status"}]: dispatch
2024-05-15T13:26:47.797 INFO:teuthology.orchestra.run.smithi173.stdout:/usr/bin/ceph: stderr
2024-05-15T13:26:46.966+0000 7f92d2b86700 1 Processor -- start
2024-05-15T13:26:47.797 INFO:teuthology.orchestra.run.smithi173.stdout:/usr/bin/ceph: stderr
2024-05-15T13:26:46.966+0000 7f92d2b86700 1 -- start start
2024-05-15T13:26:47.797 INFO:teuthology.orchestra.run.smithi173.stdout:/usr/bin/ceph: stderr
2024-05-15T13:26:46.966+0000 7f92d2b86700 1 --2- >> [v2:172.21.15.173:3300/0,v1:172.21.15.173:6789/0] conn(0x7f92cc106660 0x7f92cc106a80 unknown :-1 s=NONE pgs=0 cs=0 l=0 rev1=0 crypto rx=0 tx=0 comp rx=0 tx=0).connect
2024-05-15T13:26:47.797 INFO:teuthology.orchestra.run.smithi173.stdout:/usr/bin/ceph: stderr
2024-05-15T13:26:46.966+0000 7f92d2b86700 1 -- --> [v2:172.21.15.173:3300/0,v1:172.21.15.173:6789/0] -- mon_getmap magic: 0 -- 0x7f92cc107050 con 0x7f92cc106660
2024-05-15T13:26:47.797 INFO:teuthology.orchestra.run.smithi173.stdout:/usr/bin/ceph: stderr
2024-05-15T13:26:46.966+0000 7f92d0922700 1 --2- >> [v2:172.21.15.173:3300/0,v1:172.21.15.173:6789/0] conn(0x7f92cc106660 0x7f92cc106a80 unknown :-1 s=BANNER_CONNECTING pgs=0 cs=0 l=0 rev1=0 crypto rx=0 tx=0 comp rx=0 tx=0)._handle_peer_banner_payload supported=3 required=0
2024-05-15T13:26:47.797 INFO:teuthology.orchestra.run.smithi173.stdout:/usr/bin/ceph: stderr
2024-05-15T13:26:46.966+0000 7f92d0922700 1 --2- >> [v2:172.21.15.173:3300/0,v1:172.21.15.173:6789/0] conn(0x7f92cc106660 0x7f92cc106a80 unknown :-1 s=HELLO_CONNECTING pgs=0 cs=0 l=0 rev1=1 crypto rx=0 tx=0 comp rx=0 tx=0).handle_hello peer v2:172.21.15.173:3300/0 says I am v2:172.21.15.173:41622/0 (socket says 172.21.15.173:41622)
2024-05-15T13:26:47.797 INFO:teuthology.orchestra.run.smithi173.stdout:/usr/bin/ceph: stderr
2024-05-15T13:26:46.966+0000 7f92d0922700 1 -- 172.21.15.173:0/1565586811 learned_addr learned my addr 172.21.15.173:0/1565586811 (peer_addr_for_me v2:172.21.15.173:0/0)
2024-05-15T13:26:47.798 INFO:teuthology.orchestra.run.smithi173.stdout:/usr/bin/ceph: stderr
2024-05-15T13:26:46.966+0000 7f92d0922700 1 -- 172.21.15.173:0/1565586811 --> [v2:172.21.15.173:3300/0,v1:172.21.15.173:6789/0] -- mon_subscribe({config=0+,monmap=0+}) -- 0x7f92cc109690 con 0x7f92cc106660
2024-05-15T13:26:47.798 INFO:teuthology.orchestra.run.smithi173.stdout:/usr/bin/ceph: stderr
2024-05-15T13:26:46.967+0000 7f92d0922700 1 --2- 172.21.15.173:0/1565586811 >> [v2:172.21.15.173:3300/0,v1:172.21.15.173:6789/0] conn(0x7f92cc106660 0x7f92cc106a80 secure :-1 s=READY pgs=37 cs=0 l=1 rev1=1 crypto rx=0x7f92c00098a0 tx=0x7f92c0009bb0 comp rx=0 tx=0).ready entity=mon.0 client_cookie=88566b3d21dd8e06 server_cookie=0 in_seq=0 out_seq=0
2024-05-15T13:26:47.798 INFO:teuthology.orchestra.run.smithi173.stdout:/usr/bin/ceph: stderr
2024-05-15T13:26:46.967+0000 7f92cb7fe700 1 -- 172.21.15.173:0/1565586811 <== mon.0 v2:172.21.15.173:3300/0 1 ==== mon_map magic: 0 ==== 205+0+0 (secure 0 0 0) 0x7f92c0004160 con 0x7f92cc106660
2024-05-15T13:26:47.798 INFO:teuthology.orchestra.run.smithi173.stdout:/usr/bin/ceph: stderr
2024-05-15T13:26:46.967+0000 7f92cb7fe700 1 -- 172.21.15.173:0/1565586811 <== mon.0 v2:172.21.15.173:3300/0 2 ==== config(25 keys) ==== 1032+0+0 (secure 0 0 0) 0x7f92c0004300 con 0x7f92cc106660
2024-05-15T13:26:47.798 INFO:teuthology.orchestra.run.smithi173.stdout:/usr/bin/ceph: stderr
2024-05-15T13:26:46.967+0000 7f92cb7fe700 1 -- 172.21.15.173:0/1565586811 <== mon.0 v2:172.21.15.173:3300/0 3 ==== mon_map magic: 0 ==== 205+0+0 (secure 0 0 0) 0x7f92c00119e0 con 0x7f92cc106660
2024-05-15T13:26:47.798 INFO:teuthology.orchestra.run.smithi173.stdout:/usr/bin/ceph: stderr
2024-05-15T13:26:46.967+0000 7f92d2b86700 1 -- 172.21.15.173:0/1565586811 >> [v2:172.21.15.173:3300/0,v1:172.21.15.173:6789/0] conn(0x7f92cc106660 msgr2=0x7f92cc106a80 secure :-1 s=STATE_CONNECTION_ESTABLISHED l=1).mark_down
2024-05-15T13:26:47.798 INFO:teuthology.orchestra.run.smithi173.stdout:/usr/bin/ceph: stderr
2024-05-15T13:26:46.967+0000 7f92d2b86700 1 --2- 172.21.15.173:0/1565586811 >> [v2:172.21.15.173:3300/0,v1:172.21.15.173:6789/0] conn(0x7f92cc106660 0x7f92cc106a80 secure :-1 s=READY pgs=37 cs=0 l=1 rev1=1 crypto rx=0x7f92c00098a0 tx=0x7f92c0009bb0 comp rx=0 tx=0).stop
2024-05-15T13:26:47.798 INFO:teuthology.orchestra.run.smithi173.stdout:/usr/bin/ceph: stderr
2024-05-15T13:26:46.967+0000 7f92d2b86700 1 -- 172.21.15.173:0/1565586811 shutdown_connections
2024-05-15T13:26:47.798 INFO:teuthology.orchestra.run.smithi173.stdout:/usr/bin/ceph: stderr
2024-05-15T13:26:46.967+0000 7f92d2b86700 1 --2- 172.21.15.173:0/1565586811 >> [v2:172.21.15.173:3300/0,v1:172.21.15.173:6789/0] conn(0x7f92cc106660 0x7f92cc106a80 unknown :-1 s=CLOSED pgs=37 cs=0 l=1 rev1=1 crypto rx=0 tx=0 comp rx=0 tx=0).stop
2024-05-15T13:26:47.798 INFO:teuthology.orchestra.run.smithi173.stdout:/usr/bin/ceph: stderr
2024-05-15T13:26:46.967+0000 7f92d2b86700 1 -- 172.21.15.173:0/1565586811 >> 172.21.15.173:0/1565586811 conn(0x7f92cc102030 msgr2=0x7f92cc104450 unknown :-1 s=STATE_NONE l=0).mark_down
2024-05-15T13:26:47.798 INFO:teuthology.orchestra.run.smithi173.stdout:/usr/bin/ceph: stderr
2024-05-15T13:26:46.967+0000 7f92d2b86700 1 -- 172.21.15.173:0/1565586811 shutdown_connections
2024-05-15T13:26:47.798 INFO:teuthology.orchestra.run.smithi173.stdout:/usr/bin/ceph: stderr
2024-05-15T13:26:46.967+0000 7f92d2b86700 1 -- 172.21.15.173:0/1565586811 wait complete.
2024-05-15T13:26:47.798 INFO:teuthology.orchestra.run.smithi173.stdout:/usr/bin/ceph: stderr
2024-05-15T13:26:46.968+0000 7f92d2b86700 1 Processor -- start
2024-05-15T13:26:47.798 INFO:teuthology.orchestra.run.smithi173.stdout:/usr/bin/ceph: stderr
2024-05-15T13:26:46.968+0000 7f92d2b86700 1 -- start start
2024-05-15T13:26:47.798 INFO:teuthology.orchestra.run.smithi173.stdout:/usr/bin/ceph: stderr
2024-05-15T13:26:46.968+0000 7f92d2b86700 1 --2- >> [v2:172.21.15.173:3300/0,v1:172.21.15.173:6789/0] conn(0x7f92cc106660 0x7f92cc19c200 unknown :-1 s=NONE pgs=0 cs=0 l=1 rev1=0 crypto rx=0 tx=0 comp rx=0 tx=0).connect
2024-05-15T13:26:47.798 INFO:teuthology.orchestra.run.smithi173.stdout:/usr/bin/ceph: stderr
2024-05-15T13:26:46.968+0000 7f92d2b86700 1 -- --> [v2:172.21.15.173:3300/0,v1:172.21.15.173:6789/0] -- mon_getmap magic: 0 -- 0x7f92cc1071d0 con 0x7f92cc106660
2024-05-15T13:26:47.799 INFO:teuthology.orchestra.run.smithi173.stdout:/usr/bin/ceph: stderr
2024-05-15T13:26:46.968+0000 7f92d0922700 1 --2- >> [v2:172.21.15.173:3300/0,v1:172.21.15.173:6789/0] conn(0x7f92cc106660 0x7f92cc19c200 unknown :-1 s=BANNER_CONNECTING pgs=0 cs=0 l=1 rev1=0 crypto rx=0 tx=0 comp rx=0 tx=0)._handle_peer_banner_payload supported=3 required=0
2024-05-15T13:26:47.799 INFO:teuthology.orchestra.run.smithi173.stdout:/usr/bin/ceph: stderr
2024-05-15T13:26:46.968+0000 7f92d0922700 1 --2- >> [v2:172.21.15.173:3300/0,v1:172.21.15.173:6789/0] conn(0x7f92cc106660 0x7f92cc19c200 unknown :-1 s=HELLO_CONNECTING pgs=0 cs=0 l=1 rev1=1 crypto rx=0 tx=0 comp rx=0 tx=0).handle_hello peer v2:172.21.15.173:3300/0 says I am v2:172.21.15.173:41638/0 (socket says 172.21.15.173:41638)
2024-05-15T13:26:47.799 INFO:teuthology.orchestra.run.smithi173.stdout:/usr/bin/ceph: stderr
2024-05-15T13:26:46.968+0000 7f92d0922700 1 -- 172.21.15.173:0/941222865 learned_addr learned my addr 172.21.15.173:0/941222865 (peer_addr_for_me v2:172.21.15.173:0/0)
2024-05-15T13:26:47.799 INFO:teuthology.orchestra.run.smithi173.stdout:/usr/bin/ceph: stderr
2024-05-15T13:26:46.968+0000 7f92d0922700 1 -- 172.21.15.173:0/941222865 --> [v2:172.21.15.173:3300/0,v1:172.21.15.173:6789/0] -- mon_subscribe({config=0+,monmap=0+}) -- 0x7f92cc19c740 con 0x7f92cc106660
2024-05-15T13:26:47.799 INFO:teuthology.orchestra.run.smithi173.stdout:/usr/bin/ceph: stderr
2024-05-15T13:26:46.969+0000 7f92d0922700 1 --2- 172.21.15.173:0/941222865 >> [v2:172.21.15.173:3300/0,v1:172.21.15.173:6789/0] conn(0x7f92cc106660 0x7f92cc19c200 secure :-1 s=READY pgs=38 cs=0 l=1 rev1=1 crypto rx=0x7f92c00119b0 tx=0x7f92c0011a90 comp rx=0 tx=0).ready entity=mon.0 client_cookie=0 server_cookie=0 in_seq=0 out_seq=0
2024-05-15T13:26:47.799 INFO:teuthology.orchestra.run.smithi173.stdout:/usr/bin/ceph: stderr
2024-05-15T13:26:46.969+0000 7f92c9ffb700 1 -- 172.21.15.173:0/941222865 <== mon.0 v2:172.21.15.173:3300/0 1 ==== mon_map magic: 0 ==== 205+0+0 (secure 0 0 0) 0x7f92c0003b70 con 0x7f92cc106660
2024-05-15T13:26:47.799 INFO:teuthology.orchestra.run.smithi173.stdout:/usr/bin/ceph: stderr
2024-05-15T13:26:46.969+0000 7f92c9ffb700 1 -- 172.21.15.173:0/941222865 <== mon.0 v2:172.21.15.173:3300/0 2 ==== config(25 keys) ==== 1032+0+0 (secure 0 0 0) 0x7f92c001a8a0 con 0x7f92cc106660
2024-05-15T13:26:47.799 INFO:teuthology.orchestra.run.smithi173.stdout:/usr/bin/ceph: stderr
2024-05-15T13:26:46.969+0000 7f92d2b86700 1 -- 172.21.15.173:0/941222865 --> [v2:172.21.15.173:3300/0,v1:172.21.15.173:6789/0] -- mon_subscribe({mgrmap=0+}) -- 0x7f92cc19c9d0 con 0x7f92cc106660
2024-05-15T13:26:47.799 INFO:teuthology.orchestra.run.smithi173.stdout:/usr/bin/ceph: stderr
2024-05-15T13:26:46.969+0000 7f92c9ffb700 1 -- 172.21.15.173:0/941222865 <== mon.0 v2:172.21.15.173:3300/0 3 ==== mon_map magic: 0 ==== 205+0+0 (secure 0 0 0) 0x7f92c0024830 con 0x7f92cc106660
2024-05-15T13:26:47.799 INFO:teuthology.orchestra.run.smithi173.stdout:/usr/bin/ceph: stderr
2024-05-15T13:26:46.969+0000 7f92d2b86700 1 -- 172.21.15.173:0/941222865 --> [v2:172.21.15.173:3300/0,v1:172.21.15.173:6789/0] -- mon_subscribe({osdmap=0}) -- 0x7f92cc19f6c0 con 0x7f92cc106660
2024-05-15T13:26:47.799 INFO:teuthology.orchestra.run.smithi173.stdout:/usr/bin/ceph: stderr
2024-05-15T13:26:46.970+0000 7f92c9ffb700 1 -- 172.21.15.173:0/941222865 <== mon.0 v2:172.21.15.173:3300/0 4 ==== mgrmap(e 7) ==== 50116+0+0 (secure 0 0 0) 0x7f92c0022020 con 0x7f92cc106660
2024-05-15T13:26:47.799 INFO:teuthology.orchestra.run.smithi173.stdout:/usr/bin/ceph: stderr
2024-05-15T13:26:46.970+0000 7f92d2b86700 1 -- 172.21.15.173:0/941222865 --> [v2:172.21.15.173:3300/0,v1:172.21.15.173:6789/0] -- mon_command({"prefix": "get_command_descriptions"} v 0) -- 0x7f92cc064ba0 con 0x7f92cc106660
2024-05-15T13:26:47.799 INFO:teuthology.orchestra.run.smithi173.stdout:/usr/bin/ceph: stderr
2024-05-15T13:26:46.970+0000 7f92c9ffb700 1 --2- 172.21.15.173:0/941222865 >> [v2:172.21.15.173:6800/471825298,v1:172.21.15.173:6801/471825298] conn(0x7f92bc03e360 0x7f92bc040820 unknown :-1 s=NONE pgs=0 cs=0 l=1 rev1=0 crypto rx=0 tx=0 comp rx=0 tx=0).connect
2024-05-15T13:26:47.799 INFO:teuthology.orchestra.run.smithi173.stdout:/usr/bin/ceph: stderr
2024-05-15T13:26:46.970+0000 7f92c9ffb700 1 -- 172.21.15.173:0/941222865 <== mon.0 v2:172.21.15.173:3300/0 5 ==== osd_map(2..2 src has 1..2) ==== 940+0+0 (secure 0 0 0) 0x7f92c0053820 con 0x7f92cc106660
2024-05-15T13:26:47.799 INFO:teuthology.orchestra.run.smithi173.stdout:/usr/bin/ceph: stderr
2024-05-15T13:26:46.970+0000 7f92cbfff700 1 --2- 172.21.15.173:0/941222865 >> [v2:172.21.15.173:6800/471825298,v1:172.21.15.173:6801/471825298] conn(0x7f92bc03e360 0x7f92bc040820 unknown :-1 s=BANNER_CONNECTING pgs=0 cs=0 l=1 rev1=0 crypto rx=0 tx=0 comp rx=0 tx=0)._handle_peer_banner_payload supported=3 required=0
2024-05-15T13:26:47.799 INFO:teuthology.orchestra.run.smithi173.stdout:/usr/bin/ceph: stderr
2024-05-15T13:26:46.971+0000 7f92cbfff700 1 --2- 172.21.15.173:0/941222865 >> [v2:172.21.15.173:6800/471825298,v1:172.21.15.173:6801/471825298] conn(0x7f92bc03e360 0x7f92bc040820 secure :-1 s=READY pgs=7 cs=0 l=1 rev1=1 crypto rx=0x7f92b8006fd0 tx=0x7f92b8006e40 comp rx=0 tx=0).ready entity=mgr.14120 client_cookie=0 server_cookie=0 in_seq=0 out_seq=0
2024-05-15T13:26:47.800 INFO:teuthology.orchestra.run.smithi173.stdout:/usr/bin/ceph: stderr
2024-05-15T13:26:46.975+0000 7f92c9ffb700 1 -- 172.21.15.173:0/941222865 <== mon.0 v2:172.21.15.173:3300/0 6 ==== mon_command_ack([{"prefix": "get_command_descriptions"}]=0 v0) ==== 72+0+191963 (secure 0 0 0) 0x7f92c00212c0 con 0x7f92cc106660
2024-05-15T13:26:47.800 INFO:teuthology.orchestra.run.smithi173.stdout:/usr/bin/ceph: stderr
2024-05-15T13:26:47.020+0000 7f92c9ffb700 1 -- 172.21.15.173:0/941222865 <== mon.0 v2:172.21.15.173:3300/0 7 ==== mgrmap(e 8) ==== 50222+0+0 (secure 0 0 0) 0x7f92c000f2e0 con 0x7f92cc106660
2024-05-15T13:26:47.800 INFO:teuthology.orchestra.run.smithi173.stdout:/usr/bin/ceph: stderr
2024-05-15T13:26:47.194+0000 7f92d2b86700 1 -- 172.21.15.173:0/941222865 --> [v2:172.21.15.173:6800/471825298,v1:172.21.15.173:6801/471825298] -- mgr_command(tid 0: {"prefix": "orch set backend", "module_name": "cephadm", "target": ["mon-mgr", ""]}) -- 0x7f92cc1031e0 con 0x7f92bc03e360
2024-05-15T13:26:47.800 INFO:teuthology.orchestra.run.smithi173.stdout:/usr/bin/ceph: stderr
2024-05-15T13:26:47.199+0000 7f92c9ffb700 1 -- 172.21.15.173:0/941222865 <== mgr.14120 v2:172.21.15.173:6800/471825298 1 ==== mgr_command_reply(tid 0: 0 ) ==== 8+0+0 (secure 0 0 0) 0x7f92cc1031e0 con 0x7f92bc03e360
2024-05-15T13:26:47.800 INFO:teuthology.orchestra.run.smithi173.stdout:/usr/bin/ceph: stderr
2024-05-15T13:26:47.201+0000 7f92d2b86700 1 -- 172.21.15.173:0/941222865 >> [v2:172.21.15.173:6800/471825298,v1:172.21.15.173:6801/471825298] conn(0x7f92bc03e360 msgr2=0x7f92bc040820 secure :-1 s=STATE_CONNECTION_ESTABLISHED l=1).mark_down
2024-05-15T13:26:47.800 INFO:teuthology.orchestra.run.smithi173.stdout:/usr/bin/ceph: stderr
2024-05-15T13:26:47.201+0000 7f92d2b86700 1 --2- 172.21.15.173:0/941222865 >> [v2:172.21.15.173:6800/471825298,v1:172.21.15.173:6801/471825298] conn(0x7f92bc03e360 0x7f92bc040820 secure :-1 s=READY pgs=7 cs=0 l=1 rev1=1 crypto rx=0x7f92b8006fd0 tx=0x7f92b8006e40 comp rx=0 tx=0).stop
2024-05-15T13:26:47.800 INFO:teuthology.orchestra.run.smithi173.stdout:/usr/bin/ceph: stderr
2024-05-15T13:26:47.201+0000 7f92d2b86700 1 -- 172.21.15.173:0/941222865 >> [v2:172.21.15.173:3300/0,v1:172.21.15.173:6789/0] conn(0x7f92cc106660 msgr2=0x7f92cc19c200 secure :-1 s=STATE_CONNECTION_ESTABLISHED l=1).mark_down
2024-05-15T13:26:47.800 INFO:teuthology.orchestra.run.smithi173.stdout:/usr/bin/ceph: stderr
2024-05-15T13:26:47.201+0000 7f92d2b86700 1 --2- 172.21.15.173:0/941222865 >> [v2:172.21.15.173:3300/0,v1:172.21.15.173:6789/0] conn(0x7f92cc106660 0x7f92cc19c200 secure :-1 s=READY pgs=38 cs=0 l=1 rev1=1 crypto rx=0x7f92c00119b0 tx=0x7f92c0011a90 comp rx=0 tx=0).stop
2024-05-15T13:26:47.800 INFO:teuthology.orchestra.run.smithi173.stdout:/usr/bin/ceph: stderr
2024-05-15T13:26:47.202+0000 7f92d2b86700 1 -- 172.21.15.173:0/941222865 shutdown_connections
2024-05-15T13:26:47.800 INFO:teuthology.orchestra.run.smithi173.stdout:/usr/bin/ceph: stderr
2024-05-15T13:26:47.202+0000 7f92d2b86700 1 --2- 172.21.15.173:0/941222865 >> [v2:172.21.15.173:6800/471825298,v1:172.21.15.173:6801/471825298] conn(0x7f92bc03e360 0x7f92bc040820 unknown :-1 s=CLOSED pgs=7 cs=0 l=1 rev1=1 crypto rx=0 tx=0 comp rx=0 tx=0).stop
2024-05-15T13:26:47.800 INFO:teuthology.orchestra.run.smithi173.stdout:/usr/bin/ceph: stderr
2024-05-15T13:26:47.202+0000 7f92d2b86700 1 --2- 172.21.15.173:0/941222865 >> [v2:172.21.15.173:3300/0,v1:172.21.15.173:6789/0] conn(0x7f92cc106660 0x7f92cc19c200 unknown :-1 s=CLOSED pgs=38 cs=0 l=1 rev1=1 crypto rx=0 tx=0 comp rx=0 tx=0).stop
2024-05-15T13:26:47.800 INFO:teuthology.orchestra.run.smithi173.stdout:/usr/bin/ceph: stderr
2024-05-15T13:26:47.202+0000 7f92d2b86700 1 -- 172.21.15.173:0/941222865 >> 172.21.15.173:0/941222865 conn(0x7f92cc102030 msgr2=0x7f92cc102ad0 unknown :-1 s=STATE_NONE l=0).mark_down
2024-05-15T13:26:47.800 INFO:teuthology.orchestra.run.smithi173.stdout:/usr/bin/ceph: stderr
2024-05-15T13:26:47.202+0000 7f92d2b86700 1 -- 172.21.15.173:0/941222865 shutdown_connections
2024-05-15T13:26:47.800 INFO:teuthology.orchestra.run.smithi173.stdout:/usr/bin/ceph: stderr
2024-05-15T13:26:47.202+0000 7f92d2b86700 1 -- 172.21.15.173:0/941222865 wait complete.
2024-05-15T13:26:48.100 INFO:journalctl@ceph.mon.a.smithi173.stdout:May 15 13:26:48 smithi173 ceph-mon[28863]: mgrmap e8: x(active, since 2s)
2024-05-15T13:26:48.100 INFO:journalctl@ceph.mon.a.smithi173.stdout:May 15 13:26:48 smithi173 ceph-mon[28863]: from='client.14132 -' entity='client.admin' cmd=[{"prefix": "orch set backend", "module_name": "cephadm", "target": ["mon-mgr", ""]}]: dispatch
2024-05-15T13:26:48.100 INFO:journalctl@ceph.mon.a.smithi173.stdout:May 15 13:26:48 smithi173 ceph-mon[28863]: from='mgr.14120 172.21.15.173:0/149178658' entity='mgr.x'
2024-05-15T13:26:48.100 INFO:journalctl@ceph.mon.a.smithi173.stdout:May 15 13:26:48 smithi173 ceph-mon[28863]: from='mgr.14120 172.21.15.173:0/149178658' entity='mgr.x' cmd=[{"prefix": "config dump", "format": "json"}]: dispatch
2024-05-15T13:26:48.961 INFO:teuthology.orchestra.run.smithi173.stdout:/usr/bin/ceph: stdout value unchanged
2024-05-15T13:26:48.961 INFO:teuthology.orchestra.run.smithi173.stdout:/usr/bin/ceph: stderr
2024-05-15T13:26:48.200+0000 7f833123c700 1 Processor -- start
2024-05-15T13:26:48.961 INFO:teuthology.orchestra.run.smithi173.stdout:/usr/bin/ceph: stderr
2024-05-15T13:26:48.200+0000 7f833123c700 1 -- start start
2024-05-15T13:26:48.961 INFO:teuthology.orchestra.run.smithi173.stdout:/usr/bin/ceph: stderr
2024-05-15T13:26:48.200+0000 7f833123c700 1 --2- >> [v2:172.21.15.173:3300/0,v1:172.21.15.173:6789/0] conn(0x7f832c106c50 0x7f832c107070 unknown :-1 s=NONE pgs=0 cs=0 l=0 rev1=0 crypto rx=0 tx=0 comp rx=0 tx=0).connect
2024-05-15T13:26:48.962 INFO:teuthology.orchestra.run.smithi173.stdout:/usr/bin/ceph: stderr
2024-05-15T13:26:48.200+0000 7f833123c700 1 -- --> [v2:172.21.15.173:3300/0,v1:172.21.15.173:6789/0] -- mon_getmap magic: 0 -- 0x7f832c07b6a0 con 0x7f832c106c50
2024-05-15T13:26:48.962 INFO:teuthology.orchestra.run.smithi173.stdout:/usr/bin/ceph: stderr
2024-05-15T13:26:48.200+0000 7f832ad9d700 1 --2- >> [v2:172.21.15.173:3300/0,v1:172.21.15.173:6789/0] conn(0x7f832c106c50 0x7f832c107070 unknown :-1 s=BANNER_CONNECTING pgs=0 cs=0 l=0 rev1=0 crypto rx=0 tx=0 comp rx=0 tx=0)._handle_peer_banner_payload supported=3 required=0
2024-05-15T13:26:48.962 INFO:teuthology.orchestra.run.smithi173.stdout:/usr/bin/ceph: stderr
2024-05-15T13:26:48.200+0000 7f832ad9d700 1 --2- >> [v2:172.21.15.173:3300/0,v1:172.21.15.173:6789/0] conn(0x7f832c106c50 0x7f832c107070 unknown :-1 s=HELLO_CONNECTING pgs=0 cs=0 l=0 rev1=1 crypto rx=0 tx=0 comp rx=0 tx=0).handle_hello peer v2:172.21.15.173:3300/0 says I am v2:172.21.15.173:41644/0 (socket says 172.21.15.173:41644)
2024-05-15T13:26:48.962 INFO:teuthology.orchestra.run.smithi173.stdout:/usr/bin/ceph: stderr
2024-05-15T13:26:48.200+0000 7f832ad9d700 1 -- 172.21.15.173:0/106931482 learned_addr learned my addr 172.21.15.173:0/106931482 (peer_addr_for_me v2:172.21.15.173:0/0)
2024-05-15T13:26:48.962 INFO:teuthology.orchestra.run.smithi173.stdout:/usr/bin/ceph: stderr
2024-05-15T13:26:48.201+0000 7f832ad9d700 1 -- 172.21.15.173:0/106931482 --> [v2:172.21.15.173:3300/0,v1:172.21.15.173:6789/0] -- mon_subscribe({config=0+,monmap=0+}) -- 0x7f832c1075b0 con 0x7f832c106c50
2024-05-15T13:26:48.962 INFO:teuthology.orchestra.run.smithi173.stdout:/usr/bin/ceph: stderr
2024-05-15T13:26:48.201+0000 7f832ad9d700 1 --2- 172.21.15.173:0/106931482 >> [v2:172.21.15.173:3300/0,v1:172.21.15.173:6789/0] conn(0x7f832c106c50 0x7f832c107070 secure :-1 s=READY pgs=39 cs=0 l=1 rev1=1 crypto rx=0x7f831c0098a0 tx=0x7f831c009bb0 comp rx=0 tx=0).ready entity=mon.0 client_cookie=40b2f339c6320415 server_cookie=0 in_seq=0 out_seq=0
2024-05-15T13:26:48.962 INFO:teuthology.orchestra.run.smithi173.stdout:/usr/bin/ceph: stderr
2024-05-15T13:26:48.201+0000 7f832a59c700 1 -- 172.21.15.173:0/106931482 <== mon.0 v2:172.21.15.173:3300/0 1 ==== mon_map magic: 0 ==== 205+0+0 (secure 0 0 0) 0x7f831c004160 con 0x7f832c106c50
2024-05-15T13:26:48.962 INFO:teuthology.orchestra.run.smithi173.stdout:/usr/bin/ceph: stderr
2024-05-15T13:26:48.201+0000 7f832a59c700 1 -- 172.21.15.173:0/106931482 <== mon.0 v2:172.21.15.173:3300/0 2 ==== config(25 keys) ==== 1032+0+0 (secure 0 0 0) 0x7f831c004300 con 0x7f832c106c50
2024-05-15T13:26:48.962 INFO:teuthology.orchestra.run.smithi173.stdout:/usr/bin/ceph: stderr
2024-05-15T13:26:48.201+0000 7f832a59c700 1 -- 172.21.15.173:0/106931482 <== mon.0 v2:172.21.15.173:3300/0 3 ==== mon_map magic: 0 ==== 205+0+0 (secure 0 0 0) 0x7f831c0119e0 con 0x7f832c106c50
2024-05-15T13:26:48.962 INFO:teuthology.orchestra.run.smithi173.stdout:/usr/bin/ceph: stderr
2024-05-15T13:26:48.201+0000 7f833123c700 1 -- 172.21.15.173:0/106931482 >> [v2:172.21.15.173:3300/0,v1:172.21.15.173:6789/0] conn(0x7f832c106c50 msgr2=0x7f832c107070 secure :-1 s=STATE_CONNECTION_ESTABLISHED l=1).mark_down
2024-05-15T13:26:48.962 INFO:teuthology.orchestra.run.smithi173.stdout:/usr/bin/ceph: stderr
2024-05-15T13:26:48.201+0000 7f833123c700 1 --2- 172.21.15.173:0/106931482 >> [v2:172.21.15.173:3300/0,v1:172.21.15.173:6789/0] conn(0x7f832c106c50 0x7f832c107070 secure :-1 s=READY pgs=39 cs=0 l=1 rev1=1 crypto rx=0x7f831c0098a0 tx=0x7f831c009bb0 comp rx=0 tx=0).stop
2024-05-15T13:26:48.962 INFO:teuthology.orchestra.run.smithi173.stdout:/usr/bin/ceph: stderr
2024-05-15T13:26:48.202+0000 7f833123c700 1 -- 172.21.15.173:0/106931482 shutdown_connections
2024-05-15T13:26:48.962 INFO:teuthology.orchestra.run.smithi173.stdout:/usr/bin/ceph: stderr
2024-05-15T13:26:48.202+0000 7f833123c700 1 --2- 172.21.15.173:0/106931482 >> [v2:172.21.15.173:3300/0,v1:172.21.15.173:6789/0] conn(0x7f832c106c50 0x7f832c107070 unknown :-1 s=CLOSED pgs=39 cs=0 l=1 rev1=1 crypto rx=0 tx=0 comp rx=0 tx=0).stop
2024-05-15T13:26:48.963 INFO:teuthology.orchestra.run.smithi173.stdout:/usr/bin/ceph: stderr
2024-05-15T13:26:48.202+0000 7f833123c700 1 -- 172.21.15.173:0/106931482 >> 172.21.15.173:0/106931482 conn(0x7f832c102910 msgr2=0x7f832c104d30 unknown :-1 s=STATE_NONE l=0).mark_down
2024-05-15T13:26:48.963 INFO:teuthology.orchestra.run.smithi173.stdout:/usr/bin/ceph: stderr
2024-05-15T13:26:48.202+0000 7f833123c700 1 -- 172.21.15.173:0/106931482 shutdown_connections
2024-05-15T13:26:48.963 INFO:teuthology.orchestra.run.smithi173.stdout:/usr/bin/ceph: stderr
2024-05-15T13:26:48.202+0000 7f833123c700 1 -- 172.21.15.173:0/106931482 wait complete.
2024-05-15T13:26:48.963 INFO:teuthology.orchestra.run.smithi173.stdout:/usr/bin/ceph: stderr
2024-05-15T13:26:48.202+0000 7f833123c700 1 Processor -- start
2024-05-15T13:26:48.963 INFO:teuthology.orchestra.run.smithi173.stdout:/usr/bin/ceph: stderr
2024-05-15T13:26:48.203+0000 7f833123c700 1 -- start start
2024-05-15T13:26:48.963 INFO:teuthology.orchestra.run.smithi173.stdout:/usr/bin/ceph: stderr
2024-05-15T13:26:48.203+0000 7f833123c700 1 --2- >> [v2:172.21.15.173:3300/0,v1:172.21.15.173:6789/0] conn(0x7f832c106c50 0x7f832c19e440 unknown :-1 s=NONE pgs=0 cs=0 l=1 rev1=0 crypto rx=0 tx=0 comp rx=0 tx=0).connect
2024-05-15T13:26:48.963 INFO:teuthology.orchestra.run.smithi173.stdout:/usr/bin/ceph: stderr
2024-05-15T13:26:48.203+0000 7f833123c700 1 -- --> [v2:172.21.15.173:3300/0,v1:172.21.15.173:6789/0] -- mon_getmap magic: 0 -- 0x7f832c108580 con 0x7f832c106c50
2024-05-15T13:26:48.963 INFO:teuthology.orchestra.run.smithi173.stdout:/usr/bin/ceph: stderr
2024-05-15T13:26:48.203+0000 7f832ad9d700 1 --2- >> [v2:172.21.15.173:3300/0,v1:172.21.15.173:6789/0] conn(0x7f832c106c50 0x7f832c19e440 unknown :-1 s=BANNER_CONNECTING pgs=0 cs=0 l=1 rev1=0 crypto rx=0 tx=0 comp rx=0 tx=0)._handle_peer_banner_payload supported=3 required=0
2024-05-15T13:26:48.963 INFO:teuthology.orchestra.run.smithi173.stdout:/usr/bin/ceph: stderr
2024-05-15T13:26:48.203+0000 7f832ad9d700 1 --2- >> [v2:172.21.15.173:3300/0,v1:172.21.15.173:6789/0] conn(0x7f832c106c50 0x7f832c19e440 unknown :-1 s=HELLO_CONNECTING pgs=0 cs=0 l=1 rev1=1 crypto rx=0 tx=0 comp rx=0 tx=0).handle_hello peer v2:172.21.15.173:3300/0 says I am v2:172.21.15.173:41650/0 (socket says 172.21.15.173:41650)
2024-05-15T13:26:48.963 INFO:teuthology.orchestra.run.smithi173.stdout:/usr/bin/ceph: stderr
2024-05-15T13:26:48.203+0000 7f832ad9d700 1 -- 172.21.15.173:0/855110284 learned_addr learned my addr 172.21.15.173:0/855110284 (peer_addr_for_me v2:172.21.15.173:0/0)
2024-05-15T13:26:48.963 INFO:teuthology.orchestra.run.smithi173.stdout:/usr/bin/ceph: stderr
2024-05-15T13:26:48.203+0000 7f832ad9d700 1 -- 172.21.15.173:0/855110284 --> [v2:172.21.15.173:3300/0,v1:172.21.15.173:6789/0] -- mon_subscribe({config=0+,monmap=0+}) -- 0x7f832c19e980 con 0x7f832c106c50
2024-05-15T13:26:48.963 INFO:teuthology.orchestra.run.smithi173.stdout:/usr/bin/ceph: stderr
2024-05-15T13:26:48.203+0000 7f832ad9d700 1 --2- 172.21.15.173:0/855110284 >> [v2:172.21.15.173:3300/0,v1:172.21.15.173:6789/0] conn(0x7f832c106c50 0x7f832c19e440 secure :-1 s=READY pgs=40 cs=0 l=1 rev1=1 crypto rx=0x7f831c0119e0 tx=0x7f831c0046a0 comp rx=0 tx=0).ready entity=mon.0 client_cookie=0 server_cookie=0 in_seq=0 out_seq=0
2024-05-15T13:26:48.963 INFO:teuthology.orchestra.run.smithi173.stdout:/usr/bin/ceph: stderr
2024-05-15T13:26:48.203+0000 7f8328d99700 1 -- 172.21.15.173:0/855110284 <== mon.0 v2:172.21.15.173:3300/0 1 ==== mon_map magic: 0 ==== 205+0+0 (secure 0 0 0) 0x7f831c003bf0 con 0x7f832c106c50
2024-05-15T13:26:48.963 INFO:teuthology.orchestra.run.smithi173.stdout:/usr/bin/ceph: stderr
2024-05-15T13:26:48.203+0000 7f8328d99700 1 -- 172.21.15.173:0/855110284 <== mon.0 v2:172.21.15.173:3300/0 2 ==== config(25 keys) ==== 1032+0+0 (secure 0 0 0) 0x7f831c01a8a0 con 0x7f832c106c50
2024-05-15T13:26:48.964 INFO:teuthology.orchestra.run.smithi173.stdout:/usr/bin/ceph: stderr
2024-05-15T13:26:48.203+0000 7f8328d99700 1 -- 172.21.15.173:0/855110284 <== mon.0 v2:172.21.15.173:3300/0 3 ==== mon_map magic: 0 ==== 205+0+0 (secure 0 0 0) 0x7f831c0248c0 con 0x7f832c106c50
2024-05-15T13:26:48.964 INFO:teuthology.orchestra.run.smithi173.stdout:/usr/bin/ceph: stderr
2024-05-15T13:26:48.203+0000 7f833123c700 1 -- 172.21.15.173:0/855110284 --> [v2:172.21.15.173:3300/0,v1:172.21.15.173:6789/0] -- mon_subscribe({mgrmap=0+}) -- 0x7f832c19ec10 con 0x7f832c106c50
2024-05-15T13:26:48.964 INFO:teuthology.orchestra.run.smithi173.stdout:/usr/bin/ceph: stderr
2024-05-15T13:26:48.203+0000 7f833123c700 1 -- 172.21.15.173:0/855110284 --> [v2:172.21.15.173:3300/0,v1:172.21.15.173:6789/0] -- mon_subscribe({osdmap=0}) -- 0x7f832c19f070 con 0x7f832c106c50
2024-05-15T13:26:48.964 INFO:teuthology.orchestra.run.smithi173.stdout:/usr/bin/ceph: stderr
2024-05-15T13:26:48.204+0000 7f8328d99700 1 -- 172.21.15.173:0/855110284 <== mon.0 v2:172.21.15.173:3300/0 4 ==== mgrmap(e 8) ==== 50222+0+0 (secure 0 0 0) 0x7f831c022020 con 0x7f832c106c50
2024-05-15T13:26:48.964 INFO:teuthology.orchestra.run.smithi173.stdout:/usr/bin/ceph: stderr
2024-05-15T13:26:48.204+0000 7f8328d99700 1 --2- 172.21.15.173:0/855110284 >> [v2:172.21.15.173:6800/471825298,v1:172.21.15.173:6801/471825298] conn(0x7f831803e470 0x7f8318040930 unknown :-1 s=NONE pgs=0 cs=0 l=1 rev1=0 crypto rx=0 tx=0 comp rx=0 tx=0).connect
2024-05-15T13:26:48.964 INFO:teuthology.orchestra.run.smithi173.stdout:/usr/bin/ceph: stderr
2024-05-15T13:26:48.205+0000 7f833123c700 1 -- 172.21.15.173:0/855110284 --> [v2:172.21.15.173:3300/0,v1:172.21.15.173:6789/0] -- mon_command({"prefix": "get_command_descriptions"} v 0) -- 0x7f832c064ba0 con 0x7f832c106c50
2024-05-15T13:26:48.964 INFO:teuthology.orchestra.run.smithi173.stdout:/usr/bin/ceph: stderr
2024-05-15T13:26:48.205+0000 7f8328d99700 1 -- 172.21.15.173:0/855110284 <== mon.0 v2:172.21.15.173:3300/0 5 ==== osd_map(2..2 src has 1..2) ==== 940+0+0 (secure 0 0 0) 0x7f831c053ca0 con 0x7f832c106c50
2024-05-15T13:26:48.964 INFO:teuthology.orchestra.run.smithi173.stdout:/usr/bin/ceph: stderr
2024-05-15T13:26:48.205+0000 7f832259c700 1 --2- 172.21.15.173:0/855110284 >> [v2:172.21.15.173:6800/471825298,v1:172.21.15.173:6801/471825298] conn(0x7f831803e470 0x7f8318040930 unknown :-1 s=BANNER_CONNECTING pgs=0 cs=0 l=1 rev1=0 crypto rx=0 tx=0 comp rx=0 tx=0)._handle_peer_banner_payload supported=3 required=0
2024-05-15T13:26:48.964 INFO:teuthology.orchestra.run.smithi173.stdout:/usr/bin/ceph: stderr
2024-05-15T13:26:48.205+0000 7f832259c700 1 --2- 172.21.15.173:0/855110284 >> [v2:172.21.15.173:6800/471825298,v1:172.21.15.173:6801/471825298] conn(0x7f831803e470 0x7f8318040930 secure :-1 s=READY pgs=8 cs=0 l=1 rev1=1 crypto rx=0x7f8314006fd0 tx=0x7f8314006e40 comp rx=0 tx=0).ready entity=mgr.14120 client_cookie=0 server_cookie=0 in_seq=0 out_seq=0
2024-05-15T13:26:48.964 INFO:teuthology.orchestra.run.smithi173.stdout:/usr/bin/ceph: stderr
2024-05-15T13:26:48.210+0000 7f8328d99700 1 -- 172.21.15.173:0/855110284 <== mon.0 v2:172.21.15.173:3300/0 6 ==== mon_command_ack([{"prefix": "get_command_descriptions"}]=0 v0) ==== 72+0+191963 (secure 0 0 0) 0x7f831c020e00 con 0x7f832c106c50
2024-05-15T13:26:48.964 INFO:teuthology.orchestra.run.smithi173.stdout:/usr/bin/ceph: stderr
2024-05-15T13:26:48.414+0000 7f833123c700 1 -- 172.21.15.173:0/855110284 --> [v2:172.21.15.173:6800/471825298,v1:172.21.15.173:6801/471825298] -- mgr_command(tid 0: {"prefix": "cephadm set-user", "user": "root", "target": ["mon-mgr", ""]}) -- 0x7f832c063980 con 0x7f831803e470
2024-05-15T13:26:48.964 INFO:teuthology.orchestra.run.smithi173.stdout:/usr/bin/ceph: stderr
2024-05-15T13:26:48.415+0000 7f8328d99700 1 -- 172.21.15.173:0/855110284 <== mgr.14120 v2:172.21.15.173:6800/471825298 1 ==== mgr_command_reply(tid 0: 0 ) ==== 8+0+16 (secure 0 0 0) 0x7f832c063980 con 0x7f831803e470
2024-05-15T13:26:48.964 INFO:teuthology.orchestra.run.smithi173.stdout:/usr/bin/ceph: stderr
2024-05-15T13:26:48.417+0000 7f833123c700 1 -- 172.21.15.173:0/855110284 >> [v2:172.21.15.173:6800/471825298,v1:172.21.15.173:6801/471825298] conn(0x7f831803e470 msgr2=0x7f8318040930 secure :-1 s=STATE_CONNECTION_ESTABLISHED l=1).mark_down
2024-05-15T13:26:48.964 INFO:teuthology.orchestra.run.smithi173.stdout:/usr/bin/ceph: stderr
2024-05-15T13:26:48.417+0000 7f833123c700 1 --2- 172.21.15.173:0/855110284 >> [v2:172.21.15.173:6800/471825298,v1:172.21.15.173:6801/471825298] conn(0x7f831803e470 0x7f8318040930 secure :-1 s=READY pgs=8 cs=0 l=1 rev1=1 crypto rx=0x7f8314006fd0 tx=0x7f8314006e40 comp rx=0 tx=0).stop
2024-05-15T13:26:48.965 INFO:teuthology.orchestra.run.smithi173.stdout:/usr/bin/ceph: stderr
2024-05-15T13:26:48.417+0000 7f833123c700 1 -- 172.21.15.173:0/855110284 >> [v2:172.21.15.173:3300/0,v1:172.21.15.173:6789/0] conn(0x7f832c106c50 msgr2=0x7f832c19e440 secure :-1 s=STATE_CONNECTION_ESTABLISHED l=1).mark_down
2024-05-15T13:26:48.965 INFO:teuthology.orchestra.run.smithi173.stdout:/usr/bin/ceph: stderr
2024-05-15T13:26:48.417+0000 7f833123c700 1 --2- 172.21.15.173:0/855110284 >> [v2:172.21.15.173:3300/0,v1:172.21.15.173:6789/0] conn(0x7f832c106c50 0x7f832c19e440 secure :-1 s=READY pgs=40 cs=0 l=1 rev1=1 crypto rx=0x7f831c0119e0 tx=0x7f831c0046a0 comp rx=0 tx=0).stop
2024-05-15T13:26:48.965 INFO:teuthology.orchestra.run.smithi173.stdout:/usr/bin/ceph: stderr
2024-05-15T13:26:48.417+0000 7f833123c700 1 -- 172.21.15.173:0/855110284 shutdown_connections
2024-05-15T13:26:48.965 INFO:teuthology.orchestra.run.smithi173.stdout:/usr/bin/ceph: stderr
2024-05-15T13:26:48.417+0000 7f833123c700 1 --2- 172.21.15.173:0/855110284 >> [v2:172.21.15.173:6800/471825298,v1:172.21.15.173:6801/471825298] conn(0x7f831803e470 0x7f8318040930 unknown :-1 s=CLOSED pgs=8 cs=0 l=1 rev1=1 crypto rx=0 tx=0 comp rx=0 tx=0).stop
2024-05-15T13:26:48.965 INFO:teuthology.orchestra.run.smithi173.stdout:/usr/bin/ceph: stderr
2024-05-15T13:26:48.417+0000 7f833123c700 1 --2- 172.21.15.173:0/855110284 >> [v2:172.21.15.173:3300/0,v1:172.21.15.173:6789/0] conn(0x7f832c106c50 0x7f832c19e440 unknown :-1 s=CLOSED pgs=40 cs=0 l=1 rev1=1 crypto rx=0 tx=0 comp rx=0 tx=0).stop
2024-05-15T13:26:48.965 INFO:teuthology.orchestra.run.smithi173.stdout:/usr/bin/ceph: stderr
2024-05-15T13:26:48.417+0000 7f833123c700 1 -- 172.21.15.173:0/855110284 >> 172.21.15.173:0/855110284 conn(0x7f832c102910 msgr2=0x7f832c1926a0 unknown :-1 s=STATE_NONE l=0).mark_down
2024-05-15T13:26:48.965 INFO:teuthology.orchestra.run.smithi173.stdout:/usr/bin/ceph: stderr
2024-05-15T13:26:48.417+0000 7f833123c700 1 -- 172.21.15.173:0/855110284 shutdown_connections
2024-05-15T13:26:48.965 INFO:teuthology.orchestra.run.smithi173.stdout:/usr/bin/ceph: stderr
2024-05-15T13:26:48.417+0000 7f833123c700 1 -- 172.21.15.173:0/855110284 wait complete.
2024-05-15T13:26:48.965 INFO:teuthology.orchestra.run.smithi173.stdout:Generating ssh key...
2024-05-15T13:26:49.298 INFO:journalctl@ceph.mon.a.smithi173.stdout:May 15 13:26:49 smithi173 ceph-mon[28863]: from='client.14134 -' entity='client.admin' cmd=[{"prefix": "cephadm set-user", "user": "root", "target": ["mon-mgr", ""]}]: dispatch
2024-05-15T13:26:49.942 INFO:journalctl@ceph.mgr.x.smithi173.stdout:May 15 13:26:49 smithi173 ceph-923cf4ac-12be-11ef-bc98-c7b262605968-mgr-x[29088]: Generating public/private rsa key pair.
2024-05-15T13:26:49.943 INFO:journalctl@ceph.mgr.x.smithi173.stdout:May 15 13:26:49 smithi173 ceph-923cf4ac-12be-11ef-bc98-c7b262605968-mgr-x[29088]: Your identification has been saved in /tmp/tmp0fyy4xqj/key.
2024-05-15T13:26:49.943 INFO:journalctl@ceph.mgr.x.smithi173.stdout:May 15 13:26:49 smithi173 ceph-923cf4ac-12be-11ef-bc98-c7b262605968-mgr-x[29088]: Your public key has been saved in /tmp/tmp0fyy4xqj/key.pub.
2024-05-15T13:26:49.943 INFO:journalctl@ceph.mgr.x.smithi173.stdout:May 15 13:26:49 smithi173 ceph-923cf4ac-12be-11ef-bc98-c7b262605968-mgr-x[29088]: The key fingerprint is:
2024-05-15T13:26:49.943 INFO:journalctl@ceph.mgr.x.smithi173.stdout:May 15 13:26:49 smithi173 ceph-923cf4ac-12be-11ef-bc98-c7b262605968-mgr-x[29088]: SHA256:BZhj4Cfwk/g61VM7F4koNNR8oHQnM4s3vbi+6mTSdCw ceph-923cf4ac-12be-11ef-bc98-c7b262605968
2024-05-15T13:26:49.943 INFO:journalctl@ceph.mgr.x.smithi173.stdout:May 15 13:26:49 smithi173 ceph-923cf4ac-12be-11ef-bc98-c7b262605968-mgr-x[29088]: The key's randomart image is:
2024-05-15T13:26:49.943 INFO:journalctl@ceph.mgr.x.smithi173.stdout:May 15 13:26:49 smithi173 ceph-923cf4ac-12be-11ef-bc98-c7b262605968-mgr-x[29088]: +---[RSA 3072]----+
2024-05-15T13:26:49.943 INFO:journalctl@ceph.mgr.x.smithi173.stdout:May 15 13:26:49 smithi173 ceph-923cf4ac-12be-11ef-bc98-c7b262605968-mgr-x[29088]: | ..*+*+o |
2024-05-15T13:26:49.943 INFO:journalctl@ceph.mgr.x.smithi173.stdout:May 15 13:26:49 smithi173 ceph-923cf4ac-12be-11ef-bc98-c7b262605968-mgr-x[29088]: | B *BO.o . |
2024-05-15T13:26:49.943 INFO:journalctl@ceph.mgr.x.smithi173.stdout:May 15 13:26:49 smithi173 ceph-923cf4ac-12be-11ef-bc98-c7b262605968-mgr-x[29088]: | . X.*o+ + |
2024-05-15T13:26:49.943 INFO:journalctl@ceph.mgr.x.smithi173.stdout:May 15 13:26:49 smithi173 ceph-923cf4ac-12be-11ef-bc98-c7b262605968-mgr-x[29088]: | . O + + . |
