2024-05-15T13:26:31.520+0000 7f79537fe700 1 -- 172.21.15.173:0/1736784564 <== mon.0 v2:172.21.15.173:3300/0 3 ==== mon_map magic: 0 ==== 205+0+0 (secure 0 0 0) 0x7f7958024830 con 0x7f795c07cea0
2024-05-15T13:26:32.174 INFO:teuthology.orchestra.run.smithi173.stdout:/usr/bin/ceph: stderr
2024-05-15T13:26:31.520+0000 7f79644c1700 1 -- 172.21.15.173:0/1736784564 --> [v2:172.21.15.173:3300/0,v1:172.21.15.173:6789/0] -- mon_subscribe({mgrmap=0+}) -- 0x7f795c19eb40 con 0x7f795c07cea0
2024-05-15T13:26:32.174 INFO:teuthology.orchestra.run.smithi173.stdout:/usr/bin/ceph: stderr
2024-05-15T13:26:31.520+0000 7f79644c1700 1 -- 172.21.15.173:0/1736784564 --> [v2:172.21.15.173:3300/0,v1:172.21.15.173:6789/0] -- mon_subscribe({osdmap=0}) -- 0x7f795c1a1830 con 0x7f795c07cea0
2024-05-15T13:26:32.174 INFO:teuthology.orchestra.run.smithi173.stdout:/usr/bin/ceph: stderr
2024-05-15T13:26:31.520+0000 7f79537fe700 1 -- 172.21.15.173:0/1736784564 <== mon.0 v2:172.21.15.173:3300/0 4 ==== mgrmap(e 1) ==== 807+0+0 (secure 0 0 0) 0x7f7958022020 con 0x7f795c07cea0
2024-05-15T13:26:32.174 INFO:teuthology.orchestra.run.smithi173.stdout:/usr/bin/ceph: stderr
2024-05-15T13:26:31.520+0000 7f79537fe700 1 -- 172.21.15.173:0/1736784564 <== mon.0 v2:172.21.15.173:3300/0 5 ==== osd_map(1..1 src has 1..1) ==== 725+0+0 (secure 0 0 0) 0x7f79580193c0 con 0x7f795c07cea0
2024-05-15T13:26:32.174 INFO:teuthology.orchestra.run.smithi173.stdout:/usr/bin/ceph: stderr
2024-05-15T13:26:31.521+0000 7f79644c1700 1 -- 172.21.15.173:0/1736784564 --> [v2:172.21.15.173:3300/0,v1:172.21.15.173:6789/0] -- mon_command({"prefix": "get_command_descriptions"} v 0) -- 0x7f795c064ba0 con 0x7f795c07cea0
2024-05-15T13:26:32.174 INFO:teuthology.orchestra.run.smithi173.stdout:/usr/bin/ceph: stderr
2024-05-15T13:26:31.523+0000 7f79537fe700 1 -- 172.21.15.173:0/1736784564 <== mon.0 v2:172.21.15.173:3300/0 6 ==== mon_command_ack([{"prefix": "get_command_descriptions"}]=0 v0) ==== 72+0+73389 (secure 0 0 0) 0x7f7958042ec0 con 0x7f795c07cea0
2024-05-15T13:26:32.174 INFO:teuthology.orchestra.run.smithi173.stdout:/usr/bin/ceph: stderr
2024-05-15T13:26:31.596+0000 7f79644c1700 1 -- 172.21.15.173:0/1736784564 --> [v2:172.21.15.173:3300/0,v1:172.21.15.173:6789/0] -- mon_command({"prefix": "status", "format": "json-pretty"} v 0) -- 0x7f795c1a1d70 con 0x7f795c07cea0
2024-05-15T13:26:32.174 INFO:teuthology.orchestra.run.smithi173.stdout:/usr/bin/ceph: stderr
2024-05-15T13:26:31.596+0000 7f79537fe700 1 -- 172.21.15.173:0/1736784564 <== mon.0 v2:172.21.15.173:3300/0 7 ==== mon_command_ack([{"prefix": "status", "format": "json-pretty"}]=0 v0) ==== 79+0+1239 (secure 0 0 0) 0x7f7958031020 con 0x7f795c07cea0
2024-05-15T13:26:32.174 INFO:teuthology.orchestra.run.smithi173.stdout:/usr/bin/ceph: stderr
2024-05-15T13:26:31.597+0000 7f79644c1700 1 -- 172.21.15.173:0/1736784564 >> [v2:172.21.15.173:3300/0,v1:172.21.15.173:6789/0] conn(0x7f795c07cea0 msgr2=0x7f795c19e370 secure :-1 s=STATE_CONNECTION_ESTABLISHED l=1).mark_down
2024-05-15T13:26:32.174 INFO:teuthology.orchestra.run.smithi173.stdout:/usr/bin/ceph: stderr
2024-05-15T13:26:31.597+0000 7f79644c1700 1 --2- 172.21.15.173:0/1736784564 >> [v2:172.21.15.173:3300/0,v1:172.21.15.173:6789/0] conn(0x7f795c07cea0 0x7f795c19e370 secure :-1 s=READY pgs=10 cs=0 l=1 rev1=1 crypto rx=0x7f79580119b0 tx=0x7f7958011a90 comp rx=0 tx=0).stop
2024-05-15T13:26:32.174 INFO:teuthology.orchestra.run.smithi173.stdout:/usr/bin/ceph: stderr
2024-05-15T13:26:31.597+0000 7f79644c1700 1 -- 172.21.15.173:0/1736784564 shutdown_connections
2024-05-15T13:26:32.174 INFO:teuthology.orchestra.run.smithi173.stdout:/usr/bin/ceph: stderr
2024-05-15T13:26:31.597+0000 7f79644c1700 1 --2- 172.21.15.173:0/1736784564 >> [v2:172.21.15.173:3300/0,v1:172.21.15.173:6789/0] conn(0x7f795c07cea0 0x7f795c19e370 unknown :-1 s=CLOSED pgs=10 cs=0 l=1 rev1=1 crypto rx=0 tx=0 comp rx=0 tx=0).stop
2024-05-15T13:26:32.174 INFO:teuthology.orchestra.run.smithi173.stdout:/usr/bin/ceph: stderr
2024-05-15T13:26:31.597+0000 7f79644c1700 1 -- 172.21.15.173:0/1736784564 >> 172.21.15.173:0/1736784564 conn(0x7f795c1038a0 msgr2=0x7f795c104360 unknown :-1 s=STATE_NONE l=0).mark_down
2024-05-15T13:26:32.174 INFO:teuthology.orchestra.run.smithi173.stdout:/usr/bin/ceph: stderr
2024-05-15T13:26:31.597+0000 7f79644c1700 1 -- 172.21.15.173:0/1736784564 shutdown_connections
2024-05-15T13:26:32.175 INFO:teuthology.orchestra.run.smithi173.stdout:/usr/bin/ceph: stderr
2024-05-15T13:26:31.597+0000 7f79644c1700 1 -- 172.21.15.173:0/1736784564 wait complete.
2024-05-15T13:26:32.175 INFO:teuthology.orchestra.run.smithi173.stdout:mgr not available, waiting (3/15)...
2024-05-15T13:26:32.942 INFO:journalctl@ceph.mon.a.smithi173.stdout:May 15 13:26:32 smithi173 ceph-mon[28863]: Activating manager daemon x
2024-05-15T13:26:32.942 INFO:journalctl@ceph.mon.a.smithi173.stdout:May 15 13:26:32 smithi173 ceph-mon[28863]: mgrmap e2: x(active, starting, since 0.003358s)
2024-05-15T13:26:32.942 INFO:journalctl@ceph.mon.a.smithi173.stdout:May 15 13:26:32 smithi173 ceph-mon[28863]: from='mgr.14100 172.21.15.173:0/3175507525' entity='mgr.x' cmd=[{"prefix": "mds metadata"}]: dispatch
2024-05-15T13:26:32.943 INFO:journalctl@ceph.mon.a.smithi173.stdout:May 15 13:26:32 smithi173 ceph-mon[28863]: from='mgr.14100 172.21.15.173:0/3175507525' entity='mgr.x' cmd=[{"prefix": "osd metadata"}]: dispatch
2024-05-15T13:26:32.943 INFO:journalctl@ceph.mon.a.smithi173.stdout:May 15 13:26:32 smithi173 ceph-mon[28863]: from='mgr.14100 172.21.15.173:0/3175507525' entity='mgr.x' cmd=[{"prefix": "mon metadata"}]: dispatch
2024-05-15T13:26:32.943 INFO:journalctl@ceph.mon.a.smithi173.stdout:May 15 13:26:32 smithi173 ceph-mon[28863]: from='mgr.14100 172.21.15.173:0/3175507525' entity='mgr.x' cmd=[{"prefix": "mon metadata", "id": "a"}]: dispatch
2024-05-15T13:26:32.943 INFO:journalctl@ceph.mon.a.smithi173.stdout:May 15 13:26:32 smithi173 ceph-mon[28863]: from='mgr.14100 172.21.15.173:0/3175507525' entity='mgr.x' cmd=[{"prefix": "mgr metadata", "who": "x", "id": "x"}]: dispatch
2024-05-15T13:26:32.943 INFO:journalctl@ceph.mon.a.smithi173.stdout:May 15 13:26:32 smithi173 ceph-mon[28863]: Manager daemon x is now available
2024-05-15T13:26:32.943 INFO:journalctl@ceph.mon.a.smithi173.stdout:May 15 13:26:32 smithi173 ceph-mon[28863]: from='mgr.14100 172.21.15.173:0/3175507525' entity='mgr.x' cmd=[{"prefix":"config rm","who":"mgr","name":"mgr/rbd_support/x/mirror_snapshot_schedule"}]: dispatch
2024-05-15T13:26:32.943 INFO:journalctl@ceph.mon.a.smithi173.stdout:May 15 13:26:32 smithi173 ceph-mon[28863]: from='mgr.14100 172.21.15.173:0/3175507525' entity='mgr.x' cmd=[{"prefix":"config rm","who":"mgr","name":"mgr/rbd_support/x/trash_purge_schedule"}]: dispatch
2024-05-15T13:26:32.943 INFO:journalctl@ceph.mon.a.smithi173.stdout:May 15 13:26:32 smithi173 ceph-mon[28863]: from='mgr.14100 172.21.15.173:0/3175507525' entity='mgr.x'
2024-05-15T13:26:32.943 INFO:journalctl@ceph.mon.a.smithi173.stdout:May 15 13:26:32 smithi173 ceph-mon[28863]: from='mgr.14100 172.21.15.173:0/3175507525' entity='mgr.x'
2024-05-15T13:26:32.943 INFO:journalctl@ceph.mon.a.smithi173.stdout:May 15 13:26:32 smithi173 ceph-mon[28863]: from='mgr.14100 172.21.15.173:0/3175507525' entity='mgr.x'
2024-05-15T13:26:34.192 INFO:journalctl@ceph.mon.a.smithi173.stdout:May 15 13:26:33 smithi173 ceph-mon[28863]: mgrmap e3: x(active, since 1.00785s)
2024-05-15T13:26:35.192 INFO:journalctl@ceph.mon.a.smithi173.stdout:May 15 13:26:34 smithi173 ceph-mon[28863]: mgrmap e4: x(active, since 2s)
2024-05-15T13:26:35.425 INFO:teuthology.orchestra.run.smithi173.stdout:/usr/bin/ceph: stdout
2024-05-15T13:26:35.425 INFO:teuthology.orchestra.run.smithi173.stdout:/usr/bin/ceph: stdout {
2024-05-15T13:26:35.425 INFO:teuthology.orchestra.run.smithi173.stdout:/usr/bin/ceph: stdout "fsid": "923cf4ac-12be-11ef-bc98-c7b262605968",
2024-05-15T13:26:35.425 INFO:teuthology.orchestra.run.smithi173.stdout:/usr/bin/ceph: stdout "health": {
2024-05-15T13:26:35.425 INFO:teuthology.orchestra.run.smithi173.stdout:/usr/bin/ceph: stdout "status": "HEALTH_OK",
2024-05-15T13:26:35.425 INFO:teuthology.orchestra.run.smithi173.stdout:/usr/bin/ceph: stdout "checks": {},
2024-05-15T13:26:35.425 INFO:teuthology.orchestra.run.smithi173.stdout:/usr/bin/ceph: stdout "mutes": []
2024-05-15T13:26:35.425 INFO:teuthology.orchestra.run.smithi173.stdout:/usr/bin/ceph: stdout },
2024-05-15T13:26:35.426 INFO:teuthology.orchestra.run.smithi173.stdout:/usr/bin/ceph: stdout "election_epoch": 5,
2024-05-15T13:26:35.426 INFO:teuthology.orchestra.run.smithi173.stdout:/usr/bin/ceph: stdout "quorum": [
2024-05-15T13:26:35.426 INFO:teuthology.orchestra.run.smithi173.stdout:/usr/bin/ceph: stdout 0
2024-05-15T13:26:35.426 INFO:teuthology.orchestra.run.smithi173.stdout:/usr/bin/ceph: stdout ],
2024-05-15T13:26:35.426 INFO:teuthology.orchestra.run.smithi173.stdout:/usr/bin/ceph: stdout "quorum_names": [
2024-05-15T13:26:35.426 INFO:teuthology.orchestra.run.smithi173.stdout:/usr/bin/ceph: stdout "a"
2024-05-15T13:26:35.426 INFO:teuthology.orchestra.run.smithi173.stdout:/usr/bin/ceph: stdout ],
2024-05-15T13:26:35.426 INFO:teuthology.orchestra.run.smithi173.stdout:/usr/bin/ceph: stdout "quorum_age": 12,
2024-05-15T13:26:35.426 INFO:teuthology.orchestra.run.smithi173.stdout:/usr/bin/ceph: stdout "monmap": {
2024-05-15T13:26:35.426 INFO:teuthology.orchestra.run.smithi173.stdout:/usr/bin/ceph: stdout "epoch": 1,
2024-05-15T13:26:35.426 INFO:teuthology.orchestra.run.smithi173.stdout:/usr/bin/ceph: stdout "min_mon_release_name": "squid",
2024-05-15T13:26:35.426 INFO:teuthology.orchestra.run.smithi173.stdout:/usr/bin/ceph: stdout "num_mons": 1
2024-05-15T13:26:35.426 INFO:teuthology.orchestra.run.smithi173.stdout:/usr/bin/ceph: stdout },
2024-05-15T13:26:35.426 INFO:teuthology.orchestra.run.smithi173.stdout:/usr/bin/ceph: stdout "osdmap": {
2024-05-15T13:26:35.427 INFO:teuthology.orchestra.run.smithi173.stdout:/usr/bin/ceph: stdout "epoch": 1,
2024-05-15T13:26:35.427 INFO:teuthology.orchestra.run.smithi173.stdout:/usr/bin/ceph: stdout "num_osds": 0,
2024-05-15T13:26:35.427 INFO:teuthology.orchestra.run.smithi173.stdout:/usr/bin/ceph: stdout "num_up_osds": 0,
2024-05-15T13:26:35.427 INFO:teuthology.orchestra.run.smithi173.stdout:/usr/bin/ceph: stdout "osd_up_since": 0,
2024-05-15T13:26:35.435 INFO:teuthology.orchestra.run.smithi173.stdout:/usr/bin/ceph: stdout "num_in_osds": 0,
2024-05-15T13:26:35.435 INFO:teuthology.orchestra.run.smithi173.stdout:/usr/bin/ceph: stdout "osd_in_since": 0,
2024-05-15T13:26:35.435 INFO:teuthology.orchestra.run.smithi173.stdout:/usr/bin/ceph: stdout "num_remapped_pgs": 0
2024-05-15T13:26:35.435 INFO:teuthology.orchestra.run.smithi173.stdout:/usr/bin/ceph: stdout },
2024-05-15T13:26:35.435 INFO:teuthology.orchestra.run.smithi173.stdout:/usr/bin/ceph: stdout "pgmap": {
2024-05-15T13:26:35.435 INFO:teuthology.orchestra.run.smithi173.stdout:/usr/bin/ceph: stdout "pgs_by_state": [],
2024-05-15T13:26:35.435 INFO:teuthology.orchestra.run.smithi173.stdout:/usr/bin/ceph: stdout "num_pgs": 0,
2024-05-15T13:26:35.435 INFO:teuthology.orchestra.run.smithi173.stdout:/usr/bin/ceph: stdout "num_pools": 0,
2024-05-15T13:26:35.436 INFO:teuthology.orchestra.run.smithi173.stdout:/usr/bin/ceph: stdout "num_objects": 0,
2024-05-15T13:26:35.436 INFO:teuthology.orchestra.run.smithi173.stdout:/usr/bin/ceph: stdout "data_bytes": 0,
2024-05-15T13:26:35.436 INFO:teuthology.orchestra.run.smithi173.stdout:/usr/bin/ceph: stdout "bytes_used": 0,
2024-05-15T13:26:35.436 INFO:teuthology.orchestra.run.smithi173.stdout:/usr/bin/ceph: stdout "bytes_avail": 0,
2024-05-15T13:26:35.436 INFO:teuthology.orchestra.run.smithi173.stdout:/usr/bin/ceph: stdout "bytes_total": 0
2024-05-15T13:26:35.436 INFO:teuthology.orchestra.run.smithi173.stdout:/usr/bin/ceph: stdout },
2024-05-15T13:26:35.436 INFO:teuthology.orchestra.run.smithi173.stdout:/usr/bin/ceph: stdout "fsmap": {
2024-05-15T13:26:35.436 INFO:teuthology.orchestra.run.smithi173.stdout:/usr/bin/ceph: stdout "epoch": 1,
2024-05-15T13:26:35.436 INFO:teuthology.orchestra.run.smithi173.stdout:/usr/bin/ceph: stdout "by_rank": [],
2024-05-15T13:26:35.436 INFO:teuthology.orchestra.run.smithi173.stdout:/usr/bin/ceph: stdout "up:standby": 0
2024-05-15T13:26:35.436 INFO:teuthology.orchestra.run.smithi173.stdout:/usr/bin/ceph: stdout },
2024-05-15T13:26:35.436 INFO:teuthology.orchestra.run.smithi173.stdout:/usr/bin/ceph: stdout "mgrmap": {
2024-05-15T13:26:35.436 INFO:teuthology.orchestra.run.smithi173.stdout:/usr/bin/ceph: stdout "available": true,
2024-05-15T13:26:35.436 INFO:teuthology.orchestra.run.smithi173.stdout:/usr/bin/ceph: stdout "num_standbys": 0,
2024-05-15T13:26:35.436 INFO:teuthology.orchestra.run.smithi173.stdout:/usr/bin/ceph: stdout "modules": [
2024-05-15T13:26:35.437 INFO:teuthology.orchestra.run.smithi173.stdout:/usr/bin/ceph: stdout "iostat",
2024-05-15T13:26:35.437 INFO:teuthology.orchestra.run.smithi173.stdout:/usr/bin/ceph: stdout "nfs",
2024-05-15T13:26:35.437 INFO:teuthology.orchestra.run.smithi173.stdout:/usr/bin/ceph: stdout "restful"
2024-05-15T13:26:35.437 INFO:teuthology.orchestra.run.smithi173.stdout:/usr/bin/ceph: stdout ],
2024-05-15T13:26:35.437 INFO:teuthology.orchestra.run.smithi173.stdout:/usr/bin/ceph: stdout "services": {}
2024-05-15T13:26:35.437 INFO:teuthology.orchestra.run.smithi173.stdout:/usr/bin/ceph: stdout },
2024-05-15T13:26:35.437 INFO:teuthology.orchestra.run.smithi173.stdout:/usr/bin/ceph: stdout "servicemap": {
2024-05-15T13:26:35.437 INFO:teuthology.orchestra.run.smithi173.stdout:/usr/bin/ceph: stdout "epoch": 1,
2024-05-15T13:26:35.437 INFO:teuthology.orchestra.run.smithi173.stdout:/usr/bin/ceph: stdout "modified": "2024-05-15T13:26:16.382650+0000",
2024-05-15T13:26:35.437 INFO:teuthology.orchestra.run.smithi173.stdout:/usr/bin/ceph: stdout "services": {}
2024-05-15T13:26:35.437 INFO:teuthology.orchestra.run.smithi173.stdout:/usr/bin/ceph: stdout },
2024-05-15T13:26:35.437 INFO:teuthology.orchestra.run.smithi173.stdout:/usr/bin/ceph: stdout "progress_events": {}
2024-05-15T13:26:35.437 INFO:teuthology.orchestra.run.smithi173.stdout:/usr/bin/ceph: stdout }
2024-05-15T13:26:35.437 INFO:teuthology.orchestra.run.smithi173.stdout:/usr/bin/ceph: stderr
2024-05-15T13:26:34.588+0000 7fa9cbb3b700 1 Processor -- start
2024-05-15T13:26:35.437 INFO:teuthology.orchestra.run.smithi173.stdout:/usr/bin/ceph: stderr
2024-05-15T13:26:34.588+0000 7fa9cbb3b700 1 -- start start
2024-05-15T13:26:35.438 INFO:teuthology.orchestra.run.smithi173.stdout:/usr/bin/ceph: stderr
2024-05-15T13:26:34.588+0000 7fa9cbb3b700 1 --2- >> [v2:172.21.15.173:3300/0,v1:172.21.15.173:6789/0] conn(0x7fa9c407d6a0 0x7fa9c407bb50 unknown :-1 s=NONE pgs=0 cs=0 l=0 rev1=0 crypto rx=0 tx=0 comp rx=0 tx=0).connect
2024-05-15T13:26:35.438 INFO:teuthology.orchestra.run.smithi173.stdout:/usr/bin/ceph: stderr
2024-05-15T13:26:34.588+0000 7fa9cbb3b700 1 -- --> [v2:172.21.15.173:3300/0,v1:172.21.15.173:6789/0] -- mon_getmap magic: 0 -- 0x7fa9c407c090 con 0x7fa9c407d6a0
2024-05-15T13:26:35.438 INFO:teuthology.orchestra.run.smithi173.stdout:/usr/bin/ceph: stderr
2024-05-15T13:26:34.588+0000 7fa9c98d7700 1 --2- >> [v2:172.21.15.173:3300/0,v1:172.21.15.173:6789/0] conn(0x7fa9c407d6a0 0x7fa9c407bb50 unknown :-1 s=BANNER_CONNECTING pgs=0 cs=0 l=0 rev1=0 crypto rx=0 tx=0 comp rx=0 tx=0)._handle_peer_banner_payload supported=3 required=0
2024-05-15T13:26:35.438 INFO:teuthology.orchestra.run.smithi173.stdout:/usr/bin/ceph: stderr
2024-05-15T13:26:34.588+0000 7fa9c98d7700 1 --2- >> [v2:172.21.15.173:3300/0,v1:172.21.15.173:6789/0] conn(0x7fa9c407d6a0 0x7fa9c407bb50 unknown :-1 s=HELLO_CONNECTING pgs=0 cs=0 l=0 rev1=1 crypto rx=0 tx=0 comp rx=0 tx=0).handle_hello peer v2:172.21.15.173:3300/0 says I am v2:172.21.15.173:48332/0 (socket says 172.21.15.173:48332)
2024-05-15T13:26:35.438 INFO:teuthology.orchestra.run.smithi173.stdout:/usr/bin/ceph: stderr
2024-05-15T13:26:34.588+0000 7fa9c98d7700 1 -- 172.21.15.173:0/3822186389 learned_addr learned my addr 172.21.15.173:0/3822186389 (peer_addr_for_me v2:172.21.15.173:0/0)
2024-05-15T13:26:35.438 INFO:teuthology.orchestra.run.smithi173.stdout:/usr/bin/ceph: stderr
2024-05-15T13:26:34.588+0000 7fa9c98d7700 1 -- 172.21.15.173:0/3822186389 --> [v2:172.21.15.173:3300/0,v1:172.21.15.173:6789/0] -- mon_subscribe({config=0+,monmap=0+}) -- 0x7fa9c407c210 con 0x7fa9c407d6a0
2024-05-15T13:26:35.438 INFO:teuthology.orchestra.run.smithi173.stdout:/usr/bin/ceph: stderr
2024-05-15T13:26:34.589+0000 7fa9c98d7700 1 --2- 172.21.15.173:0/3822186389 >> [v2:172.21.15.173:3300/0,v1:172.21.15.173:6789/0] conn(0x7fa9c407d6a0 0x7fa9c407bb50 secure :-1 s=READY pgs=18 cs=0 l=1 rev1=1 crypto rx=0x7fa9bc009e80 tx=0x7fa9bc00b330 comp rx=0 tx=0).ready entity=mon.0 client_cookie=c664ffa18804e52d server_cookie=0 in_seq=0 out_seq=0
2024-05-15T13:26:35.438 INFO:teuthology.orchestra.run.smithi173.stdout:/usr/bin/ceph: stderr
2024-05-15T13:26:34.589+0000 7fa9c88d5700 1 -- 172.21.15.173:0/3822186389 <== mon.0 v2:172.21.15.173:3300/0 1 ==== mon_map magic: 0 ==== 205+0+0 (secure 0 0 0) 0x7fa9bc017070 con 0x7fa9c407d6a0
2024-05-15T13:26:35.438 INFO:teuthology.orchestra.run.smithi173.stdout:/usr/bin/ceph: stderr
2024-05-15T13:26:34.589+0000 7fa9c88d5700 1 -- 172.21.15.173:0/3822186389 <== mon.0 v2:172.21.15.173:3300/0 2 ==== config(25 keys) ==== 1032+0+0 (secure 0 0 0) 0x7fa9bc00b8c0 con 0x7fa9c407d6a0
2024-05-15T13:26:35.438 INFO:teuthology.orchestra.run.smithi173.stdout:/usr/bin/ceph: stderr
2024-05-15T13:26:34.589+0000 7fa9c88d5700 1 -- 172.21.15.173:0/3822186389 <== mon.0 v2:172.21.15.173:3300/0 3 ==== mon_map magic: 0 ==== 205+0+0 (secure 0 0 0) 0x7fa9bc004420 con 0x7fa9c407d6a0
2024-05-15T13:26:35.438 INFO:teuthology.orchestra.run.smithi173.stdout:/usr/bin/ceph: stderr
2024-05-15T13:26:34.589+0000 7fa9cbb3b700 1 -- 172.21.15.173:0/3822186389 >> [v2:172.21.15.173:3300/0,v1:172.21.15.173:6789/0] conn(0x7fa9c407d6a0 msgr2=0x7fa9c407bb50 secure :-1 s=STATE_CONNECTION_ESTABLISHED l=1).mark_down
2024-05-15T13:26:35.438 INFO:teuthology.orchestra.run.smithi173.stdout:/usr/bin/ceph: stderr
2024-05-15T13:26:34.589+0000 7fa9cbb3b700 1 --2- 172.21.15.173:0/3822186389 >> [v2:172.21.15.173:3300/0,v1:172.21.15.173:6789/0] conn(0x7fa9c407d6a0 0x7fa9c407bb50 secure :-1 s=READY pgs=18 cs=0 l=1 rev1=1 crypto rx=0x7fa9bc009e80 tx=0x7fa9bc00b330 comp rx=0 tx=0).stop
2024-05-15T13:26:35.438 INFO:teuthology.orchestra.run.smithi173.stdout:/usr/bin/ceph: stderr
2024-05-15T13:26:34.589+0000 7fa9cbb3b700 1 -- 172.21.15.173:0/3822186389 shutdown_connections
2024-05-15T13:26:35.439 INFO:teuthology.orchestra.run.smithi173.stdout:/usr/bin/ceph: stderr
2024-05-15T13:26:34.589+0000 7fa9cbb3b700 1 --2- 172.21.15.173:0/3822186389 >> [v2:172.21.15.173:3300/0,v1:172.21.15.173:6789/0] conn(0x7fa9c407d6a0 0x7fa9c407bb50 unknown :-1 s=CLOSED pgs=18 cs=0 l=1 rev1=1 crypto rx=0 tx=0 comp rx=0 tx=0).stop
2024-05-15T13:26:35.439 INFO:teuthology.orchestra.run.smithi173.stdout:/usr/bin/ceph: stderr
2024-05-15T13:26:34.589+0000 7fa9cbb3b700 1 -- 172.21.15.173:0/3822186389 >> 172.21.15.173:0/3822186389 conn(0x7fa9c4103980 msgr2=0x7fa9c4105da0 unknown :-1 s=STATE_NONE l=0).mark_down
2024-05-15T13:26:35.439 INFO:teuthology.orchestra.run.smithi173.stdout:/usr/bin/ceph: stderr
2024-05-15T13:26:34.589+0000 7fa9cbb3b700 1 -- 172.21.15.173:0/3822186389 shutdown_connections
2024-05-15T13:26:35.439 INFO:teuthology.orchestra.run.smithi173.stdout:/usr/bin/ceph: stderr
2024-05-15T13:26:34.589+0000 7fa9cbb3b700 1 -- 172.21.15.173:0/3822186389 wait complete.
2024-05-15T13:26:35.439 INFO:teuthology.orchestra.run.smithi173.stdout:/usr/bin/ceph: stderr
2024-05-15T13:26:34.590+0000 7fa9cbb3b700 1 Processor -- start
2024-05-15T13:26:35.439 INFO:teuthology.orchestra.run.smithi173.stdout:/usr/bin/ceph: stderr
2024-05-15T13:26:34.590+0000 7fa9cbb3b700 1 -- start start
2024-05-15T13:26:35.439 INFO:teuthology.orchestra.run.smithi173.stdout:/usr/bin/ceph: stderr
2024-05-15T13:26:34.590+0000 7fa9cbb3b700 1 --2- >> [v2:172.21.15.173:3300/0,v1:172.21.15.173:6789/0] conn(0x7fa9c407d6a0 0x7fa9c419e400 unknown :-1 s=NONE pgs=0 cs=0 l=1 rev1=0 crypto rx=0 tx=0 comp rx=0 tx=0).connect
2024-05-15T13:26:35.439 INFO:teuthology.orchestra.run.smithi173.stdout:/usr/bin/ceph: stderr
2024-05-15T13:26:34.590+0000 7fa9cbb3b700 1 -- --> [v2:172.21.15.173:3300/0,v1:172.21.15.173:6789/0] -- mon_getmap magic: 0 -- 0x7fa9c410e8d0 con 0x7fa9c407d6a0
2024-05-15T13:26:35.439 INFO:teuthology.orchestra.run.smithi173.stdout:/usr/bin/ceph: stderr
2024-05-15T13:26:34.590+0000 7fa9c98d7700 1 --2- >> [v2:172.21.15.173:3300/0,v1:172.21.15.173:6789/0] conn(0x7fa9c407d6a0 0x7fa9c419e400 unknown :-1 s=BANNER_CONNECTING pgs=0 cs=0 l=1 rev1=0 crypto rx=0 tx=0 comp rx=0 tx=0)._handle_peer_banner_payload supported=3 required=0
2024-05-15T13:26:35.439 INFO:teuthology.orchestra.run.smithi173.stdout:/usr/bin/ceph: stderr
2024-05-15T13:26:34.590+0000 7fa9c98d7700 1 --2- >> [v2:172.21.15.173:3300/0,v1:172.21.15.173:6789/0] conn(0x7fa9c407d6a0 0x7fa9c419e400 unknown :-1 s=HELLO_CONNECTING pgs=0 cs=0 l=1 rev1=1 crypto rx=0 tx=0 comp rx=0 tx=0).handle_hello peer v2:172.21.15.173:3300/0 says I am v2:172.21.15.173:48334/0 (socket says 172.21.15.173:48334)
2024-05-15T13:26:35.439 INFO:teuthology.orchestra.run.smithi173.stdout:/usr/bin/ceph: stderr
2024-05-15T13:26:34.590+0000 7fa9c98d7700 1 -- 172.21.15.173:0/4139047782 learned_addr learned my addr 172.21.15.173:0/4139047782 (peer_addr_for_me v2:172.21.15.173:0/0)
2024-05-15T13:26:35.439 INFO:teuthology.orchestra.run.smithi173.stdout:/usr/bin/ceph: stderr
2024-05-15T13:26:34.591+0000 7fa9c98d7700 1 -- 172.21.15.173:0/4139047782 --> [v2:172.21.15.173:3300/0,v1:172.21.15.173:6789/0] -- mon_subscribe({config=0+,monmap=0+}) -- 0x7fa9c419e940 con 0x7fa9c407d6a0
2024-05-15T13:26:35.439 INFO:teuthology.orchestra.run.smithi173.stdout:/usr/bin/ceph: stderr
2024-05-15T13:26:34.591+0000 7fa9c98d7700 1 --2- 172.21.15.173:0/4139047782 >> [v2:172.21.15.173:3300/0,v1:172.21.15.173:6789/0] conn(0x7fa9c407d6a0 0x7fa9c419e400 secure :-1 s=READY pgs=19 cs=0 l=1 rev1=1 crypto rx=0x7fa9bc009e50 tx=0x7fa9bc00bd50 comp rx=0 tx=0).ready entity=mon.0 client_cookie=0 server_cookie=0 in_seq=0 out_seq=0
2024-05-15T13:26:35.439 INFO:teuthology.orchestra.run.smithi173.stdout:/usr/bin/ceph: stderr
2024-05-15T13:26:34.591+0000 7fa9c2ffd700 1 -- 172.21.15.173:0/4139047782 <== mon.0 v2:172.21.15.173:3300/0 1 ==== mon_map magic: 0 ==== 205+0+0 (secure 0 0 0) 0x7fa9bc020020 con 0x7fa9c407d6a0
2024-05-15T13:26:35.439 INFO:teuthology.orchestra.run.smithi173.stdout:/usr/bin/ceph: stderr
2024-05-15T13:26:34.591+0000 7fa9c2ffd700 1 -- 172.21.15.173:0/4139047782 <== mon.0 v2:172.21.15.173:3300/0 2 ==== config(25 keys) ==== 1032+0+0 (secure 0 0 0) 0x7fa9bc012430 con 0x7fa9c407d6a0
2024-05-15T13:26:35.440 INFO:teuthology.orchestra.run.smithi173.stdout:/usr/bin/ceph: stderr
2024-05-15T13:26:34.591+0000 7fa9c2ffd700 1 -- 172.21.15.173:0/4139047782 <== mon.0 v2:172.21.15.173:3300/0 3 ==== mon_map magic: 0 ==== 205+0+0 (secure 0 0 0) 0x7fa9bc017040 con 0x7fa9c407d6a0
2024-05-15T13:26:35.440 INFO:teuthology.orchestra.run.smithi173.stdout:/usr/bin/ceph: stderr
2024-05-15T13:26:34.591+0000 7fa9cbb3b700 1 -- 172.21.15.173:0/4139047782 --> [v2:172.21.15.173:3300/0,v1:172.21.15.173:6789/0] -- mon_subscribe({mgrmap=0+}) -- 0x7fa9c419ebd0 con 0x7fa9c407d6a0
2024-05-15T13:26:35.440 INFO:teuthology.orchestra.run.smithi173.stdout:/usr/bin/ceph: stderr
2024-05-15T13:26:34.591+0000 7fa9cbb3b700 1 -- 172.21.15.173:0/4139047782 --> [v2:172.21.15.173:3300/0,v1:172.21.15.173:6789/0] -- mon_subscribe({osdmap=0}) -- 0x7fa9c41a18c0 con 0x7fa9c407d6a0
2024-05-15T13:26:35.440 INFO:teuthology.orchestra.run.smithi173.stdout:/usr/bin/ceph: stderr
2024-05-15T13:26:34.592+0000 7fa9cbb3b700 1 -- 172.21.15.173:0/4139047782 --> [v2:172.21.15.173:3300/0,v1:172.21.15.173:6789/0] -- mon_command({"prefix": "get_command_descriptions"} v 0) -- 0x7fa9c4064ba0 con 0x7fa9c407d6a0
2024-05-15T13:26:35.440 INFO:teuthology.orchestra.run.smithi173.stdout:/usr/bin/ceph: stderr
2024-05-15T13:26:34.592+0000 7fa9c2ffd700 1 -- 172.21.15.173:0/4139047782 <== mon.0 v2:172.21.15.173:3300/0 4 ==== mgrmap(e 4) ==== 50211+0+0 (secure 0 0 0) 0x7fa9bc023020 con 0x7fa9c407d6a0
2024-05-15T13:26:35.440 INFO:teuthology.orchestra.run.smithi173.stdout:/usr/bin/ceph: stderr
2024-05-15T13:26:34.592+0000 7fa9c2ffd700 1 --2- 172.21.15.173:0/4139047782 >> [v2:172.21.15.173:6800/2970666094,v1:172.21.15.173:6801/2970666094] conn(0x7fa9ac03e3d0 0x7fa9ac040890 unknown :-1 s=NONE pgs=0 cs=0 l=1 rev1=0 crypto rx=0 tx=0 comp rx=0 tx=0).connect
2024-05-15T13:26:35.440 INFO:teuthology.orchestra.run.smithi173.stdout:/usr/bin/ceph: stderr
2024-05-15T13:26:34.592+0000 7fa9c2ffd700 1 -- 172.21.15.173:0/4139047782 <== mon.0 v2:172.21.15.173:3300/0 5 ==== osd_map(1..1 src has 1..1) ==== 725+0+0 (secure 0 0 0) 0x7fa9bc00f050 con 0x7fa9c407d6a0
2024-05-15T13:26:35.440 INFO:teuthology.orchestra.run.smithi173.stdout:/usr/bin/ceph: stderr
2024-05-15T13:26:34.592+0000 7fa9c90d6700 1 --2- 172.21.15.173:0/4139047782 >> [v2:172.21.15.173:6800/2970666094,v1:172.21.15.173:6801/2970666094] conn(0x7fa9ac03e3d0 0x7fa9ac040890 unknown :-1 s=BANNER_CONNECTING pgs=0 cs=0 l=1 rev1=0 crypto rx=0 tx=0 comp rx=0 tx=0)._handle_peer_banner_payload supported=3 required=0
2024-05-15T13:26:35.440 INFO:teuthology.orchestra.run.smithi173.stdout:/usr/bin/ceph: stderr
2024-05-15T13:26:34.593+0000 7fa9c90d6700 1 --2- 172.21.15.173:0/4139047782 >> [v2:172.21.15.173:6800/2970666094,v1:172.21.15.173:6801/2970666094] conn(0x7fa9ac03e3d0 0x7fa9ac040890 secure :-1 s=READY pgs=6 cs=0 l=1 rev1=1 crypto rx=0x7fa9b8006fd0 tx=0x7fa9b8006e40 comp rx=0 tx=0).ready entity=mgr.14100 client_cookie=0 server_cookie=0 in_seq=0 out_seq=0
2024-05-15T13:26:35.440 INFO:teuthology.orchestra.run.smithi173.stdout:/usr/bin/ceph: stderr
2024-05-15T13:26:34.598+0000 7fa9c2ffd700 1 -- 172.21.15.173:0/4139047782 <== mon.0 v2:172.21.15.173:3300/0 6 ==== mon_command_ack([{"prefix": "get_command_descriptions"}]=0 v0) ==== 72+0+191963 (secure 0 0 0) 0x7fa9bc02a020 con 0x7fa9c407d6a0
2024-05-15T13:26:35.440 INFO:teuthology.orchestra.run.smithi173.stdout:/usr/bin/ceph: stderr
2024-05-15T13:26:34.892+0000 7fa9cbb3b700 1 -- 172.21.15.173:0/4139047782 --> [v2:172.21.15.173:3300/0,v1:172.21.15.173:6789/0] -- mon_command({"prefix": "status", "format": "json-pretty"} v 0) -- 0x7fa9c41a1a90 con 0x7fa9c407d6a0
2024-05-15T13:26:35.440 INFO:teuthology.orchestra.run.smithi173.stdout:/usr/bin/ceph: stderr
2024-05-15T13:26:34.893+0000 7fa9c2ffd700 1 -- 172.21.15.173:0/4139047782 <== mon.0 v2:172.21.15.173:3300/0 7 ==== mon_command_ack([{"prefix": "status", "format": "json-pretty"}]=0 v0) ==== 79+0+1239 (secure 0 0 0) 0x7fa9c41a1a90 con 0x7fa9c407d6a0
2024-05-15T13:26:35.440 INFO:teuthology.orchestra.run.smithi173.stdout:/usr/bin/ceph: stderr
2024-05-15T13:26:34.895+0000 7fa9cbb3b700 1 -- 172.21.15.173:0/4139047782 >> [v2:172.21.15.173:6800/2970666094,v1:172.21.15.173:6801/2970666094] conn(0x7fa9ac03e3d0 msgr2=0x7fa9ac040890 secure :-1 s=STATE_CONNECTION_ESTABLISHED l=1).mark_down
2024-05-15T13:26:35.440 INFO:teuthology.orchestra.run.smithi173.stdout:/usr/bin/ceph: stderr
2024-05-15T13:26:34.895+0000 7fa9cbb3b700 1 --2- 172.21.15.173:0/4139047782 >> [v2:172.21.15.173:6800/2970666094,v1:172.21.15.173:6801/2970666094] conn(0x7fa9ac03e3d0 0x7fa9ac040890 secure :-1 s=READY pgs=6 cs=0 l=1 rev1=1 crypto rx=0x7fa9b8006fd0 tx=0x7fa9b8006e40 comp rx=0 tx=0).stop
2024-05-15T13:26:35.441 INFO:teuthology.orchestra.run.smithi173.stdout:/usr/bin/ceph: stderr
2024-05-15T13:26:34.895+0000 7fa9cbb3b700 1 -- 172.21.15.173:0/4139047782 >> [v2:172.21.15.173:3300/0,v1:172.21.15.173:6789/0] conn(0x7fa9c407d6a0 msgr2=0x7fa9c419e400 secure :-1 s=STATE_CONNECTION_ESTABLISHED l=1).mark_down
2024-05-15T13:26:35.441 INFO:teuthology.orchestra.run.smithi173.stdout:/usr/bin/ceph: stderr
2024-05-15T13:26:34.895+0000 7fa9cbb3b700 1 --2- 172.21.15.173:0/4139047782 >> [v2:172.21.15.173:3300/0,v1:172.21.15.173:6789/0] conn(0x7fa9c407d6a0 0x7fa9c419e400 secure :-1 s=READY pgs=19 cs=0 l=1 rev1=1 crypto rx=0x7fa9bc009e50 tx=0x7fa9bc00bd50 comp rx=0 tx=0).stop
2024-05-15T13:26:35.441 INFO:teuthology.orchestra.run.smithi173.stdout:/usr/bin/ceph: stderr
2024-05-15T13:26:34.895+0000 7fa9cbb3b700 1 -- 172.21.15.173:0/4139047782 shutdown_connections
2024-05-15T13:26:35.441 INFO:teuthology.orchestra.run.smithi173.stdout:/usr/bin/ceph: stderr
2024-05-15T13:26:34.895+0000 7fa9cbb3b700 1 --2- 172.21.15.173:0/4139047782 >> [v2:172.21.15.173:6800/2970666094,v1:172.21.15.173:6801/2970666094] conn(0x7fa9ac03e3d0 0x7fa9ac040890 unknown :-1 s=CLOSED pgs=6 cs=0 l=1 rev1=1 crypto rx=0 tx=0 comp rx=0 tx=0).stop
2024-05-15T13:26:35.441 INFO:teuthology.orchestra.run.smithi173.stdout:/usr/bin/ceph: stderr
2024-05-15T13:26:34.895+0000 7fa9cbb3b700 1 --2- 172.21.15.173:0/4139047782 >> [v2:172.21.15.173:3300/0,v1:172.21.15.173:6789/0] conn(0x7fa9c407d6a0 0x7fa9c419e400 unknown :-1 s=CLOSED pgs=19 cs=0 l=1 rev1=1 crypto rx=0 tx=0 comp rx=0 tx=0).stop
2024-05-15T13:26:35.441 INFO:teuthology.orchestra.run.smithi173.stdout:/usr/bin/ceph: stderr
2024-05-15T13:26:34.895+0000 7fa9cbb3b700 1 -- 172.21.15.173:0/4139047782 >> 172.21.15.173:0/4139047782 conn(0x7fa9c4103980 msgr2=0x7fa9c4104430 unknown :-1 s=STATE_NONE l=0).mark_down
2024-05-15T13:26:35.441 INFO:teuthology.orchestra.run.smithi173.stdout:/usr/bin/ceph: stderr
2024-05-15T13:26:34.895+0000 7fa9cbb3b700 1 -- 172.21.15.173:0/4139047782 shutdown_connections
2024-05-15T13:26:35.441 INFO:teuthology.orchestra.run.smithi173.stdout:/usr/bin/ceph: stderr
2024-05-15T13:26:34.895+0000 7fa9cbb3b700 1 -- 172.21.15.173:0/4139047782 wait complete.
2024-05-15T13:26:35.441 INFO:teuthology.orchestra.run.smithi173.stdout:mgr is available
2024-05-15T13:26:35.942 INFO:journalctl@ceph.mon.a.smithi173.stdout:May 15 13:26:35 smithi173 ceph-mon[28863]: from='client.? 172.21.15.173:0/4139047782' entity='client.admin' cmd=[{"prefix": "status", "format": "json-pretty"}]: dispatch
2024-05-15T13:26:36.720 INFO:teuthology.orchestra.run.smithi173.stdout:/usr/bin/ceph: stdout
2024-05-15T13:26:36.720 INFO:teuthology.orchestra.run.smithi173.stdout:/usr/bin/ceph: stdout [global]
2024-05-15T13:26:36.720 INFO:teuthology.orchestra.run.smithi173.stdout:/usr/bin/ceph: stdout fsid = 923cf4ac-12be-11ef-bc98-c7b262605968
2024-05-15T13:26:36.720 INFO:teuthology.orchestra.run.smithi173.stdout:/usr/bin/ceph: stdout mon_cluster_log_file_level = debug
2024-05-15T13:26:36.720 INFO:teuthology.orchestra.run.smithi173.stdout:/usr/bin/ceph: stdout mon_osd_allow_pg_remap = true
2024-05-15T13:26:36.720 INFO:teuthology.orchestra.run.smithi173.stdout:/usr/bin/ceph: stdout mon_osd_allow_primary_affinity = true
2024-05-15T13:26:36.720 INFO:teuthology.orchestra.run.smithi173.stdout:/usr/bin/ceph: stdout mon_warn_on_no_sortbitwise = false
2024-05-15T13:26:36.720 INFO:teuthology.orchestra.run.smithi173.stdout:/usr/bin/ceph: stdout osd_crush_chooseleaf_type = 0
2024-05-15T13:26:36.720 INFO:teuthology.orchestra.run.smithi173.stdout:/usr/bin/ceph: stdout
2024-05-15T13:26:36.720 INFO:teuthology.orchestra.run.smithi173.stdout:/usr/bin/ceph: stdout [mgr]
2024-05-15T13:26:36.720 INFO:teuthology.orchestra.run.smithi173.stdout:/usr/bin/ceph: stdout mgr/telemetry/nag = false
2024-05-15T13:26:36.720 INFO:teuthology.orchestra.run.smithi173.stdout:/usr/bin/ceph: stdout
2024-05-15T13:26:36.720 INFO:teuthology.orchestra.run.smithi173.stdout:/usr/bin/ceph: stdout [osd]
2024-05-15T13:26:36.721 INFO:teuthology.orchestra.run.smithi173.stdout:/usr/bin/ceph: stdout osd_map_max_advance = 10
2024-05-15T13:26:36.721 INFO:teuthology.orchestra.run.smithi173.stdout:/usr/bin/ceph: stdout osd_sloppy_crc = true
2024-05-15T13:26:36.721 INFO:teuthology.orchestra.run.smithi173.stdout:/usr/bin/ceph: stderr
2024-05-15T13:26:35.821+0000 7ff1cab46700 1 Processor -- start
2024-05-15T13:26:36.721 INFO:teuthology.orchestra.run.smithi173.stdout:/usr/bin/ceph: stderr
2024-05-15T13:26:35.821+0000 7ff1cab46700 1 -- start start
2024-05-15T13:26:36.721 INFO:teuthology.orchestra.run.smithi173.stdout:/usr/bin/ceph: stderr
2024-05-15T13:26:35.821+0000 7ff1cab46700 1 --2- >> [v2:172.21.15.173:3300/0,v1:172.21.15.173:6789/0] conn(0x7ff1c41083c0 0x7ff1c41087e0 unknown :-1 s=NONE pgs=0 cs=0 l=0 rev1=0 crypto rx=0 tx=0 comp rx=0 tx=0).connect
2024-05-15T13:26:36.721 INFO:teuthology.orchestra.run.smithi173.stdout:/usr/bin/ceph: stderr
2024-05-15T13:26:35.821+0000 7ff1cab46700 1 -- --> [v2:172.21.15.173:3300/0,v1:172.21.15.173:6789/0] -- mon_getmap magic: 0 -- 0x7ff1c4108db0 con 0x7ff1c41083c0
2024-05-15T13:26:36.721 INFO:teuthology.orchestra.run.smithi173.stdout:/usr/bin/ceph: stderr
2024-05-15T13:26:35.821+0000 7ff1c88e2700 1 --2- >> [v2:172.21.15.173:3300/0,v1:172.21.15.173:6789/0] conn(0x7ff1c41083c0 0x7ff1c41087e0 unknown :-1 s=BANNER_CONNECTING pgs=0 cs=0 l=0 rev1=0 crypto rx=0 tx=0 comp rx=0 tx=0)._handle_peer_banner_payload supported=3 required=0
2024-05-15T13:26:36.721 INFO:teuthology.orchestra.run.smithi173.stdout:/usr/bin/ceph: stderr
2024-05-15T13:26:35.821+0000 7ff1c88e2700 1 --2- >> [v2:172.21.15.173:3300/0,v1:172.21.15.173:6789/0] conn(0x7ff1c41083c0 0x7ff1c41087e0 unknown :-1 s=HELLO_CONNECTING pgs=0 cs=0 l=0 rev1=1 crypto rx=0 tx=0 comp rx=0 tx=0).handle_hello peer v2:172.21.15.173:3300/0 says I am v2:172.21.15.173:59566/0 (socket says 172.21.15.173:59566)
2024-05-15T13:26:36.721 INFO:teuthology.orchestra.run.smithi173.stdout:/usr/bin/ceph: stderr
2024-05-15T13:26:35.821+0000 7ff1c88e2700 1 -- 172.21.15.173:0/76955477 learned_addr learned my addr 172.21.15.173:0/76955477 (peer_addr_for_me v2:172.21.15.173:0/0)
2024-05-15T13:26:36.721 INFO:teuthology.orchestra.run.smithi173.stdout:/usr/bin/ceph: stderr
2024-05-15T13:26:35.821+0000 7ff1c88e2700 1 -- 172.21.15.173:0/76955477 --> [v2:172.21.15.173:3300/0,v1:172.21.15.173:6789/0] -- mon_subscribe({config=0+,monmap=0+}) -- 0x7ff1c4109570 con 0x7ff1c41083c0
2024-05-15T13:26:36.721 INFO:teuthology.orchestra.run.smithi173.stdout:/usr/bin/ceph: stderr
2024-05-15T13:26:35.822+0000 7ff1c88e2700 1 --2- 172.21.15.173:0/76955477 >> [v2:172.21.15.173:3300/0,v1:172.21.15.173:6789/0] conn(0x7ff1c41083c0 0x7ff1c41087e0 secure :-1 s=READY pgs=20 cs=0 l=1 rev1=1 crypto rx=0x7ff1b80098a0 tx=0x7ff1b8009bb0 comp rx=0 tx=0).ready entity=mon.0 client_cookie=f3ab644da3e272fb server_cookie=0 in_seq=0 out_seq=0
2024-05-15T13:26:36.721 INFO:teuthology.orchestra.run.smithi173.stdout:/usr/bin/ceph: stderr
2024-05-15T13:26:35.822+0000 7ff1c37fe700 1 -- 172.21.15.173:0/76955477 <== mon.0 v2:172.21.15.173:3300/0 1 ==== mon_map magic: 0 ==== 205+0+0 (secure 0 0 0) 0x7ff1b8004160 con 0x7ff1c41083c0
2024-05-15T13:26:36.721 INFO:teuthology.orchestra.run.smithi173.stdout:/usr/bin/ceph: stderr
2024-05-15T13:26:35.822+0000 7ff1c37fe700 1 -- 172.21.15.173:0/76955477 <== mon.0 v2:172.21.15.173:3300/0 2 ==== config(25 keys) ==== 1032+0+0 (secure 0 0 0) 0x7ff1b8004300 con 0x7ff1c41083c0
2024-05-15T13:26:36.721 INFO:teuthology.orchestra.run.smithi173.stdout:/usr/bin/ceph: stderr
2024-05-15T13:26:35.822+0000 7ff1c37fe700 1 -- 172.21.15.173:0/76955477 <== mon.0 v2:172.21.15.173:3300/0 3 ==== mon_map magic: 0 ==== 205+0+0 (secure 0 0 0) 0x7ff1b80119e0 con 0x7ff1c41083c0
2024-05-15T13:26:36.721 INFO:teuthology.orchestra.run.smithi173.stdout:/usr/bin/ceph: stderr
2024-05-15T13:26:35.822+0000 7ff1cab46700 1 -- 172.21.15.173:0/76955477 >> [v2:172.21.15.173:3300/0,v1:172.21.15.173:6789/0] conn(0x7ff1c41083c0 msgr2=0x7ff1c41087e0 secure :-1 s=STATE_CONNECTION_ESTABLISHED l=1).mark_down
2024-05-15T13:26:36.722 INFO:teuthology.orchestra.run.smithi173.stdout:/usr/bin/ceph: stderr
2024-05-15T13:26:35.822+0000 7ff1cab46700 1 --2- 172.21.15.173:0/76955477 >> [v2:172.21.15.173:3300/0,v1:172.21.15.173:6789/0] conn(0x7ff1c41083c0 0x7ff1c41087e0 secure :-1 s=READY pgs=20 cs=0 l=1 rev1=1 crypto rx=0x7ff1b80098a0 tx=0x7ff1b8009bb0 comp rx=0 tx=0).stop
2024-05-15T13:26:36.722 INFO:teuthology.orchestra.run.smithi173.stdout:/usr/bin/ceph: stderr
2024-05-15T13:26:35.822+0000 7ff1cab46700 1 -- 172.21.15.173:0/76955477 shutdown_connections
2024-05-15T13:26:36.722 INFO:teuthology.orchestra.run.smithi173.stdout:/usr/bin/ceph: stderr
2024-05-15T13:26:35.822+0000 7ff1cab46700 1 --2- 172.21.15.173:0/76955477 >> [v2:172.21.15.173:3300/0,v1:172.21.15.173:6789/0] conn(0x7ff1c41083c0 0x7ff1c41087e0 unknown :-1 s=CLOSED pgs=20 cs=0 l=1 rev1=1 crypto rx=0 tx=0 comp rx=0 tx=0).stop
2024-05-15T13:26:36.722 INFO:teuthology.orchestra.run.smithi173.stdout:/usr/bin/ceph: stderr
2024-05-15T13:26:35.822+0000 7ff1cab46700 1 -- 172.21.15.173:0/76955477 >> 172.21.15.173:0/76955477 conn(0x7ff1c4103980 msgr2=0x7ff1c4105da0 unknown :-1 s=STATE_NONE l=0).mark_down
2024-05-15T13:26:36.722 INFO:teuthology.orchestra.run.smithi173.stdout:/usr/bin/ceph: stderr
2024-05-15T13:26:35.822+0000 7ff1cab46700 1 -- 172.21.15.173:0/76955477 shutdown_connections
2024-05-15T13:26:36.722 INFO:teuthology.orchestra.run.smithi173.stdout:/usr/bin/ceph: stderr
2024-05-15T13:26:35.822+0000 7ff1cab46700 1 -- 172.21.15.173:0/76955477 wait complete.
2024-05-15T13:26:36.722 INFO:teuthology.orchestra.run.smithi173.stdout:/usr/bin/ceph: stderr
2024-05-15T13:26:35.823+0000 7ff1cab46700 1 Processor -- start
2024-05-15T13:26:36.722 INFO:teuthology.orchestra.run.smithi173.stdout:/usr/bin/ceph: stderr
2024-05-15T13:26:35.823+0000 7ff1cab46700 1 -- start start
2024-05-15T13:26:36.722 INFO:teuthology.orchestra.run.smithi173.stdout:/usr/bin/ceph: stderr
2024-05-15T13:26:35.823+0000 7ff1cab46700 1 --2- >> [v2:172.21.15.173:3300/0,v1:172.21.15.173:6789/0] conn(0x7ff1c41083c0 0x7ff1c419c200 unknown :-1 s=NONE pgs=0 cs=0 l=1 rev1=0 crypto rx=0 tx=0 comp rx=0 tx=0).connect
2024-05-15T13:26:36.722 INFO:teuthology.orchestra.run.smithi173.stdout:/usr/bin/ceph: stderr
2024-05-15T13:26:35.823+0000 7ff1cab46700 1 -- --> [v2:172.21.15.173:3300/0,v1:172.21.15.173:6789/0] -- mon_getmap magic: 0 -- 0x7ff1c410c7a0 con 0x7ff1c41083c0
2024-05-15T13:26:36.722 INFO:teuthology.orchestra.run.smithi173.stdout:/usr/bin/ceph: stderr
2024-05-15T13:26:35.823+0000 7ff1c88e2700 1 --2- >> [v2:172.21.15.173:3300/0,v1:172.21.15.173:6789/0] conn(0x7ff1c41083c0 0x7ff1c419c200 unknown :-1 s=BANNER_CONNECTING pgs=0 cs=0 l=1 rev1=0 crypto rx=0 tx=0 comp rx=0 tx=0)._handle_peer_banner_payload supported=3 required=0
2024-05-15T13:26:36.722 INFO:teuthology.orchestra.run.smithi173.stdout:/usr/bin/ceph: stderr
2024-05-15T13:26:35.823+0000 7ff1c88e2700 1 --2- >> [v2:172.21.15.173:3300/0,v1:172.21.15.173:6789/0] conn(0x7ff1c41083c0 0x7ff1c419c200 unknown :-1 s=HELLO_CONNECTING pgs=0 cs=0 l=1 rev1=1 crypto rx=0 tx=0 comp rx=0 tx=0).handle_hello peer v2:172.21.15.173:3300/0 says I am v2:172.21.15.173:59580/0 (socket says 172.21.15.173:59580)
2024-05-15T13:26:36.722 INFO:teuthology.orchestra.run.smithi173.stdout:/usr/bin/ceph: stderr
2024-05-15T13:26:35.823+0000 7ff1c88e2700 1 -- 172.21.15.173:0/2609688406 learned_addr learned my addr 172.21.15.173:0/2609688406 (peer_addr_for_me v2:172.21.15.173:0/0)
2024-05-15T13:26:36.722 INFO:teuthology.orchestra.run.smithi173.stdout:/usr/bin/ceph: stderr
2024-05-15T13:26:35.823+0000 7ff1c88e2700 1 -- 172.21.15.173:0/2609688406 --> [v2:172.21.15.173:3300/0,v1:172.21.15.173:6789/0] -- mon_subscribe({config=0+,monmap=0+}) -- 0x7ff1c419c740 con 0x7ff1c41083c0
2024-05-15T13:26:36.722 INFO:teuthology.orchestra.run.smithi173.stdout:/usr/bin/ceph: stderr
2024-05-15T13:26:35.823+0000 7ff1c88e2700 1 --2- 172.21.15.173:0/2609688406 >> [v2:172.21.15.173:3300/0,v1:172.21.15.173:6789/0] conn(0x7ff1c41083c0 0x7ff1c419c200 secure :-1 s=READY pgs=21 cs=0 l=1 rev1=1 crypto rx=0x7ff1b80119b0 tx=0x7ff1b8011a90 comp rx=0 tx=0).ready entity=mon.0 client_cookie=0 server_cookie=0 in_seq=0 out_seq=0
2024-05-15T13:26:36.723 INFO:teuthology.orchestra.run.smithi173.stdout:/usr/bin/ceph: stderr
2024-05-15T13:26:35.824+0000 7ff1c1ffb700 1 -- 172.21.15.173:0/2609688406 <== mon.0 v2:172.21.15.173:3300/0 1 ==== mon_map magic: 0 ==== 205+0+0 (secure 0 0 0) 0x7ff1b8003b70 con 0x7ff1c41083c0
2024-05-15T13:26:36.723 INFO:teuthology.orchestra.run.smithi173.stdout:/usr/bin/ceph: stderr
2024-05-15T13:26:35.824+0000 7ff1c1ffb700 1 -- 172.21.15.173:0/2609688406 <== mon.0 v2:172.21.15.173:3300/0 2 ==== config(25 keys) ==== 1032+0+0 (secure 0 0 0) 0x7ff1b801a8a0 con 0x7ff1c41083c0
2024-05-15T13:26:36.723 INFO:teuthology.orchestra.run.smithi173.stdout:/usr/bin/ceph: stderr
2024-05-15T13:26:35.824+0000 7ff1cab46700 1 -- 172.21.15.173:0/2609688406 --> [v2:172.21.15.173:3300/0,v1:172.21.15.173:6789/0] -- mon_subscribe({mgrmap=0+}) -- 0x7ff1c419c9d0 con 0x7ff1c41083c0
2024-05-15T13:26:36.723 INFO:teuthology.orchestra.run.smithi173.stdout:/usr/bin/ceph: stderr
2024-05-15T13:26:35.824+0000 7ff1c1ffb700 1 -- 172.21.15.173:0/2609688406 <== mon.0 v2:172.21.15.173:3300/0 3 ==== mon_map magic: 0 ==== 205+0+0 (secure 0 0 0) 0x7ff1b8024830 con 0x7ff1c41083c0
2024-05-15T13:26:36.725 INFO:teuthology.orchestra.run.smithi173.stdout:/usr/bin/ceph: stderr
2024-05-15T13:26:35.824+0000 7ff1cab46700 1 -- 172.21.15.173:0/2609688406 --> [v2:172.21.15.173:3300/0,v1:172.21.15.173:6789/0] -- mon_subscribe({osdmap=0}) -- 0x7ff1c419f6c0 con 0x7ff1c41083c0
2024-05-15T13:26:36.726 INFO:teuthology.orchestra.run.smithi173.stdout:/usr/bin/ceph: stderr
2024-05-15T13:26:35.825+0000 7ff1c1ffb700 1 -- 172.21.15.173:0/2609688406 <== mon.0 v2:172.21.15.173:3300/0 4 ==== mgrmap(e 4) ==== 50211+0+0 (secure 0 0 0) 0x7ff1b8022020 con 0x7ff1c41083c0
2024-05-15T13:26:36.726 INFO:teuthology.orchestra.run.smithi173.stdout:/usr/bin/ceph: stderr
2024-05-15T13:26:35.825+0000 7ff1c1ffb700 1 --2- 172.21.15.173:0/2609688406 >> [v2:172.21.15.173:6800/2970666094,v1:172.21.15.173:6801/2970666094] conn(0x7ff1b403e3d0 0x7ff1b4040890 unknown :-1 s=NONE pgs=0 cs=0 l=1 rev1=0 crypto rx=0 tx=0 comp rx=0 tx=0).connect
2024-05-15T13:26:36.726 INFO:teuthology.orchestra.run.smithi173.stdout:/usr/bin/ceph: stderr
2024-05-15T13:26:35.825+0000 7ff1cab46700 1 -- 172.21.15.173:0/2609688406 --> [v2:172.21.15.173:3300/0,v1:172.21.15.173:6789/0] -- mon_command({"prefix": "get_command_descriptions"} v 0) -- 0x7ff1c4064ba0 con 0x7ff1c41083c0
2024-05-15T13:26:36.726 INFO:teuthology.orchestra.run.smithi173.stdout:/usr/bin/ceph: stderr
2024-05-15T13:26:35.825+0000 7ff1c1ffb700 1 -- 172.21.15.173:0/2609688406 <== mon.0 v2:172.21.15.173:3300/0 5 ==== osd_map(1..1 src has 1..1) ==== 725+0+0 (secure 0 0 0) 0x7ff1b8053730 con 0x7ff1c41083c0
2024-05-15T13:26:36.726 INFO:teuthology.orchestra.run.smithi173.stdout:/usr/bin/ceph: stderr
2024-05-15T13:26:35.825+0000 7ff1c3fff700 1 --2- 172.21.15.173:0/2609688406 >> [v2:172.21.15.173:6800/2970666094,v1:172.21.15.173:6801/2970666094] conn(0x7ff1b403e3d0 0x7ff1b4040890 unknown :-1 s=BANNER_CONNECTING pgs=0 cs=0 l=1 rev1=0 crypto rx=0 tx=0 comp rx=0 tx=0)._handle_peer_banner_payload supported=3 required=0
2024-05-15T13:26:36.726 INFO:teuthology.orchestra.run.smithi173.stdout:/usr/bin/ceph: stderr
2024-05-15T13:26:35.825+0000 7ff1c3fff700 1 --2- 172.21.15.173:0/2609688406 >> [v2:172.21.15.173:6800/2970666094,v1:172.21.15.173:6801/2970666094] conn(0x7ff1b403e3d0 0x7ff1b4040890 secure :-1 s=READY pgs=7 cs=0 l=1 rev1=1 crypto rx=0x7ff1b0006fd0 tx=0x7ff1b0006e40 comp rx=0 tx=0).ready entity=mgr.14100 client_cookie=0 server_cookie=0 in_seq=0 out_seq=0
2024-05-15T13:26:36.726 INFO:teuthology.orchestra.run.smithi173.stdout:/usr/bin/ceph: stderr
2024-05-15T13:26:35.830+0000 7ff1c1ffb700 1 -- 172.21.15.173:0/2609688406 <== mon.0 v2:172.21.15.173:3300/0 6 ==== mon_command_ack([{"prefix": "get_command_descriptions"}]=0 v0) ==== 72+0+191963 (secure 0 0 0) 0x7ff1b8015e80 con 0x7ff1c41083c0
2024-05-15T13:26:36.726 INFO:teuthology.orchestra.run.smithi173.stdout:/usr/bin/ceph: stderr
2024-05-15T13:26:36.032+0000 7ff1cab46700 1 -- 172.21.15.173:0/2609688406 --> [v2:172.21.15.173:3300/0,v1:172.21.15.173:6789/0] -- mon_command({"prefix": "config assimilate-conf"} v 0) -- 0x7ff1c419f890 con 0x7ff1c41083c0
2024-05-15T13:26:36.726 INFO:teuthology.orchestra.run.smithi173.stdout:/usr/bin/ceph: stderr
2024-05-15T13:26:36.033+0000 7ff1c1ffb700 1 -- 172.21.15.173:0/2609688406 <== mon.0 v2:172.21.15.173:3300/0 7 ==== mon_command_ack([{"prefix": "config assimilate-conf"}]=0 v3) ==== 70+0+318 (secure 0 0 0) 0x7ff1c419f890 con 0x7ff1c41083c0
2024-05-15T13:26:36.726 INFO:teuthology.orchestra.run.smithi173.stdout:/usr/bin/ceph: stderr
2024-05-15T13:26:36.036+0000 7ff1cab46700 1 -- 172.21.15.173:0/2609688406 >> [v2:172.21.15.173:6800/2970666094,v1:172.21.15.173:6801/2970666094] conn(0x7ff1b403e3d0 msgr2=0x7ff1b4040890 secure :-1 s=STATE_CONNECTION_ESTABLISHED l=1).mark_down
2024-05-15T13:26:36.726 INFO:teuthology.orchestra.run.smithi173.stdout:/usr/bin/ceph: stderr
2024-05-15T13:26:36.036+0000 7ff1cab46700 1 --2- 172.21.15.173:0/2609688406 >> [v2:172.21.15.173:6800/2970666094,v1:172.21.15.173:6801/2970666094] conn(0x7ff1b403e3d0 0x7ff1b4040890 secure :-1 s=READY pgs=7 cs=0 l=1 rev1=1 crypto rx=0x7ff1b0006fd0 tx=0x7ff1b0006e40 comp rx=0 tx=0).stop
2024-05-15T13:26:36.727 INFO:teuthology.orchestra.run.smithi173.stdout:/usr/bin/ceph: stderr
2024-05-15T13:26:36.036+0000 7ff1cab46700 1 -- 172.21.15.173:0/2609688406 >> [v2:172.21.15.173:3300/0,v1:172.21.15.173:6789/0] conn(0x7ff1c41083c0 msgr2=0x7ff1c419c200 secure :-1 s=STATE_CONNECTION_ESTABLISHED l=1).mark_down
2024-05-15T13:26:36.727 INFO:teuthology.orchestra.run.smithi173.stdout:/usr/bin/ceph: stderr
2024-05-15T13:26:36.036+0000 7ff1cab46700 1 --2- 172.21.15.173:0/2609688406 >> [v2:172.21.15.173:3300/0,v1:172.21.15.173:6789/0] conn(0x7ff1c41083c0 0x7ff1c419c200 secure :-1 s=READY pgs=21 cs=0 l=1 rev1=1 crypto rx=0x7ff1b80119b0 tx=0x7ff1b8011a90 comp rx=0 tx=0).stop
2024-05-15T13:26:36.727 INFO:teuthology.orchestra.run.smithi173.stdout:/usr/bin/ceph: stderr
2024-05-15T13:26:36.036+0000 7ff1cab46700 1 -- 172.21.15.173:0/2609688406 shutdown_connections
2024-05-15T13:26:36.727 INFO:teuthology.orchestra.run.smithi173.stdout:/usr/bin/ceph: stderr
2024-05-15T13:26:36.036+0000 7ff1cab46700 1 --2- 172.21.15.173:0/2609688406 >> [v2:172.21.15.173:6800/2970666094,v1:172.21.15.173:6801/2970666094] conn(0x7ff1b403e3d0 0x7ff1b4040890 unknown :-1 s=CLOSED pgs=7 cs=0 l=1 rev1=1 crypto rx=0 tx=0 comp rx=0 tx=0).stop
2024-05-15T13:26:36.727 INFO:teuthology.orchestra.run.smithi173.stdout:/usr/bin/ceph: stderr
2024-05-15T13:26:36.036+0000 7ff1cab46700 1 --2- 172.21.15.173:0/2609688406 >> [v2:172.21.15.173:3300/0,v1:172.21.15.173:6789/0] conn(0x7ff1c41083c0 0x7ff1c419c200 unknown :-1 s=CLOSED pgs=21 cs=0 l=1 rev1=1 crypto rx=0 tx=0 comp rx=0 tx=0).stop
2024-05-15T13:26:36.727 INFO:teuthology.orchestra.run.smithi173.stdout:/usr/bin/ceph: stderr
2024-05-15T13:26:36.036+0000 7ff1cab46700 1 -- 172.21.15.173:0/2609688406 >> 172.21.15.173:0/2609688406 conn(0x7ff1c4103980 msgr2=0x7ff1c4104420 unknown :-1 s=STATE_NONE l=0).mark_down
2024-05-15T13:26:36.727 INFO:teuthology.orchestra.run.smithi173.stdout:/usr/bin/ceph: stderr
2024-05-15T13:26:36.036+0000 7ff1cab46700 1 -- 172.21.15.173:0/2609688406 shutdown_connections
2024-05-15T13:26:36.727 INFO:teuthology.orchestra.run.smithi173.stdout:/usr/bin/ceph: stderr
2024-05-15T13:26:36.036+0000 7ff1cab46700 1 -- 172.21.15.173:0/2609688406 wait complete.
2024-05-15T13:26:36.727 INFO:teuthology.orchestra.run.smithi173.stdout:Enabling cephadm module...
2024-05-15T13:26:37.005 INFO:journalctl@ceph.mon.a.smithi173.stdout:May 15 13:26:36 smithi173 ceph-mon[28863]: from='client.? 172.21.15.173:0/2609688406' entity='client.admin' cmd=[{"prefix": "config assimilate-conf"}]: dispatch
2024-05-15T13:26:38.064 INFO:journalctl@ceph.mon.a.smithi173.stdout:May 15 13:26:37 smithi173 ceph-mon[28863]: from='client.? 172.21.15.173:0/730069768' entity='client.admin' cmd=[{"prefix": "mgr module enable", "module": "cephadm"}]: dispatch
2024-05-15T13:26:38.065 INFO:journalctl@ceph.mgr.x.smithi173.stdout:May 15 13:26:37 smithi173 ceph-923cf4ac-12be-11ef-bc98-c7b262605968-mgr-x[29088]: ignoring --setuser ceph since I am not root
2024-05-15T13:26:38.065 INFO:journalctl@ceph.mgr.x.smithi173.stdout:May 15 13:26:37 smithi173 ceph-923cf4ac-12be-11ef-bc98-c7b262605968-mgr-x[29088]: ignoring --setgroup ceph since I am not root
2024-05-15T13:26:38.065 INFO:journalctl@ceph.mgr.x.smithi173.stdout:May 15 13:26:38 smithi173 ceph-923cf4ac-12be-11ef-bc98-c7b262605968-mgr-x[29088]:
2024-05-15T13:26:38.063+0000 7f187d1eb200 -1 mgr[py] Module balancer has missing NOTIFY_TYPES member
2024-05-15T13:26:38.363 INFO:journalctl@ceph.mgr.x.smithi173.stdout:May 15 13:26:38 smithi173 ceph-923cf4ac-12be-11ef-bc98-c7b262605968-mgr-x[29088]:
2024-05-15T13:26:38.257+0000 7f187d1eb200 -1 mgr[py] Module orchestrator has missing NOTIFY_TYPES member
2024-05-15T13:26:38.363 INFO:journalctl@ceph.mgr.x.smithi173.stdout:May 15 13:26:38 smithi173 ceph-923cf4ac-12be-11ef-bc98-c7b262605968-mgr-x[29088]:
2024-05-15T13:26:38.361+0000 7f187d1eb200 -1 mgr[py] Module snap_schedule has missing NOTIFY_TYPES member
2024-05-15T13:26:38.492 INFO:teuthology.orchestra.run.smithi173.stdout:/usr/bin/ceph: stderr
2024-05-15T13:26:37.104+0000 7fe638ff7700 1 Processor -- start
2024-05-15T13:26:38.492 INFO:teuthology.orchestra.run.smithi173.stdout:/usr/bin/ceph: stderr
2024-05-15T13:26:37.104+0000 7fe638ff7700 1 -- start start
2024-05-15T13:26:38.492 INFO:teuthology.orchestra.run.smithi173.stdout:/usr/bin/ceph: stderr
2024-05-15T13:26:37.104+0000 7fe638ff7700 1 --2- >> [v2:172.21.15.173:3300/0,v1:172.21.15.173:6789/0] conn(0x7fe634108380 0x7fe6341087a0 unknown :-1 s=NONE pgs=0 cs=0 l=0 rev1=0 crypto rx=0 tx=0 comp rx=0 tx=0).connect
2024-05-15T13:26:38.492 INFO:teuthology.orchestra.run.smithi173.stdout:/usr/bin/ceph: stderr
2024-05-15T13:26:37.104+0000 7fe638ff7700 1 -- --> [v2:172.21.15.173:3300/0,v1:172.21.15.173:6789/0] -- mon_getmap magic: 0 -- 0x7fe634108d70 con 0x7fe634108380
2024-05-15T13:26:38.492 INFO:teuthology.orchestra.run.smithi173.stdout:/usr/bin/ceph: stderr
