2024-05-15T13:26:49.943 INFO:journalctl@ceph.mgr.x.smithi173.stdout:May 15 13:26:49 smithi173 ceph-923cf4ac-12be-11ef-bc98-c7b262605968-mgr-x[29088]: | E * S . |
2024-05-15T13:26:49.943 INFO:journalctl@ceph.mgr.x.smithi173.stdout:May 15 13:26:49 smithi173 ceph-923cf4ac-12be-11ef-bc98-c7b262605968-mgr-x[29088]: | = o o o |
2024-05-15T13:26:49.943 INFO:journalctl@ceph.mgr.x.smithi173.stdout:May 15 13:26:49 smithi173 ceph-923cf4ac-12be-11ef-bc98-c7b262605968-mgr-x[29088]: | + + . |
2024-05-15T13:26:49.944 INFO:journalctl@ceph.mgr.x.smithi173.stdout:May 15 13:26:49 smithi173 ceph-923cf4ac-12be-11ef-bc98-c7b262605968-mgr-x[29088]: | = . |
2024-05-15T13:26:49.944 INFO:journalctl@ceph.mgr.x.smithi173.stdout:May 15 13:26:49 smithi173 ceph-923cf4ac-12be-11ef-bc98-c7b262605968-mgr-x[29088]: | .o.o. |
2024-05-15T13:26:49.944 INFO:journalctl@ceph.mgr.x.smithi173.stdout:May 15 13:26:49 smithi173 ceph-923cf4ac-12be-11ef-bc98-c7b262605968-mgr-x[29088]: +----[SHA256]-----+
2024-05-15T13:26:50.260 INFO:teuthology.orchestra.run.smithi173.stdout:/usr/bin/ceph: stderr
2024-05-15T13:26:49.395+0000 7fbb4e659700 1 Processor -- start
2024-05-15T13:26:50.260 INFO:teuthology.orchestra.run.smithi173.stdout:/usr/bin/ceph: stderr
2024-05-15T13:26:49.395+0000 7fbb4e659700 1 -- start start
2024-05-15T13:26:50.260 INFO:teuthology.orchestra.run.smithi173.stdout:/usr/bin/ceph: stderr
2024-05-15T13:26:49.395+0000 7fbb4e659700 1 --2- >> [v2:172.21.15.173:3300/0,v1:172.21.15.173:6789/0] conn(0x7fbb481083c0 0x7fbb481087e0 unknown :-1 s=NONE pgs=0 cs=0 l=0 rev1=0 crypto rx=0 tx=0 comp rx=0 tx=0).connect
2024-05-15T13:26:50.260 INFO:teuthology.orchestra.run.smithi173.stdout:/usr/bin/ceph: stderr
2024-05-15T13:26:49.395+0000 7fbb4e659700 1 -- --> [v2:172.21.15.173:3300/0,v1:172.21.15.173:6789/0] -- mon_getmap magic: 0 -- 0x7fbb48108db0 con 0x7fbb481083c0
2024-05-15T13:26:50.260 INFO:teuthology.orchestra.run.smithi173.stdout:/usr/bin/ceph: stderr
2024-05-15T13:26:49.396+0000 7fbb47fff700 1 --2- >> [v2:172.21.15.173:3300/0,v1:172.21.15.173:6789/0] conn(0x7fbb481083c0 0x7fbb481087e0 unknown :-1 s=BANNER_CONNECTING pgs=0 cs=0 l=0 rev1=0 crypto rx=0 tx=0 comp rx=0 tx=0)._handle_peer_banner_payload supported=3 required=0
2024-05-15T13:26:50.260 INFO:teuthology.orchestra.run.smithi173.stdout:/usr/bin/ceph: stderr
2024-05-15T13:26:49.396+0000 7fbb47fff700 1 --2- >> [v2:172.21.15.173:3300/0,v1:172.21.15.173:6789/0] conn(0x7fbb481083c0 0x7fbb481087e0 unknown :-1 s=HELLO_CONNECTING pgs=0 cs=0 l=0 rev1=1 crypto rx=0 tx=0 comp rx=0 tx=0).handle_hello peer v2:172.21.15.173:3300/0 says I am v2:172.21.15.173:41652/0 (socket says 172.21.15.173:41652)
2024-05-15T13:26:50.260 INFO:teuthology.orchestra.run.smithi173.stdout:/usr/bin/ceph: stderr
2024-05-15T13:26:49.396+0000 7fbb47fff700 1 -- 172.21.15.173:0/1541368762 learned_addr learned my addr 172.21.15.173:0/1541368762 (peer_addr_for_me v2:172.21.15.173:0/0)
2024-05-15T13:26:50.260 INFO:teuthology.orchestra.run.smithi173.stdout:/usr/bin/ceph: stderr
2024-05-15T13:26:49.396+0000 7fbb47fff700 1 -- 172.21.15.173:0/1541368762 --> [v2:172.21.15.173:3300/0,v1:172.21.15.173:6789/0] -- mon_subscribe({config=0+,monmap=0+}) -- 0x7fbb48109570 con 0x7fbb481083c0
2024-05-15T13:26:50.260 INFO:teuthology.orchestra.run.smithi173.stdout:/usr/bin/ceph: stderr
2024-05-15T13:26:49.396+0000 7fbb47fff700 1 --2- 172.21.15.173:0/1541368762 >> [v2:172.21.15.173:3300/0,v1:172.21.15.173:6789/0] conn(0x7fbb481083c0 0x7fbb481087e0 secure :-1 s=READY pgs=41 cs=0 l=1 rev1=1 crypto rx=0x7fbb380098a0 tx=0x7fbb38009bb0 comp rx=0 tx=0).ready entity=mon.0 client_cookie=728ad1eda58ef4e3 server_cookie=0 in_seq=0 out_seq=0
2024-05-15T13:26:50.260 INFO:teuthology.orchestra.run.smithi173.stdout:/usr/bin/ceph: stderr
2024-05-15T13:26:49.396+0000 7fbb477fe700 1 -- 172.21.15.173:0/1541368762 <== mon.0 v2:172.21.15.173:3300/0 1 ==== mon_map magic: 0 ==== 205+0+0 (secure 0 0 0) 0x7fbb38004160 con 0x7fbb481083c0
2024-05-15T13:26:50.260 INFO:teuthology.orchestra.run.smithi173.stdout:/usr/bin/ceph: stderr
2024-05-15T13:26:49.396+0000 7fbb477fe700 1 -- 172.21.15.173:0/1541368762 <== mon.0 v2:172.21.15.173:3300/0 2 ==== config(25 keys) ==== 1032+0+0 (secure 0 0 0) 0x7fbb38004300 con 0x7fbb481083c0
2024-05-15T13:26:50.261 INFO:teuthology.orchestra.run.smithi173.stdout:/usr/bin/ceph: stderr
2024-05-15T13:26:49.396+0000 7fbb477fe700 1 -- 172.21.15.173:0/1541368762 <== mon.0 v2:172.21.15.173:3300/0 3 ==== mon_map magic: 0 ==== 205+0+0 (secure 0 0 0) 0x7fbb380119e0 con 0x7fbb481083c0
2024-05-15T13:26:50.261 INFO:teuthology.orchestra.run.smithi173.stdout:/usr/bin/ceph: stderr
2024-05-15T13:26:49.397+0000 7fbb4e659700 1 -- 172.21.15.173:0/1541368762 >> [v2:172.21.15.173:3300/0,v1:172.21.15.173:6789/0] conn(0x7fbb481083c0 msgr2=0x7fbb481087e0 secure :-1 s=STATE_CONNECTION_ESTABLISHED l=1).mark_down
2024-05-15T13:26:50.261 INFO:teuthology.orchestra.run.smithi173.stdout:/usr/bin/ceph: stderr
2024-05-15T13:26:49.397+0000 7fbb4e659700 1 --2- 172.21.15.173:0/1541368762 >> [v2:172.21.15.173:3300/0,v1:172.21.15.173:6789/0] conn(0x7fbb481083c0 0x7fbb481087e0 secure :-1 s=READY pgs=41 cs=0 l=1 rev1=1 crypto rx=0x7fbb380098a0 tx=0x7fbb38009bb0 comp rx=0 tx=0).stop
2024-05-15T13:26:50.261 INFO:teuthology.orchestra.run.smithi173.stdout:/usr/bin/ceph: stderr
2024-05-15T13:26:49.397+0000 7fbb4e659700 1 -- 172.21.15.173:0/1541368762 shutdown_connections
2024-05-15T13:26:50.261 INFO:teuthology.orchestra.run.smithi173.stdout:/usr/bin/ceph: stderr
2024-05-15T13:26:49.397+0000 7fbb4e659700 1 --2- 172.21.15.173:0/1541368762 >> [v2:172.21.15.173:3300/0,v1:172.21.15.173:6789/0] conn(0x7fbb481083c0 0x7fbb481087e0 unknown :-1 s=CLOSED pgs=41 cs=0 l=1 rev1=1 crypto rx=0 tx=0 comp rx=0 tx=0).stop
2024-05-15T13:26:50.261 INFO:teuthology.orchestra.run.smithi173.stdout:/usr/bin/ceph: stderr
2024-05-15T13:26:49.397+0000 7fbb4e659700 1 -- 172.21.15.173:0/1541368762 >> 172.21.15.173:0/1541368762 conn(0x7fbb48103980 msgr2=0x7fbb48105da0 unknown :-1 s=STATE_NONE l=0).mark_down
2024-05-15T13:26:50.261 INFO:teuthology.orchestra.run.smithi173.stdout:/usr/bin/ceph: stderr
2024-05-15T13:26:49.397+0000 7fbb4e659700 1 -- 172.21.15.173:0/1541368762 shutdown_connections
2024-05-15T13:26:50.261 INFO:teuthology.orchestra.run.smithi173.stdout:/usr/bin/ceph: stderr
2024-05-15T13:26:49.397+0000 7fbb4e659700 1 -- 172.21.15.173:0/1541368762 wait complete.
2024-05-15T13:26:50.261 INFO:teuthology.orchestra.run.smithi173.stdout:/usr/bin/ceph: stderr
2024-05-15T13:26:49.397+0000 7fbb4e659700 1 Processor -- start
2024-05-15T13:26:50.261 INFO:teuthology.orchestra.run.smithi173.stdout:/usr/bin/ceph: stderr
2024-05-15T13:26:49.398+0000 7fbb4e659700 1 -- start start
2024-05-15T13:26:50.261 INFO:teuthology.orchestra.run.smithi173.stdout:/usr/bin/ceph: stderr
2024-05-15T13:26:49.398+0000 7fbb4e659700 1 --2- >> [v2:172.21.15.173:3300/0,v1:172.21.15.173:6789/0] conn(0x7fbb481083c0 0x7fbb4807d3e0 unknown :-1 s=NONE pgs=0 cs=0 l=1 rev1=0 crypto rx=0 tx=0 comp rx=0 tx=0).connect
2024-05-15T13:26:50.261 INFO:teuthology.orchestra.run.smithi173.stdout:/usr/bin/ceph: stderr
2024-05-15T13:26:49.398+0000 7fbb4e659700 1 -- --> [v2:172.21.15.173:3300/0,v1:172.21.15.173:6789/0] -- mon_getmap magic: 0 -- 0x7fbb4810c7a0 con 0x7fbb481083c0
2024-05-15T13:26:50.261 INFO:teuthology.orchestra.run.smithi173.stdout:/usr/bin/ceph: stderr
2024-05-15T13:26:49.398+0000 7fbb47fff700 1 --2- >> [v2:172.21.15.173:3300/0,v1:172.21.15.173:6789/0] conn(0x7fbb481083c0 0x7fbb4807d3e0 unknown :-1 s=BANNER_CONNECTING pgs=0 cs=0 l=1 rev1=0 crypto rx=0 tx=0 comp rx=0 tx=0)._handle_peer_banner_payload supported=3 required=0
2024-05-15T13:26:50.261 INFO:teuthology.orchestra.run.smithi173.stdout:/usr/bin/ceph: stderr
2024-05-15T13:26:49.398+0000 7fbb47fff700 1 --2- >> [v2:172.21.15.173:3300/0,v1:172.21.15.173:6789/0] conn(0x7fbb481083c0 0x7fbb4807d3e0 unknown :-1 s=HELLO_CONNECTING pgs=0 cs=0 l=1 rev1=1 crypto rx=0 tx=0 comp rx=0 tx=0).handle_hello peer v2:172.21.15.173:3300/0 says I am v2:172.21.15.173:41660/0 (socket says 172.21.15.173:41660)
2024-05-15T13:26:50.262 INFO:teuthology.orchestra.run.smithi173.stdout:/usr/bin/ceph: stderr
2024-05-15T13:26:49.398+0000 7fbb47fff700 1 -- 172.21.15.173:0/449898468 learned_addr learned my addr 172.21.15.173:0/449898468 (peer_addr_for_me v2:172.21.15.173:0/0)
2024-05-15T13:26:50.262 INFO:teuthology.orchestra.run.smithi173.stdout:/usr/bin/ceph: stderr
2024-05-15T13:26:49.398+0000 7fbb47fff700 1 -- 172.21.15.173:0/449898468 --> [v2:172.21.15.173:3300/0,v1:172.21.15.173:6789/0] -- mon_subscribe({config=0+,monmap=0+}) -- 0x7fbb4807d920 con 0x7fbb481083c0
2024-05-15T13:26:50.262 INFO:teuthology.orchestra.run.smithi173.stdout:/usr/bin/ceph: stderr
2024-05-15T13:26:49.398+0000 7fbb47fff700 1 --2- 172.21.15.173:0/449898468 >> [v2:172.21.15.173:3300/0,v1:172.21.15.173:6789/0] conn(0x7fbb481083c0 0x7fbb4807d3e0 secure :-1 s=READY pgs=42 cs=0 l=1 rev1=1 crypto rx=0x7fbb38006b20 tx=0x7fbb38011a60 comp rx=0 tx=0).ready entity=mon.0 client_cookie=0 server_cookie=0 in_seq=0 out_seq=0
2024-05-15T13:26:50.262 INFO:teuthology.orchestra.run.smithi173.stdout:/usr/bin/ceph: stderr
2024-05-15T13:26:49.398+0000 7fbb45ffb700 1 -- 172.21.15.173:0/449898468 <== mon.0 v2:172.21.15.173:3300/0 1 ==== mon_map magic: 0 ==== 205+0+0 (secure 0 0 0) 0x7fbb38003a60 con 0x7fbb481083c0
2024-05-15T13:26:50.262 INFO:teuthology.orchestra.run.smithi173.stdout:/usr/bin/ceph: stderr
2024-05-15T13:26:49.398+0000 7fbb45ffb700 1 -- 172.21.15.173:0/449898468 <== mon.0 v2:172.21.15.173:3300/0 2 ==== config(25 keys) ==== 1032+0+0 (secure 0 0 0) 0x7fbb38003c00 con 0x7fbb481083c0
2024-05-15T13:26:50.262 INFO:teuthology.orchestra.run.smithi173.stdout:/usr/bin/ceph: stderr
2024-05-15T13:26:49.398+0000 7fbb4e659700 1 -- 172.21.15.173:0/449898468 --> [v2:172.21.15.173:3300/0,v1:172.21.15.173:6789/0] -- mon_subscribe({mgrmap=0+}) -- 0x7fbb4807bb10 con 0x7fbb481083c0
2024-05-15T13:26:50.262 INFO:teuthology.orchestra.run.smithi173.stdout:/usr/bin/ceph: stderr
2024-05-15T13:26:49.398+0000 7fbb45ffb700 1 -- 172.21.15.173:0/449898468 <== mon.0 v2:172.21.15.173:3300/0 3 ==== mon_map magic: 0 ==== 205+0+0 (secure 0 0 0) 0x7fbb38024780 con 0x7fbb481083c0
2024-05-15T13:26:50.262 INFO:teuthology.orchestra.run.smithi173.stdout:/usr/bin/ceph: stderr
2024-05-15T13:26:49.398+0000 7fbb4e659700 1 -- 172.21.15.173:0/449898468 --> [v2:172.21.15.173:3300/0,v1:172.21.15.173:6789/0] -- mon_subscribe({osdmap=0}) -- 0x7fbb4807c050 con 0x7fbb481083c0
2024-05-15T13:26:50.262 INFO:teuthology.orchestra.run.smithi173.stdout:/usr/bin/ceph: stderr
2024-05-15T13:26:49.399+0000 7fbb45ffb700 1 -- 172.21.15.173:0/449898468 <== mon.0 v2:172.21.15.173:3300/0 4 ==== mgrmap(e 8) ==== 50222+0+0 (secure 0 0 0) 0x7fbb38022020 con 0x7fbb481083c0
2024-05-15T13:26:50.262 INFO:teuthology.orchestra.run.smithi173.stdout:/usr/bin/ceph: stderr
2024-05-15T13:26:49.399+0000 7fbb4e659700 1 -- 172.21.15.173:0/449898468 --> [v2:172.21.15.173:3300/0,v1:172.21.15.173:6789/0] -- mon_command({"prefix": "get_command_descriptions"} v 0) -- 0x7fbb48064ba0 con 0x7fbb481083c0
2024-05-15T13:26:50.262 INFO:teuthology.orchestra.run.smithi173.stdout:/usr/bin/ceph: stderr
2024-05-15T13:26:49.399+0000 7fbb45ffb700 1 --2- 172.21.15.173:0/449898468 >> [v2:172.21.15.173:6800/471825298,v1:172.21.15.173:6801/471825298] conn(0x7fbb3403e4c0 0x7fbb34040980 unknown :-1 s=NONE pgs=0 cs=0 l=1 rev1=0 crypto rx=0 tx=0 comp rx=0 tx=0).connect
2024-05-15T13:26:50.262 INFO:teuthology.orchestra.run.smithi173.stdout:/usr/bin/ceph: stderr
2024-05-15T13:26:49.400+0000 7fbb45ffb700 1 -- 172.21.15.173:0/449898468 <== mon.0 v2:172.21.15.173:3300/0 5 ==== osd_map(2..2 src has 1..2) ==== 940+0+0 (secure 0 0 0) 0x7fbb380539d0 con 0x7fbb481083c0
2024-05-15T13:26:50.262 INFO:teuthology.orchestra.run.smithi173.stdout:/usr/bin/ceph: stderr
2024-05-15T13:26:49.400+0000 7fbb3ffff700 1 --2- 172.21.15.173:0/449898468 >> [v2:172.21.15.173:6800/471825298,v1:172.21.15.173:6801/471825298] conn(0x7fbb3403e4c0 0x7fbb34040980 unknown :-1 s=BANNER_CONNECTING pgs=0 cs=0 l=1 rev1=0 crypto rx=0 tx=0 comp rx=0 tx=0)._handle_peer_banner_payload supported=3 required=0
2024-05-15T13:26:50.262 INFO:teuthology.orchestra.run.smithi173.stdout:/usr/bin/ceph: stderr
2024-05-15T13:26:49.400+0000 7fbb3ffff700 1 --2- 172.21.15.173:0/449898468 >> [v2:172.21.15.173:6800/471825298,v1:172.21.15.173:6801/471825298] conn(0x7fbb3403e4c0 0x7fbb34040980 secure :-1 s=READY pgs=9 cs=0 l=1 rev1=1 crypto rx=0x7fbb30006fd0 tx=0x7fbb30006e40 comp rx=0 tx=0).ready entity=mgr.14120 client_cookie=0 server_cookie=0 in_seq=0 out_seq=0
2024-05-15T13:26:50.263 INFO:teuthology.orchestra.run.smithi173.stdout:/usr/bin/ceph: stderr
2024-05-15T13:26:49.405+0000 7fbb45ffb700 1 -- 172.21.15.173:0/449898468 <== mon.0 v2:172.21.15.173:3300/0 6 ==== mon_command_ack([{"prefix": "get_command_descriptions"}]=0 v0) ==== 72+0+191963 (secure 0 0 0) 0x7fbb380249e0 con 0x7fbb481083c0
2024-05-15T13:26:50.263 INFO:teuthology.orchestra.run.smithi173.stdout:/usr/bin/ceph: stderr
2024-05-15T13:26:49.610+0000 7fbb4e659700 1 -- 172.21.15.173:0/449898468 --> [v2:172.21.15.173:6800/471825298,v1:172.21.15.173:6801/471825298] -- mgr_command(tid 0: {"prefix": "cephadm generate-key", "target": ["mon-mgr", ""]}) -- 0x7fbb48104b30 con 0x7fbb3403e4c0
2024-05-15T13:26:50.263 INFO:teuthology.orchestra.run.smithi173.stdout:/usr/bin/ceph: stderr
2024-05-15T13:26:49.727+0000 7fbb45ffb700 1 -- 172.21.15.173:0/449898468 <== mgr.14120 v2:172.21.15.173:6800/471825298 1 ==== mgr_command_reply(tid 0: 0 ) ==== 8+0+0 (secure 0 0 0) 0x7fbb48104b30 con 0x7fbb3403e4c0
2024-05-15T13:26:50.263 INFO:teuthology.orchestra.run.smithi173.stdout:/usr/bin/ceph: stderr
2024-05-15T13:26:49.729+0000 7fbb4e659700 1 -- 172.21.15.173:0/449898468 >> [v2:172.21.15.173:6800/471825298,v1:172.21.15.173:6801/471825298] conn(0x7fbb3403e4c0 msgr2=0x7fbb34040980 secure :-1 s=STATE_CONNECTION_ESTABLISHED l=1).mark_down
2024-05-15T13:26:50.263 INFO:teuthology.orchestra.run.smithi173.stdout:/usr/bin/ceph: stderr
2024-05-15T13:26:49.729+0000 7fbb4e659700 1 --2- 172.21.15.173:0/449898468 >> [v2:172.21.15.173:6800/471825298,v1:172.21.15.173:6801/471825298] conn(0x7fbb3403e4c0 0x7fbb34040980 secure :-1 s=READY pgs=9 cs=0 l=1 rev1=1 crypto rx=0x7fbb30006fd0 tx=0x7fbb30006e40 comp rx=0 tx=0).stop
2024-05-15T13:26:50.263 INFO:teuthology.orchestra.run.smithi173.stdout:/usr/bin/ceph: stderr
2024-05-15T13:26:49.729+0000 7fbb4e659700 1 -- 172.21.15.173:0/449898468 >> [v2:172.21.15.173:3300/0,v1:172.21.15.173:6789/0] conn(0x7fbb481083c0 msgr2=0x7fbb4807d3e0 secure :-1 s=STATE_CONNECTION_ESTABLISHED l=1).mark_down
2024-05-15T13:26:50.263 INFO:teuthology.orchestra.run.smithi173.stdout:/usr/bin/ceph: stderr
2024-05-15T13:26:49.729+0000 7fbb4e659700 1 --2- 172.21.15.173:0/449898468 >> [v2:172.21.15.173:3300/0,v1:172.21.15.173:6789/0] conn(0x7fbb481083c0 0x7fbb4807d3e0 secure :-1 s=READY pgs=42 cs=0 l=1 rev1=1 crypto rx=0x7fbb38006b20 tx=0x7fbb38011a60 comp rx=0 tx=0).stop
2024-05-15T13:26:50.263 INFO:teuthology.orchestra.run.smithi173.stdout:/usr/bin/ceph: stderr
2024-05-15T13:26:49.730+0000 7fbb4e659700 1 -- 172.21.15.173:0/449898468 shutdown_connections
2024-05-15T13:26:50.263 INFO:teuthology.orchestra.run.smithi173.stdout:/usr/bin/ceph: stderr
2024-05-15T13:26:49.730+0000 7fbb4e659700 1 --2- 172.21.15.173:0/449898468 >> [v2:172.21.15.173:6800/471825298,v1:172.21.15.173:6801/471825298] conn(0x7fbb3403e4c0 0x7fbb34040980 unknown :-1 s=CLOSED pgs=9 cs=0 l=1 rev1=1 crypto rx=0 tx=0 comp rx=0 tx=0).stop
2024-05-15T13:26:50.263 INFO:teuthology.orchestra.run.smithi173.stdout:/usr/bin/ceph: stderr
2024-05-15T13:26:49.730+0000 7fbb4e659700 1 --2- 172.21.15.173:0/449898468 >> [v2:172.21.15.173:3300/0,v1:172.21.15.173:6789/0] conn(0x7fbb481083c0 0x7fbb4807d3e0 unknown :-1 s=CLOSED pgs=42 cs=0 l=1 rev1=1 crypto rx=0 tx=0 comp rx=0 tx=0).stop
2024-05-15T13:26:50.263 INFO:teuthology.orchestra.run.smithi173.stdout:/usr/bin/ceph: stderr
2024-05-15T13:26:49.730+0000 7fbb4e659700 1 -- 172.21.15.173:0/449898468 >> 172.21.15.173:0/449898468 conn(0x7fbb48103980 msgr2=0x7fbb48104420 unknown :-1 s=STATE_NONE l=0).mark_down
2024-05-15T13:26:50.263 INFO:teuthology.orchestra.run.smithi173.stdout:/usr/bin/ceph: stderr
2024-05-15T13:26:49.730+0000 7fbb4e659700 1 -- 172.21.15.173:0/449898468 shutdown_connections
2024-05-15T13:26:50.263 INFO:teuthology.orchestra.run.smithi173.stdout:/usr/bin/ceph: stderr
2024-05-15T13:26:49.730+0000 7fbb4e659700 1 -- 172.21.15.173:0/449898468 wait complete.
2024-05-15T13:26:51.192 INFO:journalctl@ceph.mon.a.smithi173.stdout:May 15 13:26:50 smithi173 ceph-mon[28863]: from='client.14136 -' entity='client.admin' cmd=[{"prefix": "cephadm generate-key", "target": ["mon-mgr", ""]}]: dispatch
2024-05-15T13:26:51.192 INFO:journalctl@ceph.mon.a.smithi173.stdout:May 15 13:26:50 smithi173 ceph-mon[28863]: Generating ssh key...
2024-05-15T13:26:51.192 INFO:journalctl@ceph.mon.a.smithi173.stdout:May 15 13:26:50 smithi173 ceph-mon[28863]: from='mgr.14120 172.21.15.173:0/149178658' entity='mgr.x'
2024-05-15T13:26:51.192 INFO:journalctl@ceph.mon.a.smithi173.stdout:May 15 13:26:50 smithi173 ceph-mon[28863]: from='mgr.14120 172.21.15.173:0/149178658' entity='mgr.x'
2024-05-15T13:26:51.418 INFO:teuthology.orchestra.run.smithi173.stdout:/usr/bin/ceph: stdout ssh-rsa AAAAB3NzaC1yc2EAAAADAQABAAABgQCw7NPfWSqbi5hcv43aSTADec2RejzpwT+RK2YwBxH79+5wkB2RmY17tFpanUSbmq97J1PIR+hPqN2Y6p44DTQO0+8IatoYx3O7V7xx0Y+wKiyMckcHtcE33ZIvZxP6B5MXvxRQIXHTVGZLtO8sFTtQoYXJW5kgHFET7AFzH+ouhtvbvNyALBmuKWKwuhr8vYarCcZfZXVXDP8WxpH74xAbkD01cKpXU6RxTj4InFeS1dN5fJ6i1kmU2nz8i8RpdCPLfxPZyHRmtNvrAQDbmvmCFcGKw+PziJMzziTWOKCL45Le29USG2pfttWtwr8YpPqFR01G7v17ikGPV7juJiGG6H4D0QiD7FmD1IlCnvQM7ljN7LQ3MDx4TEXThIrk5yZdqO2CQ6js7lO7TiGn4ydtyjcYOn/v/Re+Z+xB4SWi8mkoAH654AIjB7x7rpB4W9niV2HupOo3BzFF18G0sdyns4VLd7+clUdu7E/l4i7XCzgIpcX/bZAUb1ukjaHhw7c= ceph-923cf4ac-12be-11ef-bc98-c7b262605968
2024-05-15T13:26:51.419 INFO:teuthology.orchestra.run.smithi173.stdout:/usr/bin/ceph: stderr
2024-05-15T13:26:50.652+0000 7f58226c4700 1 Processor -- start
2024-05-15T13:26:51.419 INFO:teuthology.orchestra.run.smithi173.stdout:/usr/bin/ceph: stderr
2024-05-15T13:26:50.652+0000 7f58226c4700 1 -- start start
2024-05-15T13:26:51.419 INFO:teuthology.orchestra.run.smithi173.stdout:/usr/bin/ceph: stderr
2024-05-15T13:26:50.652+0000 7f58226c4700 1 --2- >> [v2:172.21.15.173:3300/0,v1:172.21.15.173:6789/0] conn(0x7f581c108380 0x7f581c1087a0 unknown :-1 s=NONE pgs=0 cs=0 l=0 rev1=0 crypto rx=0 tx=0 comp rx=0 tx=0).connect
2024-05-15T13:26:51.419 INFO:teuthology.orchestra.run.smithi173.stdout:/usr/bin/ceph: stderr
2024-05-15T13:26:50.652+0000 7f58226c4700 1 -- --> [v2:172.21.15.173:3300/0,v1:172.21.15.173:6789/0] -- mon_getmap magic: 0 -- 0x7f581c108d70 con 0x7f581c108380
2024-05-15T13:26:51.419 INFO:teuthology.orchestra.run.smithi173.stdout:/usr/bin/ceph: stderr
2024-05-15T13:26:50.653+0000 7f581bfff700 1 --2- >> [v2:172.21.15.173:3300/0,v1:172.21.15.173:6789/0] conn(0x7f581c108380 0x7f581c1087a0 unknown :-1 s=BANNER_CONNECTING pgs=0 cs=0 l=0 rev1=0 crypto rx=0 tx=0 comp rx=0 tx=0)._handle_peer_banner_payload supported=3 required=0
2024-05-15T13:26:51.419 INFO:teuthology.orchestra.run.smithi173.stdout:/usr/bin/ceph: stderr
2024-05-15T13:26:50.653+0000 7f581bfff700 1 --2- >> [v2:172.21.15.173:3300/0,v1:172.21.15.173:6789/0] conn(0x7f581c108380 0x7f581c1087a0 unknown :-1 s=HELLO_CONNECTING pgs=0 cs=0 l=0 rev1=1 crypto rx=0 tx=0 comp rx=0 tx=0).handle_hello peer v2:172.21.15.173:3300/0 says I am v2:172.21.15.173:41672/0 (socket says 172.21.15.173:41672)
2024-05-15T13:26:51.419 INFO:teuthology.orchestra.run.smithi173.stdout:/usr/bin/ceph: stderr
2024-05-15T13:26:50.653+0000 7f581bfff700 1 -- 172.21.15.173:0/1250989154 learned_addr learned my addr 172.21.15.173:0/1250989154 (peer_addr_for_me v2:172.21.15.173:0/0)
2024-05-15T13:26:51.419 INFO:teuthology.orchestra.run.smithi173.stdout:/usr/bin/ceph: stderr
2024-05-15T13:26:50.653+0000 7f581bfff700 1 -- 172.21.15.173:0/1250989154 --> [v2:172.21.15.173:3300/0,v1:172.21.15.173:6789/0] -- mon_subscribe({config=0+,monmap=0+}) -- 0x7f581c109580 con 0x7f581c108380
2024-05-15T13:26:51.419 INFO:teuthology.orchestra.run.smithi173.stdout:/usr/bin/ceph: stderr
2024-05-15T13:26:50.653+0000 7f581bfff700 1 --2- 172.21.15.173:0/1250989154 >> [v2:172.21.15.173:3300/0,v1:172.21.15.173:6789/0] conn(0x7f581c108380 0x7f581c1087a0 secure :-1 s=READY pgs=43 cs=0 l=1 rev1=1 crypto rx=0x7f580c0098a0 tx=0x7f580c009bb0 comp rx=0 tx=0).ready entity=mon.0 client_cookie=c45fb391bc90b67a server_cookie=0 in_seq=0 out_seq=0
2024-05-15T13:26:51.419 INFO:teuthology.orchestra.run.smithi173.stdout:/usr/bin/ceph: stderr
2024-05-15T13:26:50.653+0000 7f581b7fe700 1 -- 172.21.15.173:0/1250989154 <== mon.0 v2:172.21.15.173:3300/0 1 ==== mon_map magic: 0 ==== 205+0+0 (secure 0 0 0) 0x7f580c004160 con 0x7f581c108380
2024-05-15T13:26:51.419 INFO:teuthology.orchestra.run.smithi173.stdout:/usr/bin/ceph: stderr
2024-05-15T13:26:50.653+0000 7f581b7fe700 1 -- 172.21.15.173:0/1250989154 <== mon.0 v2:172.21.15.173:3300/0 2 ==== config(25 keys) ==== 1032+0+0 (secure 0 0 0) 0x7f580c004300 con 0x7f581c108380
2024-05-15T13:26:51.420 INFO:teuthology.orchestra.run.smithi173.stdout:/usr/bin/ceph: stderr
2024-05-15T13:26:50.653+0000 7f581b7fe700 1 -- 172.21.15.173:0/1250989154 <== mon.0 v2:172.21.15.173:3300/0 3 ==== mon_map magic: 0 ==== 205+0+0 (secure 0 0 0) 0x7f580c0119e0 con 0x7f581c108380
2024-05-15T13:26:51.420 INFO:teuthology.orchestra.run.smithi173.stdout:/usr/bin/ceph: stderr
2024-05-15T13:26:50.654+0000 7f58226c4700 1 -- 172.21.15.173:0/1250989154 >> [v2:172.21.15.173:3300/0,v1:172.21.15.173:6789/0] conn(0x7f581c108380 msgr2=0x7f581c1087a0 secure :-1 s=STATE_CONNECTION_ESTABLISHED l=1).mark_down
2024-05-15T13:26:51.420 INFO:teuthology.orchestra.run.smithi173.stdout:/usr/bin/ceph: stderr
2024-05-15T13:26:50.654+0000 7f58226c4700 1 --2- 172.21.15.173:0/1250989154 >> [v2:172.21.15.173:3300/0,v1:172.21.15.173:6789/0] conn(0x7f581c108380 0x7f581c1087a0 secure :-1 s=READY pgs=43 cs=0 l=1 rev1=1 crypto rx=0x7f580c0098a0 tx=0x7f580c009bb0 comp rx=0 tx=0).stop
2024-05-15T13:26:51.420 INFO:teuthology.orchestra.run.smithi173.stdout:/usr/bin/ceph: stderr
2024-05-15T13:26:50.654+0000 7f58226c4700 1 -- 172.21.15.173:0/1250989154 shutdown_connections
2024-05-15T13:26:51.420 INFO:teuthology.orchestra.run.smithi173.stdout:/usr/bin/ceph: stderr
2024-05-15T13:26:50.654+0000 7f58226c4700 1 --2- 172.21.15.173:0/1250989154 >> [v2:172.21.15.173:3300/0,v1:172.21.15.173:6789/0] conn(0x7f581c108380 0x7f581c1087a0 unknown :-1 s=CLOSED pgs=43 cs=0 l=1 rev1=1 crypto rx=0 tx=0 comp rx=0 tx=0).stop
2024-05-15T13:26:51.420 INFO:teuthology.orchestra.run.smithi173.stdout:/usr/bin/ceph: stderr
2024-05-15T13:26:50.654+0000 7f58226c4700 1 -- 172.21.15.173:0/1250989154 >> 172.21.15.173:0/1250989154 conn(0x7f581c103980 msgr2=0x7f581c105da0 unknown :-1 s=STATE_NONE l=0).mark_down
2024-05-15T13:26:51.420 INFO:teuthology.orchestra.run.smithi173.stdout:/usr/bin/ceph: stderr
2024-05-15T13:26:50.654+0000 7f58226c4700 1 -- 172.21.15.173:0/1250989154 shutdown_connections
2024-05-15T13:26:51.420 INFO:teuthology.orchestra.run.smithi173.stdout:/usr/bin/ceph: stderr
2024-05-15T13:26:50.654+0000 7f58226c4700 1 -- 172.21.15.173:0/1250989154 wait complete.
2024-05-15T13:26:51.420 INFO:teuthology.orchestra.run.smithi173.stdout:/usr/bin/ceph: stderr
2024-05-15T13:26:50.655+0000 7f58226c4700 1 Processor -- start
2024-05-15T13:26:51.420 INFO:teuthology.orchestra.run.smithi173.stdout:/usr/bin/ceph: stderr
2024-05-15T13:26:50.655+0000 7f58226c4700 1 -- start start
2024-05-15T13:26:51.420 INFO:teuthology.orchestra.run.smithi173.stdout:/usr/bin/ceph: stderr
2024-05-15T13:26:50.655+0000 7f58226c4700 1 --2- >> [v2:172.21.15.173:3300/0,v1:172.21.15.173:6789/0] conn(0x7f581c108380 0x7f581c19c1d0 unknown :-1 s=NONE pgs=0 cs=0 l=1 rev1=0 crypto rx=0 tx=0 comp rx=0 tx=0).connect
2024-05-15T13:26:51.420 INFO:teuthology.orchestra.run.smithi173.stdout:/usr/bin/ceph: stderr
2024-05-15T13:26:50.655+0000 7f58226c4700 1 -- --> [v2:172.21.15.173:3300/0,v1:172.21.15.173:6789/0] -- mon_getmap magic: 0 -- 0x7f581c10c7b0 con 0x7f581c108380
2024-05-15T13:26:51.421 INFO:teuthology.orchestra.run.smithi173.stdout:/usr/bin/ceph: stderr
2024-05-15T13:26:50.655+0000 7f581bfff700 1 --2- >> [v2:172.21.15.173:3300/0,v1:172.21.15.173:6789/0] conn(0x7f581c108380 0x7f581c19c1d0 unknown :-1 s=BANNER_CONNECTING pgs=0 cs=0 l=1 rev1=0 crypto rx=0 tx=0 comp rx=0 tx=0)._handle_peer_banner_payload supported=3 required=0
2024-05-15T13:26:51.421 INFO:teuthology.orchestra.run.smithi173.stdout:/usr/bin/ceph: stderr
2024-05-15T13:26:50.655+0000 7f581bfff700 1 --2- >> [v2:172.21.15.173:3300/0,v1:172.21.15.173:6789/0] conn(0x7f581c108380 0x7f581c19c1d0 unknown :-1 s=HELLO_CONNECTING pgs=0 cs=0 l=1 rev1=1 crypto rx=0 tx=0 comp rx=0 tx=0).handle_hello peer v2:172.21.15.173:3300/0 says I am v2:172.21.15.173:41686/0 (socket says 172.21.15.173:41686)
2024-05-15T13:26:51.421 INFO:teuthology.orchestra.run.smithi173.stdout:/usr/bin/ceph: stderr
2024-05-15T13:26:50.655+0000 7f581bfff700 1 -- 172.21.15.173:0/2608352588 learned_addr learned my addr 172.21.15.173:0/2608352588 (peer_addr_for_me v2:172.21.15.173:0/0)
2024-05-15T13:26:51.421 INFO:teuthology.orchestra.run.smithi173.stdout:/usr/bin/ceph: stderr
2024-05-15T13:26:50.655+0000 7f581bfff700 1 -- 172.21.15.173:0/2608352588 --> [v2:172.21.15.173:3300/0,v1:172.21.15.173:6789/0] -- mon_subscribe({config=0+,monmap=0+}) -- 0x7f581c19c710 con 0x7f581c108380
2024-05-15T13:26:51.421 INFO:teuthology.orchestra.run.smithi173.stdout:/usr/bin/ceph: stderr
2024-05-15T13:26:50.655+0000 7f581bfff700 1 --2- 172.21.15.173:0/2608352588 >> [v2:172.21.15.173:3300/0,v1:172.21.15.173:6789/0] conn(0x7f581c108380 0x7f581c19c1d0 secure :-1 s=READY pgs=44 cs=0 l=1 rev1=1 crypto rx=0x7f580c006b20 tx=0x7f580c011a60 comp rx=0 tx=0).ready entity=mon.0 client_cookie=0 server_cookie=0 in_seq=0 out_seq=0
2024-05-15T13:26:51.421 INFO:teuthology.orchestra.run.smithi173.stdout:/usr/bin/ceph: stderr
2024-05-15T13:26:50.655+0000 7f5819ffb700 1 -- 172.21.15.173:0/2608352588 <== mon.0 v2:172.21.15.173:3300/0 1 ==== mon_map magic: 0 ==== 205+0+0 (secure 0 0 0) 0x7f580c003a60 con 0x7f581c108380
2024-05-15T13:26:51.421 INFO:teuthology.orchestra.run.smithi173.stdout:/usr/bin/ceph: stderr
2024-05-15T13:26:50.656+0000 7f5819ffb700 1 -- 172.21.15.173:0/2608352588 <== mon.0 v2:172.21.15.173:3300/0 2 ==== config(25 keys) ==== 1032+0+0 (secure 0 0 0) 0x7f580c003c00 con 0x7f581c108380
2024-05-15T13:26:51.421 INFO:teuthology.orchestra.run.smithi173.stdout:/usr/bin/ceph: stderr
2024-05-15T13:26:50.656+0000 7f58226c4700 1 -- 172.21.15.173:0/2608352588 --> [v2:172.21.15.173:3300/0,v1:172.21.15.173:6789/0] -- mon_subscribe({mgrmap=0+}) -- 0x7f581c19c9a0 con 0x7f581c108380
2024-05-15T13:26:51.421 INFO:teuthology.orchestra.run.smithi173.stdout:/usr/bin/ceph: stderr
2024-05-15T13:26:50.656+0000 7f5819ffb700 1 -- 172.21.15.173:0/2608352588 <== mon.0 v2:172.21.15.173:3300/0 3 ==== mon_map magic: 0 ==== 205+0+0 (secure 0 0 0) 0x7f580c024780 con 0x7f581c108380
2024-05-15T13:26:51.421 INFO:teuthology.orchestra.run.smithi173.stdout:/usr/bin/ceph: stderr
2024-05-15T13:26:50.656+0000 7f58226c4700 1 -- 172.21.15.173:0/2608352588 --> [v2:172.21.15.173:3300/0,v1:172.21.15.173:6789/0] -- mon_subscribe({osdmap=0}) -- 0x7f581c19f690 con 0x7f581c108380
2024-05-15T13:26:51.421 INFO:teuthology.orchestra.run.smithi173.stdout:/usr/bin/ceph: stderr
2024-05-15T13:26:50.656+0000 7f5819ffb700 1 -- 172.21.15.173:0/2608352588 <== mon.0 v2:172.21.15.173:3300/0 4 ==== mgrmap(e 8) ==== 50222+0+0 (secure 0 0 0) 0x7f580c022020 con 0x7f581c108380
2024-05-15T13:26:51.421 INFO:teuthology.orchestra.run.smithi173.stdout:/usr/bin/ceph: stderr
2024-05-15T13:26:50.656+0000 7f58226c4700 1 -- 172.21.15.173:0/2608352588 --> [v2:172.21.15.173:3300/0,v1:172.21.15.173:6789/0] -- mon_command({"prefix": "get_command_descriptions"} v 0) -- 0x7f581c064ba0 con 0x7f581c108380
2024-05-15T13:26:51.422 INFO:teuthology.orchestra.run.smithi173.stdout:/usr/bin/ceph: stderr
2024-05-15T13:26:50.657+0000 7f5819ffb700 1 --2- 172.21.15.173:0/2608352588 >> [v2:172.21.15.173:6800/471825298,v1:172.21.15.173:6801/471825298] conn(0x7f580803e4c0 0x7f5808040980 unknown :-1 s=NONE pgs=0 cs=0 l=1 rev1=0 crypto rx=0 tx=0 comp rx=0 tx=0).connect
2024-05-15T13:26:51.422 INFO:teuthology.orchestra.run.smithi173.stdout:/usr/bin/ceph: stderr
2024-05-15T13:26:50.657+0000 7f5819ffb700 1 -- 172.21.15.173:0/2608352588 <== mon.0 v2:172.21.15.173:3300/0 5 ==== osd_map(2..2 src has 1..2) ==== 940+0+0 (secure 0 0 0) 0x7f580c0539f0 con 0x7f581c108380
2024-05-15T13:26:51.422 INFO:teuthology.orchestra.run.smithi173.stdout:/usr/bin/ceph: stderr
2024-05-15T13:26:50.657+0000 7f5813fff700 1 --2- 172.21.15.173:0/2608352588 >> [v2:172.21.15.173:6800/471825298,v1:172.21.15.173:6801/471825298] conn(0x7f580803e4c0 0x7f5808040980 unknown :-1 s=BANNER_CONNECTING pgs=0 cs=0 l=1 rev1=0 crypto rx=0 tx=0 comp rx=0 tx=0)._handle_peer_banner_payload supported=3 required=0
2024-05-15T13:26:51.422 INFO:teuthology.orchestra.run.smithi173.stdout:/usr/bin/ceph: stderr
2024-05-15T13:26:50.657+0000 7f5813fff700 1 --2- 172.21.15.173:0/2608352588 >> [v2:172.21.15.173:6800/471825298,v1:172.21.15.173:6801/471825298] conn(0x7f580803e4c0 0x7f5808040980 secure :-1 s=READY pgs=10 cs=0 l=1 rev1=1 crypto rx=0x7f5804006fd0 tx=0x7f5804006e40 comp rx=0 tx=0).ready entity=mgr.14120 client_cookie=0 server_cookie=0 in_seq=0 out_seq=0
2024-05-15T13:26:51.422 INFO:teuthology.orchestra.run.smithi173.stdout:/usr/bin/ceph: stderr
2024-05-15T13:26:50.662+0000 7f5819ffb700 1 -- 172.21.15.173:0/2608352588 <== mon.0 v2:172.21.15.173:3300/0 6 ==== mon_command_ack([{"prefix": "get_command_descriptions"}]=0 v0) ==== 72+0+191963 (secure 0 0 0) 0x7f580c01ac50 con 0x7f581c108380
2024-05-15T13:26:51.422 INFO:teuthology.orchestra.run.smithi173.stdout:/usr/bin/ceph: stderr
2024-05-15T13:26:50.871+0000 7f58226c4700 1 -- 172.21.15.173:0/2608352588 --> [v2:172.21.15.173:6800/471825298,v1:172.21.15.173:6801/471825298] -- mgr_command(tid 0: {"prefix": "cephadm get-pub-key", "target": ["mon-mgr", ""]}) -- 0x7f581c104b10 con 0x7f580803e4c0
2024-05-15T13:26:51.422 INFO:teuthology.orchestra.run.smithi173.stdout:/usr/bin/ceph: stderr
2024-05-15T13:26:50.872+0000 7f5819ffb700 1 -- 172.21.15.173:0/2608352588 <== mgr.14120 v2:172.21.15.173:6800/471825298 1 ==== mgr_command_reply(tid 0: 0 ) ==== 8+0+595 (secure 0 0 0) 0x7f581c104b10 con 0x7f580803e4c0
2024-05-15T13:26:51.422 INFO:teuthology.orchestra.run.smithi173.stdout:/usr/bin/ceph: stderr
2024-05-15T13:26:50.874+0000 7f58226c4700 1 -- 172.21.15.173:0/2608352588 >> [v2:172.21.15.173:6800/471825298,v1:172.21.15.173:6801/471825298] conn(0x7f580803e4c0 msgr2=0x7f5808040980 secure :-1 s=STATE_CONNECTION_ESTABLISHED l=1).mark_down
2024-05-15T13:26:51.422 INFO:teuthology.orchestra.run.smithi173.stdout:/usr/bin/ceph: stderr
2024-05-15T13:26:50.874+0000 7f58226c4700 1 --2- 172.21.15.173:0/2608352588 >> [v2:172.21.15.173:6800/471825298,v1:172.21.15.173:6801/471825298] conn(0x7f580803e4c0 0x7f5808040980 secure :-1 s=READY pgs=10 cs=0 l=1 rev1=1 crypto rx=0x7f5804006fd0 tx=0x7f5804006e40 comp rx=0 tx=0).stop
2024-05-15T13:26:51.422 INFO:teuthology.orchestra.run.smithi173.stdout:/usr/bin/ceph: stderr
2024-05-15T13:26:50.874+0000 7f58226c4700 1 -- 172.21.15.173:0/2608352588 >> [v2:172.21.15.173:3300/0,v1:172.21.15.173:6789/0] conn(0x7f581c108380 msgr2=0x7f581c19c1d0 secure :-1 s=STATE_CONNECTION_ESTABLISHED l=1).mark_down
2024-05-15T13:26:51.423 INFO:teuthology.orchestra.run.smithi173.stdout:/usr/bin/ceph: stderr
2024-05-15T13:26:50.874+0000 7f58226c4700 1 --2- 172.21.15.173:0/2608352588 >> [v2:172.21.15.173:3300/0,v1:172.21.15.173:6789/0] conn(0x7f581c108380 0x7f581c19c1d0 secure :-1 s=READY pgs=44 cs=0 l=1 rev1=1 crypto rx=0x7f580c006b20 tx=0x7f580c011a60 comp rx=0 tx=0).stop
2024-05-15T13:26:51.423 INFO:teuthology.orchestra.run.smithi173.stdout:/usr/bin/ceph: stderr
2024-05-15T13:26:50.874+0000 7f58226c4700 1 -- 172.21.15.173:0/2608352588 shutdown_connections
2024-05-15T13:26:51.423 INFO:teuthology.orchestra.run.smithi173.stdout:/usr/bin/ceph: stderr
2024-05-15T13:26:50.874+0000 7f58226c4700 1 --2- 172.21.15.173:0/2608352588 >> [v2:172.21.15.173:6800/471825298,v1:172.21.15.173:6801/471825298] conn(0x7f580803e4c0 0x7f5808040980 unknown :-1 s=CLOSED pgs=10 cs=0 l=1 rev1=1 crypto rx=0 tx=0 comp rx=0 tx=0).stop
2024-05-15T13:26:51.423 INFO:teuthology.orchestra.run.smithi173.stdout:/usr/bin/ceph: stderr
2024-05-15T13:26:50.874+0000 7f58226c4700 1 --2- 172.21.15.173:0/2608352588 >> [v2:172.21.15.173:3300/0,v1:172.21.15.173:6789/0] conn(0x7f581c108380 0x7f581c19c1d0 unknown :-1 s=CLOSED pgs=44 cs=0 l=1 rev1=1 crypto rx=0 tx=0 comp rx=0 tx=0).stop
2024-05-15T13:26:51.423 INFO:teuthology.orchestra.run.smithi173.stdout:/usr/bin/ceph: stderr
2024-05-15T13:26:50.874+0000 7f58226c4700 1 -- 172.21.15.173:0/2608352588 >> 172.21.15.173:0/2608352588 conn(0x7f581c103980 msgr2=0x7f581c104400 unknown :-1 s=STATE_NONE l=0).mark_down
2024-05-15T13:26:51.423 INFO:teuthology.orchestra.run.smithi173.stdout:/usr/bin/ceph: stderr
2024-05-15T13:26:50.874+0000 7f58226c4700 1 -- 172.21.15.173:0/2608352588 shutdown_connections
2024-05-15T13:26:51.423 INFO:teuthology.orchestra.run.smithi173.stdout:/usr/bin/ceph: stderr
2024-05-15T13:26:50.874+0000 7f58226c4700 1 -- 172.21.15.173:0/2608352588 wait complete.
2024-05-15T13:26:51.423 INFO:teuthology.orchestra.run.smithi173.stdout:Wrote public SSH key to /home/ubuntu/cephtest/ceph.pub
2024-05-15T13:26:51.423 INFO:teuthology.orchestra.run.smithi173.stdout:Adding key to root@localhost authorized_keys...
2024-05-15T13:26:51.423 INFO:teuthology.orchestra.run.smithi173.stdout:Adding host smithi173...
2024-05-15T13:26:51.813 INFO:journalctl@ceph.mon.a.smithi173.stdout:May 15 13:26:51 smithi173 ceph-mon[28863]: from='client.14138 -' entity='client.admin' cmd=[{"prefix": "cephadm get-pub-key", "target": ["mon-mgr", ""]}]: dispatch
2024-05-15T13:26:53.192 INFO:journalctl@ceph.mon.a.smithi173.stdout:May 15 13:26:52 smithi173 ceph-mon[28863]: from='client.14140 -' entity='client.admin' cmd=[{"prefix": "orch host add", "hostname": "smithi173", "addr": "172.21.15.173", "target": ["mon-mgr", ""]}]: dispatch
2024-05-15T13:26:53.192 INFO:journalctl@ceph.mon.a.smithi173.stdout:May 15 13:26:52 smithi173 ceph-mon[28863]: Deploying cephadm binary to smithi173
2024-05-15T13:26:56.719 INFO:teuthology.orchestra.run.smithi173.stdout:/usr/bin/ceph: stdout Added host 'smithi173' with addr '172.21.15.173'
2024-05-15T13:26:56.719 INFO:teuthology.orchestra.run.smithi173.stdout:/usr/bin/ceph: stderr
2024-05-15T13:26:51.811+0000 7f263d40e700 1 Processor -- start
2024-05-15T13:26:56.719 INFO:teuthology.orchestra.run.smithi173.stdout:/usr/bin/ceph: stderr
2024-05-15T13:26:51.811+0000 7f263d40e700 1 -- start start
2024-05-15T13:26:56.719 INFO:teuthology.orchestra.run.smithi173.stdout:/usr/bin/ceph: stderr
2024-05-15T13:26:51.811+0000 7f263d40e700 1 --2- >> [v2:172.21.15.173:3300/0,v1:172.21.15.173:6789/0] conn(0x7f26381100d0 0x7f263810ed80 unknown :-1 s=NONE pgs=0 cs=0 l=0 rev1=0 crypto rx=0 tx=0 comp rx=0 tx=0).connect
2024-05-15T13:26:56.719 INFO:teuthology.orchestra.run.smithi173.stdout:/usr/bin/ceph: stderr
2024-05-15T13:26:51.811+0000 7f263d40e700 1 -- --> [v2:172.21.15.173:3300/0,v1:172.21.15.173:6789/0] -- mon_getmap magic: 0 -- 0x7f2638110560 con 0x7f26381100d0
2024-05-15T13:26:56.719 INFO:teuthology.orchestra.run.smithi173.stdout:/usr/bin/ceph: stderr
2024-05-15T13:26:51.812+0000 7f2636ffd700 1 --2- >> [v2:172.21.15.173:3300/0,v1:172.21.15.173:6789/0] conn(0x7f26381100d0 0x7f263810ed80 unknown :-1 s=BANNER_CONNECTING pgs=0 cs=0 l=0 rev1=0 crypto rx=0 tx=0 comp rx=0 tx=0)._handle_peer_banner_payload supported=3 required=0
2024-05-15T13:26:56.719 INFO:teuthology.orchestra.run.smithi173.stdout:/usr/bin/ceph: stderr
2024-05-15T13:26:51.812+0000 7f2636ffd700 1 --2- >> [v2:172.21.15.173:3300/0,v1:172.21.15.173:6789/0] conn(0x7f26381100d0 0x7f263810ed80 unknown :-1 s=HELLO_CONNECTING pgs=0 cs=0 l=0 rev1=1 crypto rx=0 tx=0 comp rx=0 tx=0).handle_hello peer v2:172.21.15.173:3300/0 says I am v2:172.21.15.173:41696/0 (socket says 172.21.15.173:41696)
2024-05-15T13:26:56.720 INFO:teuthology.orchestra.run.smithi173.stdout:/usr/bin/ceph: stderr
2024-05-15T13:26:51.812+0000 7f2636ffd700 1 -- 172.21.15.173:0/1812809803 learned_addr learned my addr 172.21.15.173:0/1812809803 (peer_addr_for_me v2:172.21.15.173:0/0)
2024-05-15T13:26:56.720 INFO:teuthology.orchestra.run.smithi173.stdout:/usr/bin/ceph: stderr
2024-05-15T13:26:51.812+0000 7f2636ffd700 1 -- 172.21.15.173:0/1812809803 --> [v2:172.21.15.173:3300/0,v1:172.21.15.173:6789/0] -- mon_subscribe({config=0+,monmap=0+}) -- 0x7f263810f2c0 con 0x7f26381100d0
2024-05-15T13:26:56.720 INFO:teuthology.orchestra.run.smithi173.stdout:/usr/bin/ceph: stderr
2024-05-15T13:26:51.812+0000 7f2636ffd700 1 --2- 172.21.15.173:0/1812809803 >> [v2:172.21.15.173:3300/0,v1:172.21.15.173:6789/0] conn(0x7f26381100d0 0x7f263810ed80 secure :-1 s=READY pgs=45 cs=0 l=1 rev1=1 crypto rx=0x7f26280098a0 tx=0x7f2628009bb0 comp rx=0 tx=0).ready entity=mon.0 client_cookie=10e9731459609e6 server_cookie=0 in_seq=0 out_seq=0
2024-05-15T13:26:56.720 INFO:teuthology.orchestra.run.smithi173.stdout:/usr/bin/ceph: stderr
2024-05-15T13:26:51.812+0000 7f2635ffb700 1 -- 172.21.15.173:0/1812809803 <== mon.0 v2:172.21.15.173:3300/0 1 ==== mon_map magic: 0 ==== 205+0+0 (secure 0 0 0) 0x7f2628004160 con 0x7f26381100d0
2024-05-15T13:26:56.720 INFO:teuthology.orchestra.run.smithi173.stdout:/usr/bin/ceph: stderr
2024-05-15T13:26:51.812+0000 7f2635ffb700 1 -- 172.21.15.173:0/1812809803 <== mon.0 v2:172.21.15.173:3300/0 2 ==== config(25 keys) ==== 1032+0+0 (secure 0 0 0) 0x7f2628004300 con 0x7f26381100d0
2024-05-15T13:26:56.720 INFO:teuthology.orchestra.run.smithi173.stdout:/usr/bin/ceph: stderr
2024-05-15T13:26:51.812+0000 7f2635ffb700 1 -- 172.21.15.173:0/1812809803 <== mon.0 v2:172.21.15.173:3300/0 3 ==== mon_map magic: 0 ==== 205+0+0 (secure 0 0 0) 0x7f26280119e0 con 0x7f26381100d0
2024-05-15T13:26:56.720 INFO:teuthology.orchestra.run.smithi173.stdout:/usr/bin/ceph: stderr
2024-05-15T13:26:51.813+0000 7f263d40e700 1 -- 172.21.15.173:0/1812809803 >> [v2:172.21.15.173:3300/0,v1:172.21.15.173:6789/0] conn(0x7f26381100d0 msgr2=0x7f263810ed80 secure :-1 s=STATE_CONNECTION_ESTABLISHED l=1).mark_down
2024-05-15T13:26:56.720 INFO:teuthology.orchestra.run.smithi173.stdout:/usr/bin/ceph: stderr
2024-05-15T13:26:51.813+0000 7f263d40e700 1 --2- 172.21.15.173:0/1812809803 >> [v2:172.21.15.173:3300/0,v1:172.21.15.173:6789/0] conn(0x7f26381100d0 0x7f263810ed80 secure :-1 s=READY pgs=45 cs=0 l=1 rev1=1 crypto rx=0x7f26280098a0 tx=0x7f2628009bb0 comp rx=0 tx=0).stop
2024-05-15T13:26:56.720 INFO:teuthology.orchestra.run.smithi173.stdout:/usr/bin/ceph: stderr
2024-05-15T13:26:51.813+0000 7f263d40e700 1 -- 172.21.15.173:0/1812809803 shutdown_connections
2024-05-15T13:26:56.720 INFO:teuthology.orchestra.run.smithi173.stdout:/usr/bin/ceph: stderr
2024-05-15T13:26:51.813+0000 7f263d40e700 1 --2- 172.21.15.173:0/1812809803 >> [v2:172.21.15.173:3300/0,v1:172.21.15.173:6789/0] conn(0x7f26381100d0 0x7f263810ed80 unknown :-1 s=CLOSED pgs=45 cs=0 l=1 rev1=1 crypto rx=0 tx=0 comp rx=0 tx=0).stop
2024-05-15T13:26:56.721 INFO:teuthology.orchestra.run.smithi173.stdout:/usr/bin/ceph: stderr
2024-05-15T13:26:51.813+0000 7f263d40e700 1 -- 172.21.15.173:0/1812809803 >> 172.21.15.173:0/1812809803 conn(0x7f2638070ca0 msgr2=0x7f26380730c0 unknown :-1 s=STATE_NONE l=0).mark_down
2024-05-15T13:26:56.721 INFO:teuthology.orchestra.run.smithi173.stdout:/usr/bin/ceph: stderr
2024-05-15T13:26:51.813+0000 7f263d40e700 1 -- 172.21.15.173:0/1812809803 shutdown_connections
2024-05-15T13:26:56.721 INFO:teuthology.orchestra.run.smithi173.stdout:/usr/bin/ceph: stderr
2024-05-15T13:26:51.813+0000 7f263d40e700 1 -- 172.21.15.173:0/1812809803 wait complete.
2024-05-15T13:26:56.721 INFO:teuthology.orchestra.run.smithi173.stdout:/usr/bin/ceph: stderr
2024-05-15T13:26:51.813+0000 7f263d40e700 1 Processor -- start
2024-05-15T13:26:56.721 INFO:teuthology.orchestra.run.smithi173.stdout:/usr/bin/ceph: stderr
2024-05-15T13:26:51.814+0000 7f263d40e700 1 -- start start
2024-05-15T13:26:56.721 INFO:teuthology.orchestra.run.smithi173.stdout:/usr/bin/ceph: stderr
2024-05-15T13:26:51.814+0000 7f263d40e700 1 --2- >> [v2:172.21.15.173:3300/0,v1:172.21.15.173:6789/0] conn(0x7f26381100d0 0x7f26381121b0 unknown :-1 s=NONE pgs=0 cs=0 l=1 rev1=0 crypto rx=0 tx=0 comp rx=0 tx=0).connect
2024-05-15T13:26:56.721 INFO:teuthology.orchestra.run.smithi173.stdout:/usr/bin/ceph: stderr
2024-05-15T13:26:51.814+0000 7f263d40e700 1 -- --> [v2:172.21.15.173:3300/0,v1:172.21.15.173:6789/0] -- mon_getmap magic: 0 -- 0x7f2638114e30 con 0x7f26381100d0
2024-05-15T13:26:56.721 INFO:teuthology.orchestra.run.smithi173.stdout:/usr/bin/ceph: stderr
2024-05-15T13:26:51.814+0000 7f2636ffd700 1 --2- >> [v2:172.21.15.173:3300/0,v1:172.21.15.173:6789/0] conn(0x7f26381100d0 0x7f26381121b0 unknown :-1 s=BANNER_CONNECTING pgs=0 cs=0 l=1 rev1=0 crypto rx=0 tx=0 comp rx=0 tx=0)._handle_peer_banner_payload supported=3 required=0
2024-05-15T13:26:56.721 INFO:teuthology.orchestra.run.smithi173.stdout:/usr/bin/ceph: stderr
2024-05-15T13:26:51.814+0000 7f2636ffd700 1 --2- >> [v2:172.21.15.173:3300/0,v1:172.21.15.173:6789/0] conn(0x7f26381100d0 0x7f26381121b0 unknown :-1 s=HELLO_CONNECTING pgs=0 cs=0 l=1 rev1=1 crypto rx=0 tx=0 comp rx=0 tx=0).handle_hello peer v2:172.21.15.173:3300/0 says I am v2:172.21.15.173:41706/0 (socket says 172.21.15.173:41706)
2024-05-15T13:26:56.721 INFO:teuthology.orchestra.run.smithi173.stdout:/usr/bin/ceph: stderr
2024-05-15T13:26:51.814+0000 7f2636ffd700 1 -- 172.21.15.173:0/4166225402 learned_addr learned my addr 172.21.15.173:0/4166225402 (peer_addr_for_me v2:172.21.15.173:0/0)
2024-05-15T13:26:56.721 INFO:teuthology.orchestra.run.smithi173.stdout:/usr/bin/ceph: stderr
2024-05-15T13:26:51.814+0000 7f2636ffd700 1 -- 172.21.15.173:0/4166225402 --> [v2:172.21.15.173:3300/0,v1:172.21.15.173:6789/0] -- mon_subscribe({config=0+,monmap=0+}) -- 0x7f26381126f0 con 0x7f26381100d0
2024-05-15T13:26:56.721 INFO:teuthology.orchestra.run.smithi173.stdout:/usr/bin/ceph: stderr
2024-05-15T13:26:51.814+0000 7f2636ffd700 1 --2- 172.21.15.173:0/4166225402 >> [v2:172.21.15.173:3300/0,v1:172.21.15.173:6789/0] conn(0x7f26381100d0 0x7f26381121b0 secure :-1 s=READY pgs=46 cs=0 l=1 rev1=1 crypto rx=0x7f26280116a0 tx=0x7f2628011a60 comp rx=0 tx=0).ready entity=mon.0 client_cookie=0 server_cookie=0 in_seq=0 out_seq=0
2024-05-15T13:26:56.721 INFO:teuthology.orchestra.run.smithi173.stdout:/usr/bin/ceph: stderr
2024-05-15T13:26:51.814+0000 7f261ffff700 1 -- 172.21.15.173:0/4166225402 <== mon.0 v2:172.21.15.173:3300/0 1 ==== mon_map magic: 0 ==== 205+0+0 (secure 0 0 0) 0x7f26280039f0 con 0x7f26381100d0
2024-05-15T13:26:56.722 INFO:teuthology.orchestra.run.smithi173.stdout:/usr/bin/ceph: stderr
2024-05-15T13:26:51.815+0000 7f261ffff700 1 -- 172.21.15.173:0/4166225402 <== mon.0 v2:172.21.15.173:3300/0 2 ==== config(25 keys) ==== 1032+0+0 (secure 0 0 0) 0x7f2628003b90 con 0x7f26381100d0
2024-05-15T13:26:56.722 INFO:teuthology.orchestra.run.smithi173.stdout:/usr/bin/ceph: stderr
2024-05-15T13:26:51.815+0000 7f263d40e700 1 -- 172.21.15.173:0/4166225402 --> [v2:172.21.15.173:3300/0,v1:172.21.15.173:6789/0] -- mon_subscribe({mgrmap=0+}) -- 0x7f26381108e0 con 0x7f26381100d0
2024-05-15T13:26:56.722 INFO:teuthology.orchestra.run.smithi173.stdout:/usr/bin/ceph: stderr
2024-05-15T13:26:51.815+0000 7f261ffff700 1 -- 172.21.15.173:0/4166225402 <== mon.0 v2:172.21.15.173:3300/0 3 ==== mon_map magic: 0 ==== 205+0+0 (secure 0 0 0) 0x7f262801a600 con 0x7f26381100d0
2024-05-15T13:26:56.722 INFO:teuthology.orchestra.run.smithi173.stdout:/usr/bin/ceph: stderr
2024-05-15T13:26:51.815+0000 7f263d40e700 1 -- 172.21.15.173:0/4166225402 --> [v2:172.21.15.173:3300/0,v1:172.21.15.173:6789/0] -- mon_subscribe({osdmap=0}) -- 0x7f2638110e20 con 0x7f26381100d0
2024-05-15T13:26:56.722 INFO:teuthology.orchestra.run.smithi173.stdout:/usr/bin/ceph: stderr
2024-05-15T13:26:51.815+0000 7f261ffff700 1 -- 172.21.15.173:0/4166225402 <== mon.0 v2:172.21.15.173:3300/0 4 ==== mgrmap(e 8) ==== 50222+0+0 (secure 0 0 0) 0x7f262801a8d0 con 0x7f26381100d0
2024-05-15T13:26:56.722 INFO:teuthology.orchestra.run.smithi173.stdout:/usr/bin/ceph: stderr
2024-05-15T13:26:51.815+0000 7f263d40e700 1 -- 172.21.15.173:0/4166225402 --> [v2:172.21.15.173:3300/0,v1:172.21.15.173:6789/0] -- mon_command({"prefix": "get_command_descriptions"} v 0) -- 0x7f2638064ba0 con 0x7f26381100d0
2024-05-15T13:26:56.722 INFO:teuthology.orchestra.run.smithi173.stdout:/usr/bin/ceph: stderr
2024-05-15T13:26:51.816+0000 7f261ffff700 1 --2- 172.21.15.173:0/4166225402 >> [v2:172.21.15.173:6800/471825298,v1:172.21.15.173:6801/471825298] conn(0x7f262003e470 0x7f2620040930 unknown :-1 s=NONE pgs=0 cs=0 l=1 rev1=0 crypto rx=0 tx=0 comp rx=0 tx=0).connect
2024-05-15T13:26:56.722 INFO:teuthology.orchestra.run.smithi173.stdout:/usr/bin/ceph: stderr
2024-05-15T13:26:51.816+0000 7f261ffff700 1 -- 172.21.15.173:0/4166225402 <== mon.0 v2:172.21.15.173:3300/0 5 ==== osd_map(2..2 src has 1..2) ==== 940+0+0 (secure 0 0 0) 0x7f2628053b80 con 0x7f26381100d0
2024-05-15T13:26:56.722 INFO:teuthology.orchestra.run.smithi173.stdout:/usr/bin/ceph: stderr
2024-05-15T13:26:51.816+0000 7f26367fc700 1 --2- 172.21.15.173:0/4166225402 >> [v2:172.21.15.173:6800/471825298,v1:172.21.15.173:6801/471825298] conn(0x7f262003e470 0x7f2620040930 unknown :-1 s=BANNER_CONNECTING pgs=0 cs=0 l=1 rev1=0 crypto rx=0 tx=0 comp rx=0 tx=0)._handle_peer_banner_payload supported=3 required=0
2024-05-15T13:26:56.722 INFO:teuthology.orchestra.run.smithi173.stdout:/usr/bin/ceph: stderr
2024-05-15T13:26:51.816+0000 7f26367fc700 1 --2- 172.21.15.173:0/4166225402 >> [v2:172.21.15.173:6800/471825298,v1:172.21.15.173:6801/471825298] conn(0x7f262003e470 0x7f2620040930 secure :-1 s=READY pgs=11 cs=0 l=1 rev1=1 crypto rx=0x7f262c006fd0 tx=0x7f262c006e40 comp rx=0 tx=0).ready entity=mgr.14120 client_cookie=0 server_cookie=0 in_seq=0 out_seq=0
2024-05-15T13:26:56.722 INFO:teuthology.orchestra.run.smithi173.stdout:/usr/bin/ceph: stderr
2024-05-15T13:26:51.821+0000 7f261ffff700 1 -- 172.21.15.173:0/4166225402 <== mon.0 v2:172.21.15.173:3300/0 6 ==== mon_command_ack([{"prefix": "get_command_descriptions"}]=0 v0) ==== 72+0+191963 (secure 0 0 0) 0x7f262802c350 con 0x7f26381100d0
2024-05-15T13:26:56.722 INFO:teuthology.orchestra.run.smithi173.stdout:/usr/bin/ceph: stderr
2024-05-15T13:26:52.027+0000 7f263d40e700 1 -- 172.21.15.173:0/4166225402 --> [v2:172.21.15.173:6800/471825298,v1:172.21.15.173:6801/471825298] -- mgr_command(tid 0: {"prefix": "orch host add", "hostname": "smithi173", "addr": "172.21.15.173", "target": ["mon-mgr", ""]}) -- 0x7f2638111680 con 0x7f262003e470
2024-05-15T13:26:56.723 INFO:teuthology.orchestra.run.smithi173.stdout:/usr/bin/ceph: stderr
2024-05-15T13:26:56.104+0000 7f261ffff700 1 -- 172.21.15.173:0/4166225402 <== mgr.14120 v2:172.21.15.173:6800/471825298 1 ==== mgr_command_reply(tid 0: 0 ) ==== 8+0+49 (secure 0 0 0) 0x7f2638111680 con 0x7f262003e470
2024-05-15T13:26:56.723 INFO:teuthology.orchestra.run.smithi173.stdout:/usr/bin/ceph: stderr
2024-05-15T13:26:56.108+0000 7f263d40e700 1 -- 172.21.15.173:0/4166225402 >> [v2:172.21.15.173:6800/471825298,v1:172.21.15.173:6801/471825298] conn(0x7f262003e470 msgr2=0x7f2620040930 secure :-1 s=STATE_CONNECTION_ESTABLISHED l=1).mark_down
2024-05-15T13:26:56.723 INFO:teuthology.orchestra.run.smithi173.stdout:/usr/bin/ceph: stderr
2024-05-15T13:26:56.108+0000 7f263d40e700 1 --2- 172.21.15.173:0/4166225402 >> [v2:172.21.15.173:6800/471825298,v1:172.21.15.173:6801/471825298] conn(0x7f262003e470 0x7f2620040930 secure :-1 s=READY pgs=11 cs=0 l=1 rev1=1 crypto rx=0x7f262c006fd0 tx=0x7f262c006e40 comp rx=0 tx=0).stop
2024-05-15T13:26:56.723 INFO:teuthology.orchestra.run.smithi173.stdout:/usr/bin/ceph: stderr
2024-05-15T13:26:56.108+0000 7f263d40e700 1 -- 172.21.15.173:0/4166225402 >> [v2:172.21.15.173:3300/0,v1:172.21.15.173:6789/0] conn(0x7f26381100d0 msgr2=0x7f26381121b0 secure :-1 s=STATE_CONNECTION_ESTABLISHED l=1).mark_down
2024-05-15T13:26:56.723 INFO:teuthology.orchestra.run.smithi173.stdout:/usr/bin/ceph: stderr
2024-05-15T13:26:56.108+0000 7f263d40e700 1 --2- 172.21.15.173:0/4166225402 >> [v2:172.21.15.173:3300/0,v1:172.21.15.173:6789/0] conn(0x7f26381100d0 0x7f26381121b0 secure :-1 s=READY pgs=46 cs=0 l=1 rev1=1 crypto rx=0x7f26280116a0 tx=0x7f2628011a60 comp rx=0 tx=0).stop
2024-05-15T13:26:56.723 INFO:teuthology.orchestra.run.smithi173.stdout:/usr/bin/ceph: stderr
2024-05-15T13:26:56.108+0000 7f263d40e700 1 -- 172.21.15.173:0/4166225402 shutdown_connections
2024-05-15T13:26:56.723 INFO:teuthology.orchestra.run.smithi173.stdout:/usr/bin/ceph: stderr
2024-05-15T13:26:56.108+0000 7f263d40e700 1 --2- 172.21.15.173:0/4166225402 >> [v2:172.21.15.173:6800/471825298,v1:172.21.15.173:6801/471825298] conn(0x7f262003e470 0x7f2620040930 unknown :-1 s=CLOSED pgs=11 cs=0 l=1 rev1=1 crypto rx=0 tx=0 comp rx=0 tx=0).stop
2024-05-15T13:26:56.723 INFO:teuthology.orchestra.run.smithi173.stdout:/usr/bin/ceph: stderr
2024-05-15T13:26:56.108+0000 7f263d40e700 1 --2- 172.21.15.173:0/4166225402 >> [v2:172.21.15.173:3300/0,v1:172.21.15.173:6789/0] conn(0x7f26381100d0 0x7f26381121b0 unknown :-1 s=CLOSED pgs=46 cs=0 l=1 rev1=1 crypto rx=0 tx=0 comp rx=0 tx=0).stop
2024-05-15T13:26:56.723 INFO:teuthology.orchestra.run.smithi173.stdout:/usr/bin/ceph: stderr
2024-05-15T13:26:56.108+0000 7f263d40e700 1 -- 172.21.15.173:0/4166225402 >> 172.21.15.173:0/4166225402 conn(0x7f2638070ca0 msgr2=0x7f2638072780 unknown :-1 s=STATE_NONE l=0).mark_down
2024-05-15T13:26:56.723 INFO:teuthology.orchestra.run.smithi173.stdout:/usr/bin/ceph: stderr
2024-05-15T13:26:56.108+0000 7f263d40e700 1 -- 172.21.15.173:0/4166225402 shutdown_connections
